05-22 09:50:09.071 1180 1180 D SurfaceFlinger: DEVICE | 0xb400007dbaba9d10 | 0500 | RGBA_8888 | 0.0 0.0 1200.0 1812.0 | 0 36 1200 1848 | SurfaceView[org.qtproject.example.sp[...]id.bindings.QtActivity]@0(BLAST)#669
05-22 09:50:09.071 1180 1180 D SurfaceFlinger: CLIENT | 0xb400007dbaba8c70 | 0100 | RGBA_8888 | 0.0 0.0 1200.0 1920.0 | 0 0 1200 1920 | org.qtproject.example.spectrum/org.q[...]droid.bindings.QtActivity$_27753#656
05-22 09:50:09.071 1180 1180 D SurfaceFlinger: CLIENT | 0xb400007dac357800 | 0100 | RGBA_8888 | 0.0 0.0 1200.0 36.0 | 0 0 1200 36 | StatusBar$_2254#99
05-22 09:50:09.071 1180 1180 D SurfaceFlinger: CLIENT | 0xb400007dac3578e0 | 0100 | RGBA_8888 | 0.0 0.0 67.0 207.0 | 1133 432 1200 639 | com.sec.android.app.launcher/com.sam[...]ce.edge.CocktailBarService$_2507#160
05-22 09:50:09.071 1180 1180 D SurfaceFlinger: CLIENT | 0xb400007dac2d8980 | 0100 | RGBA_8888 | 0.0 0.0 1200.0 72.0 | 0 1848 1200 1920 | TaskbarWindow$_2507#128
05-22 09:50:09.071 1180 1180 D SurfaceFlinger: CLIENT | 0xb400007dac354b60 | 0100 | RGBA_8888 | 0.0 0.0 1200.0 1920.0 | 0 0 1200 1920 | PointerLocation - display 0#57
05-22 09:50:09.071 1180 1180 D SurfaceFlinger: CLIENT | 0xb4000
05-22 09:50:09.071 1180 1180 D SurfaceFlinger: 07dac358b40 | 0100 | RGBA_8888 | 0.0 0.0 36.0 36.0 | 599 1785 635 1821 | bbq-wrapper#168
05-22 09:50:09.071 1180 1180 D SurfaceFlinger: CLIENT | 0xb400007d990029c0 | 0140 | RGBA_8888 | 0.0 0.0 1200.0 36.0 | 0 0 1200 36 | ScreenDecorOverlay$_2254#680
05-22 09:50:09.071 1180 1180 D SurfaceFlinger:
05-22 09:50:09.074 1100 27402 I QC2C2DEngine: calcYSize: unsupported or RGB color format, RGBA8888(1)
05-22 09:50:09.089 1290 1925 D SensorService: [SO] -0.133 0.393 9.753
05-22 09:50:09.101 1100 27402 I QC2C2DEngine: calcYSize: unsupported or RGB color format, RGBA8888(1)
05-22 09:50:09.113 984 23808 I sensors-hal: handle_sns_client_event:44, ambient_light_event: ts=45121883237147, event=88.000000
05-22 09:50:09.113 984 23808 I sensors-hal: handle_sns_client_event:44, ambient_light_event: ts=45121883483501, event=88.000000
05-22 09:50:09.139 1290 1675 I GestureDetector: obtain mCurrentMotionEventRaw. action: 2 id: 523744654
05-22 09:50:09.139 1290 1675 I GestureDetector: obtain mCurrentMotionEventRaw. action: 2 id: 523744654
05-22 09:50:09.145 27753 27753 I GestureDetector: obtain mCurrentMotionEventRaw. action: 2 id: 523744654
05-22 09:50:09.159 1290 1965 D InputReader: Btn_touch(9): value=0 when=10183.122690
05-22 09:50:09.160 1290 1965 I InputReader: Touch event's action is 0x1 (id=2, t=0) [pCnt=1, s=] when=10183.122690
05-22 09:50:09.160 1290 1964 I InputDispatcher: Delivering touch to (27753): action: 0x1, f=0x0, d=0, '95d9169', t=1
05-22 09:50:09.160 27753 27753 I ViewRootImpl@8f2ed9c[QtActivity]: ViewPostIme pointer 1
05-22 09:50:09.168 27753 27907 D xample.spectrum: PlayerBase::pause() from IPlayer
05-22 09:50:09.168 27753 27907 D Qt_Multimedia_spectrum_analyzer: Engine::audioStateChanged from ActiveState to SuspendedState
05-22 09:50:09.170 27753 27753 I ImeTracker: org.qtproject.example.spectrum:8ae8ae72: onRequestHide at ORIGIN_CLIENT_HIDE_SOFT_INPUT reason HIDE_SOFT_INPUT
05-22 09:50:09.170 27753 27753 I InputMethodManager_LC: hsifw() - flag : 0
05-22 09:50:09.171 27753 27753 I ImeTracker: org.qtproject.example.spectrum:8ae8ae72: onFailed at PHASE_CLIENT_VIEW_SERVED
05-22 09:50:09.172 27753 27753 I InputMethodManager_LC: hsifw() ignored windowToken=null servedView=DecorView@c0f4788[QtActivity],focus=false,windowFocus=true,window=android.view.ViewRootImpl$W@8f2ed9c,displayId=0,temporaryDetach=false,hasImeFocus=true mDisplayId=0
05-22 09:50:09.186 1100 27402 I QC2C2DEngine: calcYSize: unsupported or RGB color format, RGBA8888(1)
05-22 09:50:09.199 1100 27402 I QC2Comp : [avcE_15] Stats: Pending(1) i/p-done(0) Works: Q: 459/Done 458|Work-Rate: Q(30.6/s Avg=15.0/s) Done(30.598/s Avg=14.949/s)| Stream: 59.82fps 633.0Kbps
05-22 09:50:09.199 1100 27402 I QC2Comp : Mem-usage: [In-2D: 65 bufs 292.500 MB] [1D-17: 6 bufs 8.977 MB]
05-22 09:50:09.199 1100 27402 I QC2Comp : Total Mem-usage: 301.477 MB
05-22 09:50:09.214 984 23808 I sensors-hal: handle_sns_client_event:44, ambient_light_event: ts=45121983237199, event=89.000000
05-22 09:50:09.214 984 23808 I sensors-hal: handle_sns_client_event:44, ambient_light_event: ts=45121983477407, event=89.000000
05-22 09:50:09.218 1100 27402 I QC2C2DEngine: calcYSize: unsupported or RGB color format, RGBA8888(1)
05-22 09:50:09.241 1100 27402 I QC2C2DEngine: calcYSize: unsupported or RGB color format, RGBA8888(1)
05-22 09:50:09.243 1154 1889 D audioserver: FGS Logger Transaction failed
05-22 09:50:09.243 1154 1889 D audioserver: -129
05-22 09:50:09.244 1154 1491 V APM_AudioPolicyManager: stopOutput portId 195
05-22 09:50:09.245 1154 1491 V APM_AudioPolicyManager: stopOutput() output 21, stream 3, session 553
05-22 09:50:09.245 1154 1491 V APM_AudioPolicyManager: setBeaconMute(1) mBeaconMuteRefCount=0 mBeaconPlayingRefCount=0
05-22 09:50:09.245 1154 1491 V APM_AudioPolicyManager: getNewOutputDevices selected devices AUDIO_DEVICE_NONE
05-22 09:50:09.245 1154 1491 V APM_AudioPolicyManager: setOutputDevices device AUDIO_DEVICE_NONE delayMs 122
05-22 09:50:09.245 1154 1491 V APM_AudioPolicyManager: setOutputDevices() prevDevice {AUDIO_DEVICE_OUT_SPEAKER, @:}
05-22 09:50:09.246 1154 1491 I APM::AudioPolicyEngine: getDevicesForStrategyInt no device found for strategy 9
05-22 09:50:09.246 1154 1491 V APM_AudioPolicyManager: setOutputDevices setting same device AUDIO_DEVICE_NONE or null device, force=0, patch handle=5
05-22 09:50:09.247 1154 1491 I APM::AudioPolicyEngine: getDevicesForStrategyInt no device found for strategy 9
05-22 09:50:09.248 1154 1491 V APM_AudioPolicyManager: selectOutputForMusicEffects selected output 13
05-22 09:50:09.255 619 619 D io_stats: !@ 8,0 r 569123 18988088 w 77178 2272292 d 15491 44503080 f 0 0 iot 282080 0 th 0 0 0 pt 0 inp 0 0 10183.217
05-22 09:50:09.255 619 619 D io_stats: !@ Read_top(KB): gle.android.gms(4127) 696 .app.soundalive(28059) 28 system_server(1290) 4
05-22 09:50:09.255 619 619 D io_stats: !@ Write_top(KB): init(1) 144 system_server(1290) 28 .app.soundalive(28059) 8
05-22 09:50:09.261 1100 27402 I QC2C2DEngine: calcYSize: unsupported or RGB color format, RGBA8888(1)
05-22 09:50:09.266 1290 4624 D AutoRotationHandler: not support this mode
05-22 09:50:09.282 1100 27402 I QC2C2DEngine: calcYSize: unsupported or RGB color format, RGBA8888(1)
05-22 09:50:09.299 1100 27402 I QC2C2DEngine: calcYSize: unsupported or RGB color format, RGBA8888(1)
05-22 09:50:09.313 984 23808 I sensors-hal: handle_sns_client_event:44, ambient_light_event: ts=45122083233084, event=90.000000
05-22 09:50:09.314 984 23808 I sensors-hal: handle_sns_client_event:44, ambient_light_event: ts=45122083481574, event=90.000000
05-22 09:50:09.318 1100 27402 I QC2C2DEngine: calcYSize: unsupported or RGB color format, RGBA8888(1)
05-22 09:50:09.335 1100 27402 I QC2C2DEngine: calcYSize: unsupported or RGB color format, RGBA8888(1)
05-22 09:50:09.342 28059 28059 I DVFSHelper: acquireBoostingCPU() : stop boosting cpu
05-22 09:50:09.344 1290 1675 I GestureDetector: handleMessage TAP
05-22 09:50:09.345 1290 1290 I GestureDetector: handleMessage TAP
05-22 09:50:09.346 27753 27753 I GestureDetector: handleMessage TAP
05-22 09:50:09.357 1100 27402 I QC2C2DEngine: calcYSize: unsupported or RGB color format, RGBA8888(1)
05-22 09:50:09.372 1100 27402 I QC2C2DEngine: calcYSize: unsupported or RGB color format, RGBA8888(1)
05-22 09:50:09.388 1180 1180 I Layer : Layer [Sprite#167] hidden!! flag(1)
05-22 09:50:09.391 1100 27402 I QC2C2DEngine: calcYSize: unsupported or RGB color format, RGBA8888(1)
05-22 09:50:09.409 1180 1180 D SurfaceFlinger: Display 4630946835308409729 HWC layers:
05-22 09:50:09.409 1180 1180 D SurfaceFlinger: DEVICE | 0xb400007dbaba9f40 | 0500 | RGBA_8888 | 0.0 0.0 1200.0 1812.0 | 0 36 1200 1848 | SurfaceView[org.qtproject.example.sp[...]id.bindings.QtActivity]@0(BLAST)#669
05-22 09:50:09.409 1180 1180 D SurfaceFlinger: CLIENT | 0xb400007dbaba8c70 | 0100 | RGBA_8888 | 0.0 0.0 1200.0 1920.0 | 0 0 1200 1920 | org.qtproject.example.spectrum/org.q[...]droid.bindings.QtActivity$_27753#656
05-22 09:50:09.409 1180 1180 D SurfaceFlinger: CLIENT | 0xb400007dac357800 | 0100 | RGBA_8888 | 0.0 0.0 1200.0 36.0 | 0 0 1200 36 | StatusBar$_2254#99
05-22 09:50:09.409 1180 1180 D SurfaceFlinger: CLIENT | 0xb400007dac3578e0 | 0100 | RGBA_8888 | 0.0 0.0 67.0 207.0 | 1133 432 1200 639 | com.sec.android.app.launcher/com.sam[...]ce.edge.CocktailBarService$_2507#160
05-22 09:50:09.409 1180 1180 D SurfaceFlinger: CLIENT | 0xb400007dac2d8980 | 0100 | RGBA_8888 | 0.0 0.0 1200.0 72.0 | 0 1848 1200 1920 | TaskbarWindow$_2507#128
05-22 09:50:09.409 1180 1180 D SurfaceFlinger: CLIENT | 0xb400007dac358de0 | 0100 | RGBA_8888 | 0.0 0.0 1200.0 1920.0 | 0 0 1200 1920 | PointerLocation - display 0#57
05-22 09:50:09.409 1180 1180 D SurfaceFlinger: CLIENT | 0xb4000
05-22 09:50:09.409 1180 1180 D SurfaceFlinger: 07d990029c0 | 0140 | RGBA_8888 | 0.0 0.0 1200.0 36.0 | 0 0 1200 36 | ScreenDecorOverlay$_2254#680
05-22 09:50:09.409 1180 1180 D SurfaceFlinger:
05-22 09:50:09.411 1100 27402 I QC2C2DEngine: calcYSize: unsupported or RGB color format, RGBA8888(1)
05-22 09:50:09.413 984 23808 I sensors-hal: handle_sns_client_event:44, ambient_light_event: ts=45122183235168, event=91.000000
05-22 09:50:09.414 984 23808 I sensors-hal: handle_sns_client_event:44, ambient_light_event: ts=45122183482876, event=91.000000
05-22 09:50:09.488 1100 27402 I QC2C2DEngine: calcYSize: unsupported or RGB color format, RGBA8888(1)
05-22 09:50:09.514 984 23808 I sensors-hal: handle_sns_client_event:44, ambient_light_event: ts=45122283236314, event=91.000000
05-22 09:50:09.514 984 23808 I sensors-hal: handle_sns_client_event:44, ambient_light_event: ts=45122283482199, event=91.000000
05-22 09:50:09.594 1100 27402 I QC2C2DEngine: calcYSize: unsupported or RGB color format, RGBA8888(1)
05-22 09:50:09.613 984 23808 I sensors-hal: handle_sns_client_event:44, ambient_light_event: ts=45122383235949, event=91.000000
05-22 09:50:09.613 984 23808 I sensors-hal: handle_sns_client_event:44, ambient_light_event: ts=45122383481887, event=91.000000
05-22 09:50:09.700 1100 27402 I QC2C2DEngine: calcYSize: unsupported or RGB color format, RGBA8888(1)
05-22 09:50:09.714 984 23808 I sensors-hal: handle_sns_client_event:44, ambient_light_event: ts=45122483232303, event=91.000000
05-22 09:50:09.714 984 23808 I sensors-hal: handle_sns_client_event:44, ambient_light_event: ts=45122483481834, event=91.000000
05-22 09:50:09.725 1290 1686 D BatteryService: Sending ACTION_BATTERY_CHANGED: level:97, status:2, health:2, remain:-1, ac:false, usb:true, wireless:false, pogo:false, misc:0x0, charge_type:0, charger_type:0, voltage:4253, temperature:242, online:4, charging_status:0, cycle_count:0, current_avg:0, ps:false, hvc:false, capacity:280000, current_event:0x0, current_now:-71000, mcc:500000, mcv:5000000, cc:4850000, present:true, scale:100, technology:Li-ion
05-22 09:50:09.727 1290 2201 I DeviceBatteryInfoService: action: android.intent.action.BATTERY_CHANGED
05-22 09:50:09.728 1290 2201 I DeviceBatteryInfoService: phone battery level: 97
05-22 09:50:09.728 1290 2201 I DeviceBatteryInfoService: phone battery status: 2
05-22 09:50:09.730 1290 2077 D MotionRecognitionService: [SAR] onReceive : ACTION_BATTERY_CHANGED, Plugged: 2
05-22 09:50:09.732 2254 2254 I PowerUI : mBootCompleted = true | mFullyConnected = true
05-22 09:50:09.732 2254 2254 I PowerUI : BATTERY_HEALTH_CHECK extraHealth=2 mBatteryMiscEvent=0
05-22 09:50:09.732 2254 10655 D SecPowerUI.Notification: dismissing low battery warning: level=97
05-22 09:50:09.732 2254 10655 D SecPowerUI.Notification: updateNotification mWarning=false mPlaySound=false
05-22 09:50:09.732 2551 2551 D SemBigDataInfoController: Intent: android.intent.action.BATTERY_CHANGED
05-22 09:50:09.732 2254 10655 D SecPowerUI.Notification: SecBatteryStatsSnapshot{batteryLevel=97, currentBatteryMode=0, chargingTime=-1, chargingType=11, batteryHealth=2, automaticTestMode=false, isHiccupState=false}
05-22 09:50:09.734 2254 10655 D SecPowerUI.Notification: 1. restoreScreenTimeOut - saved_value : :
05-22 09:50:09.734 2254 10655 E SecPowerUI.Notification: no saved value, so we do nothing !!
05-22 09:50:09.734 2254 2254 W PowerUI : Plug reason
05-22 09:50:09.734 2254 2254 W PowerUI : Skip charging animation - by plug status
05-22 09:50:09.734 2254 2254 D PowerUI : priorPlugType = 2 mPlugType = 2 priorBatteryStatus = 2 mBatteryStatus = 2
05-22 09:50:09.734 2254 2254 W PowerUI : Plug reason
05-22 09:50:09.734 2254 2254 W PowerUI : Skip charging sound - by plug status
05-22 09:50:09.734 2254 2254 I PowerUI : oldMisalign : false, curMisalign : false
05-22 09:50:09.736 21837 21837 I [SCPMV2][SystemMonitorReceiver]: onReceive: android.intent.action.BATTERY_CHANGED
05-22 09:50:09.737 2254 2254 D SecPowerUI.Notification: showChargingNotice oldChargingType : 11 / currentChargingType : 11, oldChargingTime : -1 / mChargingTime : -1
05-22 09:50:09.737 2254 2254 D SecPowerUI.Notification: showChargingNotice There is no change about charging status, so return!
05-22 09:50:09.737 2254 2254 D PowerUI : Battery swelling mode - priorBatterySwellingMode = 0 mBatterySwellingMode = 0 mBatteryStatus = 2
05-22 09:50:09.737 2254 2254 I PowerUI : mBatteryMiscEvent = 0
05-22 09:50:09.737 2254 2254 D SamsungBatteryMeterDrawable: onBatteryLevelChanged isSomethingChanged: false
05-22 09:50:09.738 2254 2254 D SamsungBatteryMeterDrawable: onBatteryLevelChanged isSomethingChanged: false
05-22 09:50:09.738 2254 2254 D SamsungBatteryMeterDrawable: onBatteryLevelChanged isSomethingChanged: false
05-22 09:50:09.738 2254 2254 I AODBatteryManager: updateBatteryData: ACTION_BATTERY_CHANGED
05-22 09:50:09.742 2254 2254 I AODBatteryManager: saveBatteryData : AOD BatteryData [mBatteryLevel=97, mBatteryStatus=CHARGING, mBatteryPlugType=USB, mBatteryPlugged=true, mRemainingChargeTime=-1, mBatteryChargingType=1, mBatteryChargerType=NORMAL, mBatteryOnline=USB, mBatterySwellingMode=NONE, mBatteryProtectMode=false]
05-22 09:50:09.742 2254 2254 D KeyguardUpdateMonitor: handleBatteryUpdate
05-22 09:50:09.768 1100 27402 I QC2C2DEngine: calcYSize: unsupported or RGB color format, RGBA8888(1)
05-22 09:50:09.814 984 23808 I sensors-hal: handle_sns_client_event:44, ambient_light_event: ts=45122583232407, event=91.000000
05-22 09:50:09.814 984 23808 I sensors-hal: handle_sns_client_event:44, ambient_light_event: ts=45122583481262, event=91.000000
05-22 09:50:09.889 1100 27402 I QC2C2DEngine: calcYSize: unsupported or RGB color format, RGBA8888(1)
05-22 09:50:09.914 984 23808 I sensors-hal: handle_sns_client_event:44, ambient_light_event: ts=45122683480689, event=91.000000
05-22 09:50:09.974 1100 27402 I QC2C2DEngine: calcYSize: unsupported or RGB color format, RGBA8888(1)
05-22 09:50:10.014 984 23808 I sensors-hal: handle_sns_client_event:44, ambient_light_event: ts=45122783481105, event=92.000000
05-22 09:50:10.093 1100 27402 I QC2C2DEngine: calcYSize: unsupported or RGB color format, RGBA8888(1)
05-22 09:50:10.113 984 23808 I sensors-hal: handle_sns_client_event:44, ambient_light_event: ts=45122883477355, event=92.000000
05-22 09:50:10.195 1100 27402 I QC2C2DEngine: calcYSize: unsupported or RGB color format, RGBA8888(1)
05-22 09:50:10.214 984 23808 I sensors-hal: handle_sns_client_event:44, ambient_light_event: ts=45122983480532, event=92.000000
05-22 09:50:10.285 1100 27402 I QC2C2DEngine: calcYSize: unsupported or RGB color format, RGBA8888(1)
05-22 09:50:10.314 984 23808 I sensors-hal: handle_sns_client_event:44, ambient_light_event: ts=45123083235428, event=92.000000
05-22 09:50:10.316 984 23808 I sensors-hal: handle_sns_client_event:44, ambient_light_event: ts=45123083482512, event=92.000000
05-22 09:50:10.347 28059 28059 I DVFSHelper: acquireBoostingCPU() : stop boosting cpu
05-22 09:50:10.391 1100 27402 I QC2C2DEngine: calcYSize: unsupported or RGB color format, RGBA8888(1)
05-22 09:50:10.414 984 23808 I sensors-hal: handle_sns_client_event:44, ambient_light_event: ts=45123183238762, event=92.000000
05-22 09:50:10.414 984 23808 I sensors-hal: handle_sns_client_event:44, ambient_light_event: ts=45123183480480, event=92.000000
05-22 09:50:10.439 1290 1965 D InputReader: Btn_touch(9): value=1 when=10184.401739
05-22 09:50:10.440 1290 1965 I InputReader: Touch event's action is 0x0 (id=2, t=0) [pCnt=1, s=0.159 ] when=10184.401739
05-22 09:50:10.441 1290 1964 I InputDispatcher: Delivering touch to (2507): action: 0x4, f=0x0, d=0, '3610cc1', t=1
05-22 09:50:10.442 1290 1964 I InputDispatcher: Delivering touch to (27753): action: 0x0, f=0x0, d=0, '95d9169', t=1
05-22 09:50:10.443 1290 1964 D PowerManagerService: [api] userActivityFromNative : touch displayId=0 eventTime=10184401
05-22 09:50:10.443 27753 27753 I ViewRootImpl@8f2ed9c[QtActivity]: ViewPostIme pointer 0
05-22 09:50:10.445 1290 1675 I GestureDetector: obtain mCurrentDownEvent. id: 367129274 caller: com.android.server.wm.SystemGesturesPointerEventListener.onPointerEvent:204 com.android.server.wm.PointerEventDispatcher.onInputEvent:53 android.view.InputEventReceiver.dispatchInputEvent:296
05-22 09:50:10.445 1290 1675 I GestureDetector: obtain mCurrentDownEvent. id: 367129274 caller: com.android.server.wm.SystemPerformancePointerEventListener.onPointerEvent:89 com.android.server.wm.PointerEventDispatcher.onInputEvent:53 android.view.InputEventReceiver.dispatchInputEvent:296
05-22 09:50:10.446 1290 2336 I EDMNativeHelperService: isFaceRecognitionAllowedEvenCameraBlocked
05-22 09:50:10.446 27753 27753 I GestureDetector: obtain mCurrentDownEvent. id: 367129274 caller: org.qtproject.qt.android.QtWindow.onTouchEvent:74 org.qtproject.qt.android.QtLayout.onTouchEvent:53 android.view.View.dispatchTouchEvent:16212
05-22 09:50:10.447 1180 1180 I Layer : Layer [Sprite#167] hidden!! flag(0)
05-22 09:50:10.448 1290 2336 I EDMNativeHelperService: isCameraEnabled
05-22 09:50:10.448 1290 2336 D EDMNativeHelper: isCameraEnabled
05-22 09:50:10.450 1290 2336 D EDMNativeHelper: checking for camera in EnterpriseDeviceManagerService
05-22 09:50:10.450 1290 2336 D EnterpriseDeviceManagerService: isCameraEnabledNative
05-22 09:50:10.450 1290 2336 D EnterpriseDeviceManagerService: checking for camera in restriction policy
05-22 09:50:10.450 1290 2336 D RestrictionPolicy: isCameraEnabled ret(true) userId(0) cxtInfo.mCallerUid(1000) cxtInfo.mContainerId(0)
05-22 09:50:10.467 1180 1180 D SurfaceFlinger: Display 4630946835308409729 HWC layers:
05-22 09:50:10.467 1180 1180 D SurfaceFlinger: DEVICE | 0xb400007dbaba9d10 | 0500 | RGBA_8888 | 0.0 0.0 1200.0 1812.0 | 0 36 1200 1848 | SurfaceView[org.qtproject.example.sp[...]id.bindings.QtActivity]@0(BLAST)#669
05-22 09:50:10.467 1180 1180 D SurfaceFlinger: CLIENT | 0xb400007dbaba8c70 | 0100 | RGBA_8888 | 0.0 0.0 1200.0 1920.0 | 0 0 1200 1920 | org.qtproject.example.spectrum/org.q[...]droid.bindings.QtActivity$_27753#656
05-22 09:50:10.467 1180 1180 D SurfaceFlinger: CLIENT | 0xb400007dac357800 | 0100 | RGBA_8888 | 0.0 0.0 1200.0 36.0 | 0 0 1200 36 | StatusBar$_2254#99
05-22 09:50:10.467 1180 1180 D SurfaceFlinger: CLIENT | 0xb400007dac3578e0 | 0100 | RGBA_8888 | 0.0 0.0 67.0 207.0 | 1133 432 1200 639 | com.sec.android.app.launcher/com.sam[...]ce.edge.CocktailBarService$_2507#160
05-22 09:50:10.467 1180 1180 D SurfaceFlinger: CLIENT | 0xb400007dac2d8980 | 0100 | RGBA_8888 | 0.0 0.0 1200.0 72.0 | 0 1848 1200 1920 | TaskbarWindow$_2507#128
05-22 09:50:10.467 1180 1180 D SurfaceFlinger: CLIENT | 0xb400007dac358de0 | 0100 | RGBA_8888 | 0.0 0.0 1200.0 1920.0 | 0 0 1200 1920 | PointerLocation - display 0#57
05-22 09:50:10.467 1180 1180 D SurfaceFlinger: CLIENT | 0xb4000
05-22 09:50:10.467 1180 1180 D SurfaceFlinger: 07dac3559d0 | 0100 | RGBA_8888 | 0.0 0.0 36.0 36.0 | 716 1786 752 1822 | bbq-wrapper#168
05-22 09:50:10.467 1180 1180 D SurfaceFlinger: CLIENT | 0xb400007d990029c0 | 0140 | RGBA_8888 | 0.0 0.0 1200.0 36.0 | 0 0 1200 36 | ScreenDecorOverlay$_2254#680
05-22 09:50:10.467 1180 1180 D SurfaceFlinger:
05-22 09:50:10.469 1100 27402 I QC2C2DEngine: calcYSize: unsupported or RGB color format, RGBA8888(1)
05-22 09:50:10.482 1100 27402 I QC2C2DEngine: calcYSize: unsupported or RGB color format, RGBA8888(1)
05-22 09:50:10.497 1100 27402 I QC2C2DEngine: calcYSize: unsupported or RGB color format, RGBA8888(1)
05-22 09:50:10.508 1290 1675 I GestureDetector: obtain mCurrentMotionEventRaw. action: 2 id: 619482803
05-22 09:50:10.508 1290 1675 I GestureDetector: obtain mCurrentMotionEventRaw. action: 2 id: 619482803
05-22 09:50:10.513 984 23808 I sensors-hal: handle_sns_client_event:44, ambient_light_event: ts=45123283237720, event=92.000000
05-22 09:50:10.514 984 23808 I sensors-hal: handle_sns_client_event:44, ambient_light_event: ts=45123283481262, event=92.000000
05-22 09:50:10.514 27753 27753 I GestureDetector: obtain mCurrentMotionEventRaw. action: 2 id: 619482803
05-22 09:50:10.529 1290 1965 D InputReader: Btn_touch(9): value=0 when=10184.492577
05-22 09:50:10.530 1290 1965 I InputReader: Touch event's action is 0x1 (id=2, t=0) [pCnt=1, s=] when=10184.492577
05-22 09:50:10.530 1290 1964 I InputDispatcher: Delivering touch to (27753): action: 0x1, f=0x0, d=0, '95d9169', t=1
05-22 09:50:10.530 27753 27753 I ViewRootImpl@8f2ed9c[QtActivity]: ViewPostIme pointer 1
05-22 09:50:10.550 27753 27753 I ImeTracker: org.qtproject.example.spectrum:99fa77b7: onRequestHide at ORIGIN_CLIENT_HIDE_SOFT_INPUT reason HIDE_SOFT_INPUT
05-22 09:50:10.550 27753 27753 I InputMethodManager_LC: hsifw() - flag : 0
05-22 09:50:10.551 27753 27753 I ImeTracker: org.qtproject.example.spectrum:99fa77b7: onFailed at PHASE_CLIENT_VIEW_SERVED
05-22 09:50:10.551 27753 27753 I InputMethodManager_LC: hsifw() ignored windowToken=null servedView=DecorView@c0f4788[QtActivity],focus=false,windowFocus=true,window=android.view.ViewRootImpl$W@8f2ed9c,displayId=0,temporaryDetach=false,hasImeFocus=true mDisplayId=0
05-22 09:50:10.553 1100 27402 I QC2C2DEngine: calcYSize: unsupported or RGB color format, RGBA8888(1)
05-22 09:50:10.570 1100 27402 I QC2C2DEngine: calcYSize: unsupported or RGB color format, RGBA8888(1)
05-22 09:50:10.597 1100 27402 I QC2C2DEngine: calcYSize: unsupported or RGB color format, RGBA8888(1)
05-22 09:50:10.613 1100 27402 I QC2C2DEngine: calcYSize: unsupported or RGB color format, RGBA8888(1)
05-22 09:50:10.613 984 23808 I sensors-hal: handle_sns_client_event:44, ambient_light_event: ts=45123383235949, event=92.000000
05-22 09:50:10.614 984 23808 I sensors-hal: handle_sns_client_event:44, ambient_light_event: ts=45123383480845, event=92.000000
05-22 09:50:10.644 1100 27402 I QC2C2DEngine: calcYSize: unsupported or RGB color format, RGBA8888(1)
05-22 09:50:10.645 1100 27429 D BufferPoolAccessor2.0: bufferpool2 0xee437f18 : 5(7843840 size) total buffers - 4(6275072 size) used buffers - 485/491 (recycle/alloc) - 6/486 (fetch/transfer)
05-22 09:50:10.663 1100 27402 I QC2C2DEngine: calcYSize: unsupported or RGB color format, RGBA8888(1)
05-22 09:50:10.682 1100 27402 I QC2C2DEngine: calcYSize: unsupported or RGB color format, RGBA8888(1)
05-22 09:50:10.700 1100 27402 I QC2C2DEngine: calcYSize: unsupported or RGB color format, RGBA8888(1)
05-22 09:50:10.713 984 23808 I sensors-hal: handle_sns_client_event:44, ambient_light_event: ts=45123483231834, event=91.000000
05-22 09:50:10.714 984 23808 I sensors-hal: handle_sns_client_event:44, ambient_light_event: ts=45123483481834, event=91.000000
05-22 09:50:10.731 1100 27402 I QC2C2DEngine: calcYSize: unsupported or RGB color format, RGBA8888(1)
05-22 09:50:10.744 1290 1675 I GestureDetector: handleMessage TAP
05-22 09:50:10.745 27753 27753 I GestureDetector: handleMessage TAP
05-22 09:50:10.746 1290 1290 I GestureDetector: handleMessage TAP
05-22 09:50:10.750 1180 1180 I Layer : Layer [Sprite#167] hidden!! flag(1)
05-22 09:50:10.753 1100 27402 I QC2C2DEngine: calcYSize: unsupported or RGB color format, RGBA8888(1)
05-22 09:50:10.769 1180 1180 D SurfaceFlinger: Display 4630946835308409729 HWC layers:
05-22 09:50:10.769 1180 1180 D SurfaceFlinger: DEVICE | 0xb400007dbaba9fb0 | 0500 | RGBA_8888 | 0.0 0.0 1200.0 1812.0 | 0 36 1200 1848 | SurfaceView[org.qtproject.example.sp[...]id.bindings.QtActivity]@0(BLAST)#669
05-22 09:50:10.769 1180 1180 D SurfaceFlinger: CLIENT | 0xb400007dbaba8c70 | 0100 | RGBA_8888 | 0.0 0.0 1200.0 1920.0 | 0 0 1200 1920 | org.qtproject.example.spectrum/org.q[...]droid.bindings.QtActivity$_27753#656
05-22 09:50:10.769 1180 1180 D SurfaceFlinger: CLIENT | 0xb400007dac357800 | 0100 | RGBA_8888 | 0.0 0.0 1200.0 36.0 | 0 0 1200 36 | StatusBar$_2254#99
05-22 09:50:10.769 1180 1180 D SurfaceFlinger: CLIENT | 0xb400007dac3578e0 | 0100 | RGBA_8888 | 0.0 0.0 67.0 207.0 | 1133 432 1200 639 | com.sec.android.app.launcher/com.sam[...]ce.edge.CocktailBarService$_2507#160
05-22 09:50:10.769 1180 1180 D SurfaceFlinger: CLIENT | 0xb400007dac2d8980 | 0100 | RGBA_8888 | 0.0 0.0 1200.0 72.0 | 0 1848 1200 1920 | TaskbarWindow$_2507#128
05-22 09:50:10.769 1180 1180 D SurfaceFlinger: CLIENT | 0xb400007dac358c90 | 0100 | RGBA_8888 | 0.0 0.0 1200.0 1920.0 | 0 0 1200 1920 | PointerLocation - display 0#57
05-22 09:50:10.769 1180 1180 D SurfaceFlinger: CLIENT | 0xb4000
05-22 09:50:10.769 1180 1180 D SurfaceFlinger: 07d990029c0 | 0140 | RGBA_8888 | 0.0 0.0 1200.0 36.0 | 0 0 1200 36 | ScreenDecorOverlay$_2254#680
05-22 09:50:10.769 1180 1180 D SurfaceFlinger:
05-22 09:50:10.772 1100 27402 I QC2C2DEngine: calcYSize: unsupported or RGB color format, RGBA8888(1)
05-22 09:50:10.814 984 23808 I sensors-hal: handle_sns_client_event:44, ambient_light_event: ts=45123583228657, event=92.000000
05-22 09:50:10.814 984 23808 I sensors-hal: handle_sns_client_event:44, ambient_light_event: ts=45123583483189, event=92.000000
05-22 09:50:10.891 1100 27402 I QC2C2DEngine: calcYSize: unsupported or RGB color format, RGBA8888(1)
05-22 09:50:10.913 984 23808 I sensors-hal: handle_sns_client_event:44, ambient_light_event: ts=45123683236782, event=93.000000
05-22 09:50:10.914 984 23808 I sensors-hal: handle_sns_client_event:44, ambient_light_event: ts=45123683481157, event=93.000000
05-22 09:50:10.940 2254 2254 I DesktopManager: notifyPrivacyItemsChanged() visible = false mDesktopMode = 710
05-22 09:50:10.942 2254 3510 W WindowOnBackDispatcher: sendCancelIfRunning: isInProgress=falsecallback=android.view.ViewRootImpl$$ExternalSyntheticLambda21@a365d6
05-22 09:50:10.943 1290 3699 D CoreBackPreview: Window{9d15500 u0 ScreenDecorOverlay}: Setting back callback null
05-22 09:50:10.948 2254 3510 I ViewRootImpl@211da80[ScreenDecorOverlay]: dispatchDetachedFromWindow
05-22 09:50:10.950 1290 3699 D InputTransport: Input channel destroyed: '9d15500', fd=628
05-22 09:50:10.950 1290 3699 W InputManager-JNI: Input channel object '9d15500 ScreenDecorOverlay (client)' was disposed without first being removed with the input manager!
05-22 09:50:10.950 1290 3699 D InputTransport: Input channel destroyed: '9d15500', fd=671
05-22 09:50:10.951 1290 3699 V WindowManager: Remove Window{9d15500 u0 ScreenDecorOverlay}: mSurfaceController=Surface(name=ScreenDecorOverlay$_2254)/@0xef31f06 mAnimatingExit=false mRemoveOnExit=false mHasSurface=true surfaceShowing=true animating=false app-animation=false mDisplayFrozen=false callers=com.android.server.wm.WindowManagerService.removeWindow:2149 com.android.server.wm.Session.remove:245 android.view.IWindowSession$Stub.onTransact:725 com.android.server.wm.Session.onTransact:192 android.os.Binder.execTransactInternal:1380 android.os.Binder.execTransact:1311
05-22 09:50:10.952 1290 3699 I WindowManager: Destroying surface Surface(name=ScreenDecorOverlay$_2254)/@0xef31f06 called by com.android.server.wm.WindowStateAnimator.destroySurface:799 com.android.server.wm.WindowStateAnimator.destroySurfaceLocked:472 com.android.server.wm.WindowState.removeImmediately:2911 com.android.server.wm.WindowState.removeIfPossible:3173 com.android.server.wm.WindowManagerService.removeWindow:2149 com.android.server.wm.Session.remove:245 android.view.IWindowSession$Stub.onTransact:725 com.android.server.wm.Session.onTransact:192
05-22 09:50:10.958 2254 3510 D InputTransport: Input channel destroyed: '9d15500', fd=508
05-22 09:50:10.959 2254 3510 W WindowOnBackDispatcher: sendCancelIfRunning: isInProgress=falsecallback=android.view.ViewRootImpl$$ExternalSyntheticLambda21@81dc057
05-22 09:50:10.961 1290 3699 D CoreBackPreview: Window{476c12c u0 ScreenDecorOverlayBottom}: Setting back callback null
05-22 09:50:10.962 2254 3510 I ViewRootImpl@cbe230a[ScreenDecorOverlayBottom]: dispatchDetachedFromWindow
05-22 09:50:10.963 1290 3699 D InputTransport: Input channel destroyed: '476c12c', fd=909
05-22 09:50:10.963 1290 3699 W InputManager-JNI: Input channel object '476c12c ScreenDecorOverlayBottom (client)' was disposed without first being removed with the input manager!
05-22 09:50:10.963 1290 3699 D InputTransport: Input channel destroyed: '476c12c', fd=911
05-22 09:50:10.964 1290 3699 V WindowManager: Remove Window{476c12c u0 ScreenDecorOverlayBottom}: mSurfaceController=null mAnimatingExit=false mRemoveOnExit=false mHasSurface=false surfaceShowing=false animating=false app-animation=false mDisplayFrozen=false callers=com.android.server.wm.WindowManagerService.removeWindow:2149 com.android.server.wm.Session.remove:245 android.view.IWindowSession$Stub.onTransact:725 com.android.server.wm.Session.onTransact:192 android.os.Binder.execTransactInternal:1380 android.os.Binder.execTransact:1311
05-22 09:50:10.967 2254 2254 D FaceWidgetKeyguardNIOController: getDefaultPositionX
05-22 09:50:10.968 2254 2254 W View : requestLayout() improperly called by android.widget.FrameLayout{7389663 V.E...... ......ID 231,0-969,1848 #7f0a083c app:id/qs_frame} during layout: running second layout pass
05-22 09:50:10.969 2254 3510 D InputTransport: Input channel destroyed: '476c12c', fd=383
05-22 09:50:10.970 2254 2254 D FaceWidgetKeyguardNIOController: getDefaultPositionX
05-22 09:50:10.975 1100 27402 I QC2C2DEngine: calcYSize: unsupported or RGB color format, RGBA8888(1)
05-22 09:50:10.976 1180 1180 I Layer : Layer::reparent [ScreenDecorOverlay$_2254#680] newParentHandle : null -------------------------
05-22 09:50:10.976 1180 1180 I Layer : id=680 removeFromCurrentState ScreenDecorOverlay$_2254#680 (254)
05-22 09:50:10.976 1180 1180 I Layer : Layer::reparent [ScreenDecorOverlay$_2254#680] End -------------------------
05-22 09:50:10.976 1180 1180 I Layer : Layer::reparent [9d15500 ScreenDecorOverlay#677] newParentHandle : null -------------------------
05-22 09:50:10.976 1180 1180 I Layer : id=677 removeFromCurrentState 9d15500 ScreenDecorOverlay#677 (254)
05-22 09:50:10.976 1180 1180 I Layer : Layer::reparent [9d15500 ScreenDecorOverlay#677] End -------------------------
05-22 09:50:10.976 1180 1180 I Layer : Layer::reparent [WindowToken{2152f83 type=2024 android.os.BinderProxy@11ba632}#676] newParentHandle : null -------------------------
05-22 09:50:10.976 1180 1180 I Layer : id=676 removeFromCurrentState WindowToken{2152f83 type=2024 android.os.BinderProxy@11ba632}#676 (254)
05-22 09:50:10.976 1180 1180 I Layer : Layer::reparent [WindowToken{2152f83 type=2024 android.os.BinderProxy@11ba632}#676] End -------------------------
05-22 09:50:10.976 1180 1180 I Layer : Layer::reparent [476c12c ScreenDecorOverlayBottom#679] newParentHandle : null -------------------------
05-22 09:50:10.976 1180 1180 I Layer : id=679 removeFromCurrentState 476c12c ScreenDecorOverlayBottom#679 (254)
05-22 09:50:10.976 1180 1180 I Layer : Layer::reparent [476c12c ScreenDecorOverlayBottom#679] End -------------------------
05-22 09:50:10.976 1180 1180 I Layer : Layer::reparent [WindowToken{37140df type=2024 android.os.BinderProxy@1d9f37e}#678] newParentHandle : null -------------------------
05-22 09:50:10.976 1180 1180 I Layer : id=678 removeFromCurrentState WindowToken{37140df type=2024 android.os.BinderProxy@1d9f37e}#678 (254)
05-22 09:50:10.976 1180 1180 I Layer : Layer::reparent [WindowToken{37140df type=2024 android.os.BinderProxy@1d9f37e}#678] End -------------------------
05-22 09:50:10.980 1180 1180 I SurfaceFlinger: id=678 Removed WindowToken{37140df type=2024 android.os.BinderProxy@1d9f37e}#678 (254)
05-22 09:50:10.980 1180 1180 I SurfaceFlinger: id=679 Removed 476c12c ScreenDecorOverlayBottom#679 (254)
05-22 09:50:10.980 1180 1180 I SurfaceFlinger: id=676 Removed WindowToken{2152f83 type=2024 android.os.BinderProxy@11ba632}#676 (254)
05-22 09:50:10.980 1180 1180 I SurfaceFlinger: id=677 Removed 9d15500 ScreenDecorOverlay#677 (254)
05-22 09:50:10.980 1180 1180 I SurfaceFlinger: id=680 Removed ScreenDecorOverlay$_2254#680 (254)
05-22 09:50:10.993 1180 1180 D SurfaceFlinger: Display 4630946835308409729 HWC layers:
05-22 09:50:10.993 1180 1180 D SurfaceFlinger: DEVICE | 0xb400007dbaba9df0 | 0500 | RGBA_8888 | 0.0 0.0 1200.0 1812.0 | 0 36 1200 1848 | SurfaceView[org.qtproject.example.sp[...]id.bindings.QtActivity]@0(BLAST)#669
05-22 09:50:10.993 1180 1180 D SurfaceFlinger: CLIENT | 0xb400007dbaba8c70 | 0100 | RGBA_8888 | 0.0 0.0 1200.0 1920.0 | 0 0 1200 1920 | org.qtproject.example.spectrum/org.q[...]droid.bindings.QtActivity$_27753#656
05-22 09:50:10.993 1180 1180 D SurfaceFlinger: CLIENT | 0xb400007dac357800 | 0100 | RGBA_8888 | 0.0 0.0 1200.0 36.0 | 0 0 1200 36 | StatusBar$_2254#99
05-22 09:50:10.993 1180 1180 D SurfaceFlinger: CLIENT | 0xb400007dac3578e0 | 0100 | RGBA_8888 | 0.0 0.0 67.0 207.0 | 1133 432 1200 639 | com.sec.android.app.launcher/com.sam[...]ce.edge.CocktailBarService$_2507#160
05-22 09:50:10.993 1180 1180 D SurfaceFlinger: CLIENT | 0xb400007dac2d8980 | 0100 | RGBA_8888 | 0.0 0.0 1200.0 72.0 | 0 1848 1200 1920 | TaskbarWindow$_2507#128
05-22 09:50:10.993 1180 1180 D SurfaceFlinger: CLIENT | 0xb400007dac358c90 | 0100 | RGBA_8888 | 0.0 0.0 1200.0 1920.0 | 0 0 1200 1920 | PointerLocation - display 0#57
05-22 09:50:10.993 1180 1180 D SurfaceFlinger:
05-22 09:50:10.994 1180 1180 I Layer : id=678 Destroyed WindowToken{37140df type=2024 android.os.BinderProxy@1d9f37e}#678
05-22 09:50:10.994 1180 1180 I Layer : id=680 Destroyed ScreenDecorOverlay$_2254#680
05-22 09:50:10.994 1180 1180 I Layer : id=676 Destroyed WindowToken{2152f83 type=2024 android.os.BinderProxy@11ba632}#676
05-22 09:50:10.994 1180 1180 I Layer : id=677 Destroyed 9d15500 ScreenDecorOverlay#677
05-22 09:50:10.994 1180 1180 I Layer : id=679 Destroyed 476c12c ScreenDecorOverlayBottom#679
05-22 09:50:10.996 1100 27402 I QC2C2DEngine: calcYSize: unsupported or RGB color format, RGBA8888(1)
05-22 09:50:11.013 1100 27402 I QC2C2DEngine: calcYSize: unsupported or RGB color format, RGBA8888(1)
05-22 09:50:11.013 984 23808 I sensors-hal: handle_sns_client_event:44, ambient_light_event: ts=45123783236522, event=93.000000
05-22 09:50:11.014 984 23808 I sensors-hal: handle_sns_client_event:44, ambient_light_event: ts=45123783482199, event=93.000000
05-22 09:50:11.078 1100 27402 I QC2C2DEngine: calcYSize: unsupported or RGB color format, RGBA8888(1)
05-22 09:50:11.106 2233 2233 I wpa_supplicant: Heartbeat 1050
05-22 09:50:11.114 984 23808 I sensors-hal: handle_sns_client_event:44, ambient_light_event: ts=45123883235793, event=94.000000
05-22 09:50:11.115 984 23808 I sensors-hal: handle_sns_client_event:44, ambient_light_event: ts=45123883481209, event=94.000000
05-22 09:50:11.194 1100 27402 I QC2C2DEngine: calcYSize: unsupported or RGB color format, RGBA8888(1)
05-22 09:50:11.214 984 23808 I sensors-hal: handle_sns_client_event:44, ambient_light_event: ts=45123983238918, event=94.000000
05-22 09:50:11.214 984 23808 I sensors-hal: handle_sns_client_event:44, ambient_light_event: ts=45123983480637, event=94.000000
05-22 09:50:11.301 1100 27402 I QC2C2DEngine: calcYSize: unsupported or RGB color format, RGBA8888(1)
05-22 09:50:11.314 984 23808 I sensors-hal: handle_sns_client_event:44, ambient_light_event: ts=45124083233553, event=94.000000
05-22 09:50:11.314 984 23808 I sensors-hal: handle_sns_client_event:44, ambient_light_event: ts=45124083480949, event=94.000000
05-22 09:50:11.384 1100 27402 I QC2C2DEngine: calcYSize: unsupported or RGB color format, RGBA8888(1)
05-22 09:50:11.414 984 23808 I sensors-hal: handle_sns_client_event:44, ambient_light_event: ts=45124183235584, event=94.000000
05-22 09:50:11.414 984 23808 I sensors-hal: handle_sns_client_event:44, ambient_light_event: ts=45124183481262, event=94.000000
05-22 09:50:11.490 1100 27402 I QC2C2DEngine: calcYSize: unsupported or RGB color format, RGBA8888(1)
05-22 09:50:11.514 984 23808 I sensors-hal: handle_sns_client_event:44, ambient_light_event: ts=45124283236001, event=94.000000
05-22 09:50:11.514 984 23808 I sensors-hal: handle_sns_client_event:44, ambient_light_event: ts=45124283480897, event=94.000000
05-22 09:50:11.591 1100 27402 I QC2C2DEngine: calcYSize: unsupported or RGB color format, RGBA8888(1)
05-22 09:50:11.614 984 23808 I sensors-hal: handle_sns_client_event:44, ambient_light_event: ts=45124383236678, event=94.000000
05-22 09:50:11.614 984 23808 I sensors-hal: handle_sns_client_event:44, ambient_light_event: ts=45124383481314, event=94.000000
05-22 09:50:11.685 1100 27402 I QC2C2DEngine: calcYSize: unsupported or RGB color format, RGBA8888(1)
05-22 09:50:11.714 984 23808 I sensors-hal: handle_sns_client_event:44, ambient_light_event: ts=45124483236522, event=94.000000
05-22 09:50:11.714 984 23808 I sensors-hal: handle_sns_client_event:44, ambient_light_event: ts=45124483483397, event=94.000000
05-22 09:50:11.793 1100 27402 I QC2C2DEngine: calcYSize: unsupported or RGB color format, RGBA8888(1)
05-22 09:50:11.814 984 23808 I sensors-hal: handle_sns_client_event:44, ambient_light_event: ts=45124583236574, event=94.000000
05-22 09:50:11.814 984 23808 I sensors-hal: handle_sns_client_event:44, ambient_light_event: ts=45124583481157, event=94.000000
05-22 09:50:11.885 1290 4437 D SemWifiUsabilityStatsMonitor: onWifiUsabilityStats - seqNum 313, isSameBssidAndFreq true
05-22 09:50:11.886 1290 2165 I SemWifiLinkQualityMonitor: Unreliable statistics: 0 / 0 / 0 / 0 || QoS: 0.00 ms / 0.00 Mbps (N) / 0 (0)
05-22 09:50:11.900 1100 27402 I QC2C2DEngine: calcYSize: unsupported or RGB color format, RGBA8888(1)
05-22 09:50:11.913 984 23808 I sensors-hal: handle_sns_client_event:44, ambient_light_event: ts=45124683237043, event=94.000000
05-22 09:50:11.914 984 23808 I sensors-hal: handle_sns_client_event:44, ambient_light_event: ts=45124683481418, event=94.000000
05-22 09:50:11.942 1290 1965 D InputReader: Btn_touch(9): value=1 when=10185.905405
05-22 09:50:11.943 1290 1965 I InputReader: Touch event's action is 0x0 (id=2, t=0) [pCnt=1, s=0.160 ] when=10185.905405
05-22 09:50:11.945 1290 1964 I InputDispatcher: Delivering touch to (2507): action: 0x4, f=0x0, d=0, '3610cc1', t=1
05-22 09:50:11.945 1290 1964 I InputDispatcher: Delivering touch to (27753): action: 0x0, f=0x0, d=0, '95d9169', t=1
05-22 09:50:11.946 1290 1964 D PowerManagerService: [api] userActivityFromNative : touch displayId=0 eventTime=10185905
05-22 09:50:11.946 1290 1675 I GestureDetector: obtain mCurrentDownEvent. id: 520144804 caller: com.android.server.wm.SystemGesturesPointerEventListener.onPointerEvent:204 com.android.server.wm.PointerEventDispatcher.onInputEvent:53 android.view.InputEventReceiver.dispatchInputEvent:296
05-22 09:50:11.947 1290 1675 I GestureDetector: obtain mCurrentDownEvent. id: 520144804 caller: com.android.server.wm.SystemPerformancePointerEventListener.onPointerEvent:89 com.android.server.wm.PointerEventDispatcher.onInputEvent:53 android.view.InputEventReceiver.dispatchInputEvent:296
05-22 09:50:11.949 27753 27753 I ViewRootImpl@8f2ed9c[QtActivity]: ViewPostIme pointer 0
05-22 09:50:11.951 1180 1180 I Layer : Layer [Sprite#167] hidden!! flag(0)
05-22 09:50:11.953 27753 27753 I GestureDetector: obtain mCurrentDownEvent. id: 520144804 caller: org.qtproject.qt.android.QtWindow.onTouchEvent:74 org.qtproject.qt.android.QtLayout.onTouchEvent:53 android.view.View.dispatchTouchEvent:16212
05-22 09:50:11.955 27753 27753 I ImeTracker: org.qtproject.example.spectrum:b5f7ef3c: onRequestHide at ORIGIN_CLIENT_HIDE_SOFT_INPUT reason HIDE_SOFT_INPUT
05-22 09:50:11.955 27753 27753 I InputMethodManager_LC: hsifw() - flag : 0
05-22 09:50:11.956 27753 27753 I ImeTracker: org.qtproject.example.spectrum:b5f7ef3c: onFailed at PHASE_CLIENT_VIEW_SERVED
05-22 09:50:11.956 27753 27753 I InputMethodManager_LC: hsifw() ignored windowToken=null servedView=DecorView@c0f4788[QtActivity],focus=false,windowFocus=true,window=android.view.ViewRootImpl$W@8f2ed9c,displayId=0,temporaryDetach=false,hasImeFocus=true mDisplayId=0
05-22 09:50:11.960 27753 27753 I ImeTracker: org.qtproject.example.spectrum:d0efa611: onRequestHide at ORIGIN_CLIENT_HIDE_SOFT_INPUT reason HIDE_SOFT_INPUT
05-22 09:50:11.960 27753 27753 I InputMethodManager_LC: hsifw() - flag : 0
05-22 09:50:11.960 27753 27753 I ImeTracker: org.qtproject.example.spectrum:d0efa611: onFailed at PHASE_CLIENT_VIEW_SERVED
05-22 09:50:11.961 27753 27753 I InputMethodManager_LC: hsifw() ignored windowToken=null servedView=DecorView@c0f4788[QtActivity],focus=false,windowFocus=true,window=android.view.ViewRootImpl$W@8f2ed9c,displayId=0,temporaryDetach=false,hasImeFocus=true mDisplayId=0
05-22 09:50:11.969 1180 1180 D SurfaceFlinger: Display 4630946835308409729 HWC layers:
05-22 09:50:11.969 1180 1180 D SurfaceFlinger: CLIENT | 0xb400007dbaba9f40 | 0500 | RGBA_8888 | 0.0 0.0 1200.0 1812.0 | 0 36 1200 1848 | SurfaceView[org.qtproject.example.sp[...]id.bindings.QtActivity]@0(BLAST)#669
05-22 09:50:11.969 1180 1180 D SurfaceFlinger: CLIENT | 0xb400007dbaba8c70 | 0100 | RGBA_8888 | 0.0 0.0 1200.0 1920.0 | 0 0 1200 1920 | org.qtproject.example.spectrum/org.q[...]droid.bindings.QtActivity$_27753#656
05-22 09:50:11.969 1180 1180 D SurfaceFlinger: CLIENT | 0xb400007dac357800 | 0100 | RGBA_8888 | 0.0 0.0 1200.0 36.0 | 0 0 1200 36 | StatusBar$_2254#99
05-22 09:50:11.969 1180 1180 D SurfaceFlinger: CLIENT | 0xb400007dac3578e0 | 0100 | RGBA_8888 | 0.0 0.0 67.0 207.0 | 1133 432 1200 639 | com.sec.android.app.launcher/com.sam[...]ce.edge.CocktailBarService$_2507#160
05-22 09:50:11.969 1180 1180 D SurfaceFlinger: CLIENT | 0xb400007dac2d8980 | 0100 | RGBA_8888 | 0.0 0.0 1200.0 72.0 | 0 1848 1200 1920 | TaskbarWindow$_2507#128
05-22 09:50:11.969 1180 1180 D SurfaceFlinger: CLIENT | 0xb400007dac358c90 | 0100 | RGBA_8888 | 0.0 0.0 1200.0 1920.0 | 0 0 1200 1920 | PointerLocation - display 0#57
05-22 09:50:11.969 1180 1180 D SurfaceFlinger: CURSOR | 0xb4000
05-22 09:50:11.969 1180 1180 D SurfaceFlinger: 07dac358b40 | 0100 | RGBA_8888 | 0.0 0.0 36.0 36.0 | 774 827 810 863 | bbq-wrapper#168
05-22 09:50:11.969 1180 1180 D SurfaceFlinger:
05-22 09:50:11.972 1100 27402 I QC2C2DEngine: calcYSize: unsupported or RGB color format, RGBA8888(1)
05-22 09:50:11.990 1100 27402 I QC2C2DEngine: calcYSize: unsupported or RGB color format, RGBA8888(1)
05-22 09:50:12.006 1100 27402 I QC2C2DEngine: calcYSize: unsupported or RGB color format, RGBA8888(1)
05-22 09:50:12.013 984 23808 I sensors-hal: handle_sns_client_event:44, ambient_light_event: ts=45124783236366, event=94.000000
05-22 09:50:12.014 984 23808 I sensors-hal: handle_sns_client_event:44, ambient_light_event: ts=45124783480741, event=94.000000
05-22 09:50:12.024 1100 27402 I QC2C2DEngine: calcYSize: unsupported or RGB color format, RGBA8888(1)
05-22 09:50:12.039 1100 27402 I QC2C2DEngine: calcYSize: unsupported or RGB color format, RGBA8888(1)
05-22 09:50:12.041 1290 1675 I GestureDetector: obtain mCurrentMotionEventRaw. action: 2 id: 7155038
05-22 09:50:12.041 1290 1675 I GestureDetector: obtain mCurrentMotionEventRaw. action: 2 id: 7155038
05-22 09:50:12.046 27753 27753 I GestureDetector: obtain mCurrentMotionEventRaw. action: 2 id: 7155038
05-22 09:50:12.061 1290 1965 D InputReader: Btn_touch(9): value=0 when=10186.024044
05-22 09:50:12.061 1290 1965 I InputReader: Touch event's action is 0x1 (id=2, t=0) [pCnt=1, s=] when=10186.024044
05-22 09:50:12.061 1290 1964 I InputDispatcher: Delivering touch to (27753): action: 0x1, f=0x0, d=0, '95d9169', t=1
05-22 09:50:12.062 27753 27753 I ViewRootImpl@8f2ed9c[QtActivity]: ViewPostIme pointer 1
05-22 09:50:12.068 1100 27402 I QC2C2DEngine: calcYSize: unsupported or RGB color format, RGBA8888(1)
05-22 09:50:12.083 1100 27402 I QC2C2DEngine: calcYSize: unsupported or RGB color format, RGBA8888(1)
05-22 09:50:12.104 1100 27402 I QC2C2DEngine: calcYSize: unsupported or RGB color format, RGBA8888(1)
05-22 09:50:12.113 984 23808 I sensors-hal: handle_sns_client_event:44, ambient_light_event: ts=45124883236470, event=94.000000
05-22 09:50:12.114 984 23808 I sensors-hal: handle_sns_client_event:44, ambient_light_event: ts=45124883482772, event=94.000000
05-22 09:50:12.127 1100 27402 I QC2C2DEngine: calcYSize: unsupported or RGB color format, RGBA8888(1)
05-22 09:50:12.152 1100 27402 I QC2C2DEngine: calcYSize: unsupported or RGB color format, RGBA8888(1)
05-22 09:50:12.171 1100 27402 I QC2C2DEngine: calcYSize: unsupported or RGB color format, RGBA8888(1)
05-22 09:50:12.193 1100 27402 I QC2C2DEngine: calcYSize: unsupported or RGB color format, RGBA8888(1)
05-22 09:50:12.213 1100 27402 I QC2C2DEngine: calcYSize: unsupported or RGB color format, RGBA8888(1)
05-22 09:50:12.214 984 23808 I sensors-hal: handle_sns_client_event:44, ambient_light_event: ts=45124983238084, event=94.000000
05-22 09:50:12.215 984 23808 I sensors-hal: handle_sns_client_event:44, ambient_light_event: ts=45124983481157, event=94.000000
05-22 09:50:12.230 954 27944 D audio_hw_primary: out_standby: enter: stream (0xf4c8c800) usecase(1: low-latency-playback)
05-22 09:50:12.234 1100 27402 I QC2C2DEngine: calcYSize: unsupported or RGB color format, RGBA8888(1)
05-22 09:50:12.247 1290 1675 I GestureDetector: handleMessage TAP
05-22 09:50:12.247 1290 1290 I GestureDetector: handleMessage TAP
05-22 09:50:12.252 27753 27753 I GestureDetector: handleMessage TAP
05-22 09:50:12.265 1100 27402 I QC2C2DEngine: calcYSize: unsupported or RGB color format, RGBA8888(1)
05-22 09:50:12.265 954 27944 D audio_hw_primary: disable_audio_route: reset and update mixer path: low-latency-playback
05-22 09:50:12.267 954 27944 D hardware_info: hw_info_append_hw_type : device_name = speaker
05-22 09:50:12.267 954 27944 D audio_hw_primary: disable_snd_device: snd_device(2: speaker)
05-22 09:50:12.267 954 27944 I FSM-SmartPA: audio_extn_fsm_spk_prot_stop_feedback: Feedback Disabled
05-22 09:50:12.278 954 27944 D hardware_info: hw_info_append_hw_type : device_name = vi-feedback
05-22 09:50:12.278 954 27944 D audio_hw_primary: disable_snd_device: snd_device(234: vi-feedback)
05-22 09:50:12.278 954 27944 D audio_hw_primary: disable_audio_route: reset and update mixer path: spkr-vi-record
05-22 09:50:12.293 1180 1180 I Layer : Layer [Sprite#167] hidden!! flag(1)
05-22 09:50:12.296 1100 27402 I QC2C2DEngine: calcYSize: unsupported or RGB color format, RGBA8888(1)
05-22 09:50:12.315 984 23808 I sensors-hal: handle_sns_client_event:44, ambient_light_event: ts=45125083501678, event=94.000000
05-22 09:50:12.316 1180 1180 D SurfaceFlinger: Display 4630946835308409729 HWC layers:
05-22 09:50:12.316 1180 1180 D SurfaceFlinger: CLIENT | 0xb400007dbaba9f40 | 0500 | RGBA_8888 | 0.0 0.0 1200.0 1812.0 | 0 36 1200 1848 | SurfaceView[org.qtproject.example.sp[...]id.bindings.QtActivity]@0(BLAST)#669
05-22 09:50:12.316 1180 1180 D SurfaceFlinger: CLIENT | 0xb400007dbaba78c0 | 0100 | RGBA_8888 | 0.0 0.0 1200.0 1920.0 | 0 0 1200 1920 | org.qtproject.example.spectrum/org.q[...]droid.bindings.QtActivity$_27753#656
05-22 09:50:12.316 1180 1180 D SurfaceFlinger: CLIENT | 0xb400007dac357800 | 0100 | RGBA_8888 | 0.0 0.0 1200.0 36.0 | 0 0 1200 36 | StatusBar$_2254#99
05-22 09:50:12.316 1180 1180 D SurfaceFlinger: CLIENT | 0xb400007dac3578e0 | 0100 | RGBA_8888 | 0.0 0.0 67.0 207.0 | 1133 432 1200 639 | com.sec.android.app.launcher/com.sam[...]ce.edge.CocktailBarService$_2507#160
05-22 09:50:12.316 1180 1180 D SurfaceFlinger: CLIENT | 0xb400007dac2d8980 | 0100 | RGBA_8888 | 0.0 0.0 1200.0 72.0 | 0 1848 1200 1920 | TaskbarWindow$_2507#128
05-22 09:50:12.316 1180 1180 D SurfaceFlinger: CLIENT | 0xb400007dac359010 | 0100 | RGBA_8888 | 0.0 0.0 1200.0 1920.0 | 0 0 1200 1920 | PointerLocation - display 0#57
05-22 09:50:12.316 1180 1180 D SurfaceFlinger:
05-22 09:50:12.319 1100 27402 I QC2C2DEngine: calcYSize: unsupported or RGB color format, RGBA8888(1)
05-22 09:50:12.375 1100 27402 I QC2C2DEngine: calcYSize: unsupported or RGB color format, RGBA8888(1)
05-22 09:50:12.415 984 23808 I sensors-hal: handle_sns_client_event:44, ambient_light_event: ts=45125183500116, event=94.000000
05-22 09:50:12.471 1100 27402 I QC2C2DEngine: calcYSize: unsupported or RGB color format, RGBA8888(1)
05-22 09:50:12.514 984 23808 I sensors-hal: handle_sns_client_event:44, ambient_light_event: ts=45125283256522, event=94.000000
05-22 09:50:12.515 984 23808 I sensors-hal: handle_sns_client_event:44, ambient_light_event: ts=45125283499751, event=94.000000
05-22 09:50:12.571 1100 27402 I QC2C2DEngine: calcYSize: unsupported or RGB color format, RGBA8888(1)
05-22 09:50:12.614 984 23808 I sensors-hal: handle_sns_client_event:44, ambient_light_event: ts=45125383499855, event=94.000000
05-22 09:50:12.691 1100 27402 I QC2C2DEngine: calcYSize: unsupported or RGB color format, RGBA8888(1)
05-22 09:50:12.715 984 23808 I sensors-hal: handle_sns_client_event:44, ambient_light_event: ts=45125483507147, event=94.000000
05-22 09:50:12.795 1290 1686 D BatteryService: Sending ACTION_BATTERY_CHANGED: level:97, status:2, health:2, remain:1422, ac:false, usb:true, wireless:false, pogo:false, misc:0x0, charge_type:0, charger_type:0, voltage:4253, temperature:242, online:4, charging_status:0, cycle_count:0, current_avg:0, ps:false, hvc:false, capacity:280000, current_event:0x0, current_now:31000, mcc:500000, mcv:5000000, cc:4850000, present:true, scale:100, technology:Li-ion
