05-22 09:50:00.005 2254 2254 D FaceWidgetPagesController: onTimeChanged()
05-22 09:50:00.006 2254 2593 D QSClockBellTower: onReceive(android.intent.action.TIME_TICK) mTimeZoneString:Europe/Helsinki
05-22 09:50:00.010 2254 2254 D QSClockBellTower: He is ready to ring the bell. (((QSClockBellSound - TimeText:09:50, TimeContentDescription:09:50, DateText:Wed, 22 May, ShortDateText:Wed, 22 May, Demo:false, QuickStar-Second(false|12:34:56))))
05-22 09:50:00.011 2254 2254 D QSClock : StatusBar clock=09:50 Wed, 22 May notifyTimeChanged(QSClockBellSound - TimeText:09:50, TimeContentDescription:09:50, DateText:Wed, 22 May, ShortDateText:Wed, 22 May, Demo:false, QuickStar-Second(false|12:34:56)) clockVisibleByPolicy=true, clockVisibleByUser=true, visible=true, parent=android.widget.LinearLayout{c96c4cb V.E...... ......ID 0,0-226,36 #7f0a0592 app:id/left_clock_container}
05-22 09:50:00.011 2254 2254 D QSClockBellTower: Everyone heard the bell. run(currentTime:1716360600008, getTime():Wed May 22 09:50:00 GMT+03:00 2024, getTimeZone():libcore.util.ZoneInfo[mDstSavings=3600000,mUseDst=true,mDelegate=[id="Europe/Helsinki",mRawOffset=7200000,mEarliestRawOffset=5989000,transitions=242]])
05-22 09:50:00.014 984 23808 I sensors-hal: handle_sns_client_event:44, ambient_light_event: ts=45112783259699, event=91.000000
05-22 09:50:00.014 984 23808 I sensors-hal: handle_sns_client_event:44, ambient_light_event: ts=45112783500584, event=91.000000
05-22 09:50:00.022 2254 2254 D QsExpandAnimator: mIsDateButtonOverlapped = false >> false, (247.0 + 198) = 445.0 : 648
05-22 09:50:00.031 1290 1925 D SensorService: [SO] -0.133 0.364 9.801
05-22 09:50:00.031 2254 2254 D FaceWidgetKeyguardNIOController: getDefaultPositionX
05-22 09:50:00.032 2254 2254 W View : requestLayout() improperly called by android.widget.FrameLayout{7389663 V.E...... ......ID 231,0-969,1848 #7f0a083c app:id/qs_frame} during layout: running second layout pass
05-22 09:50:00.035 2254 2254 D FaceWidgetKeyguardNIOController: getDefaultPositionX
05-22 09:50:00.044 2254 2254 D IndicatorBasicGardener: PhoneStatusBarViewController update is done height=36 hasCameraTopMargin=false cameraTopMargin=0paddingLeft=31 paddingRight=31 maxWidthLeftContainer=1036 maxWidthCenterContainer=379 maxWidthRightContainer=907 cutout=null
05-22 09:50:00.072 1100 27402 I QC2C2DEngine: calcYSize: unsupported or RGB color format, RGBA8888(1)
05-22 09:50:00.114 984 23808 I sensors-hal: handle_sns_client_event:44, ambient_light_event: ts=45112883258970, event=90.000000
05-22 09:50:00.115 984 23808 I sensors-hal: handle_sns_client_event:44, ambient_light_event: ts=45112883500116, event=90.000000
05-22 09:50:00.199 1100 27402 I QC2C2DEngine: calcYSize: unsupported or RGB color format, RGBA8888(1)
05-22 09:50:00.214 984 23808 I sensors-hal: handle_sns_client_event:44, ambient_light_event: ts=45112983251105, event=90.000000
05-22 09:50:00.215 984 23808 I sensors-hal: handle_sns_client_event:44, ambient_light_event: ts=45112983499803, event=90.000000
05-22 09:50:00.240 1100 27429 D BufferPoolAccessor2.0: bufferpool2 0xee437f18 : 5(7843840 size) total buffers - 4(6275072 size) used buffers - 254/260 (recycle/alloc) - 6/255 (fetch/transfer)
05-22 09:50:00.301 1100 27402 I QC2C2DEngine: calcYSize: unsupported or RGB color format, RGBA8888(1)
05-22 09:50:00.314 984 23808 I sensors-hal: handle_sns_client_event:44, ambient_light_event: ts=45113083260793, event=90.000000
05-22 09:50:00.315 984 23808 I sensors-hal: handle_sns_client_event:44, ambient_light_event: ts=45113083500116, event=90.000000
05-22 09:50:00.377 1100 27402 I QC2C2DEngine: calcYSize: unsupported or RGB color format, RGBA8888(1)
05-22 09:50:00.414 984 23808 I sensors-hal: handle_sns_client_event:44, ambient_light_event: ts=45113183257407, event=89.000000
05-22 09:50:00.415 984 23808 I sensors-hal: handle_sns_client_event:44, ambient_light_event: ts=45113183499074, event=89.000000
05-22 09:50:00.505 1100 27402 I QC2C2DEngine: calcYSize: unsupported or RGB color format, RGBA8888(1)
05-22 09:50:00.507 1290 1686 D BatteryService: Sending ACTION_BATTERY_CHANGED: level:97, status:2, health:2, remain:-1, ac:false, usb:true, wireless:false, pogo:false, misc:0x0, charge_type:0, charger_type:0, voltage:4227, temperature:243, online:4, charging_status:0, cycle_count:0, current_avg:0, ps:false, hvc:false, capacity:280000, current_event:0x0, current_now:-74000, mcc:500000, mcv:5000000, cc:4850000, present:true, scale:100, technology:Li-ion
05-22 09:50:00.509 1290 2201 I DeviceBatteryInfoService: action: android.intent.action.BATTERY_CHANGED
05-22 09:50:00.509 1290 2201 I DeviceBatteryInfoService: phone battery level: 97
05-22 09:50:00.509 1290 2201 I DeviceBatteryInfoService: phone battery status: 2
05-22 09:50:00.513 1290 2077 D MotionRecognitionService: [SAR] onReceive : ACTION_BATTERY_CHANGED, Plugged: 2
05-22 09:50:00.514 984 23808 I sensors-hal: handle_sns_client_event:44, ambient_light_event: ts=45113283260012, event=89.000000
05-22 09:50:00.514 984 23808 I sensors-hal: handle_sns_client_event:44, ambient_light_event: ts=45113283501157, event=89.000000
05-22 09:50:00.516 2254 2254 I PowerUI : mBootCompleted = true | mFullyConnected = true
05-22 09:50:00.516 2254 2254 I PowerUI : BATTERY_HEALTH_CHECK extraHealth=2 mBatteryMiscEvent=0
05-22 09:50:00.516 2254 2254 W PowerUI : Plug reason
05-22 09:50:00.516 2254 2254 W PowerUI : Skip charging animation - by plug status
05-22 09:50:00.516 2254 2254 D PowerUI : priorPlugType = 2 mPlugType = 2 priorBatteryStatus = 2 mBatteryStatus = 2
05-22 09:50:00.516 2254 7516 D SecPowerUI.Notification: dismissing low battery warning: level=97
05-22 09:50:00.516 2254 2254 W PowerUI : Plug reason
05-22 09:50:00.516 2254 2254 W PowerUI : Skip charging sound - by plug status
05-22 09:50:00.516 2254 7516 D SecPowerUI.Notification: updateNotification mWarning=false mPlaySound=false
05-22 09:50:00.516 2254 2254 I PowerUI : oldMisalign : false, curMisalign : false
05-22 09:50:00.516 2254 7516 D SecPowerUI.Notification: SecBatteryStatsSnapshot{batteryLevel=97, currentBatteryMode=0, chargingTime=-1, chargingType=11, batteryHealth=2, automaticTestMode=false, isHiccupState=false}
05-22 09:50:00.517 2551 2551 D SemBigDataInfoController: Intent: android.intent.action.BATTERY_CHANGED
05-22 09:50:00.517 2254 7516 D SecPowerUI.Notification: 1. restoreScreenTimeOut - saved_value : :
05-22 09:50:00.518 2254 7516 E SecPowerUI.Notification: no saved value, so we do nothing !!
05-22 09:50:00.518 2254 2254 D SecPowerUI.Notification: showChargingNotice oldChargingType : 11 / currentChargingType : 11, oldChargingTime : -1 / mChargingTime : -1
05-22 09:50:00.518 2254 2254 D SecPowerUI.Notification: showChargingNotice There is no change about charging status, so return!
05-22 09:50:00.518 2254 2254 D PowerUI : Battery swelling mode - priorBatterySwellingMode = 0 mBatterySwellingMode = 0 mBatteryStatus = 2
05-22 09:50:00.518 2254 2254 I PowerUI : mBatteryMiscEvent = 0
05-22 09:50:00.519 2254 2254 D SamsungBatteryMeterDrawable: onBatteryLevelChanged isSomethingChanged: false
05-22 09:50:00.519 2254 2254 D SamsungBatteryMeterDrawable: onBatteryLevelChanged isSomethingChanged: false
05-22 09:50:00.519 21837 21837 I [SCPMV2][SystemMonitorReceiver]: onReceive: android.intent.action.BATTERY_CHANGED
05-22 09:50:00.519 2254 2254 D SamsungBatteryMeterDrawable: onBatteryLevelChanged isSomethingChanged: false
05-22 09:50:00.520 2254 2254 I AODBatteryManager: updateBatteryData: ACTION_BATTERY_CHANGED
05-22 09:50:00.521 2254 2254 I AODBatteryManager: saveBatteryData : AOD BatteryData [mBatteryLevel=97, mBatteryStatus=CHARGING, mBatteryPlugType=USB, mBatteryPlugged=true, mRemainingChargeTime=-1, mBatteryChargingType=1, mBatteryChargerType=NORMAL, mBatteryOnline=USB, mBatterySwellingMode=NONE, mBatteryProtectMode=false]
05-22 09:50:00.521 2254 2254 D KeyguardUpdateMonitor: handleBatteryUpdate
05-22 09:50:00.614 984 23808 I sensors-hal: handle_sns_client_event:44, ambient_light_event: ts=45113383250532, event=88.000000
05-22 09:50:00.615 984 23808 I sensors-hal: handle_sns_client_event:44, ambient_light_event: ts=45113383500272, event=88.000000
05-22 09:50:00.631 1100 27402 I QC2C2DEngine: calcYSize: unsupported or RGB color format, RGBA8888(1)
05-22 09:50:00.684 1100 27402 I QC2C2DEngine: calcYSize: unsupported or RGB color format, RGBA8888(1)
05-22 09:50:00.714 984 23808 I sensors-hal: handle_sns_client_event:44, ambient_light_event: ts=45113483257564, event=89.000000
05-22 09:50:00.715 984 23808 I sensors-hal: handle_sns_client_event:44, ambient_light_event: ts=45113483501314, event=89.000000
05-22 09:50:00.767 1100 27402 I QC2C2DEngine: calcYSize: unsupported or RGB color format, RGBA8888(1)
05-22 09:50:00.816 984 23808 I sensors-hal: handle_sns_client_event:44, ambient_light_event: ts=45113583266782, event=89.000000
05-22 09:50:00.816 984 23808 I sensors-hal: handle_sns_client_event:44, ambient_light_event: ts=45113583500637, event=89.000000
05-22 09:50:00.898 1100 27402 I QC2C2DEngine: calcYSize: unsupported or RGB color format, RGBA8888(1)
05-22 09:50:00.915 984 23808 I sensors-hal: handle_sns_client_event:44, ambient_light_event: ts=45113683500897, event=89.000000
05-22 09:50:00.988 1100 27402 I QC2C2DEngine: calcYSize: unsupported or RGB color format, RGBA8888(1)
05-22 09:50:01.014 984 23808 I sensors-hal: handle_sns_client_event:44, ambient_light_event: ts=45113783502147, event=89.000000
05-22 09:50:01.079 1100 27402 I QC2C2DEngine: calcYSize: unsupported or RGB color format, RGBA8888(1)
05-22 09:50:01.099 2233 2233 I wpa_supplicant: Heartbeat 1049
05-22 09:50:01.115 984 23808 I sensors-hal: handle_sns_client_event:44, ambient_light_event: ts=45113883504491, event=89.000000
05-22 09:50:01.164 1100 27402 I QC2C2DEngine: calcYSize: unsupported or RGB color format, RGBA8888(1)
05-22 09:50:01.215 984 23808 I sensors-hal: handle_sns_client_event:44, ambient_light_event: ts=45113983254803, event=90.000000
05-22 09:50:01.215 984 23808 I sensors-hal: handle_sns_client_event:44, ambient_light_event: ts=45113983500116, event=90.000000
05-22 09:50:01.252 619 619 D io_stats: !@ 8,0 r 569035 18986836 w 77091 2271132 d 15491 44503080 f 0 0 iot 281896 0 th 0 0 0 pt 0 inp 0 0 10175.215
05-22 09:50:01.252 619 619 D io_stats: !@ Read_top(KB): xample.spectrum(27753) 40 .android.forest(27856) 32 kworker/u16:3(24957) 4
05-22 09:50:01.252 619 619 D io_stats: !@ Write_top(KB): kworker/u16:1(24956) 232 id.diagmonagent(3509) 24
05-22 09:50:01.277 1100 27402 I QC2C2DEngine: calcYSize: unsupported or RGB color format, RGBA8888(1)
05-22 09:50:01.316 984 23808 I sensors-hal: handle_sns_client_event:44, ambient_light_event: ts=45114083258866, event=90.000000
05-22 09:50:01.316 984 23808 I sensors-hal: handle_sns_client_event:44, ambient_light_event: ts=45114083503137, event=90.000000
05-22 09:50:01.358 1290 3496 W ProcessStats: Tracking association SourceState{3a6c94c com.google.android.gms.persistent/10183 BFgs #14185} whose proc state 4 is better than process ProcessState{1a44d20 com.google.android.gms/10183 pkg=com.google.android.gms} proc state 8 (47 skipped)
05-22 09:50:01.405 1100 27402 I QC2C2DEngine: calcYSize: unsupported or RGB color format, RGBA8888(1)
05-22 09:50:01.416 984 23808 I sensors-hal: handle_sns_client_event:44, ambient_light_event: ts=45114183262876, event=90.000000
05-22 09:50:01.417 984 23808 I sensors-hal: handle_sns_client_event:44, ambient_light_event: ts=45114183510272, event=90.000000
05-22 09:50:01.431 1290 3496 I EDMNativeHelperService: isFaceRecognitionAllowedEvenCameraBlocked
05-22 09:50:01.433 1290 3496 I EDMNativeHelperService: isCameraEnabled
05-22 09:50:01.433 1290 3496 D EDMNativeHelper: isCameraEnabled
05-22 09:50:01.434 1290 3496 D EDMNativeHelper: checking for camera in EnterpriseDeviceManagerService
05-22 09:50:01.434 1290 3496 D EnterpriseDeviceManagerService: isCameraEnabledNative
05-22 09:50:01.434 1290 3496 D EnterpriseDeviceManagerService: checking for camera in restriction policy
05-22 09:50:01.434 1290 3496 D RestrictionPolicy: isCameraEnabled ret(true) userId(0) cxtInfo.mCallerUid(1000) cxtInfo.mContainerId(0)
05-22 09:50:01.491 1100 27402 I QC2C2DEngine: calcYSize: unsupported or RGB color format, RGBA8888(1)
05-22 09:50:01.515 984 23808 I sensors-hal: handle_sns_client_event:44, ambient_light_event: ts=45114283257928, event=89.000000
05-22 09:50:01.515 984 23808 I sensors-hal: handle_sns_client_event:44, ambient_light_event: ts=45114283499855, event=89.000000
05-22 09:50:01.573 4127 4127 D BoundBrokerSvc: onUnbind: Intent { act=com.google.android.gms.feedback.internal.IFeedbackService dat=chimera-action:/... cmp=com.google.android.gms/.chimera.GmsBoundBrokerService }
05-22 09:50:01.591 1100 27402 I QC2C2DEngine: calcYSize: unsupported or RGB color format, RGBA8888(1)
05-22 09:50:01.594 1290 2009 I ActivityManager: Killing 27518:com.samsung.android.lool/1000 (adj 999): empty #19
05-22 09:50:01.600 1290 1717 I libprocessgroup: Successfully killed process cgroup uid 1000 pid 27518 in 0ms
05-22 09:50:01.614 984 23808 I sensors-hal: handle_sns_client_event:44, ambient_light_event: ts=45114383499334, event=89.000000
05-22 09:50:01.617 873 873 I Zygote : Process 27518 exited due to signal 9 (Killed)
05-22 09:50:01.665 1100 27402 I QC2C2DEngine: calcYSize: unsupported or RGB color format, RGBA8888(1)
05-22 09:50:01.714 984 23808 I sensors-hal: handle_sns_client_event:44, ambient_light_event: ts=45114483256887, event=89.000000
05-22 09:50:01.714 984 23808 I sensors-hal: handle_sns_client_event:44, ambient_light_event: ts=45114483499595, event=89.000000
05-22 09:50:01.772 1100 27402 I QC2C2DEngine: calcYSize: unsupported or RGB color format, RGBA8888(1)
05-22 09:50:01.814 984 23808 I sensors-hal: handle_sns_client_event:44, ambient_light_event: ts=45114583259230, event=89.000000
05-22 09:50:01.814 984 23808 I sensors-hal: handle_sns_client_event:44, ambient_light_event: ts=45114583500116, event=89.000000
05-22 09:50:01.895 1100 27402 I QC2C2DEngine: calcYSize: unsupported or RGB color format, RGBA8888(1)
05-22 09:50:01.914 984 23808 I sensors-hal: handle_sns_client_event:44, ambient_light_event: ts=45114683260272, event=89.000000
05-22 09:50:01.915 984 23808 I sensors-hal: handle_sns_client_event:44, ambient_light_event: ts=45114683500376, event=89.000000
05-22 09:50:02.001 1100 27402 I QC2C2DEngine: calcYSize: unsupported or RGB color format, RGBA8888(1)
05-22 09:50:02.014 984 23808 I sensors-hal: handle_sns_client_event:44, ambient_light_event: ts=45114783256626, event=89.000000
05-22 09:50:02.015 984 23808 I sensors-hal: handle_sns_client_event:44, ambient_light_event: ts=45114783500116, event=89.000000
05-22 09:50:02.092 1100 27402 I QC2C2DEngine: calcYSize: unsupported or RGB color format, RGBA8888(1)
05-22 09:50:02.100 1290 1752 D PowerManagerService: UserActivityStateListenerState: 0
05-22 09:50:02.114 984 23808 I sensors-hal: handle_sns_client_event:44, ambient_light_event: ts=45114883258970, event=89.000000
05-22 09:50:02.115 984 23808 I sensors-hal: handle_sns_client_event:44, ambient_light_event: ts=45114883501157, event=89.000000
05-22 09:50:02.206 1100 27402 I QC2C2DEngine: calcYSize: unsupported or RGB color format, RGBA8888(1)
05-22 09:50:02.215 984 23808 I sensors-hal: handle_sns_client_event:44, ambient_light_event: ts=45114983257928, event=89.000000
05-22 09:50:02.216 984 23808 I sensors-hal: handle_sns_client_event:44, ambient_light_event: ts=45114983500116, event=89.000000
05-22 09:50:02.305 1100 27402 I QC2C2DEngine: calcYSize: unsupported or RGB color format, RGBA8888(1)
05-22 09:50:02.315 984 23808 I sensors-hal: handle_sns_client_event:44, ambient_light_event: ts=45115083257668, event=89.000000
05-22 09:50:02.316 984 23808 I sensors-hal: handle_sns_client_event:44, ambient_light_event: ts=45115083501157, event=89.000000
05-22 09:50:02.393 1100 27402 I QC2C2DEngine: calcYSize: unsupported or RGB color format, RGBA8888(1)
05-22 09:50:02.414 984 23808 I sensors-hal: handle_sns_client_event:44, ambient_light_event: ts=45115183258449, event=88.000000
05-22 09:50:02.415 984 23808 I sensors-hal: handle_sns_client_event:44, ambient_light_event: ts=45115183499334, event=88.000000
05-22 09:50:02.508 1100 27402 I QC2C2DEngine: calcYSize: unsupported or RGB color format, RGBA8888(1)
05-22 09:50:02.515 984 23808 I sensors-hal: handle_sns_client_event:44, ambient_light_event: ts=45115283257928, event=88.000000
05-22 09:50:02.515 984 23808 I sensors-hal: handle_sns_client_event:44, ambient_light_event: ts=45115283499334, event=88.000000
05-22 09:50:02.579 1100 27402 I QC2C2DEngine: calcYSize: unsupported or RGB color format, RGBA8888(1)
05-22 09:50:02.600 1290 1965 D InputReader: Btn_touch(9): value=1 when=10176.563291
05-22 09:50:02.601 1290 1965 I InputReader: Touch event's action is 0x0 (id=2, t=0) [pCnt=1, s=0.149 ] when=10176.563291
05-22 09:50:02.602 1290 1964 I InputDispatcher: Delivering touch to (2507): action: 0x4, f=0x0, d=0, '3610cc1', t=1
05-22 09:50:02.602 1290 1964 I InputDispatcher: Delivering touch to (27753): action: 0x0, f=0x0, d=0, '95d9169', t=1
05-22 09:50:02.603 1290 1964 D PowerManagerService: [api] userActivityFromNative : touch displayId=0 eventTime=10176563
05-22 09:50:02.603 27753 27753 I ViewRootImpl@8f2ed9c[QtActivity]: ViewPostIme pointer 0
05-22 09:50:02.604 1290 1964 D PowerManagerService: UserActivityStateListenerState: 1
05-22 09:50:02.604 1290 1675 I GestureDetector: obtain mCurrentDownEvent. id: 702963093 caller: com.android.server.wm.SystemGesturesPointerEventListener.onPointerEvent:204 com.android.server.wm.PointerEventDispatcher.onInputEvent:53 android.view.InputEventReceiver.dispatchInputEvent:296
05-22 09:50:02.604 1290 1675 I GestureDetector: obtain mCurrentDownEvent. id: 702963093 caller: com.android.server.wm.SystemPerformancePointerEventListener.onPointerEvent:89 com.android.server.wm.PointerEventDispatcher.onInputEvent:53 android.view.InputEventReceiver.dispatchInputEvent:296
05-22 09:50:02.607 27753 27753 I GestureDetector: obtain mCurrentDownEvent. id: 702963093 caller: org.qtproject.qt.android.QtWindow.onTouchEvent:74 org.qtproject.qt.android.QtLayout.onTouchEvent:53 android.view.View.dispatchTouchEvent:16212
05-22 09:50:02.612 1180 1180 I Layer : Layer [Sprite#178] hidden!! flag(0)
05-22 09:50:02.614 984 23808 I sensors-hal: handle_sns_client_event:44, ambient_light_event: ts=45115383258449, event=88.000000
05-22 09:50:02.615 984 23808 I sensors-hal: handle_sns_client_event:44, ambient_light_event: ts=45115383501157, event=88.000000
05-22 09:50:02.629 1180 1180 D SurfaceFlinger: Display 4630946835308409729 HWC layers:
05-22 09:50:02.629 1180 1180 D SurfaceFlinger: CLIENT | 0xb400007dbaba9fb0 | 0500 | RGBA_8888 | 0.0 0.0 1200.0 1812.0 | 0 36 1200 1848 | SurfaceView[org.qtproject.example.sp[...]id.bindings.QtActivity]@0(BLAST)#669
05-22 09:50:02.629 1180 1180 D SurfaceFlinger: CLIENT | 0xb400007dbaba8dc0 | 0100 | RGBA_8888 | 0.0 0.0 1200.0 1920.0 | 0 0 1200 1920 | org.qtproject.example.spectrum/org.q[...]droid.bindings.QtActivity$_27753#656
05-22 09:50:02.629 1180 1180 D SurfaceFlinger: CLIENT | 0xb400007dbaba7070 | 0100 | RGBA_8888 | 0.0 0.0 1200.0 36.0 | 0 0 1200 36 | StatusBar$_2254#99
05-22 09:50:02.629 1180 1180 D SurfaceFlinger: CLIENT | 0xb400007dac3578e0 | 0100 | RGBA_8888 | 0.0 0.0 67.0 207.0 | 1133 432 1200 639 | com.sec.android.app.launcher/com.sam[...]ce.edge.CocktailBarService$_2507#160
05-22 09:50:02.629 1180 1180 D SurfaceFlinger: CLIENT | 0xb400007dac2d8980 | 0100 | RGBA_8888 | 0.0 0.0 1200.0 72.0 | 0 1848 1200 1920 | TaskbarWindow$_2507#128
05-22 09:50:02.629 1180 1180 D SurfaceFlinger: CLIENT | 0xb400007dac354b60 | 0100 | RGBA_8888 | 0.0 0.0 1200.0 1920.0 | 0 0 1200 1920 | PointerLocation - display 0#57
05-22 09:50:02.629 1180 1180 D SurfaceFlinger: CURSOR | 0xb4000
05-22 09:50:02.629 1180 1180 D SurfaceFlinger: 07dac357f00 | 0100 | RGBA_8888 | 0.0 0.0 36.0 36.0 | 428 1705 464 1741 | bbq-wrapper#179
05-22 09:50:02.629 1180 1180 D SurfaceFlinger:
05-22 09:50:02.632 1100 27402 I QC2C2DEngine: calcYSize: unsupported or RGB color format, RGBA8888(1)
05-22 09:50:02.655 1100 27402 I QC2C2DEngine: calcYSize: unsupported or RGB color format, RGBA8888(1)
05-22 09:50:02.657 1290 1675 I GestureDetector: obtain mCurrentMotionEventRaw. action: 2 id: 787864219
05-22 09:50:02.657 1290 1675 I GestureDetector: obtain mCurrentMotionEventRaw. action: 2 id: 787864219
05-22 09:50:02.663 27753 27753 I GestureDetector: obtain mCurrentMotionEventRaw. action: 2 id: 787864219
05-22 09:50:02.674 1100 27402 I QC2C2DEngine: calcYSize: unsupported or RGB color format, RGBA8888(1)
05-22 09:50:02.678 1290 1965 D InputReader: Btn_touch(9): value=0 when=10176.640899
05-22 09:50:02.678 1290 1965 I InputReader: Touch event's action is 0x1 (id=2, t=0) [pCnt=1, s=] when=10176.640899
05-22 09:50:02.679 1290 1964 I InputDispatcher: Delivering touch to (27753): action: 0x1, f=0x0, d=0, '95d9169', t=1
05-22 09:50:02.680 27753 27753 I ViewRootImpl@8f2ed9c[QtActivity]: ViewPostIme pointer 1
05-22 09:50:02.692 27753 27753 I ImeTracker: org.qtproject.example.spectrum:ebb8a6d7: onRequestHide at ORIGIN_CLIENT_HIDE_SOFT_INPUT reason HIDE_SOFT_INPUT
05-22 09:50:02.692 27753 27753 I InputMethodManager_LC: hsifw() - flag : 0
05-22 09:50:02.699 27753 27753 I ImeTracker: org.qtproject.example.spectrum:ebb8a6d7: onFailed at PHASE_CLIENT_VIEW_SERVED
05-22 09:50:02.699 27753 27753 I InputMethodManager_LC: hsifw() ignored windowToken=null servedView=DecorView@c0f4788[QtActivity],focus=false,windowFocus=true,window=android.view.ViewRootImpl$W@8f2ed9c,displayId=0,temporaryDetach=false,hasImeFocus=true mDisplayId=0
05-22 09:50:02.702 27753 27907 D Qt_Multimedia_spectrum_analyzer: Engine::initializeRecord
05-22 09:50:02.705 1100 27402 I QC2C2DEngine: calcYSize: unsupported or RGB color format, RGBA8888(1)
05-22 09:50:02.714 984 23808 I sensors-hal: handle_sns_client_event:44, ambient_light_event: ts=45115483256887, event=88.000000
05-22 09:50:02.714 984 23808 I sensors-hal: handle_sns_client_event:44, ambient_light_event: ts=45115483499855, event=88.000000
05-22 09:50:02.740 1100 27402 I QC2C2DEngine: calcYSize: unsupported or RGB color format, RGBA8888(1)
05-22 09:50:02.745 27753 27907 D Qt_Multimedia_spectrum_analyzer: Engine::initialize m_bufferLength 1920000
05-22 09:50:02.745 27753 27907 D Qt_Multimedia_spectrum_analyzer: Engine::initialize m_dataLength 0
05-22 09:50:02.745 27753 27907 D Qt_Multimedia_spectrum_analyzer: Engine::initialize format QAudioFormat( 48000 Hz, 2 Channels, Int16 Format )
05-22 09:50:02.763 1100 27402 I QC2C2DEngine: calcYSize: unsupported or RGB color format, RGBA8888(1)
05-22 09:50:02.780 1100 27402 I QC2C2DEngine: calcYSize: unsupported or RGB color format, RGBA8888(1)
05-22 09:50:02.814 984 23808 I sensors-hal: handle_sns_client_event:44, ambient_light_event: ts=45115583261053, event=88.000000
05-22 09:50:02.814 984 23808 I sensors-hal: handle_sns_client_event:44, ambient_light_event: ts=45115583499855, event=88.000000
05-22 09:50:02.817 1100 27402 I QC2C2DEngine: calcYSize: unsupported or RGB color format, RGBA8888(1)
05-22 09:50:02.819 1290 4437 D SemWifiUsabilityStatsMonitor: onWifiUsabilityStats - seqNum 310, isSameBssidAndFreq true
05-22 09:50:02.820 1290 2165 I SemWifiLinkQualityMonitor: Unreliable statistics: 0 / 0 / 0 / 0 || QoS: 0.00 ms / 0.00 Mbps (N) / 0 (0)
05-22 09:50:02.839 1100 27402 I QC2C2DEngine: calcYSize: unsupported or RGB color format, RGBA8888(1)
05-22 09:50:02.870 1100 27402 I QC2C2DEngine: calcYSize: unsupported or RGB color format, RGBA8888(1)
05-22 09:50:02.893 1100 27402 I QC2C2DEngine: calcYSize: unsupported or RGB color format, RGBA8888(1)
05-22 09:50:02.904 1290 1675 I GestureDetector: handleMessage TAP
05-22 09:50:02.905 1290 1290 I GestureDetector: handleMessage TAP
05-22 09:50:02.906 27753 27753 I GestureDetector: handleMessage TAP
05-22 09:50:02.914 984 23808 I sensors-hal: handle_sns_client_event:44, ambient_light_event: ts=45115683258449, event=89.000000
05-22 09:50:02.914 984 23808 I sensors-hal: handle_sns_client_event:44, ambient_light_event: ts=45115683500376, event=89.000000
05-22 09:50:02.922 1180 1180 I Layer : Layer [Sprite#178] hidden!! flag(1)
05-22 09:50:02.926 1100 27402 I QC2C2DEngine: calcYSize: unsupported or RGB color format, RGBA8888(1)
05-22 09:50:02.930 1007 1007 W SDM : HWCDisplay::GetHWCLayer: [0] GetLayer(262) failed: no such layer
05-22 09:50:02.932 1180 1180 W HwcComposer: command 0x3000000 generated error 3
05-22 09:50:02.947 1180 1180 D SurfaceFlinger: Display 4630946835308409729 HWC layers:
05-22 09:50:02.947 1180 1180 D SurfaceFlinger: DEVICE | 0xb400007dbaba9f40 | 0500 | RGBA_8888 | 0.0 0.0 1200.0 1812.0 | 0 36 1200 1848 | SurfaceView[org.qtproject.example.sp[...]id.bindings.QtActivity]@0(BLAST)#669
05-22 09:50:02.947 1180 1180 D SurfaceFlinger: CLIENT | 0xb400007dbaba8c70 | 0100 | RGBA_8888 | 0.0 0.0 1200.0 1920.0 | 0 0 1200 1920 | org.qtproject.example.spectrum/org.q[...]droid.bindings.QtActivity$_27753#656
05-22 09:50:02.947 1180 1180 D SurfaceFlinger: CLIENT | 0xb400007dbaba7070 | 0100 | RGBA_8888 | 0.0 0.0 1200.0 36.0 | 0 0 1200 36 | StatusBar$_2254#99
05-22 09:50:02.947 1180 1180 D SurfaceFlinger: CLIENT | 0xb400007dac3578e0 | 0100 | RGBA_8888 | 0.0 0.0 67.0 207.0 | 1133 432 1200 639 | com.sec.android.app.launcher/com.sam[...]ce.edge.CocktailBarService$_2507#160
05-22 09:50:02.947 1180 1180 D SurfaceFlinger: CLIENT | 0xb400007dac2d8980 | 0100 | RGBA_8888 | 0.0 0.0 1200.0 72.0 | 0 1848 1200 1920 | TaskbarWindow$_2507#128
05-22 09:50:02.947 1180 1180 D SurfaceFlinger: CLIENT | 0xb400007dac358de0 | 0100 | RGBA_8888 | 0.0 0.0 1200.0 1920.0 | 0 0 1200 1920 | PointerLocation - display 0#57
05-22 09:50:02.947 1180 1180 D SurfaceFlinger:
05-22 09:50:02.950 1100 27402 I QC2C2DEngine: calcYSize: unsupported or RGB color format, RGBA8888(1)
05-22 09:50:02.975 1100 27402 I QC2C2DEngine: calcYSize: unsupported or RGB color format, RGBA8888(1)
05-22 09:50:03.014 984 23808 I sensors-hal: handle_sns_client_event:44, ambient_light_event: ts=45115783262616, event=90.000000
05-22 09:50:03.015 984 23808 I sensors-hal: handle_sns_client_event:44, ambient_light_event: ts=45115783500637, event=90.000000
05-22 09:50:03.093 1100 27402 I QC2C2DEngine: calcYSize: unsupported or RGB color format, RGBA8888(1)
05-22 09:50:03.114 984 23808 I sensors-hal: handle_sns_client_event:44, ambient_light_event: ts=45115883257668, event=90.000000
05-22 09:50:03.115 984 23808 I sensors-hal: handle_sns_client_event:44, ambient_light_event: ts=45115883499074, event=90.000000
05-22 09:50:03.198 1100 27402 I QC2C2DEngine: calcYSize: unsupported or RGB color format, RGBA8888(1)
05-22 09:50:03.215 984 23808 I sensors-hal: handle_sns_client_event:44, ambient_light_event: ts=45115983260480, event=91.000000
05-22 09:50:03.215 984 23808 I sensors-hal: handle_sns_client_event:44, ambient_light_event: ts=45115983500064, event=91.000000
05-22 09:50:03.253 619 619 D io_stats: !@ 8,0 r 569073 18987324 w 77091 2271132 d 15491 44503080 f 0 0 iot 281928 0 th 0 0 0 pt 0 inp 0 0 10177.216
05-22 09:50:03.288 1100 27402 I QC2C2DEngine: calcYSize: unsupported or RGB color format, RGBA8888(1)
05-22 09:50:03.315 984 23808 I sensors-hal: handle_sns_client_event:44, ambient_light_event: ts=45116083258709, event=91.000000
05-22 09:50:03.315 984 23808 I sensors-hal: handle_sns_client_event:44, ambient_light_event: ts=45116083500376, event=91.000000
05-22 09:50:03.399 1100 27402 I QC2C2DEngine: calcYSize: unsupported or RGB color format, RGBA8888(1)
05-22 09:50:03.414 984 23808 I sensors-hal: handle_sns_client_event:44, ambient_light_event: ts=45116183257355, event=91.000000
05-22 09:50:03.415 984 23808 I sensors-hal: handle_sns_client_event:44, ambient_light_event: ts=45116183499282, event=91.000000
05-22 09:50:03.500 1100 27402 I QC2C2DEngine: calcYSize: unsupported or RGB color format, RGBA8888(1)
05-22 09:50:03.515 984 23808 I sensors-hal: handle_sns_client_event:44, ambient_light_event: ts=45116283251053, event=91.000000
05-22 09:50:03.515 984 23808 I sensors-hal: handle_sns_client_event:44, ambient_light_event: ts=45116283499751, event=91.000000
05-22 09:50:03.584 1290 1686 D BatteryService: Sending ACTION_BATTERY_CHANGED: level:97, status:2, health:2, remain:-1, ac:false, usb:true, wireless:false, pogo:false, misc:0x0, charge_type:0, charger_type:0, voltage:4227, temperature:243, online:4, charging_status:0, cycle_count:0, current_avg:0, ps:false, hvc:false, capacity:280000, current_event:0x0, current_now:-39000, mcc:500000, mcv:5000000, cc:4850000, present:true, scale:100, technology:Li-ion
05-22 09:50:03.588 1290 2201 I DeviceBatteryInfoService: action: android.intent.action.BATTERY_CHANGED
05-22 09:50:03.588 1290 2201 I DeviceBatteryInfoService: phone battery level: 97
05-22 09:50:03.588 1290 2201 I DeviceBatteryInfoService: phone battery status: 2
05-22 09:50:03.591 1100 27402 I QC2C2DEngine: calcYSize: unsupported or RGB color format, RGBA8888(1)
05-22 09:50:03.591 1290 2077 D MotionRecognitionService: [SAR] onReceive : ACTION_BATTERY_CHANGED, Plugged: 2
05-22 09:50:03.594 2254 2254 I PowerUI : mBootCompleted = true | mFullyConnected = true
05-22 09:50:03.594 2254 2254 I PowerUI : BATTERY_HEALTH_CHECK extraHealth=2 mBatteryMiscEvent=0
05-22 09:50:03.594 2254 2254 W PowerUI : Plug reason
05-22 09:50:03.594 2254 2254 W PowerUI : Skip charging animation - by plug status
05-22 09:50:03.594 2254 2254 D PowerUI : priorPlugType = 2 mPlugType = 2 priorBatteryStatus = 2 mBatteryStatus = 2
05-22 09:50:03.594 2254 2254 W PowerUI : Plug reason
05-22 09:50:03.594 2254 7920 D SecPowerUI.Notification: dismissing low battery warning: level=97
05-22 09:50:03.594 2254 2254 W PowerUI : Skip charging sound - by plug status
05-22 09:50:03.594 2254 2254 I PowerUI : oldMisalign : false, curMisalign : false
05-22 09:50:03.594 2254 7920 D SecPowerUI.Notification: updateNotification mWarning=false mPlaySound=false
05-22 09:50:03.595 2254 7920 D SecPowerUI.Notification: SecBatteryStatsSnapshot{batteryLevel=97, currentBatteryMode=0, chargingTime=-1, chargingType=11, batteryHealth=2, automaticTestMode=false, isHiccupState=false}
05-22 09:50:03.596 2551 2551 D SemBigDataInfoController: Intent: android.intent.action.BATTERY_CHANGED
05-22 09:50:03.597 2254 7920 D SecPowerUI.Notification: 1. restoreScreenTimeOut - saved_value : :
05-22 09:50:03.597 2254 7920 E SecPowerUI.Notification: no saved value, so we do nothing !!
05-22 09:50:03.597 2254 2254 D SecPowerUI.Notification: showChargingNotice oldChargingType : 11 / currentChargingType : 11, oldChargingTime : -1 / mChargingTime : -1
05-22 09:50:03.598 2254 2254 D SecPowerUI.Notification: showChargingNotice There is no change about charging status, so return!
05-22 09:50:03.598 2254 2254 D PowerUI : Battery swelling mode - priorBatterySwellingMode = 0 mBatterySwellingMode = 0 mBatteryStatus = 2
05-22 09:50:03.598 2254 2254 I PowerUI : mBatteryMiscEvent = 0
05-22 09:50:03.598 2254 2254 D SamsungBatteryMeterDrawable: onBatteryLevelChanged isSomethingChanged: false
05-22 09:50:03.599 2254 2254 D SamsungBatteryMeterDrawable: onBatteryLevelChanged isSomethingChanged: false
05-22 09:50:03.599 2254 2254 D SamsungBatteryMeterDrawable: onBatteryLevelChanged isSomethingChanged: false
05-22 09:50:03.599 2254 2254 I AODBatteryManager: updateBatteryData: ACTION_BATTERY_CHANGED
05-22 09:50:03.601 2254 2254 I AODBatteryManager: saveBatteryData : AOD BatteryData [mBatteryLevel=97, mBatteryStatus=CHARGING, mBatteryPlugType=USB, mBatteryPlugged=true, mRemainingChargeTime=-1, mBatteryChargingType=1, mBatteryChargerType=NORMAL, mBatteryOnline=USB, mBatterySwellingMode=NONE, mBatteryProtectMode=false]
05-22 09:50:03.601 2254 2254 D KeyguardUpdateMonitor: handleBatteryUpdate
05-22 09:50:03.601 21837 21837 I [SCPMV2][SystemMonitorReceiver]: onReceive: android.intent.action.BATTERY_CHANGED
05-22 09:50:03.601 1290 1729 D BatteryExternalStatsWorker: update stats : procstate-change (10)
05-22 09:50:03.602 1290 1729 D BatteryExternalStatsWorker: Fetch WiFi data
05-22 09:50:03.602 1290 1729 D BatteryExternalStatsWorker: Update Rail Energy data
05-22 09:50:03.602 1290 1729 D BatteryExternalStatsWorker: Fetch Bluetooth data
05-22 09:50:03.606 956 956 D vendor.qti.bluetooth@1.0-ibs_handler: SerialClockVote: vote for UART CLK ON
05-22 09:50:03.607 956 956 D vendor.qti.bluetooth@1.0-wake_lock: Acquire wakelock is acquired
05-22 09:50:03.607 956 956 I vendor.qti.bluetooth@1.0-ibs_handler: DeviceWakeUp: Writing IBS_WAKE_IND
05-22 09:50:03.610 956 3252 I vendor.qti.bluetooth@1.0-ibs_handler: ProcessIbsCmd: Received IBS_WAKE_ACK: 0xFC
05-22 09:50:03.610 956 3252 I vendor.qti.bluetooth@1.0-ibs_handler: ProcessIbsCmd: Signal wack_cond_
05-22 09:50:03.610 956 956 D vendor.qti.bluetooth@1.0-ibs_handler: DeviceWakeUp: Unblocked from waiting for FC, pthread_cond_timedwait ret = 0
05-22 09:50:03.611 956 3252 I vendor.qti.bluetooth@1.0-ibs_handler: ProcessIbsCmd: Received IBS_WAKE_IND: 0xFD
05-22 09:50:03.611 956 3252 I vendor.qti.bluetooth@1.0-ibs_handler: ProcessIbsCmd: Writing IBS_WAKE_ACK
05-22 09:50:03.614 984 23808 I sensors-hal: handle_sns_client_event:44, ambient_light_event: ts=45116383254543, event=90.000000
05-22 09:50:03.614 984 23808 I sensors-hal: handle_sns_client_event:44, ambient_light_event: ts=45116383502199, event=90.000000
05-22 09:50:03.618 1290 1729 D BatteryExternalStatsWorker: Update bluetooth state
05-22 09:50:03.618 1290 1729 D BatteryExternalStatsWorker: mStats lock released
05-22 09:50:03.627 1290 1729 D BatteryExternalStatsWorker: Update wifi state
05-22 09:50:03.627 1290 1729 D BatteryExternalStatsWorker: done updateExternalStatsLocked
05-22 09:50:03.652 956 3252 I vendor.qti.bluetooth@1.0-ibs_handler: ProcessIbsCmd: Received IBS_SLEEP_IND: 0xFE
05-22 09:50:03.667 1100 27402 I QC2C2DEngine: calcYSize: unsupported or RGB color format, RGBA8888(1)
05-22 09:50:03.714 984 23808 I sensors-hal: handle_sns_client_event:44, ambient_light_event: ts=45116483500741, event=90.000000
05-22 09:50:03.800 1100 27402 I QC2C2DEngine: calcYSize: unsupported or RGB color format, RGBA8888(1)
05-22 09:50:03.814 984 23808 I sensors-hal: handle_sns_client_event:44, ambient_light_event: ts=45116583501314, event=90.000000
05-22 09:50:03.882 1100 27402 I QC2C2DEngine: calcYSize: unsupported or RGB color format, RGBA8888(1)
05-22 09:50:03.915 984 23808 I sensors-hal: handle_sns_client_event:44, ambient_light_event: ts=45116683501834, event=90.000000
05-22 09:50:03.990 1100 27402 I QC2C2DEngine: calcYSize: unsupported or RGB color format, RGBA8888(1)
05-22 09:50:04.015 984 23808 I sensors-hal: handle_sns_client_event:44, ambient_light_event: ts=45116783501314, event=90.000000
05-22 09:50:04.090 1100 27402 I QC2C2DEngine: calcYSize: unsupported or RGB color format, RGBA8888(1)
05-22 09:50:04.115 984 23808 I sensors-hal: handle_sns_client_event:44, ambient_light_event: ts=45116883500845, event=90.000000
05-22 09:50:04.174 1100 27402 I QC2C2DEngine: calcYSize: unsupported or RGB color format, RGBA8888(1)
05-22 09:50:04.199 1100 27402 I QC2Comp : [avcE_15] Stats: Pending(1) i/p-done(0) Works: Q: 306/Done 305|Work-Rate: Q(13.6/s Avg=11.9/s) Done(13.799/s Avg=11.896/s)| Stream: 11.62fps 57.4Kbps
05-22 09:50:04.199 1100 27402 I QC2Comp : Mem-usage: [In-2D: 65 bufs 292.500 MB] [1D-17: 6 bufs 8.977 MB]
05-22 09:50:04.199 1100 27402 I QC2Comp : Total Mem-usage: 301.477 MB
05-22 09:50:04.215 984 23808 I sensors-hal: handle_sns_client_event:44, ambient_light_event: ts=45116983256262, event=91.000000
05-22 09:50:04.215 984 23808 I sensors-hal: handle_sns_client_event:44, ambient_light_event: ts=45116983500793, event=91.000000
05-22 09:50:04.234 22678 22728 V CpEventLog(u0): cp_state: [ contacts = {contacts=0, raw_contacts=0, data=0, account={secphone(1)=0}, trash=0, trash_acc={}, trash_sync=0, database=contacts2.db} ]
05-22 09:50:04.234 22678 22728 V CpEventLog(u0): cp_state: [ aggregated = {} ]
05-22 09:50:04.234 22678 22728 V CpEventLog(u0): cp_state: [ request = {} ]
05-22 09:50:04.234 22678 22728 V CpEventLog(u0): cp_state: [ calls = {types={}, database=calllog.db} ]
05-22 09:50:04.234 22678 22728 V CpEventLog(u0): cp_state: [ profile = {contacts=0, raw_contacts=0, data=0, account={secphone(1)=0}, trash=0, trash_acc={}, trash_sync=0, database=profile.db} ]
05-22 09:50:04.234 22678 22728 V CpEventLog(u0): cp_state: [ sa_profile = {contacts=0, raw_contacts=0, data=0, account={secphone(1)=0}, trash=0, trash_acc={}, trash_sync=0, database=profile_sa.db} ]
05-22 09:50:04.234 22678 22728 V CpEventLog(u0): cp_state: [ etc = {binders=0, country_iso=FI, version=15.0.64, db_version=1708, csc=/} ]
05-22 09:50:04.234 22678 22728 V CpEventLog(u0): cp_state: ------------------------------------------------------------------------------
05-22 09:50:04.266 1290 1965 D InputReader: Btn_touch(9): value=1 when=10178.228618
05-22 09:50:04.266 1290 1965 I InputReader: Touch event's action is 0x0 (id=2, t=0) [pCnt=1, s=0.150 ] when=10178.228618
05-22 09:50:04.267 1290 1964 I InputDispatcher: Delivering touch to (2507): action: 0x4, f=0x0, d=0, '3610cc1', t=1
05-22 09:50:04.267 1290 1964 I InputDispatcher: Delivering touch to (27753): action: 0x0, f=0x0, d=0, '95d9169', t=1
05-22 09:50:04.268 1290 1964 D PowerManagerService: [api] userActivityFromNative : touch displayId=0 eventTime=10178228
05-22 09:50:04.269 1290 1675 I GestureDetector: obtain mCurrentDownEvent. id: 222003580 caller: com.android.server.wm.SystemGesturesPointerEventListener.onPointerEvent:204 com.android.server.wm.PointerEventDispatcher.onInputEvent:53 android.view.InputEventReceiver.dispatchInputEvent:296
05-22 09:50:04.270 1290 1675 I GestureDetector: obtain mCurrentDownEvent. id: 222003580 caller: com.android.server.wm.SystemPerformancePointerEventListener.onPointerEvent:89 com.android.server.wm.PointerEventDispatcher.onInputEvent:53 android.view.InputEventReceiver.dispatchInputEvent:296
05-22 09:50:04.280 1180 1180 I Layer : Layer [Sprite#178] hidden!! flag(0)
05-22 09:50:04.282 27753 27753 I ViewRootImpl@8f2ed9c[QtActivity]: ViewPostIme pointer 0
05-22 09:50:04.283 27753 27753 I GestureDetector: obtain mCurrentDownEvent. id: 222003580 caller: org.qtproject.qt.android.QtWindow.onTouchEvent:74 org.qtproject.qt.android.QtLayout.onTouchEvent:53 android.view.View.dispatchTouchEvent:16212
05-22 09:50:04.285 1100 27402 I QC2C2DEngine: calcYSize: unsupported or RGB color format, RGBA8888(1)
05-22 09:50:04.303 1180 1180 D SurfaceFlinger: Display 4630946835308409729 HWC layers:
05-22 09:50:04.303 1180 1180 D SurfaceFlinger: CLIENT | 0xb400007dbaba9d10 | 0500 | RGBA_8888 | 0.0 0.0 1200.0 1812.0 | 0 36 1200 1848 | SurfaceView[org.qtproject.example.sp[...]id.bindings.QtActivity]@0(BLAST)#669
05-22 09:50:04.303 1180 1180 D SurfaceFlinger: CLIENT | 0xb400007dbaba8c70 | 0100 | RGBA_8888 | 0.0 0.0 1200.0 1920.0 | 0 0 1200 1920 | org.qtproject.example.spectrum/org.q[...]droid.bindings.QtActivity$_27753#656
05-22 09:50:04.303 1180 1180 D SurfaceFlinger: CLIENT | 0xb400007dbaba7070 | 0100 | RGBA_8888 | 0.0 0.0 1200.0 36.0 | 0 0 1200 36 | StatusBar$_2254#99
05-22 09:50:04.303 1180 1180 D SurfaceFlinger: CLIENT | 0xb400007dac3578e0 | 0100 | RGBA_8888 | 0.0 0.0 67.0 207.0 | 1133 432 1200 639 | com.sec.android.app.launcher/com.sam[...]ce.edge.CocktailBarService$_2507#160
05-22 09:50:04.303 1180 1180 D SurfaceFlinger: CLIENT | 0xb400007dac2d8980 | 0100 | RGBA_8888 | 0.0 0.0 1200.0 72.0 | 0 1848 1200 1920 | TaskbarWindow$_2507#128
05-22 09:50:04.303 1180 1180 D SurfaceFlinger: CLIENT | 0xb400007dac358de0 | 0100 | RGBA_8888 | 0.0 0.0 1200.0 1920.0 | 0 0 1200 1920 | PointerLocation - display 0#57
05-22 09:50:04.303 1180 1180 D SurfaceFlinger: CURSOR | 0xb4000
05-22 09:50:04.303 1180 1180 D SurfaceFlinger: 07dbaba70e0 | 0100 | RGBA_8888 | 0.0 0.0 36.0 36.0 | 582 1468 618 1504 | bbq-wrapper#179
05-22 09:50:04.303 1180 1180 D SurfaceFlinger:
05-22 09:50:04.306 1100 27402 I QC2C2DEngine: calcYSize: unsupported or RGB color format, RGBA8888(1)
05-22 09:50:04.315 984 23808 I sensors-hal: handle_sns_client_event:44, ambient_light_event: ts=45117083252355, event=92.000000
05-22 09:50:04.316 984 23808 I sensors-hal: handle_sns_client_event:44, ambient_light_event: ts=45117083500845, event=92.000000
05-22 09:50:04.328 1100 27402 I QC2C2DEngine: calcYSize: unsupported or RGB color format, RGBA8888(1)
05-22 09:50:04.335 1290 1675 I GestureDetector: obtain mCurrentMotionEventRaw. action: 2 id: 38233559
05-22 09:50:04.335 1290 1675 I GestureDetector: obtain mCurrentMotionEventRaw. action: 2 id: 38233559
05-22 09:50:04.349 27753 27753 I GestureDetector: obtain mCurrentMotionEventRaw. action: 2 id: 38233559
05-22 09:50:04.350 1100 27402 I QC2C2DEngine: calcYSize: unsupported or RGB color format, RGBA8888(1)
05-22 09:50:04.354 1290 1965 D InputReader: Btn_touch(9): value=0 when=10178.316788
05-22 09:50:04.354 1290 1965 I InputReader: Touch event's action is 0x1 (id=2, t=0) [pCnt=1, s=] when=10178.316788
05-22 09:50:04.354 1290 1964 I InputDispatcher: Delivering touch to (27753): action: 0x1, f=0x0, d=0, '95d9169', t=1
05-22 09:50:04.354 27753 27753 I ViewRootImpl@8f2ed9c[QtActivity]: ViewPostIme pointer 1
05-22 09:50:04.373 1100 27402 I QC2C2DEngine: calcYSize: unsupported or RGB color format, RGBA8888(1)
05-22 09:50:04.392 1100 27402 I QC2C2DEngine: calcYSize: unsupported or RGB color format, RGBA8888(1)
05-22 09:50:04.392 1180 1225 W HWComposer: Ignoring duplicate VSYNC event from HWC for display 4630946835308409729 (t=10178355178000)
05-22 09:50:04.403 1180 1225 W HWComposer: Ignoring duplicate VSYNC event from HWC for display 4630946835308409729 (t=10178366311000)
05-22 09:50:04.415 1180 1225 W HWComposer: Ignoring duplicate VSYNC event from HWC for display 4630946835308409729 (t=10178377437000)
05-22 09:50:04.416 984 23808 I sensors-hal: handle_sns_client_event:44, ambient_light_event: ts=45117183260793, event=92.000000
05-22 09:50:04.417 984 23808 I sensors-hal: handle_sns_client_event:44, ambient_light_event: ts=45117183501418, event=92.000000
05-22 09:50:04.421 1290 1965 D InputReader: Btn_touch(9): value=1 when=10178.383815
05-22 09:50:04.421 1290 1965 I InputReader: Touch event's action is 0x0 (id=2, t=0) [pCnt=1, s=0.151 ] when=10178.383815
05-22 09:50:04.423 1290 1964 I InputDispatcher: Delivering touch to (2507): action: 0x4, f=0x0, d=0, '3610cc1', t=1
05-22 09:50:04.424 1290 1964 I InputDispatcher: Delivering touch to (27753): action: 0x0, f=0x0, d=0, '95d9169', t=1
05-22 09:50:04.424 27753 27753 I ViewRootImpl@8f2ed9c[QtActivity]: ViewPostIme pointer 0
05-22 09:50:04.425 1290 1675 I GestureDetector: obtain mCurrentDownEvent. id: 855768568 caller: com.android.server.wm.SystemGesturesPointerEventListener.onPointerEvent:204 com.android.server.wm.PointerEventDispatcher.onInputEvent:53 android.view.InputEventReceiver.dispatchInputEvent:296
05-22 09:50:04.425 1290 1675 I GestureDetector: obtain mCurrentDownEvent. id: 855768568 caller: com.android.server.wm.SystemPerformancePointerEventListener.onPointerEvent:89 com.android.server.wm.PointerEventDispatcher.onInputEvent:53 android.view.InputEventReceiver.dispatchInputEvent:296
05-22 09:50:04.426 27753 27753 I GestureDetector: obtain mCurrentDownEvent. id: 855768568 caller: org.qtproject.qt.android.QtWindow.onTouchEvent:74 org.qtproject.qt.android.QtLayout.onTouchEvent:53 android.view.View.dispatchTouchEvent:16212
05-22 09:50:04.426 1180 1180 I Layer : Layer [Sprite#167] hidden!! flag(0)
05-22 09:50:04.431 1180 1225 W HWComposer: Ignoring duplicate VSYNC event from HWC for display 4630946835308409729 (t=10178388652000)
05-22 09:50:04.431 1100 27402 I QC2C2DEngine: calcYSize: unsupported or RGB color format, RGBA8888(1)
05-22 09:50:04.436 1290 3699 I EDMNativeHelperService: isFaceRecognitionAllowedEvenCameraBlocked
05-22 09:50:04.437 1180 1225 W HWComposer: Ignoring duplicate VSYNC event from HWC for display 4630946835308409729 (t=10178399711000)
05-22 09:50:04.438 1290 3699 I EDMNativeHelperService: isCameraEnabled
05-22 09:50:04.438 1290 3699 D EDMNativeHelper: isCameraEnabled
05-22 09:50:04.439 1290 3699 D EDMNativeHelper: checking for camera in EnterpriseDeviceManagerService
05-22 09:50:04.439 1290 3699 D EnterpriseDeviceManagerService: isCameraEnabledNative
05-22 09:50:04.439 1290 3699 D EnterpriseDeviceManagerService: checking for camera in restriction policy
05-22 09:50:04.439 1290 3699 D RestrictionPolicy: isCameraEnabled ret(true) userId(0) cxtInfo.mCallerUid(1000) cxtInfo.mContainerId(0)
05-22 09:50:04.448 1180 1225 W HWComposer: Ignoring duplicate VSYNC event from HWC for display 4630946835308409729 (t=10178410863000)
05-22 09:50:04.449 1180 1180 D SurfaceFlinger: Display 4630946835308409729 HWC layers:
05-22 09:50:04.449 1180 1180 D SurfaceFlinger: CLIENT | 0xb400007dbaba9f40 | 0500 | RGBA_8888 | 0.0 0.0 1200.0 1812.0 | 0 36 1200 1848 | SurfaceView[org.qtproject.example.sp[...]id.bindings.QtActivity]@0(BLAST)#669
05-22 09:50:04.449 1180 1180 D SurfaceFlinger: CLIENT | 0xb400007dbaba8c70 | 0100 | RGBA_8888 | 0.0 0.0 1200.0 1920.0 | 0 0 1200 1920 | org.qtproject.example.spectrum/org.q[...]droid.bindings.QtActivity$_27753#656
05-22 09:50:04.449 1180 1180 D SurfaceFlinger: CLIENT | 0xb400007dbaba7070 | 0100 | RGBA_8888 | 0.0 0.0 1200.0 36.0 | 0 0 1200 36 | StatusBar$_2254#99
05-22 09:50:04.449 1180 1180 D SurfaceFlinger: CLIENT | 0xb400007dac3578e0 | 0100 | RGBA_8888 | 0.0 0.0 67.0 207.0 | 1133 432 1200 639 | com.sec.android.app.launcher/com.sam[...]ce.edge.CocktailBarService$_2507#160
05-22 09:50:04.449 1180 1180 D SurfaceFlinger: CLIENT | 0xb400007dac2d8980 | 0100 | RGBA_8888 | 0.0 0.0 1200.0 72.0 | 0 1848 1200 1920 | TaskbarWindow$_2507#128
05-22 09:50:04.449 1180 1180 D SurfaceFlinger: CLIENT | 0xb400007dac358c90 | 0100 | RGBA_8888 | 0.0 0.0 1200.0 1920.0 | 0 0 1200 1920 | PointerLocation - display 0#57
05-22 09:50:04.449 1180 1180 D SurfaceFlinger: DEVICE | 0xb4000
05-22 09:50:04.450 1180 1180 D SurfaceFlinger: 07dac3559d0 | 0100 | RGBA_8888 | 0.0 0.0 36.0 36.0 | 625 1441 661 1477 | bbq-wrapper#168
05-22 09:50:04.450 1180 1180 D SurfaceFlinger: CURSOR | 0xb400007dbaba70e0 | 0100 | RGBA_8888 | 0.0 0.0 36.0 36.0 | 582 1468 618 1504 | bbq-wrapper#179
05-22 09:50:04.450 1180 1180 D SurfaceFlinger:
05-22 09:50:04.454 1100 27402 I QC2C2DEngine: calcYSize: unsupported or RGB color format, RGBA8888(1)
05-22 09:50:04.459 1180 1225 W HWComposer: Ignoring duplicate VSYNC event from HWC for display 4630946835308409729 (t=10178421977000)
05-22 09:50:04.472 1100 27402 I QC2C2DEngine: calcYSize: unsupported or RGB color format, RGBA8888(1)
05-22 09:50:04.483 1290 1675 I GestureDetector: obtain mCurrentMotionEventRaw. action: 2 id: 147645128
05-22 09:50:04.483 1290 1675 I GestureDetector: obtain mCurrentMotionEventRaw. action: 2 id: 147645128
05-22 09:50:04.490 1100 27402 I QC2C2DEngine: calcYSize: unsupported or RGB color format, RGBA8888(1)
05-22 09:50:04.495 27753 27753 I GestureDetector: obtain mCurrentMotionEventRaw. action: 2 id: 147645128
05-22 09:50:04.514 984 23808 I sensors-hal: handle_sns_client_event:44, ambient_light_event: ts=45117283500376, event=92.000000
05-22 09:50:04.521 1290 1965 D InputReader: Btn_touch(9): value=0 when=10178.483944
05-22 09:50:04.521 1290 1965 I InputReader: Touch event's action is 0x1 (id=2, t=0) [pCnt=1, s=] when=10178.483944
05-22 09:50:04.521 1100 27402 I QC2C2DEngine: calcYSize: unsupported or RGB color format, RGBA8888(1)
05-22 09:50:04.521 1290 1964 I InputDispatcher: Delivering touch to (27753): action: 0x1, f=0x0, d=0, '95d9169', t=1
05-22 09:50:04.522 27753 27753 I ViewRootImpl@8f2ed9c[QtActivity]: ViewPostIme pointer 1
05-22 09:50:04.543 1100 27402 I QC2C2DEngine: calcYSize: unsupported or RGB color format, RGBA8888(1)
05-22 09:50:04.561 1100 27402 I QC2C2DEngine: calcYSize: unsupported or RGB color format, RGBA8888(1)
05-22 09:50:04.580 1100 27402 I QC2C2DEngine: calcYSize: unsupported or RGB color format, RGBA8888(1)
05-22 09:50:04.589 1180 1180 I Layer : Layer [Sprite#178] hidden!! flag(1)
05-22 09:50:04.611 956 3275 I vendor.qti.bluetooth@1.0-ibs_handler: DeviceSleep: TX Awake, Sending SLEEP_IND
05-22 09:50:04.611 956 3275 D vendor.qti.bluetooth@1.0-ibs_handler: SerialClockVote: vote for UART CLK OFF
05-22 09:50:04.612 1180 1180 D SurfaceFlinger: Display 4630946835308409729 HWC layers:
05-22 09:50:04.612 1180 1180 D SurfaceFlinger: CLIENT | 0xb400007dbaba9df0 | 0500 | RGBA_8888 | 0.0 0.0 1200.0 1812.0 | 0 36 1200 1848 | SurfaceView[org.qtproject.example.sp[...]id.bindings.QtActivity]@0(BLAST)#669
05-22 09:50:04.612 1180 1180 D SurfaceFlinger: CLIENT | 0xb400007dbaba8c70 | 0100 | RGBA_8888 | 0.0 0.0 1200.0 1920.0 | 0 0 1200 1920 | org.qtproject.example.spectrum/org.q[...]droid.bindings.QtActivity$_27753#656
05-22 09:50:04.612 1180 1180 D SurfaceFlinger: CLIENT | 0xb400007dbaba7070 | 0100 | RGBA_8888 | 0.0 0.0 1200.0 36.0 | 0 0 1200 36 | StatusBar$_2254#99
05-22 09:50:04.612 1180 1180 D SurfaceFlinger: CLIENT | 0xb400007dac3578e0 | 0100 | RGBA_8888 | 0.0 0.0 67.0 207.0 | 1133 432 1200 639 | com.sec.android.app.launcher/com.sam[...]ce.edge.CocktailBarService$_2507#160
05-22 09:50:04.612 1180 1180 D SurfaceFlinger: CLIENT | 0xb400007dac2d8980 | 0100 | RGBA_8888 | 0.0 0.0 1200.0 72.0 | 0 1848 1200 1920 | TaskbarWindow$_2507#128
05-22 09:50:04.612 1180 1180 D SurfaceFlinger: CLIENT | 0xb400007dac358de0 | 0100 | RGBA_8888 | 0.0 0.0 1200.0 1920.0 | 0 0 1200 1920 | PointerLocation - display 0#57
05-22 09:50:04.612 1180 1180 D SurfaceFlinger: CLIENT | 0xb4000
05-22 09:50:04.612 1180 1180 D SurfaceFlinger: 07dac3559d0 | 0100 | RGBA_8888 | 0.0 0.0 36.0 36.0 | 664 1445 700 1481 | bbq-wrapper#168
05-22 09:50:04.612 1180 1180 D SurfaceFlinger:
05-22 09:50:04.615 984 23808 I sensors-hal: handle_sns_client_event:44, ambient_light_event: ts=45117383261314, event=93.000000
05-22 09:50:04.615 984 23808 I sensors-hal: handle_sns_client_event:44, ambient_light_event: ts=45117383500116, event=93.000000
05-22 09:50:04.616 1100 27402 I QC2C2DEngine: calcYSize: unsupported or RGB color format, RGBA8888(1)
