05-22 09:49:46.380 1290 1703 D WindowMagnificationMgr: requestConnection :false mConnectionState : 3
05-22 09:49:46.380 1290 1703 W WindowMagnificationMgr: requestConnection duplicated request: connect=false, mConnectionState=DISCONNECTED
05-22 09:49:46.381 1290 1703 I SGM:GameManager: PkgUpdateReceiver, onReceive action =android.intent.action.PACKAGE_ADDED changingUserId =0
05-22 09:49:46.381 1290 1703 I SGM:GameManager: PkgUpdateReceiver, onPackageAdded : org.qtproject.example.spectrum userHandle : UserHandle{0} userId : 0
05-22 09:49:46.381 1290 1703 I SGM:GameManager: PkgUpdateReceiver, com.samsung.android.game.gos is enabled : true
05-22 09:49:46.383 27621 27621 D nativeloader: Configuring clns-6 for other apk /system/framework/org.apache.http.legacy.jar. target_sdk_version=34, uses_libraries=ALL, library_path=/data/app/~~3zLxbeF46xa7UIzHjfRfRw==/com.android.vending-4KNz-VHaqfVrcFTUwNewqQ==/lib/arm64:/data/app/~~3zLxbeF46xa7UIzHjfRfRw==/com.android.vending-4KNz-VHaqfVrcFTUwNewqQ==/base.apk!/lib/arm64-v8a:/data/app/~~3zLxbeF46xa7UIzHjfRfRw==/com.android.vending-4KNz-VHaqfVrcFTUwNewqQ==/split_config.arm64_v8a.apk!/lib/arm64-v8a:/data/app/~~3zLxbeF46xa7UIzHjfRfRw==/com.android.vending-4KNz-VHaqfVrcFTUwNewqQ==/split_config.en.apk!/lib/arm64-v8a:/data/app/~~3zLxbeF46xa7UIzHjfRfRw==/com.android.vending-4KNz-VHaqfVrcFTUwNewqQ==/split_phonesky_data_loader.apk!/lib/arm64-v8a:/data/app/~~3zLxbeF46xa7UIzHjfRfRw==/com.android.vending-4KNz-VHaqfVrcFTUwNewqQ==/split_phonesky_data_loader.config.arm64_v8a.apk!/lib/arm64-v8a, permitted_path=/data:/mnt/expand:/data/user/0/com.android.vending
05-22 09:49:46.383 27621 27621 D nativeloader: Extending system_exposed_libraries: libface_landmark.arcsoft.so:libaudiomirroring_jni.audiomirroring.samsung.so:libBeauty_v4.camera.samsung.so:libexifa.camera.samsung.so:libjpega.camera.samsung.so:libOpenCv.camera.samsung.so:libImageScreener.camera.samsung.so:libFace_Landmark_API.camera.samsung.so:libHpr_RecGAE_cvFeature_v1.0.camera.samsung.so:libHprFace_GAE_api.camera.samsung.so:libHprFace_GAE_jni.camera.samsung.so:libObjectAndSceneClassification_2.5_OD.camera.samsung.so:libQREngine.camera.samsung.so:libInteractiveSegmentation.camera.samsung.so:libsmart_cropping.camera.samsung.so:libStride.camera.samsung.so:libStrideTensorflowLite.camera.samsung.so:libFacePreProcessing_jni.camera.samsung.so:libhumantracking_util.camera.samsung.so:libMyFilterPlugin.camera.samsung.so:libsecjpeginterface.camera.samsung.so:libsurfaceutil.camera.samsung.so:libsecimaging_pdk.camera.samsung.so:libsecimaging.camera.samsung.so:libsce_v1.crypto.samsung.so:lib_vnd_client.dk.samsung.so:lib_native_client.dk.samsung.so:lib_nativeJni.dk.s
05-22 09:49:46.383 1290 1703 I SearchManagerService: updateSearchables
05-22 09:49:46.384 1290 1703 I SearchManagerService: updateSearchables
05-22 09:49:46.385 1290 1981 D SGM:GosNotifyThread: notifyPackageChangedToGos(), before send intent to GOS. type:15, changeType: 0, pkgName:org.qtproject.example.spectrum, userHandleId:0
05-22 09:49:46.386 25039 25039 I Finsky : [2] yiq.g(1): yiq - Received: android.intent.action.PACKAGE_ADDED, [A-EiBcaCZFH8QfF-tjzokg58GFmnUPIc3ndH5EzOiNk]
05-22 09:49:46.386 2507 2507 I HoneySpace.PackageOperationTracker: onPackageChanged - org.qtproject.example.spectrum UserHandle{0}
05-22 09:49:46.386 1290 1703 D LauncherApps: onPackageChanged 0,org.qtproject.example.spectrum
05-22 09:49:46.386 3750 4251 D LauncherApps: onPackageChanged 0,org.qtproject.example.spectrum
05-22 09:49:46.389 4127 4127 D BoundBrokerSvc: onBind: Intent { act=com.google.android.gms.common.BIND_SHARED_PREFS pkg=com.google.android.gms }
05-22 09:49:46.389 4127 4127 D BoundBrokerSvc: Loading bound service for intent: Intent { act=com.google.android.gms.common.BIND_SHARED_PREFS pkg=com.google.android.gms }
05-22 09:49:46.391 27621 27621 D ApplicationLoaders: Returning zygote-cached class loader: /system_ext/framework/androidx.window.extensions.jar
05-22 09:49:46.392 2254 3624 D LauncherApps: onPackageChanged 0,org.qtproject.example.spectrum
05-22 09:49:46.392 2507 23911 I HoneySpace.PackageSourceImpl: addActivityToList [ADD] : org.qtproject.example.spectrum/org.qtproject.qt.android.bindings.QtActivity#UserHandle{0}
05-22 09:49:46.392 2507 23911 I HoneySpace.IconCache: remove icon cache & DB : ComponentInfo{org.qtproject.example.spectrum/org.qtproject.qt.android.bindings.QtActivity}
05-22 09:49:46.391 27621 27621 D ApplicationLoaders: Returning zygote-cached class loader: /system_ext/framework/androidx.window.sidecar.jar
05-22 09:49:46.393 1290 1981 D SGM:GosNotifyThread: notifyPackageChangedToGos(), after send intent to GOS. ComponentInfo{com.samsung.android.game.gos/com.samsung.android.game.gos.service.GameIntentService}
05-22 09:49:46.395 27646 27646 D ActivityThread: setConscryptValidator
05-22 09:49:46.396 27646 27646 D ActivityThread: setConscryptValidator - put
05-22 09:49:46.396 3396 27610 I ProximityAuth: [RecentAppsMediator] Package added: (user=UserHandle{0}) org.qtproject.example.spectrum
05-22 09:49:46.399 1290 2850 I EDMNativeHelperService: isFaceRecognitionAllowedEvenCameraBlocked
05-22 09:49:46.402 25039 25039 I Finsky : [2] yiq.g(1): yiq - Deduping intent android.intent.action.PACKAGE_ADDED
05-22 09:49:46.403 25039 25039 I Finsky : [2] yiq.g(1): yiq - Received: android.intent.action.PACKAGE_ADDED, [A-EiBcaCZFH8QfF-tjzokg58GFmnUPIc3ndH5EzOiNk]
05-22 09:49:46.405 2254 2365 D PluginActionManager: queryPkg com.samsung.android.sm.devicesecurity com.android.systemui.action.PLUGIN_GLOBAL_ACTIONS
05-22 09:49:46.406 2254 2365 D PluginActionManager: Found 0 plugins
05-22 09:49:46.406 2254 2365 D PluginActionManager: queryPkg com.samsung.android.sm.devicesecurity com.samsung.systemui.action.PLUGIN_FACE_WIDGET
05-22 09:49:46.406 2254 2365 D PluginActionManager: Too many of com.samsung.systemui.action.PLUGIN_FACE_WIDGET
05-22 09:49:46.406 2254 2365 D PluginActionManager: queryPkg com.samsung.android.sm.devicesecurity com.android.systemui.action.PLUGIN_NOTIFICATION_MENU_ROW
05-22 09:49:46.407 2254 2365 D PluginActionManager: Found 0 plugins
05-22 09:49:46.407 2254 2365 D PluginActionManager: queryPkg com.samsung.android.sm.devicesecurity com.android.systemui.action.PLUGIN_NOTIFICATION_ASSISTANT
05-22 09:49:46.407 1290 3718 I EDMNativeHelperService: isCameraEnabled
05-22 09:49:46.407 1290 3718 D EDMNativeHelper: isCameraEnabled
05-22 09:49:46.407 2254 2254 D SPluginManagerImpl: onReceive: android.intent.action.PACKAGE_CHANGED, size:{com.android.systemui.slimindicator.SlimIndicatorPluginMediator@952263=SPluginInstanceManager@38464017 (action=com.samsung.systemui.action.SPLUGIN_SLIMINDICATOR), com.android.systemui.volume.VolumeStarInteractor$start$1@4ec2969=SPluginInstanceManager@123537270 (action=com.samsung.systemui.volume.PLUGIN), com.android.systemui.noticenter.NotiCenterPlugin$NotiCenterPluginListener@5c6849a=SPluginInstanceManager@103174519 (action=com.samsung.systemui.action.PLUGIN_NOTICENTER), com.android.systemui.lockstar.PluginLockStarManager@6c81870=SPluginInstanceManager@70066660 (action=com.samsung.systemui.action.PLUGIN_LOCK_STAR), com.samsung.android.systemui.multistar.MultiStarManager$2@8f71371=SPluginInstanceManager@31659597 (action=com.samsung.systemui.action.PLUGIN_MULTISTAR), com.android.systemui.navigationbar.plugin.PluginBarInteractionManager$pluginListener$1@a22dbb8=SPluginInstanceManager@185214210 (action=com.samsung.systemui.navigationbar.PLUGIN), com.android.systemui.pluginlock.PluginLockMediatorImpl@e4da9f3=SPluginInstanceManager@203722259 (action=com.samsung.systemui.action.PLUGIN_LOCK)}
05-22 09:49:46.408 2254 2254 D KeyguardUpdateMonitor: received broadcast android.intent.action.PACKAGE_CHANGED
05-22 09:49:46.408 2254 2254 D ControlsListingControllerImpl: ServiceConfig reloaded, count: 0
05-22 09:49:46.408 2254 2254 D FaceWidgetMetadataParser: updatePackage() com.samsung.android.sm.devicesecurity false
05-22 09:49:46.409 2254 2254 W FaceWidgetMetadataParser: updatePackage() there is no metadata
05-22 09:49:46.409 2254 2254 D FaceWidgetMetadataParser: removePackage() key = com.samsung.android.sm.devicesecurity
05-22 09:49:46.409 1290 3718 D EDMNativeHelper: checking for camera in EnterpriseDeviceManagerService
05-22 09:49:46.409 1290 3718 D EnterpriseDeviceManagerService: isCameraEnabledNative
05-22 09:49:46.410 1290 3718 D EnterpriseDeviceManagerService: checking for camera in restriction policy
05-22 09:49:46.410 2254 2365 D PluginActionManager: Found 0 plugins
05-22 09:49:46.410 1290 3718 D RestrictionPolicy: isCameraEnabled ret(true) userId(0) cxtInfo.mCallerUid(1000) cxtInfo.mContainerId(0)
05-22 09:49:46.410 2254 2365 D PluginActionManager: queryPkg com.samsung.android.sm.devicesecurity com.android.systemui.action.PLUGIN_TOAST
05-22 09:49:46.410 2254 2365 D PluginActionManager: Found 0 plugins
05-22 09:49:46.410 2254 2365 D PluginActionManager: queryPkg com.samsung.android.sm.devicesecurity com.android.systemui.action.PLUGIN_NOTIFICATION_MENU_ROW
05-22 09:49:46.410 2254 2365 D PluginActionManager: Found 0 plugins
05-22 09:49:46.410 2254 2365 D PluginActionManager: queryPkg com.samsung.android.sm.devicesecurity com.android.systemui.action.PLUGIN_NOTIFICATION_MENU_ROW
05-22 09:49:46.412 14990 15149 W SearchServiceCore: Abort, client detached.
05-22 09:49:46.413 2254 2365 D PluginActionManager: Found 0 plugins
05-22 09:49:46.413 2254 2365 D PluginActionManager: queryPkg com.samsung.android.sm.devicesecurity com.android.systemui.action.PLUGIN_QS
05-22 09:49:46.413 2254 2365 D PluginActionManager: Found 0 plugins
05-22 09:49:46.413 2254 2365 D PluginActionManager: queryPkg com.samsung.android.sm.devicesecurity com.android.systemui.action.PLUGIN_CLOCK_PROVIDER
05-22 09:49:46.414 2254 2365 D PluginActionManager: Found 0 plugins
05-22 09:49:46.414 2254 2365 D PluginActionManager: queryPkg com.samsung.android.sm.devicesecurity com.android.systemui.action.PEOPLE_HUB_PERSON_EXTRACTOR
05-22 09:49:46.414 2254 2365 D PluginActionManager: Found 0 plugins
05-22 09:49:46.414 2254 2365 D PluginActionManager: queryPkg com.samsung.android.sm.devicesecurity com.android.systemui.action.PLUGIN_VOLUME
05-22 09:49:46.414 27479 27674 I GOS:GameIntentService: onHandleIntent. begin
05-22 09:49:46.414 2254 2365 D PluginActionManager: Found 0 plugins
05-22 09:49:46.414 2254 2365 D PluginActionManager: queryPkg com.samsung.android.sm.devicesecurity com.android.systemui.action.PLUGIN_QS_FACTORY
05-22 09:49:46.414 27479 27674 I GOS:GameIntentService: onHandleIntent. GameIntentService. type 15
05-22 09:49:46.414 2254 2365 D PluginActionManager: Found 0 plugins
05-22 09:49:46.415 2254 2365 D PluginActionManager: queryPkg com.samsung.android.sm.devicesecurity com.android.systemui.action.PLUGIN_OVERLAY
05-22 09:49:46.415 2254 2365 D PluginActionManager: Found 0 plugins
05-22 09:49:46.415 2254 2365 D PluginActionManager: queryPkg com.samsung.android.sm.devicesecurity com.android.systemui.action.PLUGIN_SENSOR_MANAGER
05-22 09:49:46.415 2254 2365 D PluginActionManager: Found 0 plugins
05-22 09:49:46.415 984 23808 I sensors-hal: handle_sns_client_event:44, ambient_light_event: ts=45099183255116, event=91.000000
05-22 09:49:46.416 984 23808 I sensors-hal: handle_sns_client_event:44, ambient_light_event: ts=45099183500220, event=91.000000
05-22 09:49:46.428 25039 25039 I Finsky : [2] yiq.g(1): yiq - Deduping intent android.intent.action.PACKAGE_ADDED
05-22 09:49:46.433 25039 27618 I Finsky : [159] otx.accept(92): Wrote row to frosting DB: 1492
05-22 09:49:46.436 1290 4244 D CompatibilityChangeReporter: Compat change id reported: 161145287; UID 10182; state: ENABLED
05-22 09:49:46.439 27646 27646 D CompatibilityChangeReporter: Compat change id reported: 171979766; UID 10047; state: ENABLED
05-22 09:49:46.440 27646 27646 D CompatibilityChangeReporter: Compat change id reported: 242716250; UID 10047; state: ENABLED
05-22 09:49:46.442 1290 2009 D CompatibilityChangeReporter: Compat change id reported: 170503758; UID 10047; state: ENABLED
05-22 09:49:46.451 27479 27479 I GOS:MainIntentService: onCreate
05-22 09:49:46.452 27479 27680 I GOS:MainIntentService: onHandleIntent. begin
05-22 09:49:46.452 27479 27680 I GOS:MainIntentService: onHandleIntent(). type(PACKAGE_CHANGED) from 2
05-22 09:49:46.452 27479 27680 I GOS:MainIntentService: onHandleIntent(). type(PACKAGE_CHANGED), changeType(INSTALLED), pkgName(org.qtproject.example.spectrum)
05-22 09:49:46.452 27479 27680 I GOS:SystemEventReactor: onPackageInstalled(). packageName: org.qtproject.example.spectrum
05-22 09:49:46.453 1290 1703 D MetaDataCollector: onReceive: begin action=android.intent.action.PACKAGE_ADDED
05-22 09:49:46.453 1290 1703 D MetaDataCollector: onReceive: done pkgName=org.qtproject.example.spectrum
05-22 09:49:46.455 25039 27618 I Finsky : [159] otx.accept(92): Wrote row to frosting DB: 1493
05-22 09:49:46.455 1290 1703 I SGM:GameManager: PkgUpdateReceiver, onReceive action =android.intent.action.PACKAGE_REPLACED changingUserId =0
05-22 09:49:46.455 1290 1703 I SGM:GameManager: PkgUpdateReceiver, onPackageReplaced : org.qtproject.example.spectrum userID : UserHandle{0}
05-22 09:49:46.456 1290 1703 D MetaDataCollector: onReceive: begin action=android.intent.action.PACKAGE_REPLACED
05-22 09:49:46.456 1290 1981 D SGM:GosNotifyThread: notifyPackageChangedToGos(), before send intent to GOS. type:15, changeType: 8, pkgName:org.qtproject.example.spectrum, userHandleId:0
05-22 09:49:46.456 1290 1703 D MetaDataCollector: onReceive: done pkgName=org.qtproject.example.spectrum
05-22 09:49:46.456 4127 4856 I Icing : IndexChimeraService.getServiceInterface callingPackage=com.google.android.gms componentName=AppsCorpus serviceId=36
05-22 09:49:46.460 3396 27610 I FontLog : (REDACTED) Package %s has no metadata
05-22 09:49:46.462 2507 23911 I LauncherActivityInfo: packageName: org.qtproject.example.spectrum, useThemeIcon: false, height: 108, width: 108, density: 480
05-22 09:49:46.463 1290 1981 D SGM:GosNotifyThread: notifyPackageChangedToGos(), after send intent to GOS. ComponentInfo{com.samsung.android.game.gos/com.samsung.android.game.gos.service.GameIntentService}
05-22 09:49:46.468 2507 20355 I HoneySpace.IconCache: add icon DB: [org.qtproject.example.spectrum/org.qtproject.qt.android.bindings.QtActivity#UserHandle{0}] - IconAndLabel(icon=android.graphics.Bitmap@4d59ee5, label=spectrum) | false | false
05-22 09:49:46.468 2507 23911 I HoneySpace.PackageSourceImpl: package changed info list size : 1
05-22 09:49:46.468 27479 27479 I GOS:MainIntentService: onDestroy
05-22 09:49:46.469 27479 27685 I GOS:GameIntentService: onHandleIntent. begin
05-22 09:49:46.470 2507 2507 I HoneySpace.HoneySpaceManagerContainer: packageUpdateEvent - com.honeyspace.sdk.source.entity.PackageOperation$Changed@f7c9dba
05-22 09:49:46.470 2507 18845 I HoneySpace.HoneySpacePackageSourceImpl: Package changed : org.qtproject.example.spectrum
05-22 09:49:46.470 2507 18845 I HoneySpace.HoneySpacePackageSourceImpl: getHiddenItems : 0
05-22 09:49:46.470 2507 18845 I HoneySpace.HoneySpacePackageSourceImpl: addActiveItem [ADD] : org.qtproject.example.spectrum/org.qtproject.qt.android.bindings.QtActivity#UserHandle{0}
05-22 09:49:46.470 2507 2507 I HoneySpace.HoneySpaceManagerContainer: refreshHoneyPlugin, packageName: org.qtproject.example.spectrum
05-22 09:49:46.470 2507 25376 I SearchableManager: invalidate: org.qtproject.example.spectrum
05-22 09:49:46.471 27479 27685 I GOS:GameIntentService: onHandleIntent. GameIntentService. type 15
05-22 09:49:46.472 2507 2507 I HoneySpace.HoneySpacePackageSourceImpl: getHiddenItems : 0
05-22 09:49:46.473 1290 2184 W SemWifiTransportLayerUtils: getApplicationCategory - IOException org.qtproject.example.spectrum
05-22 09:49:46.473 1290 2184 W System.err: java.io.FileNotFoundException: https://play.google.com/store/apps/details?id=org.qtproject.example.spectrum&hl=en
05-22 09:49:46.473 1290 2184 W System.err: at com.android.okhttp.internal.huc.HttpURLConnectionImpl.getInputStream(HttpURLConnectionImpl.java:255)
05-22 09:49:46.473 1290 2184 W System.err: at com.android.okhttp.internal.huc.DelegatingHttpsURLConnection.getInputStream(DelegatingHttpsURLConnection.java:211)
05-22 09:49:46.473 1290 2184 W System.err: at com.android.okhttp.internal.huc.HttpsURLConnectionImpl.getInputStream(HttpsURLConnectionImpl.java:30)
05-22 09:49:46.473 1290 2184 W System.err: at com.samsung.android.server.wifi.tcp.SemWifiTransportLayerUtils.getApplicationCategory(SemWifiTransportLayerUtils.java:105)
05-22 09:49:46.473 1290 2184 W System.err: at com.samsung.android.server.wifi.tcp.SemWifiTransportLayerMonitor$TcpMonitorHandler.handleMessage(SemWifiTransportLayerMonitor.java:499)
05-22 09:49:46.473 1290 2184 W System.err: at android.os.Handler.dispatchMessage(Handler.java:106)
05-22 09:49:46.473 1290 2184 W System.err: at android.os.Looper.loopOnce(Looper.java:230)
05-22 09:49:46.473 1290 2184 W System.err: at android.os.Looper.loop(Looper.java:319)
05-22 09:49:46.473 1290 2184 W System.err: at android.os.HandlerThread.run(HandlerThread.java:67)
05-22 09:49:46.474 1290 2184 D SemWifiTransportLayerMonitor.TcpMonitorHandler: MSG_SAVE_PACKAGE_INFO
05-22 09:49:46.474 1290 2184 D SemWifiTransportLayerFileManager: saveWifiPackageInfoToFile
05-22 09:49:46.474 1290 2184 D SemWifiTransportLayerFileManager: writeWifiPackageInfoList
05-22 09:49:46.485 27479 27479 I GOS:MainIntentService: onCreate
05-22 09:49:46.486 27479 27686 I GOS:MainIntentService: onHandleIntent. begin
05-22 09:49:46.486 27479 27686 I GOS:MainIntentService: onHandleIntent(). type(PACKAGE_CHANGED) from 2
05-22 09:49:46.486 27479 27686 I GOS:MainIntentService: onHandleIntent(). type(PACKAGE_CHANGED), changeType(REPLACED), pkgName(org.qtproject.example.spectrum)
05-22 09:49:46.486 27479 27686 I GOS:SystemEventReactor: onPackageUpdated(). packageName: org.qtproject.example.spectrum, versionCode: 1
05-22 09:49:46.491 1290 1703 I SearchManagerService: updateSearchables
05-22 09:49:46.492 27479 27479 I GOS:MainIntentService: onDestroy
05-22 09:49:46.493 1290 2184 D SGM:GameManager: identifyGamePackage. org.qtproject.example.spectrum, mCurrentUserId: 0, callerUserId: 0, callingMethodInfo: com.samsung.android.game.SemGameManager.isGamePackage(SemGameManager.java:109)
05-22 09:49:46.493 1290 2184 D SGM:PkgDataHelper: getGamePkgData(). org.qtproject.example.spectrum
05-22 09:49:46.493 1290 2184 D SGM:SemGameManager: isGamePackage(), pkgName=org.qtproject.example.spectrum, ret=false
05-22 09:49:46.499 1290 1703 D LauncherApps: onPackageChanged 0,com.samsung.android.sm.devicesecurity
05-22 09:49:46.499 2507 2507 I HoneySpace.PackageOperationTracker: onPackageChanged - com.samsung.android.sm.devicesecurity UserHandle{0}
05-22 09:49:46.499 3750 4251 D LauncherApps: onPackageChanged 0,com.samsung.android.sm.devicesecurity
05-22 09:49:46.500 2254 3624 D LauncherApps: onPackageChanged 0,com.samsung.android.sm.devicesecurity
05-22 09:49:46.503 2507 20355 I HoneySpace.PackageSourceImpl: package changed info list size : 0
05-22 09:49:46.503 1290 2336 I ActivityManager: Killing 26663:com.samsung.android.mdx/u0a63 (adj 999): empty #19
05-22 09:49:46.503 2507 2507 I HoneySpace.HoneySpaceManagerContainer: packageUpdateEvent - com.honeyspace.sdk.source.entity.PackageOperation$Changed@1c64461
05-22 09:49:46.503 2507 2507 I HoneySpace.HoneySpaceManagerContainer: refreshHoneyPlugin, packageName: com.samsung.android.sm.devicesecurity
05-22 09:49:46.503 2507 20355 I HoneySpace.HoneySpacePackageSourceImpl: Package changed : com.samsung.android.sm.devicesecurity
05-22 09:49:46.503 2507 20355 I HoneySpace.HoneySpacePackageSourceImpl: getHiddenItems : 0
05-22 09:49:46.503 2507 20355 I SearchableManager: invalidate: com.samsung.android.sm.devicesecurity
05-22 09:49:46.506 25039 27669 E AbstractLogEventBuilder: The provided ProductIdOrigin 3 is not one of the process-level expected values: 1 or 2
05-22 09:49:46.509 25039 25039 I Finsky : [2] VerifyInstallTask.nY(75): VerifyApps: Install-time verification complete: id=4, package_name=org.qtproject.example.spectrum
05-22 09:49:46.510 1290 2184 D SemWifiPackageInfo: isSkipCategory - skip:NONE
05-22 09:49:46.510 1290 2184 D SemWifiTransportLayerMonitor.TcpMonitorHandler: MSG_SAVE_PACKAGE_INFO
05-22 09:49:46.510 1290 2184 D SemWifiTransportLayerFileManager: saveWifiPackageInfoToFile
05-22 09:49:46.511 1290 2184 D SemWifiTransportLayerFileManager: writeWifiPackageInfoList
05-22 09:49:46.515 984 23808 I sensors-hal: handle_sns_client_event:44, ambient_light_event: ts=45099283251887, event=91.000000
05-22 09:49:46.515 1290 1717 I libprocessgroup: Successfully killed process cgroup uid 10063 pid 26663 in 11ms
05-22 09:49:46.516 1290 4244 D CompatibilityChangeReporter: Compat change id reported: 261072174; UID 10182; state: ENABLED
05-22 09:49:46.517 984 23808 I sensors-hal: handle_sns_client_event:44, ambient_light_event: ts=45099283501105, event=91.000000
05-22 09:49:46.519 4127 4127 D BoundBrokerSvc: onBind: Intent { act=com.google.android.gms.feedback.internal.IFeedbackService dat=chimera-action:/... cmp=com.google.android.gms/.chimera.GmsBoundBrokerService }
05-22 09:49:46.519 4127 4127 D BoundBrokerSvc: Loading bound service for intent: Intent { act=com.google.android.gms.feedback.internal.IFeedbackService dat=chimera-action:/... cmp=com.google.android.gms/.chimera.GmsBoundBrokerService }
05-22 09:49:46.522 25039 25107 I Finsky : [63] rbq.accept(66): SCH: Scheduling phonesky job Id: 12-1, CT: 1716360586342, Constraints: [{ L: 15000, D: 86400000, C: 1, I: 1, N: 1 }]
05-22 09:49:46.535 1290 1682 E Watchdog: !@Sync: 339 heap: 83 / 83 FD: 1043 [2024-05-22 09:49:46.535]
05-22 09:49:46.537 25039 25112 I Finsky : [68] jxs.apply(37): SCH: Scheduling 1 system job(s)
05-22 09:49:46.538 25039 25112 I Finsky : [68] acpp.d(246): SCH: Scheduling system job Id: 9850, L: 14805, D: 81876670, C: false, I: false, N: 1
05-22 09:49:46.540 1290 2336 D CompatibilityChangeReporter: Compat change id reported: 271850009; UID 10182; state: ENABLED
05-22 09:49:46.540 1290 2336 D CompatibilityChangeReporter: Compat change id reported: 253665015; UID 10182; state: ENABLED
05-22 09:49:46.540 1290 2336 D CompatibilityChangeReporter: Compat change id reported: 194532703; UID 10182; state: ENABLED
05-22 09:49:46.546 4127 8757 I Icing : IndexChimeraService.getServiceInterface callingPackage=com.google.android.gms componentName=null serviceId=30
05-22 09:49:46.575 4127 16531 I Icing : Usage reports ok 2, Failed Usage reports 0, indexed 0, rejected 0
05-22 09:49:46.584 1290 1315 D VpnManagerService: Exception: java.lang.NullPointerException: Attempt to invoke interface method 'int com.samsung.android.knox.zt.networktrust.filter.IKnoxNetworkFilterService.getKnoxNwFilterHttpProxyPort(int, java.lang.String)' on a null object reference
05-22 09:49:46.584 1290 1315 D VpnManagerService: at com.android.server.VpnManagerService.getKnoxNwFilterHttpProxyPort(VpnManagerService.java:1911)
05-22 09:49:46.584 1290 1315 D VpnManagerService: at android.net.IVpnManager$Stub.onTransact(IVpnManager.java:1055)
05-22 09:49:46.584 1290 1315 D VpnManagerService: at android.os.Binder.execTransactInternal(Binder.java:1375)
05-22 09:49:46.584 1290 1315 D VpnManagerService: at android.os.Binder.execTransact(Binder.java:1311)
05-22 09:49:46.585 873 873 I Zygote : Process 26663 exited due to signal 9 (Killed)
05-22 09:49:46.592 1290 1675 D DisplayManagerService: Drop pending events for gone uid 10063
05-22 09:49:46.594 2684 2684 D HidDeviceService: handleMessage(): msg.what=8
05-22 09:49:46.595 25039 25098 I Finsky : [57] msw.mb(99): [ContentSync] finished, scheduled=true
05-22 09:49:46.598 23984 23984 I SCS@AiSearch user 0: (PackageBroadcastReceiver) onReceive android.intent.action.PACKAGE_REMOVED
05-22 09:49:46.598 25039 25121 I Finsky : [76] rbq.accept(66): SCH: Scheduling phonesky job Id: 12-1, CT: 1716360586318, Constraints: [{ L: 15000, D: 86400000, C: 1, I: 1, N: 1 }]
05-22 09:49:46.598 23984 23984 I SCS@AiSearch user 0: (PackageBroadcastReceiver) packageName: org.qtproject.example.spectrum
05-22 09:49:46.598 23984 23984 I SCS@AiSearch user 0: (PackageBroadcastReceiver) Packages changed: [org.qtproject.example.spectrum]
05-22 09:49:46.598 23984 23984 I SCS@AiSearch user 0: (AppsDataObserver) scheduling worker CMD_UPDATE_LIST
05-22 09:49:46.598 23984 23984 I SCS@AiSearch user 0: (PackageBroadcastReceiver) onReceive android.intent.action.PACKAGE_ADDED
05-22 09:49:46.598 23984 23984 I SCS@AiSearch user 0: (PackageBroadcastReceiver) packageName: org.qtproject.example.spectrum
05-22 09:49:46.598 23984 23984 I SCS@AiSearch user 0: (PackageBroadcastReceiver) Packages changed: [org.qtproject.example.spectrum]
05-22 09:49:46.599 23984 23984 I SCS@AiSearch user 0: (AppsDataObserver) scheduling worker CMD_UPDATE_LIST
05-22 09:49:46.599 23984 23984 I SCS@AiSearch user 0: (PackageBroadcastReceiver) onReceive android.intent.action.PACKAGE_CHANGED
05-22 09:49:46.599 23984 23984 I SCS@AiSearch user 0: (PackageBroadcastReceiver) packageName: com.samsung.android.sm.devicesecurity
05-22 09:49:46.599 23984 23984 I SCS@AiSearch user 0: (PackageBroadcastReceiver) Packages changed: [com.samsung.android.sm.devicesecurity]
05-22 09:49:46.599 23984 23984 I SCS@AiSearch user 0: (AppsDataObserver) scheduling worker CMD_UPDATE_LIST
05-22 09:49:46.609 25039 25112 I Finsky : [68] jxs.apply(37): SCH: Scheduling 1 system job(s)
05-22 09:49:46.610 25039 25112 I Finsky : [68] acpp.d(246): SCH: Scheduling system job Id: 9850, L: 14708, D: 81876597, C: false, I: false, N: 1
05-22 09:49:46.612 1290 3904 D PackageManager: setEnabledSetting : userId = 0 packageName = com.samsung.android.scs cmp = androidx.work.impl.background.systemalarm.RescheduleReceiver newState = 1 callingPackage = com.samsung.android.scs
05-22 09:49:46.614 1290 3904 D ApplicationPolicy: getApplicationStateEnabled : pkg = com.samsung.android.scs userId : 0
05-22 09:49:46.615 1290 3904 D ApplicationPolicy: getApplicationComponentState : pkg = com.samsung.android.scs userId : 0
05-22 09:49:46.616 27646 27646 I Routine : attachBaseContext
05-22 09:49:46.616 27646 27646 I Routine : injectImplementation
05-22 09:49:46.620 984 23808 I sensors-hal: handle_sns_client_event:44, ambient_light_event: ts=45099383250428, event=91.000000
05-22 09:49:46.621 984 23808 I sensors-hal: handle_sns_client_event:44, ambient_light_event: ts=45099383505376, event=91.000000
05-22 09:49:46.628 1290 1308 I system_server: Background young concurrent copying GC freed 188879(9275KB) AllocSpace objects, 14(424KB) LOS objects, 10% free, 74MB/83MB, paused 7.783ms,143us total 113.188ms
05-22 09:49:46.630 25039 25100 I Finsky : [59] msw.mb(99): [ContentSync] finished, scheduled=true
05-22 09:49:46.631 1290 1310 W System : A resource failed to call end.
05-22 09:49:46.633 1290 1310 W System : A resource failed to call close.
05-22 09:49:46.642 4127 16531 I Icing : Usage reports ok 0, Failed Usage reports 0, indexed 0, rejected 0
05-22 09:49:46.645 26264 27703 I ProvidersCache: Provider returned no roots. Possibly naughty: com.google.android.apps.docs.storage
05-22 09:49:46.648 4127 16531 I Icing : Indexing com.google.android.gms-apps from com.google.android.gms
05-22 09:49:46.652 1290 3904 D ActivityManager: force stop from com.android.server.am.ActivityManagerService.forceStopPackage:4545 com.android.server.am.ActivityManagerShellCommand.runForceStop:1710
05-22 09:49:46.652 1290 3904 I ActivityManager: Force stopping org.qtproject.example.spectrum appid=10253 user=0: from pid 27706
05-22 09:49:46.655 26264 27702 I ProvidersCache: Provider returned no roots. Possibly naughty: com.microsoft.skydrive.content.StorageAccessProvider
05-22 09:49:46.656 27646 27646 I ModeListHolder: update: size(1) updated(1716360586656) [ModeMeta(id=1, uuid=100, iconResourceId=2131230979, iconStatusResourceId=2131231270, displayName=Sleep, isRunning=false, runningReason=, runningReasonCondition=, isSet=true, order=0)]
05-22 09:49:46.657 27646 27646 I RoutineSettingsMenuSearchProvider: secQueryGetFingerprint :4.5.00.57en_GB
05-22 09:49:46.657 27646 27646 I CapsuleProvider_1.0.25: onCreate
05-22 09:49:46.658 4127 16531 I Icing : Indexing done com.google.android.gms-apps
05-22 09:49:46.659 1290 3904 I AppsFilter: interaction: PackageSetting{e12beb6 org.qtproject.example.camera/10241} -> PackageSetting{b05edec org.qtproject.example.spectrum/10253} BLOCKED
05-22 09:49:46.659 1290 3904 I AppsFilter: interaction: PackageSetting{b71cb24 org.qtproject.example.hellogles3/10257} -> PackageSetting{b05edec org.qtproject.example.spectrum/10253} BLOCKED
05-22 09:49:46.659 1290 4244 D PackageManager: setEnabledSetting : userId = 0 packageName = com.samsung.android.app.routines cmp = androidx.work.impl.background.systemjob.SystemJobService newState = 1 callingPackage = com.samsung.android.app.routines
05-22 09:49:46.660 1290 4244 D ApplicationPolicy: getApplicationStateEnabled : pkg = com.samsung.android.app.routines userId : 0
05-22 09:49:46.661 1290 4244 D ApplicationPolicy: getApplicationComponentState : pkg = com.samsung.android.app.routines userId : 0
05-22 09:49:46.666 27646 27646 I GTS_CELL: version 1.2.28
05-22 09:49:46.670 1290 1674 D LocationManagerService: package org.qtproject.example.spectrum reset
05-22 09:49:46.670 2551 2551 D CarrierSvcBindHelper: onHandleForceStop: [org.qtproject.example.spectrum]
05-22 09:49:46.670 2551 2551 D CarrierSvcBindHelper: No carrier app for: 0
05-22 09:49:46.694 27646 27646 I Routine@Core[4.5.00.57]: Routine: Routine:onCreate: sIsDebugLevelMid=false, secLevel=false
05-22 09:49:46.714 984 23808 I sensors-hal: handle_sns_client_event:44, ambient_light_event: ts=45099483257668, event=91.000000
05-22 09:49:46.715 984 23808 I sensors-hal: handle_sns_client_event:44, ambient_light_event: ts=45099483499855, event=91.000000
05-22 09:49:46.739 27646 27646 I Routine@Core[4.5.00.57]: RoutinesAppWidgetProviderPolicyImpl: getAvailableAppWidgetProviderComponentName - [old : 0, new : 0]
05-22 09:49:46.739 27646 27646 I Routine@Core[4.5.00.57]: RoutinesAppWidgetProviderPolicyImpl: getAvailableComponentName - don't have any widget ids.
05-22 09:49:46.739 27646 27646 I Routine@Core[4.5.00.57]: SALogger: setConfiguration start
05-22 09:49:46.740 27646 27646 I Routine@Core[4.5.00.57]: SALogger: registerSharedPreferences()
05-22 09:49:46.740 27646 27646 I Routine@Core[4.5.00.57]: SALogger: setConfiguration done
05-22 09:49:46.741 27646 27646 I DIAGMON_SDK[605065]: DiagMonAgent type: 2
05-22 09:49:46.741 27646 27646 I DIAGMON_SDK[605065][br23r9jsjw] : generated SR object
05-22 09:49:46.741 27646 27646 I CapsuleProvider_1.0.25: releasing initialize wait lock.
05-22 09:49:46.742 27646 27646 I a_1.0.25: initialized
05-22 09:49:46.744 27646 27646 I Routine@Core[4.5.00.57]: Routine: Routine::initWearFeatures - initializeWearFeature
05-22 09:49:46.747 27646 27646 I Routine@Core[4.5.00.57]: WearSyncObserver: registerObservers: registered
05-22 09:49:46.747 27646 27646 I Routine@Core[4.5.00.57]: ModeManagerImpl: start(9f6d33d)
05-22 09:49:46.749 27646 27718 I Routine@Core[4.5.00.57]: Pref: putSharedPrefsData() key=debug_mode_features
05-22 09:49:46.750 27646 27718 I Routine@Core[4.5.00.57]: DebugModeRepository: initialized.
05-22 09:49:46.750 25039 25047 I android.vending: Background young concurrent copying GC freed 83174(4294KB) AllocSpace objects, 27(1460KB) LOS objects, 43% free, 6923KB/11MB, paused 9.395ms,119us total 288.725ms
05-22 09:49:46.751 27646 27646 I Routine@Core[4.5.00.57]: BroadcastRegister: registerReceivers
05-22 09:49:46.752 27646 27646 I Routine@Core[4.5.00.57]: BroadcastRegister: registerPackageAddedIntentFilterInternal
05-22 09:49:46.756 27646 27720 I Routine@Core[4.5.00.57]: ModeLocalDataSource: isCompanionWatchSupportModeMirror, result: false
05-22 09:49:46.756 27646 27720 I Routine@Core[4.5.00.57]: WearDataLayerHelper: getNodeOfCompanionWatchSupportModeMirror: onlyNearby - false
05-22 09:49:46.758 27646 27646 I SEP_UNION_SemUnionManager: initializeManagerMapData(10047) context = android.app.ContextImpl@ea805ad
05-22 09:49:46.769 27621 27621 W ziparchive: Unable to open '/data/app/~~3zLxbeF46xa7UIzHjfRfRw==/com.android.vending-4KNz-VHaqfVrcFTUwNewqQ==/split_config.arm64_v8a.dm': No such file or directory
05-22 09:49:46.770 27621 27621 W ziparchive: Unable to open '/data/app/~~3zLxbeF46xa7UIzHjfRfRw==/com.android.vending-4KNz-VHaqfVrcFTUwNewqQ==/split_config.arm64_v8a.dm': No such file or directory
05-22 09:49:46.770 27646 27646 I SEP_UNION_SemUnionManager: getUnionService(semeventdelegator)
05-22 09:49:46.771 27646 27646 I SEP_UNION_SemUnionManager: getSemSystemService : semeventdelegator
05-22 09:49:46.771 1290 4233 D SEP_UNION_SemUnionMainServiceImpl: getSemSystemService - semeventdelegator
05-22 09:49:46.771 27646 27646 I Routine@Core[4.5.00.57]: BroadcastRegister: registerPackageMonitoringIntentFilterInternal
05-22 09:49:46.771 27646 27646 I SEP_UNION_SemUnionManager: getUnionService(semeventdelegator)
05-22 09:49:46.772 1290 2336 D CompatibilityChangeReporter: Compat change id reported: 161145287; UID 10047; state: ENABLED
05-22 09:49:46.772 1290 2336 D CompatibilityChangeReporter: Compat change id reported: 161145287; UID 10047; state: DISABLED
05-22 09:49:46.772 27646 27646 I SEP_UNION_SemUnionManager: getUnionService(semeventdelegator)
05-22 09:49:46.772 1290 4244 D SEP_UNION_SemDeviceInfoManagerService: Register intent = android.intent.action.PACKAGE_ADDED, package = com.samsung.android.app.routines, userId = 0, flag = 0, conditions = null
05-22 09:49:46.772 27646 27646 I SEP_UNION_SemUnionManager: getUnionService(semeventdelegator)
05-22 09:49:46.772 1290 4244 D SEP_UNION_SemDeviceInfoManagerService: Same PendingIntent is in com.samsung.android.app.routines
05-22 09:49:46.773 27621 27621 W ding:background: Entry not found
05-22 09:49:46.773 27646 27646 I SEP_UNION_SemUnionManager: getUnionService(semeventdelegator)
05-22 09:49:46.773 1290 4244 D SEP_UNION_SemDeviceInfoManagerService: Register intent = android.intent.action.PACKAGE_REPLACED, android.intent.action.PACKAGE_CHANGED, android.intent.action.PACKAGE_REMOVED, android.intent.action.PACKAGE_FULLY_REMOVED, android.intent.action.MY_PACKAGE_REPLACED, package = com.samsung.android.app.routines, userId = 0, flag = 1, conditions = [com.samsung.android.app.routines, com.samsung.android.app.routineplus, com.android.settings, com.android.systemui, com.samsung.accessibility, com.samsung.accessory.atticmgr, com.samsung.accessory.berrymgr, com.samsung.accessory.neobeanmgr, com.samsung.accessory.pearlmgr, com.samsung.accessory.popcornmgr, com.samsung.android.app.aodservice, com.samsung.android.app.clockpack, com.samsung.android.app.cocktailbarservice, com.samsung.android.app.dressroom, com.samsung.android.app.galaxyregistry, com.samsung.android.app.sharelive, com.samsung.android.app.smartcapture, com.samsung.android.app.smartwidget, com.samsung.android.fast, com.samsung.android.heartplugin, com.samsung.android.honeyboard, com.samsung.android.lool, com.samsung.android.mdecservice, com.samsung.android.mdx, com.samsung.android.service.aircommand, com.samsung.android.smartmirroring, com.samsung.android.sm_cn, com.samsung.android.waterplugin, com.samsung.wearable.watch6plugin, com.sec.android.app.clockpackage, com.sec.android.app.soundalive, com.sec.android.desktopmode.uiservice, com.sec.android.app.launcher, com.samsung.android.routinesdkv3]
05-22 09:49:46.773 27646 27646 I SEP_UNION_SemUnionManager: getUnionService(semeventdelegator)
05-22 09:49:46.774 1290 4244 D SEP_UNION_SemDeviceInfoManagerService: Same PendingIntent is in com.samsung.android.app.routines
05-22 09:49:46.774 1290 4244 D SEP_UNION_SemDeviceInfoManagerService: Same PendingIntent is in com.samsung.android.app.routines
05-22 09:49:46.774 1290 4244 D SEP_UNION_SemDeviceInfoManagerService: Same PendingIntent is in com.samsung.android.app.routines
05-22 09:49:46.774 27621 27621 W ziparchive: Unable to open '/data/app/~~3zLxbeF46xa7UIzHjfRfRw==/com.android.vending-4KNz-VHaqfVrcFTUwNewqQ==/split_config.en.dm': No such file or directory
05-22 09:49:46.774 27621 27621 W ziparchive: Unable to open '/data/app/~~3zLxbeF46xa7UIzHjfRfRw==/com.android.vending-4KNz-VHaqfVrcFTUwNewqQ==/split_config.en.dm': No such file or directory
05-22 09:49:46.774 1290 4244 D SEP_UNION_SemDeviceInfoManagerService: Same PendingIntent is in com.samsung.android.app.routines
05-22 09:49:46.774 1290 4244 D SEP_UNION_SemDeviceInfoManagerService: Same PendingIntent is in com.samsung.android.app.routines
05-22 09:49:46.774 1290 4244 D SEP_UNION_SemDeviceInfoManagerService: Register intent = android.intent.action.DATE_CHANGED, package = com.samsung.android.app.routines, userId = 0, flag = 0, conditions = null
05-22 09:49:46.775 1290 4244 D SEP_UNION_SemDeviceInfoManagerService: Same PendingIntent is in com.samsung.android.app.routines
05-22 09:49:46.775 1290 4244 D SEP_UNION_SemDeviceInfoManagerService: Register intent = android.location.PROVIDERS_CHANGED, package = com.samsung.android.app.routines, userId = 0, flag = 0, conditions = null
05-22 09:49:46.775 1290 4244 D SEP_UNION_SemDeviceInfoManagerService: Same PendingIntent is in com.samsung.android.app.routines
05-22 09:49:46.776 1290 4244 D SEP_UNION_SemDeviceInfoManagerService: Register intent = android.intent.action.PACKAGE_DATA_CLEARED, package = com.samsung.android.app.routines, userId = 0, flag = 0, conditions = null
05-22 09:49:46.776 1290 4244 D SEP_UNION_SemDeviceInfoManagerService: Same PendingIntent is in com.samsung.android.app.routines
05-22 09:49:46.776 1290 2336 D SEP_UNION_SemDeviceInfoManagerService: Register intent = com.samsung.android.theme.themecenter.THEME_APPLY, package = com.samsung.android.app.routines, userId = 0, flag = 0, conditions = null
05-22 09:49:46.777 27621 27621 W ding:background: Entry not found
05-22 09:49:46.777 1290 2336 D SEP_UNION_SemDeviceInfoManagerService: Same PendingIntent is in com.samsung.android.app.routines
05-22 09:49:46.777 27621 27621 W ziparchive: Unable to open '/data/app/~~3zLxbeF46xa7UIzHjfRfRw==/com.android.vending-4KNz-VHaqfVrcFTUwNewqQ==/split_phonesky_data_loader.dm': No such file or directory
05-22 09:49:46.777 27621 27621 W ziparchive: Unable to open '/data/app/~~3zLxbeF46xa7UIzHjfRfRw==/com.android.vending-4KNz-VHaqfVrcFTUwNewqQ==/split_phonesky_data_loader.dm': No such file or directory
05-22 09:49:46.779 27621 27621 W ding:background: Entry not found
05-22 09:49:46.780 1290 4233 D CompatibilityChangeReporter: Compat change id reported: 261072174; UID 10047; state: ENABLED
05-22 09:49:46.781 27621 27621 W ziparchive: Unable to open '/data/app/~~3zLxbeF46xa7UIzHjfRfRw==/com.android.vending-4KNz-VHaqfVrcFTUwNewqQ==/split_phonesky_data_loader.config.arm64_v8a.dm': No such file or directory
05-22 09:49:46.781 27621 27621 W ziparchive: Unable to open '/data/app/~~3zLxbeF46xa7UIzHjfRfRw==/com.android.vending-4KNz-VHaqfVrcFTUwNewqQ==/split_phonesky_data_loader.config.arm64_v8a.dm': No such file or directory
05-22 09:49:46.782 3396 3396 E WearableService: PackageRecordCache: appContext was already set bapq@b9d7afd -> bapq@f8b20db
05-22 09:49:46.783 27621 27621 W ding:background: Entry not found
05-22 09:49:46.784 27646 27646 I SEP_UNION_SemUnionManager: getUnionService(semeventdelegator)
05-22 09:49:46.784 27646 27646 I Routine@Core[4.5.00.57]: LifestyleModeTileHelper: observeModeInfo
05-22 09:49:46.784 1290 1315 D SEP_UNION_SemDeviceInfoManagerService: Register intent = com.samsung.android.scs.ai.search.ACTION_UPDATE_INDEX, package = com.samsung.android.app.routines, userId = 0, flag = 0, conditions = null
05-22 09:49:46.785 1290 1315 D SEP_UNION_SemDeviceInfoManagerService: Same PendingIntent is in com.samsung.android.app.routines
05-22 09:49:46.786 27621 27621 D nativeloader: Configuring clns-7 for other apk /data/app/~~3zLxbeF46xa7UIzHjfRfRw==/com.android.vending-4KNz-VHaqfVrcFTUwNewqQ==/base.apk:/data/app/~~3zLxbeF46xa7UIzHjfRfRw==/com.android.vending-4KNz-VHaqfVrcFTUwNewqQ==/split_config.arm64_v8a.apk:/data/app/~~3zLxbeF46xa7UIzHjfRfRw==/com.android.vending-4KNz-VHaqfVrcFTUwNewqQ==/split_config.en.apk:/data/app/~~3zLxbeF46xa7UIzHjfRfRw==/com.android.vending-4KNz-VHaqfVrcFTUwNewqQ==/split_phonesky_data_loader.apk:/data/app/~~3zLxbeF46xa7UIzHjfRfRw==/com.android.vending-4KNz-VHaqfVrcFTUwNewqQ==/split_phonesky_data_loader.config.arm64_v8a.apk. target_sdk_version=34, uses_libraries=, library_path=/data/app/~~3zLxbeF46xa7UIzHjfRfRw==/com.android.vending-4KNz-VHaqfVrcFTUwNewqQ==/lib/arm64:/data/app/~~3zLxbeF46xa7UIzHjfRfRw==/com.android.vending-4KNz-VHaqfVrcFTUwNewqQ==/base.apk!/lib/arm64-v8a:/data/app/~~3zLxbeF46xa7UIzHjfRfRw==/com.android.vending-4KNz-VHaqfVrcFTUwNewqQ==/split_config.arm64_v8a.apk!/lib/arm64-v8a:/data/app/~~3zLxbeF46xa7UIzHjfRfRw==/com.android.vending-4KNz-VHaqfVr
05-22 09:49:46.787 27646 27646 I Routine@Core[4.5.00.57]: ModeMetaObserver: register
05-22 09:49:46.789 27646 27646 I [RoutineSdk3.0-3.1.5]: RoutineSdkImpl: setHandler - conditionHandler initialized
05-22 09:49:46.789 27646 27646 I [RoutineSdk3.0-3.1.5]: RoutineSdkImpl: setHandler - actionHandler initialized
05-22 09:49:46.790 27646 27646 I Routine@Core[4.5.00.57]: LifestyleModeTileHelper: setLifestyleModeTile
05-22 09:49:46.790 1290 2336 D PackageManager: setEnabledSetting : userId = 0 packageName = com.samsung.android.app.routines cmp = com.samsung.android.app.routines.LifestyleModeTile newState = 1 callingPackage = com.samsung.android.app.routines
05-22 09:49:46.791 1290 2336 D ApplicationPolicy: getApplicationStateEnabled : pkg = com.samsung.android.app.routines userId : 0
05-22 09:49:46.792 1290 2336 D ApplicationPolicy: getApplicationComponentState : pkg = com.samsung.android.app.routines userId : 0
05-22 09:49:46.796 3396 3396 I Wear_Controller: Wearable module requires a companion app to be installed.
05-22 09:49:46.796 3396 3396 I WearableService: onCreate: Wearable Services not starting. Wear is not available on this device.
05-22 09:49:46.797 1290 1315 I ActivityManager: Flag disabled. Ignoring finishAttachApplication from uid: 10047. pid: 27646
05-22 09:49:46.798 27646 27646 I Routine@Core[4.5.00.57]: RoutineService: onCreate
05-22 09:49:46.799 27646 27646 I Routine@Core[4.5.00.57]: ServiceExt: setServiceForeground: isForeground=true, reason=ROUTINE_SERVICE
05-22 09:49:46.801 27646 27646 I Routine@Core[4.5.00.57]: RoutineService: onStartCommand: com.samsung.android.routine.ACTION_PACKAGE_CHANGED
05-22 09:49:46.801 27646 27646 I Routine@Core[4.5.00.57]: MetadataLoaderImpl: collectInBackground - packageName:org.qtproject.example.spectrum
05-22 09:49:46.802 27646 27646 I Routine@Core[4.5.00.57]: MetadataSyncBacklog: add: null + org.qtproject.example.spectrum
05-22 09:49:46.802 27646 27646 I Routine@Core[4.5.00.57]: Pref: putSharedPrefsData() key=meta_loading_target_package_name
05-22 09:49:46.805 1290 1315 D CompatibilityChangeReporter: Compat change id reported: 253665015; UID 10047; state: ENABLED
05-22 09:49:46.805 1290 1315 D CompatibilityChangeReporter: Compat change id reported: 253665015; UID 10047; state: DISABLED
05-22 09:49:46.805 1290 1315 D CompatibilityChangeReporter: Compat change id reported: 194532703; UID 10047; state: ENABLED
05-22 09:49:46.809 1290 4244 D VpnManagerService: Exception: java.lang.NullPointerException: Attempt to invoke interface method 'int com.samsung.android.knox.zt.networktrust.filter.IKnoxNetworkFilterService.getKnoxNwFilterHttpProxyPort(int, java.lang.String)' on a null object reference
05-22 09:49:46.809 1290 4244 D VpnManagerService: at com.android.server.VpnManagerService.getKnoxNwFilterHttpProxyPort(VpnManagerService.java:1911)
05-22 09:49:46.809 1290 4244 D VpnManagerService: at android.net.IVpnManager$Stub.onTransact(IVpnManager.java:1055)
05-22 09:49:46.809 1290 4244 D VpnManagerService: at android.os.Binder.execTransactInternal(Binder.java:1375)
05-22 09:49:46.809 1290 4244 D VpnManagerService: at android.os.Binder.execTransact(Binder.java:1311)
05-22 09:49:46.813 27646 27646 I Routine@Core[4.5.00.57]: ServiceExt: setServiceForeground: isForeground=true, reason=PRELOAD_CONDITION_SERVICE
05-22 09:49:46.814 27621 27621 V GraphicsEnvironment: Currently set values for:
05-22 09:49:46.814 27621 27621 V GraphicsEnvironment: angle_gl_driver_selection_pkgs=[]
05-22 09:49:46.814 27621 27621 V GraphicsEnvironment: angle_gl_driver_selection_values=[]
05-22 09:49:46.814 984 23808 I sensors-hal: handle_sns_client_event:44, ambient_light_event: ts=45099583257668, event=91.000000
05-22 09:49:46.815 984 23808 I sensors-hal: handle_sns_client_event:44, ambient_light_event: ts=45099583500637, event=91.000000
05-22 09:49:46.815 27621 27621 V GraphicsEnvironment: ANGLE GameManagerService for com.android.vending: false
05-22 09:49:46.815 27621 27621 V GraphicsEnvironment: com.android.vending is not listed in per-application setting
05-22 09:49:46.816 27621 27621 V GraphicsEnvironment: Neither updatable production driver nor prerelease driver is supported.
05-22 09:49:46.816 1290 1704 I SemDvfsHyPerManager: acquire hyper - APP_LAUNCH/1290@32, type = -999
05-22 09:49:46.817 1290 4233 D ActivityTaskManager: startActivityAsUser: callingPid=27734, callingUid=2000, caller=com.android.server.wm.ActivityTaskManagerService.startActivityAsUser:1818 com.android.server.am.ActivityManagerService.startActivityAsUserWithFeature:3817 com.android.server.am.ActivityManagerShellCommand.runStartActivity:779 com.android.server.am.ActivityManagerShellCommand.onCommand:253 com.android.modules.utils.BasicShellCommandHandler.exec:97 android.os.ShellCommand.exec:38 com.android.server.am.ActivityManagerService.onShellCommand:11897
05-22 09:49:46.817 987 1117 I HYPER-HAL: [RequestManager.cpp]acquire(): Acquired ID : 874535 [1290 / 32] HINT : APP_LAUNCH list :
05-22 09:49:46.817 1290 1679 I ChimeraSystemEventListener: appLaunchIntent package name is: org.qtproject.example.spectrum
05-22 09:49:46.818 1290 1679 I ActivityManager: Force stopping org.qtproject.example.spectrum appid=10253 user=-1: set debug app
05-22 09:49:46.818 987 1117 I HYPER-HAL: [ResourceManager.cpp]updateResource(): [CPULittleMinFreq] UpdateResource Request ID : 874535 Value : 1804800
05-22 09:49:46.819 1290 4233 W ActivityTaskManager: callingPackage for (uid=2000, pid=27734) has no WPC
05-22 09:49:46.820 1290 4233 D CompatibilityChangeReporter: Compat change id reported: 244637991; UID 2000; state: ENABLED
05-22 09:49:46.820 3538 3538 I SDHMS:o : update midground cpus to 0-1
05-22 09:49:46.821 1290 4233 D CompatibilityChangeReporter: Compat change id reported: 265464455; UID 10253; state: DISABLED
05-22 09:49:46.821 1290 4233 D CompatibilityChangeReporter: Compat change id reported: 265452344; UID 10253; state: DISABLED
05-22 09:49:46.821 1290 4233 D CompatibilityChangeReporter: Compat change id reported: 266124927; UID 10253; state: DISABLED
05-22 09:49:46.821 1290 4233 D CompatibilityChangeReporter: Compat change id reported: 265451093; UID 10253; state: DISABLED
05-22 09:49:46.821 1290 4233 D CompatibilityChangeReporter: Compat change id reported: 265456536; UID 10253; state: DISABLED
05-22 09:49:46.821 1290 4233 D CompatibilityChangeReporter: Compat change id reported: 255940284; UID 10253; state: DISABLED
05-22 09:49:46.821 1290 4233 D CompatibilityChangeReporter: Compat change id reported: 236283604; UID 10253; state: DISABLED
05-22 09:49:46.821 1290 4233 D CompatibilityChangeReporter: Compat change id reported: 263959004; UID 10253; state: DISABLED
05-22 09:49:46.821 1290 4233 D CompatibilityChangeReporter: Compat change id reported: 264304459; UID 10253; state: DISABLED
05-22 09:49:46.821 1290 4233 D CompatibilityChangeReporter: Compat change id reported: 264301586; UID 10253; state: DISABLED
05-22 09:49:46.821 1290 4233 D CompatibilityChangeReporter: Compat change id reported: 254631730; UID 10253; state: DISABLED
05-22 09:49:46.821 1290 4233 D CompatibilityChangeReporter: Compat change id reported: 273509367; UID 10253; state: DISABLED
05-22 09:49:46.821 1290 4233 D CompatibilityChangeReporter: Compat change id reported: 263259275; UID 10253; state: DISABLED
05-22 09:49:46.823 987 1117 E HYPER-HAL: [HandlerSysfs.cpp]doResourceHandling(): Couldn't Open Sysfs - /sys/class/scsi_host/host0/../../../clkscale_enable
05-22 09:49:46.823 987 1117 I HYPER-HAL: [ResourceManager.cpp]updateResource(): [CPUMinFreq] UpdateResource Request ID : 874535 Value : 2208000
05-22 09:49:46.824 1290 4233 D CompatibilityChangeReporter: Compat change id reported: 174042980; UID 10253; state: DISABLED
05-22 09:49:46.824 1290 4233 D CompatibilityChangeReporter: Compat change id reported: 174042936; UID 10253; state: DISABLED
05-22 09:49:46.824 1290 4233 D CompatibilityChangeReporter: Compat change id reported: 181136395; UID 10253; state: DISABLED
05-22 09:49:46.827 1290 4233 D CompatibilityChangeReporter: Compat change id reported: 194480991; UID 10253; state: ENABLED
05-22 09:49:46.827 1290 4233 D WindowManager: Transition is created, t=TransitionRecord{5d64776 id=-1 type=OPEN flags=0x0}, caller=com.android.server.wm.TransitionController.createAndStartCollecting:1673 com.android.server.wm.ActivityStarter.startActivityUnchecked:2252 com.android.server.wm.ActivityStarter.executeRequest:1845 com.android.server.wm.ActivityStarter.execute:1004 com.android.server.wm.ActivityTaskManagerService.startActivityAsUser:1959
05-22 09:49:46.828 1290 4233 D WindowManager: SyncGroup is created, id=35, name=Transition, caller=com.android.server.wm.BLASTSyncEngine$SyncGroup.:0 com.android.server.wm.BLASTSyncEngine.prepareSyncSet:508 com.android.server.wm.BLASTSyncEngine.startSyncSet:513 com.android.server.wm.Transition.startCollecting:697 com.android.server.wm.TransitionController.moveToCollecting:343 com.android.server.wm.TransitionController.createAndStartCollecting:1674 com.android.server.wm.ActivityStarter.startActivityUnchecked:2252
