05-22 09:49:47.357 1180 1763 I SurfaceFlinger: id=642 createSurf, flag=24000, Surface(name=Dim Layer for - WindowedMagnification:0:31)/@0xf250dfb - animation-leash of dimmer#642
05-22 09:49:47.358 1290 1680 D WindowManager: makeSurface duration=1 leash=Surface(name=Surface(name=Dim Layer for - WindowedMagnification:0:31)/@0xf250dfb - animation-leash of dimmer)/@0x82b9e18
05-22 09:49:47.359 628 628 D keymaster_swd: keymaster_swd [WRN] (swd_run_cb:257) swd_finish() returns 0
05-22 09:49:47.362 628 628 W keymaster_tee: [WRN]begin req PARAMS: A32 B32 P1
05-22 09:49:47.367 1180 1180 I Layer : Layer [Surface(name=9985fef Waiting For Debugger: org.qtproject.example.spectrum)/@0xee3fb2c - animation-leash of window_animation#640] hidden!! flag(0)
05-22 09:49:47.368 1180 1180 I Layer : Layer::reparent [9985fef Waiting For Debugger: org.qtproject.example.spectrum#631] newParent : Surface(name=9985fef Waiting For Debugger: org.qtproject.example.spectrum)/@0xee3fb2c - animation-leash of window_animation#640 , isRemovedFromCurrentState : 0 -------------------------
05-22 09:49:47.368 1180 1180 I Layer : Layer::reparent [9985fef Waiting For Debugger: org.qtproject.example.spectrum#631] End -------------------------
05-22 09:49:47.368 1180 1180 I Layer : Layer [Dim Layer for - WindowedMagnification:0:31#641] hidden!! flag(0)
05-22 09:49:47.368 1180 1180 I Layer : Layer::reparent [Dim Layer for - WindowedMagnification:0:31#641] newParent : Surface(name=Dim Layer for - WindowedMagnification:0:31)/@0xf250dfb - animation-leash of dimmer#642 , isRemovedFromCurrentState : 0 -------------------------
05-22 09:49:47.368 1180 1180 I Layer : Layer::reparent [Dim Layer for - WindowedMagnification:0:31#641] End -------------------------
05-22 09:49:47.368 1180 1180 I Layer : Layer [Waiting For Debugger: org.qtproject.example.spectrum#636] hidden!! flag(0)
05-22 09:49:47.369 1100 27402 I QC2C2DEngine: calcYSize: unsupported or RGB color format, RGBA8888(1)
05-22 09:49:47.372 628 628 D keymaster_swd: keymaster_swd [WRN] (km_add_tag:500) skip: non repetable tag already exists with different value: 2684354
05-22 09:49:47.373 628 628 D keymaster_swd: keymaster_swd [WRN] (swd_run_cb:257) swd_begin() returns 0
05-22 09:49:47.373 625 10426 I keystore2: system/security/keystore2/src/security_level.rs:448 - In create_operation. Success to create IKeystoreOperation. 10182, None
05-22 09:49:47.374 2507 18845 I HoneySpace.HistoryRepositoryImpl: rawTasks : 1
05-22 09:49:47.375 2507 18845 I HoneySpace.HoneySpacePackageSourceImpl: getActiveItems : 43
05-22 09:49:47.375 2507 18845 I HoneySpace.HistoryRepositoryImpl: Add History Item : 0id:-1 label:spectrum componnet:org.qtproject.example.spectrum/org.qtproject.qt.android.bindings.QtActivity#UserHandle{0} badgeCount:0 drag:false iconState:NONE
05-22 09:49:47.375 2507 18845 I HoneySpace.HistoryRepositoryImpl: result : 1
05-22 09:49:47.382 628 628 D keymaster_swd: keymaster_swd [WRN] (swd_run_cb:257) swd_update() returns 0
05-22 09:49:47.384 1290 2116 I SearchManagerService: _updateSearchables
05-22 09:49:47.388 628 628 D keymaster_swd: keymaster_swd [WRN] (swd_run_cb:257) swd_finish() returns 0
05-22 09:49:47.389 1100 27402 I QC2C2DEngine: calcYSize: unsupported or RGB color format, RGBA8888(1)
05-22 09:49:47.394 1290 3904 D InputDispatcher: Focus entered window (0): 9985fef Waiting For Debugger: org.qtproject.example.spectrum
05-22 09:49:47.395 1290 1675 I ViewRootImpl@b0505c9[spectrum]: handleWindowFocusChanged: 1 0 call from android.view.ViewRootImpl.-$$Nest$mhandleWindowFocusChanged:0
05-22 09:49:47.395 1290 1675 D ViewRootImpl@b0505c9[spectrum]: mThreadedRenderer.initializeIfNeeded()#2 mSurface={isValid=true 0xb4000070668b7800}
05-22 09:49:47.395 1290 1675 I ImeFocusController: onPreWindowFocus: skipped, hasWindowFocustrue mHasImeFocus=false
05-22 09:49:47.395 1290 1675 I ImeFocusController: onPostWindowFocus: skipped, hasWindowFocustrue mHasImeFocus=false
05-22 09:49:47.407 1290 2116 W SearchableInfo: Invalid searchable metadata for com.samsung.android.messaging/.ui.view.main.picker.contact.ContactPickerActivity: Search label must be a resource reference.
05-22 09:49:47.412 1100 27402 I QC2C2DEngine: calcYSize: unsupported or RGB color format, RGBA8888(1)
05-22 09:49:47.414 984 23808 I sensors-hal: handle_sns_client_event:44, ambient_light_event: ts=45100183262355, event=352.000000
05-22 09:49:47.415 984 23808 I sensors-hal: handle_sns_client_event:44, ambient_light_event: ts=45100183500116, event=352.000000
05-22 09:49:47.454 628 628 W keymaster_tee: [WRN]begin req PARAMS: A32 B32 P1
05-22 09:49:47.468 628 628 D keymaster_swd: keymaster_swd [WRN] (km_add_tag:500) skip: non repetable tag already exists with different value: 2684354
05-22 09:49:47.468 628 628 D keymaster_swd: keymaster_swd [WRN] (swd_run_cb:257) swd_begin() returns 0
05-22 09:49:47.469 625 3159 I keystore2: system/security/keystore2/src/security_level.rs:448 - In create_operation. Success to create IKeystoreOperation. 10182, None
05-22 09:49:47.471 1180 1180 D SurfaceFlinger: Display 4630946835308409729 HWC layers:
05-22 09:49:47.471 1180 1180 D SurfaceFlinger: DEVICE | 0xb400007dac358f30 | 0100 | RGBA_8888 | 0.0 0.0 1200.0 1920.0 | 0 0 1200 1920 | Splash Screen org.qtproject.example.spectrum$_2254#617
05-22 09:49:47.471 1180 1180 D SurfaceFlinger: SOLID_COLOR | | 0000 | Unknown | 0.0 0.0 0.0 0.0 | 0 0 1200 1920 | Dim Layer for - WindowedMagnification:0:31#641
05-22 09:49:47.471 1180 1180 D SurfaceFlinger: CLIENT | 0xb400007dbaba9920 | 0100 | RGBA_8888 | 0.0 0.0 582.0 357.0 | 309 1494 891 1851 | Waiting For Debugger: org.qtproject.example.spectrum#636
05-22 09:49:47.471 1180 1180 D SurfaceFlinger: CLIENT | 0xb400007dac357720 | 0100 | RGBA_8888 | 0.0 0.0 1200.0 36.0 | 0 0 1200 36 | StatusBar$_2254#99
05-22 09:49:47.471 1180 1180 D SurfaceFlinger: CLIENT | 0xb400007dac3578e0 | 0100 | RGBA_8888 | 0.0 0.0 67.0 207.0 | 1133 432 1200 639 | com.sec.android.app.launcher/com.sam[...]ce.edge.CocktailBarService$_2507#160
05-22 09:49:47.471 1180 1180 D SurfaceFlinger: CLIENT | 0xb400007dac2d8980 | 0100 | RGBA_8888 | 0.0 0.0 1200.0 72.0 | 0 1848 1200 1920 | TaskbarWindow$_2507#128
05-22 09:49:47.471 1180 1180 D SurfaceFlinger: CLIENT | 0xb400007dac354b60 | 0100 | RGBA_8888 |
05-22 09:49:47.471 1180 1180 D SurfaceFlinger: 0.0 0.0 1200.0 1920.0 | 0 0 1200 1920 | PointerLocation - display 0#57
05-22 09:49:47.471 1180 1180 D SurfaceFlinger:
05-22 09:49:47.474 1290 2116 I SearchManagerService: _updateSearchables completed.
05-22 09:49:47.477 1290 2113 V MdnieScenarioControlService: mAclOffEnabled : false mAclPreviewState : false mAclCompensationState : false
05-22 09:49:47.477 2507 2507 I HoneySpace.HistoryPot: history item update 0
05-22 09:49:47.478 2507 2507 I HoneySpace.TaskbarPot: update history : 0
05-22 09:49:47.478 2507 2507 I HoneySpace.TaskbarPot: totalCount : 6
05-22 09:49:47.478 2507 2507 I HoneySpace.TaskbarPot: updateLayout() [count=6,gesture=false,hint=true,floating=false,wide=1,isMoreTaskButton=false]
05-22 09:49:47.478 2507 2507 I HoneySpace.TaskbarPot: updateChildData: iconSize = 50 iconWidth = 74
05-22 09:49:47.478 2507 2507 I HoneySpace.HotseatPot@267372609: updateData
05-22 09:49:47.478 2507 2507 I HoneySpace.HotseatPot@267372609: updateData iconSize = 50, itemWidth = 74
05-22 09:49:47.478 2507 2507 I HoneySpace.HotseatViewModel@114184999: load hotseat enter (OneUI, containerId=5, isTaskbarChild=true)
05-22 09:49:47.479 2507 2507 I HoneySpace.HistoryPot: updateData iconSize = 50, itemWidth = 74
05-22 09:49:47.480 628 628 D keymaster_swd: keymaster_swd [WRN] (swd_run_cb:257) swd_update() returns 0
05-22 09:49:47.480 2507 2507 I HoneySpace.HotseatViewModel@114184999: load hotseat start(OneUI, isTaskbarChild=true)
05-22 09:49:47.480 2507 2507 I HoneySpace.HoneySpacePackageSourceImpl: getActiveItems : 43
05-22 09:49:47.480 2507 2507 I HoneySpace.HoneySpacePackageSourceImpl: getHiddenItems : 0
05-22 09:49:47.480 2507 2507 I HoneySpace.HotseatRepositoryImpl: init : honeyDataList count = 6 containerId=5 true false
05-22 09:49:47.481 2507 2507 I HoneySpace.HotseatViewModel@114184999: load hotseat progress(App(item=id:24 label:Notes componnet:com.samsung.android.app.notes/.memolist.MemoListActivity#UserHandle{0} badgeCount:0 drag:false iconState:NONE, rank=0))
05-22 09:49:47.481 2507 2507 I HoneySpace.HotseatViewModel@114184999: load hotseat progress(OneUI, isTaskbarChild=true)
05-22 09:49:47.481 2507 2507 I HoneySpace.HotseatViewModel@114184999: load hotseat progress(App(item=id:25 label:My Files componnet:com.sec.android.app.myfiles/.ui.MainActivity#UserHandle{0} badgeCount:0 drag:false iconState:NONE, rank=1))
05-22 09:49:47.481 2507 2507 I HoneySpace.HotseatViewModel@114184999: load hotseat progress(OneUI, isTaskbarChild=true)
05-22 09:49:47.481 2507 2507 I HoneySpace.HotseatViewModel@114184999: load hotseat progress(App(item=id:26 label:Calendar componnet:com.samsung.android.calendar/com.samsung.android.app.calendar.activity.MainActivity#UserHandle{0} badgeCount:0 drag:false iconState:NONE, rank=2))
05-22 09:49:47.481 2507 2507 I HoneySpace.HotseatViewModel@114184999: load hotseat progress(OneUI, isTaskbarChild=true)
05-22 09:49:47.481 2507 2507 I HoneySpace.HotseatViewModel@114184999: load hotseat progress(App(item=id:27 label:Messages componnet:com.google.android.apps.messaging/.ui.ConversationListActivity#UserHandle{0} badgeCount:0 drag:false iconState:NONE, rank=3))
05-22 09:49:47.481 2507 2507 I HoneySpace.HotseatViewModel@114184999: load hotseat progress(OneUI, isTaskbarChild=true)
05-22 09:49:47.481 2507 2507 I HoneySpace.HotseatViewModel@114184999: load hotseat progress(App(item=id:28 label:Internet componnet:com.sec.android.app.sbrowser/.SBrowserMainActivity#UserHandle{0} badgeCount:0 drag:false iconState:NONE, rank=4))
05-22 09:49:47.481 2507 2507 I HoneySpace.HotseatViewModel@114184999: load hotseat progress(OneUI, isTaskbarChild=true)
05-22 09:49:47.481 2507 2507 I HoneySpace.HotseatViewModel@114184999: load hotseat progress(App(item=id:29 label:Camera componnet:com.sec.android.app.camera/.Camera#UserHandle{0} badgeCount:0 drag:false iconState:NONE, rank=5))
05-22 09:49:47.481 2507 2507 I HoneySpace.HotseatViewModel@114184999: load hotseat progress(OneUI, isTaskbarChild=true)
05-22 09:49:47.481 2507 2507 I HoneySpace.HotseatViewModel@114184999: updateItem updateRank=true updateDb=true, MAIN, isTaskbarChild=true
05-22 09:49:47.481 2507 2507 I HoneySpace.DataCache: updateItem : id=24, title=null, type=APP, containerType=ITEM_GROUP, containerId=5, x=-1, y=-1, rank=0, component=com.samsung.android.app.notes/.memolist.MemoListActivity, profileId=0, intent=null, restored=0, hidden=UNHIDDEN
05-22 09:49:47.482 2507 2507 I HoneySpace.HotseatViewModel@114184999: updateItem App(item=id:24 label:Notes componnet:com.samsung.android.app.notes/.memolist.MemoListActivity#UserHandle{0} badgeCount:0 drag:false iconState:NONE, rank=0), insert=false
05-22 09:49:47.482 2507 2507 I HoneySpace.DataCache: updateItem : id=25, title=null, type=APP, containerType=ITEM_GROUP, containerId=5, x=-1, y=-1, rank=1, component=com.sec.android.app.myfiles/.ui.MainActivity, profileId=0, intent=null, restored=0, hidden=UNHIDDEN
05-22 09:49:47.482 2507 2507 I HoneySpace.HotseatViewModel@114184999: updateItem App(item=id:25 label:My Files componnet:com.sec.android.app.myfiles/.ui.MainActivity#UserHandle{0} badgeCount:0 drag:false iconState:NONE, rank=1), insert=false
05-22 09:49:47.482 2507 2507 I HoneySpace.DataCache: updateItem : id=26, title=null, type=APP, containerType=ITEM_GROUP, containerId=5, x=-1, y=-1, rank=2, component=com.samsung.android.calendar/com.samsung.android.app.calendar.activity.MainActivity, profileId=0, intent=null, restored=0, hidden=UNHIDDEN
05-22 09:49:47.482 2507 2507 I HoneySpace.HotseatViewModel@114184999: updateItem App(item=id:26 label:Calendar componnet:com.samsung.android.calendar/com.samsung.android.app.calendar.activity.MainActivity#UserHandle{0} badgeCount:0 drag:false iconState:NONE, rank=2), insert=false
05-22 09:49:47.482 2507 2507 I HoneySpace.DataCache: updateItem : id=27, title=null, type=APP, containerType=ITEM_GROUP, containerId=5, x=-1, y=-1, rank=3, component=com.google.android.apps.messaging/.ui.ConversationListActivity, profileId=0, intent=null, restored=0, hidden=UNHIDDEN
05-22 09:49:47.482 2507 2507 I HoneySpace.HotseatViewModel@114184999: updateItem App(item=id:27 label:Messages componnet:com.google.android.apps.messaging/.ui.ConversationListActivity#UserHandle{0} badgeCount:0 drag:false iconState:NONE, rank=3), insert=false
05-22 09:49:47.482 2507 2507 I HoneySpace.DataCache: updateItem : id=28, title=null, type=APP, containerType=ITEM_GROUP, containerId=5, x=-1, y=-1, rank=4, component=com.sec.android.app.sbrowser/.SBrowserMainActivity, profileId=0, intent=null, restored=0, hidden=UNHIDDEN
05-22 09:49:47.482 2507 2507 I HoneySpace.HotseatViewModel@114184999: updateItem App(item=id:28 label:Internet componnet:com.sec.android.app.sbrowser/.SBrowserMainActivity#UserHandle{0} badgeCount:0 drag:false iconState:NONE, rank=4), insert=false
05-22 09:49:47.482 2507 2507 I HoneySpace.DataCache: updateItem : id=29, title=null, type=APP, containerType=ITEM_GROUP, containerId=5, x=-1, y=-1, rank=5, component=com.sec.android.app.camera/.Camera, profileId=0, intent=null, restored=0, hidden=UNHIDDEN
05-22 09:49:47.482 2507 2507 I HoneySpace.HotseatViewModel@114184999: updateItem App(item=id:29 label:Camera componnet:com.sec.android.app.camera/.Camera#UserHandle{0} badgeCount:0 drag:false iconState:NONE, rank=5), insert=false
05-22 09:49:47.482 2507 2507 I HoneySpace.HoneySpacePackageSourceImpl: getActiveItems : 43
05-22 09:49:47.482 2507 2507 I HoneySpace.HotseatViewModel@114184999: load hotseat succeeded(OneUI, isTaskbarChild=true)
05-22 09:49:47.492 628 628 D keymaster_swd: keymaster_swd [WRN] (swd_run_cb:257) swd_finish() returns 0
05-22 09:49:47.499 1100 27402 I QC2C2DEngine: calcYSize: unsupported or RGB color format, RGBA8888(1)
05-22 09:49:47.507 1290 3904 D VpnManagerService: Exception: java.lang.NullPointerException: Attempt to invoke interface method 'int com.samsung.android.knox.zt.networktrust.filter.IKnoxNetworkFilterService.getKnoxNwFilterHttpProxyPort(int, java.lang.String)' on a null object reference
05-22 09:49:47.507 1290 3904 D VpnManagerService: at com.android.server.VpnManagerService.getKnoxNwFilterHttpProxyPort(VpnManagerService.java:1911)
05-22 09:49:47.507 1290 3904 D VpnManagerService: at android.net.IVpnManager$Stub.onTransact(IVpnManager.java:1055)
05-22 09:49:47.507 1290 3904 D VpnManagerService: at android.os.Binder.execTransactInternal(Binder.java:1375)
05-22 09:49:47.507 1290 3904 D VpnManagerService: at android.os.Binder.execTransact(Binder.java:1311)
05-22 09:49:47.512 2507 2507 W SeslRecyclerView: RecyclerView does not support scrolling to an absolute position. Use scrollToPosition instead
05-22 09:49:47.512 2507 2507 W SeslRecyclerView: RecyclerView does not support scrolling to an absolute position. Use scrollToPosition instead
05-22 09:49:47.512 2507 2507 W SeslRecyclerView: RecyclerView does not support scrolling to an absolute position. Use scrollToPosition instead
05-22 09:49:47.512 2507 2507 W SeslRecyclerView: RecyclerView does not support scrolling to an absolute position. Use scrollToPosition instead
05-22 09:49:47.518 2507 2507 I Edge.TrayVisibilityController: getComputedTrayVisible : keyguardState = 1
05-22 09:49:47.518 2507 2507 I Edge.TrayVisibilityController: updateTrayVisible: State=1 visible=1 mCurrentVisible=1 specificMode=0
05-22 09:49:47.518 2507 2507 I Edge.TrayStateController: onNotifyUpdateTray: state=0
05-22 09:49:47.518 27768 27768 I Routine@Ui[4.5.00.57]: Routine: Routine:onCreate: sIsDebugLevelMid=false, secLevel=false
05-22 09:49:47.518 984 23808 I sensors-hal: handle_sns_client_event:44, ambient_light_event: ts=45100283259751, event=352.000000
05-22 09:49:47.519 984 23808 I sensors-hal: handle_sns_client_event:44, ambient_light_event: ts=45100283499074, event=352.000000
05-22 09:49:47.521 2507 2507 W SeslRecyclerView: RecyclerView does not support scrolling to an absolute position. Use scrollToPosition instead
05-22 09:49:47.521 2507 2507 W SeslRecyclerView: RecyclerView does not support scrolling to an absolute position. Use scrollToPosition instead
05-22 09:49:47.530 1100 27402 I QC2C2DEngine: calcYSize: unsupported or RGB color format, RGBA8888(1)
05-22 09:49:47.532 2507 2507 W SeslRecyclerView: RecyclerView does not support scrolling to an absolute position. Use scrollToPosition instead
05-22 09:49:47.532 2507 2507 W SeslRecyclerView: RecyclerView does not support scrolling to an absolute position. Use scrollToPosition instead
05-22 09:49:47.543 1100 27402 I QC2C2DEngine: calcYSize: unsupported or RGB color format, RGBA8888(1)
05-22 09:49:47.547 2507 2507 W SeslRecyclerView: RecyclerView does not support scrolling to an absolute position. Use scrollToPosition instead
05-22 09:49:47.547 2507 2507 W SeslRecyclerView: RecyclerView does not support scrolling to an absolute position. Use scrollToPosition instead
05-22 09:49:47.551 628 628 W keymaster_tee: [WRN]begin req PARAMS: A32 B32 P1
05-22 09:49:47.561 27768 27768 I Routine@Ui[4.5.00.57]: RoutinesAppWidgetProviderPolicyImpl: getAvailableAppWidgetProviderComponentName - [old : 0, new : 0]
05-22 09:49:47.561 27768 27768 I Routine@Ui[4.5.00.57]: RoutinesAppWidgetProviderPolicyImpl: getAvailableComponentName - don't have any widget ids.
05-22 09:49:47.561 27768 27768 I Routine@Ui[4.5.00.57]: SALogger: setConfiguration start
05-22 09:49:47.562 27768 27768 I Routine@Ui[4.5.00.57]: SALogger: registerSharedPreferences()
05-22 09:49:47.563 27768 27768 I Routine@Ui[4.5.00.57]: SALogger: setConfiguration done
05-22 09:49:47.563 628 628 D keymaster_swd: keymaster_swd [WRN] (km_usage_expire_datetime_valid:223) for purpose 0 we shuldn't check KM_TAG_USAGE_EXPIRE_DATETIME
05-22 09:49:47.563 628 628 D keymaster_swd: keymaster_swd [WRN] (km_add_tag:500) skip: non repetable tag already exists with different value: 2684354
05-22 09:49:47.563 628 628 D keymaster_swd: keymaster_swd [WRN] (swd_run_cb:257) swd_begin() returns 0
05-22 09:49:47.564 625 3159 I keystore2: system/security/keystore2/src/security_level.rs:448 - In create_operation. Success to create IKeystoreOperation. 10182, None
05-22 09:49:47.567 27768 27768 I DIAGMON_SDK[605065]: DiagMonAgent type: 2
05-22 09:49:47.568 27768 27768 I DIAGMON_SDK[605065][br23r9jsjw] : generated SR object
05-22 09:49:47.568 2507 2507 W SeslRecyclerView: RecyclerView does not support scrolling to an absolute position. Use scrollToPosition instead
05-22 09:49:47.568 2507 2507 W SeslRecyclerView: RecyclerView does not support scrolling to an absolute position. Use scrollToPosition instead
05-22 09:49:47.571 27768 27768 I CapsuleProvider_1.0.25: releasing initialize wait lock.
05-22 09:49:47.572 27768 27768 I a_1.0.25: initialized
05-22 09:49:47.572 1100 27402 I QC2C2DEngine: calcYSize: unsupported or RGB color format, RGBA8888(1)
05-22 09:49:47.572 628 628 D keymaster_swd: keymaster_swd [WRN] (swd_run_cb:257) swd_update() returns 0
05-22 09:49:47.580 628 628 D keymaster_swd: keymaster_swd [WRN] (swd_run_cb:257) swd_finish() returns 0
05-22 09:49:47.581 27768 27768 I [RoutineSdk3.0-3.1.5]: RoutineSdkImpl: setHandler - conditionHandler initialized
05-22 09:49:47.581 27768 27768 I [RoutineSdk3.0-3.1.5]: RoutineSdkImpl: setHandler - actionHandler initialized
05-22 09:49:47.581 27768 27768 I Routine@Ui[4.5.00.57]: LifestyleModeTileHelper: setLifestyleModeTile
05-22 09:49:47.583 27621 27621 I Finsky:background: [2] aaen.p(262): Finished reading experiment flags from file [Se-xCc4LzNyh3UrKMIU2sUf-PUKz4oQEbpKZDMuaFno] numFlags=1963.
05-22 09:49:47.584 1290 3904 D PackageManager: setEnabledSetting : userId = 0 packageName = com.samsung.android.app.routines cmp = com.samsung.android.app.routines.LifestyleModeTile newState = 1 callingPackage = com.samsung.android.app.routines
05-22 09:49:47.584 628 628 W keymaster_tee: [WRN]begin req PARAMS: A32 B32 P1
05-22 09:49:47.593 1290 3904 D ApplicationPolicy: getApplicationStateEnabled : pkg = com.samsung.android.app.routines userId : 0
05-22 09:49:47.594 1100 27402 I QC2C2DEngine: calcYSize: unsupported or RGB color format, RGBA8888(1)
05-22 09:49:47.595 1290 3904 D ApplicationPolicy: getApplicationComponentState : pkg = com.samsung.android.app.routines userId : 0
05-22 09:49:47.602 2507 2507 W SeslRecyclerView: RecyclerView does not support scrolling to an absolute position. Use scrollToPosition instead
05-22 09:49:47.602 2507 2507 W SeslRecyclerView: RecyclerView does not support scrolling to an absolute position. Use scrollToPosition instead
05-22 09:49:47.604 1290 3496 I ActivityManager: Flag disabled. Ignoring finishAttachApplication from uid: 10047. pid: 27768
05-22 09:49:47.615 984 23808 I sensors-hal: handle_sns_client_event:44, ambient_light_event: ts=45100383259491, event=353.000000
05-22 09:49:47.615 984 23808 I sensors-hal: handle_sns_client_event:44, ambient_light_event: ts=45100383499855, event=353.000000
05-22 09:49:47.616 27768 27830 I Routine@Ui[4.5.00.57]: Pref: putSharedPrefsData() key=debug_mode_features
05-22 09:49:47.617 27792 27792 I StateUtils: isDirectBootMode On : true
05-22 09:49:47.617 27768 27768 I Routine@Ui[4.5.00.57]: MetadataSyncHistory: latest : 4.5.00.57, currentVersion : 4.5.00.57
05-22 09:49:47.621 1100 27402 I QC2C2DEngine: calcYSize: unsupported or RGB color format, RGBA8888(1)
05-22 09:49:47.623 2507 2507 W SeslRecyclerView: RecyclerView does not support scrolling to an absolute position. Use scrollToPosition instead
05-22 09:49:47.623 2507 2507 W SeslRecyclerView: RecyclerView does not support scrolling to an absolute position. Use scrollToPosition instead
05-22 09:49:47.626 27768 27830 I Routine@Ui[4.5.00.57]: DebugModeRepository: initialized.
05-22 09:49:47.628 628 628 D keymaster_swd: keymaster_swd [WRN] (km_add_tag:500) skip: non repetable tag already exists with different value: 2684354
05-22 09:49:47.628 628 628 D keymaster_swd: keymaster_swd [WRN] (swd_run_cb:257) swd_begin() returns 0
05-22 09:49:47.628 625 10426 I keystore2: system/security/keystore2/src/security_level.rs:448 - In create_operation. Success to create IKeystoreOperation. 10182, None
05-22 09:49:47.632 841 841 E audit : type=1400 audit(1716360587.627:8944): avc: denied { ioctl } for pid=27792 comm="pp.clockpackage" path="/data/data/com.sec.android.app.clockpackage/databases/watchinfo.db" dev="dm-51" ino=839 ioctlcmd=0xf522 scontext=u:r:platform_app:s0:c512,c768 tcontext=u:object_r:app_data_file:s0:c512,c768 tclass=file permissive=0 SEPF_SM-X210_12_0001 audit_filtered
05-22 09:49:47.636 628 628 D keymaster_swd: keymaster_swd [WRN] (swd_run_cb:257) swd_update() returns 0
05-22 09:49:47.641 1100 27402 I QC2C2DEngine: calcYSize: unsupported or RGB color format, RGBA8888(1)
05-22 09:49:47.642 27753 27753 I System.out: Debugger has connected
05-22 09:49:47.642 27753 27753 I System.out: waiting for debugger to settle...
05-22 09:49:47.642 628 628 D keymaster_swd: keymaster_swd [WRN] (swd_run_cb:257) swd_finish() returns 0
05-22 09:49:47.642 27792 27792 I StateUtils: isDirectBootMode On : true
05-22 09:49:47.644 27792 27792 I ClockSettingsSearchProvider: onCreate()
05-22 09:49:47.644 27792 27792 I ClockSettingsSearchProvider: secQueryGetFingerprint
05-22 09:49:47.646 2507 2507 W SeslRecyclerView: RecyclerView does not support scrolling to an absolute position. Use scrollToPosition instead
05-22 09:49:47.646 2507 2507 W SeslRecyclerView: RecyclerView does not support scrolling to an absolute position. Use scrollToPosition instead
05-22 09:49:47.646 625 25615 E keystore2: system/security/keystore2/src/keystore2_main.rs:73 - !@ [SQLITE3] 30: open db: flags=6, :memory:
05-22 09:49:47.648 27792 27792 I CapsuleProvider_1.0.24: onCreate
05-22 09:49:47.651 841 841 E audit : type=1400 audit(1716360587.647:8945): avc: denied { ioctl } for pid=625 comm="binder:625_9" path="/data/misc/keystore/persistent.sqlite" dev="dm-51" ino=261 ioctlcmd=0xf522 scontext=u:r:keystore:s0 tcontext=u:object_r:keystore_data_file:s0 tclass=file permissive=0 SEPF_SM-X210_12_0001 audit_filtered
05-22 09:49:47.658 27621 27621 I Finsky:background: [2] yio.(61): yih - Registering in memory receiver for android.intent.action.PACKAGE_ADDED and android.intent.action.PACKAGE_REMOVED
05-22 09:49:47.662 628 628 W keymaster_tee: [WRN]begin req PARAMS: A32 B32 P1
05-22 09:49:47.671 1100 27402 I QC2C2DEngine: calcYSize: unsupported or RGB color format, RGBA8888(1)
05-22 09:49:47.671 1290 1315 I ActivityManager: Flag disabled. Ignoring finishAttachApplication from uid: 10182. pid: 27621
05-22 09:49:47.676 2507 2507 W SeslRecyclerView: RecyclerView does not support scrolling to an absolute position. Use scrollToPosition instead
05-22 09:49:47.676 2507 2507 W SeslRecyclerView: RecyclerView does not support scrolling to an absolute position. Use scrollToPosition instead
05-22 09:49:47.678 628 628 D keymaster_swd: keymaster_swd [WRN] (km_add_tag:500) skip: non repetable tag already exists with different value: 2684354
05-22 09:49:47.678 628 628 D keymaster_swd: keymaster_swd [WRN] (swd_run_cb:257) swd_begin() returns 0
05-22 09:49:47.678 625 25615 I keystore2: system/security/keystore2/src/security_level.rs:448 - In create_operation. Success to create IKeystoreOperation. 10182, None
05-22 09:49:47.684 628 628 D keymaster_swd: keymaster_swd [WRN] (swd_run_cb:257) swd_update() returns 0
05-22 09:49:47.687 27621 27621 I Finsky:background: [2] kjp.j(311): This process start was not selected for Play memory metrics collection.
05-22 09:49:47.691 628 628 D keymaster_swd: keymaster_swd [WRN] (swd_run_cb:257) swd_finish() returns 0
05-22 09:49:47.692 1100 27402 I QC2C2DEngine: calcYSize: unsupported or RGB color format, RGBA8888(1)
05-22 09:49:47.697 2507 2507 W SeslRecyclerView: RecyclerView does not support scrolling to an absolute position. Use scrollToPosition instead
05-22 09:49:47.697 2507 2507 W SeslRecyclerView: RecyclerView does not support scrolling to an absolute position. Use scrollToPosition instead
05-22 09:49:47.702 1290 1315 I ActivityManager: Killing 26459:com.osp.app.signin/u0a83 (adj 999): empty #19
05-22 09:49:47.706 1290 1308 I system_server: Background concurrent copying GC freed 485868(23MB) AllocSpace objects, 31(780KB) LOS objects, 28% free, 59MB/83MB, paused 214us,138us total 261.299ms
05-22 09:49:47.715 984 23808 I sensors-hal: handle_sns_client_event:44, ambient_light_event: ts=45100483499334, event=353.000000
05-22 09:49:47.715 27792 27792 I StateUtils: isDirectBootMode On : true
05-22 09:49:47.715 27792 27812 I ProviderCallHandler: execute getMigrationDataAboutSleepSchedule by com.samsung.android.app.routines
05-22 09:49:47.715 27792 27812 I ProviderCallHandler: getMigrationDataAboutSleepSchedule
05-22 09:49:47.715 27792 27792 I StateUtils: isUserUnlockedDevice : true
05-22 09:49:47.716 1100 27402 I QC2C2DEngine: calcYSize: unsupported or RGB color format, RGBA8888(1)
05-22 09:49:47.718 27792 27812 I RoutineUtil: isRoutinePackageEnabled true
05-22 09:49:47.719 2507 2507 W SeslRecyclerView: RecyclerView does not support scrolling to an absolute position. Use scrollToPosition instead
05-22 09:49:47.719 2507 2507 W SeslRecyclerView: RecyclerView does not support scrolling to an absolute position. Use scrollToPosition instead
05-22 09:49:47.716 1290 1717 I libprocessgroup: Successfully killed process cgroup uid 10083 pid 26459 in 6ms
05-22 09:49:47.720 1290 1680 I WindowManager: Reparenting to original parent: Surface(name=WindowToken{b5ce4ce type=2003 android.view.ViewRootImpl$W@b0505c9})/@0xda189f5, destroy=true, surface=Surface(name=9985fef Waiting For Debugger: org.qtproject.example.spectrum)/@0xee3fb2c
05-22 09:49:47.720 1290 1680 I WindowManager: Reparenting to original parent: Surface(name=WindowedMagnification:0:31)/@0x151f413, destroy=true, surface=Surface(name=Dim Layer for - WindowedMagnification:0:31)/@0xf250dfb
05-22 09:49:47.720 628 628 W keymaster_tee: [WRN]begin req PARAMS: A32 B32 P1
05-22 09:49:47.721 1290 4437 D SemWifiUsabilityStatsMonitor: onWifiUsabilityStats - seqNum 305, isSameBssidAndFreq true
05-22 09:49:47.721 1290 2165 I SemWifiLinkQualityMonitor: Link stat: 1106 / 86 / 1.02 (63) / 96 / -40.0 || 100.0 : 96.00 / RT QoS: false (false) || QoS: 0.16 ms / 49.57 Mbps (N) / 0 (0)
05-22 09:49:47.722 27792 27846 I NotificationChannelUtils: createAllChannels
05-22 09:49:47.722 1290 1680 D WindowManager: updateSystemBarAttributes: displayId=0, win=Window{9985fef u0 Waiting For Debugger: org.qtproject.example.spectrum}, navColorWin=Window{9985fef u0 Waiting For Debugger: org.qtproject.example.spectrum}, focusedCanBeNavColorWin=false, behavior=1, appearance=0, statusBarAppearanceRegions=[AppearanceRegion{ bounds=[0,0][1200,1920]}], requestedVisibilities=-9, from=com.android.server.wm.DisplayPolicy.finishPostLayoutPolicyLw:2310 com.android.server.wm.DisplayContent.applySurfaceChangesTransaction:6135 com.android.server.wm.RootWindowContainer.applySurfaceChangesTransaction:1171
05-22 09:49:47.724 1290 2191 D WifiConnectivityMonitor: start WCM Poll.
05-22 09:49:47.729 1290 1315 I ActivityManager: Flag disabled. Ignoring finishAttachApplication from uid: 10245. pid: 27792
05-22 09:49:47.729 2254 2254 D SamsungStatusBarGrayIconHelper: isGrayAppearance=false
05-22 09:49:47.729 27792 27812 I RoutineUtil: startSmartThingsDataMigration-> migration request without restore
05-22 09:49:47.729 27792 27812 I RoutineUtil: startSmartThingsDataMigration-> start smartthings migration
05-22 09:49:47.729 2254 2254 D SamsungLightBarControlHelper: onStatusBarAppearanceChanged() - sbModeChanged:false, statusBarMode:0, barState:MODE_TRANSPARENT, isKeyguardShowing:false, navbarColorManagedByIme:false, stackAppearanceChanged:true, (AppearanceRegion{ bounds=[0,0][1200,1920]}, ), packageName:android
05-22 09:49:47.730 2507 2546 I HoneySpace.TaskbarEventTracker: invokeEvent() called with: event = OnSystemBarAttributesChanged(displayId=0, behavior=1)
05-22 09:49:47.730 2254 2254 D TaskbarDelegate: onSystemBarAttributesChanged() - displayId:0, appearance:0, navbarColorManagedByIme: false, packageName: android
05-22 09:49:47.730 2507 2546 I HoneySpace.TaskbarEventTracker: invokeEvent() called with: event = HandleNavigationBarEvent(eventData=NavBarEvents(eventType=ON_APPEARANCE_CHANGED, iconType=null, remoteViewBundle=null, iconBitmapBundle=null, orderDefault=true, position=0, rotationLocked=false, transientShowing=false, appearance=0, pluginBundle=null, hiddenByKnox=false, insetsBundle=null))
05-22 09:49:47.731 2254 2254 D SamsungLightBarControlHelper: updateNavigationBar (WHITE button) isLightOpaque:false, hasLightNavigationBarFlag:false, packageName:android, DirectReplying:false, NavBarColorMangedByIme:false, ForceDarkForScrim:false, QsCustomizing:false, PanelHasWhiteBg:true
05-22 09:49:47.732 27792 27846 I DIAGMON_SDK[605065]: DiagMonAgent type: 2
05-22 09:49:47.732 2507 2546 I HoneySpace.TaskbarEventTracker: invokeEvent() called with: event = NavButtonsDarkIntensityChanged(darkIntensity=1.0)
05-22 09:49:47.732 27792 27846 I DIAGMON_SDK[605065][clj47h9zhd] : generated SR object
05-22 09:49:47.734 2254 2254 D StatusBarIconController: ignoring old pipeline callback because the new wifi icon is enabled
05-22 09:49:47.735 27792 27846 I [RoutineSdk3.0-3.0.0]: RoutineSdkImpl: setHandler - conditionHandler initialized
05-22 09:49:47.735 27792 27846 I [RoutineSdk3.0-3.0.0]: RoutineSdkImpl: setHandler - actionHandler initialized
05-22 09:49:47.736 1100 27402 I QC2C2DEngine: calcYSize: unsupported or RGB color format, RGBA8888(1)
05-22 09:49:47.736 2254 2254 D SamsungLightBarControlHelper: updateStatusBar (WHITE icon) numStacks:1, StatusBarMode:MODE_TRANSPARENT, lightBarBounds:[], StatusBarState:SHADE, packageName:android, isWhiteKeyguardStatusBar:false
05-22 09:49:47.736 1180 1180 I Layer : Layer::reparent [9985fef Waiting For Debugger: org.qtproject.example.spectrum#631] newParent : WindowToken{b5ce4ce type=2003 android.view.ViewRootImpl$W@b0505c9}#630 , isRemovedFromCurrentState : 0 -------------------------
05-22 09:49:47.737 1180 1180 I Layer : Layer::reparent [9985fef Waiting For Debugger: org.qtproject.example.spectrum#631] End -------------------------
05-22 09:49:47.737 1180 1180 I Layer : Layer::reparent [Surface(name=9985fef Waiting For Debugger: org.qtproject.example.spectrum)/@0xee3fb2c - animation-leash of window_animation#640] newParentHandle : null -------------------------
05-22 09:49:47.737 1180 1180 I Layer : id=640 removeFromCurrentState Surface(name=9985fef Waiting For Debugger: org.qtproject.example.spectrum)/@0xee3fb2c - animation-leash of window_animation#640 (254)
05-22 09:49:47.737 1180 1180 I Layer : Layer::reparent [Surface(name=9985fef Waiting For Debugger: org.qtproject.example.spectrum)/@0xee3fb2c - animation-leash of window_animation#640] End -------------------------
05-22 09:49:47.737 1180 1180 I Layer : Layer::reparent [Dim Layer for - WindowedMagnification:0:31#641] newParent : WindowedMagnification:0:31#3 , isRemovedFromCurrentState : 0 -------------------------
05-22 09:49:47.737 1180 1180 I Layer : Layer::reparent [Dim Layer for - WindowedMagnification:0:31#641] End -------------------------
05-22 09:49:47.737 1180 1180 I Layer : Layer::reparent [Surface(name=Dim Layer for - WindowedMagnification:0:31)/@0xf250dfb - animation-leash of dimmer#642] newParentHandle : null -------------------------
05-22 09:49:47.737 1180 1180 I Layer : id=642 removeFromCurrentState Surface(name=Dim Layer for - WindowedMagnification:0:31)/@0xf250dfb - animation-leash of dimmer#642 (254)
05-22 09:49:47.737 1180 1180 I Layer : Layer::reparent [Surface(name=Dim Layer for - WindowedMagnification:0:31)/@0xf250dfb - animation-leash of dimmer#642] End -------------------------
05-22 09:49:47.738 2507 2546 I HoneySpace.TaskbarEventTracker: invokeEvent() called with: event = NavButtonsDarkIntensityChanged(darkIntensity=1.0)
05-22 09:49:47.739 2507 2507 W SeslRecyclerView: RecyclerView does not support scrolling to an absolute position. Use scrollToPosition instead
05-22 09:49:47.739 2507 2507 W SeslRecyclerView: RecyclerView does not support scrolling to an absolute position. Use scrollToPosition instead
05-22 09:49:47.741 628 628 D keymaster_swd: keymaster_swd [WRN] (km_usage_expire_datetime_valid:223) for purpose 0 we shuldn't check KM_TAG_USAGE_EXPIRE_DATETIME
05-22 09:49:47.741 628 628 D keymaster_swd: keymaster_swd [WRN] (km_add_tag:500) skip: non repetable tag already exists with different value: 2684354
05-22 09:49:47.741 628 628 D keymaster_swd: keymaster_swd [WRN] (swd_run_cb:257) swd_begin() returns 0
05-22 09:49:47.741 1180 1180 I Layer : id=644 Destroyed Surface(name=Dim Layer for - WindowedMagnification:0:31)/@0xf250dfb - animation-leash of dimmer#642 (Mirror)#644
05-22 09:49:47.741 1180 1180 I Layer : id=643 Destroyed Surface(name=9985fef Waiting For Debugger: org.qtproject.example.spectrum)/@0xee3fb2c - animation-leash of window_animation#640 (Mirror)#643
05-22 09:49:47.741 625 3159 I keystore2: system/security/keystore2/src/security_level.rs:448 - In create_operation. Success to create IKeystoreOperation. 10182, None
05-22 09:49:47.743 2254 2342 D Tile.WifiTile: handleUpdateState isTransient=false transientEnabling =false cb.isTransient=false state.state = 2 mStateBeforeClick.value =false enabled =true
05-22 09:49:47.744 1180 1180 I SurfaceFlinger: id=640 Removed Surface(name=9985fef Waiting For Debugger: org.qtproject.example.spectrum)/@0xee3fb2c - animation-leash of window_animation#640 (252)
05-22 09:49:47.744 1180 1180 I SurfaceFlinger: id=642 Removed Surface(name=Dim Layer for - WindowedMagnification:0:31)/@0xf250dfb - animation-leash of dimmer#642 (252)
05-22 09:49:47.746 2507 2546 I HoneySpace.TaskbarEventTracker: invokeEvent() called with: event = NavButtonsDarkIntensityChanged(darkIntensity=0.7172242)
05-22 09:49:47.748 841 841 E audit : type=1400 audit(1716360587.731:8946): avc: denied { ioctl } for pid=27792 comm="binder:27792_2" path="/data/user_de/0/com.sec.android.app.clockpackage/databases/alarm.db" dev="dm-51" ino=4415 ioctlcmd=0xf522 scontext=u:r:platform_app:s0:c512,c768 tcontext=u:object_r:app_data_file:s0:c512,c768 tclass=file permissive=0 SEPF_SM-X210_12_0001 audit_filtered
05-22 09:49:47.748 841 841 E audit : type=1400 audit(1716360587.739:8947): avc: denied { ioctl } for pid=27792 comm="binder:27792_2" path="/data/user_de/0/com.sec.android.app.clockpackage/databases/alarm.db" dev="dm-51" ino=4415 ioctlcmd=0xf522 scontext=u:r:platform_app:s0:c512,c768 tcontext=u:object_r:app_data_file:s0:c512,c768 tclass=file permissive=0 SEPF_SM-X210_12_0001 audit_filtered
05-22 09:49:47.752 628 628 D keymaster_swd: keymaster_swd [WRN] (swd_run_cb:257) swd_update() returns 0
05-22 09:49:47.753 841 841 E audit : type=1400 audit(1716360587.747:8948): avc: denied { ioctl } for pid=27792 comm="binder:27792_2" path="/data/user_de/0/com.sec.android.app.clockpackage/databases/alarm.db" dev="dm-51" ino=4415 ioctlcmd=0xf522 scontext=u:r:platform_app:s0:c512,c768 tcontext=u:object_r:app_data_file:s0:c512,c768 tclass=file permissive=0 SEPF_SM-X210_12_0001 audit_filtered
05-22 09:49:47.754 27792 27812 I RoutineUtil: startSmartThingsDataMigration-> bedtimeConfigData: null
05-22 09:49:47.754 27792 27812 I RoutineUtil: startSmartThingsDataMigration-> wakeUpConfigData: null
05-22 09:49:47.754 27792 27812 I RoutineUtil: startSmartThingsDataMigration-> bedtimeMasterSwitch: false
05-22 09:49:47.754 27792 27812 I RoutineUtil: startSmartThingsDataMigration-> wakeuptimeMasterSwitch: false
05-22 09:49:47.754 27792 27812 I RoutineUtil: startSmartThingsDataMigration-> bedTimeSelectedItem: -1
05-22 09:49:47.754 27792 27812 I RoutineUtil: startSmartThingsDataMigration-> wakeupTimeSelectedItem: 0
05-22 09:49:47.754 27792 27812 I RoutineUtil: startSmartThingsDataMigration-> bedtimeMode: true
05-22 09:49:47.755 27646 27646 I Routine@Core[4.5.00.57]: SleepScheduleInfoRequester: getMigrationDataAboutSleepSchedule : isSourceSos(false)
05-22 09:49:47.755 27646 27646 I Routine@Core[4.5.00.57]: SleepScheduleInfoRequester: getMigrationDataAboutSleepSchedule : sleepScheduleList([])
05-22 09:49:47.755 873 873 I Zygote : Process 26459 exited due to signal 9 (Killed)
05-22 09:49:47.755 27646 27646 I Routine@Core[4.5.00.57]: SleepScheduleInfoRequester: getMigrationDataAboutSleepSchedule : isBedTimeSynced(true)
05-22 09:49:47.755 27646 27646 I Routine@Core[4.5.00.57]: SleepScheduleMigrator: migrateSleepMode: MigrationResultState is NOT YET, try migration
05-22 09:49:47.755 27646 27646 I Routine@Core[4.5.00.57]: SleepScheduleMigrator: migrateSleepMode: try migration dwb data
05-22 09:49:47.755 27646 27646 I Routine@Core[4.5.00.57]: SleepScheduleMigrator: migrateDWBData
05-22 09:49:47.755 2507 2546 I HoneySpace.TaskbarEventTracker: invokeEvent() called with: event = NavButtonsDarkIntensityChanged(darkIntensity=0.5300882)
05-22 09:49:47.757 1290 1675 D DisplayManagerService: Drop pending events for gone uid 10083
05-22 09:49:47.759 2684 2684 D HidDeviceService: handleMessage(): msg.what=8
05-22 09:49:47.762 1180 1180 I Layer : id=642 Destroyed Surface(name=Dim Layer for - WindowedMagnification:0:31)/@0xf250dfb - animation-leash of dimmer#642
05-22 09:49:47.762 1180 1180 I Layer : id=640 Destroyed Surface(name=9985fef Waiting For Debugger: org.qtproject.example.spectrum)/@0xee3fb2c - animation-leash of window_animation#640
05-22 09:49:47.762 628 628 D keymaster_swd: keymaster_swd [WRN] (swd_run_cb:257) swd_finish() returns 0
05-22 09:49:47.766 1100 27402 I QC2C2DEngine: calcYSize: unsupported or RGB color format, RGBA8888(1)
05-22 09:49:47.766 2507 2507 I HoneySpace.TaskbarPot: HandleNavigationBarEvent: ON_APPEARANCE_CHANGED
05-22 09:49:47.766 2507 2507 I HoneySpace.TaskbarPot: updateAppearance appearance:0
05-22 09:49:47.767 1290 1310 W System : A resource failed to call end.
05-22 09:49:47.767 1290 1310 W System : A resource failed to call release.
05-22 09:49:47.767 1290 1310 W System : A resource failed to call HardwareBuffer.close.
05-22 09:49:47.768 2507 2507 W SeslRecyclerView: RecyclerView does not support scrolling to an absolute position. Use scrollToPosition instead
05-22 09:49:47.768 2507 2507 W SeslRecyclerView: RecyclerView does not support scrolling to an absolute position. Use scrollToPosition instead
05-22 09:49:47.768 1290 1310 W System : A resource failed to call HardwareBuffer.close.
05-22 09:49:47.769 1290 4242 I ActivityManager: com.samsung.android.forest is exempt from freezer
05-22 09:49:47.770 1290 4242 D CompatibilityChangeReporter: Compat change id reported: 135634846; UID 1000; state: DISABLED
05-22 09:49:47.770 1290 4242 D CompatibilityChangeReporter: Compat change id reported: 177438394; UID 1000; state: DISABLED
05-22 09:49:47.771 1290 4242 D CompatibilityChangeReporter: Compat change id reported: 135772972; UID 1000; state: DISABLED
05-22 09:49:47.771 1290 4242 D CompatibilityChangeReporter: Compat change id reported: 135754954; UID 1000; state: ENABLED
05-22 09:49:47.772 1290 1310 W System : A resource failed to call close.
05-22 09:49:47.773 1290 1310 W System : A resource failed to call HardwareBuffer.close.
05-22 09:49:47.774 2507 2546 I HoneySpace.TaskbarEventTracker: invokeEvent() called with: event = NavButtonsDarkIntensityChanged(darkIntensity=0.38897008)
05-22 09:49:47.778 2507 2546 I HoneySpace.TaskbarEventTracker: invokeEvent() called with: event = NavButtonsDarkIntensityChanged(darkIntensity=0.28052646)
05-22 09:49:47.778 628 628 W keymaster_tee: [WRN]begin req PARAMS: A32 B32 P1
05-22 09:49:47.789 1100 27402 I QC2C2DEngine: calcYSize: unsupported or RGB color format, RGBA8888(1)
05-22 09:49:47.792 2507 2546 I HoneySpace.TaskbarEventTracker: invokeEvent() called with: event = NavButtonsDarkIntensityChanged(darkIntensity=0.1953811)
05-22 09:49:47.793 873 873 D Zygote : Forked child process 27856
05-22 09:49:47.793 1290 1310 W System : A resource failed to call end.
05-22 09:49:47.793 2507 2507 W SeslRecyclerView: RecyclerView does not support scrolling to an absolute position. Use scrollToPosition instead
05-22 09:49:47.793 2507 2507 W SeslRecyclerView: RecyclerView does not support scrolling to an absolute position. Use scrollToPosition instead
05-22 09:49:47.794 1290 1705 I ActivityManager: Start proc 27856:com.samsung.android.forest/1000 for content provider {com.samsung.android.forest/com.samsung.android.forest.common.database.provider.DwbContentProvider}
05-22 09:49:47.795 1290 1310 W System : A resource failed to call close.
05-22 09:49:47.795 628 628 D keymaster_swd: keymaster_swd [WRN] (km_add_tag:500) skip: non repetable tag already exists with different value: 2684354
05-22 09:49:47.795 628 628 D keymaster_swd: keymaster_swd [WRN] (swd_run_cb:257) swd_begin() returns 0
05-22 09:49:47.795 625 3159 I keystore2: system/security/keystore2/src/security_level.rs:448 - In create_operation. Success to create IKeystoreOperation. 10182, None
05-22 09:49:47.806 628 628 D keymaster_swd: keymaster_swd [WRN] (swd_run_cb:257) swd_update() returns 0
05-22 09:49:47.810 1100 27402 I QC2C2DEngine: calcYSize: unsupported or RGB color format, RGBA8888(1)
05-22 09:49:47.814 2507 2546 I HoneySpace.TaskbarEventTracker: invokeEvent() called with: event = NavButtonsDarkIntensityChanged(darkIntensity=0.07379633)
05-22 09:49:47.814 984 23808 I sensors-hal: handle_sns_client_event:44, ambient_light_event: ts=45100583260793, event=354.000000
05-22 09:49:47.815 984 23808 I sensors-hal: handle_sns_client_event:44, ambient_light_event: ts=45100583499334, event=354.000000
05-22 09:49:47.817 2507 2507 W SeslRecyclerView: RecyclerView does not support scrolling to an absolute position. Use scrollToPosition instead
05-22 09:49:47.817 2507 2507 W SeslRecyclerView: RecyclerView does not support scrolling to an absolute position. Use scrollToPosition instead
05-22 09:49:47.819 628 628 D keymaster_swd: keymaster_swd [WRN] (swd_run_cb:257) swd_finish() returns 0
05-22 09:49:47.824 628 628 W keymaster_tee: [WRN]begin req PARAMS: A32 B32 P1
05-22 09:49:47.825 987 27740 I HYPER-HAL: [ResourceManager.cpp]removeResource(): [CPULittleMinFreq] RemoveResource Request ID : 874535
05-22 09:49:47.827 27856 27856 I .android.forest: Using CollectorTypeCC GC.
05-22 09:49:47.829 987 27740 E HYPER-HAL: [HandlerSysfs.cpp]doResourceHandling(): Couldn't Open Sysfs - /sys/class/scsi_host/host0/../../../clkscale_enable
05-22 09:49:47.830 1100 27402 I QC2C2DEngine: calcYSize: unsupported or RGB color format, RGBA8888(1)
05-22 09:49:47.830 987 27740 I HYPER-HAL: [ResourceManager.cpp]removeResource(): [CPUMinFreq] RemoveResource Request ID : 874535
05-22 09:49:47.830 987 27740 I HYPER-HAL: [RequestManager.cpp]releaseLocked(): Released ID : 874535
05-22 09:49:47.836 2507 2507 W SeslRecyclerView: RecyclerView does not support scrolling to an absolute position. Use scrollToPosition instead
05-22 09:49:47.836 2507 2507 W SeslRecyclerView: RecyclerView does not support scrolling to an absolute position. Use scrollToPosition instead
05-22 09:49:47.838 27856 27856 E .android.forest: Not starting debugger since process cannot load the jdwp agent.
05-22 09:49:47.840 2507 2546 I HoneySpace.TaskbarEventTracker: invokeEvent() called with: event = NavButtonsDarkIntensityChanged(darkIntensity=0.01602161)
05-22 09:49:47.841 628 628 D keymaster_swd: keymaster_swd [WRN] (km_add_tag:500) skip: non repetable tag already exists with different value: 2684354
05-22 09:49:47.841 628 628 D keymaster_swd: keymaster_swd [WRN] (swd_run_cb:257) swd_begin() returns 0
05-22 09:49:47.841 625 25615 I keystore2: system/security/keystore2/src/security_level.rs:448 - In create_operation. Success to create IKeystoreOperation. 10182, None
05-22 09:49:47.842 27753 27753 I System.out: waiting for debugger to settle...
05-22 09:49:47.847 27856 27856 D ActivityThread: setConscryptValidator
05-22 09:49:47.847 27856 27856 D ActivityThread: setConscryptValidator - put
05-22 09:49:47.850 628 628 D keymaster_swd: keymaster_swd [WRN] (swd_run_cb:257) swd_update() returns 0
05-22 09:49:47.857 628 628 D keymaster_swd: keymaster_swd [WRN] (swd_run_cb:257) swd_finish() returns 0
05-22 09:49:47.859 1100 27402 I QC2C2DEngine: calcYSize: unsupported or RGB color format, RGBA8888(1)
05-22 09:49:47.863 2507 2546 I HoneySpace.TaskbarEventTracker: invokeEvent() called with: event = NavButtonsDarkIntensityChanged(darkIntensity=0.0)
05-22 09:49:47.864 27856 27856 D CompatibilityChangeReporter: Compat change id reported: 171979766; UID 1000; state: ENABLED
05-22 09:49:47.864 27856 27856 D CompatibilityChangeReporter: Compat change id reported: 242716250; UID 1000; state: ENABLED
05-22 09:49:47.874 628 628 W keymaster_tee: [WRN]begin req PARAMS: A32 B32 P1
05-22 09:49:47.878 1100 27402 I QC2C2DEngine: calcYSize: unsupported or RGB color format, RGBA8888(1)
05-22 09:49:47.885 628 628 D keymaster_swd: keymaster_swd [WRN] (km_usage_expire_datetime_valid:223) for purpose 0 we shuldn't check KM_TAG_USAGE_EXPIRE_DATETIME
05-22 09:49:47.885 628 628 D keymaster_swd: keymaster_swd [WRN] (km_add_tag:500) skip: non repetable tag already exists with different value: 2684354
05-22 09:49:47.885 628 628 D keymaster_swd: keymaster_swd [WRN] (swd_run_cb:257) swd_begin() returns 0
05-22 09:49:47.885 625 25615 I keystore2: system/security/keystore2/src/security_level.rs:448 - In create_operation. Success to create IKeystoreOperation. 10182, None
05-22 09:49:47.894 628 628 D keymaster_swd: keymaster_swd [WRN] (swd_run_cb:257) swd_update() returns 0
05-22 09:49:47.898 1100 27402 I QC2C2DEngine: calcYSize: unsupported or RGB color format, RGBA8888(1)
05-22 09:49:47.901 628 628 D keymaster_swd: keymaster_swd [WRN] (swd_run_cb:257) swd_finish() returns 0
05-22 09:49:47.904 628 628 W keymaster_tee: [WRN]begin req PARAMS: A32 B32 P1
05-22 09:49:47.915 984 23808 I sensors-hal: handle_sns_client_event:44, ambient_light_event: ts=45100683259230, event=354.000000
05-22 09:49:47.915 628 628 D keymaster_swd: keymaster_swd [WRN] (km_add_tag:500) skip: non repetable tag already exists with different value: 2684354
05-22 09:49:47.915 628 628 D keymaster_swd: keymaster_swd [WRN] (swd_run_cb:257) swd_begin() returns 0
05-22 09:49:47.916 625 25615 I keystore2: system/security/keystore2/src/security_level.rs:448 - In create_operation. Success to create IKeystoreOperation. 10182, None
05-22 09:49:47.915 984 23808 I sensors-hal: handle_sns_client_event:44, ambient_light_event: ts=45100683499595, event=354.000000
05-22 09:49:47.922 628 628 D keymaster_swd: keymaster_swd [WRN] (swd_run_cb:257) swd_update() returns 0
05-22 09:49:47.926 1100 27402 I QC2C2DEngine: calcYSize: unsupported or RGB color format, RGBA8888(1)
05-22 09:49:47.935 628 628 D keymaster_swd: keymaster_swd [WRN] (swd_run_cb:257) swd_finish() returns 0
05-22 09:49:47.938 628 628 W keymaster_tee: [WRN]begin req PARAMS: A32 B32 P1
05-22 09:49:47.941 1290 4242 D VpnManagerService: Exception: java.lang.NullPointerException: Attempt to invoke interface method 'int com.samsung.android.knox.zt.networktrust.filter.IKnoxNetworkFilterService.getKnoxNwFilterHttpProxyPort(int, java.lang.String)' on a null object reference
05-22 09:49:47.941 1290 4242 D VpnManagerService: at com.android.server.VpnManagerService.getKnoxNwFilterHttpProxyPort(VpnManagerService.java:1911)
05-22 09:49:47.941 1290 4242 D VpnManagerService: at android.net.IVpnManager$Stub.onTransact(IVpnManager.java:1055)
05-22 09:49:47.941 1290 4242 D VpnManagerService: at android.os.Binder.execTransactInternal(Binder.java:1375)
05-22 09:49:47.941 1290 4242 D VpnManagerService: at android.os.Binder.execTransact(Binder.java:1311)
05-22 09:49:47.942 27768 27836 I Routine@Ui[4.5.00.57]: RunningNotificationGenerator: computeEnabledRoutine : routineList.size=0, routineNotiInfoList=0
05-22 09:49:47.943 27768 27836 I Routine@Ui[4.5.00.57]: RunningNotificationUpdater: update
