05-22 09:50:07.393 954 22588 D audio_hw_primary: check_usecases_codec_backend:becf: force routing 0
05-22 09:50:07.393 954 22588 D audio_hw_primary: check_usecases_codec_backend:becf: (93) check_usecases curr device: speaker, usecase device: backends match 0
05-22 09:50:07.393 954 22588 D audio_hw_primary: check_usecases_codec_backend:becf: check_usecases num.of Usecases to switch 0
05-22 09:50:07.393 954 22588 W msm8974_platform: platform_get_backend_index:napb: Invalid device - 0
05-22 09:50:07.393 954 22588 D hardware_info: hw_info_append_hw_type : device_name = speaker
05-22 09:50:07.393 954 22588 D audio_hw_primary: enable_snd_device: snd_device(2: speaker)
05-22 09:50:07.393 954 22588 D msm8974_platform: platform_get_island_cfg_on_device:island cfg status on snd_device = (speaker 0)
05-22 09:50:07.393 954 22588 D audio_route: Apply path: speaker
05-22 09:50:07.393 954 22588 D FSM-SmartPA: audio_extn_fsm_spk_prot_start_feedback usecase:56, device:234
05-22 09:50:07.393 954 22588 D hardware_info: hw_info_append_hw_type : device_name = vi-feedback
05-22 09:50:07.393 954 22588 D audio_hw_primary: enable_snd_device: snd_device(234: vi-feedback)
05-22 09:50:07.393 954 22588 D msm8974_platform: platform_get_island_cfg_on_device:island cfg status on snd_device = (vi-feedback 0)
05-22 09:50:07.393 954 22588 D audio_route: Apply path: vi-feedback
05-22 09:50:07.393 954 22588 D msm8974_platform: fluence nn disabled
05-22 09:50:07.393 954 22588 D audio_hw_utils: audio_extn_utils_send_app_type_cfg: usecase->in_snd_device vi-feedback
05-22 09:50:07.394 954 22588 E audio_hw_utils: send_app_type_cfg_for_device: Could not get ctl for mixer cmd - Audio Stream Capture 33 App Type Cfg
05-22 09:50:07.394 954 22588 D ACDB-LOADER: ACDB -> send_audio_cal, acdb_id = 102, path = 1, app id = 0x11132, sample rate = 8000, use_case = 0,buffer_idx_w_path =1, afe_sample_rate = 8000, cal_mode = 1, offset_index = 0
05-22 09:50:07.394 954 22588 D ACDB-LOADER: ACDB -> send_asm_topology
05-22 09:50:07.394 954 22588 D ACDB-LOADER: ACDB -> ACDB_CMD_GET_AUDPROC_STREAM_TOPOLOGY_ID
05-22 09:50:07.394 954 22588 D ACDB-LOADER: ACDB -> send_adm_topology
05-22 09:50:07.394 954 22588 D ACDB-LOADER: ACDB -> ACDB_CMD_GET_AUDPROC_COMMON_TOPOLOGY_ID
05-22 09:50:07.394 954 22588 D ACDB-LOADER: ACDB -> send_audtable
05-22 09:50:07.394 954 22588 D ACDB-LOADER: ACDB -> ACDB_CMD_GET_AUDPROC_INSTANCE_COMMON_TABLE_SIZE
05-22 09:50:07.394 954 22588 D ACDB-LOADER: ACDB -> ACDB_CMD_GET_AUDPROC_INSTANCE_COMMON_TABLE
05-22 09:50:07.394 954 22588 D ACDB-LOADER: ACDB -> AUDIO_SET_AUDPROC_CAL cal_type[11] acdb_id[102] app_type[69938]
05-22 09:50:07.394 954 22588 D ACDB-LOADER: check_fnn_usecase_status: fnn usecase active 0
05-22 09:50:07.394 954 22588 D ACDB-LOADER: ACDB -> ACDB_CMD_GET_PERSISTENT_AUDPROC_INSTANCE_COMMON_TABLE_SIZE
05-22 09:50:07.394 954 22588 D android.hardware.audio.service: [Data Manager]-> No data found
05-22 09:50:07.394 954 22588 D ACDB-LOADER: Error: ACDB_CMD_GET_PERSISTENT_AUDPROC_INSTANCE_COMMON_TABLE_SIZE returned -18
05-22 09:50:07.394 954 22588 D ACDB-LOADER: ACDB -> send_audproc_persist_table -18
05-22 09:50:07.394 954 22588 D ACDB-LOADER: Error: Invalid Audproc persist size = -18
05-22 09:50:07.394 954 22588 D ACDB-LOADER: ACDB -> ACDB_CMD_GET_AUDPROC_INSTANCE_STREAM_TABLE_SIZE
05-22 09:50:07.394 954 22588 D ACDB-LOADER: ACDB -> send_audstrmtable
05-22 09:50:07.394 954 22588 D ACDB-LOADER: ACDB -> ACDB_CMD_GET_AUDPROC_INSTANCE_STREAM_TABLE
05-22 09:50:07.394 954 22588 D ACDB-LOADER: ACDB -> audstrm_cal->cal_type.cal_data.cal_size = 20
05-22 09:50:07.395 954 22588 D ACDB-LOADER: ACDB -> send_afe_topology
05-22 09:50:07.395 954 22588 D ACDB-LOADER: ACDB -> ACDB_CMD_GET_AFE_TOPOLOGY_ID
05-22 09:50:07.395 954 22588 D ACDB-LOADER: ACDB -> GET_AFE_TOPOLOGY_ID for adcd_id 102, Topology Id 11111112
05-22 09:50:07.395 954 22588 D ACDB-LOADER: ACDB -> send_afe_cal
05-22 09:50:07.395 954 22588 D ACDB-LOADER: ACDB -> ACDB_CMD_GET_AFE_INSTANCE_COMMON_TABLE_SIZE
05-22 09:50:07.395 954 22588 D ACDB-LOADER: ACDB -> ACDB_CMD_GET_AFE_INSTANCE_COMMON_TABLE
05-22 09:50:07.395 954 22588 D ACDB-LOADER: ACDB -> AUDIO_SET_AFE_CAL cal_type[17] acdb_id[102]
05-22 09:50:07.395 954 22588 D ACDB-LOADER: ACDB -> send_hw_delay : acdb_id = 102 path = 1
05-22 09:50:07.395 954 22588 D ACDB-LOADER: ACDB -> ACDB_AVSYNC_INFO: ACDB_CMD_GET_DEVICE_PROPERTY
05-22 09:50:07.395 954 22588 D msm8974_platform: fluence nn disabled
05-22 09:50:07.395 954 22588 D audio_hw_primary: enable_audio_route: apply mixer and update path: spkr-vi-record
05-22 09:50:07.395 954 22588 D audio_route: Apply path: spkr-vi-record
05-22 09:50:07.396 1290 2119 D AS.AudioService: isBluetoothDualModeActive=false
05-22 09:50:07.397 954 22588 D FSM-SmartPA: audio_extn_fsm_spk_prot_start_feedback: open PCM device. adev->snd_card: 0, device_id: 33
05-22 09:50:07.410 1290 2119 D AS.AudioService: setLeAudioVolumeOnModeUpdate postSetLeAudioVolumeIndex device=536870912, mode=3, index=50 maxIndex=80 streamType=0
05-22 09:50:07.411 1290 2119 D BluetoothA2dp: getActiveDevice()
05-22 09:50:07.413 1290 2119 D AS.AudioService: isBluetoothDualModeActive=false
05-22 09:50:07.413 1154 4282 V APM_AudioPolicyManager: setVolumeCurveIndex stream AUDIO_STREAM_ASSISTANT, device 0x20000000, index 7
05-22 09:50:07.414 1290 2119 D BluetoothA2dp: getActiveDevice()
05-22 09:50:07.414 954 22588 D audio_hw_utils: audio_extn_utils_send_app_type_cfg: usecase->out_snd_device speaker
05-22 09:50:07.414 954 22588 I audio_hw_utils: send_app_type_cfg_for_device PLAYBACK app_type 69937, acdb_dev_id 15, sample_rate 48000, snd_device_be_idx 71
05-22 09:50:07.416 984 23808 I sensors-hal: handle_sns_client_event:44, ambient_light_event: ts=45120183262303, event=91.000000
05-22 09:50:07.417 984 23808 I sensors-hal: handle_sns_client_event:44, ambient_light_event: ts=45120183496157, event=91.000000
05-22 09:50:07.417 954 22588 D ACDB-LOADER: ACDB -> send_audio_cal, acdb_id = 15, path = 0, app id = 0x11131, sample rate = 48000, use_case = 0,buffer_idx_w_path =0, afe_sample_rate = 48000, cal_mode = 1, offset_index = 0
05-22 09:50:07.417 954 22588 D ACDB-LOADER: ACDB -> send_asm_topology
05-22 09:50:07.417 954 22588 D ACDB-LOADER: ACDB -> ACDB_CMD_GET_AUDPROC_STREAM_TOPOLOGY_ID
05-22 09:50:07.417 954 22588 D ACDB-LOADER: ACDB -> send_adm_topology
05-22 09:50:07.417 954 22588 D ACDB-LOADER: ACDB -> ACDB_CMD_GET_AUDPROC_COMMON_TOPOLOGY_ID
05-22 09:50:07.417 954 22588 D ACDB-LOADER: ACDB -> send_audtable
05-22 09:50:07.417 954 22588 D ACDB-LOADER: ACDB -> ACDB_CMD_GET_AUDPROC_INSTANCE_COMMON_TABLE_SIZE
05-22 09:50:07.417 954 22588 D ACDB-LOADER: ACDB -> ACDB_CMD_GET_AUDPROC_INSTANCE_COMMON_TABLE
05-22 09:50:07.417 954 22588 D ACDB-LOADER: ACDB -> AUDIO_SET_AUDPROC_CAL cal_type[11] acdb_id[15] app_type[69937]
05-22 09:50:07.417 954 22588 D ACDB-LOADER: ACDB -> send_audvoltable
05-22 09:50:07.417 954 22588 D ACDB-LOADER: ACDB -> ACDB_CMD_GET_AUDPROC_INSTANCE_GAIN_DEP_STEP_TABLE_SIZE
05-22 09:50:07.417 954 22588 D android.hardware.audio.service: Failed to fetch the lookup information of the device 0000000F
05-22 09:50:07.417 954 22588 D ACDB-LOADER: Error: ACDB_CMD_GET_AUDPROC_INSTANCE_GAIN_DEP_STEP_TABLE_SIZE Returned = -19
05-22 09:50:07.417 954 22588 D ACDB-LOADER: ACDB -> ACDB_CMD_GET_AUDPROC_INSTANCE_GAIN_DEP_STEP_TABLE, vol index 0
05-22 09:50:07.417 954 22588 D android.hardware.audio.service: Failed to fetch the lookup information of the device 0000000F
05-22 09:50:07.417 954 22588 D ACDB-LOADER: Error: ACDB AudProc vol returned = -19
05-22 09:50:07.417 954 22588 D ACDB-LOADER: ACDB -> AUDIO_SET_VOL_CAL cal type = 12
05-22 09:50:07.417 954 22588 D ACDB-LOADER: ACDB -> ACDB_CMD_GET_AUDPROC_INSTANCE_STREAM_TABLE_SIZE
05-22 09:50:07.417 954 22588 D ACDB-LOADER: ACDB -> send_audstrmtable
05-22 09:50:07.417 954 22588 D ACDB-LOADER: ACDB -> ACDB_CMD_GET_AUDPROC_INSTANCE_STREAM_TABLE
05-22 09:50:07.417 954 22588 D ACDB-LOADER: ACDB -> audstrm_cal->cal_type.cal_data.cal_size = 20
05-22 09:50:07.417 954 22588 D ACDB-LOADER: ACDB -> send_afe_topology
05-22 09:50:07.417 954 22588 D ACDB-LOADER: ACDB -> ACDB_CMD_GET_AFE_TOPOLOGY_ID
05-22 09:50:07.417 954 22588 D ACDB-LOADER: ACDB -> GET_AFE_TOPOLOGY_ID for adcd_id 15, Topology Id 11111111
05-22 09:50:07.417 954 22588 D ACDB-LOADER: ACDB -> send_afe_cal
05-22 09:50:07.417 954 22588 D ACDB-LOADER: ACDB -> ACDB_CMD_GET_AFE_INSTANCE_COMMON_TABLE_SIZE
05-22 09:50:07.417 954 22588 D ACDB-LOADER: ACDB -> ACDB_CMD_GET_AFE_INSTANCE_COMMON_TABLE
05-22 09:50:07.418 954 22588 D ACDB-LOADER: ACDB -> AUDIO_SET_AFE_CAL cal_type[16] acdb_id[15]
05-22 09:50:07.418 954 22588 D ACDB-LOADER: ACDB -> send_hw_delay : acdb_id = 15 path = 0
05-22 09:50:07.418 954 22588 D ACDB-LOADER: ACDB -> ACDB_AVSYNC_INFO: ACDB_CMD_GET_DEVICE_PROPERTY
05-22 09:50:07.418 954 22588 D audio_hw_primary: enable_audio_route: apply mixer and update path: low-latency-playback
05-22 09:50:07.418 954 22588 D audio_route: Apply path: low-latency-playback
05-22 09:50:07.418 1290 2119 D AS.AudioService: isBluetoothDualModeActive=false
05-22 09:50:07.418 1154 4282 V APM_AudioPolicyManager: setVolumeCurveIndex stream AUDIO_STREAM_ACCESSIBILITY, device 0x20000000, index 8
05-22 09:50:07.419 1290 2119 D BluetoothA2dp: getActiveDevice()
05-22 09:50:07.420 954 22588 D audio_hw_primary: select_devices: done
05-22 09:50:07.420 954 22588 D msm8974_platform: platform_set_channel_map mixer_ctl_name:Playback Channel Map9
05-22 09:50:07.421 954 22588 D msm8974_platform: platform_set_channel_map: set mapping(1 2 0 0 0 0 0 0) for channel:2
05-22 09:50:07.423 1290 2119 D AS.AudioService: isBluetoothDualModeActive=false
05-22 09:50:07.423 1154 4282 V APM_AudioPolicyManager: setVolumeCurveIndex stream AUDIO_STREAM_TTS, device 0x20000000, index 7
05-22 09:50:07.423 1290 2119 D BluetoothA2dp: getActiveDevice()
05-22 09:50:07.427 1290 2119 D AS.AudioService: isBluetoothDualModeActive=false
05-22 09:50:07.427 1154 4282 V APM_AudioPolicyManager: setVolumeCurveIndex stream AUDIO_STREAM_DTMF, device 0x20000000, index 9
05-22 09:50:07.428 1290 2119 D BluetoothA2dp: getActiveDevice()
05-22 09:50:07.431 1290 2119 D AS.AudioService: isBluetoothDualModeActive=false
05-22 09:50:07.431 1154 4282 V APM_AudioPolicyManager: setVolumeCurveIndex stream AUDIO_STREAM_ENFORCED_AUDIBLE, device 0x20000000, index 15
05-22 09:50:07.432 1290 2119 D BluetoothA2dp: getActiveDevice()
05-22 09:50:07.434 1290 2119 D AS.AudioService: isBluetoothDualModeActive=false
05-22 09:50:07.435 1154 4282 V APM_AudioPolicyManager: setVolumeCurveIndex stream AUDIO_STREAM_BLUETOOTH_SCO, device 0x20000000, index 7
05-22 09:50:07.435 1290 2119 D BluetoothA2dp: getActiveDevice()
05-22 09:50:07.439 1290 2119 D AS.AudioService: isBluetoothDualModeActive=false
05-22 09:50:07.439 1154 4282 V APM_AudioPolicyManager: setVolumeCurveIndex stream AUDIO_STREAM_NOTIFICATION, device 0x20000000, index 11
05-22 09:50:07.440 1290 2119 D BluetoothA2dp: getActiveDevice()
05-22 09:50:07.441 1290 3699 I EDMNativeHelperService: isFaceRecognitionAllowedEvenCameraBlocked
05-22 09:50:07.442 1290 4244 I EDMNativeHelperService: isCameraEnabled
05-22 09:50:07.442 1290 4244 D EDMNativeHelper: isCameraEnabled
05-22 09:50:07.443 1290 4244 D EDMNativeHelper: checking for camera in EnterpriseDeviceManagerService
05-22 09:50:07.443 1290 4244 D EnterpriseDeviceManagerService: isCameraEnabledNative
05-22 09:50:07.443 1290 2119 D AS.AudioService: isBluetoothDualModeActive=false
05-22 09:50:07.443 1290 4244 D EnterpriseDeviceManagerService: checking for camera in restriction policy
05-22 09:50:07.443 1290 4244 D RestrictionPolicy: isCameraEnabled ret(true) userId(0) cxtInfo.mCallerUid(1000) cxtInfo.mContainerId(0)
05-22 09:50:07.443 1154 4282 V APM_AudioPolicyManager: setVolumeCurveIndex stream AUDIO_STREAM_ALARM, device 0x20000000, index 11
05-22 09:50:07.445 1290 2119 D BluetoothA2dp: getActiveDevice()
05-22 09:50:07.446 1100 27402 I QC2C2DEngine: calcYSize: unsupported or RGB color format, RGBA8888(1)
05-22 09:50:07.448 1290 2119 D AS.AudioService: isBluetoothDualModeActive=false
05-22 09:50:07.448 1290 2119 D BluetoothA2dp: getActiveDevice()
05-22 09:50:07.451 1290 2119 D AS.AudioService: isBluetoothDualModeActive=false
05-22 09:50:07.451 1154 4282 V APM_AudioPolicyManager: setVolumeCurveIndex stream AUDIO_STREAM_ACCESSIBILITY, device 0x20000000, index 8
05-22 09:50:07.452 1154 4282 V APM_AudioPolicyManager: setVolumeCurveIndex stream AUDIO_STREAM_ACCESSIBILITY, device 0x00000001, index 8
05-22 09:50:07.453 1154 4282 V APM_AudioPolicyManager: setVolumeCurveIndex stream AUDIO_STREAM_ACCESSIBILITY, device 0x00000002, index 8
05-22 09:50:07.453 1154 4282 V APM_AudioPolicyManager: checkAndSetVolume: output 13, stream 10, index 8, devices 0x2, volume 0.223872
05-22 09:50:07.454 1154 4282 V APM_AudioPolicyManager: checkAndSetVolume: output 21, stream 10, index 8, devices 0x2, volume 0.223872
05-22 09:50:07.455 1290 2119 D BluetoothA2dp: getActiveDevice()
05-22 09:50:07.458 1290 2119 D AS.AudioService: isBluetoothDualModeActive=false
05-22 09:50:07.458 1154 4282 V APM_AudioPolicyManager: setVolumeCurveIndex stream AUDIO_STREAM_TTS, device 0x20000000, index 7
05-22 09:50:07.460 1154 4282 V APM_AudioPolicyManager: setVolumeCurveIndex stream AUDIO_STREAM_TTS, device 0x00000001, index 8
05-22 09:50:07.461 1154 4282 V APM_AudioPolicyManager: setVolumeCurveIndex stream AUDIO_STREAM_TTS, device 0x00000002, index 8
05-22 09:50:07.461 1154 4282 V APM_AudioPolicyManager: checkAndSetVolume: output 13, stream 9, index 8, devices 0x2, volume 0.251189
05-22 09:50:07.461 1154 4282 V APM_AudioPolicyManager: checkAndSetVolume: output 21, stream 9, index 8, devices 0x2, volume 0.251189
05-22 09:50:07.461 1100 27402 I QC2C2DEngine: calcYSize: unsupported or RGB color format, RGBA8888(1)
05-22 09:50:07.462 1290 2119 D BluetoothA2dp: getActiveDevice()
05-22 09:50:07.464 1290 2119 D AS.AudioService: isBluetoothDualModeActive=false
05-22 09:50:07.464 1154 4282 V APM_AudioPolicyManager: setVolumeCurveIndex stream AUDIO_STREAM_RING, device 0x20000000, index 11
05-22 09:50:07.465 1290 2119 D BluetoothA2dp: getActiveDevice()
05-22 09:50:07.468 1290 2119 D AS.AudioService: isBluetoothDualModeActive=false
05-22 09:50:07.468 1154 4282 V APM_AudioPolicyManager: setVolumeCurveIndex stream AUDIO_STREAM_SYSTEM, device 0x20000000, index 6
05-22 09:50:07.469 1290 2119 D BluetoothA2dp: getActiveDevice()
05-22 09:50:07.471 1290 2119 D AS.AudioService: isBluetoothDualModeActive=false
05-22 09:50:07.471 1154 4282 V APM_AudioPolicyManager: setVolumeCurveIndex stream AUDIO_STREAM_VOICE_CALL, device 0x20000000, index 8
05-22 09:50:07.472 1290 2119 D BluetoothA2dp: getActiveDevice()
05-22 09:50:07.475 1290 2119 D AS.AudioService: isBluetoothDualModeActive=false
05-22 09:50:07.476 1154 4282 V APM_AudioPolicyManager: setVolumeCurveIndex stream AUDIO_STREAM_DTMF, device 0x20000000, index 9
05-22 09:50:07.477 1154 4282 V APM_AudioPolicyManager: setVolumeCurveIndex stream AUDIO_STREAM_DTMF, device 0x00000002, index 8
05-22 09:50:07.477 1154 4282 V APM_AudioPolicyManager: checkAndSetVolume: output 13, stream 8, index 8, devices 0x2, volume 0.223872
05-22 09:50:07.479 1154 4282 V APM_AudioPolicyManager: checkAndSetVolume: output 21, stream 8, index 8, devices 0x2, volume 0.223872
05-22 09:50:07.480 1290 2120 W system_server: Long monitor contention with owner AudioService (2119) at void com.android.server.audio.AudioService$AudioHandler.handleMessage(android.os.Message)(AudioService.java:10297) waiters=0 in void com.android.server.audio.AudioDeviceBroker$BrokerHandler.handleMessage(android.os.Message) for 257ms
05-22 09:50:07.481 1154 4282 V APM_AudioPolicyManager: canBeSpatializedInt check can be spatialized devices[AUDIO_DEVICE_OUT_SPEAKER, @:]
05-22 09:50:07.481 1290 2119 I AS.SpatializerHelper: onRoutingUpdated: can spatialize media 5.1:true on device:AudioDeviceAttributes: role:output type:speaker addr: name: profiles:[] descriptors:[]
05-22 09:50:07.481 1290 2119 I AS.SpatializerHelper: setDispatchAvailableState(true) no dispatch: mState:STATE_ENABLED_AVAILABLE
05-22 09:50:07.481 1290 2119 I AS.SpatializerHelper: Enabling Spatial Audio since enabled for media device:AudioDeviceAttributes: role:output type:speaker addr: name: profiles:[] descriptors:[]
05-22 09:50:07.481 1290 2119 I AS.SpatializerHelper: Setting spatialization level to: 1
05-22 09:50:07.481 1290 2119 I AS.SpatializerHelper: setDispatchFeatureEnabledState(true) no dispatch: mState:STATE_ENABLED_AVAILABLE src:onRoutingUpdated
05-22 09:50:07.482 1290 2119 D BluetoothA2dp: getActiveDevice()
05-22 09:50:07.484 1290 2120 V AS.AudioDeviceBroker: onSetCommunicationDeviceForClient: CommunicationDeviceInfo mCb=android.os.BinderProxy@b1026f7 mUid=10253 mDevice=[AudioDeviceAttributes: role:output type:bt_sco addr: name: profiles:[] descriptors:[]] mOn=false mScoAudioMode=-1 mIsPrivileged=false mEventSource=stopBluetoothSco()) from u/pid:10253/27753 mWaitForStatus=false mStatus=false
05-22 09:50:07.484 1290 2120 V AS.AudioDeviceBroker: onSetCommunicationDeviceForClient: CommunicationDeviceInfo mCb=android.os.BinderProxy@b1026f7 mUid=10253 mDevice=[AudioDeviceAttributes: role:output type:speaker addr: name: profiles:[] descriptors:[]] mOn=true mScoAudioMode=-1 mIsPrivileged=false mEventSource=setSpeakerphoneOn(true) from u/pid:10253/27753 Package Name:org.qtproject.example.spectrum mWaitForStatus=false mStatus=false
05-22 09:50:07.485 1290 2119 D AS.AudioService: isBluetoothDualModeActive=false
05-22 09:50:07.485 1290 2120 V AS.AudioDeviceBroker: setCommunicationRouteForClient: device: AudioDeviceAttributes: role:output type:speaker addr: name: profiles:[] descriptors:[], eventSource: setSpeakerphoneOn(true) from u/pid:10253/27753 Package Name:org.qtproject.example.spectrum
05-22 09:50:07.485 1290 2120 I AS.AudioDeviceBroker: setCommunicationRouteForClient for uid: 10253 device: AudioDeviceAttributes: role:output type:speaker addr: name: profiles:[] descriptors:[] isPrivileged: false from API: setSpeakerphoneOn(true) from u/pid:10253/27753 Package Name:org.qtproject.example.spectrum
05-22 09:50:07.485 1290 2120 V AS.AudioDeviceBroker: requestedCommunicationDevice: null mAudioModeOwner: AudioModeInfo: mMode=MODE_NORMAL, mPid=0, mUid=0
05-22 09:50:07.485 1154 4282 V APM_AudioPolicyManager: setVolumeCurveIndex stream AUDIO_STREAM_VOICE_CALL, device 0x20000000, index 8
05-22 09:50:07.485 1290 2120 V AS.AudioDeviceBroker: requestedCommunicationDevice: AudioDeviceAttributes: role:output type:speaker addr: name: profiles:[] descriptors:[] mAudioModeOwner: AudioModeInfo: mMode=MODE_NORMAL, mPid=0, mUid=0
05-22 09:50:07.485 1290 2120 V AS.AudioDeviceBroker: requestedCommunicationDevice: AudioDeviceAttributes: role:output type:speaker addr: name: profiles:[] descriptors:[] mAudioModeOwner: AudioModeInfo: mMode=MODE_NORMAL, mPid=0, mUid=0
05-22 09:50:07.485 1290 2120 V AS.AudioDeviceBroker: requestedCommunicationDevice: AudioDeviceAttributes: role:output type:speaker addr: name: profiles:[] descriptors:[] mAudioModeOwner: AudioModeInfo: mMode=MODE_NORMAL, mPid=0, mUid=0
05-22 09:50:07.485 1290 2120 V AS.AudioDeviceBroker: requestedCommunicationDevice: AudioDeviceAttributes: role:output type:speaker addr: name: profiles:[] descriptors:[] mAudioModeOwner: AudioModeInfo: mMode=MODE_NORMAL, mPid=0, mUid=0
05-22 09:50:07.485 1290 2120 V AS.AudioDeviceBroker: updateCommunicationRoute, preferredCommunicationDevice: AudioDeviceAttributes: role:output type:speaker addr: name: profiles:[] descriptors:[] eventSource: setSpeakerphoneOn(true) from u/pid:10253/27753 Package Name:org.qtproject.example.spectrum
05-22 09:50:07.485 1290 2120 I AS.AudioDeviceBroker: updateCommunicationRoute return already mCurrentCallDevice = AudioDeviceAttributes: role:output type:speaker addr: name: profiles:[] descriptors:[]
05-22 09:50:07.486 1154 1906 V APM_AudioPolicyManager: setDevicesRoleForStrategy() strategy=14 role=1 AUDIO_DEVICE_OUT_SPEAKER, @:
05-22 09:50:07.487 1154 1906 I APM::AudioPolicyEngine: getDevicesForStrategyInt no device found for strategy 9
05-22 09:50:07.488 1154 1906 I APM::AudioPolicyEngine: getDevicesForStrategyInt no device found for strategy 9
05-22 09:50:07.489 1154 1906 V APM_AudioPolicyManager: getNewOutputDevices selected devices {AUDIO_DEVICE_OUT_SPEAKER, @:}
05-22 09:50:07.489 1154 1906 V APM_AudioPolicyManager: setOutputDevices device {AUDIO_DEVICE_OUT_SPEAKER, @:} delayMs 0
05-22 09:50:07.489 1154 1906 V APM_AudioPolicyManager: setOutputDevices() prevDevice {AUDIO_DEVICE_OUT_SPEAKER, @:}
05-22 09:50:07.490 1154 1906 I APM::AudioPolicyEngine: getDevicesForStrategyInt no device found for strategy 9
05-22 09:50:07.490 1154 1906 V APM_AudioPolicyManager: setOutputDevices changing device to {AUDIO_DEVICE_OUT_SPEAKER, @:}
05-22 09:50:07.491 954 954 D audio_hw_primary: out_set_parameters: enter: usecase(0: deep-buffer-playback) kvpairs: l_volume_voice=0.625000
05-22 09:50:07.513 984 23808 I sensors-hal: handle_sns_client_event:44, ambient_light_event: ts=45120283239491, event=92.000000
05-22 09:50:07.514 984 23808 I sensors-hal: handle_sns_client_event:44, ambient_light_event: ts=45120283481678, event=92.000000
05-22 09:50:07.535 954 22588 D audio_hw_primary: start_output_stream: exit
05-22 09:50:07.552 1100 27402 I QC2C2DEngine: calcYSize: unsupported or RGB color format, RGBA8888(1)
05-22 09:50:07.559 1154 1889 D AudioFlinger: mixer(0xb400007b4840b080) Spend too much time to write: delta 171(effect 0, stage 0)
05-22 09:50:07.591 1154 1884 D DlbDlbEffect: handle_EFFECT_CMD_SET_DEVICE(device=0x00000002)
05-22 09:50:07.591 1154 1884 D DlbEffectContext: setDevice(00000002)
05-22 09:50:07.591 1154 1884 D DlbEndpointParamCache: setDevice(device=0x00000002)
05-22 09:50:07.591 1154 1884 D DlbDlbEffect: handle_EFFECT_CMD_SET_DEVICE(device=0x00000002)
05-22 09:50:07.591 1154 1884 D DlbSpatializerEffectContext: setDevice(00000002)
05-22 09:50:07.591 1154 1884 D DlbEndpointParamCache: setDevice(device=0x00000002)
05-22 09:50:07.591 1154 1884 D DlbDlbEffect: handle_EFFECT_CMD_SET_DEVICE(device=0x00000002)
05-22 09:50:07.591 1154 1884 D DlbEffectContext: setDevice(00000002)
05-22 09:50:07.591 1154 1884 D DlbEndpointParamCache: setDevice(device=0x00000002)
05-22 09:50:07.591 1154 1884 V VolumeMonitor_Energy_Effect: VM_command() EFFECT_CMD_SET_DEVICE 0x00000002
05-22 09:50:07.591 1154 1884 V VolumeMonitor_Energy_Effect: VM_setDevice() sessionId:-1301, device:0x0x2, isBtTypeHeadset:0
05-22 09:50:07.593 954 27944 D audio_hw_primary: adev_create_audio_patch: enter: num sources 1, num_sinks 1, handle 1
05-22 09:50:07.593 954 27944 D audio_hw_primary: adev_create_audio_patch: Playback patch from mix handle 13 to device 2
05-22 09:50:07.593 954 27944 D audio_hw_primary: route_output_stream: enter: usecase(0: deep-buffer-playback) devices 2
05-22 09:50:07.594 1154 1884 D AudioFlinger: setCurDevice() 0x2
05-22 09:50:07.595 1154 1906 V APM_AudioPolicyManager: setOutputDevices() AF::createAudioPatch returned 0 patchHandle 100 num_sources 1 num_sinks 1
05-22 09:50:07.598 1154 1906 V APM_AudioPolicyManager: checkAndSetVolume: output 13, stream 10, index 8, devices 0x2, volume 0.223872
05-22 09:50:07.599 1154 1906 V APM_AudioPolicyManager: checkAndSetVolume: output 13, stream 4, index 11, devices 0x2, volume 0.354813
05-22 09:50:07.599 1154 1906 V APM_AudioPolicyManager: checkAndSetVolume: output 13, stream 8, index 8, devices 0x2, volume 0.223872
05-22 09:50:07.603 1154 1906 V APM_AudioPolicyManager: checkAndSetVolume: output 13, stream 3, index 8, devices 0x2, volume 0.089125
05-22 09:50:07.604 1154 1906 V APM_AudioPolicyManager: checkAndSetVolume: output 13, stream 5, index 11, devices 0x2, volume 0.354813
05-22 09:50:07.604 1154 1906 V APM_AudioPolicyManager: checkAndSetVolume: output 13, stream 2, index 11, devices 0x2, volume 0.354813
05-22 09:50:07.604 1154 1906 V APM_AudioPolicyManager: checkAndSetVolume: output 13, stream 1, index 6, devices 0x2, volume 0.177828
05-22 09:50:07.607 1154 1906 V APM_AudioPolicyManager: checkAndSetVolume: output 13, stream 9, index 8, devices 0x2, volume 0.251189
05-22 09:50:07.607 1154 1906 V APM_AudioPolicyManager: checkAndSetVolume: output 13, stream 0, index 5, devices 0x2, volume 0.223872
05-22 09:50:07.608 1154 1906 V APM_AudioPolicyManager: checkAndSetVolume: output 13, stream 11, index 7, devices 0x2, volume 0.066834
05-22 09:50:07.609 1154 1906 V APM_AudioPolicyManager: checkAndSetVolume: output 13, stream 10, index 8, devices 0x2, volume 0.223872
05-22 09:50:07.610 1154 1906 V APM_AudioPolicyManager: checkAndSetVolume: output 13, stream 4, index 11, devices 0x2, volume 0.354813
05-22 09:50:07.611 1154 1906 V APM_AudioPolicyManager: checkAndSetVolume: output 13, stream 8, index 8, devices 0x2, volume 0.223872
05-22 09:50:07.613 984 23808 I sensors-hal: handle_sns_client_event:44, ambient_light_event: ts=45120383238657, event=92.000000
05-22 09:50:07.614 984 23808 I sensors-hal: handle_sns_client_event:44, ambient_light_event: ts=45120383480220, event=92.000000
05-22 09:50:07.616 1154 1906 V APM_AudioPolicyManager: checkAndSetVolume: output 13, stream 3, index 8, devices 0x2, volume 0.089125
05-22 09:50:07.617 1154 1906 V APM_AudioPolicyManager: checkAndSetVolume: output 13, stream 5, index 11, devices 0x2, volume 0.354813
05-22 09:50:07.620 1154 1906 V APM_AudioPolicyManager: checkAndSetVolume: output 13, stream 2, index 11, devices 0x2, volume 0.354813
05-22 09:50:07.621 1154 1906 V APM_AudioPolicyManager: checkAndSetVolume: output 13, stream 1, index 6, devices 0x2, volume 0.177828
05-22 09:50:07.622 1154 1906 V APM_AudioPolicyManager: checkAndSetVolume: output 13, stream 9, index 8, devices 0x2, volume 0.251189
05-22 09:50:07.623 1154 1906 V APM_AudioPolicyManager: checkAndSetVolume: output 13, stream 0, index 5, devices 0x2, volume 0.223872
05-22 09:50:07.625 1154 1906 V APM_AudioPolicyManager: checkAndSetVolume: output 13, stream 11, index 7, devices 0x2, volume 0.066834
05-22 09:50:07.627 1154 1906 V APM_AudioPolicyManager: getNewOutputDevices selected devices {AUDIO_DEVICE_OUT_SPEAKER, @:}
05-22 09:50:07.627 1154 1906 V APM_AudioPolicyManager: setOutputDevices device {AUDIO_DEVICE_OUT_SPEAKER, @:} delayMs 0
05-22 09:50:07.627 1154 1906 V APM_AudioPolicyManager: setOutputDevices() prevDevice {AUDIO_DEVICE_OUT_SPEAKER, @:}
05-22 09:50:07.629 1154 1906 I APM::AudioPolicyEngine: getDevicesForStrategyInt no device found for strategy 9
05-22 09:50:07.629 1154 1906 V APM_AudioPolicyManager: setOutputDevices changing device to {AUDIO_DEVICE_OUT_SPEAKER, @:}
05-22 09:50:07.633 1290 2111 W DeviceStorageMonitorService: updateBroadcasts(/data) oldLevel:0, newLevel:0, seq:1
05-22 09:50:07.634 1290 2111 D DeviceStorageMonitorService: Available File Node Number is [12433514]
05-22 09:50:07.634 1290 2111 W DeviceStorageMonitorService: updateBroadcasts_filenode(/data) fn_oldLevel:0, fn_newLevel:0, seq:1
05-22 09:50:07.652 1100 27402 I QC2C2DEngine: calcYSize: unsupported or RGB color format, RGBA8888(1)
05-22 09:50:07.679 1154 1889 D DlbDlbEffect: handle_EFFECT_CMD_SET_DEVICE(device=0x00000002)
05-22 09:50:07.679 1154 1889 D DlbEffectContext: setDevice(00000002)
05-22 09:50:07.679 1154 1889 D DlbEndpointParamCache: setDevice(device=0x00000002)
05-22 09:50:07.679 1154 1889 V VolumeMonitor_Energy_Effect: VM_command() EFFECT_CMD_SET_DEVICE 0x00000002
05-22 09:50:07.679 1154 1889 V VolumeMonitor_Energy_Effect: VM_setDevice() sessionId:-2101, device:0x0x2, isBtTypeHeadset:0
05-22 09:50:07.681 954 27944 D audio_hw_primary: adev_create_audio_patch: enter: num sources 1, num_sinks 1, handle 2
05-22 09:50:07.681 954 27944 D audio_hw_primary: adev_create_audio_patch: Playback patch from mix handle 21 to device 2
05-22 09:50:07.681 954 27944 D audio_hw_primary: route_output_stream: enter: usecase(1: low-latency-playback) devices 2
05-22 09:50:07.684 954 27944 D audio_hw_primary: select_devices for use case (low-latency-playback)
05-22 09:50:07.685 1154 1889 D audioserver: FGS Logger Transaction failed
05-22 09:50:07.685 1154 1889 D audioserver: -129
05-22 09:50:07.686 1154 1889 D audioserver: FGS Logger Transaction failed
05-22 09:50:07.686 1154 1889 D audioserver: -129
05-22 09:50:07.686 1154 1889 D AudioFlinger: setCurDevice() 0x2
05-22 09:50:07.687 1154 1906 V APM_AudioPolicyManager: setOutputDevices() AF::createAudioPatch returned 0 patchHandle 108 num_sources 1 num_sinks 1
05-22 09:50:07.689 1154 1906 V APM_AudioPolicyManager: checkAndSetVolume: output 21, stream 10, index 8, devices 0x2, volume 0.223872
05-22 09:50:07.690 1154 1906 V APM_AudioPolicyManager: checkAndSetVolume: output 21, stream 4, index 11, devices 0x2, volume 0.354813
05-22 09:50:07.690 1154 1906 V APM_AudioPolicyManager: checkAndSetVolume: output 21, stream 8, index 8, devices 0x2, volume 0.223872
05-22 09:50:07.692 1154 1906 V APM_AudioPolicyManager: checkAndSetVolume: output 21, stream 3, index 8, devices 0x2, volume 0.089125
05-22 09:50:07.693 1154 1906 V APM_AudioPolicyManager: checkAndSetVolume: output 21, stream 5, index 11, devices 0x2, volume 0.354813
05-22 09:50:07.693 1154 1906 V APM_AudioPolicyManager: checkAndSetVolume: output 21, stream 2, index 11, devices 0x2, volume 0.354813
05-22 09:50:07.693 1154 1906 V APM_AudioPolicyManager: checkAndSetVolume: output 21, stream 1, index 6, devices 0x2, volume 0.177828
05-22 09:50:07.695 1154 1906 V APM_AudioPolicyManager: checkAndSetVolume: output 21, stream 9, index 8, devices 0x2, volume 0.251189
05-22 09:50:07.695 1154 1906 V APM_AudioPolicyManager: checkAndSetVolume: output 21, stream 0, index 5, devices 0x2, volume 0.223872
05-22 09:50:07.696 1154 1906 V APM_AudioPolicyManager: checkAndSetVolume: output 21, stream 11, index 7, devices 0x2, volume 0.066834
05-22 09:50:07.696 1154 1906 V APM_AudioPolicyManager: checkAndSetVolume: output 21, stream 10, index 8, devices 0x2, volume 0.223872
05-22 09:50:07.697 1154 1906 V APM_AudioPolicyManager: checkAndSetVolume: output 21, stream 4, index 11, devices 0x2, volume 0.354813
05-22 09:50:07.698 1154 1906 V APM_AudioPolicyManager: checkAndSetVolume: output 21, stream 8, index 8, devices 0x2, volume 0.223872
05-22 09:50:07.701 1154 1906 V APM_AudioPolicyManager: checkAndSetVolume: output 21, stream 3, index 8, devices 0x2, volume 0.089125
05-22 09:50:07.702 1154 1906 V APM_AudioPolicyManager: checkAndSetVolume: output 21, stream 5, index 11, devices 0x2, volume 0.354813
05-22 09:50:07.704 1154 1906 V APM_AudioPolicyManager: checkAndSetVolume: output 21, stream 2, index 11, devices 0x2, volume 0.354813
05-22 09:50:07.705 1154 1906 V APM_AudioPolicyManager: checkAndSetVolume: output 21, stream 1, index 6, devices 0x2, volume 0.177828
05-22 09:50:07.706 1154 1906 V APM_AudioPolicyManager: checkAndSetVolume: output 21, stream 9, index 8, devices 0x2, volume 0.251189
05-22 09:50:07.707 1154 1906 V APM_AudioPolicyManager: checkAndSetVolume: output 21, stream 0, index 5, devices 0x2, volume 0.223872
05-22 09:50:07.708 1154 1906 V APM_AudioPolicyManager: checkAndSetVolume: output 21, stream 11, index 7, devices 0x2, volume 0.066834
05-22 09:50:07.710 1154 1491 V APM_AudioPolicyManager: canBeSpatializedInt check can be spatialized devices[AUDIO_DEVICE_OUT_SPEAKER, @:]
05-22 09:50:07.710 1154 1491 I APM_AudioPolicyManager: getSpatializerOutput getSpatializerOutput[13]
05-22 09:50:07.710 1290 2120 V AS.AudioDeviceBroker: requestedCommunicationDevice: AudioDeviceAttributes: role:output type:speaker addr: name: profiles:[] descriptors:[] mAudioModeOwner: AudioModeInfo: mMode=MODE_NORMAL, mPid=0, mUid=0
05-22 09:50:07.711 1290 2119 D BluetoothA2dp: getActiveDevice()
05-22 09:50:07.713 1290 1290 I Telecom : SamsungCallAudioRouteStateMachine: isSpeakerPhoneChangedByTelecom - modeOwner : : CARSM.mSPCR@ALQ
05-22 09:50:07.713 984 23808 I sensors-hal: handle_sns_client_event:44, ambient_light_event: ts=45120483237616, event=92.000000
05-22 09:50:07.714 984 23808 I sensors-hal: handle_sns_client_event:44, ambient_light_event: ts=45120483480845, event=92.000000
05-22 09:50:07.714 1290 2119 D AS.AudioService: isBluetoothDualModeActive=false
05-22 09:50:07.714 1154 1906 V APM_AudioPolicyManager: setVolumeCurveIndex stream AUDIO_STREAM_DTMF, device 0x20000000, index 9
05-22 09:50:07.715 1290 2120 V AS.AudioDeviceBroker: requestedCommunicationDevice: AudioDeviceAttributes: role:output type:speaker addr: name: profiles:[] descriptors:[] mAudioModeOwner: AudioModeInfo: mMode=MODE_NORMAL, mPid=0, mUid=0
05-22 09:50:07.716 1154 1906 V APM_AudioPolicyManager: setVolumeCurveIndex stream AUDIO_STREAM_DTMF, device 0x00000002, index 8
05-22 09:50:07.716 1154 1906 V APM_AudioPolicyManager: checkAndSetVolume: output 13, stream 8, index 8, devices 0x2, volume 0.223872
05-22 09:50:07.717 1154 1906 V APM_AudioPolicyManager: checkAndSetVolume: output 21, stream 8, index 8, devices 0x2, volume 0.223872
05-22 09:50:07.719 1290 2122 D AS.SoundAliveUtils: notify dvfs state : 2, screen : true
05-22 09:50:07.719 1290 1290 V AS.AudioDeviceBroker: requestedCommunicationDevice: AudioDeviceAttributes: role:output type:speaker addr: name: profiles:[] descriptors:[] mAudioModeOwner: AudioModeInfo: mMode=MODE_NORMAL, mPid=0, mUid=0
05-22 09:50:07.720 1290 2120 I AS.BtHelper: setHearingAidVolume: null mHearingAid
05-22 09:50:07.720 1290 2120 I AS.BtHelper: setLeAudioVolume: null mLeAudio
05-22 09:50:07.720 1290 3138 I Telecom : CallAudioRouteStateMachine: Message received: SPEAKER_ON=1006, arg1=0: CARSM.mSPCR->CARSM.pM_SPEAKER_ON@ALQ
05-22 09:50:07.720 1290 2120 D BluetoothA2dp: getActiveDevice()
05-22 09:50:07.720 1290 3138 I Telecom : QuiescentSpeakerRoute: Processing message SPEAKER_ON: CARSM.mSPCR->CARSM.pM_SPEAKER_ON@ALQ
05-22 09:50:07.722 1290 2120 V AS.AudioDeviceBroker: requestedCommunicationDevice: AudioDeviceAttributes: role:output type:speaker addr: name: profiles:[] descriptors:[] mAudioModeOwner: AudioModeInfo: mMode=MODE_NORMAL, mPid=0, mUid=0
05-22 09:50:07.722 1290 2120 V AS.AudioDeviceBroker: onUpdateCommunicationRouteClient, crc: [CommunicationRouteClient: mUid: 10253 mDevice: AudioDeviceAttributes: role:output type:speaker addr: name: profiles:[] descriptors:[] mIsPrivileged: false mPlaybackActive: true mRecordingActive: false] wasBtScoRequested: false eventSource: setNewModeOwner
05-22 09:50:07.722 1290 2120 V AS.AudioDeviceBroker: setCommunicationRouteForClient: device: AudioDeviceAttributes: role:output type:speaker addr: name: profiles:[] descriptors:[], eventSource: setNewModeOwner
05-22 09:50:07.722 1290 2120 I AS.AudioDeviceBroker: setCommunicationRouteForClient for uid: 10253 device: AudioDeviceAttributes: role:output type:speaker addr: name: profiles:[] descriptors:[] isPrivileged: false from API: setNewModeOwner
05-22 09:50:07.722 1290 2120 V AS.AudioDeviceBroker: requestedCommunicationDevice: AudioDeviceAttributes: role:output type:speaker addr: name: profiles:[] descriptors:[] mAudioModeOwner: AudioModeInfo: mMode=MODE_IN_COMMUNICATION, mPid=27753, mUid=10253
05-22 09:50:07.722 1290 2120 V AS.AudioDeviceBroker: requestedCommunicationDevice: AudioDeviceAttributes: role:output type:speaker addr: name: profiles:[] descriptors:[] mAudioModeOwner: AudioModeInfo: mMode=MODE_IN_COMMUNICATION, mPid=27753, mUid=10253
05-22 09:50:07.723 1290 2120 V AS.AudioDeviceBroker: requestedCommunicationDevice: AudioDeviceAttributes: role:output type:speaker addr: name: profiles:[] descriptors:[] mAudioModeOwner: AudioModeInfo: mMode=MODE_IN_COMMUNICATION, mPid=27753, mUid=10253
05-22 09:50:07.723 1290 2120 V AS.AudioDeviceBroker: requestedCommunicationDevice: AudioDeviceAttributes: role:output type:speaker addr: name: profiles:[] descriptors:[] mAudioModeOwner: AudioModeInfo: mMode=MODE_IN_COMMUNICATION, mPid=27753, mUid=10253
05-22 09:50:07.723 1290 2120 V AS.AudioDeviceBroker: requestedCommunicationDevice: AudioDeviceAttributes: role:output type:speaker addr: name: profiles:[] descriptors:[] mAudioModeOwner: AudioModeInfo: mMode=MODE_IN_COMMUNICATION, mPid=27753, mUid=10253
05-22 09:50:07.723 1290 2120 V AS.AudioDeviceBroker: updateCommunicationRoute, preferredCommunicationDevice: AudioDeviceAttributes: role:output type:speaker addr: name: profiles:[] descriptors:[] eventSource: setNewModeOwner
05-22 09:50:07.723 1290 2120 I AS.AudioDeviceBroker: updateCommunicationRoute return already mCurrentCallDevice = AudioDeviceAttributes: role:output type:speaker addr: name: profiles:[] descriptors:[]
05-22 09:50:07.723 1290 2120 V AS.AudioDeviceBroker: requestedCommunicationDevice: AudioDeviceAttributes: role:output type:speaker addr: name: profiles:[] descriptors:[] mAudioModeOwner: AudioModeInfo: mMode=MODE_IN_COMMUNICATION, mPid=27753, mUid=10253
05-22 09:50:07.723 1290 2120 V AS.AudioDeviceBroker: requestedCommunicationDevice: AudioDeviceAttributes: role:output type:speaker addr: name: profiles:[] descriptors:[] mAudioModeOwner: AudioModeInfo: mMode=MODE_IN_COMMUNICATION, mPid=27753, mUid=10253
05-22 09:50:07.723 1290 2122 D CompatibilityChangeReporter: Compat change id reported: 135634846; UID 10098; state: DISABLED
05-22 09:50:07.723 1290 2122 D CompatibilityChangeReporter: Compat change id reported: 177438394; UID 10098; state: DISABLED
05-22 09:50:07.723 1290 2120 I Telecom:SamsungTelecomServiceImpl: isInCall - callingPackage : android / callingUser : UserHandle{0} / hasCrossUserAccess : true
05-22 09:50:07.723 1290 2122 D CompatibilityChangeReporter: Compat change id reported: 135772972; UID 10098; state: DISABLED
05-22 09:50:07.723 1290 2119 D CompatibilityChangeReporter: Compat change id reported: 171306433; UID 1000; state: ENABLED
05-22 09:50:07.724 1290 2122 D CompatibilityChangeReporter: Compat change id reported: 135754954; UID 10098; state: ENABLED
05-22 09:50:07.724 1290 2119 D CompatibilityChangeReporter: Compat change id reported: 218533173; UID 1000; state: ENABLED
05-22 09:50:07.724 1154 1227 V APM_AudioPolicyManager: getAudioPolicyConfig: audioParam;l_device_current_output
05-22 09:50:07.724 1154 1227 V APM_AudioPolicyManager: getNewOutputDevices selected devices {AUDIO_DEVICE_OUT_SPEAKER, @:}
05-22 09:50:07.724 1290 1705 D CompatibilityChangeReporter: Compat change id reported: 143937733; UID 10098; state: ENABLED
05-22 09:50:07.726 1290 2119 V AS.AudioDeviceBroker: requestedCommunicationDevice: AudioDeviceAttributes: role:output type:speaker addr: name: profiles:[] descriptors:[] mAudioModeOwner: AudioModeInfo: mMode=MODE_IN_COMMUNICATION, mPid=27753, mUid=10253
05-22 09:50:07.728 1154 1227 V APM_AudioPolicyManager: setForceUse() usage 7, config 0, mPhoneState 3
05-22 09:50:07.728 1154 1227 W APM_AudioPolicyManager: setForceUse() usage 7, config 0 is already set
05-22 09:50:07.728 1154 1491 V APM_AudioPolicyManager: canBeSpatializedInt check can be spatialized devices[AUDIO_DEVICE_OUT_SPEAKER, @:]
05-22 09:50:07.729 1154 1491 I APM_AudioPolicyManager: getSpatializerOutput getSpatializerOutput[13]
05-22 09:50:07.729 1154 1227 V APM_AudioPolicyManager: setVolumeCurveIndex stream AUDIO_STREAM_DTMF, device 0x00000002, index 9
05-22 09:50:07.729 1154 1227 V APM_AudioPolicyManager: checkAndSetVolume: output 13, stream 8, index 9, devices 0x2, volume 0.223872
05-22 09:50:07.731 1154 1227 V APM_AudioPolicyManager: checkAndSetVolume: output 21, stream 8, index 9, devices 0x2, volume 0.223872
05-22 09:50:07.734 1154 1227 V APM_AudioPolicyManager: setVolumeCurveIndex stream AUDIO_STREAM_DTMF, device 0x20000000, index 9
05-22 09:50:07.735 1154 1227 V APM_AudioPolicyManager: setVolumeCurveIndex stream AUDIO_STREAM_DTMF, device 0x40000000, index 9
05-22 09:50:07.736 1154 1227 V APM_AudioPolicyManager: setVolumeCurveIndex stream AUDIO_STREAM_ACCESSIBILITY, device 0x00000001, index 9
05-22 09:50:07.737 1154 1227 V APM_AudioPolicyManager: setVolumeCurveIndex stream AUDIO_STREAM_ACCESSIBILITY, device 0x00000002, index 9
05-22 09:50:07.738 1154 1227 V APM_AudioPolicyManager: checkAndSetVolume: output 13, stream 10, index 9, devices 0x2, volume 0.223872
05-22 09:50:07.738 1154 1227 V APM_AudioPolicyManager: checkAndSetVolume: output 21, stream 10, index 9, devices 0x2, volume 0.223872
05-22 09:50:07.738 873 873 D Zygote : Forked child process 28059
05-22 09:50:07.739 1290 1705 I ActivityManager: Start proc 28059:com.sec.android.app.soundalive/u0a98 for content provider {com.sec.android.app.soundalive/com.sec.android.app.soundalive.compatibility.SAContentProvider}
05-22 09:50:07.739 1154 1227 V APM_AudioPolicyManager: setVolumeCurveIndex stream AUDIO_STREAM_ACCESSIBILITY, device 0x00000004, index 9
05-22 09:50:07.740 1154 1227 V APM_AudioPolicyManager: setVolumeCurveIndex stream AUDIO_STREAM_ACCESSIBILITY, device 0x00000008, index 9
05-22 09:50:07.741 1154 1227 V APM_AudioPolicyManager: setVolumeCurveIndex stream AUDIO_STREAM_ACCESSIBILITY, device 0x00000080, index 9
05-22 09:50:07.742 1154 1227 V APM_AudioPolicyManager: setVolumeCurveIndex stream AUDIO_STREAM_ACCESSIBILITY, device 0x00008000, index 15
05-22 09:50:07.743 1154 1227 V APM_AudioPolicyManager: setVolumeCurveIndex stream AUDIO_STREAM_ACCESSIBILITY, device 0x04000000, index 9
05-22 09:50:07.744 1154 1227 V APM_AudioPolicyManager: setVolumeCurveIndex stream AUDIO_STREAM_ACCESSIBILITY, device 0x20000000, index 8
05-22 09:50:07.745 1154 1227 V APM_AudioPolicyManager: setVolumeCurveIndex stream AUDIO_STREAM_ACCESSIBILITY, device 0x40000000, index 8
05-22 09:50:07.746 1154 1227 V APM_AudioPolicyManager: setAudioPolicyConfig: audioParam;l_volume_fine_key;index=70;device=536870912
05-22 09:50:07.746 1154 1227 V APM_AudioPolicyManager: setVolumeCurveIndex stream AUDIO_STREAM_MUSIC, device 0x20000000, index 7
05-22 09:50:07.747 1154 1227 V APM_AudioPolicyManager: getNewOutputDevices selected devices {AUDIO_DEVICE_OUT_SPEAKER, @:}
05-22 09:50:07.747 1154 1227 V APM_AudioPolicyManager: checkAndSetVolume: output 13, stream 3, index 8, devices 0x2, volume 0.089125
05-22 09:50:07.748 1154 1227 V APM_AudioPolicyManager: checkAndSetVolume: output 21, stream 3, index 8, devices 0x2, volume 0.089125
05-22 09:50:07.748 1290 2119 I AS.AudioService: fine volume : l_volume_fine_key;index=70;device=536870912
05-22 09:50:07.750 1154 1227 V APM_AudioPolicyManager: canBeSpatializedInt check can be spatialized devices[AUDIO_DEVICE_OUT_SPEAKER, @:]
05-22 09:50:07.750 1290 2119 I AS.SpatializerHelper: onRoutingUpdated: can spatialize media 5.1:true on device:AudioDeviceAttributes: role:output type:speaker addr: name: profiles:[] descriptors:[]
05-22 09:50:07.750 1290 2119 I AS.SpatializerHelper: setDispatchAvailableState(true) no dispatch: mState:STATE_ENABLED_AVAILABLE
05-22 09:50:07.750 1290 2119 I AS.SpatializerHelper: Enabling Spatial Audio since enabled for media device:AudioDeviceAttributes: role:output type:speaker addr: name: profiles:[] descriptors:[]
05-22 09:50:07.750 1290 2119 I AS.SpatializerHelper: Setting spatialization level to: 1
05-22 09:50:07.750 1290 2119 I AS.SpatializerHelper: setDispatchFeatureEnabledState(true) no dispatch: mState:STATE_ENABLED_AVAILABLE src:onRoutingUpdated
05-22 09:50:07.754 28059 28059 I .app.soundalive: Using CollectorTypeCC GC.
05-22 09:50:07.758 28059 28059 E .app.soundalive: Not starting debugger since process cannot load the jdwp agent.
05-22 09:50:07.763 28059 28059 D ActivityThread: setConscryptValidator
05-22 09:50:07.764 28059 28059 D ActivityThread: setConscryptValidator - put
05-22 09:50:07.764 1290 4624 D AutoRotationHandler: not support this mode
05-22 09:50:07.765 1100 27402 I QC2C2DEngine: calcYSize: unsupported or RGB color format, RGBA8888(1)
05-22 09:50:07.766 1290 4243 D CompatibilityChangeReporter: Compat change id reported: 168419799; UID 10098; state: DISABLED
05-22 09:50:07.766 1290 4243 D CompatibilityChangeReporter: Compat change id reported: 273564678; UID 10098; state: DISABLED
05-22 09:50:07.768 1290 4243 I ActivityManager: Changes in 10098 20 to 5, 0 to 56
05-22 09:50:07.770 1154 1227 V APM_AudioPolicyManager: setForceUse() usage 7, config 0, mPhoneState 3
05-22 09:50:07.770 1154 1227 W APM_AudioPolicyManager: setForceUse() usage 7, config 0 is already set
05-22 09:50:07.770 1290 1927 D CompatibilityChangeReporter: Compat change id reported: 265195908; UID 10098; state: ENABLED
05-22 09:50:07.771 1154 1491 V APM_AudioPolicyManager: canBeSpatializedInt check can be spatialized devices[AUDIO_DEVICE_OUT_SPEAKER, @:]
05-22 09:50:07.771 1154 1491 I APM_AudioPolicyManager: getSpatializerOutput getSpatializerOutput[13]
05-22 09:50:07.771 2684 2684 D HidDeviceService: handleMessage(): msg.what=8
05-22 09:50:07.772 1154 1227 V APM_AudioPolicyManager: setForceUse() usage 7, config 0, mPhoneState 3
05-22 09:50:07.772 1154 1227 W APM_AudioPolicyManager: setForceUse() usage 7, config 0 is already set
05-22 09:50:07.773 28059 28059 D CompatibilityChangeReporter: Compat change id reported: 171979766; UID 10098; state: ENABLED
05-22 09:50:07.773 28059 28059 D CompatibilityChangeReporter: Compat change id reported: 242716250; UID 10098; state: ENABLED
05-22 09:50:07.773 1154 1491 V APM_AudioPolicyManager: canBeSpatializedInt check can be spatialized devices[AUDIO_DEVICE_OUT_SPEAKER, @:]
05-22 09:50:07.773 1154 1491 I APM_AudioPolicyManager: getSpatializerOutput getSpatializerOutput[13]
05-22 09:50:07.775 1290 4243 D CompatibilityChangeReporter: Compat change id reported: 170503758; UID 10098; state: ENABLED
05-22 09:50:07.794 1290 4243 D VpnManagerService: Exception: java.lang.NullPointerException: Attempt to invoke interface method 'int com.samsung.android.knox.zt.networktrust.filter.IKnoxNetworkFilterService.getKnoxNwFilterHttpProxyPort(int, java.lang.String)' on a null object reference
05-22 09:50:07.794 1290 4243 D VpnManagerService: at com.android.server.VpnManagerService.getKnoxNwFilterHttpProxyPort(VpnManagerService.java:1911)
05-22 09:50:07.794 1290 4243 D VpnManagerService: at android.net.IVpnManager$Stub.onTransact(IVpnManager.java:1055)
05-22 09:50:07.794 1290 4243 D VpnManagerService: at android.os.Binder.execTransactInternal(Binder.java:1375)
05-22 09:50:07.794 1290 4243 D VpnManagerService: at android.os.Binder.execTransact(Binder.java:1311)
05-22 09:50:07.801 28059 28059 I CapsuleProvider_1.0.23: onCreate
05-22 09:50:07.803 28059 28059 I RoutineActionProvider: onCreate() : application context is null, so use context of this
05-22 09:50:07.806 28059 28059 I SoundAliveApplication: onCreate()
05-22 09:50:07.806 28059 28059 I PreferencesManager: getInstance() : user unlocked is true
05-22 09:50:07.807 28059 28059 I PreferencesManager: getInstance() : preferences is moved to decrypted storage
05-22 09:50:07.807 28059 28059 I PreferencesManager: PreferencesManager() : user unlocked is true
05-22 09:50:07.808 28059 28059 I PreferencesManager: create() : preferences manager has created successfully
05-22 09:50:07.808 28059 28059 I SoundAliveApplication: onCreate() : creating preferences is done
05-22 09:50:07.808 28059 28073 I SAContentProvider: getType() : screen on is true
05-22 09:50:07.809 28059 28073 I FeatureManager: FeatureManager() : soundalive features are spk_stereo
05-22 09:50:07.809 28059 28073 E FeatureManager: getDVFSType() : unsupported dvfs type, so apply default value
05-22 09:50:07.809 28059 28073 I DVFSHelper: getHintIDFromDVFSType() : dvfs type is 40 percent
05-22 09:50:07.811 1290 4243 D CompatibilityChangeReporter: Compat change id reported: 161145287; UID 10098; state: ENABLED
05-22 09:50:07.811 28059 28059 I AudioManagerWrapper: registerAudioDeviceCallback() : AudioDeviceCallback has registered successfully
05-22 09:50:07.812 28059 28059 I SoundAliveApplication: onCreate() : registering audio device callback is done
05-22 09:50:07.812 28059 28059 I AudioPathManager: isAudioPathChanged() : saved path is speaker (0), current path is speaker (0)
05-22 09:50:07.812 28059 28059 I SoundAliveApplication: onCreate() : no need to update audio path
05-22 09:50:07.813 28059 28059 I AudioPathManager: loadAudioPath() : loaded audio path is speaker (0)
05-22 09:50:07.813 984 23808 I sensors-hal: handle_sns_client_event:44, ambient_light_event: ts=45120583233345, event=92.000000
05-22 09:50:07.814 984 23808 I sensors-hal: handle_sns_client_event:44, ambient_light_event: ts=45120583484022, event=92.000000
05-22 09:50:07.816 1154 1227 E AudioFlinger: createEffect() fail to get EffectStageHandle
05-22 09:50:07.816 28059 28059 E AudioEffect: set(): AudioFlinger could not create effect c4da1d1f-7cdf-42e2-ba60-efc7eb3508a3 / ec7178ec-e5e1-4432-a3f4-4657e6795210, status: -22
05-22 09:50:07.816 28059 28059 E AudioEffects-JNI: AudioEffect initCheck failed -3
05-22 09:50:07.816 28059 28059 E AudioEffect-JAVA: Error code -3 when initializing AudioEffect.
05-22 09:50:07.816 28059 28059 E SoundAliveWrapper: createSoundAliveInstance() : creating instance has failed, java.lang.RuntimeException: Cannot initialize effect engine for type: c4da1d1f-7cdf-42e2-ba60-efc7eb3508a3 Error: -3
05-22 09:50:07.817 28059 28059 E SoundAliveWrapper: setEqualizer() : can't change enable state, java.lang.NullPointerException: Attempt to invoke virtual method 'boolean android.media.audiofx.SemSoundAlive.getEnabled()' on a null object reference
05-22 09:50:07.817 28059 28059 E SoundAliveWrapper: setEqualizer() : can't change enable state, java.lang.NullPointerException: Attempt to invoke virtual method 'boolean android.media.audiofx.SemSoundAlive.getEnabled()' on a null object reference
05-22 09:50:07.817 28059 28059 E SoundAliveWrapper: setEqualizer() : can't change enable state, java.lang.NullPointerException: Attempt to invoke virtual method 'boolean android.media.audiofx.SemSoundAlive.getEnabled()' on a null object reference
05-22 09:50:07.817 28059 28059 E SoundAliveWrapper: setEqualizer() : can't change enable state, java.lang.NullPointerException: Attempt to invoke virtual method 'boolean android.media.audiofx.SemSoundAlive.getEnabled()' on a null object reference
