05-22 09:49:48.920 628 628 D keymaster_swd: keymaster_swd [WRN] (km_add_tag:500) skip: non repetable tag already exists with different value: 2684354
05-22 09:49:48.920 628 628 D keymaster_swd: keymaster_swd [WRN] (swd_run_cb:257) swd_begin() returns 0
05-22 09:49:48.921 625 3159 I keystore2: system/security/keystore2/src/security_level.rs:448 - In create_operation. Success to create IKeystoreOperation. 10182, None
05-22 09:49:48.926 628 628 D keymaster_swd: keymaster_swd [WRN] (swd_run_cb:257) swd_update() returns 0
05-22 09:49:48.931 628 628 D keymaster_swd: keymaster_swd [WRN] (swd_run_cb:257) swd_finish() returns 0
05-22 09:49:48.991 2254 2254 I AODNotificationManager: updateNotification()
05-22 09:49:48.993 1180 1283 W ComposerExtn: DisplayExtnImpl::SetActiveConfig: HWC Display 0 is not registered!
05-22 09:49:49.012 1007 1007 I SDM : HWDeviceDRM::UpdateMixerAttributes: Mixer WxH 1200x1920-0 for Peripheral
05-22 09:49:49.013 1007 1007 I SDM : HWCDisplay::SubmitDisplayConfig: Active configuration changed to: 0
05-22 09:49:49.014 984 23808 I sensors-hal: handle_sns_client_event:44, ambient_light_event: ts=45101783500741, event=353.000000
05-22 09:49:49.026 1100 27402 I QC2C2DEngine: calcYSize: unsupported or RGB color format, RGBA8888(1)
05-22 09:49:49.045 27753 27753 I System.out: waiting for debugger to settle...
05-22 09:49:49.054 1100 27429 D BufferPoolAccessor2.0: bufferpool2 0xee437f18 : 5(7843840 size) total buffers - 4(6275072 size) used buffers - 70/76 (recycle/alloc) - 5/71 (fetch/transfer)
05-22 09:49:49.115 984 23808 I sensors-hal: handle_sns_client_event:44, ambient_light_event: ts=45101883503032, event=353.000000
05-22 09:49:49.197 1100 27402 I QC2Comp : [avcE_15] Stats: Pending(0) i/p-done(0) Works: Q: 72/Done 72|Work-Rate: Q(13.6/s Avg=6.8/s) Done(13.599/s Avg=6.769/s)| Stream: 58.97fps 118.7Kbps
05-22 09:49:49.197 1100 27402 I QC2Comp : Mem-usage: [In-2D: 65 bufs 292.500 MB] [1D-17: 6 bufs 8.977 MB]
05-22 09:49:49.197 1100 27402 I QC2Comp : Total Mem-usage: 301.477 MB
05-22 09:49:49.214 984 23808 I sensors-hal: handle_sns_client_event:44, ambient_light_event: ts=45101983500584, event=353.000000
05-22 09:49:49.243 1180 1283 W ComposerExtn: DisplayExtnImpl::SetActiveConfig: HWC Display 0 is not registered!
05-22 09:49:49.244 619 619 D io_stats: !@ 8,0 r 568258 18974076 w 76924 2269000 d 15478 44369720 f 0 0 iot 281064 0 th 0 0 0 pt 0 inp 0 0 10163.207
05-22 09:49:49.245 619 619 D io_stats: !@ Read_top(KB): ding:background(27621) 42412 id.app.routines(27646) 13368 pp.clockpackage(27792) 12044
05-22 09:49:49.245 619 619 D io_stats: !@ Write_top(KB): kworker/u16:4(27438) 49640 kworker/u16:1(24956) 8652 system_server(1290) 5084
05-22 09:49:49.245 27753 27753 I System.out: waiting for debugger to settle...
05-22 09:49:49.254 1007 1007 I SDM : HWDeviceDRM::UpdateMixerAttributes: Mixer WxH 1200x1920-0 for Peripheral
05-22 09:49:49.254 1007 1007 I SDM : HWCDisplay::SubmitDisplayConfig: Active configuration changed to: 1
05-22 09:49:49.259 25039 25047 I android.vending: Background young concurrent copying GC freed 242077(9164KB) AllocSpace objects, 102(3676KB) LOS objects, 55% free, 9889KB/21MB, paused 232us,124us total 115.380ms
05-22 09:49:49.314 984 23808 I sensors-hal: handle_sns_client_event:44, ambient_light_event: ts=45102083501574, event=353.000000
05-22 09:49:49.413 1290 3904 I EDMNativeHelperService: isFaceRecognitionAllowedEvenCameraBlocked
05-22 09:49:49.414 1290 3904 I EDMNativeHelperService: isCameraEnabled
05-22 09:49:49.414 1290 3904 D EDMNativeHelper: isCameraEnabled
05-22 09:49:49.415 1290 3904 D EDMNativeHelper: checking for camera in EnterpriseDeviceManagerService
05-22 09:49:49.415 1290 3904 D EnterpriseDeviceManagerService: isCameraEnabledNative
05-22 09:49:49.415 1290 3904 D EnterpriseDeviceManagerService: checking for camera in restriction policy
05-22 09:49:49.415 984 23808 I sensors-hal: handle_sns_client_event:44, ambient_light_event: ts=45102183500793, event=353.000000
05-22 09:49:49.415 1290 3904 D RestrictionPolicy: isCameraEnabled ret(true) userId(0) cxtInfo.mCallerUid(1000) cxtInfo.mContainerId(0)
05-22 09:49:49.446 27753 27753 I System.out: waiting for debugger to settle...
05-22 09:49:49.515 984 23808 I sensors-hal: handle_sns_client_event:44, ambient_light_event: ts=45102283251209, event=354.000000
05-22 09:49:49.515 984 23808 I sensors-hal: handle_sns_client_event:44, ambient_light_event: ts=45102283501314, event=354.000000
05-22 09:49:49.615 984 23808 I sensors-hal: handle_sns_client_event:44, ambient_light_event: ts=45102383257043, event=354.000000
05-22 09:49:49.616 984 23808 I sensors-hal: handle_sns_client_event:44, ambient_light_event: ts=45102383503918, event=354.000000
05-22 09:49:49.646 27753 27753 I System.out: debugger has settled (1448)
05-22 09:49:49.648 1290 1675 W WindowOnBackDispatcher: sendCancelIfRunning: isInProgress=falsecallback=android.view.ViewRootImpl$$ExternalSyntheticLambda21@670f183
05-22 09:49:49.648 1290 1675 D CoreBackPreview: Window{9985fef u0 Waiting For Debugger: org.qtproject.example.spectrum}: Setting back callback null
05-22 09:49:49.651 1290 1675 I ViewRootImpl@b0505c9[spectrum]: dispatchDetachedFromWindow
05-22 09:49:49.652 1290 1675 D InputTransport: Input channel destroyed: '9985fef', fd=349
05-22 09:49:49.653 1290 1675 W InputManager-JNI: Input channel object '9985fef Waiting For Debugger: org.qtproject.example.spectrum (client)' was disposed without first being removed with the input manager!
05-22 09:49:49.653 1290 1675 D InputTransport: Input channel destroyed: '9985fef', fd=824
05-22 09:49:49.653 1290 1675 V WindowManager: Remove Window{9985fef u0 Waiting For Debugger: org.qtproject.example.spectrum}: mSurfaceController=Surface(name=Waiting For Debugger: org.qtproject.example.spectrum)/@0x12362af mAnimatingExit=false mRemoveOnExit=false mHasSurface=true surfaceShowing=true animating=false app-animation=false mDisplayFrozen=false callers=com.android.server.wm.WindowManagerService.removeWindow:2149 com.android.server.wm.Session.remove:245 android.view.ViewRootImpl.dispatchDetachedFromWindow:6746 android.view.ViewRootImpl.doDie:10641 android.view.ViewRootImpl.die:10617 android.view.WindowManagerGlobal.removeViewLocked:676
05-22 09:49:49.654 1290 1675 I WindowManager: Reparenting to leash, surface=Surface(name=9985fef Waiting For Debugger: org.qtproject.example.spectrum)/@0xee3fb2c, leashParent=Surface(name=WindowToken{b5ce4ce type=2003 android.view.ViewRootImpl$W@b0505c9})/@0xda189f5
05-22 09:49:49.654 1180 1231 I SurfaceFlinger: id=646 createSurf, flag=24000, Surface(name=9985fef Waiting For Debugger: org.qtproject.example.spectrum)/@0xee3fb2c - animation-leash of window_animation#646
05-22 09:49:49.654 1180 1283 W ComposerExtn: DisplayExtnImpl::SetActiveConfig: HWC Display 0 is not registered!
05-22 09:49:49.655 1290 1675 D WindowManager: makeSurface duration=0 leash=Surface(name=Surface(name=9985fef Waiting For Debugger: org.qtproject.example.spectrum)/@0xee3fb2c - animation-leash of window_animation)/@0x67c86bc
05-22 09:49:49.660 1290 1675 V WindowManager: removeIfPossible 2, Window{9985fef u0 Waiting For Debugger: org.qtproject.example.spectrum}: mAnimatingExit=true caller=com.android.server.wm.WindowManagerService.removeWindow:2149 com.android.server.wm.Session.remove:245 android.view.ViewRootImpl.dispatchDetachedFromWindow:6746 android.view.ViewRootImpl.doDie:10641 android.view.ViewRootImpl.die:10617
05-22 09:49:49.660 1290 1675 V WindowManager: Changing focus from Window{9985fef u0 Waiting For Debugger: org.qtproject.example.spectrum EXITING} to null displayId=0 Callers=com.android.server.wm.RootWindowContainer.updateFocusedWindowLocked:569 com.android.server.wm.WindowManagerService.updateFocusedWindowLocked:6797 com.android.server.wm.WindowState.setupWindowForRemoveOnExit:3210 com.android.server.wm.WindowState.removeIfPossible:3138
05-22 09:49:49.661 1290 1675 I WindowManager: Cancelling animation restarting=true, leash=Surface(name=Surface(name=3610cc1 TaskbarWindow)/@0xdf1a44a - animation-leash of insets_animation)/@0xde67fda
05-22 09:49:49.661 1290 1675 I WindowManager: Reparenting to original parent: Surface(name=WindowToken{34dbdcb type=2024 android.os.BinderProxy@90fe09a})/@0xb2dafbb, destroy=false, surface=Surface(name=3610cc1 TaskbarWindow)/@0xdf1a44a
05-22 09:49:49.661 1290 1675 I WindowManager: Reparenting to leash, surface=Surface(name=3610cc1 TaskbarWindow)/@0xdf1a44a, leashParent=Surface(name=WindowToken{34dbdcb type=2024 android.os.BinderProxy@90fe09a})/@0xb2dafbb
05-22 09:49:49.661 1180 1231 I SurfaceFlinger: id=648 createSurf, flag=24000, Surface(name=3610cc1 TaskbarWindow)/@0xdf1a44a - animation-leash of insets_animation#648
05-22 09:49:49.661 1290 1675 D WindowManager: makeSurface duration=0 leash=Surface(name=Surface(name=3610cc1 TaskbarWindow)/@0xdf1a44a - animation-leash of insets_animation)/@0xf4719a
05-22 09:49:49.661 1290 1675 D InsetsSourceProvider: updateControlForTarget: control=InsetsSourceControl: {62aa0001 mType=navigationBars initiallyVisible mSurfacePosition=Point(0, 1848) mInsetsHint=Insets{left=0, top=0, right=0, bottom=72}}, target=Window{b0c0205 u0 Splash Screen org.qtproject.example.spectrum}, from=com.android.server.wm.InsetsStateController.onControlTargetChanged:358 com.android.server.wm.InsetsStateController.onBarControlTargetChanged:327 com.android.server.wm.InsetsPolicy.updateBarControlTarget:172 com.android.server.wm.InsetsPolicy.updateSystemBars:788 com.android.server.wm.DisplayPolicy.updateSystemBarsLw:3397
05-22 09:49:49.662 1290 1675 I WindowManager: Cancelling animation restarting=true, leash=Surface(name=Surface(name=8f52b7 StatusBar)/@0x974c743 - animation-leash of insets_animation)/@0xc43aae8
05-22 09:49:49.662 1290 1675 I WindowManager: Reparenting to original parent: Surface(name=WindowToken{e3045b6 type=2000 android.os.BinderProxy@c779e78})/@0xc4171c0, destroy=false, surface=Surface(name=8f52b7 StatusBar)/@0x974c743
05-22 09:49:49.662 1290 1675 I WindowManager: Reparenting to leash, surface=Surface(name=8f52b7 StatusBar)/@0x974c743, leashParent=Surface(name=WindowToken{e3045b6 type=2000 android.os.BinderProxy@c779e78})/@0xc4171c0
05-22 09:49:49.662 1180 1231 I SurfaceFlinger: id=649 createSurf, flag=24000, Surface(name=8f52b7 StatusBar)/@0x974c743 - animation-leash of insets_animation#649
05-22 09:49:49.662 1290 1675 D WindowManager: makeSurface duration=0 leash=Surface(name=Surface(name=8f52b7 StatusBar)/@0x974c743 - animation-leash of insets_animation)/@0xbe952a8
05-22 09:49:49.662 1290 1675 D InsetsSourceProvider: updateControlForTarget: control=InsetsSourceControl: {e5a60000 mType=statusBars initiallyVisible mSurfacePosition=Point(0, 0) mInsetsHint=Insets{left=0, top=36, right=0, bottom=0}}, target=Window{b0c0205 u0 Splash Screen org.qtproject.example.spectrum}, from=com.android.server.wm.InsetsStateController.onControlTargetChanged:358 com.android.server.wm.InsetsStateController.onBarControlTargetChanged:324 com.android.server.wm.InsetsPolicy.updateBarControlTarget:172 com.android.server.wm.InsetsPolicy.updateSystemBars:788 com.android.server.wm.DisplayPolicy.updateSystemBarsLw:3397
05-22 09:49:49.663 1290 3904 D InputDispatcher: Focus left window (0): 9985fef Waiting For Debugger: org.qtproject.example.spectrum
05-22 09:49:49.664 1290 1675 D WindowManager: updateSystemBarAttributes: displayId=0, win=Window{b0c0205 u0 Splash Screen org.qtproject.example.spectrum}, navColorWin=Window{9985fef u0 Waiting For Debugger: org.qtproject.example.spectrum EXITING}, focusedCanBeNavColorWin=false, behavior=1, appearance=8, statusBarAppearanceRegions=[AppearanceRegion{ bounds=[0,0][1200,1920]}], requestedVisibilities=-9, from=com.android.server.wm.DisplayPolicy.focusChangedLw:2931 com.android.server.wm.DisplayContent.updateFocusedWindowLocked:4895 com.android.server.wm.RootWindowContainer.updateFocusedWindowLocked:569
05-22 09:49:49.665 1007 1007 I SDM : HWDeviceDRM::UpdateMixerAttributes: Mixer WxH 1200x1920-0 for Peripheral
05-22 09:49:49.665 1007 1007 I SDM : HWCDisplay::SubmitDisplayConfig: Active configuration changed to: 0
05-22 09:49:49.666 1290 1675 D WindowManager: updateSystemBarAttributes: displayId=0, win=Window{b0c0205 u0 Splash Screen org.qtproject.example.spectrum}, navColorWin=Window{b0c0205 u0 Splash Screen org.qtproject.example.spectrum}, focusedCanBeNavColorWin=false, behavior=1, appearance=24, statusBarAppearanceRegions=[AppearanceRegion{LIGHT_STATUS_BARS bounds=[0,0][1200,1920]}], requestedVisibilities=-9, from=com.android.server.wm.DisplayPolicy.finishPostLayoutPolicyLw:2310 com.android.server.wm.DisplayContent.applySurfaceChangesTransaction:6135 com.android.server.wm.RootWindowContainer.applySurfaceChangesTransaction:1171
05-22 09:49:49.666 1290 1675 I WindowManager: Reparenting to leash, surface=Surface(name=Dim Layer for - WindowedMagnification:0:31)/@0xf250dfb, leashParent=Surface(name=WindowedMagnification:0:31)/@0x151f413
05-22 09:49:49.666 1180 1231 I SurfaceFlinger: id=650 createSurf, flag=24000, Surface(name=Dim Layer for - WindowedMagnification:0:31)/@0xf250dfb - animation-leash of dimmer#650
05-22 09:49:49.666 1290 1675 D WindowManager: makeSurface duration=0 leash=Surface(name=Surface(name=Dim Layer for - WindowedMagnification:0:31)/@0xf250dfb - animation-leash of dimmer)/@0xf7791c1
05-22 09:49:49.670 1290 1675 D InputTransport: Input channel destroyed: '9985fef', fd=886
05-22 09:49:49.670 2254 2340 I InsetsSourceConsumer: applyRequestedVisibilityToControl: visible=true, type=navigationBars, host=Splash Screen org.qtproject.example.spectrum
05-22 09:49:49.670 2254 2340 I InsetsSourceConsumer: applyRequestedVisibilityToControl: visible=true, type=statusBars, host=Splash Screen org.qtproject.example.spectrum
05-22 09:49:49.671 2254 2254 D SamsungStatusBarGrayIconHelper: isGrayAppearance=false
05-22 09:49:49.671 2254 2254 D TaskbarDelegate: onSystemBarAttributesChanged() - displayId:0, appearance:8 (), navbarColorManagedByIme: false, packageName: org.qtproject.example.spectrum
05-22 09:49:49.671 2254 2254 D SamsungStatusBarGrayIconHelper: isGrayAppearance=false
05-22 09:49:49.672 2254 2254 D SamsungLightBarControlHelper: onStatusBarAppearanceChanged() - sbModeChanged:false, statusBarMode:0, barState:MODE_TRANSPARENT, isKeyguardShowing:false, navbarColorManagedByIme:false, stackAppearanceChanged:true, (AppearanceRegion{LIGHT_STATUS_BARS bounds=[0,0][1200,1920]}, ), packageName:org.qtproject.example.spectrum
05-22 09:49:49.672 2507 2546 I HoneySpace.TaskbarEventTracker: invokeEvent() called with: event = OnSystemBarAttributesChanged(displayId=0, behavior=1)
05-22 09:49:49.672 2254 2254 D TaskbarDelegate: onSystemBarAttributesChanged() - displayId:0, appearance:24 (APPEARANCE_LIGHT_NAVIGATION_BARS ), navbarColorManagedByIme: false, packageName: org.qtproject.example.spectrum
05-22 09:49:49.672 2507 2546 I HoneySpace.TaskbarEventTracker: invokeEvent() called with: event = HandleNavigationBarEvent(eventData=NavBarEvents(eventType=ON_APPEARANCE_CHANGED, iconType=null, remoteViewBundle=null, iconBitmapBundle=null, orderDefault=true, position=0, rotationLocked=false, transientShowing=false, appearance=8, pluginBundle=null, hiddenByKnox=false, insetsBundle=null))
05-22 09:49:49.672 2507 2546 I HoneySpace.TaskbarEventTracker: invokeEvent() called with: event = OnSystemBarAttributesChanged(displayId=0, behavior=1)
05-22 09:49:49.672 2254 2254 D SamsungLightBarControlHelper: updateNavigationBar (BLACK button) isLightOpaque:false, hasLightNavigationBarFlag:true, packageName:org.qtproject.example.spectrum, DirectReplying:false, NavBarColorMangedByIme:false, ForceDarkForScrim:false, QsCustomizing:false, PanelHasWhiteBg:true
05-22 09:49:49.672 2507 2546 I HoneySpace.TaskbarEventTracker: invokeEvent() called with: event = HandleNavigationBarEvent(eventData=NavBarEvents(eventType=ON_APPEARANCE_CHANGED, iconType=null, remoteViewBundle=null, iconBitmapBundle=null, orderDefault=true, position=0, rotationLocked=false, transientShowing=false, appearance=24, pluginBundle=null, hiddenByKnox=false, insetsBundle=null))
05-22 09:49:49.672 2254 2254 D SamsungLightBarControlHelper: updateStatusBar (BLACK icon) numStacks:1, StatusBarMode:MODE_TRANSPARENT, lightBarBounds:[Rect(0, 0 - 1200, 1920)], StatusBarState:SHADE, packageName:org.qtproject.example.spectrum, isWhiteKeyguardStatusBar:false
05-22 09:49:49.673 2507 2546 I HoneySpace.TaskbarEventTracker: invokeEvent() called with: event = NavButtonsDarkIntensityChanged(darkIntensity=0.0)
05-22 09:49:49.674 2507 2507 I HoneySpace.TaskbarPot: HandleNavigationBarEvent: ON_APPEARANCE_CHANGED
05-22 09:49:49.674 2507 2507 I HoneySpace.TaskbarPot: updateAppearance appearance:8
05-22 09:49:49.675 2507 2546 I HoneySpace.TaskbarEventTracker: invokeEvent() called with: event = NavButtonsDarkIntensityChanged(darkIntensity=0.0)
05-22 09:49:49.675 2507 2507 I HoneySpace.TaskbarPot: HandleNavigationBarEvent: ON_APPEARANCE_CHANGED
05-22 09:49:49.675 2507 2507 I HoneySpace.TaskbarPot: updateAppearance appearance:24
05-22 09:49:49.678 1290 1679 V WindowManager: Unknown focus tokens, dropping reportFocusChanged
05-22 09:49:49.678 1100 27402 I QC2C2DEngine: calcYSize: unsupported or RGB color format, RGBA8888(1)
05-22 09:49:49.694 2507 2546 I HoneySpace.TaskbarEventTracker: invokeEvent() called with: event = NavButtonsDarkIntensityChanged(darkIntensity=0.40973538)
05-22 09:49:49.699 1180 1180 I Layer : Layer::reparent [9985fef Waiting For Debugger: org.qtproject.example.spectrum#631] newParent : Surface(name=9985fef Waiting For Debugger: org.qtproject.example.spectrum)/@0xee3fb2c - animation-leash of window_animation#646 , isRemovedFromCurrentState : 0 -------------------------
05-22 09:49:49.699 1180 1180 I Layer : Layer::reparent [9985fef Waiting For Debugger: org.qtproject.example.spectrum#631] End -------------------------
05-22 09:49:49.699 1180 1180 I Layer : Layer::reparent [3610cc1 TaskbarWindow#126] newParent : Surface(name=3610cc1 TaskbarWindow)/@0xdf1a44a - animation-leash of insets_animation#648 , isRemovedFromCurrentState : 0 -------------------------
05-22 09:49:49.699 1180 1180 I Layer : Layer::reparent [3610cc1 TaskbarWindow#126] End -------------------------
05-22 09:49:49.699 1180 1180 I Layer : Layer::reparent [Surface(name=3610cc1 TaskbarWindow)/@0xdf1a44a - animation-leash of insets_animation#632] newParentHandle : null -------------------------
05-22 09:49:49.699 1180 1180 I Layer : id=632 removeFromCurrentState Surface(name=3610cc1 TaskbarWindow)/@0xdf1a44a - animation-leash of insets_animation#632 (255)
05-22 09:49:49.699 1180 1180 I Layer : Layer::reparent [Surface(name=3610cc1 TaskbarWindow)/@0xdf1a44a - animation-leash of insets_animation#632] End -------------------------
05-22 09:49:49.699 1180 1180 I Layer : Layer::reparent [8f52b7 StatusBar#90] newParent : Surface(name=8f52b7 StatusBar)/@0x974c743 - animation-leash of insets_animation#649 , isRemovedFromCurrentState : 0 -------------------------
05-22 09:49:49.699 1180 1180 I Layer : Layer::reparent [8f52b7 StatusBar#90] End -------------------------
05-22 09:49:49.699 1180 1180 I Layer : Layer::reparent [Surface(name=8f52b7 StatusBar)/@0x974c743 - animation-leash of insets_animation#633] newParentHandle : null -------------------------
05-22 09:49:49.699 1180 1180 I Layer : id=633 removeFromCurrentState Surface(name=8f52b7 StatusBar)/@0x974c743 - animation-leash of insets_animation#633 (255)
05-22 09:49:49.699 1180 1180 I Layer : Layer::reparent [Surface(name=8f52b7 StatusBar)/@0x974c743 - animation-leash of insets_animation#633] End -------------------------
05-22 09:49:49.699 1180 1180 I Layer : Layer::reparent [Dim Layer for - WindowedMagnification:0:31#641] newParent : Surface(name=Dim Layer for - WindowedMagnification:0:31)/@0xf250dfb - animation-leash of dimmer#650 , isRemovedFromCurrentState : 0 -------------------------
05-22 09:49:49.699 1180 1180 I Layer : Layer::reparent [Dim Layer for - WindowedMagnification:0:31#641] End -------------------------
05-22 09:49:49.701 1180 1180 I Layer : id=638 Destroyed Surface(name=3610cc1 TaskbarWindow)/@0xdf1a44a - animation-leash of insets_animation#632 (Mirror)#638
05-22 09:49:49.701 1180 1180 I Layer : id=637 Destroyed Surface(name=8f52b7 StatusBar)/@0x974c743 - animation-leash of insets_animation#633 (Mirror)#637
05-22 09:49:49.703 1180 1180 I SurfaceFlinger: id=633 Removed Surface(name=8f52b7 StatusBar)/@0x974c743 - animation-leash of insets_animation#633 (256)
05-22 09:49:49.703 1180 1180 I SurfaceFlinger: id=632 Removed Surface(name=3610cc1 TaskbarWindow)/@0xdf1a44a - animation-leash of insets_animation#632 (256)
05-22 09:49:49.705 2507 2546 I HoneySpace.TaskbarEventTracker: invokeEvent() called with: event = NavButtonsDarkIntensityChanged(darkIntensity=0.56366664)
05-22 09:49:49.716 984 23808 I sensors-hal: handle_sns_client_event:44, ambient_light_event: ts=45102483260012, event=94.000000
05-22 09:49:49.717 2507 2546 I HoneySpace.TaskbarEventTracker: invokeEvent() called with: event = NavButtonsDarkIntensityChanged(darkIntensity=0.6849426)
05-22 09:49:49.717 1180 1180 I Layer : id=632 Destroyed Surface(name=3610cc1 TaskbarWindow)/@0xdf1a44a - animation-leash of insets_animation#632
05-22 09:49:49.717 984 23808 I sensors-hal: handle_sns_client_event:44, ambient_light_event: ts=45102483500116, event=94.000000
05-22 09:49:49.717 1100 27402 I QC2C2DEngine: calcYSize: unsupported or RGB color format, RGBA8888(1)
05-22 09:49:49.717 1180 1180 I Layer : id=633 Destroyed Surface(name=8f52b7 StatusBar)/@0x974c743 - animation-leash of insets_animation#633
05-22 09:49:49.726 2507 2546 I HoneySpace.TaskbarEventTracker: invokeEvent() called with: event = NavButtonsDarkIntensityChanged(darkIntensity=0.7773973)
05-22 09:49:49.737 1100 27402 I QC2C2DEngine: calcYSize: unsupported or RGB color format, RGBA8888(1)
05-22 09:49:49.737 2507 2546 I HoneySpace.TaskbarEventTracker: invokeEvent() called with: event = NavButtonsDarkIntensityChanged(darkIntensity=0.85066015)
05-22 09:49:49.742 1290 2336 I ActivityManager: Flag disabled. Ignoring finishAttachApplication from uid: 10253. pid: 27753
05-22 09:49:49.746 27753 27753 D OpenGLRenderer: HWUI - treat SMPTE_170M as sRGB
05-22 09:49:49.748 2507 2546 I HoneySpace.TaskbarEventTracker: invokeEvent() called with: event = NavButtonsDarkIntensityChanged(darkIntensity=0.90640926)
05-22 09:49:49.756 1100 27402 I QC2C2DEngine: calcYSize: unsupported or RGB color format, RGBA8888(1)
05-22 09:49:49.759 2507 2546 I HoneySpace.TaskbarEventTracker: invokeEvent() called with: event = NavButtonsDarkIntensityChanged(darkIntensity=0.94669867)
05-22 09:49:49.775 27753 27905 I AdrenoGLES-0: QUALCOMM build : 82d27a90b3, I4ee8f6bced
05-22 09:49:49.775 27753 27905 I AdrenoGLES-0: Build Date : 07/12/23
05-22 09:49:49.775 27753 27905 I AdrenoGLES-0: OpenGL ES Shader Compiler Version: EV031.35.01.12
05-22 09:49:49.775 27753 27905 I AdrenoGLES-0: Local Branch :
05-22 09:49:49.775 27753 27905 I AdrenoGLES-0: Remote Branch : refs/tags/AU_LINUX_ANDROID_LA.UM.9.14.11.00.00.571.148
05-22 09:49:49.775 27753 27905 I AdrenoGLES-0: Remote Branch : NONE
05-22 09:49:49.775 27753 27905 I AdrenoGLES-0: Reconstruct Branch : NOTHING
05-22 09:49:49.775 27753 27905 I AdrenoGLES-0: Build Config : S P 10.0.7 AArch64
05-22 09:49:49.775 27753 27905 I AdrenoGLES-0: Driver Path : /vendor/lib64/egl/libGLESv2_adreno.so
05-22 09:49:49.781 27753 27905 I AdrenoGLES-0: PFP: 0x016ee201, ME: 0x00000000
05-22 09:49:49.785 1100 27402 I QC2C2DEngine: calcYSize: unsupported or RGB color format, RGBA8888(1)
05-22 09:49:49.788 2507 2546 I HoneySpace.TaskbarEventTracker: invokeEvent() called with: event = NavButtonsDarkIntensityChanged(darkIntensity=0.9929297)
05-22 09:49:49.791 572 572 I hwservicemanager: getTransport: Cannot find entry vendor.qti.qspmhal@1.0::IQspmhal/default in either framework or device VINTF manifest.
05-22 09:49:49.791 27753 27905 W Adreno-AppProfiles: Could not find QSPM HAL service. Skipping adreno profile processing.
05-22 09:49:49.805 1180 1180 D SurfaceFlinger: Display 4630946835308409729 HWC layers:
05-22 09:49:49.805 1180 1180 D SurfaceFlinger: DEVICE | 0xb400007dac358f30 | 0100 | RGBA_8888 | 0.0 0.0 1200.0 1920.0 | 0 0 1200 1920 | Splash Screen org.qtproject.example.spectrum$_2254#617
05-22 09:49:49.805 1180 1180 D SurfaceFlinger: SOLID_COLOR | | 0000 | Unknown | 0.0 0.0 0.0 0.0 | 0 0 1200 1920 | Dim Layer for - WindowedMagnification:0:31#641
05-22 09:49:49.805 1180 1180 D SurfaceFlinger: CLIENT | 0xb400007dac357720 | 0100 | RGBA_8888 | 0.0 0.0 1200.0 36.0 | 0 0 1200 36 | StatusBar$_2254#99
05-22 09:49:49.805 1180 1180 D SurfaceFlinger: CLIENT | 0xb400007dac3578e0 | 0100 | RGBA_8888 | 0.0 0.0 67.0 207.0 | 1133 432 1200 639 | com.sec.android.app.launcher/com.sam[...]ce.edge.CocktailBarService$_2507#160
05-22 09:49:49.805 1180 1180 D SurfaceFlinger: CLIENT | 0xb400007dbaba8ea0 | 0100 | RGBA_8888 | 0.0 0.0 1200.0 72.0 | 0 1848 1200 1920 | TaskbarWindow$_2507#128
05-22 09:49:49.805 1180 1180 D SurfaceFlinger: CLIENT | 0xb400007dac354b60 | 0100 | RGBA_8888 | 0.0 0.0 1200.0 1920.0 | 0 0 1200 1920 | PointerLocation - display 0#57
05-22 09:49:49.805 1180 1180 D SurfaceFlinger:
05-22 09:49:49.805 1100 27402 I QC2C2DEngine: calcYSize: unsupported or RGB color format, RGBA8888(1)
05-22 09:49:49.808 2507 2546 I HoneySpace.TaskbarEventTracker: invokeEvent() called with: event = NavButtonsDarkIntensityChanged(darkIntensity=1.0)
05-22 09:49:49.813 1180 1225 W HWComposer: Ignoring duplicate VSYNC event from HWC for display 4630946835308409729 (t=10163776571000)
05-22 09:49:49.814 984 23808 I sensors-hal: handle_sns_client_event:44, ambient_light_event: ts=45102583257407, event=94.000000
05-22 09:49:49.815 984 23808 I sensors-hal: handle_sns_client_event:44, ambient_light_event: ts=45102583499855, event=94.000000
05-22 09:49:49.825 1100 27402 I QC2C2DEngine: calcYSize: unsupported or RGB color format, RGBA8888(1)
05-22 09:49:49.827 1180 1225 W HWComposer: Ignoring duplicate VSYNC event from HWC for display 4630946835308409729 (t=10163787750000)
05-22 09:49:49.836 1180 1225 W HWComposer: Ignoring duplicate VSYNC event from HWC for display 4630946835308409729 (t=10163798878000)
05-22 09:49:49.837 1290 3026 I SemDvfsHyPerManager: acquire hyper - AMS_RESUME_TAIL/1290@18, type = -999
05-22 09:49:49.837 1290 3026 I SemDvfsHyPerManager: acquire hyper - AMS_ACT_LAZY/1290@19, type = -999
05-22 09:49:49.837 1290 3026 D ActivityManagerPerformance: AMP_acquire() TAIL
05-22 09:49:49.837 1290 3026 D ActivityManagerPerformance: AMP_release() APP_SWITCH
05-22 09:49:49.837 987 1117 I HYPER-HAL: [RequestManager.cpp]acquire(): Acquired ID : 856104 [1290 / 18] HINT : AMS_RESUME_TAIL list :
05-22 09:49:49.838 987 1117 I HYPER-HAL: [ResourceManager.cpp]updateResource(): [CPULittleMinFreq] UpdateResource Request ID : 856104 Value : 1324800
05-22 09:49:49.841 1100 27402 I QC2C2DEngine: calcYSize: unsupported or RGB color format, RGBA8888(1)
05-22 09:49:49.843 987 1117 I HYPER-HAL: [ResourceManager.cpp]updateResource(): [CPUMinFreq] UpdateResource Request ID : 856104 Value : 1651200
05-22 09:49:49.843 987 1117 I HYPER-HAL: [RequestManager.cpp]acquire(): Acquired ID : 857414 [1290 / 19] HINT : AMS_ACT_LAZY list :
05-22 09:49:49.843 987 1117 I HYPER-HAL: [ResourceManager.cpp]removeResource(): [CPULittleMinFreq] RemoveResource Request ID : 873212
05-22 09:49:49.844 987 1117 E HYPER-HAL: [HandlerSysfs.cpp]doResourceHandling(): Couldn't Open Sysfs - /sys/class/scsi_host/host0/../../../clkscale_enable
05-22 09:49:49.845 841 841 E audit : type=1400 audit(1716360589.839:8956): avc: denied { search } for pid=987 comm="HyPerThread" name="host0" dev="sysfs" ino=62490 scontext=u:r:hal_hyper_default:s0 tcontext=u:object_r:sysfs_scsi_host:s0 tclass=dir permissive=0 SEPF_SM-X210_12_0001 audit_filtered
05-22 09:49:49.846 987 1117 I HYPER-HAL: [ResourceManager.cpp]removeResource(): [CPUMinFreq] RemoveResource Request ID : 873212
05-22 09:49:49.846 987 1117 I HYPER-HAL: [RequestManager.cpp]releaseLocked(): Released ID : 873212
05-22 09:49:49.847 1180 1225 W HWComposer: Ignoring duplicate VSYNC event from HWC for display 4630946835308409729 (t=10163809992000)
05-22 09:49:49.856 3538 3538 I SDHMS:o : update midground cpus to default value : 0-5
05-22 09:49:49.858 1180 1225 W HWComposer: Ignoring duplicate VSYNC event from HWC for display 4630946835308409729 (t=10163821161000)
05-22 09:49:49.861 1100 27402 I QC2C2DEngine: calcYSize: unsupported or RGB color format, RGBA8888(1)
05-22 09:49:49.869 1180 1225 W HWComposer: Ignoring duplicate VSYNC event from HWC for display 4630946835308409729 (t=10163832256000)
05-22 09:49:49.877 27753 27753 I DecorView: setWindowBackground: isPopOver=false color=fffcfcff d=android.graphics.drawable.GradientDrawable@453c335
05-22 09:49:49.880 1100 27402 I QC2C2DEngine: calcYSize: unsupported or RGB color format, RGBA8888(1)
05-22 09:49:49.892 27753 27753 I DecorView: setWindowBackground: isPopOver=false color=fffcfcff d=android.graphics.drawable.GradientDrawable@d936204
05-22 09:49:49.893 27753 27753 D CompatibilityChangeReporter: Compat change id reported: 247079863; UID 10253; state: ENABLED
05-22 09:49:49.896 27753 27753 W ziparchive: Unable to open '/data/app/~~VpE6PHU84adv3lYe4Je7nQ==/org.qtproject.example.spectrum-HL72x-cgk8PVaq2HxNyJog==/base.dm': No such file or directory
05-22 09:49:49.896 27753 27753 W ziparchive: Unable to open '/data/app/~~VpE6PHU84adv3lYe4Je7nQ==/org.qtproject.example.spectrum-HL72x-cgk8PVaq2HxNyJog==/base.dm': No such file or directory
05-22 09:49:49.897 1100 27402 I QC2C2DEngine: calcYSize: unsupported or RGB color format, RGBA8888(1)
05-22 09:49:49.914 984 23808 I sensors-hal: handle_sns_client_event:44, ambient_light_event: ts=45102683255584, event=94.000000
05-22 09:49:49.915 984 23808 I sensors-hal: handle_sns_client_event:44, ambient_light_event: ts=45102683500897, event=94.000000
05-22 09:49:49.915 1100 27402 I QC2C2DEngine: calcYSize: unsupported or RGB color format, RGBA8888(1)
05-22 09:49:49.933 27753 27753 D QtLoader: Class org.qtproject.qt.android.multimedia.QtAudioDeviceManager does not implement setActivity method
05-22 09:49:49.933 1100 27402 I QC2C2DEngine: calcYSize: unsupported or RGB color format, RGBA8888(1)
05-22 09:49:49.951 1100 27402 I QC2C2DEngine: calcYSize: unsupported or RGB color format, RGBA8888(1)
05-22 09:49:49.964 27753 27907 I QtCore : Start
05-22 09:49:49.968 1100 27402 I QC2C2DEngine: calcYSize: unsupported or RGB color format, RGBA8888(1)
05-22 09:49:49.975 1290 2336 D CompatibilityChangeReporter: Compat change id reported: 161145287; UID 10253; state: ENABLED
05-22 09:49:49.987 27753 27907 I Qt : qt started
05-22 09:49:49.996 1100 27402 I QC2C2DEngine: calcYSize: unsupported or RGB color format, RGBA8888(1)
05-22 09:49:50.012 1100 27402 I QC2C2DEngine: calcYSize: unsupported or RGB color format, RGBA8888(1)
05-22 09:49:50.013 27753 27753 D CompatibilityChangeReporter: Compat change id reported: 210923482; UID 10253; state: ENABLED
05-22 09:49:50.014 984 23808 I sensors-hal: handle_sns_client_event:44, ambient_light_event: ts=45102783500376, event=94.000000
05-22 09:49:50.022 1290 1680 I WindowManager: Reparenting to original parent: Surface(name=WindowToken{b5ce4ce type=2003 android.view.ViewRootImpl$W@b0505c9})/@0xda189f5, destroy=true, surface=Surface(name=9985fef Waiting For Debugger: org.qtproject.example.spectrum)/@0xee3fb2c
05-22 09:49:50.033 1290 1680 I WindowManager: Destroying surface Surface(name=Waiting For Debugger: org.qtproject.example.spectrum)/@0x12362af called by com.android.server.wm.WindowStateAnimator.destroySurface:799 com.android.server.wm.WindowStateAnimator.destroySurfaceLocked:472 com.android.server.wm.WindowState.removeImmediately:2911 com.android.server.wm.WindowState.handleCompleteDeferredRemoval:5708 com.android.server.wm.WindowContainer.handleCompleteDeferredRemoval:1456 com.android.server.wm.WindowContainer.handleCompleteDeferredRemoval:1456 com.android.server.wm.WindowContainer.handleCompleteDeferredRemoval:1456 com.android.server.wm.WindowContainer.handleCompleteDeferredRemoval:1456
05-22 09:49:50.036 1290 1680 I WindowManager: Reparenting to original parent: Surface(name=WindowedMagnification:0:31)/@0x151f413, destroy=true, surface=Surface(name=Dim Layer for - WindowedMagnification:0:31)/@0xf250dfb
05-22 09:49:50.040 27753 27753 D CompatibilityChangeReporter: Compat change id reported: 237531167; UID 10253; state: DISABLED
05-22 09:49:50.040 1100 27402 I QC2C2DEngine: calcYSize: unsupported or RGB color format, RGBA8888(1)
05-22 09:49:50.045 27753 27753 W libc : Access denied finding property "persist.dm.passive.display_brightness"
05-22 09:49:50.045 841 841 E audit : type=1400 audit(1716360590.043:8957): avc: denied { read } for pid=27753 comm="xample.spectrum" name="u:object_r:system_sensor_prop:s0" dev="tmpfs" ino=15381 scontext=u:r:untrusted_app:s0:c253,c256,c512,c768 tcontext=u:object_r:system_sensor_prop:s0 tclass=file permissive=0 SEPF_SM-X210_12_0001 audit_filtered
05-22 09:49:50.045 27753 27753 W libc : Access denied finding property "persist.dm.passive.ambient_brightness"
05-22 09:49:50.046 841 841 E audit : type=1400 audit(1716360590.043:8958): avc: denied { read } for pid=27753 comm="xample.spectrum" name="u:object_r:system_sensor_prop:s0" dev="tmpfs" ino=15381 scontext=u:r:untrusted_app:s0:c253,c256,c512,c768 tcontext=u:object_r:system_sensor_prop:s0 tclass=file permissive=0 SEPF_SM-X210_12_0001 audit_filtered
05-22 09:49:50.047 27753 27753 W OpenGLRenderer: Unknown dataspace 0
05-22 09:49:50.047 27753 27905 D NativeCustomFrequencyManager: [NativeCFMS] BpCustomFrequencyManager::BpCustomFrequencyManager()
05-22 09:49:50.055 1290 3904 D CompatibilityChangeReporter: Compat change id reported: 168419799; UID 10253; state: DISABLED
05-22 09:49:50.055 1290 3904 D CompatibilityChangeReporter: Compat change id reported: 273564678; UID 10253; state: DISABLED
05-22 09:49:50.055 1290 3904 D InputTransport: Input channel constructed: '95d9169', fd=349
05-22 09:49:50.055 1290 3904 D InputTransport: Input channel constructed: '95d9169', fd=634
05-22 09:49:50.056 1290 3904 D InputTransport: Input channel constructed: '95d9169', fd=644
05-22 09:49:50.056 1180 1232 I SurfaceFlinger: id=654 createSurf, flag=84004, 95d9169 org.qtproject.example.spectrum/org.qtproject.qt.android.bindings.QtActivity#654
05-22 09:49:50.057 1290 3904 D RestrictionPolicy: isScreenCaptureEnabled : ret=true userId=0
05-22 09:49:50.057 1290 3904 D InputTransport: Input channel destroyed: '95d9169', fd=644
05-22 09:49:50.058 1100 27402 I QC2C2DEngine: calcYSize: unsupported or RGB color format, RGBA8888(1)
05-22 09:49:50.060 27753 27753 I InsetsController: onStateChanged: host=org.qtproject.example.spectrum/org.qtproject.qt.android.bindings.QtActivity, from=android.view.ViewRootImpl.setView:1744, state=InsetsState: {mDisplayFrame=Rect(0, 0 - 1200, 1920), mDisplayCutout=DisplayCutout{insets=Rect(0, 0 - 0, 0) waterfall=Insets{left=0, top=0, right=0, bottom=0} boundingRect={Bounds=[Rect(0, 0 - 0, 0), Rect(0, 0 - 0, 0), Rect(0, 0 - 0, 0), Rect(0, 0 - 0, 0)]} cutoutPathParserInfo={CutoutPathParserInfo{displayWidth=0 displayHeight=0 physicalDisplayWidth=0 physicalDisplayHeight=0 density={0.0} cutoutSpec={} rotation={0} scale={0.0} physicalPixelDisplaySizeRatio={0.0}}}}, mRoundedCorners=RoundedCorners{[RoundedCorner{position=TopLeft, radius=20, center=Point(20, 20)}, RoundedCorner{position=TopRight, radius=20, center=Point(1180, 20)}, RoundedCorner{position=BottomRight, radius=20, center=Point(1180, 1900)}, RoundedCorner{position=BottomLeft, radius=20, center=Point(20, 1900)}]} mRoundedCornerFrame=Rect(0, 0 - 1200, 1920), mPrivacyIndicatorBounds=PrivacyIndicatorBounds {static bounds=Rect(1134, 0 - 1200, 36) rotation=0}, mDisplayShape=DisplayShape{ spec=1237991957 displayWidth=1200 displayHeight=1920 physicalPixelDisplaySizeRatio=1.0 rotation=0 offsetX=0 offsetY=0 scale=1.0}, mSources= { InsetsSource: {e5a60000 mType=statusBars mFrame=[0,0][1200,36] mVisible=true mFlags=[]}, InsetsSource: {e5a60005 mType=mandatorySystemGestures mFrame=[0,0][1200,36] mVisible=true mFlags=[]}, InsetsSource: {e5a60006 mType=tappableElement mFrame=[0,0][1200,36] mVisible=true mFlags=[]}, InsetsSource: {62aa0001 mType=navigationBars mFrame=[0,1848][1200,1920] mVisible=true mFlags=[]}, InsetsSource: {62aa0004 mType=systemGestures mFrame=[0,0][0,0] mVisible=true mFlags=[]}, InsetsSource: {62aa0005 mType=mandatorySystemGestures mFrame=[0,1848][1200,1920] mVisible=true mFlags=[]}, InsetsSource: {62aa0006 mType=tappableElement mFrame=[0,1848][1200,1920] mVisible=true mFlags=[]}, InsetsSource: {62aa0024 mType=systemGestures mFrame=[0,0][0,0] mVisible=true mFlags=[]} }
05-22 09:49:50.062 27753 27753 I ViewRootImpl@8f2ed9c[QtActivity]: synced displayState. AttachInfo displayState=2
05-22 09:49:50.062 27753 27753 I ViewRootImpl@8f2ed9c[QtActivity]: setView = com.android.internal.policy.DecorView@c0f4788 TM=true
05-22 09:49:50.063 27753 27753 I IDS_TAG : Clearing training data of org.qtproject.qt.android.bindings.QtApplication@57d1521
05-22 09:49:50.066 1180 1180 I Layer : Layer::reparent [9985fef Waiting For Debugger: org.qtproject.example.spectrum#631] newParentHandle : null -------------------------
05-22 09:49:50.066 1180 1180 I Layer : id=631 removeFromCurrentState 9985fef Waiting For Debugger: org.qtproject.example.spectrum#631 (255)
05-22 09:49:50.066 1180 1180 I Layer : id=636 removeFromCurrentState Waiting For Debugger: org.qtproject.example.spectrum#636 (255)
05-22 09:49:50.066 1180 1180 I Layer : Layer::reparent [9985fef Waiting For Debugger: org.qtproject.example.spectrum#631] End -------------------------
05-22 09:49:50.066 1180 1180 I Layer : Layer::reparent [Surface(name=9985fef Waiting For Debugger: org.qtproject.example.spectrum)/@0xee3fb2c - animation-leash of window_animation#646] newParentHandle : null -------------------------
05-22 09:49:50.066 1180 1180 I Layer : id=646 removeFromCurrentState Surface(name=9985fef Waiting For Debugger: org.qtproject.example.spectrum)/@0xee3fb2c - animation-leash of window_animation#646 (255)
05-22 09:49:50.066 1180 1180 I Layer : Layer::reparent [Surface(name=9985fef Waiting For Debugger: org.qtproject.example.spectrum)/@0xee3fb2c - animation-leash of window_animation#646] End -------------------------
05-22 09:49:50.066 1180 1180 I Layer : Layer [Waiting For Debugger: org.qtproject.example.spectrum#636] hidden!! flag(1)
05-22 09:49:50.066 1180 1180 I Layer : Layer::reparent [Waiting For Debugger: org.qtproject.example.spectrum#636] newParentHandle : null -------------------------
05-22 09:49:50.066 1180 1180 I Layer : id=636 removeFromCurrentState Waiting For Debugger: org.qtproject.example.spectrum#636 (255)
05-22 09:49:50.066 1180 1180 I Layer : Layer::reparent [Waiting For Debugger: org.qtproject.example.spectrum#636] End -------------------------
05-22 09:49:50.066 1180 1180 I Layer : Layer::reparent [WindowToken{b5ce4ce type=2003 android.view.ViewRootImpl$W@b0505c9}#630] newParentHandle : null -------------------------
05-22 09:49:50.066 1180 1180 I Layer : id=630 removeFromCurrentState WindowToken{b5ce4ce type=2003 android.view.ViewRootImpl$W@b0505c9}#630 (255)
05-22 09:49:50.066 1180 1180 I Layer : Layer::reparent [WindowToken{b5ce4ce type=2003 android.view.ViewRootImpl$W@b0505c9}#630] End -------------------------
05-22 09:49:50.066 1180 1180 I Layer : Layer::reparent [Dim Layer for - WindowedMagnification:0:31#641] newParentHandle : null -------------------------
05-22 09:49:50.066 1180 1180 I Layer : id=641 removeFromCurrentState Dim Layer for - WindowedMagnification:0:31#641 (255)
05-22 09:49:50.067 1180 1180 I Layer : Layer::reparent [Dim Layer for - WindowedMagnification:0:31#641] End -------------------------
05-22 09:49:50.067 1180 1180 I Layer : Layer::reparent [Surface(name=Dim Layer for - WindowedMagnification:0:31)/@0xf250dfb - animation-leash of dimmer#650] newParentHandle : null -------------------------
05-22 09:49:50.067 1180 1180 I Layer : id=650 removeFromCurrentState Surface(name=Dim Layer for - WindowedMagnification:0:31)/@0xf250dfb - animation-leash of dimmer#650 (255)
05-22 09:49:50.067 1180 1180 I Layer : Layer::reparent [Surface(name=Dim Layer for - WindowedMagnification:0:31)/@0xf250dfb - animation-leash of dimmer#650] End -------------------------
05-22 09:49:50.069 1180 1180 I Layer : id=651 Destroyed Surface(name=Dim Layer for - WindowedMagnification:0:31)/@0xf250dfb - animation-leash of dimmer#650 (Mirror)#651
05-22 09:49:50.069 1180 1180 I Layer : id=634 Destroyed WindowToken{b5ce4ce type=2003 android.view.ViewRootImpl$W@b0505c9}#630 (Mirror)#634
05-22 09:49:50.069 1180 1180 I Layer : id=647 Destroyed Surface(name=9985fef Waiting For Debugger: org.qtproject.example.spectrum)/@0xee3fb2c - animation-leash of window_animation#646 (Mirror)#647
05-22 09:49:50.069 1180 1180 I Layer : id=635 Destroyed 9985fef Waiting For Debugger: org.qtproject.example.spectrum#631 (Mirror)#635
05-22 09:49:50.069 27753 27753 I IDS_TAG : Starting IDS observe window
05-22 09:49:50.070 27753 27753 I IDS_TAG : Getting Shared Preference for org.qtproject.qt.android.bindings.QtApplication@57d1521 uid = 10253
05-22 09:49:50.071 1180 1180 I SurfaceFlinger: id=641 Removed Dim Layer for - WindowedMagnification:0:31#641 (252)
05-22 09:49:50.071 1180 1180 I SurfaceFlinger: id=630 Removed WindowToken{b5ce4ce type=2003 android.view.ViewRootImpl$W@b0505c9}#630 (252)
05-22 09:49:50.071 1180 1180 I SurfaceFlinger: id=636 Removed Waiting For Debugger: org.qtproject.example.spectrum#636 (252)
05-22 09:49:50.071 1180 1180 I SurfaceFlinger: id=646 Removed Surface(name=9985fef Waiting For Debugger: org.qtproject.example.spectrum)/@0xee3fb2c - animation-leash of window_animation#646 (252)
05-22 09:49:50.071 1180 1180 I SurfaceFlinger: id=631 Removed 9985fef Waiting For Debugger: org.qtproject.example.spectrum#631 (252)
05-22 09:49:50.071 1180 1180 I SurfaceFlinger: id=650 Removed Surface(name=Dim Layer for - WindowedMagnification:0:31)/@0xf250dfb - animation-leash of dimmer#650 (252)
05-22 09:49:50.072 1180 1180 I Layer : id=639 Destroyed Waiting For Debugger: org.qtproject.example.spectrum#636 (Mirror)#639
05-22 09:49:50.073 1180 1180 I Layer : id=645 Destroyed Dim Layer for - WindowedMagnification:0:31#641 (Mirror)#645
05-22 09:49:50.084 1180 1180 D SurfaceFlinger: Display 4630946835308409729 HWC layers:
05-22 09:49:50.084 1180 1180 D SurfaceFlinger: DEVICE | 0xb400007dac358f30 | 0100 | RGBA_8888 | 0.0 0.0 1200.0 1920.0 | 0 0 1200 1920 | Splash Screen org.qtproject.example.spectrum$_2254#617
05-22 09:49:50.084 1180 1180 D SurfaceFlinger: CLIENT | 0xb400007dbaba7070 | 0100 | RGBA_8888 | 0.0 0.0 1200.0 36.0 | 0 0 1200 36 | StatusBar$_2254#99
05-22 09:49:50.084 1180 1180 D SurfaceFlinger: CLIENT | 0xb400007dac3578e0 | 0100 | RGBA_8888 | 0.0 0.0 67.0 207.0 | 1133 432 1200 639 | com.sec.android.app.launcher/com.sam[...]ce.edge.CocktailBarService$_2507#160
05-22 09:49:50.084 1180 1180 D SurfaceFlinger: CLIENT | 0xb400007dac2d8980 | 0100 | RGBA_8888 | 0.0 0.0 1200.0 72.0 | 0 1848 1200 1920 | TaskbarWindow$_2507#128
05-22 09:49:50.084 1180 1180 D SurfaceFlinger: CLIENT | 0xb400007dac354b60 | 0100 | RGBA_8888 | 0.0 0.0 1200.0 1920.0 | 0 0 1200 1920 | PointerLocation - display 0#57
05-22 09:49:50.084 1180 1180 D SurfaceFlinger:
05-22 09:49:50.085 1180 1180 I Layer : Layer [95d9169 org.qtproject.example.spectrum/org.qtproject.qt.android.bindings.QtActivity#654] hidden!! flag(0)
05-22 09:49:50.085 1180 1180 I Layer : id=631 Destroyed 9985fef Waiting For Debugger: org.qtproject.example.spectrum#631
05-22 09:49:50.085 1180 1180 I Layer : id=646 Destroyed Surface(name=9985fef Waiting For Debugger: org.qtproject.example.spectrum)/@0xee3fb2c - animation-leash of window_animation#646
05-22 09:49:50.085 1180 1180 I Layer : id=650 Destroyed Surface(name=Dim Layer for - WindowedMagnification:0:31)/@0xf250dfb - animation-leash of dimmer#650
05-22 09:49:50.085 1180 1180 I Layer : id=630 Destroyed WindowToken{b5ce4ce type=2003 android.view.ViewRootImpl$W@b0505c9}#630
05-22 09:49:50.085 1180 1180 I Layer : id=636 Destroyed Waiting For Debugger: org.qtproject.example.spectrum#636
05-22 09:49:50.086 1180 1180 I Layer : id=641 Destroyed Dim Layer for - WindowedMagnification:0:31#641
05-22 09:49:50.086 1100 27402 I QC2C2DEngine: calcYSize: unsupported or RGB color format, RGBA8888(1)
05-22 09:49:50.105 1100 27402 I QC2C2DEngine: calcYSize: unsupported or RGB color format, RGBA8888(1)
05-22 09:49:50.114 984 23808 I sensors-hal: handle_sns_client_event:44, ambient_light_event: ts=45102883257928, event=94.000000
05-22 09:49:50.114 984 23808 I sensors-hal: handle_sns_client_event:44, ambient_light_event: ts=45102883501678, event=94.000000
05-22 09:49:50.117 27753 27753 I IDS_TAG : App org.qtproject.qt.android.bindings.QtApplication@57d1521 has not finished training
05-22 09:49:50.120 27753 27753 W : Accessing QMediaDevices without a QCoreApplication
05-22 09:49:50.121 27753 27905 D OpenGLRenderer: HWUI - treat SMPTE_170M as sRGB
05-22 09:49:50.121 27753 27753 I IDS_TAG : Closing IDS observe window
05-22 09:49:50.121 27753 27753 I IDS_TAG : Getting Shared Preference for org.qtproject.qt.android.bindings.QtApplication@57d1521 uid = 10253
05-22 09:49:50.151 27753 27753 I IDS_TAG : IDS count updated to 1 for org.qtproject.qt.android.bindings.QtApplication@57d1521
05-22 09:49:50.162 1290 2336 D CoreBackPreview: Window{95d9169 u0 org.qtproject.example.spectrum/org.qtproject.qt.android.bindings.QtActivity}: Setting back callback OnBackInvokedCallbackInfo{mCallback=android.window.IOnBackInvokedCallback$Stub$Proxy@d3a131c, mPriority=0, mIsAnimationCallback=false}
05-22 09:49:50.168 1290 2336 V WindowManager: Relayout Window{95d9169 u0 org.qtproject.example.spectrum/org.qtproject.qt.android.bindings.QtActivity}: viewVisibility=0 req=1200x1920 ty=1 d0
05-22 09:49:50.168 1290 2336 D RestrictionPolicy: isScreenCaptureEnabled : ret=true userId=0
05-22 09:49:50.169 1180 1232 I SurfaceFlinger: id=656 createSurf, flag=44004, org.qtproject.example.spectrum/org.qtproject.qt.android.bindings.QtActivity$_27753#656
05-22 09:49:50.169 1290 2336 D WindowManager: makeSurface duration=1 name=org.qtproject.example.spectrum/org.qtproject.qt.android.bindings.QtActivity$_27753
05-22 09:49:50.172 1290 2336 V WindowManager: Changing focus from null to Window{95d9169 u0 org.qtproject.example.spectrum/org.qtproject.qt.android.bindings.QtActivity} displayId=0 Callers=com.android.server.wm.RootWindowContainer.updateFocusedWindowLocked:569 com.android.server.wm.WindowManagerService.updateFocusedWindowLocked:6797 com.android.server.wm.WindowManagerService.relayoutWindow:2756 com.android.server.wm.Session.relayout:270
05-22 09:49:50.172 1290 2336 I WindowManager: Cancelling animation restarting=true, leash=Surface(name=Surface(name=3610cc1 TaskbarWindow)/@0xdf1a44a - animation-leash of insets_animation)/@0xf4719a
05-22 09:49:50.172 1290 2336 I WindowManager: Reparenting to original parent: Surface(name=WindowToken{34dbdcb type=2024 android.os.BinderProxy@90fe09a})/@0xb2dafbb, destroy=false, surface=Surface(name=3610cc1 TaskbarWindow)/@0xdf1a44a
05-22 09:49:50.172 1290 2336 I WindowManager: Reparenting to leash, surface=Surface(name=3610cc1 TaskbarWindow)/@0xdf1a44a, leashParent=Surface(name=WindowToken{34dbdcb type=2024 android.os.BinderProxy@90fe09a})/@0xb2dafbb
05-22 09:49:50.172 1180 1232 I SurfaceFlinger: id=657 createSurf, flag=24000, Surface(name=3610cc1 TaskbarWindow)/@0xdf1a44a - animation-leash of insets_animation#657
05-22 09:49:50.173 1290 2336 D WindowManager: makeSurface duration=1 leash=Surface(name=Surface(name=3610cc1 TaskbarWindow)/@0xdf1a44a - animation-leash of insets_animation)/@0xfe4c4fa
05-22 09:49:50.173 1290 2336 D InsetsSourceProvider: updateControlForTarget: control=InsetsSourceControl: {62aa0001 mType=navigationBars initiallyVisible mSurfacePosition=Point(0, 1848) mInsetsHint=Insets{left=0, top=0, right=0, bottom=72}}, target=Window{95d9169 u0 org.qtproject.example.spectrum/org.qtproject.qt.android.bindings.QtActivity}, from=com.android.server.wm.InsetsStateController.onControlTargetChanged:358 com.android.server.wm.InsetsStateController.onBarControlTargetChanged:327 com.android.server.wm.InsetsPolicy.updateBarControlTarget:172 com.android.server.wm.InsetsPolicy.updateSystemBars:788 com.android.server.wm.DisplayPolicy.updateSystemBarsLw:3397
05-22 09:49:50.174 1290 2336 I WindowManager: Cancelling animation restarting=true, leash=Surface(name=Surface(name=8f52b7 StatusBar)/@0x974c743 - animation-leash of insets_animation)/@0xbe952a8
05-22 09:49:50.174 1290 2336 I WindowManager: Reparenting to original parent: Surface(name=WindowToken{e3045b6 type=2000 android.os.BinderProxy@c779e78})/@0xc4171c0, destroy=false, surface=Surface(name=8f52b7 StatusBar)/@0x974c743
05-22 09:49:50.174 1290 2336 I WindowManager: Reparenting to leash, surface=Surface(name=8f52b7 StatusBar)/@0x974c743, leashParent=Surface(name=WindowToken{e3045b6 type=2000 android.os.BinderProxy@c779e78})/@0xc4171c0
05-22 09:49:50.174 1180 1232 I SurfaceFlinger: id=658 createSurf, flag=24000, Surface(name=8f52b7 StatusBar)/@0x974c743 - animation-leash of insets_animation#658
05-22 09:49:50.175 1290 2336 D WindowManager: makeSurface duration=0 leash=Surface(name=Surface(name=8f52b7 StatusBar)/@0x974c743 - animation-leash of insets_animation)/@0x1634508
