05-22 09:49:38.449 3411 4144 W MediaProvider: isAppCloneUserPair for user 0: false
05-22 09:49:38.485 4570 24823 I MtpStorageManager: Got inotify added event for : UVRCVUctMTE5MDYxLXF0NjgwLXMyMTAtYW5kcm9pZDE0LXF0YzEzMDFhdHRhY2hwYXRjaC1zcGVjdHJ1bS5tcDQ=
05-22 09:49:38.487 4570 24823 I MtpStorageManager: Got inotify CLOSE_WRITE event for : UVRCVUctMTE5MDYxLXF0NjgwLXMyMTAtYW5kcm9pZDE0LXF0YzEzMDFhdHRhY2hwYXRjaC1zcGVjdHJ1bS5tcDQ=
05-22 09:49:38.491 1180 2018 D PermissionCache: checking android.permission.ACCESS_SURFACE_FLINGER for uid=2000 => granted (415 us)
05-22 09:49:38.496 841 841 E audit : type=1400 audit(1716360578.491:8907): avc: denied { ioctl } for pid=3396 comm="netscheduler-qu" path="/data/data/com.google.android.gms/databases/ns.db" dev="dm-51" ino=6554 ioctlcmd=0xf522 scontext=u:r:gmscore_app:s0:c512,c768 tcontext=u:object_r:privapp_data_file:s0:c512,c768 tclass=file permissive=0 SEPF_SM-X210_12_0001 audit_filtered
05-22 09:49:38.498 27390 27390 D MediaCodecList: codecHandlesFormat: no format, so no extra checks
05-22 09:49:38.498 27390 27390 D MediaCodecList: codecHandlesFormat: no format, so no extra checks
05-22 09:49:38.504 1290 2334 D CompatibilityChangeReporter: Compat change id reported: 182734110; UID 1000; state: ENABLED
05-22 09:49:38.506 27390 27395 I CCodec : state->set(ALLOCATING)
05-22 09:49:38.507 27390 27396 I CCodec : allocate(c2.qti.avc.encoder)
05-22 09:49:38.511 27390 27396 I Codec2Client: Available Codec2 services: "default" "default0" "software"
05-22 09:49:38.514 984 23808 I sensors-hal: handle_sns_client_event:44, ambient_light_event: ts=45091283261285, event=90.000000
05-22 09:49:38.514 984 23808 I sensors-hal: handle_sns_client_event:44, ambient_light_event: ts=45091283500087, event=90.000000
05-22 09:49:38.518 27390 27396 I CCodec : setting up 'default' as default (vendor) store
05-22 09:49:38.522 4570 4708 D MediaSync: loaded: 16ms, 0
05-22 09:49:38.531 4570 4706 D SecMediaProvider: UPDATE /local/metadata 203, 251
05-22 09:49:38.556 1100 1243 I vendor.qti.media.c2@1.0-service: missing struct descriptor #Param::CoreIndex(-Vc01f) for field ubwcStats of struct #Param::CoreIndex(-Vc020)
05-22 09:49:38.558 1100 1243 I vendor.qti.media.c2@1.0-service: missing struct descriptor #Param::CoreIndex(--002) for field mastering of struct #Param::CoreIndex(--180a)
05-22 09:49:38.559 1100 1243 E VendorCaps: Failed to read platform default max picture width
05-22 09:49:38.559 1100 1243 E VendorCaps: Failed to read platform default max picture width
05-22 09:49:38.559 1100 1243 I vendor.qti.media.c2@1.0-service: missing struct descriptor #Param::CoreIndex(--004) for field values of struct #Param::CoreIndex(F-12004)
05-22 09:49:38.559 1100 1243 W StandardCaps: Preconditions for b-frame didn't meet. Disabling b-frame!
05-22 09:49:38.571 1290 4346 W ProcessStats: Tracking association SourceState{979f95e com.google.android.gms.persistent/10183 ImpBg #13864} whose proc state 6 is better than process ProcessState{1a44d20 com.google.android.gms/10183 pkg=com.google.android.gms} proc state 14 (54 skipped)
05-22 09:49:38.579 3396 25879 I NetworkScheduler.Stats: (REDACTED) Task %s/%s started execution. cause:%s exec_start_elapsed_seconds: %s
05-22 09:49:38.592 3396 25880 I NetworkScheduler.Stats: (REDACTED) Task %s/%s finished executing. cause:%s result: %s elapsed_millis: %s uptime_millis: %s exec_start_elapsed_seconds: %s
05-22 09:49:38.606 1100 1243 I QC2Comp : Create: Allocated component[15] for name c2.qti.avc.encoder : [32 bit]
05-22 09:49:38.606 1100 1243 I QC2CompStore: Created component(c2.qti.avc.encoder) id(15)
05-22 09:49:38.610 27390 27396 I CCodec : Created component [c2.qti.avc.encoder]
05-22 09:49:38.610 27390 27396 I CCodec : [c2.qti.avc.encoder] state->set(ALLOCATED)
05-22 09:49:38.611 1100 4060 E QC2Interface: Failed to query parameters
05-22 09:49:38.611 27390 27396 D CCodecConfig: read media type: video/avc
05-22 09:49:38.614 27390 27396 D ReflectedParamUpdater: extent() != 1 for single value type: output.buffers.pool-ids.values
05-22 09:49:38.614 984 23808 I sensors-hal: handle_sns_client_event:44, ambient_light_event: ts=45091383262587, event=90.000000
05-22 09:49:38.615 984 23808 I sensors-hal: handle_sns_client_event:44, ambient_light_event: ts=45091383500347, event=90.000000
05-22 09:49:38.625 27390 27396 D ReflectedParamUpdater: ignored struct field coding.gop.values
05-22 09:49:38.630 27390 27396 D ReflectedParamUpdater: extent() != 1 for single value type: vendor.qti-ext-enc-info-metadata-cvp.reserved
05-22 09:49:38.638 27390 27396 D CCodecConfig: ignoring local param raw.color (0xc2001809) as it is already supported
05-22 09:49:38.642 1100 1732 E QC2Interface: Failed to query parameters
05-22 09:49:38.642 27390 27396 I CCodecConfig: query failed after returning 23 values (BAD_INDEX)
05-22 09:49:38.643 27390 27396 D CCodecConfig: c2 config diff is Dict {
05-22 09:49:38.643 27390 27396 D CCodecConfig: c2::u32 algo.bitrate-mode.value = 3
05-22 09:49:38.643 27390 27396 D CCodecConfig: c2::u32 algo.complexity.value = 0
05-22 09:49:38.643 27390 27396 D CCodecConfig: c2::i32 algo.priority.value = 0
05-22 09:49:38.643 27390 27396 D CCodecConfig: c2::float algo.rate.value = 30
05-22 09:49:38.643 27390 27396 D CCodecConfig: c2::u32 algo.secure-mode.value = 0
05-22 09:49:38.643 27390 27396 D CCodecConfig: c2::i32 coded.average-qp.value = 0
05-22 09:49:38.643 27390 27396 D CCodecConfig: c2::u32 coded.bitrate.value = 20000000
05-22 09:49:38.643 27390 27396 D CCodecConfig: c2::float coded.frame-rate.value = 30
05-22 09:49:38.643 27390 27396 D CCodecConfig: c2::u32 coded.pl.level = 0
05-22 09:49:38.643 27390 27396 D CCodecConfig: c2::u32 coded.pl.profile = 20484
05-22 09:49:38.643 27390 27396 D CCodecConfig: c2::u32 coded.vui.color.matrix = 255
05-22 09:49:38.643 27390 27396 D CCodecConfig: c2::u32 coded.vui.color.primaries = 0
05-22 09:49:38.643 27390 27396 D CCodecConfig: c2::u32 coded.vui.color.range = 0
05-22 09:49:38.643 27390 27396 D CCodecConfig: c2::u32 coded.vui.color.transfer = 255
05-22 09:49:38.643 27390 27396 D CCodecConfig: c2::u32 coding.intra-refresh.mode = 0
05-22 09:49:38.643 27390 27396 D CCodecConfig: c2::float coding.intra-refresh.period = 0
05-22 09:49:38.643 27390 27396 D CCodecConfig: c2::u32 coding.request-sync-frame.value = 0
05-22 09:49:38.643 27390 27396 D CCodecConfig: c2::i64 coding.sync-frame-interval.value = 1000000
05-22 09:49:38.643 27390 27396 D CCodecConfig: Buffer coding.temporal-layering = {
05-22 09:49:38.643 27390 27396 D CCodecConfig: 00000000: 10 00 00 00 07 20 01 52 00 00 00 00 00 00 00 00 ..... .R........
05-22 09:49:38.643 27390 27396 D CCodecConfig: }
05-22 09:49:38.643 27390 27396 D CCodecConfig: c2::u32 default.color.matrix = 0
05-22 09:49:38.643 27390 27396 D CCodecConfig: c2::u32 default.color.primaries = 0
05-22 09:49:38.643 27390 27396 D CCodecConfig: c2::u32 default.color.range = 0
05-22 09:49:38.643 27390 27396 D CCodecConfig: c2::u32 default.color.transfer = 0
05-22 09:49:38.643 27390 27396 D CCodecConfig: c2::u32 input.delay.value = 0
05-22 09:49:38.644 1290 4437 D SemWifiUsabilityStatsMonitor: onWifiUsabilityStats - seqNum 302, isSameBssidAndFreq true
05-22 09:49:38.644 1290 2165 I SemWifiLinkQualityMonitor: Unreliable statistics: 0 / 0 / 0 / 0 || QoS: 0.00 ms / 0.00 Mbps (N) / 0 (0)
05-22 09:49:38.645 27390 27396 W ColorUtils: expected specified color aspects (0:0:255:255)
05-22 09:49:38.668 27390 27390 D CodecSeeding: Seed: codec c2.qti.avc.encoder, mediatype video/avc, overrideable 1
05-22 09:49:38.668 27390 27390 D CodecProperties: setTuningValue(vq-target-bpp,0)
05-22 09:49:38.669 27390 27390 D CodecProperties: setTuningValue(vq-target-bpp-1080p,1.90)
05-22 09:49:38.669 27390 27390 D CodecProperties: setTuningValue(vq-target-bpp-720p,2.25)
05-22 09:49:38.669 27390 27390 D CodecProperties: setTuningValue(vq-target-bpp-540p,2.65)
05-22 09:49:38.669 27390 27390 D CodecProperties: setTuningValue(vq-target-bpp-480p,3.00)
05-22 09:49:38.669 27390 27390 D CodecProperties: setTuningValue(vq-target-bpp-320x240,0)
05-22 09:49:38.669 27390 27390 D CodecProperties: setTuningValue(vq-target-qpmax,-1)
05-22 09:49:38.669 27390 27390 D CodecProperties: setTuningValue(vq-target-qpmax-1080p,45)
05-22 09:49:38.669 27390 27390 D CodecProperties: setTuningValue(vq-target-qpmax-720p,43)
05-22 09:49:38.669 27390 27390 D CodecProperties: setTuningValue(vq-target-qpmax-540p,42)
05-22 09:49:38.669 27390 27390 D CodecProperties: setTuningValue(vq-target-qpmax-480p,38)
05-22 09:49:38.669 27390 27390 D CodecProperties: setTuningValue(vq-bitrate-phaseout,1.75)
05-22 09:49:38.669 27390 27390 D CodecProperties: setTuningValue(vq-boost-missing-qp,0.20)
05-22 09:49:38.669 27390 27390 D CodecProperties: setFeatureValue(can-swap-width-height,1)
05-22 09:49:38.669 27390 27390 D CodecProperties: setFeatureValue(intra-refresh,0)
05-22 09:49:38.669 27390 27390 D CodecProperties: setFeatureValue(_vq_eligible.device,1)
05-22 09:49:38.669 27390 27390 D CodecProperties: setFeatureValue(_quality.target,1)
05-22 09:49:38.669 27390 27390 D CodecSeeding: Seed: codec c2.qti.avc.encoder, mediatype video/avc, overrideable 0
05-22 09:49:38.669 27390 27390 D MediaCodec: shapeMediaFormat: deltas(1): AMessage(what = 0x00000000) = {
05-22 09:49:38.669 27390 27390 D MediaCodec: int32_t android._encoding-quality-level = 0
05-22 09:49:38.669 27390 27390 D MediaCodec: }
05-22 09:49:38.669 27390 27395 D MediaCodec: flushMediametrics
05-22 09:49:38.670 27390 27396 D CCodec : [c2.qti.avc.encoder] buffers are bound to CCodec for this session
05-22 09:49:38.670 27390 27396 I CCodec : appPid(27390) width(1920) height(1080)
05-22 09:49:38.671 27390 27396 I CCodec : Set content adaptive mode (0)
05-22 09:49:38.671 27390 27396 W CCodec : can't get ro.hardware.chipname
05-22 09:49:38.671 27390 27396 I CCodec : setup(holi) : (20000014)
05-22 09:49:38.671 27390 27396 D CCodecConfig: no c2 equivalents for color-format
05-22 09:49:38.671 27390 27396 D CCodecConfig: no c2 equivalents for max-bframes
05-22 09:49:38.671 27390 27396 D CCodecConfig: no c2 equivalents for flags
05-22 09:49:38.671 27390 27396 D CCodecConfig: no c2 equivalents for encoder
05-22 09:49:38.672 1100 1732 E VendorCaps: Failed to read platform default max picture width
05-22 09:49:38.672 1100 1732 E VendorCaps: Failed to read platform default max picture width
05-22 09:49:38.672 1100 1732 W StandardCaps: Preconditions for b-frame didn't meet. Disabling b-frame!
05-22 09:49:38.673 27390 27396 D CCodecConfig: c2 config diff is c2::float coded.frame-rate.value = 60
05-22 09:49:38.673 27390 27396 D CCodecConfig: c2::i64 coding.sync-frame-interval.value = 10000000
05-22 09:49:38.673 27390 27396 D CCodecConfig: c2::u32 raw.pixel-format.value = 34
05-22 09:49:38.673 27390 27396 D CCodecConfig: c2::u32 raw.size.height = 1080
05-22 09:49:38.673 27390 27396 D CCodecConfig: c2::u32 raw.size.width = 1920
05-22 09:49:38.673 27390 27396 D CCodecConfig: c2::u32 vendor.qti-ext-enc-content-adaptive-mode.value = 0
05-22 09:49:38.674 27390 27396 W ColorUtils: expected specified color aspects (0:0:255:255)
05-22 09:49:38.674 1100 1100 E QC2Interface: Failed to query parameters
05-22 09:49:38.675 27390 27396 W Codec2Client: query -- param skipped: index = 3254781982.
05-22 09:49:38.675 27390 27396 D CCodec : Setting encoder options for disabling wrapping
05-22 09:49:38.675 27390 27396 D CCodec : encoding statistics level = 0
05-22 09:49:38.675 27390 27396 D CCodec : setup formats input: AMessage(what = 0x00000000) = {
05-22 09:49:38.675 27390 27396 D CCodec : int32_t android._color-format = 2130708361
05-22 09:49:38.675 27390 27396 D CCodec : Rect crop(0, 0, 1919, 1079)
05-22 09:49:38.675 27390 27396 D CCodec : int32_t color-standard = 130816
05-22 09:49:38.675 27390 27396 D CCodec : int32_t color-range = 0
05-22 09:49:38.675 27390 27396 D CCodec : int32_t color-transfer = 65791
05-22 09:49:38.675 27390 27396 D CCodec : int32_t video-qp-average = 0
05-22 09:49:38.675 27390 27396 D CCodec : int32_t width = 1920
05-22 09:49:38.675 27390 27396 D CCodec : int32_t feature-secure-playback = 0
05-22 09:49:38.675 27390 27396 D CCodec : int32_t frame-rate = 60
05-22 09:49:38.675 27390 27396 D CCodec : int32_t height = 1080
05-22 09:49:38.675 27390 27396 D CCodec : int32_t intra-refresh-period = 0
05-22 09:49:38.675 27390 27396 D CCodec : string mime = "video/raw"
05-22 09:49:38.675 27390 27396 D CCodec : int32_t prepend-sps-pps-to-idr-frames = 0
05-22 09:49:38.675 27390 27396 D CCodec : int32_t priority = 0
05-22 09:49:38.675 27390 27396 D CCodec : Buffer hdr-static-info = {
05-22 09:49:38.675 27390 27396 D CCodec : 00000000: 00 00 00 00 00 00 00 00 00 00 00 00 00 00 00 00 ................
05-22 09:49:38.675 27390 27396 D CCodec : 00000010: 00 00 00 00 00 00 00 00 00 .........
05-22 09:49:38.675 27390 27396 D CCodec : }
05-22 09:49:38.675 27390 27396 D CCodec : int32_t android._dataspace = 12648448
05-22 09:49:38.675 27390 27396 D CCodec : int64_t android._C2MemoryUsage = 65536
05-22 09:49:38.675 27390 27396 D CCodec : int32_t color-format = 2130708361
05-22 09:49:38.675 27390 27396 D CCodec : int32_t bytebuffer-wrapping-disable = 1
05-22 09:49:38.675 27390 27396 D CCodec : }
05-22 09:49:38.675 27390 27396 D CCodec : setup formats output: AMessage(what = 0x00000000) = {
05-22 09:49:38.675 27390 27396 D CCodec : int32_t bitrate = 20000000
05-22 09:49:38.675 27390 27396 D CCodec : int32_t bitrate-mode = 1
05-22 09:49:38.675 27390 27396 D CCodec : Rect crop(0, 0, 1919, 1079)
05-22 09:49:38.675 27390 27396 D CCodec : int32_t width = 1920
05-22 09:49:38.675 27390 27396 D CCodec : int32_t color-standard = 130816
05-22 09:49:38.675 27390 27396 D CCodec : int32_t color-range = 0
05-22 09:49:38.675 27390 27396 D CCodec : int32_t color-transfer = 65791
05-22 09:49:38.675 27390 27396 D CCodec : int32_t feature-secure-playback = 0
05-22 09:49:38.675 27390 27396 D CCodec : int32_t frame-rate = 60
05-22 09:49:38.675 27390 27396 D CCodec : int32_t height = 1080
05-22 09:49:38.675 27390 27396 D CCodec : int32_t intra-refresh-period = 0
05-22 09:49:38.675 27390 27396 D CCodec : int32_t max-bitrate = 20000000
05-22 09:49:38.675 27390 27396 D CCodec : string mime = "video/avc"
05-22 09:49:38.675 27390 27396 D CCodec : int32_t prepend-sps-pps-to-idr-frames = 0
05-22 09:49:38.675 27390 27396 D CCodec : int32_t priority = 0
05-22 09:49:38.675 27390 27396 D CCodec : int32_t profile = 8
05-22 09:49:38.675 27390 27396 D CCodec : int32_t video-qp-average = 0
05-22 09:49:38.675 27390 27396 D CCodec : int32_t vendor.qti-ext-enc-content-adaptive-mode.value = 0
05-22 09:49:38.675 27390 27396 D CCodec : }
05-22 09:49:38.675 1100 1100 E QC2Interface: Failed to query parameters
05-22 09:49:38.675 27390 27396 I CCodecConfig: query failed after returning 24 values (BAD_INDEX)
05-22 09:49:38.680 1290 4346 D SehCodecSolutionService: updateMediaStatisticsData: (action=1@1986621044;category=1@1986621044;label=1936222260@1986621044)
05-22 09:49:38.680 1290 4346 D CodecSolution_MediaStatisticsData: MediaStatisticsData: action=1@1986621044;category=1@1986621044;label=1936222260@1986621044
05-22 09:49:38.680 1290 4346 D CodecSolution_MediaStatisticsData: Category.valueOf: 1
05-22 09:49:38.680 1290 4346 D CodecSolution_MediaStatisticsData: Action.valueOf: 1
05-22 09:49:38.680 1290 4346 D CodecSolution_MediaStatisticsData: Label.valueOf: 0x73686834
05-22 09:49:38.680 1290 4346 D CodecSolution_MediaStatisticsData: category: VENC
05-22 09:49:38.680 1290 4346 D CodecSolution_MediaStatisticsData: action: INSTANTIATE
05-22 09:49:38.680 1290 4346 D CodecSolution_MediaStatisticsData: label: SEC_HW_H264
05-22 09:49:38.681 1290 1290 D SehCodecSolutionService: handleMessage : 900
05-22 09:49:38.681 1290 1290 D SehCodecSolutionService: event : VENC
05-22 09:49:38.681 1290 1290 D CodecSolution_Logging: dma : true, feature: VENC, extra: SEC_HW_H264, value: -1
05-22 09:49:38.681 1290 1290 D CodecSolution_Logging: insert diagmon log
05-22 09:49:38.681 1290 1290 D CodecSolution_Logging: permission granted
05-22 09:49:38.681 27390 27396 D CCodec : [CreateInputSurface] surface in app process
05-22 09:49:38.682 1290 1290 W ContextImpl: Calling a method in the system process without a qualified user: android.app.ContextImpl.sendBroadcast:1281 vendor.samsung.frameworks.codecsolution.Logging.insertDiagmonLog:13 vendor.samsung.frameworks.codecsolution.Logging.insertLog:6 vendor.samsung.frameworks.codecsolution.Logging.insertLog:1 vendor.samsung.frameworks.codecsolution.SehCodecSolutionService$1.handleMessage:24
05-22 09:49:38.682 27390 27396 E screenrecord: Unable to open libpenguin.so: dlopen failed: library "libpenguin.so" not found.
05-22 09:49:38.685 27390 27396 D CCodecConfig: set default color aspects for surface (R:2(Limited), P:1(BT709_5), M:255(Other), T:255(Other))
05-22 09:49:38.685 27390 27396 D CCodec : input format changed to AMessage(what = 0x00000000) = {
05-22 09:49:38.685 27390 27396 D CCodec : int32_t android._color-format = 2130708361
05-22 09:49:38.685 27390 27396 D CCodec : Rect crop(0, 0, 1919, 1079)
05-22 09:49:38.685 27390 27396 D CCodec : int32_t color-standard = 1
05-22 09:49:38.685 27390 27396 D CCodec : int32_t color-range = 2
05-22 09:49:38.685 27390 27396 D CCodec : int32_t color-transfer = 3
05-22 09:49:38.685 27390 27396 D CCodec : int32_t video-qp-average = 0
05-22 09:49:38.685 27390 27396 D CCodec : int32_t width = 1920
05-22 09:49:38.685 27390 27396 D CCodec : int32_t feature-secure-playback = 0
05-22 09:49:38.685 27390 27396 D CCodec : int32_t frame-rate = 60
05-22 09:49:38.685 27390 27396 D CCodec : int32_t height = 1080
05-22 09:49:38.685 27390 27396 D CCodec : int32_t intra-refresh-period = 0
05-22 09:49:38.685 27390 27396 D CCodec : string mime = "video/raw"
05-22 09:49:38.685 27390 27396 D CCodec : int32_t prepend-sps-pps-to-idr-frames = 0
05-22 09:49:38.685 27390 27396 D CCodec : int32_t priority = 0
05-22 09:49:38.685 27390 27396 D CCodec : Buffer hdr-static-info = {
05-22 09:49:38.685 27390 27396 D CCodec : 00000000: 00 00 00 00 00 00 00 00 00 00 00 00 00 00 00 00 ................
05-22 09:49:38.685 27390 27396 D CCodec : 00000010: 00 00 00 00 00 00 00 00 00 .........
05-22 09:49:38.685 27390 27396 D CCodec : }
05-22 09:49:38.685 27390 27396 D CCodec : int32_t android._dataspace = 260
05-22 09:49:38.685 27390 27396 D CCodec : int64_t android._C2MemoryUsage = 65536
05-22 09:49:38.685 27390 27396 D CCodec : int32_t color-format = 2130708361
05-22 09:49:38.685 27390 27396 D CCodec : int32_t bytebuffer-wrapping-disable = 1
05-22 09:49:38.685 27390 27396 D CCodec : }
05-22 09:49:38.686 1100 1100 E QC2Interface: Failed to query parameters
05-22 09:49:38.686 27390 27396 W Codec2Client: query -- param skipped: index = 1610614798.
05-22 09:49:38.686 27390 27396 D C2OMXNode: actual buffer count(16), input delay(0), pipeline delay(0)
05-22 09:49:38.686 27390 27396 D GraphicBufferSource: setting dataspace: 0x104, acquired=0
05-22 09:49:38.686 27390 27396 D CCodec : ISConfig not changed
05-22 09:49:38.687 27390 27395 I CCodec : [c2.qti.avc.encoder] state->set(STARTING)
05-22 09:49:38.687 3509 3509 W ContextImpl: Calling a method in the system process without a qualified user: android.app.ContextImpl.startService:1960 android.content.ContextWrapper.startService:842 android.content.ContextWrapper.startService:842 com.sec.android.diagmonagent.sa.receiver.CFLogReceiver.a:17 com.sec.android.diagmonagent.sa.receiver.CFLogReceiver.onReceive:40
05-22 09:49:38.688 1100 27402 I QC2Registry: Build pipelined codec for session
05-22 09:49:38.688 1100 27402 I QC2Registry: Getting stages for pipelined codec
05-22 09:49:38.689 1100 27402 I QC2Registry: Pipelining not enabled
05-22 09:49:38.690 1100 27402 I QC2Registry: Doesn't support pipelining. Create standalone codec
05-22 09:49:38.690 1100 27402 I QC2V4l2Driver: [avcE_15] Device /dev/video33 opened with fd: 8
05-22 09:49:38.695 1100 27402 I QC2Comp : [avcE_15] set c2d rotation angle 0
05-22 09:49:38.695 1100 27402 I QC2Comp : [avcE_15] set FastCV mirror type 0
05-22 09:49:38.696 1100 27402 W QC2V4l2Codec: [avcE_15] unknown/unsupported param coding.sync-frame-interval index = 0x52002005
05-22 09:49:38.696 1100 27402 W QC2V4l2Codec: [avcE_15] unknown/unsupported param coded.p-frame-count index = 0x5200C001
05-22 09:49:38.696 1100 27402 W QC2V4l2Driver: [avcE_15] Frame QP not set as qpEnable is false!
05-22 09:49:38.696 1100 27402 E QC2V4l2Codec: [avcE_15] OPAQUE is not a supported pixel format!
05-22 09:49:38.696 1100 1100 E QC2Interface: Failed to query parameters
05-22 09:49:38.696 27390 27396 W Codec2Client: query -- param skipped: index = 1610614798.
05-22 09:49:38.696 27390 27396 D C2OMXNode: actual buffer count(16), input delay(0), pipeline delay(0)
05-22 09:49:38.697 27390 27396 D GraphicBufferSource: update max acquired buffer count to 16
05-22 09:49:38.699 1290 2334 D SehCodecSolutionService: getVideoRecordingParameter id : 117639154237440
05-22 09:49:38.699 1100 1100 E QC2Interface: Failed to query parameters
05-22 09:49:38.700 27390 27396 W Codec2Client: query -- param skipped: index = 1342179345.
05-22 09:49:38.700 27390 27396 W Codec2Client: query -- param skipped: index = 2415921170.
05-22 09:49:38.700 27390 27396 W Codec2Client: query -- param skipped: index = 1610614798.
05-22 09:49:38.700 1100 1100 E QC2Interface: Failed to query parameters
05-22 09:49:38.700 27390 27396 D CCodecBufferChannel: [c2.qti.avc.encoder#521] Query input allocators returned 0 params => BAD_INDEX (6)
05-22 09:49:38.700 27390 27396 D CCodecBufferChannel: [c2.qti.avc.encoder#521] Using basic input block pool with poolID 1 => got 1 - OK (0)
05-22 09:49:38.700 1100 1100 E QC2Interface: Failed to query parameters
05-22 09:49:38.700 27390 27396 D CCodecBufferChannel: [c2.qti.avc.encoder#521] Query output allocators returned 0 params => BAD_INDEX (6)
05-22 09:49:38.704 1100 1732 E FMQ : grantorIdx must be less than 3
05-22 09:49:38.704 1100 1732 E FMQ : grantorIdx must be less than 3
05-22 09:49:38.705 27390 27396 I CCodecBufferChannel: [c2.qti.avc.encoder#521] Created output block pool with allocatorID 16 => poolID 17 - OK
05-22 09:49:38.705 27390 27396 D CCodecBufferChannel: [c2.qti.avc.encoder#521] Configured output block pool ids 17 => OK
05-22 09:49:38.706 1100 1732 E QC2Interface: Few parameters failed to configure
05-22 09:49:38.706 27390 27396 I CCodec : [c2.qti.avc.encoder] state->set(RUNNING)
05-22 09:49:38.706 1399 1783 W ResourceManagerService: Ignoring request to add new resource entry with value <= 0
05-22 09:49:38.707 1399 1783 I ResourceManagerService: addMediaInfo pid 27390, add (width 1920 height 1080), lowPriority 0, allocated hw codec count, 1
05-22 09:49:38.708 1399 1783 I ResourceManagerService: getMediaResourceInfo (PID : 27390, clientID : -5476376661471444240, non-secure-codec/video-codec:[]:1, 1920x1080 (fps:60) - sw codec : no, encoder : yes componentName = c2.qti.avc.encoder bitrate = 20000000)
05-22 09:49:38.710 27390 27395 I MediaCodec: setCodecState state(0), called in 6
05-22 09:49:38.710 1290 2334 V ResourceManagerHelper-JNI: JNIMediaResourceHelper::notify eventType : 1, ext1 : 0, ext2 : 0
05-22 09:49:38.710 1290 2334 V ResourceManagerHelper-JNI: notify eventType : 1, ext1 : 0, ext2 : 0
05-22 09:49:38.710 1180 2018 I SurfaceFlinger: createDisplay:ScreenRecorder
05-22 09:49:38.711 10684 10704 V ResourceManagerHelper-JNI: JNIMediaResourceHelper::notify eventType : 1, ext1 : 0, ext2 : 0
05-22 09:49:38.711 10684 10704 V ResourceManagerHelper-JNI: notify eventType : 1, ext1 : 0, ext2 : 0
05-22 09:49:38.711 1180 1283 W ComposerExtn: DisplayExtnImpl::SetActiveConfig: HWC Display 0 is not registered!
05-22 09:49:38.713 1290 2075 I SemMediaResourceHelper: onAdd
05-22 09:49:38.713 10684 10704 V ResourceManagerHelper-JNI: JNIMediaResourceHelper::notify eventType : 3, ext1 : 0, ext2 : 0
05-22 09:49:38.713 10684 10704 V ResourceManagerHelper-JNI: notify eventType : 3, ext1 : 0, ext2 : 0
05-22 09:49:38.713 1290 2334 V ResourceManagerHelper-JNI: JNIMediaResourceHelper::notify eventType : 3, ext1 : 0, ext2 : 0
05-22 09:49:38.713 1290 2334 V ResourceManagerHelper-JNI: notify eventType : 3, ext1 : 0, ext2 : 0
05-22 09:49:38.713 3538 3538 I SemMediaResourceHelper: onAdd
05-22 09:49:38.714 10684 10732 I SemMediaResourceHelper: onAdd
05-22 09:49:38.714 984 23808 I sensors-hal: handle_sns_client_event:44, ambient_light_event: ts=45091483262587, event=90.000000
05-22 09:49:38.714 10684 10732 I DrmMediaResourceHelper: onAdd size = 1
05-22 09:49:38.715 984 23808 I sensors-hal: handle_sns_client_event:44, ambient_light_event: ts=45091483500347, event=90.000000
05-22 09:49:38.715 10684 10732 I SemMediaResourceHelper: onState
05-22 09:49:38.715 10684 10732 I DrmMediaResourceHelper: onStateChanged size = 1
05-22 09:49:38.715 1180 2018 W ServiceManagerCppClient: Permission failure: android.permission.ROTATE_SURFACE_FLINGER from uid=2000 pid=27390
05-22 09:49:38.716 1180 2018 D PermissionCache: checking android.permission.ROTATE_SURFACE_FLINGER for uid=2000 => denied (661 us)
05-22 09:49:38.716 1180 2018 D PermissionCache: checking android.permission.INTERNAL_SYSTEM_WINDOW for uid=2000 => granted (338 us)
05-22 09:49:38.716 10684 10732 I DrmMediaResourceHelper: resource type: 2,,,isSecured : falseIsEncoder : truegetCodecState : 0getpid : 27390
05-22 09:49:38.717 3538 3538 I SemMediaResourceHelper: onState
05-22 09:49:38.718 3538 3538 I SemDvfsHyPerManager: acquire hyper - BaseTABoost/3538@1, type = 1090523139
05-22 09:49:38.718 987 1117 I HYPER-HAL: [RequestManager.cpp]releaseLocked(): Released ID : 6264031
05-22 09:49:38.718 987 1117 I HYPER-HAL: [RequestManager.cpp]acquire(): Acquired ID : 6264031 [3538 / 1] HINT : list : [TABoost / 1]
05-22 09:49:38.719 4570 24823 I MtpStorageManager: Got inotify removed event for : UVRCVUctMTE5MDYxLXF0NjgwLXMyMTAtYW5kcm9pZDE0LXF0YzEzMDFhdHRhY2hwYXRjaC1zcGVjdHJ1bS5tcDQ=
05-22 09:49:38.720 1290 2075 I SemMediaResourceHelper: onState
05-22 09:49:38.721 4570 24823 I MtpStorageManager: NORMAL transitioned to NORMAL in op NONE
05-22 09:49:38.721 1180 1180 W SurfaceFlinger: Invalid layer stack -1
05-22 09:49:38.722 1180 1180 I Layer : Layer::reparent [MirrorLayerParent#509] newParent : MirrorRoot-4630946835308409729#508 , isRemovedFromCurrentState : 0 -------------------------
05-22 09:49:38.722 1180 1180 I Layer : Layer::reparent [MirrorLayerParent#509] End -------------------------
05-22 09:49:38.722 1180 1180 I SurfaceFlinger: id=509 Removed MirrorLayerParent#509 (129)
05-22 09:49:38.722 1180 1180 I Layer : Layer::reparent [MirrorLayerParent#511] newParent : MirrorRoot-4630946835308409729#508 , isRemovedFromCurrentState : 0 -------------------------
05-22 09:49:38.723 1180 1180 I Layer : Layer::reparent [MirrorLayerParent#511] End -------------------------
05-22 09:49:38.723 1180 1180 I SurfaceFlinger: id=511 Removed MirrorLayerParent#511 (131)
05-22 09:49:38.725 1180 1180 I QtiSurfaceFlingerExtension: qtiCanAllocateHwcDisplayIdForVDS flag_mask_pvt_wfd(0 flag_mask_hw_video(65536)
05-22 09:49:38.726 1290 4624 D AutoRotationHandler: not support this mode
05-22 09:49:38.728 1180 1180 I CompositionEngine: Enabling QtiRenderSurfaceExtension ...
05-22 09:49:38.730 1180 1180 D DisplayDevice: setLayerFilter : layerstack=1804289383,
05-22 09:49:38.741 1007 1007 I SDM : HWDeviceDRM::UpdateMixerAttributes: Mixer WxH 1200x1920-0 for Peripheral
05-22 09:49:38.741 1007 1007 I SDM : HWCDisplay::SubmitDisplayConfig: Active configuration changed to: 0
05-22 09:49:38.743 3411 4144 I MediaProvider: Deleted 0 0 0 1 0 0 0 items on external_primary due to com.android.shell
05-22 09:49:38.746 3489 3489 W ContentResolver: Failed to get type for: content://media/external/file/1000000030 (No item at content://media/external/file/1000000030)
05-22 09:49:38.750 4570 4708 D MediaSync: loaded: 9ms, 0
05-22 09:49:38.754 3411 4158 W MediaProvider: isAppCloneUserPair for user 0: false
05-22 09:49:38.766 4570 4706 D SecMediaProvider: UPDATE /local/metadata 203, 252
05-22 09:49:38.767 3411 3887 W SQLiteLog: (28) walCheckpoint: eMode(0), mxFrame(1280), /data/data/com.google.android.providers.media.module/databases/external.db-wal
05-22 09:49:38.778 4570 24823 I MtpStorageManager: Got inotify added event for : UVRCVUctMTE5MDYxLXF0NjgwLXMyMTAtYW5kcm9pZDE0LXF0YzEzMDFhdHRhY2hwYXRjaC1zcGVjdHJ1bS5tcDQ=
05-22 09:49:38.781 27390 27390 D MPEG4Writer: PreAllocation enabled
05-22 09:49:38.790 4570 4708 D MediaSync: loaded: 10ms, 0
05-22 09:49:38.791 4570 4706 D SecMediaProvider: UPDATE /local/metadata 203, 256
05-22 09:49:38.812 3411 3428 W FuseDaemon: Reducing the number of considered missed Gc histogram windows from 794 to 100
05-22 09:49:38.814 984 23808 I sensors-hal: handle_sns_client_event:44, ambient_light_event: ts=45091583259201, event=90.000000
05-22 09:49:38.816 984 23808 I sensors-hal: handle_sns_client_event:44, ambient_light_event: ts=45091583500347, event=90.000000
05-22 09:49:38.816 3396 26933 I NetworkScheduler.Stats: (REDACTED) Task %s/%s started execution. cause:%s exec_start_elapsed_seconds: %s
05-22 09:49:38.829 3396 25879 I NetworkScheduler.Stats: (REDACTED) Task %s/%s finished executing. cause:%s result: %s elapsed_millis: %s uptime_millis: %s exec_start_elapsed_seconds: %s
05-22 09:49:38.833 1290 4346 D PackageManager: setEnabledSetting : userId = 0 packageName = com.google.android.providers.media.module cmp = androidx.work.impl.background.systemalarm.RescheduleReceiver newState = 1 callingPackage = com.google.android.providers.media.module
05-22 09:49:38.834 1290 4346 D ApplicationPolicy: getApplicationStateEnabled : pkg = com.google.android.providers.media.module userId : 0
05-22 09:49:38.835 1290 4346 D ApplicationPolicy: getApplicationComponentState : pkg = com.google.android.providers.media.module userId : 0
05-22 09:49:38.853 1290 4346 D CompatibilityChangeReporter: Compat change id reported: 261072174; UID 1000; state: ENABLED
05-22 09:49:38.856 27390 27394 D GraphicBufferSource: got buffer with new dataSpace #104
05-22 09:49:38.856 27390 27394 D C2OMXNode: dataspace changed to 0x104 pixel format: 0x1
05-22 09:49:38.874 3411 27410 I PSyncWorker: Starting proactive picker sync from sync source: 3
05-22 09:49:38.878 3411 27410 I PickerSyncTracker: Created new sync future java.util.concurrent.CompletableFuture@3d3a1e1[Not completed, 1 dependents]. Future map: {799bd04c-7371-48d2-964c-cdd15598dc29=java.util.concurrent.CompletableFuture@3d3a1e1[Not completed, 1 dependents]}
05-22 09:49:38.880 3411 27410 D PickerSyncController: syncAllMediaFromProvider() LOCAL, auth=com.android.providers.media.photopicker, retry=true
05-22 09:49:38.880 3411 27410 D PickerSyncController: getSyncRequestParams() LOCAL, auth=com.android.providers.media.photopicker
05-22 09:49:38.883 1180 1225 W HWComposer: Ignoring duplicate VSYNC event from HWC for display 4630946835308409729 (t=10152846030000)
05-22 09:49:38.885 3411 27410 D PickerSyncController: Latest ID/Gen=1407:0c155362-7e6a-483a-b2a3-6d11da4d1bc0:external_primary/256
05-22 09:49:38.885 3411 27410 D PickerSyncController: Cached ID/Gen=1407:0c155362-7e6a-483a-b2a3-6d11da4d1bc0:external_primary/209
05-22 09:49:38.886 3411 27410 D PickerSyncController: RESULT=SyncRequestParams{type=MEDIA_INCREMENTAL, gen=209, latest=Bundle[{last_media_sync_generation=256, media_collection_id=1407:0c155362-7e6a-483a-b2a3-6d11da4d1bc0:external_primary}], pageSize=1000}
05-22 09:49:38.886 3411 27410 I PickerSyncController: Executing SyncAdd. isLocal: true. authority: com.android.providers.media.photopicker
05-22 09:49:38.892 3411 27410 D PickerSyncController: Clearing next page token for key: local_provider:media_add:resume
05-22 09:49:38.892 3411 27410 I PickerSyncController: Paged sync successful. QueryArgs: Bundle[{android.provider.extra.SYNC_GENERATION=209}] Total Rows: 0
05-22 09:49:38.892 3411 27410 I PickerSyncController: Executing SyncRemove. isLocal: true. authority: com.android.providers.media.photopicker
05-22 09:49:38.894 1180 1225 W HWComposer: Ignoring duplicate VSYNC event from HWC for display 4630946835308409729 (t=10152857154000)
05-22 09:49:38.897 3411 27410 E PickerDbFacade: Could not get first date taken millis for media id: 1000000030
05-22 09:49:38.898 3411 27410 W PickerDbFacade: Unable to promote cloud media with localId: 1000000030
05-22 09:49:38.899 3411 27410 D PickerSyncController: Clearing next page token for key: local_provider:media_remove:resume
05-22 09:49:38.899 3411 27410 I PickerSyncController: Paged sync successful. QueryArgs: Bundle[{android.provider.extra.SYNC_GENERATION=209}] Total Rows: 0
05-22 09:49:38.900 3411 27410 I PickerSyncTracker: Marked sync future complete for work id: 799bd04c-7371-48d2-964c-cdd15598dc29. Future map: {}
05-22 09:49:38.900 3411 27410 I PSyncWorker: Completed picker proactive sync complete from local provider.
05-22 09:49:38.900 3411 27410 I PickerSyncTracker: Created new sync future java.util.concurrent.CompletableFuture@2601b03[Not completed, 1 dependents]. Future map: {799bd04c-7371-48d2-964c-cdd15598dc29=java.util.concurrent.CompletableFuture@2601b03[Not completed, 1 dependents]}
05-22 09:49:38.900 3411 27410 D PickerSyncController: syncAllMediaFromProvider() CLOUD, auth=null, retry=true
05-22 09:49:38.900 3411 27410 D PickerSyncController: getSyncRequestParams() CLOUD, auth=null
05-22 09:49:38.900 3411 27410 D PickerSyncController: RESULT=SyncRequestParams{type=MEDIA_RESET, gen=0, latest=null, pageSize=1000}
05-22 09:49:38.901 3411 27410 I PickerSyncController: Executing SyncReset. isLocal: false. authority: null
05-22 09:49:38.902 3411 27410 I PickerSyncController: SyncReset. isLocal:false. authority: null. result count: 0
05-22 09:49:38.902 3411 27410 D PickerSyncController: Ignoring cache media info for null authority with bundle: null
05-22 09:49:38.902 3411 27410 I PickerSyncTracker: Marked sync future complete for work id: 799bd04c-7371-48d2-964c-cdd15598dc29. Future map: {}
05-22 09:49:38.902 3411 27410 I PSyncWorker: Completed picker proactive sync complete from cloud provider.
05-22 09:49:38.905 3411 4059 I WM-WorkerWrapper: Worker result SUCCESS for Work [ id=799bd04c-7371-48d2-964c-cdd15598dc29, tags={ com.android.providers.media.photopicker.sync.ProactiveSyncWorker } ]
05-22 09:49:38.905 1180 1225 W HWComposer: Ignoring duplicate VSYNC event from HWC for display 4630946835308409729 (t=10152868282000)
05-22 09:49:38.906 1100 27402 I QC2ImageConverter: Constructing QC2C2D engine for image conversion
05-22 09:49:38.909 1290 3904 D PackageManager: setEnabledSetting : userId = 0 packageName = com.google.android.providers.media.module cmp = androidx.work.impl.background.systemalarm.RescheduleReceiver newState = 2 callingPackage = com.google.android.providers.media.module
05-22 09:49:38.911 3489 3489 W ContextImpl: Calling a method in the system process without a qualified user: android.app.ContextImpl.sendBroadcast:1281 android.content.ContextWrapper.sendBroadcast:513 com.android.camerasaver.BootCameraService$1.run:65 android.os.Handler.handleCallback:958 android.os.Handler.dispatchMessage:99
05-22 09:49:38.914 984 23808 I sensors-hal: handle_sns_client_event:44, ambient_light_event: ts=45091683257639, event=90.000000
05-22 09:49:38.914 1290 4346 E ActivityManager: Sending non-protected broadcast com.sec.android.app.camera.action.camerasaver.update from system 3489:com.sec.android.app.camerasaver/1000 pkg com.sec.android.app.camerasaver
05-22 09:49:38.914 1290 4346 E ActivityManager: java.lang.Throwable
05-22 09:49:38.914 1290 4346 E ActivityManager: at com.android.server.am.ActivityManagerService.checkBroadcastFromSystem(ActivityManagerService.java:16992)
05-22 09:49:38.914 1290 4346 E ActivityManager: at com.android.server.am.ActivityManagerService.broadcastIntentLockedTraced(ActivityManagerService.java:17937)
05-22 09:49:38.914 1290 4346 E ActivityManager: at com.android.server.am.ActivityManagerService.broadcastIntentLocked(ActivityManagerService.java:17080)
05-22 09:49:38.914 1290 4346 E ActivityManager: at com.android.server.am.ActivityManagerService.broadcastIntentLocked(ActivityManagerService.java:17057)
05-22 09:49:38.914 1290 4346 E ActivityManager: at com.android.server.am.ActivityManagerService.broadcastIntentWithFeature(ActivityManagerService.java:18164)
05-22 09:49:38.914 1290 4346 E ActivityManager: at android.app.IActivityManager$Stub.onTransact$broadcastIntentWithFeature$(IActivityManager.java:11664)
05-22 09:49:38.914 1290 4346 E ActivityManager: at android.app.IActivityManager$Stub.onTransact(IActivityManager.java:2966)
05-22 09:49:38.914 1290 4346 E ActivityManager: at com.android.server.am.ActivityManagerService.onTransact(ActivityManagerService.java:3198)
05-22 09:49:38.914 1290 4346 E ActivityManager: at android.os.Binder.execTransactInternal(Binder.java:1375)
05-22 09:49:38.914 1290 4346 E ActivityManager: at android.os.Binder.execTransact(Binder.java:1311)
05-22 09:49:38.914 984 23808 I sensors-hal: handle_sns_client_event:44, ambient_light_event: ts=45091683499826, event=90.000000
05-22 09:49:38.917 1180 1225 W HWComposer: Ignoring duplicate VSYNC event from HWC for display 4630946835308409729 (t=10152879419000)
05-22 09:49:38.920 1290 1704 D CompatibilityChangeReporter: Compat change id reported: 135634846; UID 10081; state: DISABLED
05-22 09:49:38.920 1290 1704 D CompatibilityChangeReporter: Compat change id reported: 177438394; UID 10081; state: DISABLED
05-22 09:49:38.920 1290 1704 D CompatibilityChangeReporter: Compat change id reported: 135772972; UID 10081; state: DISABLED
05-22 09:49:38.920 1290 1704 D CompatibilityChangeReporter: Compat change id reported: 135754954; UID 10081; state: ENABLED
05-22 09:49:38.921 1100 27402 I QC2ImageConverter: created QC2ImageConverter: [1920x1080, RGBA8888] -- {do flip 0, then rotate 0} --> [1920x1080, VENUS_NV12]
05-22 09:49:38.921 1100 27402 I QC2Buf : use default ref tracker
05-22 09:49:38.922 1290 1705 D CompatibilityChangeReporter: Compat change id reported: 143937733; UID 10081; state: ENABLED
05-22 09:49:38.922 1290 2334 W JobScheduler: Job didn't exist in JobStore: b6cced #u0a227/21 com.google.android.providers.media.module/androidx.work.impl.background.systemjob.SystemJobService
05-22 09:49:38.928 1180 1225 W HWComposer: Ignoring duplicate VSYNC event from HWC for display 4630946835308409729 (t=10152890550000)
05-22 09:49:38.932 873 873 D Zygote : Forked child process 27412
05-22 09:49:38.933 1290 1705 I ActivityManager: Start proc 27412:com.sec.android.app.camera/u0a81 for broadcast {com.sec.android.app.camera/com.sec.android.app.camera.widget.CameraAppWidgetProvider}
05-22 09:49:38.950 1100 27402 I QC2C2DEngine: calcYSize: unsupported or RGB color format, RGBA8888(1)
05-22 09:49:38.955 27412 27412 I roid.app.camera: Using CollectorTypeCC GC.
05-22 09:49:38.961 27412 27412 E roid.app.camera: Not starting debugger since process cannot load the jdwp agent.
05-22 09:49:38.966 27412 27412 D ActivityThread: setConscryptValidator
05-22 09:49:38.966 27412 27412 D ActivityThread: setConscryptValidator - put
05-22 09:49:38.970 1290 2334 D CompatibilityChangeReporter: Compat change id reported: 168419799; UID 10081; state: DISABLED
05-22 09:49:38.971 1290 2334 D CompatibilityChangeReporter: Compat change id reported: 273564678; UID 10081; state: DISABLED
05-22 09:49:38.973 1180 1283 W ComposerExtn: DisplayExtnImpl::SetActiveConfig: HWC Display 0 is not registered!
05-22 09:49:38.975 1100 27402 E QC2Interface: Few parameters failed to configure
05-22 09:49:38.975 1100 27402 E QC2Comp : [avcE_15] Delayed start: Failed to configure w/h/f on Interface
05-22 09:49:38.975 1100 27402 I QC2Comp : Memory tracker creation for [1D-17]
05-22 09:49:38.975 1100 27402 I QC2Comp : Memory tracker creation for [1D-0]
05-22 09:49:38.975 1100 27402 I QC2Comp : Memory tracker for [1D-0] is available with name [1D-0] and size 0 bytes.
05-22 09:49:38.975 1290 1927 D CompatibilityChangeReporter: Compat change id reported: 265195908; UID 10081; state: ENABLED
05-22 09:49:38.976 2684 2684 D HidDeviceService: handleMessage(): msg.what=8
05-22 09:49:38.978 27412 27412 D CompatibilityChangeReporter: Compat change id reported: 171979766; UID 10081; state: ENABLED
05-22 09:49:38.978 27412 27412 D CompatibilityChangeReporter: Compat change id reported: 242716250; UID 10081; state: ENABLED
05-22 09:49:38.981 1100 27402 E QC2Interface: Failed to query parameters
05-22 09:49:38.982 1100 27402 W QC2V4l2Driver: [avcE_15] Frame QP not set as qpEnable is false!
05-22 09:49:38.982 1100 27402 W QC2V4l2Codec: [avcE_15] unknown/unsupported param coding.sync-frame-interval index = 0x52002005
05-22 09:49:38.982 1100 27402 W QC2V4l2Codec: [avcE_15] unknown/unsupported param 3254796295 index = 0xC2004007
05-22 09:49:38.982 1007 1007 I SDM : HWDeviceDRM::UpdateMixerAttributes: Mixer WxH 1200x1920-0 for Peripheral
05-22 09:49:38.982 1007 1007 I SDM : HWCDisplay::SubmitDisplayConfig: Active configuration changed to: 1
05-22 09:49:38.984 1100 27429 E ion : ioctl c0044901 failed with code -1: Inappropriate ioctl for device
05-22 09:49:38.985 1290 2334 D CompatibilityChangeReporter: Compat change id reported: 170503758; UID 10081; state: ENABLED
05-22 09:49:39.001 1290 2544 D BatteryService: Sending ACTION_BATTERY_CHANGED: level:97, status:2, health:2, remain:-1, ac:false, usb:true, wireless:false, pogo:false, misc:0x0, charge_type:0, charger_type:0, voltage:4264, temperature:240, online:4, charging_status:0, cycle_count:0, current_avg:0, ps:false, hvc:false, capacity:280000, current_event:0x0, current_now:-375000, mcc:500000, mcv:5000000, cc:4850000, present:true, scale:100, technology:Li-ion
05-22 09:49:39.005 1100 27402 E QC2Interface: Failed to query parameters
05-22 09:49:39.006 1100 27402 E FMQ : grantorIdx must be less than 3
05-22 09:49:39.007 1290 2201 I DeviceBatteryInfoService: action: android.intent.action.BATTERY_CHANGED
05-22 09:49:39.007 1290 2201 I DeviceBatteryInfoService: phone battery level: 97
05-22 09:49:39.007 1290 2201 I DeviceBatteryInfoService: phone battery status: 2
05-22 09:49:39.007 1290 2077 D MotionRecognitionService: [SAR] onReceive : ACTION_BATTERY_CHANGED, Plugged: 2
05-22 09:49:39.008 27390 27400 D C2Store : Using ION
05-22 09:49:39.008 2254 2254 I PowerUI : mBootCompleted = true | mFullyConnected = true
05-22 09:49:39.008 2254 2254 I PowerUI : BATTERY_HEALTH_CHECK extraHealth=2 mBatteryMiscEvent=0
05-22 09:49:39.008 2254 2254 W PowerUI : Plug reason
05-22 09:49:39.009 2254 2254 W PowerUI : Skip charging animation - by plug status
05-22 09:49:39.009 2254 2254 D PowerUI : priorPlugType = 2 mPlugType = 2 priorBatteryStatus = 2 mBatteryStatus = 2
05-22 09:49:39.009 2254 2254 W PowerUI : Plug reason
05-22 09:49:39.009 2254 2254 W PowerUI : Skip charging sound - by plug status
05-22 09:49:39.009 2254 2254 I PowerUI : oldMisalign : false, curMisalign : false
05-22 09:49:39.009 2254 7920 D SecPowerUI.Notification: dismissing low battery warning: level=97
05-22 09:49:39.009 2254 7920 D SecPowerUI.Notification: updateNotification mWarning=false mPlaySound=false
05-22 09:49:39.009 2254 7920 D SecPowerUI.Notification: SecBatteryStatsSnapshot{batteryLevel=97, currentBatteryMode=0, chargingTime=1419000, chargingType=11, batteryHealth=2, automaticTestMode=false, isHiccupState=false}
05-22 09:49:39.009 27390 27396 D CCodecConfig: c2 config diff is Buffer coded.init-data.value = {
05-22 09:49:39.009 27390 27396 D CCodecConfig: 00000000: 00 00 00 01 67 64 00 2a ac b4 03 c0 11 3f 2c a4 ....gd.*.....?,.
05-22 09:49:39.009 27390 27396 D CCodecConfig: 00000010: 14 18 14 1b 42 84 d4 00 00 00 01 68 ee 06 e2 c0 ....B......h....
05-22 09:49:39.010 2551 2551 D SemBigDataInfoController: Intent: android.intent.action.BATTERY_CHANGED
05-22 09:49:39.010 2254 2254 D SecPowerUI.Notification: showChargingNotice oldChargingType : 11 / currentChargingType : 11, oldChargingTime : 1419000 / mChargingTime : -1
05-22 09:49:39.010 2254 2254 D SecPowerUI.Notification: showChargingNotification()
05-22 09:49:39.010 2254 7920 D SecPowerUI.Notification: 1. restoreScreenTimeOut - saved_value : :
05-22 09:49:39.010 2254 7920 E SecPowerUI.Notification: no saved value, so we do nothing !!
05-22 09:49:39.010 2254 2254 D SecPowerUI.Notification: SecBatteryStatsSnapshot{batteryLevel=97, currentBatteryMode=0, chargingTime=-1, chargingType=11, batteryHealth=2, automaticTestMode=false, isHiccupState=false}
05-22 09:49:39.011 27390 27396 D Codec2-OutputBufferQueue: set max dequeue count 11 from update
05-22 09:49:39.012 2254 2254 I NotificationManager: com.android.systemui: notify(2131363660, charging_state, Notification(channel=CHR shortcut=null contentView=null vibrate=null sound=null defaults=0x0 flags=0xa color=0xff5075a1 category=sys groupKey=CHARGING vis=PUBLIC semFlags=0x0 semPriority=0 semMissedCount=0)) as user
05-22 09:49:39.012 21837 21837 I [SCPMV2][SystemMonitorReceiver]: onReceive: android.intent.action.BATTERY_CHANGED
05-22 09:49:39.014 984 23808 I sensors-hal: handle_sns_client_event:44, ambient_light_event: ts=45091783259201, event=90.000000
05-22 09:49:39.014 2254 2254 D PowerUI : Battery swelling mode - priorBatterySwellingMode = 0 mBatterySwellingMode = 0 mBatteryStatus = 2
05-22 09:49:39.014 984 23808 I sensors-hal: handle_sns_client_event:44, ambient_light_event: ts=45091783500868, event=90.000000
05-22 09:49:39.014 2254 2254 I PowerUI : mBatteryMiscEvent = 0
05-22 09:49:39.015 2254 2254 D SamsungBatteryMeterDrawable: onBatteryLevelChanged isSomethingChanged: false
05-22 09:49:39.015 2254 2254 D SamsungBatteryMeterDrawable: onBatteryLevelChanged isSomethingChanged: false
05-22 09:49:39.015 2254 2254 D SamsungBatteryMeterDrawable: onBatteryLevelChanged isSomethingChanged: false
05-22 09:49:39.015 2254 2254 I AODBatteryManager: updateBatteryData: ACTION_BATTERY_CHANGED
05-22 09:49:39.016 27390 27390 D MPEG4Writer: fpathconf _PC_FILESIZEBITS:64
05-22 09:49:39.016 27390 27390 D MPEG4Writer: File size limit set to 4503599627370495 bytes implicitly
05-22 09:49:39.016 2254 2254 I AODBatteryManager: saveBatteryData : AOD BatteryData [mBatteryLevel=97, mBatteryStatus=CHARGING, mBatteryPlugType=USB, mBatteryPlugged=true, mRemainingChargeTime=-1, mBatteryChargingType=1, mBatteryChargerType=NORMAL, mBatteryOnline=USB, mBatterySwellingMode=NONE, mBatteryProtectMode=false]
05-22 09:49:39.016 27390 27390 D MPEG4Writer: MP4WtrCtrlHlpLooper Started
05-22 09:49:39.016 2254 2254 I ChargingInfoManager: updateChargingInfo: newState = AOD ChargingInfo [mState=BATTERY_AND_REMAIN_TIME, mIsCharging=true, mIsFullyCharged=false, mIsBatteryProtectMode=false], oldState = AOD ChargingInfo [mState=BATTERY_AND_REMAIN_TIME, mIsCharging=true, mIsFullyCharged=false, mIsBatteryProtectMode=false]
05-22 09:49:39.016 2254 2254 D KeyguardUpdateMonitor: handleBatteryUpdate
05-22 09:49:39.021 27390 27395 I MediaCodec: setCodecState state(1), called in 6
05-22 09:49:39.021 27412 27412 W roid.app.camera: ClassLoaderContext shared library size mismatch. Expected=0, found=1 (PCL[] | PCL[]{PCL[/system/framework/org.apache.http.legacy.jar*365604908]})
05-22 09:49:39.022 1290 2334 V ResourceManagerHelper-JNI: JNIMediaResourceHelper::notify eventType : 3, ext1 : 0, ext2 : 0
05-22 09:49:39.022 1290 2334 V ResourceManagerHelper-JNI: notify eventType : 3, ext1 : 0, ext2 : 0
05-22 09:49:39.022 3538 3538 I SemMediaResourceHelper: onState
05-22 09:49:39.022 10684 10704 V ResourceManagerHelper-JNI: JNIMediaResourceHelper::notify eventType : 3, ext1 : 0, ext2 : 0
05-22 09:49:39.022 10684 10704 V ResourceManagerHelper-JNI: notify eventType : 3, ext1 : 0, ext2 : 0
05-22 09:49:39.022 1290 2075 I SemMediaResourceHelper: onState
05-22 09:49:39.022 10684 10732 I SemMediaResourceHelper: onState
05-22 09:49:39.022 10684 10732 I DrmMediaResourceHelper: onStateChanged size = 1
05-22 09:49:39.022 10684 10732 I DrmMediaResourceHelper: resource type: 2,,,isSecured : falseIsEncoder : truegetCodecState : 1getpid : 27390
05-22 09:49:39.023 987 1117 I HYPER-HAL: [RequestManager.cpp]releaseLocked(): Released ID : 6264031
05-22 09:49:39.023 27390 27433 I MPEG4Writer: setStartTimestampUs: 10152819160 from Video track
05-22 09:49:39.023 27390 27433 I MPEG4Writer: Earliest track starting time: 10152819160
05-22 09:49:39.114 984 23808 I sensors-hal: handle_sns_client_event:44, ambient_light_event: ts=45091883258160, event=90.000000
05-22 09:49:39.114 984 23808 I sensors-hal: handle_sns_client_event:44, ambient_light_event: ts=45091883500608, event=90.000000
05-22 09:49:39.196 1100 27402 I QC2Comp : [avcE_15] Stats: Pending(0) i/p-done(0) Works: Q: 1/Done 1|Work-Rate: Q(1.6/s Avg=1.6/s) Done(1.573/s Avg=1.573/s)| Stream: 30.00fps 0.0Kbps
05-22 09:49:39.196 1100 27402 I QC2Comp : Mem-usage: [In-2D: 1 bufs 4.500 MB] [1D-17: 4 bufs 5.984 MB]
05-22 09:49:39.196 1100 27402 I QC2Comp : Total Mem-usage: 10.484 MB
05-22 09:49:39.214 984 23808 I sensors-hal: handle_sns_client_event:44, ambient_light_event: ts=45091983259201, event=90.000000
05-22 09:49:39.214 984 23808 I sensors-hal: handle_sns_client_event:44, ambient_light_event: ts=45091983500087, event=90.000000
05-22 09:49:39.219 619 619 D io_stats: !@ 8,0 r 562389 18813572 w 76205 2146600 d 15478 44369720 f 0 0 iot 277340 0 th 0 0 0 pt 0 inp 0 0 10153.182
05-22 09:49:39.222 2507 2507 I HoneySpace.NotificationListener: onNotificationPosted com.android.systemui: -1|com.android.systemui|2131363660|charging_state|10047: 0
05-22 09:49:39.222 2507 2507 I HoneySpace.NotificationListener: invalid notification: com.android.systemui UserHandle{-1}: canShowBadge is false
05-22 09:49:39.227 1290 4624 D AutoRotationHandler: not support this mode
05-22 09:49:39.231 2254 2254 I AODNotificationManager: updateNotification()
05-22 09:49:39.234 1180 1283 W ComposerExtn: DisplayExtnImpl::SetActiveConfig: HWC Display 0 is not registered!
05-22 09:49:39.234 1290 2334 D VpnManagerService: Exception: java.lang.NullPointerException: Attempt to invoke interface method 'int com.samsung.android.knox.zt.networktrust.filter.IKnoxNetworkFilterService.getKnoxNwFilterHttpProxyPort(int, java.lang.String)' on a null object reference
