05-22 09:50:18.394 1100 27402 I QC2C2DEngine: calcYSize: unsupported or RGB color format, RGBA8888(1)
05-22 09:50:18.415 984 23808 I sensors-hal: handle_sns_client_event:44, ambient_light_event: ts=45131183255532, event=355.000000
05-22 09:50:18.415 984 23808 I sensors-hal: handle_sns_client_event:44, ambient_light_event: ts=45131183502147, event=355.000000
05-22 09:50:18.484 1100 27402 I QC2C2DEngine: calcYSize: unsupported or RGB color format, RGBA8888(1)
05-22 09:50:18.514 984 23808 I sensors-hal: handle_sns_client_event:44, ambient_light_event: ts=45131283500220, event=355.000000
05-22 09:50:18.594 1100 27402 I QC2C2DEngine: calcYSize: unsupported or RGB color format, RGBA8888(1)
05-22 09:50:18.615 984 23808 I sensors-hal: handle_sns_client_event:44, ambient_light_event: ts=45131383500689, event=356.000000
05-22 09:50:18.689 1100 27402 I QC2C2DEngine: calcYSize: unsupported or RGB color format, RGBA8888(1)
05-22 09:50:18.715 984 23808 I sensors-hal: handle_sns_client_event:44, ambient_light_event: ts=45131483501418, event=356.000000
05-22 09:50:18.798 1100 27402 I QC2C2DEngine: calcYSize: unsupported or RGB color format, RGBA8888(1)
05-22 09:50:18.814 984 23808 I sensors-hal: handle_sns_client_event:44, ambient_light_event: ts=45131583500584, event=355.000000
05-22 09:50:18.888 1100 27402 I QC2C2DEngine: calcYSize: unsupported or RGB color format, RGBA8888(1)
05-22 09:50:18.915 984 23808 I sensors-hal: handle_sns_client_event:44, ambient_light_event: ts=45131683254595, event=355.000000
05-22 09:50:18.915 984 23808 I sensors-hal: handle_sns_client_event:44, ambient_light_event: ts=45131683502564, event=355.000000
05-22 09:50:18.938 1290 1686 D BatteryService: Sending ACTION_BATTERY_CHANGED: level:97, status:2, health:2, remain:-1, ac:false, usb:true, wireless:false, pogo:false, misc:0x0, charge_type:0, charger_type:0, voltage:4260, temperature:241, online:4, charging_status:0, cycle_count:0, current_avg:0, ps:false, hvc:false, capacity:280000, current_event:0x0, current_now:2000, mcc:500000, mcv:5000000, cc:4850000, present:true, scale:100, technology:Li-ion
05-22 09:50:18.941 1290 2201 I DeviceBatteryInfoService: action: android.intent.action.BATTERY_CHANGED
05-22 09:50:18.941 1290 2201 I DeviceBatteryInfoService: phone battery level: 97
05-22 09:50:18.942 1290 2201 I DeviceBatteryInfoService: phone battery status: 2
05-22 09:50:18.945 1290 2077 D MotionRecognitionService: [SAR] onReceive : ACTION_BATTERY_CHANGED, Plugged: 2
05-22 09:50:18.948 2254 2254 I PowerUI : mBootCompleted = true | mFullyConnected = true
05-22 09:50:18.948 2254 2254 I PowerUI : BATTERY_HEALTH_CHECK extraHealth=2 mBatteryMiscEvent=0
05-22 09:50:18.948 2254 2254 W PowerUI : Plug reason
05-22 09:50:18.948 2254 2254 W PowerUI : Skip charging animation - by plug status
05-22 09:50:18.948 2254 2254 D PowerUI : priorPlugType = 2 mPlugType = 2 priorBatteryStatus = 2 mBatteryStatus = 2
05-22 09:50:18.948 2254 2254 W PowerUI : Plug reason
05-22 09:50:18.948 2254 2254 W PowerUI : Skip charging sound - by plug status
05-22 09:50:18.948 2254 5877 D SecPowerUI.Notification: dismissing low battery warning: level=97
05-22 09:50:18.948 2254 5877 D SecPowerUI.Notification: updateNotification mWarning=false mPlaySound=false
05-22 09:50:18.948 2254 2254 I PowerUI : oldMisalign : false, curMisalign : false
05-22 09:50:18.948 2254 5877 D SecPowerUI.Notification: SecBatteryStatsSnapshot{batteryLevel=97, currentBatteryMode=0, chargingTime=1422000, chargingType=11, batteryHealth=2, automaticTestMode=false, isHiccupState=false}
05-22 09:50:18.949 2551 2551 D SemBigDataInfoController: Intent: android.intent.action.BATTERY_CHANGED
05-22 09:50:18.949 2254 5877 D SecPowerUI.Notification: 1. restoreScreenTimeOut - saved_value : :
05-22 09:50:18.949 2254 5877 E SecPowerUI.Notification: no saved value, so we do nothing !!
05-22 09:50:18.949 2254 2254 D SecPowerUI.Notification: showChargingNotice oldChargingType : 11 / currentChargingType : 11, oldChargingTime : 1422000 / mChargingTime : -1
05-22 09:50:18.950 2254 2254 D SecPowerUI.Notification: showChargingNotification()
05-22 09:50:18.950 2254 2254 D SecPowerUI.Notification: SecBatteryStatsSnapshot{batteryLevel=97, currentBatteryMode=0, chargingTime=-1, chargingType=11, batteryHealth=2, automaticTestMode=false, isHiccupState=false}
05-22 09:50:18.950 21837 21837 I [SCPMV2][SystemMonitorReceiver]: onReceive: android.intent.action.BATTERY_CHANGED
05-22 09:50:18.952 2254 2254 I NotificationManager: com.android.systemui: notify(2131363660, charging_state, Notification(channel=CHR shortcut=null contentView=null vibrate=null sound=null defaults=0x0 flags=0xa color=0xff5075a1 category=sys groupKey=CHARGING vis=PUBLIC semFlags=0x0 semPriority=0 semMissedCount=0)) as user
05-22 09:50:18.954 2254 2254 D PowerUI : Battery swelling mode - priorBatterySwellingMode = 0 mBatterySwellingMode = 0 mBatteryStatus = 2
05-22 09:50:18.954 2254 2254 I PowerUI : mBatteryMiscEvent = 0
05-22 09:50:18.954 2254 2254 D SamsungBatteryMeterDrawable: onBatteryLevelChanged isSomethingChanged: false
05-22 09:50:18.954 2254 2254 D SamsungBatteryMeterDrawable: onBatteryLevelChanged isSomethingChanged: false
05-22 09:50:18.954 2254 2254 D SamsungBatteryMeterDrawable: onBatteryLevelChanged isSomethingChanged: false
05-22 09:50:18.955 2254 2254 I AODBatteryManager: updateBatteryData: ACTION_BATTERY_CHANGED
05-22 09:50:18.955 2254 2254 I AODBatteryManager: saveBatteryData : AOD BatteryData [mBatteryLevel=97, mBatteryStatus=CHARGING, mBatteryPlugType=USB, mBatteryPlugged=true, mRemainingChargeTime=-1, mBatteryChargingType=1, mBatteryChargerType=NORMAL, mBatteryOnline=USB, mBatterySwellingMode=NONE, mBatteryProtectMode=false]
05-22 09:50:18.956 2254 2254 I ChargingInfoManager: updateChargingInfo: newState = AOD ChargingInfo [mState=BATTERY_AND_REMAIN_TIME, mIsCharging=true, mIsFullyCharged=false, mIsBatteryProtectMode=false], oldState = AOD ChargingInfo [mState=BATTERY_AND_REMAIN_TIME, mIsCharging=true, mIsFullyCharged=false, mIsBatteryProtectMode=false]
05-22 09:50:18.956 2254 2254 D KeyguardUpdateMonitor: handleBatteryUpdate
05-22 09:50:18.974 1100 27402 I QC2C2DEngine: calcYSize: unsupported or RGB color format, RGBA8888(1)
05-22 09:50:19.015 984 23808 I sensors-hal: handle_sns_client_event:44, ambient_light_event: ts=45131783256001, event=356.000000
05-22 09:50:19.016 984 23808 I sensors-hal: handle_sns_client_event:44, ambient_light_event: ts=45131783502616, event=356.000000
05-22 09:50:19.093 1100 27402 I QC2C2DEngine: calcYSize: unsupported or RGB color format, RGBA8888(1)
05-22 09:50:19.116 984 23808 I sensors-hal: handle_sns_client_event:44, ambient_light_event: ts=45131883257824, event=356.000000
05-22 09:50:19.116 984 23808 I sensors-hal: handle_sns_client_event:44, ambient_light_event: ts=45131883508189, event=356.000000
05-22 09:50:19.163 2507 2507 I HoneySpace.NotificationListener: onNotificationPosted com.android.systemui: -1|com.android.systemui|2131363660|charging_state|10047: 0
05-22 09:50:19.163 2507 2507 I HoneySpace.NotificationListener: invalid notification: com.android.systemui UserHandle{-1}: canShowBadge is false
05-22 09:50:19.170 2254 2254 I AODNotificationManager: updateNotification()
05-22 09:50:19.184 1100 27402 I QC2C2DEngine: calcYSize: unsupported or RGB color format, RGBA8888(1)
05-22 09:50:19.207 1100 27402 I QC2Comp : [avcE_15] Stats: Pending(1) i/p-done(0) Works: Q: 659/Done 658|Work-Rate: Q(20.0/s Avg=16.2/s) Done(20.199/s Avg=16.188/s)| Stream: 11.42fps 28.9Kbps
05-22 09:50:19.207 1100 27402 I QC2Comp : Mem-usage: [In-2D: 65 bufs 292.500 MB] [1D-17: 6 bufs 8.977 MB]
05-22 09:50:19.207 1100 27402 I QC2Comp : Total Mem-usage: 301.477 MB
05-22 09:50:19.215 984 23808 I sensors-hal: handle_sns_client_event:44, ambient_light_event: ts=45131983255845, event=357.000000
05-22 09:50:19.215 984 23808 I sensors-hal: handle_sns_client_event:44, ambient_light_event: ts=45131983500637, event=357.000000
05-22 09:50:19.217 1100 27402 I QC2C2DEngine: calcYSize: unsupported or RGB color format, RGBA8888(1)
05-22 09:50:19.258 619 619 D io_stats: !@ 8,0 r 569125 18988112 w 77229 2273636 d 15491 44503080 f 0 0 iot 282156 0 th 0 0 0 pt 0 inp 0 0 10193.221
05-22 09:50:19.286 1100 27402 I QC2C2DEngine: calcYSize: unsupported or RGB color format, RGBA8888(1)
05-22 09:50:19.315 984 23808 I sensors-hal: handle_sns_client_event:44, ambient_light_event: ts=45132083500376, event=357.000000
05-22 09:50:19.365 2254 2254 D BubblesManager: onEntryUpdated : shouldBubbleUp=false ,key=-1|com.android.systemui|2131363660|charging_state|10047
05-22 09:50:19.367 2254 2254 D InterruptionStateProvider: no Heads up : edgelighting enabled app. -1|com.android.systemui|2131363660|charging_state|10047
05-22 09:50:19.389 2254 2254 D FaceWidgetKeyguardNIOController: getDefaultPositionX
05-22 09:50:19.396 1100 27402 I QC2C2DEngine: calcYSize: unsupported or RGB color format, RGBA8888(1)
05-22 09:50:19.398 2254 2254 I AODNotificationManager: updateNotification()
05-22 09:50:19.414 984 23808 I sensors-hal: handle_sns_client_event:44, ambient_light_event: ts=45132183259439, event=357.000000
05-22 09:50:19.415 984 23808 I sensors-hal: handle_sns_client_event:44, ambient_light_event: ts=45132183490949, event=357.000000
05-22 09:50:19.425 1100 27402 I QC2C2DEngine: calcYSize: unsupported or RGB color format, RGBA8888(1)
05-22 09:50:19.429 2254 2254 D FaceWidgetKeyguardNIOController: getDefaultPositionX
05-22 09:50:19.437 1290 2120 V AS.AudioDeviceBroker: requestedCommunicationDevice: AudioDeviceAttributes: role:output type:speaker addr: name: profiles:[] descriptors:[] mAudioModeOwner: AudioModeInfo: mMode=MODE_NORMAL, mPid=0, mUid=0
05-22 09:50:19.437 1290 2120 V AS.AudioDeviceBroker: onUpdateCommunicationRouteClient, crc: null wasBtScoRequested: false eventSource: updateCommunicationRouteClientState
05-22 09:50:19.437 1290 2120 V AS.AudioDeviceBroker: requestedCommunicationDevice: null mAudioModeOwner: AudioModeInfo: mMode=MODE_NORMAL, mPid=0, mUid=0
05-22 09:50:19.437 1290 2120 V AS.AudioDeviceBroker: requestedCommunicationDevice: null mAudioModeOwner: AudioModeInfo: mMode=MODE_NORMAL, mPid=0, mUid=0
05-22 09:50:19.437 1290 2120 V AS.AudioDeviceBroker: updateCommunicationRoute, preferredCommunicationDevice: null eventSource: updateCommunicationRouteClientState
05-22 09:50:19.437 1154 25592 V APM_AudioPolicyManager: clearDevicesRoleForStrategy() strategy=14 role=1
05-22 09:50:19.439 1154 25592 I APM::AudioPolicyEngine: getDevicesForStrategyInt no device found for strategy 9
05-22 09:50:19.441 1154 25592 I APM::AudioPolicyEngine: getDevicesForStrategyInt no device found for strategy 9
05-22 09:50:19.442 1154 25592 V APM_AudioPolicyManager: getNewOutputDevices selected devices AUDIO_DEVICE_NONE
05-22 09:50:19.442 1154 25592 V APM_AudioPolicyManager: setOutputDevices device AUDIO_DEVICE_NONE delayMs 100
05-22 09:50:19.443 1154 25592 V APM_AudioPolicyManager: setOutputDevices() prevDevice {AUDIO_DEVICE_OUT_SPEAKER, @:}
05-22 09:50:19.444 1154 25592 I APM::AudioPolicyEngine: getDevicesForStrategyInt no device found for strategy 9
05-22 09:50:19.444 1154 25592 V APM_AudioPolicyManager: setOutputDevices setting same device AUDIO_DEVICE_NONE or null device, force=0, patch handle=3
05-22 09:50:19.444 1154 25592 V APM_AudioPolicyManager: getNewOutputDevices selected devices AUDIO_DEVICE_NONE
05-22 09:50:19.444 1154 25592 V APM_AudioPolicyManager: setOutputDevices device AUDIO_DEVICE_NONE delayMs 0
05-22 09:50:19.444 1154 25592 V APM_AudioPolicyManager: setOutputDevices() prevDevice {AUDIO_DEVICE_OUT_SPEAKER, @:}
05-22 09:50:19.445 1154 25592 I APM::AudioPolicyEngine: getDevicesForStrategyInt no device found for strategy 9
05-22 09:50:19.445 1154 25592 V APM_AudioPolicyManager: setOutputDevices setting same device AUDIO_DEVICE_NONE or null device, force=0, patch handle=5
05-22 09:50:19.446 1154 1491 V APM_AudioPolicyManager: canBeSpatializedInt check can be spatialized devices[AUDIO_DEVICE_OUT_SPEAKER, @:]
05-22 09:50:19.446 1154 1491 I APM_AudioPolicyManager: getSpatializerOutput getSpatializerOutput[13]
05-22 09:50:19.446 1290 2120 V AS.AudioDeviceBroker: requestedCommunicationDevice: null mAudioModeOwner: AudioModeInfo: mMode=MODE_NORMAL, mPid=0, mUid=0
05-22 09:50:19.447 1154 25592 V APM_AudioPolicyManager: canBeSpatializedInt check can be spatialized devices[AUDIO_DEVICE_OUT_SPEAKER, @:]
05-22 09:50:19.447 1290 2119 I AS.SpatializerHelper: onRoutingUpdated: can spatialize media 5.1:true on device:AudioDeviceAttributes: role:output type:speaker addr: name: profiles:[] descriptors:[]
05-22 09:50:19.447 1290 2119 I AS.SpatializerHelper: setDispatchAvailableState(true) no dispatch: mState:STATE_ENABLED_AVAILABLE
05-22 09:50:19.447 1290 2119 I AS.SpatializerHelper: Enabling Spatial Audio since enabled for media device:AudioDeviceAttributes: role:output type:speaker addr: name: profiles:[] descriptors:[]
05-22 09:50:19.448 1290 2119 I AS.SpatializerHelper: Setting spatialization level to: 1
05-22 09:50:19.448 1290 2119 I AS.SpatializerHelper: setDispatchFeatureEnabledState(true) no dispatch: mState:STATE_ENABLED_AVAILABLE src:onRoutingUpdated
05-22 09:50:19.449 1290 2120 V AS.AudioDeviceBroker: requestedCommunicationDevice: null mAudioModeOwner: AudioModeInfo: mMode=MODE_NORMAL, mPid=0, mUid=0
05-22 09:50:19.450 1290 1290 I Telecom : SamsungCallAudioRouteStateMachine: isSpeakerPhoneChangedByTelecom - modeOwner : : CARSM.mSPCR@ALg
05-22 09:50:19.450 1290 1290 V AS.AudioDeviceBroker: requestedCommunicationDevice: null mAudioModeOwner: AudioModeInfo: mMode=MODE_NORMAL, mPid=0, mUid=0
05-22 09:50:19.450 1290 3138 I Telecom : CallAudioRouteStateMachine: Message received: SPEAKER_OFF=1007, arg1=0: CARSM.mSPCR->CARSM.pM_SPEAKER_OFF@ALg
05-22 09:50:19.451 1290 3138 I Telecom : QuiescentSpeakerRoute: Processing message SPEAKER_OFF: CARSM.mSPCR->CARSM.pM_SPEAKER_OFF@ALg
05-22 09:50:19.451 1290 3138 I Telecom : CallAudioRouteStateMachine: Message received: SWITCH_BASELINE_ROUTE=1005, arg1=1: CARSM.mSPCR->CARSM.pM_SPEAKER_OFF->CARSM.pM_SWITCH_BASELINE_ROUTE@ALg
05-22 09:50:19.451 1290 3138 I Telecom : QuiescentSpeakerRoute: Processing message SWITCH_BASELINE_ROUTE: CARSM.mSPCR->CARSM.pM_SPEAKER_OFF->CARSM.pM_SWITCH_BASELINE_ROUTE@ALg
05-22 09:50:19.451 1290 3138 I Telecom:SamsungCallSettingsRepositoryImpl: isVideoCallSpeakerOn : true
05-22 09:50:19.451 1290 3138 I Telecom:SamsungModeRepositoryImpl: isConnectedMirrorLink : false
05-22 09:50:19.452 1290 3138 I Telecom : CallAudioRouteStateMachine: Message received: SWITCH_SPEAKER=1004, arg1=0: CARSM.mSPCR->CARSM.pM_SPEAKER_OFF->CARSM.pM_SWITCH_BASELINE_ROUTE->CARSM.pM_SWITCH_SPEAKER@ALg
05-22 09:50:19.452 1290 3138 I Telecom : QuiescentSpeakerRoute: Processing message SWITCH_SPEAKER: CARSM.mSPCR->CARSM.pM_SPEAKER_OFF->CARSM.pM_SWITCH_BASELINE_ROUTE->CARSM.pM_SWITCH_SPEAKER@ALg
05-22 09:50:19.460 1290 3718 I EDMNativeHelperService: isFaceRecognitionAllowedEvenCameraBlocked
05-22 09:50:19.461 1154 25592 V APM_AudioPolicyManager: setForceUse() usage 7, config 0, mPhoneState 0
05-22 09:50:19.461 1154 25592 W APM_AudioPolicyManager: setForceUse() usage 7, config 0 is already set
05-22 09:50:19.461 1290 3718 I EDMNativeHelperService: isCameraEnabled
05-22 09:50:19.462 1290 3718 D EDMNativeHelper: isCameraEnabled
05-22 09:50:19.462 1290 3718 D EDMNativeHelper: checking for camera in EnterpriseDeviceManagerService
05-22 09:50:19.462 1290 3718 D EnterpriseDeviceManagerService: isCameraEnabledNative
05-22 09:50:19.462 1290 3718 D EnterpriseDeviceManagerService: checking for camera in restriction policy
05-22 09:50:19.462 1290 3718 D RestrictionPolicy: isCameraEnabled ret(true) userId(0) cxtInfo.mCallerUid(1000) cxtInfo.mContainerId(0)
05-22 09:50:19.464 1154 1491 V APM_AudioPolicyManager: canBeSpatializedInt check can be spatialized devices[AUDIO_DEVICE_OUT_SPEAKER, @:]
05-22 09:50:19.464 1154 1491 I APM_AudioPolicyManager: getSpatializerOutput getSpatializerOutput[13]
05-22 09:50:19.467 2254 2254 D FaceWidgetKeyguardNIOController: getDefaultPositionX
05-22 09:50:19.470 2254 2254 I AODNotificationManager: updateNotification()
05-22 09:50:19.472 1100 27402 I QC2C2DEngine: calcYSize: unsupported or RGB color format, RGBA8888(1)
05-22 09:50:19.492 1100 27402 I QC2C2DEngine: calcYSize: unsupported or RGB color format, RGBA8888(1)
05-22 09:50:19.514 984 23808 I sensors-hal: handle_sns_client_event:44, ambient_light_event: ts=45132283258709, event=357.000000
05-22 09:50:19.514 984 23808 I sensors-hal: handle_sns_client_event:44, ambient_light_event: ts=45132283499855, event=357.000000
05-22 09:50:19.580 1100 27402 I QC2C2DEngine: calcYSize: unsupported or RGB color format, RGBA8888(1)
05-22 09:50:19.615 984 23808 I sensors-hal: handle_sns_client_event:44, ambient_light_event: ts=45132383261053, event=357.000000
05-22 09:50:19.615 984 23808 I sensors-hal: handle_sns_client_event:44, ambient_light_event: ts=45132383502199, event=357.000000
05-22 09:50:19.705 1100 27402 I QC2C2DEngine: calcYSize: unsupported or RGB color format, RGBA8888(1)
05-22 09:50:19.714 984 23808 I sensors-hal: handle_sns_client_event:44, ambient_light_event: ts=45132483262824, event=356.000000
05-22 09:50:19.715 984 23808 I sensors-hal: handle_sns_client_event:44, ambient_light_event: ts=45132483500584, event=356.000000
05-22 09:50:19.789 1100 27402 I QC2C2DEngine: calcYSize: unsupported or RGB color format, RGBA8888(1)
05-22 09:50:19.814 984 23808 I sensors-hal: handle_sns_client_event:44, ambient_light_event: ts=45132583259230, event=356.000000
05-22 09:50:19.815 984 23808 I sensors-hal: handle_sns_client_event:44, ambient_light_event: ts=45132583500376, event=356.000000
05-22 09:50:19.896 1100 27402 I QC2C2DEngine: calcYSize: unsupported or RGB color format, RGBA8888(1)
05-22 09:50:19.914 984 23808 I sensors-hal: handle_sns_client_event:44, ambient_light_event: ts=45132683266782, event=356.000000
05-22 09:50:19.915 984 23808 I sensors-hal: handle_sns_client_event:44, ambient_light_event: ts=45132683500637, event=356.000000
05-22 09:50:19.955 3538 4192 I SDHMS:s : Polling event syncDatabaseLocked will starts.
05-22 09:50:19.978 3538 4192 I SDHMS:s : Polling event syncDatabaseLocked finished.
05-22 09:50:19.978 3538 4192 I SDHMS:s : Polling event checkDatabaseLocked will starts.
05-22 09:50:19.996 1100 27402 I QC2C2DEngine: calcYSize: unsupported or RGB color format, RGBA8888(1)
05-22 09:50:20.003 3538 4192 I SDHMS:s : Polling event checkDatabaseLocked finished.
05-22 09:50:20.003 3538 4192 I SDHMS:s : Polling event checkDatabaseOverflow will starts.
05-22 09:50:20.004 3538 4192 I SDHMS:s : Polling event checkDatabaseOverflow finished.
05-22 09:50:20.014 984 23808 I sensors-hal: handle_sns_client_event:44, ambient_light_event: ts=45132783261053, event=355.000000
05-22 09:50:20.015 984 23808 I sensors-hal: handle_sns_client_event:44, ambient_light_event: ts=45132783500897, event=355.000000
05-22 09:50:20.090 1100 27402 I QC2C2DEngine: calcYSize: unsupported or RGB color format, RGBA8888(1)
05-22 09:50:20.114 984 23808 I sensors-hal: handle_sns_client_event:44, ambient_light_event: ts=45132883261262, event=355.000000
05-22 09:50:20.115 984 23808 I sensors-hal: handle_sns_client_event:44, ambient_light_event: ts=45132883501105, event=355.000000
05-22 09:50:20.145 1290 1752 D PowerManagerService: UserActivityStateListenerState: 0
05-22 09:50:20.197 1100 27402 I QC2C2DEngine: calcYSize: unsupported or RGB color format, RGBA8888(1)
05-22 09:50:20.214 984 23808 I sensors-hal: handle_sns_client_event:44, ambient_light_event: ts=45132983258918, event=354.000000
05-22 09:50:20.215 984 23808 I sensors-hal: handle_sns_client_event:44, ambient_light_event: ts=45132983499543, event=354.000000
05-22 09:50:20.215 1290 1752 D AutomaticBrightnessController: sendAmbientLux(355.4952)
05-22 09:50:20.220 1290 1752 D PowerManagerUtil: fileWriteInt to /sys/class/lcd/panel/lux, 355
05-22 09:50:20.221 1290 1752 W System.err: java.io.FileNotFoundException: /sys/class/lcd/panel/lux: open failed: ENOENT (No such file or directory)
05-22 09:50:20.228 1290 1752 W System.err: at libcore.io.IoBridge.open(IoBridge.java:574)
05-22 09:50:20.228 1290 1752 W System.err: at java.io.FileOutputStream.(FileOutputStream.java:236)
05-22 09:50:20.228 1290 1752 W System.err: at java.io.FileOutputStream.(FileOutputStream.java:186)
05-22 09:50:20.228 1290 1752 W System.err: at com.android.server.power.PowerManagerUtil.fileWriteInt(PowerManagerUtil.java:330)
05-22 09:50:20.228 1290 1752 W System.err: at com.android.server.display.AutomaticBrightnessController.sendAmbientLux(AutomaticBrightnessController.java:1946)
05-22 09:50:20.228 1290 1752 W System.err: at com.android.server.display.AutomaticBrightnessController.setAmbientLux(AutomaticBrightnessController.java:1132)
05-22 09:50:20.228 1290 1752 W System.err: at com.android.server.display.AutomaticBrightnessController.updateAmbientLux(AutomaticBrightnessController.java:1402)
05-22 09:50:20.228 1290 1752 W System.err: at com.android.server.display.AutomaticBrightnessController.handleLightSensorEvent(AutomaticBrightnessController.java:1089)
05-22 09:50:20.228 1290 1752 W System.err: at com.android.server.display.AutomaticBrightnessController.onSensorChangedInternal(AutomaticBrightnessController.java:2350)
05-22 09:50:20.228 1290 1752 W System.err: at com.android.server.display.AutomaticBrightnessController.-$$Nest$monSensorChangedInternal(AutomaticBrightnessController.java:0)
05-22 09:50:20.228 1290 1752 W System.err: at com.android.server.display.AutomaticBrightnessController$5.onSensorChanged(AutomaticBrightnessController.java:2303)
05-22 09:50:20.228 1290 1752 W System.err: at android.hardware.SystemSensorManager$SensorEventQueue.dispatchSensorEvent(SystemSensorManager.java:1108)
05-22 09:50:20.228 1290 1752 W System.err: at android.os.MessageQueue.nativePollOnce(Native Method)
05-22 09:50:20.228 1290 1752 W System.err: at android.os.MessageQueue.next(MessageQueue.java:335)
05-22 09:50:20.228 1290 1752 W System.err: at android.os.Looper.loopOnce(Looper.java:187)
05-22 09:50:20.229 1290 1752 W System.err: at android.os.Looper.loop(Looper.java:319)
05-22 09:50:20.229 1290 1752 W System.err: at android.os.HandlerThread.run(HandlerThread.java:67)
05-22 09:50:20.229 1290 1752 W System.err: at com.android.server.ServiceThread.run(ServiceThread.java:46)
05-22 09:50:20.229 1290 1752 W System.err: Caused by: android.system.ErrnoException: open failed: ENOENT (No such file or directory)
05-22 09:50:20.229 1290 1752 W System.err: at libcore.io.Linux.open(Native Method)
05-22 09:50:20.229 1290 1752 W System.err: at libcore.io.ForwardingOs.open(ForwardingOs.java:563)
05-22 09:50:20.229 1290 1752 W System.err: at libcore.io.BlockGuardOs.open(BlockGuardOs.java:274)
05-22 09:50:20.229 1290 1752 W System.err: at libcore.io.IoBridge.open(IoBridge.java:560)
05-22 09:50:20.229 1290 1752 W System.err: ... 17 more
05-22 09:50:20.230 1290 1752 D AutomaticBrightnessController: [api] updateAutoBrightness : 130(0.51) 32 < 355.5 < 1066 (adj:+0.0)
05-22 09:50:20.232 1290 1752 D DisplayPowerController2[0]: animateScreenStateChange: target=ON, mIsEnabled=true
05-22 09:50:20.238 1290 1752 D DisplayPowerController2[0]: Animating brightness: target=130(0.51), rate=0.235, reason=automatic[130]
05-22 09:50:20.241 1290 1752 D DisplayManagerService: handleBrightnessAnimation: started=true
05-22 09:50:20.247 1290 1752 I RefreshRateTokenController: Adding refreshRateToken={ RefreshRateToken[->RefreshRateMinLimitToken:BrightnessAnim, acquire at 10194207 (now)}, caller=com.android.server.display.mode.RefreshRateController.createRefreshRateMinLimitToken:523 com.android.server.display.DisplayManagerService.handleBrightnessAnimation:4291 com.android.server.display.DisplayManagerService.$r8$lambda$2RyRH5E_uYHZSVYe8ZPcVOWl3Ig:0 com.android.server.display.DisplayManagerService$$ExternalSyntheticLambda23.accept:0 com.android.server.display.DisplayPowerController2.animateScreenBrightness:3008
05-22 09:50:20.250 1290 1752 D DisplayPowerController2[0]: putAutoBrightnessTransitionTime: transitionTime=500
05-22 09:50:20.250 1290 1752 D KNOX_MDM_SettingsProvider: isChangeAllowed() : name = auto_brightness_transition_time
05-22 09:50:20.251 1290 1752 D DisplayPowerController2[0]: saveBrightnessInfo: brt:0.50980395 adjBrt:0.50980395 min:0.003921569 max:1.0 hbm:0 tp:Infinity throttler:0
05-22 09:50:20.251 1290 1752 I DisplayPowerController2[0]: BrightnessEvent: disp=0, physDisp=local:4630946835308409729, brt=0.50980395, initBrt=0.39215687, rcmdBrt=0.50980395, preBrt=NaN, lux=355.4952, preLux=123.0, hbmMax=1.0, hbmMode=off, rbcStrength=-1, thrmMax=1.0, powerFactor=1.0, wasShortTermModelActive=false, flags=, reason=automatic, autoBrightness=true, strategy=InvalidBrightnessStrategy
05-22 09:50:20.252 1290 1752 D DisplayPowerController2[0]: [api] handleSettingsChange: sb: 0.510 abAdj: 0.000 sbLock: false
05-22 09:50:20.253 1290 1752 D DisplayPowerController2[0]: animateScreenStateChange: target=ON, mIsEnabled=true
05-22 09:50:20.254 1290 2203 D LocalDisplayAdapter: surface lcd : 101(0.394), 101(0.394), main +
05-22 09:50:20.254 1290 1752 D DisplayPowerController2[0]: animateScreenStateChange: target=ON, mIsEnabled=true
05-22 09:50:20.254 1290 1679 D DisplayManagerService: Ignore redundant display event 0/4 to 10182/25039
05-22 09:50:20.254 1290 1679 D DisplayManagerService: Ignore redundant display event 0/4 to 10051/26264
05-22 09:50:20.257 1290 1290 D BrightnessSynchronizer: onDisplayChanged() : displayId=0
05-22 09:50:20.258 1290 1290 D BrightnessSynchronizer: updateScreenBrightness: displayId=0 type=2 mPreferredSettingValue=0.39215687(100) currentBrightnessInt=100 currentBrightnessIntFromFloat=130(0.50980395)
05-22 09:50:20.258 1290 1290 D BrightnessSynchronizer: onChange: last float changed: 0.50980395 -> 130
05-22 09:50:20.258 2254 2254 D CentralSurfaces.BrightnessController: info.brightness:0.50980395
05-22 09:50:20.258 1290 1290 D KNOX_MDM_SettingsProvider: isChangeAllowed() : name = screen_brightness
05-22 09:50:20.259 2254 2342 D CentralSurfaces.BrightnessController: info.brightnessMaximum:1.0 info.brightnessMinimum:0.003921569
05-22 09:50:20.259 2254 2254 D CentralSurfaces.BrightnessController: info.brightness:0.50980395
05-22 09:50:20.259 1290 1290 D BrightnessSynchronizer: onDisplayChanged() : displayId=0
05-22 09:50:20.260 2254 2254 D CentralSurfaces.BrightnessController: info.brightness:0.50980395
05-22 09:50:20.260 2254 2342 D CentralSurfaces.BrightnessController: info.brightnessMaximum:1.0 info.brightnessMinimum:0.003921569
05-22 09:50:20.260 1290 1290 D BrightnessSynchronizer: updateScreenBrightness: displayId=0 type=2 mPreferredSettingValue=0.50980395(130) currentBrightnessInt=130 currentBrightnessIntFromFloat=130(0.50980395)
05-22 09:50:20.260 2254 2254 D CentralSurfaces.BrightnessController: info.brightness:0.50980395
05-22 09:50:20.262 1290 1290 D BrightnessSynchronizer: onChange : content://settings/system/screen_brightness
05-22 09:50:20.262 1290 1290 D BrightnessSynchronizer: updateScreenBrightness: displayId=0 type=1 mPreferredSettingValue=0.50980395(130) currentBrightnessInt=130 currentBrightnessIntFromFloat=130(0.50980395)
05-22 09:50:20.262 2254 2254 D CentralSurfaces.BrightnessController: updateSliderAnimationDuration() : 500
05-22 09:50:20.262 1290 2113 D MdnieScenarioControlService: packageName : org.qtproject.example.spectrum className : org.qtproject.qt.android.bindings.QtActivity
05-22 09:50:20.263 1290 2113 V MdnieScenarioControlService: setUIMode from UI function(3)
05-22 09:50:20.263 2254 2254 D CentralSurfaces.BrightnessController: updateSlider() = 129, brightnessValue = 0.50980395, min = 1.0
05-22 09:50:20.268 2254 2254 D CentralSurfaces.BrightnessController: updateSliderAnimationDuration() : 500
05-22 09:50:20.268 2254 2254 D CentralSurfaces.BrightnessController: updateSlider() = 129, brightnessValue = 0.50980395, min = 1.0
05-22 09:50:20.270 1100 27402 I QC2C2DEngine: calcYSize: unsupported or RGB color format, RGBA8888(1)
05-22 09:50:20.281 1290 2203 D LocalDisplayAdapter: surface lcd : 101(0.394), 101(0.394), main -
05-22 09:50:20.281 1290 2203 D LocalDisplayAdapter: surface lcd : 102(0.399), 102(0.399), main +
05-22 09:50:20.293 1290 2203 D LocalDisplayAdapter: surface lcd : 102(0.399), 102(0.399), main -
05-22 09:50:20.293 1290 2203 D LocalDisplayAdapter: surface lcd : 103(0.405), 103(0.405), main +
05-22 09:50:20.302 1290 2203 D LocalDisplayAdapter: surface lcd : 103(0.405), 103(0.405), main -
05-22 09:50:20.304 1290 2203 D LocalDisplayAdapter: surface lcd : 104(0.407), 104(0.407), main +
05-22 09:50:20.313 1290 2203 D LocalDisplayAdapter: surface lcd : 104(0.407), 104(0.407), main -
05-22 09:50:20.314 984 23808 I sensors-hal: handle_sns_client_event:44, ambient_light_event: ts=45133083261053, event=354.000000
05-22 09:50:20.314 984 23808 I sensors-hal: handle_sns_client_event:44, ambient_light_event: ts=45133083500116, event=354.000000
05-22 09:50:20.315 1290 2203 D LocalDisplayAdapter: surface lcd : 105(0.410), 105(0.410), main +
05-22 09:50:20.325 1290 2203 D LocalDisplayAdapter: surface lcd : 105(0.410), 105(0.410), main -
05-22 09:50:20.328 1290 2203 D LocalDisplayAdapter: surface lcd : 105(0.413), 105(0.413), main +
05-22 09:50:20.337 1290 2203 D LocalDisplayAdapter: surface lcd : 105(0.413), 105(0.413), main -
05-22 09:50:20.338 1290 2203 D LocalDisplayAdapter: surface lcd : 106(0.415), 106(0.415), main +
05-22 09:50:20.347 1290 2203 D LocalDisplayAdapter: surface lcd : 106(0.415), 106(0.415), main -
05-22 09:50:20.348 1290 2203 D LocalDisplayAdapter: surface lcd : 107(0.418), 107(0.418), main +
05-22 09:50:20.358 1290 2203 D LocalDisplayAdapter: surface lcd : 107(0.418), 107(0.418), main -
05-22 09:50:20.360 1290 2203 D LocalDisplayAdapter: surface lcd : 107(0.420), 107(0.420), main +
05-22 09:50:20.363 1290 2113 V MdnieScenarioControlService: mAclOffEnabled : false mAclPreviewState : false mAclCompensationState : false
05-22 09:50:20.371 1100 27402 I QC2C2DEngine: calcYSize: unsupported or RGB color format, RGBA8888(1)
05-22 09:50:20.380 1290 2203 D LocalDisplayAdapter: surface lcd : 107(0.420), 107(0.420), main -
05-22 09:50:20.380 1290 2203 D LocalDisplayAdapter: surface lcd : 108(0.423), 108(0.423), main +
05-22 09:50:20.397 1290 2203 D LocalDisplayAdapter: surface lcd : 108(0.423), 108(0.423), main -
05-22 09:50:20.397 1290 2203 D LocalDisplayAdapter: surface lcd : 109(0.428), 109(0.428), main +
05-22 09:50:20.414 1290 2203 D LocalDisplayAdapter: surface lcd : 109(0.428), 109(0.428), main -
05-22 09:50:20.414 984 23808 I sensors-hal: handle_sns_client_event:44, ambient_light_event: ts=45133183259751, event=353.000000
05-22 09:50:20.414 1290 2203 D LocalDisplayAdapter: surface lcd : 110(0.431), 110(0.431), main +
05-22 09:50:20.414 984 23808 I sensors-hal: handle_sns_client_event:44, ambient_light_event: ts=45133183500637, event=353.000000
05-22 09:50:20.430 1290 2203 D LocalDisplayAdapter: surface lcd : 110(0.431), 110(0.431), main -
05-22 09:50:20.431 1290 2203 D LocalDisplayAdapter: surface lcd : 111(0.436), 111(0.436), main +
05-22 09:50:20.446 1290 2203 D LocalDisplayAdapter: surface lcd : 111(0.436), 111(0.436), main -
05-22 09:50:20.447 1290 2203 D LocalDisplayAdapter: surface lcd : 112(0.439), 112(0.439), main +
05-22 09:50:20.464 1290 2203 D LocalDisplayAdapter: surface lcd : 112(0.439), 112(0.439), main -
05-22 09:50:20.464 1290 2203 D LocalDisplayAdapter: surface lcd : 113(0.444), 113(0.444), main +
05-22 09:50:20.475 1100 27402 I QC2C2DEngine: calcYSize: unsupported or RGB color format, RGBA8888(1)
05-22 09:50:20.481 1290 2203 D LocalDisplayAdapter: surface lcd : 113(0.444), 113(0.444), main -
05-22 09:50:20.481 1290 2203 D LocalDisplayAdapter: surface lcd : 114(0.447), 114(0.447), main +
05-22 09:50:20.492 1290 2203 D LocalDisplayAdapter: surface lcd : 114(0.447), 114(0.447), main -
05-22 09:50:20.492 1290 2203 D LocalDisplayAdapter: surface lcd : 115(0.449), 115(0.449), main +
05-22 09:50:20.503 1290 2203 D LocalDisplayAdapter: surface lcd : 115(0.449), 115(0.449), main -
05-22 09:50:20.503 1290 2203 D LocalDisplayAdapter: surface lcd : 115(0.452), 115(0.452), main +
05-22 09:50:20.514 1290 2203 D LocalDisplayAdapter: surface lcd : 115(0.452), 115(0.452), main -
05-22 09:50:20.514 1290 2203 D LocalDisplayAdapter: surface lcd : 116(0.455), 116(0.455), main +
05-22 09:50:20.514 984 23808 I sensors-hal: handle_sns_client_event:44, ambient_light_event: ts=45133283262095, event=353.000000
05-22 09:50:20.514 984 23808 I sensors-hal: handle_sns_client_event:44, ambient_light_event: ts=45133283500897, event=353.000000
05-22 09:50:20.525 1290 2203 D LocalDisplayAdapter: surface lcd : 116(0.455), 116(0.455), main -
05-22 09:50:20.525 1290 2203 D LocalDisplayAdapter: surface lcd : 117(0.457), 117(0.457), main +
05-22 09:50:20.535 1290 2203 D LocalDisplayAdapter: surface lcd : 117(0.457), 117(0.457), main -
05-22 09:50:20.536 1290 2203 D LocalDisplayAdapter: surface lcd : 117(0.460), 117(0.460), main +
05-22 09:50:20.547 1290 2203 D LocalDisplayAdapter: surface lcd : 117(0.460), 117(0.460), main -
05-22 09:50:20.548 1290 2203 D LocalDisplayAdapter: surface lcd : 118(0.462), 118(0.462), main +
05-22 09:50:20.558 1290 2203 D LocalDisplayAdapter: surface lcd : 118(0.462), 118(0.462), main -
05-22 09:50:20.558 1290 2203 D LocalDisplayAdapter: surface lcd : 119(0.465), 119(0.465), main +
05-22 09:50:20.572 1100 27402 I QC2C2DEngine: calcYSize: unsupported or RGB color format, RGBA8888(1)
05-22 09:50:20.581 1290 2203 D LocalDisplayAdapter: surface lcd : 119(0.465), 119(0.465), main -
05-22 09:50:20.581 1290 2203 D LocalDisplayAdapter: surface lcd : 120(0.470), 120(0.470), main +
05-22 09:50:20.597 1290 2203 D LocalDisplayAdapter: surface lcd : 120(0.470), 120(0.470), main -
05-22 09:50:20.598 1290 2203 D LocalDisplayAdapter: surface lcd : 121(0.475), 121(0.475), main +
05-22 09:50:20.609 1290 2203 D LocalDisplayAdapter: surface lcd : 121(0.475), 121(0.475), main -
05-22 09:50:20.609 1290 2203 D LocalDisplayAdapter: surface lcd : 122(0.478), 122(0.478), main +
05-22 09:50:20.614 984 23808 I sensors-hal: handle_sns_client_event:44, ambient_light_event: ts=45133383262876, event=353.000000
05-22 09:50:20.614 984 23808 I sensors-hal: handle_sns_client_event:44, ambient_light_event: ts=45133383499595, event=353.000000
05-22 09:50:20.620 1290 2203 D LocalDisplayAdapter: surface lcd : 122(0.478), 122(0.478), main -
05-22 09:50:20.620 1290 2203 D LocalDisplayAdapter: surface lcd : 123(0.481), 123(0.481), main +
05-22 09:50:20.631 1290 2203 D LocalDisplayAdapter: surface lcd : 123(0.481), 123(0.481), main -
05-22 09:50:20.631 1290 2203 D LocalDisplayAdapter: surface lcd : 123(0.483), 123(0.483), main +
05-22 09:50:20.643 1290 2203 D LocalDisplayAdapter: surface lcd : 123(0.483), 123(0.483), main -
05-22 09:50:20.644 1290 2203 D LocalDisplayAdapter: surface lcd : 124(0.486), 124(0.486), main +
05-22 09:50:20.653 1290 2203 D LocalDisplayAdapter: surface lcd : 124(0.486), 124(0.486), main -
05-22 09:50:20.654 1290 2203 D LocalDisplayAdapter: surface lcd : 125(0.489), 125(0.489), main +
05-22 09:50:20.664 1290 2203 D LocalDisplayAdapter: surface lcd : 125(0.489), 125(0.489), main -
05-22 09:50:20.665 1290 2203 D LocalDisplayAdapter: surface lcd : 125(0.491), 125(0.491), main +
05-22 09:50:20.674 1100 27402 I QC2C2DEngine: calcYSize: unsupported or RGB color format, RGBA8888(1)
05-22 09:50:20.675 1290 2203 D LocalDisplayAdapter: surface lcd : 125(0.491), 125(0.491), main -
05-22 09:50:20.675 1290 2203 D LocalDisplayAdapter: surface lcd : 126(0.494), 126(0.494), main +
05-22 09:50:20.687 1290 2203 D LocalDisplayAdapter: surface lcd : 126(0.494), 126(0.494), main -
05-22 09:50:20.688 1290 2203 D LocalDisplayAdapter: surface lcd : 127(0.498), 127(0.498), main +
05-22 09:50:20.698 1290 2203 D LocalDisplayAdapter: surface lcd : 127(0.498), 127(0.498), main -
05-22 09:50:20.699 1290 2203 D LocalDisplayAdapter: surface lcd : 128(0.500), 128(0.500), main +
05-22 09:50:20.709 1290 2203 D LocalDisplayAdapter: surface lcd : 128(0.500), 128(0.500), main -
05-22 09:50:20.710 1290 2203 D LocalDisplayAdapter: surface lcd : 128(0.503), 128(0.503), main +
05-22 09:50:20.714 984 23808 I sensors-hal: handle_sns_client_event:44, ambient_light_event: ts=45133483261053, event=353.000000
05-22 09:50:20.714 984 23808 I sensors-hal: handle_sns_client_event:44, ambient_light_event: ts=45133483499595, event=353.000000
05-22 09:50:20.720 1290 2203 D LocalDisplayAdapter: surface lcd : 128(0.503), 128(0.503), main -
05-22 09:50:20.722 1290 2203 D LocalDisplayAdapter: surface lcd : 129(0.506), 129(0.506), main +
05-22 09:50:20.731 1290 2203 D LocalDisplayAdapter: surface lcd : 129(0.506), 129(0.506), main -
05-22 09:50:20.733 1290 2203 D LocalDisplayAdapter: surface lcd : 130(0.508), 130(0.508), main +
05-22 09:50:20.744 1290 2203 D LocalDisplayAdapter: surface lcd : 130(0.508), 130(0.508), main -
05-22 09:50:20.745 1290 1752 D DisplayPowerController2[0]: animateScreenStateChange: target=ON, mIsEnabled=true
05-22 09:50:20.745 1290 2203 D LocalDisplayAdapter: surface lcd : 130(0.510), 130(0.510), main +
05-22 09:50:20.753 1290 2203 D LocalDisplayAdapter: surface lcd : 130(0.510), 130(0.510), main -
05-22 09:50:20.763 1100 27402 I QC2C2DEngine: calcYSize: unsupported or RGB color format, RGBA8888(1)
05-22 09:50:20.814 984 23808 I sensors-hal: handle_sns_client_event:44, ambient_light_event: ts=45133583261834, event=353.000000
05-22 09:50:20.815 984 23808 I sensors-hal: handle_sns_client_event:44, ambient_light_event: ts=45133583499855, event=353.000000
05-22 09:50:20.901 1100 27402 I QC2C2DEngine: calcYSize: unsupported or RGB color format, RGBA8888(1)
05-22 09:50:20.914 984 23808 I sensors-hal: handle_sns_client_event:44, ambient_light_event: ts=45133683260012, event=353.000000
05-22 09:50:20.915 984 23808 I sensors-hal: handle_sns_client_event:44, ambient_light_event: ts=45133683500376, event=353.000000
05-22 09:50:20.945 1290 1752 D DisplayManagerService: handleBrightnessAnimation: started=false
05-22 09:50:20.954 1290 4437 D SemWifiUsabilityStatsMonitor: onWifiUsabilityStats - seqNum 316, isSameBssidAndFreq true
05-22 09:50:20.954 1290 2165 I SemWifiLinkQualityMonitor: Unreliable statistics: 0 / 0 / 0 / 0 || QoS: 0.00 ms / 0.00 Mbps (N) / 0 (0)
05-22 09:50:20.955 1290 1752 I RefreshRateTokenController: Removing refreshRateToken={ RefreshRateToken[->RefreshRateMinLimitToken:BrightnessAnim, acquire at 10194207 (709 ms ago)}, caller=com.android.server.display.mode.RefreshRateTokenController$$ExternalSyntheticLambda0.accept:0 com.android.server.display.mode.RefreshRateToken.remove:68 com.android.server.display.mode.RefreshRateToken.release:58 com.android.server.display.DisplayManagerService.handleBrightnessAnimation:4298 com.android.server.display.DisplayManagerService.$r8$lambda$2RyRH5E_uYHZSVYe8ZPcVOWl3Ig:0
05-22 09:50:20.980 1100 27402 I QC2C2DEngine: calcYSize: unsupported or RGB color format, RGBA8888(1)
05-22 09:50:21.014 984 23808 I sensors-hal: handle_sns_client_event:44, ambient_light_event: ts=45133783261053, event=353.000000
05-22 09:50:21.015 984 23808 I sensors-hal: handle_sns_client_event:44, ambient_light_event: ts=45133783500116, event=353.000000
05-22 09:50:21.072 1100 27402 I QC2C2DEngine: calcYSize: unsupported or RGB color format, RGBA8888(1)
05-22 09:50:21.113 2233 2233 I wpa_supplicant: Heartbeat 1051
05-22 09:50:21.115 984 23808 I sensors-hal: handle_sns_client_event:44, ambient_light_event: ts=45133883263657, event=353.000000
05-22 09:50:21.115 984 23808 I sensors-hal: handle_sns_client_event:44, ambient_light_event: ts=45133883500116, event=353.000000
05-22 09:50:21.195 1100 27402 I QC2C2DEngine: calcYSize: unsupported or RGB color format, RGBA8888(1)
05-22 09:50:21.214 984 23808 I sensors-hal: handle_sns_client_event:44, ambient_light_event: ts=45133983264178, event=353.000000
05-22 09:50:21.215 984 23808 I sensors-hal: handle_sns_client_event:44, ambient_light_event: ts=45133983500897, event=353.000000
05-22 09:50:21.258 619 619 D io_stats: !@ 8,0 r 569276 18989516 w 77261 2273820 d 15491 44503080 f 0 0 iot 282340 0 th 0 0 0 pt 0 inp 0 0 10195.221
05-22 09:50:21.259 619 619 D io_stats: !@ Read_top(KB): loop10(733) 328 ndroid.systemui(2254) 300 system_server(1290) 292
05-22 09:50:21.259 619 619 D io_stats: !@ Write_top(KB): kworker/u16:1(24956) 908 init(1) 72 system_server(1290) 28
05-22 09:50:21.268 1100 27402 I QC2C2DEngine: calcYSize: unsupported or RGB color format, RGBA8888(1)
05-22 09:50:21.314 984 23808 I sensors-hal: handle_sns_client_event:44, ambient_light_event: ts=45134083262616, event=354.000000
05-22 09:50:21.315 984 23808 I sensors-hal: handle_sns_client_event:44, ambient_light_event: ts=45134083500637, event=354.000000
05-22 09:50:21.388 1100 27402 I QC2C2DEngine: calcYSize: unsupported or RGB color format, RGBA8888(1)
05-22 09:50:21.414 984 23808 I sensors-hal: handle_sns_client_event:44, ambient_light_event: ts=45134183254699, event=353.000000
05-22 09:50:21.415 984 23808 I sensors-hal: handle_sns_client_event:44, ambient_light_event: ts=45134183500272, event=353.000000
05-22 09:50:21.490 1100 27402 I QC2C2DEngine: calcYSize: unsupported or RGB color format, RGBA8888(1)
05-22 09:50:21.514 984 23808 I sensors-hal: handle_sns_client_event:44, ambient_light_event: ts=45134283251887, event=353.000000
05-22 09:50:21.515 984 23808 I sensors-hal: handle_sns_client_event:44, ambient_light_event: ts=45134283501105, event=353.000000
05-22 09:50:21.529 1100 27429 D BufferPoolAccessor2.0: bufferpool2 0xee437f18 : 5(7843840 size) total buffers - 4(6275072 size) used buffers - 683/689 (recycle/alloc) - 6/684 (fetch/transfer)
05-22 09:50:21.579 1100 27402 I QC2C2DEngine: calcYSize: unsupported or RGB color format, RGBA8888(1)
05-22 09:50:21.614 984 23808 I sensors-hal: handle_sns_client_event:44, ambient_light_event: ts=45134383499907, event=353.000000
05-22 09:50:21.634 1290 3718 D CustomizedBinderCallsStatsInternal: reportCpuUsage() : 3%
05-22 09:50:21.634 1290 1703 I BinderCallsStats: Collected cpu time : 0us, collected call count : 0 for 60140 ms
05-22 09:50:21.688 1100 27402 I QC2C2DEngine: calcYSize: unsupported or RGB color format, RGBA8888(1)
05-22 09:50:21.715 984 23808 I sensors-hal: handle_sns_client_event:44, ambient_light_event: ts=45134483501209, event=353.000000
05-22 09:50:21.788 1100 27402 I QC2C2DEngine: calcYSize: unsupported or RGB color format, RGBA8888(1)
05-22 09:50:21.815 984 23808 I sensors-hal: handle_sns_client_event:44, ambient_light_event: ts=45134583500376, event=354.000000
05-22 09:50:21.894 1100 27402 I QC2C2DEngine: calcYSize: unsupported or RGB color format, RGBA8888(1)
05-22 09:50:21.914 984 23808 I sensors-hal: handle_sns_client_event:44, ambient_light_event: ts=45134683501834, event=354.000000
05-22 09:50:21.993 1100 27402 I QC2C2DEngine: calcYSize: unsupported or RGB color format, RGBA8888(1)
05-22 09:50:21.995 15108 15160 I BistoHotwordHelper: (REDACTED) getHotwordActive::active query: %s, watch: %s, devices connected: %s
05-22 09:50:22.012 1290 1686 D BatteryService: Sending ACTION_BATTERY_CHANGED: level:97, status:2, health:2, remain:-1, ac:false, usb:true, wireless:false, pogo:false, misc:0x0, charge_type:0, charger_type:0, voltage:4260, temperature:241, online:4, charging_status:0, cycle_count:0, current_avg:0, ps:false, hvc:false, capacity:280000, current_event:0x0, current_now:-82000, mcc:500000, mcv:5000000, cc:4850000, present:true, scale:100, technology:Li-ion
05-22 09:50:22.015 984 23808 I sensors-hal: handle_sns_client_event:44, ambient_light_event: ts=45134783501574, event=354.000000
05-22 09:50:22.016 1290 2201 I DeviceBatteryInfoService: action: android.intent.action.BATTERY_CHANGED
05-22 09:50:22.017 1290 2201 I DeviceBatteryInfoService: phone battery level: 97
05-22 09:50:22.017 1290 2201 I DeviceBatteryInfoService: phone battery status: 2
05-22 09:50:22.022 1290 2077 D MotionRecognitionService: [SAR] onReceive : ACTION_BATTERY_CHANGED, Plugged: 2
05-22 09:50:22.026 2254 2254 I PowerUI : mBootCompleted = true | mFullyConnected = true
05-22 09:50:22.027 2254 2254 I PowerUI : BATTERY_HEALTH_CHECK extraHealth=2 mBatteryMiscEvent=0
05-22 09:50:22.027 2254 2254 W PowerUI : Plug reason
05-22 09:50:22.027 2254 2254 W PowerUI : Skip charging animation - by plug status
05-22 09:50:22.027 2254 2254 D PowerUI : priorPlugType = 2 mPlugType = 2 priorBatteryStatus = 2 mBatteryStatus = 2
05-22 09:50:22.027 2254 7482 D SecPowerUI.Notification: dismissing low battery warning: level=97
05-22 09:50:22.027 2254 2254 W PowerUI : Plug reason
05-22 09:50:22.027 2254 7482 D SecPowerUI.Notification: updateNotification mWarning=false mPlaySound=false
05-22 09:50:22.027 2254 7482 D SecPowerUI.Notification: SecBatteryStatsSnapshot{batteryLevel=97, currentBatteryMode=0, chargingTime=-1, chargingType=11, batteryHealth=2, automaticTestMode=false, isHiccupState=false}
05-22 09:50:22.027 2254 2254 W PowerUI : Skip charging sound - by plug status
05-22 09:50:22.027 2254 2254 I PowerUI : oldMisalign : false, curMisalign : false
05-22 09:50:22.028 2551 2551 D SemBigDataInfoController: Intent: android.intent.action.BATTERY_CHANGED
05-22 09:50:22.029 2254 7482 D SecPowerUI.Notification: 1. restoreScreenTimeOut - saved_value : :
05-22 09:50:22.029 2254 7482 E SecPowerUI.Notification: no saved value, so we do nothing !!
05-22 09:50:22.031 2254 2254 D SecPowerUI.Notification: showChargingNotice oldChargingType : 11 / currentChargingType : 11, oldChargingTime : -1 / mChargingTime : -1
05-22 09:50:22.031 2254 2254 D SecPowerUI.Notification: showChargingNotice There is no change about charging status, so return!
05-22 09:50:22.031 2254 2254 D PowerUI : Battery swelling mode - priorBatterySwellingMode = 0 mBatterySwellingMode = 0 mBatteryStatus = 2
05-22 09:50:22.031 2254 2254 I PowerUI : mBatteryMiscEvent = 0
05-22 09:50:22.031 21837 21837 I [SCPMV2][SystemMonitorReceiver]: onReceive: android.intent.action.BATTERY_CHANGED
05-22 09:50:22.031 2254 2254 D SamsungBatteryMeterDrawable: onBatteryLevelChanged isSomethingChanged: false
05-22 09:50:22.032 2254 2254 D SamsungBatteryMeterDrawable: onBatteryLevelChanged isSomethingChanged: false
05-22 09:50:22.032 2254 2254 D SamsungBatteryMeterDrawable: onBatteryLevelChanged isSomethingChanged: false
05-22 09:50:22.033 2254 2254 I AODBatteryManager: updateBatteryData: ACTION_BATTERY_CHANGED
05-22 09:50:22.034 2254 2254 I AODBatteryManager: saveBatteryData : AOD BatteryData [mBatteryLevel=97, mBatteryStatus=CHARGING, mBatteryPlugType=USB, mBatteryPlugged=true, mRemainingChargeTime=-1, mBatteryChargingType=1, mBatteryChargerType=NORMAL, mBatteryOnline=USB, mBatterySwellingMode=NONE, mBatteryProtectMode=false]
05-22 09:50:22.034 2254 2254 D KeyguardUpdateMonitor: handleBatteryUpdate
05-22 09:50:22.035 27390 27434 I MPEG4Writer: setStartTimestampUs: 10152819160 from Metadata track
05-22 09:50:22.035 27390 27435 I MPEG4Writer: setStartTimestampUs: 10152819160 from Metadata track
05-22 09:50:22.035 27390 27390 D MPEG4Writer: reset()
05-22 09:50:22.035 27390 27390 D MPEG4Writer: Video track stopping. Stop source
05-22 09:50:22.035 27390 27390 D MPEG4Writer: Video track source stopping
05-22 09:50:22.036 27390 27390 D MPEG4Writer: Video track source stopped
05-22 09:50:22.036 27390 27433 V MediaWriter: Track event err/info msg:101, trackId:1, type:1000,val:-1011
05-22 09:50:22.036 27390 27435 V MediaWriter: Track event err/info msg:101, trackId:3, type:1000,val:-1011
05-22 09:50:22.036 27390 27435 W MPEG4Writer: 0-duration samples found: 1
05-22 09:50:22.036 27390 27433 I MPEG4Writer: Received total/0-length (690/0) buffers and encoded 690 frames. - Video
05-22 09:50:22.036 27390 27433 I MPEG4Writer: TrackDuration is 43230609 us
05-22 09:50:22.036 27390 27435 I MPEG4Writer: Received total/0-length (1/0) buffers and encoded 1 frames. - Metadata
05-22 09:50:22.036 27390 27434 V MediaWriter: Track event err/info msg:101, trackId:2, type:1000,val:-1011
05-22 09:50:22.036 27390 27434 W MPEG4Writer: 0-duration samples found: 1
05-22 09:50:22.036 27390 27390 D MPEG4Writer: Video track stopped. Status:0. Stop source
05-22 09:50:22.036 27390 27390 D MPEG4Writer: Metadata track stopping. Stop source
05-22 09:50:22.036 27390 27390 D MPEG4Writer: Metadata track source stopping
05-22 09:50:22.036 27390 27390 D MPEG4Writer: Metadata track source stopped
05-22 09:50:22.036 27390 27434 I MPEG4Writer: Received total/0-length (1/0) buffers and encoded 1 frames. - Metadata
05-22 09:50:22.037 27390 27390 D MPEG4Writer: Metadata track stopped. Status:0. Stop source
05-22 09:50:22.037 27390 27390 D MPEG4Writer: Metadata track stopping. Stop source
05-22 09:50:22.037 27390 27390 D MPEG4Writer: Metadata track source stopping
05-22 09:50:22.037 27390 27390 D MPEG4Writer: Metadata track source stopped
05-22 09:50:22.037 27390 27390 D MPEG4Writer: Metadata track stopped. Status:0. Stop source
05-22 09:50:22.037 27390 27390 I MPEG4Writer: Duration from tracks range is [0, 43230609] us
05-22 09:50:22.037 27390 27431 D MPEG4Writer: 0 chunks are written in the last batch
05-22 09:50:22.039 27390 27390 D MPEG4Writer: WriterThread stopped. Status:0
05-22 09:50:22.041 27390 27390 I MPEG4Writer: Adjust the moov start time from 10152819160 us -> 10152819160 us
05-22 09:50:22.046 27390 27390 I MPEG4Writer: The mp4 file will not be streamable.
05-22 09:50:22.047 27390 27390 I MPEG4Writer: MOOV atom was written to the file
05-22 09:50:22.047 27390 27390 D MPEG4Writer: release()
05-22 09:50:22.047 27390 27390 D MPEG4Writer: ftruncate mPreAllocateFileEndOffset:1900648 mOffset:1895333 mMdatEndOffset:1884684 diff:5315
05-22 09:50:22.048 27390 27390 D MPEG4Writer: MP4WtrCtrlHlpLooper stopped
05-22 09:50:22.048 27390 27390 I MPEG4Writer: Top 5 write durations(microseconds): #1:361 #2:371 #3:602 #4:691 #5:1164
05-22 09:50:22.048 4570 24823 I MtpStorageManager: Got inotify CLOSE_WRITE event for : UVRCVUctMTE5MDYxLXF0NjgwLXMyMTAtYW5kcm9pZDE0LXF0YzEzMDFhdHRhY2hwYXRjaC1zcGVjdHJ1bS5tcDQ=
