05-22 09:50:14.315 1100 27402 I QC2C2DEngine: calcYSize: unsupported or RGB color format, RGBA8888(1)
05-22 09:50:14.345 1100 27402 I QC2C2DEngine: calcYSize: unsupported or RGB color format, RGBA8888(1)
05-22 09:50:14.365 1100 27402 I QC2C2DEngine: calcYSize: unsupported or RGB color format, RGBA8888(1)
05-22 09:50:14.385 1290 1290 I GestureDetector: handleMessage TAP
05-22 09:50:14.385 1100 27402 I QC2C2DEngine: calcYSize: unsupported or RGB color format, RGBA8888(1)
05-22 09:50:14.386 1290 1675 I GestureDetector: handleMessage TAP
05-22 09:50:14.388 27753 27753 I GestureDetector: handleMessage TAP
05-22 09:50:14.406 1180 1180 I Layer : Layer [Sprite#167] hidden!! flag(1)
05-22 09:50:14.409 1100 27402 I QC2C2DEngine: calcYSize: unsupported or RGB color format, RGBA8888(1)
05-22 09:50:14.415 1007 1007 W SDM : HWCDisplay::GetHWCLayer: [0] GetLayer(276) failed: no such layer
05-22 09:50:14.415 984 23808 I sensors-hal: handle_sns_client_event:44, ambient_light_event: ts=45127183261053, event=94.000000
05-22 09:50:14.416 984 23808 I sensors-hal: handle_sns_client_event:44, ambient_light_event: ts=45127183499855, event=94.000000
05-22 09:50:14.418 1180 1180 W HwcComposer: command 0x3000000 generated error 3
05-22 09:50:14.431 1180 1180 D SurfaceFlinger: Display 4630946835308409729 HWC layers:
05-22 09:50:14.431 1180 1180 D SurfaceFlinger: DEVICE | 0xb400007dbaba9fb0 | 0500 | RGBA_8888 | 0.0 0.0 1200.0 1812.0 | 0 36 1200 1848 | SurfaceView[org.qtproject.example.sp[...]id.bindings.QtActivity]@0(BLAST)#669
05-22 09:50:14.431 1180 1180 D SurfaceFlinger: CLIENT | 0xb400007dbaba78c0 | 0100 | RGBA_8888 | 0.0 0.0 1200.0 1920.0 | 0 0 1200 1920 | org.qtproject.example.spectrum/org.q[...]droid.bindings.QtActivity$_27753#656
05-22 09:50:14.431 1180 1180 D SurfaceFlinger: CLIENT | 0xb400007dac357720 | 0100 | RGBA_8888 | 0.0 0.0 1200.0 36.0 | 0 0 1200 36 | StatusBar$_2254#99
05-22 09:50:14.431 1180 1180 D SurfaceFlinger: CLIENT | 0xb400007dac3578e0 | 0100 | RGBA_8888 | 0.0 0.0 67.0 207.0 | 1133 432 1200 639 | com.sec.android.app.launcher/com.sam[...]ce.edge.CocktailBarService$_2507#160
05-22 09:50:14.431 1180 1180 D SurfaceFlinger: CLIENT | 0xb400007dac2d8980 | 0100 | RGBA_8888 | 0.0 0.0 1200.0 72.0 | 0 1848 1200 1920 | TaskbarWindow$_2507#128
05-22 09:50:14.431 1180 1180 D SurfaceFlinger: CLIENT | 0xb400007dac358de0 | 0100 | RGBA_8888 | 0.0 0.0 1200.0 1920.0 | 0 0 1200 1920 | PointerLocation - display 0#57
05-22 09:50:14.431 1180 1180 D SurfaceFlinger:
05-22 09:50:14.434 1100 27402 I QC2C2DEngine: calcYSize: unsupported or RGB color format, RGBA8888(1)
05-22 09:50:14.482 1100 27402 I QC2C2DEngine: calcYSize: unsupported or RGB color format, RGBA8888(1)
05-22 09:50:14.514 984 23808 I sensors-hal: handle_sns_client_event:44, ambient_light_event: ts=45127283264178, event=94.000000
05-22 09:50:14.515 984 23808 I sensors-hal: handle_sns_client_event:44, ambient_light_event: ts=45127283500116, event=94.000000
05-22 09:50:14.588 1100 27402 I QC2C2DEngine: calcYSize: unsupported or RGB color format, RGBA8888(1)
05-22 09:50:14.614 984 23808 I sensors-hal: handle_sns_client_event:44, ambient_light_event: ts=45127383500376, event=94.000000
05-22 09:50:14.694 1100 27402 I QC2C2DEngine: calcYSize: unsupported or RGB color format, RGBA8888(1)
05-22 09:50:14.714 984 23808 I sensors-hal: handle_sns_client_event:44, ambient_light_event: ts=45127483263657, event=94.000000
05-22 09:50:14.715 984 23808 I sensors-hal: handle_sns_client_event:44, ambient_light_event: ts=45127483499074, event=94.000000
05-22 09:50:14.800 1100 27402 I QC2C2DEngine: calcYSize: unsupported or RGB color format, RGBA8888(1)
05-22 09:50:14.814 984 23808 I sensors-hal: handle_sns_client_event:44, ambient_light_event: ts=45127583262616, event=94.000000
05-22 09:50:14.815 984 23808 I sensors-hal: handle_sns_client_event:44, ambient_light_event: ts=45127583501418, event=94.000000
05-22 09:50:14.888 1100 27402 I QC2C2DEngine: calcYSize: unsupported or RGB color format, RGBA8888(1)
05-22 09:50:14.909 1290 4437 D SemWifiUsabilityStatsMonitor: onWifiUsabilityStats - seqNum 314, isSameBssidAndFreq true
05-22 09:50:14.909 1290 2165 I SemWifiLinkQualityMonitor: Unreliable statistics: 0 / 0 / 0 / 0 || QoS: 0.00 ms / 0.00 Mbps (N) / 0 (0)
05-22 09:50:14.914 984 23808 I sensors-hal: handle_sns_client_event:44, ambient_light_event: ts=45127683259230, event=94.000000
05-22 09:50:14.915 984 23808 I sensors-hal: handle_sns_client_event:44, ambient_light_event: ts=45127683500897, event=94.000000
05-22 09:50:14.982 1100 27402 I QC2C2DEngine: calcYSize: unsupported or RGB color format, RGBA8888(1)
05-22 09:50:15.014 984 23808 I sensors-hal: handle_sns_client_event:44, ambient_light_event: ts=45127783261053, event=95.000000
05-22 09:50:15.015 984 23808 I sensors-hal: handle_sns_client_event:44, ambient_light_event: ts=45127783500116, event=95.000000
05-22 09:50:15.072 1290 1965 D InputReader: Btn_touch(9): value=1 when=10189.035110
05-22 09:50:15.073 1290 1965 I InputReader: Touch event's action is 0x0 (id=2, t=0) [pCnt=1, s=0.163 ] when=10189.035110
05-22 09:50:15.074 1290 1964 I InputDispatcher: Delivering touch to (2507): action: 0x4, f=0x0, d=0, '3610cc1', t=1
05-22 09:50:15.075 1290 1964 I InputDispatcher: Delivering touch to (27753): action: 0x0, f=0x0, d=0, '95d9169', t=1
05-22 09:50:15.075 1290 1964 D PowerManagerService: [api] userActivityFromNative : touch displayId=0 eventTime=10189035
05-22 09:50:15.076 27753 27753 I ViewRootImpl@8f2ed9c[QtActivity]: ViewPostIme pointer 0
05-22 09:50:15.078 1290 1675 I GestureDetector: obtain mCurrentDownEvent. id: 804013025 caller: com.android.server.wm.SystemGesturesPointerEventListener.onPointerEvent:204 com.android.server.wm.PointerEventDispatcher.onInputEvent:53 android.view.InputEventReceiver.dispatchInputEvent:296
05-22 09:50:15.078 1290 1675 I GestureDetector: obtain mCurrentDownEvent. id: 804013025 caller: com.android.server.wm.SystemPerformancePointerEventListener.onPointerEvent:89 com.android.server.wm.PointerEventDispatcher.onInputEvent:53 android.view.InputEventReceiver.dispatchInputEvent:296
05-22 09:50:15.079 27753 27753 I GestureDetector: obtain mCurrentDownEvent. id: 804013025 caller: org.qtproject.qt.android.QtWindow.onTouchEvent:74 org.qtproject.qt.android.QtLayout.onTouchEvent:53 android.view.View.dispatchTouchEvent:16212
05-22 09:50:15.084 1100 27402 I QC2C2DEngine: calcYSize: unsupported or RGB color format, RGBA8888(1)
05-22 09:50:15.084 27753 27753 I ImeTracker: org.qtproject.example.spectrum:4ed9c332: onRequestHide at ORIGIN_CLIENT_HIDE_SOFT_INPUT reason HIDE_SOFT_INPUT
05-22 09:50:15.085 27753 27753 I InputMethodManager_LC: hsifw() - flag : 0
05-22 09:50:15.085 27753 27753 I ImeTracker: org.qtproject.example.spectrum:4ed9c332: onFailed at PHASE_CLIENT_VIEW_SERVED
05-22 09:50:15.086 1180 1180 I Layer : Layer [Sprite#167] hidden!! flag(0)
05-22 09:50:15.087 27753 27753 I InputMethodManager_LC: hsifw() ignored windowToken=null servedView=DecorView@c0f4788[QtActivity],focus=false,windowFocus=true,window=android.view.ViewRootImpl$W@8f2ed9c,displayId=0,temporaryDetach=false,hasImeFocus=true mDisplayId=0
05-22 09:50:15.102 1180 1180 D SurfaceFlinger: Display 4630946835308409729 HWC layers:
05-22 09:50:15.102 1180 1180 D SurfaceFlinger: CLIENT | 0xb400007dbaba9f40 | 0500 | RGBA_8888 | 0.0 0.0 1200.0 1812.0 | 0 36 1200 1848 | SurfaceView[org.qtproject.example.sp[...]id.bindings.QtActivity]@0(BLAST)#669
05-22 09:50:15.102 1180 1180 D SurfaceFlinger: CLIENT | 0xb400007dbaba78c0 | 0100 | RGBA_8888 | 0.0 0.0 1200.0 1920.0 | 0 0 1200 1920 | org.qtproject.example.spectrum/org.q[...]droid.bindings.QtActivity$_27753#656
05-22 09:50:15.102 1180 1180 D SurfaceFlinger: CLIENT | 0xb400007dac357720 | 0100 | RGBA_8888 | 0.0 0.0 1200.0 36.0 | 0 0 1200 36 | StatusBar$_2254#99
05-22 09:50:15.102 1180 1180 D SurfaceFlinger: CLIENT | 0xb400007dac3578e0 | 0100 | RGBA_8888 | 0.0 0.0 67.0 207.0 | 1133 432 1200 639 | com.sec.android.app.launcher/com.sam[...]ce.edge.CocktailBarService$_2507#160
05-22 09:50:15.102 1180 1180 D SurfaceFlinger: CLIENT | 0xb400007dac2d8980 | 0100 | RGBA_8888 | 0.0 0.0 1200.0 72.0 | 0 1848 1200 1920 | TaskbarWindow$_2507#128
05-22 09:50:15.102 1180 1180 D SurfaceFlinger: CLIENT | 0xb400007dac358de0 | 0100 | RGBA_8888 | 0.0 0.0 1200.0 1920.0 | 0 0 1200 1920 | PointerLocation - display 0#57
05-22 09:50:15.102 1180 1180 D SurfaceFlinger: CURSOR | 0xb4000
05-22 09:50:15.102 1180 1180 D SurfaceFlinger: 07dac3559d0 | 0100 | RGBA_8888 | 0.0 0.0 36.0 36.0 | 751 869 787 905 | bbq-wrapper#168
05-22 09:50:15.102 1180 1180 D SurfaceFlinger:
05-22 09:50:15.105 1100 27402 I QC2C2DEngine: calcYSize: unsupported or RGB color format, RGBA8888(1)
05-22 09:50:15.114 984 23808 I sensors-hal: handle_sns_client_event:44, ambient_light_event: ts=45127883264647, event=95.000000
05-22 09:50:15.114 984 23808 I sensors-hal: handle_sns_client_event:44, ambient_light_event: ts=45127883500584, event=95.000000
05-22 09:50:15.135 1100 27402 I QC2C2DEngine: calcYSize: unsupported or RGB color format, RGBA8888(1)
05-22 09:50:15.155 1100 27402 I QC2C2DEngine: calcYSize: unsupported or RGB color format, RGBA8888(1)
05-22 09:50:15.170 1100 27402 I QC2C2DEngine: calcYSize: unsupported or RGB color format, RGBA8888(1)
05-22 09:50:15.180 1290 1675 I GestureDetector: obtain mCurrentMotionEventRaw. action: 2 id: 928781649
05-22 09:50:15.180 1290 1675 I GestureDetector: obtain mCurrentMotionEventRaw. action: 2 id: 928781649
05-22 09:50:15.187 27753 27753 I GestureDetector: obtain mCurrentMotionEventRaw. action: 2 id: 928781649
05-22 09:50:15.202 1290 1965 D InputReader: Btn_touch(9): value=0 when=10189.165353
05-22 09:50:15.203 1290 1965 I InputReader: Touch event's action is 0x1 (id=2, t=0) [pCnt=1, s=] when=10189.165353
05-22 09:50:15.203 1290 1964 I InputDispatcher: Delivering touch to (27753): action: 0x1, f=0x0, d=0, '95d9169', t=1
05-22 09:50:15.204 27753 27753 I ViewRootImpl@8f2ed9c[QtActivity]: ViewPostIme pointer 1
05-22 09:50:15.214 984 23808 I sensors-hal: handle_sns_client_event:44, ambient_light_event: ts=45127983264647, event=95.000000
05-22 09:50:15.215 984 23808 I sensors-hal: handle_sns_client_event:44, ambient_light_event: ts=45127983499803, event=95.000000
05-22 09:50:15.233 1100 27402 I QC2C2DEngine: calcYSize: unsupported or RGB color format, RGBA8888(1)
05-22 09:50:15.256 619 619 D io_stats: !@ 8,0 r 569123 18988088 w 77226 2272624 d 15491 44503080 f 0 0 iot 282128 0 th 0 0 0 pt 0 inp 0 0 10189.219
05-22 09:50:15.262 1100 27402 I QC2C2DEngine: calcYSize: unsupported or RGB color format, RGBA8888(1)
05-22 09:50:15.288 1100 27402 I QC2C2DEngine: calcYSize: unsupported or RGB color format, RGBA8888(1)
05-22 09:50:15.310 1100 27402 I QC2C2DEngine: calcYSize: unsupported or RGB color format, RGBA8888(1)
05-22 09:50:15.314 984 23808 I sensors-hal: handle_sns_client_event:44, ambient_light_event: ts=45128083264439, event=95.000000
05-22 09:50:15.315 984 23808 I sensors-hal: handle_sns_client_event:44, ambient_light_event: ts=45128083499855, event=95.000000
05-22 09:50:15.331 1100 27402 I QC2C2DEngine: calcYSize: unsupported or RGB color format, RGBA8888(1)
05-22 09:50:15.353 1100 27402 I QC2C2DEngine: calcYSize: unsupported or RGB color format, RGBA8888(1)
05-22 09:50:15.378 1290 1675 I GestureDetector: handleMessage TAP
05-22 09:50:15.378 27753 27753 I GestureDetector: handleMessage TAP
05-22 09:50:15.379 1290 1290 I GestureDetector: handleMessage TAP
05-22 09:50:15.391 1100 27402 I QC2C2DEngine: calcYSize: unsupported or RGB color format, RGBA8888(1)
05-22 09:50:15.414 984 23808 I sensors-hal: handle_sns_client_event:44, ambient_light_event: ts=45128183256418, event=94.000000
05-22 09:50:15.415 984 23808 I sensors-hal: handle_sns_client_event:44, ambient_light_event: ts=45128183502772, event=94.000000
05-22 09:50:15.419 1100 27402 I QC2C2DEngine: calcYSize: unsupported or RGB color format, RGBA8888(1)
05-22 09:50:15.426 1180 1180 I Layer : Layer [Sprite#167] hidden!! flag(1)
05-22 09:50:15.435 1007 1007 W SDM : HWCDisplay::GetHWCLayer: [0] GetLayer(277) failed: no such layer
05-22 09:50:15.437 1180 1180 W HwcComposer: command 0x3000000 generated error 3
05-22 09:50:15.455 1180 1180 D SurfaceFlinger: Display 4630946835308409729 HWC layers:
05-22 09:50:15.455 1180 1180 D SurfaceFlinger: DEVICE | 0xb400007dbaba9df0 | 0500 | RGBA_8888 | 0.0 0.0 1200.0 1812.0 | 0 36 1200 1848 | SurfaceView[org.qtproject.example.sp[...]id.bindings.QtActivity]@0(BLAST)#669
05-22 09:50:15.455 1180 1180 D SurfaceFlinger: CLIENT | 0xb400007dbaba8c70 | 0100 | RGBA_8888 | 0.0 0.0 1200.0 1920.0 | 0 0 1200 1920 | org.qtproject.example.spectrum/org.q[...]droid.bindings.QtActivity$_27753#656
05-22 09:50:15.455 1180 1180 D SurfaceFlinger: CLIENT | 0xb400007dac357720 | 0100 | RGBA_8888 | 0.0 0.0 1200.0 36.0 | 0 0 1200 36 | StatusBar$_2254#99
05-22 09:50:15.455 1180 1180 D SurfaceFlinger: CLIENT | 0xb400007dac3578e0 | 0100 | RGBA_8888 | 0.0 0.0 67.0 207.0 | 1133 432 1200 639 | com.sec.android.app.launcher/com.sam[...]ce.edge.CocktailBarService$_2507#160
05-22 09:50:15.455 1180 1180 D SurfaceFlinger: CLIENT | 0xb400007dac2d8980 | 0100 | RGBA_8888 | 0.0 0.0 1200.0 72.0 | 0 1848 1200 1920 | TaskbarWindow$_2507#128
05-22 09:50:15.455 1180 1180 D SurfaceFlinger: CLIENT | 0xb400007dac358c90 | 0100 | RGBA_8888 | 0.0 0.0 1200.0 1920.0 | 0 0 1200 1920 | PointerLocation - display 0#57
05-22 09:50:15.455 1180 1180 D SurfaceFlinger:
05-22 09:50:15.458 1100 27402 I QC2C2DEngine: calcYSize: unsupported or RGB color format, RGBA8888(1)
05-22 09:50:15.480 1100 27402 I QC2C2DEngine: calcYSize: unsupported or RGB color format, RGBA8888(1)
05-22 09:50:15.515 984 23808 I sensors-hal: handle_sns_client_event:44, ambient_light_event: ts=45128283501209, event=94.000000
05-22 09:50:15.597 1100 27402 I QC2C2DEngine: calcYSize: unsupported or RGB color format, RGBA8888(1)
05-22 09:50:15.615 984 23808 I sensors-hal: handle_sns_client_event:44, ambient_light_event: ts=45128383501157, event=95.000000
05-22 09:50:15.680 1100 27402 I QC2C2DEngine: calcYSize: unsupported or RGB color format, RGBA8888(1)
05-22 09:50:15.715 984 23808 I sensors-hal: handle_sns_client_event:44, ambient_light_event: ts=45128483499803, event=95.000000
05-22 09:50:15.716 1290 1965 D InputReader: Btn_touch(9): value=1 when=10189.678963
05-22 09:50:15.716 1290 1965 I InputReader: Touch event's action is 0x0 (id=2, t=0) [pCnt=1, s=0.164 ] when=10189.678963
05-22 09:50:15.717 1290 1964 I InputDispatcher: Delivering touch to (2507): action: 0x4, f=0x0, d=0, '3610cc1', t=1
05-22 09:50:15.718 1290 1964 I InputDispatcher: Delivering touch to (27753): action: 0x0, f=0x0, d=0, '95d9169', t=1
05-22 09:50:15.718 1290 1675 I GestureDetector: obtain mCurrentDownEvent. id: 284348542 caller: com.android.server.wm.SystemGesturesPointerEventListener.onPointerEvent:204 com.android.server.wm.PointerEventDispatcher.onInputEvent:53 android.view.InputEventReceiver.dispatchInputEvent:296
05-22 09:50:15.719 1290 1675 I GestureDetector: obtain mCurrentDownEvent. id: 284348542 caller: com.android.server.wm.SystemPerformancePointerEventListener.onPointerEvent:89 com.android.server.wm.PointerEventDispatcher.onInputEvent:53 android.view.InputEventReceiver.dispatchInputEvent:296
05-22 09:50:15.719 27753 27753 I ViewRootImpl@8f2ed9c[QtActivity]: ViewPostIme pointer 0
05-22 09:50:15.722 27753 27753 I GestureDetector: obtain mCurrentDownEvent. id: 284348542 caller: org.qtproject.qt.android.QtWindow.onTouchEvent:74 org.qtproject.qt.android.QtLayout.onTouchEvent:53 android.view.View.dispatchTouchEvent:16212
05-22 09:50:15.725 27753 27753 I ImeTracker: org.qtproject.example.spectrum:c60d4a99: onRequestHide at ORIGIN_CLIENT_HIDE_SOFT_INPUT reason HIDE_SOFT_INPUT
05-22 09:50:15.726 27753 27753 I InputMethodManager_LC: hsifw() - flag : 0
05-22 09:50:15.726 27753 27753 I ImeTracker: org.qtproject.example.spectrum:c60d4a99: onFailed at PHASE_CLIENT_VIEW_SERVED
05-22 09:50:15.726 1180 1180 I Layer : Layer [Sprite#167] hidden!! flag(0)
05-22 09:50:15.727 27753 27753 I InputMethodManager_LC: hsifw() ignored windowToken=null servedView=DecorView@c0f4788[QtActivity],focus=false,windowFocus=true,window=android.view.ViewRootImpl$W@8f2ed9c,displayId=0,temporaryDetach=false,hasImeFocus=true mDisplayId=0
05-22 09:50:15.735 27753 27753 I ImeTracker: org.qtproject.example.spectrum:6fb0f6fe: onRequestHide at ORIGIN_CLIENT_HIDE_SOFT_INPUT reason HIDE_SOFT_INPUT
05-22 09:50:15.735 27753 27753 I InputMethodManager_LC: hsifw() - flag : 0
05-22 09:50:15.736 27753 27753 I ImeTracker: org.qtproject.example.spectrum:6fb0f6fe: onFailed at PHASE_CLIENT_VIEW_SERVED
05-22 09:50:15.737 27753 27753 I InputMethodManager_LC: hsifw() ignored windowToken=null servedView=DecorView@c0f4788[QtActivity],focus=false,windowFocus=true,window=android.view.ViewRootImpl$W@8f2ed9c,displayId=0,temporaryDetach=false,hasImeFocus=true mDisplayId=0
05-22 09:50:15.744 1180 1180 D SurfaceFlinger: Display 4630946835308409729 HWC layers:
05-22 09:50:15.744 1180 1180 D SurfaceFlinger: CLIENT | 0xb400007dbaba9d10 | 0500 | RGBA_8888 | 0.0 0.0 1200.0 1812.0 | 0 36 1200 1848 | SurfaceView[org.qtproject.example.sp[...]id.bindings.QtActivity]@0(BLAST)#669
05-22 09:50:15.744 1180 1180 D SurfaceFlinger: CLIENT | 0xb400007dbaba8c70 | 0100 | RGBA_8888 | 0.0 0.0 1200.0 1920.0 | 0 0 1200 1920 | org.qtproject.example.spectrum/org.q[...]droid.bindings.QtActivity$_27753#656
05-22 09:50:15.744 1180 1180 D SurfaceFlinger: CLIENT | 0xb400007dac357720 | 0100 | RGBA_8888 | 0.0 0.0 1200.0 36.0 | 0 0 1200 36 | StatusBar$_2254#99
05-22 09:50:15.744 1180 1180 D SurfaceFlinger: CLIENT | 0xb400007dac3578e0 | 0100 | RGBA_8888 | 0.0 0.0 67.0 207.0 | 1133 432 1200 639 | com.sec.android.app.launcher/com.sam[...]ce.edge.CocktailBarService$_2507#160
05-22 09:50:15.744 1180 1180 D SurfaceFlinger: CLIENT | 0xb400007dac2d8980 | 0100 | RGBA_8888 | 0.0 0.0 1200.0 72.0 | 0 1848 1200 1920 | TaskbarWindow$_2507#128
05-22 09:50:15.744 1180 1180 D SurfaceFlinger: CLIENT | 0xb400007dac358c90 | 0100 | RGBA_8888 | 0.0 0.0 1200.0 1920.0 | 0 0 1200 1920 | PointerLocation - display 0#57
05-22 09:50:15.744 1180 1180 D SurfaceFlinger: CURSOR | 0xb4000
05-22 09:50:15.744 1180 1180 D SurfaceFlinger: 07dac358b40 | 0100 | RGBA_8888 | 0.0 0.0 36.0 36.0 | 774 873 810 909 | bbq-wrapper#168
05-22 09:50:15.744 1180 1180 D SurfaceFlinger:
05-22 09:50:15.747 1100 27402 I QC2C2DEngine: calcYSize: unsupported or RGB color format, RGBA8888(1)
05-22 09:50:15.763 1100 27402 I QC2C2DEngine: calcYSize: unsupported or RGB color format, RGBA8888(1)
05-22 09:50:15.780 1100 27402 I QC2C2DEngine: calcYSize: unsupported or RGB color format, RGBA8888(1)
05-22 09:50:15.793 1290 1675 I GestureDetector: obtain mCurrentMotionEventRaw. action: 2 id: 964582111
05-22 09:50:15.793 1290 1675 I GestureDetector: obtain mCurrentMotionEventRaw. action: 2 id: 964582111
05-22 09:50:15.795 1100 27402 I QC2C2DEngine: calcYSize: unsupported or RGB color format, RGBA8888(1)
05-22 09:50:15.800 27753 27753 I GestureDetector: obtain mCurrentMotionEventRaw. action: 2 id: 964582111
05-22 09:50:15.814 1290 1965 D InputReader: Btn_touch(9): value=0 when=10189.777405
05-22 09:50:15.814 984 23808 I sensors-hal: handle_sns_client_event:44, ambient_light_event: ts=45128583501262, event=95.000000
05-22 09:50:15.814 1290 1965 I InputReader: Touch event's action is 0x1 (id=2, t=0) [pCnt=1, s=] when=10189.777405
05-22 09:50:15.815 1290 1964 I InputDispatcher: Delivering touch to (27753): action: 0x1, f=0x0, d=0, '95d9169', t=1
05-22 09:50:15.815 27753 27753 I ViewRootImpl@8f2ed9c[QtActivity]: ViewPostIme pointer 1
05-22 09:50:15.825 1100 27402 I QC2C2DEngine: calcYSize: unsupported or RGB color format, RGBA8888(1)
05-22 09:50:15.844 1100 27402 I QC2C2DEngine: calcYSize: unsupported or RGB color format, RGBA8888(1)
05-22 09:50:15.863 1100 27402 I QC2C2DEngine: calcYSize: unsupported or RGB color format, RGBA8888(1)
05-22 09:50:15.865 1290 1686 D BatteryService: Sending ACTION_BATTERY_CHANGED: level:97, status:2, health:2, remain:1422, ac:false, usb:true, wireless:false, pogo:false, misc:0x0, charge_type:0, charger_type:0, voltage:4253, temperature:242, online:4, charging_status:0, cycle_count:0, current_avg:0, ps:false, hvc:false, capacity:280000, current_event:0x0, current_now:51000, mcc:500000, mcv:5000000, cc:4850000, present:true, scale:100, technology:Li-ion
05-22 09:50:15.867 1290 2201 I DeviceBatteryInfoService: action: android.intent.action.BATTERY_CHANGED
05-22 09:50:15.867 1290 2201 I DeviceBatteryInfoService: phone battery level: 97
05-22 09:50:15.867 1290 2201 I DeviceBatteryInfoService: phone battery status: 2
05-22 09:50:15.869 1290 2077 D MotionRecognitionService: [SAR] onReceive : ACTION_BATTERY_CHANGED, Plugged: 2
05-22 09:50:15.870 2254 2254 I PowerUI : mBootCompleted = true | mFullyConnected = true
05-22 09:50:15.870 2254 2254 I PowerUI : BATTERY_HEALTH_CHECK extraHealth=2 mBatteryMiscEvent=0
05-22 09:50:15.870 2254 2254 W PowerUI : Plug reason
05-22 09:50:15.870 2254 2254 W PowerUI : Skip charging animation - by plug status
05-22 09:50:15.870 2254 2254 D PowerUI : priorPlugType = 2 mPlugType = 2 priorBatteryStatus = 2 mBatteryStatus = 2
05-22 09:50:15.870 2254 3597 D SecPowerUI.Notification: dismissing low battery warning: level=97
05-22 09:50:15.871 2254 2254 W PowerUI : Plug reason
05-22 09:50:15.871 2254 2254 W PowerUI : Skip charging sound - by plug status
05-22 09:50:15.871 2254 2254 I PowerUI : oldMisalign : false, curMisalign : false
05-22 09:50:15.871 2254 3597 D SecPowerUI.Notification: updateNotification mWarning=false mPlaySound=false
05-22 09:50:15.871 2254 3597 D SecPowerUI.Notification: SecBatteryStatsSnapshot{batteryLevel=97, currentBatteryMode=0, chargingTime=1422000, chargingType=11, batteryHealth=2, automaticTestMode=false, isHiccupState=false}
05-22 09:50:15.872 2254 3597 D SecPowerUI.Notification: 1. restoreScreenTimeOut - saved_value : :
05-22 09:50:15.872 2254 3597 E SecPowerUI.Notification: no saved value, so we do nothing !!
05-22 09:50:15.872 2551 2551 D SemBigDataInfoController: Intent: android.intent.action.BATTERY_CHANGED
05-22 09:50:15.872 2254 2254 D SecPowerUI.Notification: showChargingNotice oldChargingType : 11 / currentChargingType : 11, oldChargingTime : 1422000 / mChargingTime : 1422000
05-22 09:50:15.872 2254 2254 D SecPowerUI.Notification: showChargingNotice There is no change about charging status, so return!
05-22 09:50:15.872 2254 2254 D PowerUI : Battery swelling mode - priorBatterySwellingMode = 0 mBatterySwellingMode = 0 mBatteryStatus = 2
05-22 09:50:15.872 2254 2254 I PowerUI : mBatteryMiscEvent = 0
05-22 09:50:15.873 2254 2254 D SamsungBatteryMeterDrawable: onBatteryLevelChanged isSomethingChanged: false
05-22 09:50:15.873 2254 2254 D SamsungBatteryMeterDrawable: onBatteryLevelChanged isSomethingChanged: false
05-22 09:50:15.873 2254 2254 D SamsungBatteryMeterDrawable: onBatteryLevelChanged isSomethingChanged: false
05-22 09:50:15.874 2254 2254 I AODBatteryManager: updateBatteryData: ACTION_BATTERY_CHANGED
05-22 09:50:15.875 2254 2254 I AODBatteryManager: saveBatteryData : AOD BatteryData [mBatteryLevel=97, mBatteryStatus=CHARGING, mBatteryPlugType=USB, mBatteryPlugged=true, mRemainingChargeTime=1422000, mBatteryChargingType=1, mBatteryChargerType=NORMAL, mBatteryOnline=USB, mBatterySwellingMode=NONE, mBatteryProtectMode=false]
05-22 09:50:15.875 2254 2254 D KeyguardUpdateMonitor: handleBatteryUpdate
05-22 09:50:15.877 21837 21837 I [SCPMV2][SystemMonitorReceiver]: onReceive: android.intent.action.BATTERY_CHANGED
05-22 09:50:15.893 1100 27402 I QC2C2DEngine: calcYSize: unsupported or RGB color format, RGBA8888(1)
05-22 09:50:15.913 1100 27402 I QC2C2DEngine: calcYSize: unsupported or RGB color format, RGBA8888(1)
05-22 09:50:15.915 984 23808 I sensors-hal: handle_sns_client_event:44, ambient_light_event: ts=45128683255116, event=95.000000
05-22 09:50:15.915 984 23808 I sensors-hal: handle_sns_client_event:44, ambient_light_event: ts=45128683501574, event=95.000000
05-22 09:50:15.935 1100 27402 I QC2C2DEngine: calcYSize: unsupported or RGB color format, RGBA8888(1)
05-22 09:50:15.957 1100 27402 I QC2C2DEngine: calcYSize: unsupported or RGB color format, RGBA8888(1)
05-22 09:50:15.978 1100 27402 I QC2C2DEngine: calcYSize: unsupported or RGB color format, RGBA8888(1)
05-22 09:50:16.001 1100 27402 I QC2C2DEngine: calcYSize: unsupported or RGB color format, RGBA8888(1)
05-22 09:50:16.015 984 23808 I sensors-hal: handle_sns_client_event:44, ambient_light_event: ts=45128783253709, event=95.000000
05-22 09:50:16.015 984 23808 I sensors-hal: handle_sns_client_event:44, ambient_light_event: ts=45128783508657, event=95.000000
05-22 09:50:16.018 1290 1675 I GestureDetector: handleMessage TAP
05-22 09:50:16.019 1290 1290 I GestureDetector: handleMessage TAP
05-22 09:50:16.021 27753 27753 I GestureDetector: handleMessage TAP
05-22 09:50:16.023 1100 27402 I QC2C2DEngine: calcYSize: unsupported or RGB color format, RGBA8888(1)
05-22 09:50:16.042 1180 1180 I Layer : Layer [Sprite#167] hidden!! flag(1)
05-22 09:50:16.044 1100 27402 I QC2C2DEngine: calcYSize: unsupported or RGB color format, RGBA8888(1)
05-22 09:50:16.048 1007 1007 W SDM : HWCDisplay::GetHWCLayer: [0] GetLayer(278) failed: no such layer
05-22 09:50:16.050 1180 1180 W HwcComposer: command 0x3000000 generated error 3
05-22 09:50:16.060 1180 1180 D SurfaceFlinger: Display 4630946835308409729 HWC layers:
05-22 09:50:16.060 1180 1180 D SurfaceFlinger: DEVICE | 0xb400007dbaba9fb0 | 0500 | RGBA_8888 | 0.0 0.0 1200.0 1812.0 | 0 36 1200 1848 | SurfaceView[org.qtproject.example.sp[...]id.bindings.QtActivity]@0(BLAST)#669
05-22 09:50:16.060 1180 1180 D SurfaceFlinger: CLIENT | 0xb400007dbaba78c0 | 0100 | RGBA_8888 | 0.0 0.0 1200.0 1920.0 | 0 0 1200 1920 | org.qtproject.example.spectrum/org.q[...]droid.bindings.QtActivity$_27753#656
05-22 09:50:16.060 1180 1180 D SurfaceFlinger: CLIENT | 0xb400007dac357720 | 0100 | RGBA_8888 | 0.0 0.0 1200.0 36.0 | 0 0 1200 36 | StatusBar$_2254#99
05-22 09:50:16.060 1180 1180 D SurfaceFlinger: CLIENT | 0xb400007dac3578e0 | 0100 | RGBA_8888 | 0.0 0.0 67.0 207.0 | 1133 432 1200 639 | com.sec.android.app.launcher/com.sam[...]ce.edge.CocktailBarService$_2507#160
05-22 09:50:16.060 1180 1180 D SurfaceFlinger: CLIENT | 0xb400007dac2d8980 | 0100 | RGBA_8888 | 0.0 0.0 1200.0 72.0 | 0 1848 1200 1920 | TaskbarWindow$_2507#128
05-22 09:50:16.060 1180 1180 D SurfaceFlinger: CLIENT | 0xb400007dac359010 | 0100 | RGBA_8888 | 0.0 0.0 1200.0 1920.0 | 0 0 1200 1920 | PointerLocation - display 0#57
05-22 09:50:16.060 1180 1180 D SurfaceFlinger:
05-22 09:50:16.063 1100 27402 I QC2C2DEngine: calcYSize: unsupported or RGB color format, RGBA8888(1)
05-22 09:50:16.091 1100 27402 I QC2C2DEngine: calcYSize: unsupported or RGB color format, RGBA8888(1)
05-22 09:50:16.116 984 23808 I sensors-hal: handle_sns_client_event:44, ambient_light_event: ts=45128883257616, event=95.000000
05-22 09:50:16.117 984 23808 I sensors-hal: handle_sns_client_event:44, ambient_light_event: ts=45128883500064, event=95.000000
05-22 09:50:16.162 1100 27402 I QC2C2DEngine: calcYSize: unsupported or RGB color format, RGBA8888(1)
05-22 09:50:16.191 1100 27429 D BufferPoolAccessor2.0: bufferpool2 0xee437f18 : 5(7843840 size) total buffers - 4(6275072 size) used buffers - 607/613 (recycle/alloc) - 6/608 (fetch/transfer)
05-22 09:50:16.215 984 23808 I sensors-hal: handle_sns_client_event:44, ambient_light_event: ts=45128983255584, event=95.000000
05-22 09:50:16.296 1100 27402 I QC2C2DEngine: calcYSize: unsupported or RGB color format, RGBA8888(1)
05-22 09:50:16.315 984 23808 I sensors-hal: handle_sns_client_event:44, ambient_light_event: ts=45129083500897, event=95.000000
05-22 09:50:16.381 1100 27402 I QC2C2DEngine: calcYSize: unsupported or RGB color format, RGBA8888(1)
05-22 09:50:16.415 984 23808 I sensors-hal: handle_sns_client_event:44, ambient_light_event: ts=45129183260532, event=95.000000
05-22 09:50:16.415 984 23808 I sensors-hal: handle_sns_client_event:44, ambient_light_event: ts=45129183500116, event=95.000000
05-22 09:50:16.456 1290 4244 I EDMNativeHelperService: isFaceRecognitionAllowedEvenCameraBlocked
05-22 09:50:16.457 1290 4244 I EDMNativeHelperService: isCameraEnabled
05-22 09:50:16.457 1290 4244 D EDMNativeHelper: isCameraEnabled
05-22 09:50:16.458 1290 4244 D EDMNativeHelper: checking for camera in EnterpriseDeviceManagerService
05-22 09:50:16.458 1290 4244 D EnterpriseDeviceManagerService: isCameraEnabledNative
05-22 09:50:16.458 1290 4244 D EnterpriseDeviceManagerService: checking for camera in restriction policy
05-22 09:50:16.458 1290 4244 D RestrictionPolicy: isCameraEnabled ret(true) userId(0) cxtInfo.mCallerUid(1000) cxtInfo.mContainerId(0)
05-22 09:50:16.483 1100 27402 I QC2C2DEngine: calcYSize: unsupported or RGB color format, RGBA8888(1)
05-22 09:50:16.514 984 23808 I sensors-hal: handle_sns_client_event:44, ambient_light_event: ts=45129283262095, event=95.000000
05-22 09:50:16.515 984 23808 I sensors-hal: handle_sns_client_event:44, ambient_light_event: ts=45129283501418, event=95.000000
05-22 09:50:16.549 1290 1682 E Watchdog: !@Sync: 340 heap: 68 / 83 FD: 973 WaitTime: 0.000 GCcnt: 0 FullGC: 0 [2024-05-22 09:50:16.548]
05-22 09:50:16.582 1100 27402 I QC2C2DEngine: calcYSize: unsupported or RGB color format, RGBA8888(1)
05-22 09:50:16.584 1290 1965 D InputReader: Btn_touch(9): value=1 when=10190.547112
05-22 09:50:16.585 1290 1965 I InputReader: Touch event's action is 0x0 (id=2, t=0) [pCnt=1, s=0.165 ] when=10190.547112
05-22 09:50:16.586 1290 1964 I InputDispatcher: Delivering touch to (2507): action: 0x4, f=0x0, d=0, '3610cc1', t=1
05-22 09:50:16.586 1290 1964 I InputDispatcher: Delivering touch to (27753): action: 0x0, f=0x0, d=0, '95d9169', t=1
05-22 09:50:16.586 1290 1964 D PowerManagerService: [api] userActivityFromNative : touch displayId=0 eventTime=10190547
05-22 09:50:16.587 1290 1675 I GestureDetector: obtain mCurrentDownEvent. id: 7191963 caller: com.android.server.wm.SystemGesturesPointerEventListener.onPointerEvent:204 com.android.server.wm.PointerEventDispatcher.onInputEvent:53 android.view.InputEventReceiver.dispatchInputEvent:296
05-22 09:50:16.587 27753 27753 I ViewRootImpl@8f2ed9c[QtActivity]: ViewPostIme pointer 0
05-22 09:50:16.587 1290 1675 I GestureDetector: obtain mCurrentDownEvent. id: 7191963 caller: com.android.server.wm.SystemPerformancePointerEventListener.onPointerEvent:89 com.android.server.wm.PointerEventDispatcher.onInputEvent:53 android.view.InputEventReceiver.dispatchInputEvent:296
05-22 09:50:16.591 27753 27753 I GestureDetector: obtain mCurrentDownEvent. id: 7191963 caller: org.qtproject.qt.android.QtWindow.onTouchEvent:74 org.qtproject.qt.android.QtLayout.onTouchEvent:53 android.view.View.dispatchTouchEvent:16212
05-22 09:50:16.595 1290 1675 I GestureDetector: obtain mCurrentMotionEventRaw. action: 2 id: 457639505
05-22 09:50:16.595 1290 1675 I GestureDetector: obtain mCurrentMotionEventRaw. action: 2 id: 457639505
05-22 09:50:16.595 1180 1180 I Layer : Layer [Sprite#167] hidden!! flag(0)
05-22 09:50:16.601 27753 27753 I GestureDetector: obtain mCurrentMotionEventRaw. action: 2 id: 457639505
05-22 09:50:16.612 1180 1180 D SurfaceFlinger: Display 4630946835308409729 HWC layers:
05-22 09:50:16.612 1180 1180 D SurfaceFlinger: CLIENT | 0xb400007dbaba9df0 | 0500 | RGBA_8888 | 0.0 0.0 1200.0 1812.0 | 0 36 1200 1848 | SurfaceView[org.qtproject.example.sp[...]id.bindings.QtActivity]@0(BLAST)#669
05-22 09:50:16.612 1180 1180 D SurfaceFlinger: CLIENT | 0xb400007dbaba78c0 | 0100 | RGBA_8888 | 0.0 0.0 1200.0 1920.0 | 0 0 1200 1920 | org.qtproject.example.spectrum/org.q[...]droid.bindings.QtActivity$_27753#656
05-22 09:50:16.612 1180 1180 D SurfaceFlinger: CLIENT | 0xb400007dac357720 | 0100 | RGBA_8888 | 0.0 0.0 1200.0 36.0 | 0 0 1200 36 | StatusBar$_2254#99
05-22 09:50:16.612 1180 1180 D SurfaceFlinger: CLIENT | 0xb400007dac3578e0 | 0100 | RGBA_8888 | 0.0 0.0 67.0 207.0 | 1133 432 1200 639 | com.sec.android.app.launcher/com.sam[...]ce.edge.CocktailBarService$_2507#160
05-22 09:50:16.612 1180 1180 D SurfaceFlinger: CLIENT | 0xb400007dac2d8980 | 0100 | RGBA_8888 | 0.0 0.0 1200.0 72.0 | 0 1848 1200 1920 | TaskbarWindow$_2507#128
05-22 09:50:16.612 1180 1180 D SurfaceFlinger: CLIENT | 0xb400007dac359010 | 0100 | RGBA_8888 | 0.0 0.0 1200.0 1920.0 | 0 0 1200 1920 | PointerLocation - display 0#57
05-22 09:50:16.612 1180 1180 D SurfaceFlinger: CURSOR | 0xb4000
05-22 09:50:16.612 1180 1180 D SurfaceFlinger: 07dac3559d0 | 0100 | RGBA_8888 | 0.0 0.0 36.0 36.0 | 653 849 689 885 | bbq-wrapper#168
05-22 09:50:16.612 1180 1180 D SurfaceFlinger:
05-22 09:50:16.615 984 23808 I sensors-hal: handle_sns_client_event:44, ambient_light_event: ts=45129383500064, event=95.000000
05-22 09:50:16.616 1100 27402 I QC2C2DEngine: calcYSize: unsupported or RGB color format, RGBA8888(1)
05-22 09:50:16.634 1100 27402 I QC2C2DEngine: calcYSize: unsupported or RGB color format, RGBA8888(1)
05-22 09:50:16.655 1100 27402 I QC2C2DEngine: calcYSize: unsupported or RGB color format, RGBA8888(1)
05-22 09:50:16.682 1100 27402 I QC2C2DEngine: calcYSize: unsupported or RGB color format, RGBA8888(1)
05-22 09:50:16.683 1290 1965 D InputReader: Btn_touch(9): value=0 when=10190.646346
05-22 09:50:16.684 1290 1965 I InputReader: Touch event's action is 0x1 (id=2, t=0) [pCnt=1, s=] when=10190.646346
05-22 09:50:16.684 1290 1964 I InputDispatcher: Delivering touch to (27753): action: 0x1, f=0x0, d=0, '95d9169', t=1
05-22 09:50:16.684 27753 27753 I ViewRootImpl@8f2ed9c[QtActivity]: ViewPostIme pointer 1
05-22 09:50:16.688 27753 27753 I ImeTracker: org.qtproject.example.spectrum:ec25dbe2: onRequestHide at ORIGIN_CLIENT_HIDE_SOFT_INPUT reason HIDE_SOFT_INPUT
05-22 09:50:16.688 27753 27753 I InputMethodManager_LC: hsifw() - flag : 0
05-22 09:50:16.688 27753 27753 I ImeTracker: org.qtproject.example.spectrum:ec25dbe2: onFailed at PHASE_CLIENT_VIEW_SERVED
05-22 09:50:16.689 27753 27753 I InputMethodManager_LC: hsifw() ignored windowToken=null servedView=DecorView@c0f4788[QtActivity],focus=false,windowFocus=true,window=android.view.ViewRootImpl$W@8f2ed9c,displayId=0,temporaryDetach=false,hasImeFocus=true mDisplayId=0
05-22 09:50:16.699 1100 27402 I QC2C2DEngine: calcYSize: unsupported or RGB color format, RGBA8888(1)
05-22 09:50:16.714 984 23808 I sensors-hal: handle_sns_client_event:44, ambient_light_event: ts=45129483262095, event=95.000000
05-22 09:50:16.715 984 23808 I sensors-hal: handle_sns_client_event:44, ambient_light_event: ts=45129483499595, event=95.000000
05-22 09:50:16.727 1100 27402 I QC2C2DEngine: calcYSize: unsupported or RGB color format, RGBA8888(1)
05-22 09:50:16.750 1100 27402 I QC2C2DEngine: calcYSize: unsupported or RGB color format, RGBA8888(1)
05-22 09:50:16.769 1100 27402 I QC2C2DEngine: calcYSize: unsupported or RGB color format, RGBA8888(1)
05-22 09:50:16.789 1100 27402 I QC2C2DEngine: calcYSize: unsupported or RGB color format, RGBA8888(1)
05-22 09:50:16.815 984 23808 I sensors-hal: handle_sns_client_event:44, ambient_light_event: ts=45129583261314, event=95.000000
05-22 09:50:16.815 984 23808 I sensors-hal: handle_sns_client_event:44, ambient_light_event: ts=45129583500376, event=95.000000
05-22 09:50:16.825 1100 27402 I QC2C2DEngine: calcYSize: unsupported or RGB color format, RGBA8888(1)
05-22 09:50:16.850 1100 27402 I QC2C2DEngine: calcYSize: unsupported or RGB color format, RGBA8888(1)
05-22 09:50:16.867 1100 27402 I QC2C2DEngine: calcYSize: unsupported or RGB color format, RGBA8888(1)
05-22 09:50:16.887 1290 1675 I GestureDetector: handleMessage TAP
05-22 09:50:16.887 1290 1290 I GestureDetector: handleMessage TAP
05-22 09:50:16.891 27753 27753 I GestureDetector: handleMessage TAP
05-22 09:50:16.901 1100 27402 I QC2C2DEngine: calcYSize: unsupported or RGB color format, RGBA8888(1)
05-22 09:50:16.907 1180 1180 I Layer : Layer [Sprite#167] hidden!! flag(1)
05-22 09:50:16.915 984 23808 I sensors-hal: handle_sns_client_event:44, ambient_light_event: ts=45129683261574, event=95.000000
05-22 09:50:16.915 984 23808 I sensors-hal: handle_sns_client_event:44, ambient_light_event: ts=45129683501418, event=95.000000
05-22 09:50:16.933 1180 1180 D SurfaceFlinger: Display 4630946835308409729 HWC layers:
05-22 09:50:16.933 1180 1180 D SurfaceFlinger: CLIENT | 0xb400007dbaba9d10 | 0500 | RGBA_8888 | 0.0 0.0 1200.0 1812.0 | 0 36 1200 1848 | SurfaceView[org.qtproject.example.sp[...]id.bindings.QtActivity]@0(BLAST)#669
05-22 09:50:16.933 1180 1180 D SurfaceFlinger: CLIENT | 0xb400007dbaba8dc0 | 0100 | RGBA_8888 | 0.0 0.0 1200.0 1920.0 | 0 0 1200 1920 | org.qtproject.example.spectrum/org.q[...]droid.bindings.QtActivity$_27753#656
05-22 09:50:16.933 1180 1180 D SurfaceFlinger: CLIENT | 0xb400007dac357720 | 0100 | RGBA_8888 | 0.0 0.0 1200.0 36.0 | 0 0 1200 36 | StatusBar$_2254#99
05-22 09:50:16.933 1180 1180 D SurfaceFlinger: CLIENT | 0xb400007dac3578e0 | 0100 | RGBA_8888 | 0.0 0.0 67.0 207.0 | 1133 432 1200 639 | com.sec.android.app.launcher/com.sam[...]ce.edge.CocktailBarService$_2507#160
05-22 09:50:16.933 1180 1180 D SurfaceFlinger: CLIENT | 0xb400007dac2d8980 | 0100 | RGBA_8888 | 0.0 0.0 1200.0 72.0 | 0 1848 1200 1920 | TaskbarWindow$_2507#128
05-22 09:50:16.933 1180 1180 D SurfaceFlinger: CLIENT | 0xb400007dac358de0 | 0100 | RGBA_8888 | 0.0 0.0 1200.0 1920.0 | 0 0 1200 1920 | PointerLocation - display 0#57
05-22 09:50:16.933 1180 1180 D SurfaceFlinger:
05-22 09:50:16.936 1100 27402 I QC2C2DEngine: calcYSize: unsupported or RGB color format, RGBA8888(1)
05-22 09:50:16.984 1100 27402 I QC2C2DEngine: calcYSize: unsupported or RGB color format, RGBA8888(1)
05-22 09:50:17.014 984 23808 I sensors-hal: handle_sns_client_event:44, ambient_light_event: ts=45129783263657, event=95.000000
05-22 09:50:17.089 1100 27402 I QC2C2DEngine: calcYSize: unsupported or RGB color format, RGBA8888(1)
05-22 09:50:17.114 984 23808 I sensors-hal: handle_sns_client_event:44, ambient_light_event: ts=45129883252980, event=95.000000
05-22 09:50:17.115 984 23808 I sensors-hal: handle_sns_client_event:44, ambient_light_event: ts=45129883500116, event=95.000000
05-22 09:50:17.141 1290 1965 D InputReader: Btn_touch(9): value=1 when=10191.103600
05-22 09:50:17.142 1290 1965 I InputReader: Touch event's action is 0x0 (id=2, t=0) [pCnt=1, s=0.166 ] when=10191.103600
05-22 09:50:17.143 1290 1964 I InputDispatcher: Delivering touch to (2507): action: 0x4, f=0x0, d=0, '3610cc1', t=1
05-22 09:50:17.143 1290 1964 I InputDispatcher: Delivering touch to (27753): action: 0x0, f=0x0, d=0, '95d9169', t=1
05-22 09:50:17.146 1290 1675 I GestureDetector: obtain mCurrentDownEvent. id: 399686428 caller: com.android.server.wm.SystemGesturesPointerEventListener.onPointerEvent:204 com.android.server.wm.PointerEventDispatcher.onInputEvent:53 android.view.InputEventReceiver.dispatchInputEvent:296
05-22 09:50:17.147 1290 1675 I GestureDetector: obtain mCurrentDownEvent. id: 399686428 caller: com.android.server.wm.SystemPerformancePointerEventListener.onPointerEvent:89 com.android.server.wm.PointerEventDispatcher.onInputEvent:53 android.view.InputEventReceiver.dispatchInputEvent:296
05-22 09:50:17.147 27753 27753 I ViewRootImpl@8f2ed9c[QtActivity]: ViewPostIme pointer 0
05-22 09:50:17.151 27753 27753 I GestureDetector: obtain mCurrentDownEvent. id: 399686428 caller: org.qtproject.qt.android.QtWindow.onTouchEvent:74 org.qtproject.qt.android.QtLayout.onTouchEvent:53 android.view.View.dispatchTouchEvent:16212
05-22 09:50:17.151 1290 1675 I GestureDetector: obtain mCurrentMotionEventRaw. action: 2 id: 656328795
05-22 09:50:17.151 1290 1675 I GestureDetector: obtain mCurrentMotionEventRaw. action: 2 id: 656328795
05-22 09:50:17.152 1180 1180 I Layer : Layer [Sprite#167] hidden!! flag(0)
05-22 09:50:17.154 27753 27753 I ImeTracker: org.qtproject.example.spectrum:88327a41: onRequestHide at ORIGIN_CLIENT_HIDE_SOFT_INPUT reason HIDE_SOFT_INPUT
05-22 09:50:17.154 27753 27753 I InputMethodManager_LC: hsifw() - flag : 0
05-22 09:50:17.155 27753 27753 I ImeTracker: org.qtproject.example.spectrum:88327a41: onFailed at PHASE_CLIENT_VIEW_SERVED
05-22 09:50:17.156 27753 27753 I InputMethodManager_LC: hsifw() ignored windowToken=null servedView=DecorView@c0f4788[QtActivity],focus=false,windowFocus=true,window=android.view.ViewRootImpl$W@8f2ed9c,displayId=0,temporaryDetach=false,hasImeFocus=true mDisplayId=0
05-22 09:50:17.160 27753 27753 I GestureDetector: obtain mCurrentMotionEventRaw. action: 2 id: 656328795
05-22 09:50:17.170 1180 1180 D SurfaceFlinger: Display 4630946835308409729 HWC layers:
05-22 09:50:17.170 1180 1180 D SurfaceFlinger: CLIENT | 0xb400007dbaba9fb0 | 0500 | RGBA_8888 | 0.0 0.0 1200.0 1812.0 | 0 36 1200 1848 | SurfaceView[org.qtproject.example.sp[...]id.bindings.QtActivity]@0(BLAST)#669
05-22 09:50:17.170 1180 1180 D SurfaceFlinger: CLIENT | 0xb400007dbaba8dc0 | 0100 | RGBA_8888 | 0.0 0.0 1200.0 1920.0 | 0 0 1200 1920 | org.qtproject.example.spectrum/org.q[...]droid.bindings.QtActivity$_27753#656
05-22 09:50:17.170 1180 1180 D SurfaceFlinger: CLIENT | 0xb400007dac357720 | 0100 | RGBA_8888 | 0.0 0.0 1200.0 36.0 | 0 0 1200 36 | StatusBar$_2254#99
05-22 09:50:17.170 1180 1180 D SurfaceFlinger: CLIENT | 0xb400007dac3578e0 | 0100 | RGBA_8888 | 0.0 0.0 67.0 207.0 | 1133 432 1200 639 | com.sec.android.app.launcher/com.sam[...]ce.edge.CocktailBarService$_2507#160
05-22 09:50:17.170 1180 1180 D SurfaceFlinger: CLIENT | 0xb400007dac2d8980 | 0100 | RGBA_8888 | 0.0 0.0 1200.0 72.0 | 0 1848 1200 1920 | TaskbarWindow$_2507#128
05-22 09:50:17.170 1180 1180 D SurfaceFlinger: CLIENT | 0xb400007dac358de0 | 0100 | RGBA_8888 | 0.0 0.0 1200.0 1920.0 | 0 0 1200 1920 | PointerLocation - display 0#57
05-22 09:50:17.170 1180 1180 D SurfaceFlinger: CLIENT | 0xb4000
05-22 09:50:17.170 1180 1180 D SurfaceFlinger: 07dac358b40 | 0100 | RGBA_8888 | 0.0 0.0 36.0 36.0 | 745 921 781 957 | bbq-wrapper#168
05-22 09:50:17.170 1180 1180 D SurfaceFlinger:
05-22 09:50:17.173 1100 27402 I QC2C2DEngine: calcYSize: unsupported or RGB color format, RGBA8888(1)
05-22 09:50:17.194 1100 27402 I QC2C2DEngine: calcYSize: unsupported or RGB color format, RGBA8888(1)
05-22 09:50:17.212 1100 27402 I QC2C2DEngine: calcYSize: unsupported or RGB color format, RGBA8888(1)
05-22 09:50:17.214 984 23808 I sensors-hal: handle_sns_client_event:44, ambient_light_event: ts=45129983260532, event=95.000000
05-22 09:50:17.229 1290 1965 D InputReader: Btn_touch(9): value=0 when=10191.191875
05-22 09:50:17.229 1290 1965 I InputReader: Touch event's action is 0x1 (id=2, t=0) [pCnt=1, s=] when=10191.191875
05-22 09:50:17.229 1290 1964 I InputDispatcher: Delivering touch to (27753): action: 0x1, f=0x0, d=0, '95d9169', t=1
05-22 09:50:17.230 27753 27753 I ViewRootImpl@8f2ed9c[QtActivity]: ViewPostIme pointer 1
05-22 09:50:17.240 1100 27402 I QC2C2DEngine: calcYSize: unsupported or RGB color format, RGBA8888(1)
05-22 09:50:17.241 27753 27753 I ImeTracker: org.qtproject.example.spectrum:9ad4a1df: onRequestHide at ORIGIN_CLIENT_HIDE_SOFT_INPUT reason HIDE_SOFT_INPUT
05-22 09:50:17.241 27753 27753 I InputMethodManager_LC: hsifw() - flag : 0
05-22 09:50:17.241 27753 27753 I ImeTracker: org.qtproject.example.spectrum:9ad4a1df: onFailed at PHASE_CLIENT_VIEW_SERVED
05-22 09:50:17.242 27753 27753 I InputMethodManager_LC: hsifw() ignored windowToken=null servedView=DecorView@c0f4788[QtActivity],focus=false,windowFocus=true,window=android.view.ViewRootImpl$W@8f2ed9c,displayId=0,temporaryDetach=false,hasImeFocus=true mDisplayId=0
05-22 09:50:17.257 619 619 D io_stats: !@ Write_top(KB): init(1) 96 system_server(1290) 28 kworker/u16:2(19238) 4
05-22 09:50:17.267 1100 27402 I QC2C2DEngine: calcYSize: unsupported or RGB color format, RGBA8888(1)
05-22 09:50:17.286 1100 27402 I QC2C2DEngine: calcYSize: unsupported or RGB color format, RGBA8888(1)
05-22 09:50:17.314 984 23808 I sensors-hal: handle_sns_client_event:44, ambient_light_event: ts=45130083259751, event=95.000000
05-22 09:50:17.315 984 23808 I sensors-hal: handle_sns_client_event:44, ambient_light_event: ts=45130083499595, event=95.000000
05-22 09:50:17.316 1100 27402 I QC2C2DEngine: calcYSize: unsupported or RGB color format, RGBA8888(1)
05-22 09:50:17.347 1100 27402 I QC2C2DEngine: calcYSize: unsupported or RGB color format, RGBA8888(1)
05-22 09:50:17.369 1100 27402 I QC2C2DEngine: calcYSize: unsupported or RGB color format, RGBA8888(1)
05-22 09:50:17.399 1100 27402 I QC2C2DEngine: calcYSize: unsupported or RGB color format, RGBA8888(1)
05-22 09:50:17.414 984 23808 I sensors-hal: handle_sns_client_event:44, ambient_light_event: ts=45130183258970, event=95.000000
05-22 09:50:17.415 984 23808 I sensors-hal: handle_sns_client_event:44, ambient_light_event: ts=45130183499855, event=95.000000
05-22 09:50:17.428 1100 27402 I QC2C2DEngine: calcYSize: unsupported or RGB color format, RGBA8888(1)
05-22 09:50:17.444 1290 1675 I GestureDetector: handleMessage TAP
05-22 09:50:17.447 1290 1290 I GestureDetector: handleMessage TAP
05-22 09:50:17.450 27753 27753 I GestureDetector: handleMessage TAP
05-22 09:50:17.451 1180 1180 I Layer : Layer [Sprite#167] hidden!! flag(1)
05-22 09:50:17.454 1100 27402 I QC2C2DEngine: calcYSize: unsupported or RGB color format, RGBA8888(1)
05-22 09:50:17.458 1007 1007 W SDM : HWCDisplay::GetHWCLayer: [0] GetLayer(280) failed: no such layer
05-22 09:50:17.461 1180 1180 W HwcComposer: command 0x3000000 generated error 3
05-22 09:50:17.475 1180 1180 D SurfaceFlinger: Display 4630946835308409729 HWC layers:
05-22 09:50:17.475 1180 1180 D SurfaceFlinger: DEVICE | 0xb400007dbaba9d10 | 0500 | RGBA_8888 | 0.0 0.0 1200.0 1812.0 | 0 36 1200 1848 | SurfaceView[org.qtproject.example.sp[...]id.bindings.QtActivity]@0(BLAST)#669
05-22 09:50:17.475 1180 1180 D SurfaceFlinger: CLIENT | 0xb400007dbaba8c70 | 0100 | RGBA_8888 | 0.0 0.0 1200.0 1920.0 | 0 0 1200 1920 | org.qtproject.example.spectrum/org.q[...]droid.bindings.QtActivity$_27753#656
05-22 09:50:17.475 1180 1180 D SurfaceFlinger: CLIENT | 0xb400007dac357720 | 0100 | RGBA_8888 | 0.0 0.0 1200.0 36.0 | 0 0 1200 36 | StatusBar$_2254#99
05-22 09:50:17.475 1180 1180 D SurfaceFlinger: CLIENT | 0xb400007dac3578e0 | 0100 | RGBA_8888 | 0.0 0.0 67.0 207.0 | 1133 432 1200 639 | com.sec.android.app.launcher/com.sam[...]ce.edge.CocktailBarService$_2507#160
05-22 09:50:17.475 1180 1180 D SurfaceFlinger: CLIENT | 0xb400007dac2d8980 | 0100 | RGBA_8888 | 0.0 0.0 1200.0 72.0 | 0 1848 1200 1920 | TaskbarWindow$_2507#128
05-22 09:50:17.475 1180 1180 D SurfaceFlinger: CLIENT | 0xb400007dac359010 | 0100 | RGBA_8888 | 0.0 0.0 1200.0 1920.0 | 0 0 1200 1920 | PointerLocation - display 0#57
05-22 09:50:17.475 1180 1180 D SurfaceFlinger:
05-22 09:50:17.478 1100 27402 I QC2C2DEngine: calcYSize: unsupported or RGB color format, RGBA8888(1)
05-22 09:50:17.515 984 23808 I sensors-hal: handle_sns_client_event:44, ambient_light_event: ts=45130283500376, event=95.000000
05-22 09:50:17.587 1100 27402 I QC2C2DEngine: calcYSize: unsupported or RGB color format, RGBA8888(1)
05-22 09:50:17.614 984 23808 I sensors-hal: handle_sns_client_event:44, ambient_light_event: ts=45130383263657, event=95.000000
05-22 09:50:17.615 984 23808 I sensors-hal: handle_sns_client_event:44, ambient_light_event: ts=45130383500637, event=95.000000
05-22 09:50:17.690 1100 27402 I QC2C2DEngine: calcYSize: unsupported or RGB color format, RGBA8888(1)
05-22 09:50:17.714 984 23808 I sensors-hal: handle_sns_client_event:44, ambient_light_event: ts=45130483262095, event=95.000000
05-22 09:50:17.715 984 23808 I sensors-hal: handle_sns_client_event:44, ambient_light_event: ts=45130483499855, event=95.000000
05-22 09:50:17.797 1100 27402 I QC2C2DEngine: calcYSize: unsupported or RGB color format, RGBA8888(1)
05-22 09:50:17.814 984 23808 I sensors-hal: handle_sns_client_event:44, ambient_light_event: ts=45130583262824, event=95.000000
05-22 09:50:17.815 984 23808 I sensors-hal: handle_sns_client_event:44, ambient_light_event: ts=45130583501105, event=95.000000
05-22 09:50:17.895 1100 27402 I QC2C2DEngine: calcYSize: unsupported or RGB color format, RGBA8888(1)
05-22 09:50:17.915 984 23808 I sensors-hal: handle_sns_client_event:44, ambient_light_event: ts=45130683262095, event=357.000000
05-22 09:50:17.915 984 23808 I sensors-hal: handle_sns_client_event:44, ambient_light_event: ts=45130683500376, event=357.000000
05-22 09:50:17.926 1290 4437 D SemWifiUsabilityStatsMonitor: onWifiUsabilityStats - seqNum 315, isSameBssidAndFreq true
05-22 09:50:17.926 1290 2165 I SemWifiLinkQualityMonitor: Unreliable statistics: 0 / 0 / 0 / 0 || QoS: 0.00 ms / 0.00 Mbps (N) / 0 (0)
05-22 09:50:17.990 1100 27402 I QC2C2DEngine: calcYSize: unsupported or RGB color format, RGBA8888(1)
05-22 09:50:18.014 984 23808 I sensors-hal: handle_sns_client_event:44, ambient_light_event: ts=45130783258918, event=356.000000
05-22 09:50:18.015 984 23808 I sensors-hal: handle_sns_client_event:44, ambient_light_event: ts=45130783499543, event=356.000000
05-22 09:50:18.098 1100 27402 I QC2C2DEngine: calcYSize: unsupported or RGB color format, RGBA8888(1)
05-22 09:50:18.114 984 23808 I sensors-hal: handle_sns_client_event:44, ambient_light_event: ts=45130883262616, event=355.000000
05-22 09:50:18.115 984 23808 I sensors-hal: handle_sns_client_event:44, ambient_light_event: ts=45130883499855, event=355.000000
05-22 09:50:18.152 1290 1925 D SensorService: [SO] -0.143 0.350 9.748
05-22 09:50:18.178 1100 27402 I QC2C2DEngine: calcYSize: unsupported or RGB color format, RGBA8888(1)
05-22 09:50:18.214 984 23808 I sensors-hal: handle_sns_client_event:44, ambient_light_event: ts=45130983263918, event=354.000000
05-22 09:50:18.215 984 23808 I sensors-hal: handle_sns_client_event:44, ambient_light_event: ts=45130983499855, event=354.000000
05-22 09:50:18.289 1100 27402 I QC2C2DEngine: calcYSize: unsupported or RGB color format, RGBA8888(1)
05-22 09:50:18.314 984 23808 I sensors-hal: handle_sns_client_event:44, ambient_light_event: ts=45131083261782, event=354.000000
05-22 09:50:18.315 984 23808 I sensors-hal: handle_sns_client_event:44, ambient_light_event: ts=45131083499803, event=354.000000
