05-22 09:49:50.383 1290 4244 D RestrictionPolicy: userId: 0, isMicrophoneEnabledAsUser : true
05-22 09:49:50.384 1290 4244 I EDMNativeHelperService: isAudioRecordAllowed
05-22 09:49:50.385 1290 4244 D RestrictionPolicy: userId: 0 isAudioRecordAllowed : true
05-22 09:49:50.385 1154 25592 V APM_AudioPolicyManager: getInputForAttr found device type is 0x80000004
05-22 09:49:50.386 1154 25592 I MultiRecordManager: openMultiRecordAllowed() skipMultiRecord 1, openMultiRecordAllowed 0, moduleName primary, source 1, flag 0x1
05-22 09:49:50.386 1154 25592 I MultiRecordManager: openInputStream() skipMultiRecord
05-22 09:49:50.386 1180 1180 D SurfaceFlinger: Display 4630946835308409729 HWC layers:
05-22 09:49:50.386 1180 1180 D SurfaceFlinger: DEVICE | 0xb400007dbaba78c0 | 0102 | RGBA_8888 | 0.0 0.0 1200.0 1920.0 | 0 0 1200 1920 | org.qtproject.example.spectrum/org.q[...]droid.bindings.QtActivity$_27753#656
05-22 09:49:50.386 1180 1180 D SurfaceFlinger: CLIENT | 0xb400007dbaba7070 | 0100 | RGBA_8888 | 0.0 0.0 1200.0 36.0 | 0 0 1200 36 | StatusBar$_2254#99
05-22 09:49:50.386 1180 1180 D SurfaceFlinger: CLIENT | 0xb400007dac3578e0 | 0100 | RGBA_8888 | 0.0 0.0 67.0 207.0 | 1133 432 1200 639 | com.sec.android.app.launcher/com.sam[...]ce.edge.CocktailBarService$_2507#160
05-22 09:49:50.386 1180 1180 D SurfaceFlinger: CLIENT | 0xb400007dac355490 | 0100 | RGBA_8888 | 0.0 0.0 1200.0 72.0 | 0 1848 1200 1920 | TaskbarWindow$_2507#128
05-22 09:49:50.386 1180 1180 D SurfaceFlinger: CLIENT | 0xb400007dac354b60 | 0100 | RGBA_8888 | 0.0 0.0 1200.0 1920.0 | 0 0 1200 1920 | PointerLocation - display 0#57
05-22 09:49:50.386 1180 1180 D SurfaceFlinger:
05-22 09:49:50.386 954 2612 D audio_hw_primary: adev_open_input_stream: enter: sample_rate(8000) channel_mask(0xc) devices(0x80000004) stream_handle(0xf4ac2180) io_handle(494) source(1) format 1
05-22 09:49:50.386 954 2612 W audio_hw_utils: audio_extn_utils_update_stream_input_app_type_cfg: App type could not be selected. Falling back to default
05-22 09:49:50.388 1100 27402 I QC2C2DEngine: calcYSize: unsupported or RGB color format, RGBA8888(1)
05-22 09:49:50.388 1154 27924 I AudioFlinger: AudioFlinger's thread 0xb400007b3bc55940 tid=27924 ready to run
05-22 09:49:50.388 954 1064 D audio_hw_primary: in_standby: enter: stream (0xf4ac2180) usecase(23: audio-record)
05-22 09:49:50.388 1154 25592 V APM_AudioPolicyManager: getInputForAttr() returns input 494 type 0 selectedDeviceId 9 for port ID 137
05-22 09:49:50.389 1180 1180 I Layer : id=616 Destroyed b0c0205 Splash Screen org.qtproject.example.spectrum#616
05-22 09:49:50.389 1180 1180 I Layer : id=500 Destroyed com.sec.android.app.launcher/com.sec.android.app.launcher.activities.LauncherActivity$_2507#500
05-22 09:49:50.390 954 1064 D audio_hw_primary: in_standby: enter: stream (0xf4ac2180) usecase(23: audio-record)
05-22 09:49:50.392 2254 2254 D SamsungStatusBarGrayIconHelper: isGrayAppearance=false
05-22 09:49:50.393 2254 2254 D TaskbarDelegate: onSystemBarAttributesChanged() - displayId:0, appearance:16 (APPEARANCE_LIGHT_NAVIGATION_BARS ), navbarColorManagedByIme: false, packageName: org.qtproject.example.spectrum
05-22 09:49:50.393 2254 2254 D SamsungLightBarControlHelper: updateNavigationBar (BLACK button) isLightOpaque:false, hasLightNavigationBarFlag:true, packageName:org.qtproject.example.spectrum, DirectReplying:false, NavBarColorMangedByIme:false, ForceDarkForScrim:false, QsCustomizing:false, PanelHasWhiteBg:true
05-22 09:49:50.394 2507 2546 I HoneySpace.TaskbarEventTracker: invokeEvent() called with: event = OnSystemBarAttributesChanged(displayId=0, behavior=1)
05-22 09:49:50.394 2507 2546 I HoneySpace.TaskbarEventTracker: invokeEvent() called with: event = HandleNavigationBarEvent(eventData=NavBarEvents(eventType=ON_APPEARANCE_CHANGED, iconType=null, remoteViewBundle=null, iconBitmapBundle=null, orderDefault=true, position=0, rotationLocked=false, transientShowing=false, appearance=16, pluginBundle=null, hiddenByKnox=false, insetsBundle=null))
05-22 09:49:50.394 2507 2546 I HoneySpace.TaskbarEventTracker: invokeEvent() called with: event = NavButtonsDarkIntensityChanged(darkIntensity=0.01602161)
05-22 09:49:50.395 2507 2546 I HoneySpace.TaskbarEventTracker: invokeEvent() called with: event = NavButtonsDarkIntensityChanged(darkIntensity=0.01602161)
05-22 09:49:50.397 1154 25592 W AudioFlinger: createRecordTrack_l(): mismatch between requested flags (00000005) and input flags (00000001)
05-22 09:49:50.397 1154 25592 V APM_AudioPolicyManager: releaseInput portId 137
05-22 09:49:50.397 1154 25592 V APM_AudioPolicyManager: releaseInput 494
05-22 09:49:50.397 1154 25592 V APM_AudioPolicyManager: closeInput(494)
05-22 09:49:50.399 1154 25592 I MultiRecordManager: closeInputStream() skipMultiRecord
05-22 09:49:50.399 954 1064 D audio_hw_primary: adev_close_input_stream: enter:stream_handle(0xf4ac2180)
05-22 09:49:50.399 954 1064 D audio_hw_primary: in_standby: enter: stream (0xf4ac2180) usecase(23: audio-record)
05-22 09:49:50.400 1154 25592 V APM_AudioPolicyManager: releaseInput exit
05-22 09:49:50.406 1154 25592 V APM_AudioPolicyManager: getInputForAttr() source 0, sampling rate 8000, format 0x3, channel mask 0x80000004, session 433, flags 0 attributes={ Content type: AUDIO_CONTENT_TYPE_UNKNOWN Usage: AUDIO_USAGE_UNKNOWN Source: AUDIO_SOURCE_DEFAULT Flags: 0x0 Tags: } requested device ID 0
05-22 09:49:50.406 1290 2336 I EDMNativeHelperService: isMicrophoneEnabled
05-22 09:49:50.407 1290 2336 D RestrictionPolicy: userId: 0, isMicrophoneEnabledAsUser : true
05-22 09:49:50.407 1290 2336 I EDMNativeHelperService: isAudioRecordAllowed
05-22 09:49:50.408 1290 2336 D RestrictionPolicy: userId: 0 isAudioRecordAllowed : true
05-22 09:49:50.408 1154 25592 V APM_AudioPolicyManager: getInputForAttr found device type is 0x80000004
05-22 09:49:50.408 1154 25592 I MultiRecordManager: openMultiRecordAllowed() skipMultiRecord 1, openMultiRecordAllowed 0, moduleName primary, source 1, flag 0
05-22 09:49:50.408 1154 25592 I MultiRecordManager: openInputStream() skipMultiRecord
05-22 09:49:50.409 954 1064 D audio_hw_primary: adev_open_input_stream: enter: sample_rate(8000) channel_mask(0xc) devices(0x80000004) stream_handle(0xf4ac2180) io_handle(502) source(1) format 1
05-22 09:49:50.411 1154 27926 I AudioFlinger: AudioFlinger's thread 0xb400007b3bc55000 tid=27926 ready to run
05-22 09:49:50.411 954 2612 D audio_hw_primary: in_standby: enter: stream (0xf4ac2180) usecase(23: audio-record)
05-22 09:49:50.412 1154 25592 V APM_AudioPolicyManager: getInputForAttr() returns input 502 type 0 selectedDeviceId 9 for port ID 139
05-22 09:49:50.412 954 2612 D audio_hw_primary: in_standby: enter: stream (0xf4ac2180) usecase(23: audio-record)
05-22 09:49:50.414 1100 27402 I QC2C2DEngine: calcYSize: unsupported or RGB color format, RGBA8888(1)
05-22 09:49:50.414 2507 2507 I HoneySpace.TaskbarPot: HandleNavigationBarEvent: ON_APPEARANCE_CHANGED
05-22 09:49:50.414 2507 2507 I HoneySpace.TaskbarPot: updateAppearance appearance:16
05-22 09:49:50.417 1180 1232 I SurfaceFlinger: id=617 Removed Splash Screen org.qtproject.example.spectrum$_2254#617 (242)
05-22 09:49:50.418 984 23808 I sensors-hal: handle_sns_client_event:44, ambient_light_event: ts=45103183262616, event=94.000000
05-22 09:49:50.418 984 23808 I sensors-hal: handle_sns_client_event:44, ambient_light_event: ts=45103183500637, event=94.000000
05-22 09:49:50.425 2507 2546 I HoneySpace.TaskbarEventTracker: invokeEvent() called with: event = NavButtonsDarkIntensityChanged(darkIntensity=0.6276949)
05-22 09:49:50.430 1180 1180 I Layer : id=617 Destroyed Splash Screen org.qtproject.example.spectrum$_2254#617
05-22 09:49:50.431 1100 27402 I QC2C2DEngine: calcYSize: unsupported or RGB color format, RGBA8888(1)
05-22 09:49:50.434 2507 2546 I HoneySpace.TaskbarEventTracker: invokeEvent() called with: event = NavButtonsDarkIntensityChanged(darkIntensity=0.7324624)
05-22 09:49:50.439 2507 2546 I HoneySpace.TaskbarEventTracker: invokeEvent() called with: event = NavButtonsDarkIntensityChanged(darkIntensity=0.8144456)
05-22 09:49:50.450 2507 2546 I HoneySpace.TaskbarEventTracker: invokeEvent() called with: event = NavButtonsDarkIntensityChanged(darkIntensity=0.88011616)
05-22 09:49:50.452 1100 27402 I QC2C2DEngine: calcYSize: unsupported or RGB color format, RGBA8888(1)
05-22 09:49:50.461 2507 2546 I HoneySpace.TaskbarEventTracker: invokeEvent() called with: event = NavButtonsDarkIntensityChanged(darkIntensity=0.927386)
05-22 09:49:50.468 1100 27402 I QC2C2DEngine: calcYSize: unsupported or RGB color format, RGBA8888(1)
05-22 09:49:50.473 2507 2546 I HoneySpace.TaskbarEventTracker: invokeEvent() called with: event = NavButtonsDarkIntensityChanged(darkIntensity=0.9617927)
05-22 09:49:50.484 2507 2546 I HoneySpace.TaskbarEventTracker: invokeEvent() called with: event = NavButtonsDarkIntensityChanged(darkIntensity=0.98589975)
05-22 09:49:50.495 2507 2546 I HoneySpace.TaskbarEventTracker: invokeEvent() called with: event = NavButtonsDarkIntensityChanged(darkIntensity=0.99743116)
05-22 09:49:50.496 1100 27402 I QC2C2DEngine: calcYSize: unsupported or RGB color format, RGBA8888(1)
05-22 09:49:50.501 1290 2113 D MdnieScenarioControlService: packageName : org.qtproject.example.spectrum className : org.qtproject.qt.android.bindings.QtActivity
05-22 09:49:50.504 1290 2113 V MdnieScenarioControlService: setUIMode from UI function(3)
05-22 09:49:50.506 2507 2546 I HoneySpace.TaskbarEventTracker: invokeEvent() called with: event = NavButtonsDarkIntensityChanged(darkIntensity=1.0)
05-22 09:49:50.512 1100 27402 I QC2C2DEngine: calcYSize: unsupported or RGB color format, RGBA8888(1)
05-22 09:49:50.514 984 23808 I sensors-hal: handle_sns_client_event:44, ambient_light_event: ts=45103283260012, event=94.000000
05-22 09:49:50.514 984 23808 I sensors-hal: handle_sns_client_event:44, ambient_light_event: ts=45103283499855, event=94.000000
05-22 09:49:50.542 1100 27402 I QC2C2DEngine: calcYSize: unsupported or RGB color format, RGBA8888(1)
05-22 09:49:50.558 1100 27402 I QC2C2DEngine: calcYSize: unsupported or RGB color format, RGBA8888(1)
05-22 09:49:50.585 1100 27402 I QC2C2DEngine: calcYSize: unsupported or RGB color format, RGBA8888(1)
05-22 09:49:50.602 1100 27402 I QC2C2DEngine: calcYSize: unsupported or RGB color format, RGBA8888(1)
05-22 09:49:50.605 1290 2113 V MdnieScenarioControlService: mAclOffEnabled : false mAclPreviewState : false mAclCompensationState : false
05-22 09:49:50.614 984 23808 I sensors-hal: handle_sns_client_event:44, ambient_light_event: ts=45103383260480, event=94.000000
05-22 09:49:50.615 984 23808 I sensors-hal: handle_sns_client_event:44, ambient_light_event: ts=45103383500584, event=94.000000
05-22 09:49:50.628 1100 27402 I QC2C2DEngine: calcYSize: unsupported or RGB color format, RGBA8888(1)
05-22 09:49:50.714 984 23808 I sensors-hal: handle_sns_client_event:44, ambient_light_event: ts=45103483258970, event=94.000000
05-22 09:49:50.715 984 23808 I sensors-hal: handle_sns_client_event:44, ambient_light_event: ts=45103483500116, event=94.000000
05-22 09:49:50.735 1290 4437 D SemWifiUsabilityStatsMonitor: onWifiUsabilityStats - seqNum 306, isSameBssidAndFreq true
05-22 09:49:50.736 1290 2165 I SemWifiLinkQualityMonitor: Link stat: 190 / 14 / 1.00 (5) / 96 / -39.0 || 100.0 : 96.00 / RT QoS: false (false) || QoS: 0.16 ms / 49.67 Mbps (N) / 0 (0)
05-22 09:49:50.814 984 23808 I sensors-hal: handle_sns_client_event:44, ambient_light_event: ts=45103583258189, event=94.000000
05-22 09:49:50.814 984 23808 I sensors-hal: handle_sns_client_event:44, ambient_light_event: ts=45103583499334, event=94.000000
05-22 09:49:50.836 1180 1283 W ComposerExtn: DisplayExtnImpl::SetActiveConfig: HWC Display 0 is not registered!
05-22 09:49:50.869 24024 24024 I InputMethodService: removeImeSurface
05-22 09:49:50.870 24024 24024 I InputMethodService: cancelImeSurfaceRemoval: removeCallbacks
05-22 09:49:50.914 984 23808 I sensors-hal: handle_sns_client_event:44, ambient_light_event: ts=45103683257668, event=94.000000
05-22 09:49:50.915 984 23808 I sensors-hal: handle_sns_client_event:44, ambient_light_event: ts=45103683499855, event=94.000000
05-22 09:49:50.967 1290 1925 D SensorService: [SO] -0.133 0.360 9.806
05-22 09:49:51.014 984 23808 I sensors-hal: handle_sns_client_event:44, ambient_light_event: ts=45103783260272, event=94.000000
05-22 09:49:51.015 984 23808 I sensors-hal: handle_sns_client_event:44, ambient_light_event: ts=45103783499595, event=94.000000
05-22 09:49:51.090 2233 2233 I wpa_supplicant: Heartbeat 1048
05-22 09:49:51.114 984 23808 I sensors-hal: handle_sns_client_event:44, ambient_light_event: ts=45103883258970, event=94.000000
05-22 09:49:51.115 984 23808 I sensors-hal: handle_sns_client_event:44, ambient_light_event: ts=45103883500116, event=94.000000
05-22 09:49:51.214 984 23808 I sensors-hal: handle_sns_client_event:44, ambient_light_event: ts=45103983262095, event=94.000000
05-22 09:49:51.214 984 23808 I sensors-hal: handle_sns_client_event:44, ambient_light_event: ts=45103983499334, event=94.000000
05-22 09:49:51.246 619 619 D io_stats: !@ 8,0 r 568857 18980628 w 76937 2269056 d 15478 44369720 f 0 0 iot 281580 0 th 0 0 0 pt 0 inp 0 0 10165.209
05-22 09:49:51.293 1290 1686 D BatteryService: Sending ACTION_BATTERY_CHANGED: level:97, status:2, health:2, remain:-1, ac:false, usb:true, wireless:false, pogo:false, misc:0x0, charge_type:0, charger_type:0, voltage:4244, temperature:240, online:4, charging_status:0, cycle_count:0, current_avg:0, ps:false, hvc:false, capacity:280000, current_event:0x0, current_now:-1000, mcc:500000, mcv:5000000, cc:4850000, present:true, scale:100, technology:Li-ion
05-22 09:49:51.295 1290 2201 I DeviceBatteryInfoService: action: android.intent.action.BATTERY_CHANGED
05-22 09:49:51.295 1290 2201 I DeviceBatteryInfoService: phone battery level: 97
05-22 09:49:51.295 1290 2201 I DeviceBatteryInfoService: phone battery status: 2
05-22 09:49:51.297 1290 2077 D MotionRecognitionService: [SAR] onReceive : ACTION_BATTERY_CHANGED, Plugged: 2
05-22 09:49:51.300 2254 2254 I PowerUI : mBootCompleted = true | mFullyConnected = true
05-22 09:49:51.300 2254 2254 I PowerUI : BATTERY_HEALTH_CHECK extraHealth=2 mBatteryMiscEvent=0
05-22 09:49:51.300 2254 2254 W PowerUI : Plug reason
05-22 09:49:51.300 2254 2254 W PowerUI : Skip charging animation - by plug status
05-22 09:49:51.300 2254 2254 D PowerUI : priorPlugType = 2 mPlugType = 2 priorBatteryStatus = 2 mBatteryStatus = 2
05-22 09:49:51.300 2254 2254 W PowerUI : Plug reason
05-22 09:49:51.300 2254 2254 W PowerUI : Skip charging sound - by plug status
05-22 09:49:51.300 2254 3597 D SecPowerUI.Notification: dismissing low battery warning: level=97
05-22 09:49:51.300 2254 2254 I PowerUI : oldMisalign : false, curMisalign : false
05-22 09:49:51.300 2254 3597 D SecPowerUI.Notification: updateNotification mWarning=false mPlaySound=false
05-22 09:49:51.300 2254 3597 D SecPowerUI.Notification: SecBatteryStatsSnapshot{batteryLevel=97, currentBatteryMode=0, chargingTime=-1, chargingType=11, batteryHealth=2, automaticTestMode=false, isHiccupState=false}
05-22 09:49:51.301 2551 2551 D SemBigDataInfoController: Intent: android.intent.action.BATTERY_CHANGED
05-22 09:49:51.302 2254 3597 D SecPowerUI.Notification: 1. restoreScreenTimeOut - saved_value : :
05-22 09:49:51.303 2254 3597 E SecPowerUI.Notification: no saved value, so we do nothing !!
05-22 09:49:51.303 2254 2254 D SecPowerUI.Notification: showChargingNotice oldChargingType : 11 / currentChargingType : 11, oldChargingTime : -1 / mChargingTime : -1
05-22 09:49:51.303 2254 2254 D SecPowerUI.Notification: showChargingNotice There is no change about charging status, so return!
05-22 09:49:51.303 2254 2254 D PowerUI : Battery swelling mode - priorBatterySwellingMode = 0 mBatterySwellingMode = 0 mBatteryStatus = 2
05-22 09:49:51.303 2254 2254 I PowerUI : mBatteryMiscEvent = 0
05-22 09:49:51.303 2254 2254 D SamsungBatteryMeterDrawable: onBatteryLevelChanged isSomethingChanged: false
05-22 09:49:51.304 2254 2254 D SamsungBatteryMeterDrawable: onBatteryLevelChanged isSomethingChanged: false
05-22 09:49:51.304 2254 2254 D SamsungBatteryMeterDrawable: onBatteryLevelChanged isSomethingChanged: false
05-22 09:49:51.304 21837 21837 I [SCPMV2][SystemMonitorReceiver]: onReceive: android.intent.action.BATTERY_CHANGED
05-22 09:49:51.304 2254 2254 I AODBatteryManager: updateBatteryData: ACTION_BATTERY_CHANGED
05-22 09:49:51.306 2254 2254 I AODBatteryManager: saveBatteryData : AOD BatteryData [mBatteryLevel=97, mBatteryStatus=CHARGING, mBatteryPlugType=USB, mBatteryPlugged=true, mRemainingChargeTime=-1, mBatteryChargingType=1, mBatteryChargerType=NORMAL, mBatteryOnline=USB, mBatterySwellingMode=NONE, mBatteryProtectMode=false]
05-22 09:49:51.306 2254 2254 D KeyguardUpdateMonitor: handleBatteryUpdate
05-22 09:49:51.314 984 23808 I sensors-hal: handle_sns_client_event:44, ambient_light_event: ts=45104083258189, event=94.000000
05-22 09:49:51.314 984 23808 I sensors-hal: handle_sns_client_event:44, ambient_light_event: ts=45104083500897, event=94.000000
05-22 09:49:51.414 984 23808 I sensors-hal: handle_sns_client_event:44, ambient_light_event: ts=45104183258970, event=94.000000
05-22 09:49:51.414 984 23808 I sensors-hal: handle_sns_client_event:44, ambient_light_event: ts=45104183499595, event=94.000000
05-22 09:49:51.514 984 23808 I sensors-hal: handle_sns_client_event:44, ambient_light_event: ts=45104283259230, event=94.000000
05-22 09:49:51.514 984 23808 I sensors-hal: handle_sns_client_event:44, ambient_light_event: ts=45104283499595, event=94.000000
05-22 09:49:51.614 984 23808 I sensors-hal: handle_sns_client_event:44, ambient_light_event: ts=45104383259230, event=94.000000
05-22 09:49:51.614 984 23808 I sensors-hal: handle_sns_client_event:44, ambient_light_event: ts=45104383500376, event=94.000000
05-22 09:49:51.714 984 23808 I sensors-hal: handle_sns_client_event:44, ambient_light_event: ts=45104483263137, event=94.000000
05-22 09:49:51.715 984 23808 I sensors-hal: handle_sns_client_event:44, ambient_light_event: ts=45104483500376, event=94.000000
05-22 09:49:51.814 984 23808 I sensors-hal: handle_sns_client_event:44, ambient_light_event: ts=45104583500116, event=94.000000
05-22 09:49:51.914 984 23808 I sensors-hal: handle_sns_client_event:44, ambient_light_event: ts=45104683252616, event=94.000000
05-22 09:49:51.915 984 23808 I sensors-hal: handle_sns_client_event:44, ambient_light_event: ts=45104683500793, event=94.000000
05-22 09:49:51.940 27390 27395 I MediaCodec: setCodecState state(0), called in 6
05-22 09:49:51.942 1290 4244 V ResourceManagerHelper-JNI: JNIMediaResourceHelper::notify eventType : 3, ext1 : 0, ext2 : 0
05-22 09:49:51.942 1290 4244 V ResourceManagerHelper-JNI: notify eventType : 3, ext1 : 0, ext2 : 0
05-22 09:49:51.941 3538 3538 I SemMediaResourceHelper: onState
05-22 09:49:51.942 10684 10704 V ResourceManagerHelper-JNI: JNIMediaResourceHelper::notify eventType : 3, ext1 : 0, ext2 : 0
05-22 09:49:51.942 10684 10704 V ResourceManagerHelper-JNI: notify eventType : 3, ext1 : 0, ext2 : 0
05-22 09:49:51.943 1290 2075 I SemMediaResourceHelper: onState
05-22 09:49:51.943 3538 3538 I SemDvfsHyPerManager: acquire hyper - BaseTABoost/3538@1, type = 1090523139
05-22 09:49:51.943 10684 10732 I SemMediaResourceHelper: onState
05-22 09:49:51.943 10684 10732 I DrmMediaResourceHelper: onStateChanged size = 1
05-22 09:49:51.943 10684 10732 I DrmMediaResourceHelper: resource type: 2,,,isSecured : falseIsEncoder : truegetCodecState : 0getpid : 27390
05-22 09:49:51.943 987 1117 I HYPER-HAL: [RequestManager.cpp]acquire(): Acquired ID : 6264031 [3538 / 1] HINT : list : [TABoost / 1]
05-22 09:49:51.958 1290 4244 D CompatibilityChangeReporter: Compat change id reported: 261072174; UID 1000; state: ENABLED
05-22 09:49:52.014 984 23808 I sensors-hal: handle_sns_client_event:44, ambient_light_event: ts=45104783261209, event=94.000000
05-22 09:49:52.014 984 23808 I sensors-hal: handle_sns_client_event:44, ambient_light_event: ts=45104783500272, event=94.000000
05-22 09:49:52.114 984 23808 I sensors-hal: handle_sns_client_event:44, ambient_light_event: ts=45104883499751, event=94.000000
05-22 09:49:52.215 984 23808 I sensors-hal: handle_sns_client_event:44, ambient_light_event: ts=45104983501574, event=94.000000
05-22 09:49:52.246 1290 4624 D AutoRotationHandler: not support this mode
05-22 09:49:52.315 984 23808 I sensors-hal: handle_sns_client_event:44, ambient_light_event: ts=45105083505480, event=94.000000
05-22 09:49:52.414 984 23808 I sensors-hal: handle_sns_client_event:44, ambient_light_event: ts=45105183503293, event=94.000000
05-22 09:49:52.417 1290 2336 I EDMNativeHelperService: isFaceRecognitionAllowedEvenCameraBlocked
05-22 09:49:52.419 1290 2336 I EDMNativeHelperService: isCameraEnabled
05-22 09:49:52.419 1290 2336 D EDMNativeHelper: isCameraEnabled
05-22 09:49:52.420 1290 2336 D EDMNativeHelper: checking for camera in EnterpriseDeviceManagerService
05-22 09:49:52.420 1290 2336 D EnterpriseDeviceManagerService: isCameraEnabledNative
05-22 09:49:52.420 1290 2336 D EnterpriseDeviceManagerService: checking for camera in restriction policy
05-22 09:49:52.420 1290 2336 D RestrictionPolicy: isCameraEnabled ret(true) userId(0) cxtInfo.mCallerUid(1000) cxtInfo.mContainerId(0)
05-22 09:49:52.515 984 23808 I sensors-hal: handle_sns_client_event:44, ambient_light_event: ts=45105283501522, event=94.000000
05-22 09:49:52.615 984 23808 I sensors-hal: handle_sns_client_event:44, ambient_light_event: ts=45105383252564, event=94.000000
05-22 09:49:52.615 984 23808 I sensors-hal: handle_sns_client_event:44, ambient_light_event: ts=45105383501834, event=94.000000
05-22 09:49:52.715 984 23808 I sensors-hal: handle_sns_client_event:44, ambient_light_event: ts=45105483251366, event=94.000000
05-22 09:49:52.716 984 23808 I sensors-hal: handle_sns_client_event:44, ambient_light_event: ts=45105483500845, event=94.000000
05-22 09:49:52.816 984 23808 I sensors-hal: handle_sns_client_event:44, ambient_light_event: ts=45105583258189, event=94.000000
05-22 09:49:52.817 984 23808 I sensors-hal: handle_sns_client_event:44, ambient_light_event: ts=45105583499334, event=94.000000
05-22 09:49:52.914 984 23808 I sensors-hal: handle_sns_client_event:44, ambient_light_event: ts=45105683500584, event=94.000000
05-22 09:49:53.014 984 23808 I sensors-hal: handle_sns_client_event:44, ambient_light_event: ts=45105783501678, event=94.000000
05-22 09:49:53.067 1154 4282 V APM_AudioPolicyManager: releaseInput portId 139
05-22 09:49:53.067 1154 4282 V APM_AudioPolicyManager: releaseInput 502
05-22 09:49:53.067 1154 4282 V APM_AudioPolicyManager: closeInput(502)
05-22 09:49:53.071 1154 4282 I MultiRecordManager: closeInputStream() skipMultiRecord
05-22 09:49:53.072 1154 4282 V APM_AudioPolicyManager: releaseInput exit
05-22 09:49:53.075 954 2612 D audio_hw_primary: adev_close_input_stream: enter:stream_handle(0xf4ac2180)
05-22 09:49:53.075 954 2612 D audio_hw_primary: in_standby: enter: stream (0xf4ac2180) usecase(23: audio-record)
05-22 09:49:53.076 1154 4282 D audioserver: FGS Logger Transaction failed
05-22 09:49:53.076 1154 4282 D audioserver: -129
05-22 09:49:53.078 1154 25592 V APM_AudioPolicyManager: getInputForAttr() source 0, sampling rate 11025, format 0x3, channel mask 0x80000004, session 441, flags 0x5 attributes={ Content type: AUDIO_CONTENT_TYPE_UNKNOWN Usage: AUDIO_USAGE_UNKNOWN Source: AUDIO_SOURCE_DEFAULT Flags: 0x0 Tags: } requested device ID 0
05-22 09:49:53.079 1290 2009 I EDMNativeHelperService: isMicrophoneEnabled
05-22 09:49:53.080 1290 2009 D RestrictionPolicy: userId: 0, isMicrophoneEnabledAsUser : true
05-22 09:49:53.080 1290 2009 I EDMNativeHelperService: isAudioRecordAllowed
05-22 09:49:53.081 1290 2009 D RestrictionPolicy: userId: 0 isAudioRecordAllowed : true
05-22 09:49:53.081 1154 25592 V APM_AudioPolicyManager: getInputForAttr found device type is 0x80000004
05-22 09:49:53.081 1154 25592 I MultiRecordManager: openMultiRecordAllowed() skipMultiRecord 1, openMultiRecordAllowed 0, moduleName primary, source 1, flag 0x1
05-22 09:49:53.082 1154 25592 I MultiRecordManager: openInputStream() skipMultiRecord
05-22 09:49:53.082 954 2612 D audio_hw_primary: adev_open_input_stream: enter: sample_rate(11025) channel_mask(0xc) devices(0x80000004) stream_handle(0xf4ac2180) io_handle(510) source(1) format 1
05-22 09:49:53.082 954 2612 W audio_hw_utils: audio_extn_utils_update_stream_input_app_type_cfg: App type could not be selected. Falling back to default
05-22 09:49:53.084 1154 27939 I AudioFlinger: AudioFlinger's thread 0xb400007b3bc557c0 tid=27939 ready to run
05-22 09:49:53.084 954 3015 D audio_hw_primary: in_standby: enter: stream (0xf4ac2180) usecase(23: audio-record)
05-22 09:49:53.085 1154 25592 V APM_AudioPolicyManager: getInputForAttr() returns input 510 type 0 selectedDeviceId 9 for port ID 141
05-22 09:49:53.086 954 3015 D audio_hw_primary: in_standby: enter: stream (0xf4ac2180) usecase(23: audio-record)
05-22 09:49:53.088 1154 25592 W AudioFlinger: createRecordTrack_l(): mismatch between requested flags (00000005) and input flags (00000001)
05-22 09:49:53.088 1154 25592 V APM_AudioPolicyManager: releaseInput portId 141
05-22 09:49:53.088 1154 25592 V APM_AudioPolicyManager: releaseInput 510
05-22 09:49:53.088 1154 25592 V APM_AudioPolicyManager: closeInput(510)
05-22 09:49:53.092 1154 25592 I MultiRecordManager: closeInputStream() skipMultiRecord
05-22 09:49:53.092 954 3015 D audio_hw_primary: adev_close_input_stream: enter:stream_handle(0xf4ac2180)
05-22 09:49:53.092 954 3015 D audio_hw_primary: in_standby: enter: stream (0xf4ac2180) usecase(23: audio-record)
05-22 09:49:53.093 1154 25592 V APM_AudioPolicyManager: releaseInput exit
05-22 09:49:53.099 1154 25592 V APM_AudioPolicyManager: getInputForAttr() source 0, sampling rate 11025, format 0x3, channel mask 0x80000004, session 441, flags 0 attributes={ Content type: AUDIO_CONTENT_TYPE_UNKNOWN Usage: AUDIO_USAGE_UNKNOWN Source: AUDIO_SOURCE_DEFAULT Flags: 0x0 Tags: } requested device ID 0
05-22 09:49:53.099 1290 2336 I EDMNativeHelperService: isMicrophoneEnabled
05-22 09:49:53.100 1290 2336 D RestrictionPolicy: userId: 0, isMicrophoneEnabledAsUser : true
05-22 09:49:53.101 1290 2336 I EDMNativeHelperService: isAudioRecordAllowed
05-22 09:49:53.101 1290 2336 D RestrictionPolicy: userId: 0 isAudioRecordAllowed : true
05-22 09:49:53.102 1154 25592 V APM_AudioPolicyManager: getInputForAttr found device type is 0x80000004
05-22 09:49:53.102 1154 25592 I MultiRecordManager: openMultiRecordAllowed() skipMultiRecord 1, openMultiRecordAllowed 0, moduleName primary, source 1, flag 0
05-22 09:49:53.102 1154 25592 I MultiRecordManager: openInputStream() skipMultiRecord
05-22 09:49:53.102 954 3015 D audio_hw_primary: adev_open_input_stream: enter: sample_rate(11025) channel_mask(0xc) devices(0x80000004) stream_handle(0xf4ac2180) io_handle(518) source(1) format 1
05-22 09:49:53.105 1154 27941 I AudioFlinger: AudioFlinger's thread 0xb400007b3bc55d80 tid=27941 ready to run
05-22 09:49:53.105 954 1064 D audio_hw_primary: in_standby: enter: stream (0xf4ac2180) usecase(23: audio-record)
05-22 09:49:53.106 1154 25592 V APM_AudioPolicyManager: getInputForAttr() returns input 518 type 0 selectedDeviceId 9 for port ID 143
05-22 09:49:53.106 954 1064 D audio_hw_primary: in_standby: enter: stream (0xf4ac2180) usecase(23: audio-record)
05-22 09:49:53.114 984 23808 I sensors-hal: handle_sns_client_event:44, ambient_light_event: ts=45105883259751, event=94.000000
05-22 09:49:53.115 984 23808 I sensors-hal: handle_sns_client_event:44, ambient_light_event: ts=45105883499595, event=94.000000
05-22 09:49:53.119 1154 4281 V APM_AudioPolicyManager: releaseInput portId 143
05-22 09:49:53.119 1154 4281 V APM_AudioPolicyManager: releaseInput 518
05-22 09:49:53.119 1154 4281 V APM_AudioPolicyManager: closeInput(518)
05-22 09:49:53.122 1154 4281 I MultiRecordManager: closeInputStream() skipMultiRecord
05-22 09:49:53.123 1154 4281 V APM_AudioPolicyManager: releaseInput exit
05-22 09:49:53.129 954 1064 D audio_hw_primary: adev_close_input_stream: enter:stream_handle(0xf4ac2180)
05-22 09:49:53.129 954 1064 D audio_hw_primary: in_standby: enter: stream (0xf4ac2180) usecase(23: audio-record)
05-22 09:49:53.130 1154 4281 D audioserver: FGS Logger Transaction failed
05-22 09:49:53.130 1154 4281 D audioserver: -129
05-22 09:49:53.176 1154 4281 V APM_AudioPolicyManager: getInputForAttr() source 0, sampling rate 12000, format 0x3, channel mask 0x80000004, session 449, flags 0x5 attributes={ Content type: AUDIO_CONTENT_TYPE_UNKNOWN Usage: AUDIO_USAGE_UNKNOWN Source: AUDIO_SOURCE_DEFAULT Flags: 0x0 Tags: } requested device ID 0
05-22 09:49:53.177 1290 2009 I EDMNativeHelperService: isMicrophoneEnabled
05-22 09:49:53.177 1290 2009 D RestrictionPolicy: userId: 0, isMicrophoneEnabledAsUser : true
05-22 09:49:53.178 1290 2009 I EDMNativeHelperService: isAudioRecordAllowed
05-22 09:49:53.178 1290 2009 D RestrictionPolicy: userId: 0 isAudioRecordAllowed : true
05-22 09:49:53.179 1154 4281 V APM_AudioPolicyManager: getInputForAttr found device type is 0x80000004
05-22 09:49:53.179 1154 4281 I MultiRecordManager: openMultiRecordAllowed() skipMultiRecord 1, openMultiRecordAllowed 0, moduleName primary, source 1, flag 0x1
05-22 09:49:53.179 1154 4281 I MultiRecordManager: openInputStream() skipMultiRecord
05-22 09:49:53.179 954 3015 D audio_hw_primary: adev_open_input_stream: enter: sample_rate(12000) channel_mask(0xc) devices(0x80000004) stream_handle(0xf4ac1f00) io_handle(526) source(1) format 1
05-22 09:49:53.179 954 3015 W audio_hw_utils: audio_extn_utils_update_stream_input_app_type_cfg: App type could not be selected. Falling back to default
05-22 09:49:53.182 1154 27945 I AudioFlinger: AudioFlinger's thread 0xb400007b3d8b7280 tid=27945 ready to run
05-22 09:49:53.183 954 27944 D audio_hw_primary: in_standby: enter: stream (0xf4ac1f00) usecase(23: audio-record)
05-22 09:49:53.183 1154 4281 V APM_AudioPolicyManager: getInputForAttr() returns input 526 type 0 selectedDeviceId 9 for port ID 145
05-22 09:49:53.185 954 27944 D audio_hw_primary: in_standby: enter: stream (0xf4ac1f00) usecase(23: audio-record)
05-22 09:49:53.187 1154 4281 W AudioFlinger: createRecordTrack_l(): mismatch between requested flags (00000005) and input flags (00000001)
05-22 09:49:53.187 1154 4281 V APM_AudioPolicyManager: releaseInput portId 145
05-22 09:49:53.187 1154 4281 V APM_AudioPolicyManager: releaseInput 526
05-22 09:49:53.187 1154 4281 V APM_AudioPolicyManager: closeInput(526)
05-22 09:49:53.191 1154 4281 I MultiRecordManager: closeInputStream() skipMultiRecord
05-22 09:49:53.191 954 954 D audio_hw_primary: adev_close_input_stream: enter:stream_handle(0xf4ac1f00)
05-22 09:49:53.191 954 954 D audio_hw_primary: in_standby: enter: stream (0xf4ac1f00) usecase(23: audio-record)
05-22 09:49:53.193 1154 4281 V APM_AudioPolicyManager: releaseInput exit
05-22 09:49:53.198 1154 4281 V APM_AudioPolicyManager: getInputForAttr() source 0, sampling rate 12000, format 0x3, channel mask 0x80000004, session 449, flags 0 attributes={ Content type: AUDIO_CONTENT_TYPE_UNKNOWN Usage: AUDIO_USAGE_UNKNOWN Source: AUDIO_SOURCE_DEFAULT Flags: 0x0 Tags: } requested device ID 0
05-22 09:49:53.198 1290 4244 I EDMNativeHelperService: isMicrophoneEnabled
05-22 09:49:53.199 1290 4244 D RestrictionPolicy: userId: 0, isMicrophoneEnabledAsUser : true
05-22 09:49:53.200 1290 4244 I EDMNativeHelperService: isAudioRecordAllowed
05-22 09:49:53.201 1290 4244 D RestrictionPolicy: userId: 0 isAudioRecordAllowed : true
05-22 09:49:53.201 1154 4281 V APM_AudioPolicyManager: getInputForAttr found device type is 0x80000004
05-22 09:49:53.201 1154 4281 I MultiRecordManager: openMultiRecordAllowed() skipMultiRecord 1, openMultiRecordAllowed 0, moduleName primary, source 1, flag 0
05-22 09:49:53.201 1154 4281 I MultiRecordManager: openInputStream() skipMultiRecord
05-22 09:49:53.202 954 954 D audio_hw_primary: adev_open_input_stream: enter: sample_rate(12000) channel_mask(0xc) devices(0x80000004) stream_handle(0xf4ac1f00) io_handle(534) source(1) format 1
05-22 09:49:53.203 1154 27947 I AudioFlinger: AudioFlinger's thread 0xb400007b3d8b7b00 tid=27947 ready to run
05-22 09:49:53.203 954 954 D audio_hw_primary: in_standby: enter: stream (0xf4ac1f00) usecase(23: audio-record)
05-22 09:49:53.204 1154 4281 V APM_AudioPolicyManager: getInputForAttr() returns input 534 type 0 selectedDeviceId 9 for port ID 147
05-22 09:49:53.205 954 954 D audio_hw_primary: in_standby: enter: stream (0xf4ac1f00) usecase(23: audio-record)
05-22 09:49:53.212 1154 1906 V APM_AudioPolicyManager: releaseInput portId 147
05-22 09:49:53.212 1154 1906 V APM_AudioPolicyManager: releaseInput 534
05-22 09:49:53.212 1154 1906 V APM_AudioPolicyManager: closeInput(534)
05-22 09:49:53.214 984 23808 I sensors-hal: handle_sns_client_event:44, ambient_light_event: ts=45105983260532, event=94.000000
05-22 09:49:53.214 984 23808 I sensors-hal: handle_sns_client_event:44, ambient_light_event: ts=45105983500376, event=94.000000
05-22 09:49:53.215 1154 1906 I MultiRecordManager: closeInputStream() skipMultiRecord
05-22 09:49:53.216 1154 1906 V APM_AudioPolicyManager: releaseInput exit
05-22 09:49:53.219 954 954 D audio_hw_primary: adev_close_input_stream: enter:stream_handle(0xf4ac1f00)
05-22 09:49:53.219 954 954 D audio_hw_primary: in_standby: enter: stream (0xf4ac1f00) usecase(23: audio-record)
05-22 09:49:53.221 1154 1906 D audioserver: FGS Logger Transaction failed
05-22 09:49:53.221 1154 1906 D audioserver: -129
05-22 09:49:53.224 1154 4281 V APM_AudioPolicyManager: getInputForAttr() source 0, sampling rate 16000, format 0x3, channel mask 0x80000004, session 457, flags 0x5 attributes={ Content type: AUDIO_CONTENT_TYPE_UNKNOWN Usage: AUDIO_USAGE_UNKNOWN Source: AUDIO_SOURCE_DEFAULT Flags: 0x0 Tags: } requested device ID 0
05-22 09:49:53.225 1290 2336 I EDMNativeHelperService: isMicrophoneEnabled
05-22 09:49:53.225 1290 2336 D RestrictionPolicy: userId: 0, isMicrophoneEnabledAsUser : true
05-22 09:49:53.226 1290 2336 I EDMNativeHelperService: isAudioRecordAllowed
05-22 09:49:53.226 1290 2336 D RestrictionPolicy: userId: 0 isAudioRecordAllowed : true
05-22 09:49:53.227 1154 4281 V APM_AudioPolicyManager: getInputForAttr found device type is 0x80000004
05-22 09:49:53.227 1154 4281 I MultiRecordManager: openMultiRecordAllowed() skipMultiRecord 1, openMultiRecordAllowed 0, moduleName primary, source 1, flag 0x1
05-22 09:49:53.227 1154 4281 I MultiRecordManager: openInputStream() skipMultiRecord
05-22 09:49:53.227 954 954 D audio_hw_primary: adev_open_input_stream: enter: sample_rate(16000) channel_mask(0xc) devices(0x80000004) stream_handle(0xf4ac1f00) io_handle(542) source(1) format 1
05-22 09:49:53.227 954 954 W audio_hw_utils: audio_extn_utils_update_stream_input_app_type_cfg: App type could not be selected. Falling back to default
05-22 09:49:53.229 1154 27950 I AudioFlinger: AudioFlinger's thread 0xb400007b3d8b7780 tid=27950 ready to run
05-22 09:49:53.230 954 27944 D audio_hw_primary: in_standby: enter: stream (0xf4ac1f00) usecase(23: audio-record)
05-22 09:49:53.230 1154 4281 V APM_AudioPolicyManager: getInputForAttr() returns input 542 type 0 selectedDeviceId 9 for port ID 149
05-22 09:49:53.231 954 27944 D audio_hw_primary: in_standby: enter: stream (0xf4ac1f00) usecase(23: audio-record)
05-22 09:49:53.233 1154 4281 W AudioFlinger: createRecordTrack_l(): mismatch between requested flags (00000005) and input flags (00000001)
05-22 09:49:53.233 1154 4281 V APM_AudioPolicyManager: releaseInput portId 149
05-22 09:49:53.233 1154 4281 V APM_AudioPolicyManager: releaseInput 542
05-22 09:49:53.233 1154 4281 V APM_AudioPolicyManager: closeInput(542)
05-22 09:49:53.235 1154 4281 I MultiRecordManager: closeInputStream() skipMultiRecord
05-22 09:49:53.235 954 27944 D audio_hw_primary: adev_close_input_stream: enter:stream_handle(0xf4ac1f00)
05-22 09:49:53.235 954 27944 D audio_hw_primary: in_standby: enter: stream (0xf4ac1f00) usecase(23: audio-record)
05-22 09:49:53.236 1154 4281 V APM_AudioPolicyManager: releaseInput exit
05-22 09:49:53.240 1154 4281 V APM_AudioPolicyManager: getInputForAttr() source 0, sampling rate 16000, format 0x3, channel mask 0x80000004, session 457, flags 0 attributes={ Content type: AUDIO_CONTENT_TYPE_UNKNOWN Usage: AUDIO_USAGE_UNKNOWN Source: AUDIO_SOURCE_DEFAULT Flags: 0x0 Tags: } requested device ID 0
05-22 09:49:53.241 1290 4244 I EDMNativeHelperService: isMicrophoneEnabled
05-22 09:49:53.241 1290 4244 D RestrictionPolicy: userId: 0, isMicrophoneEnabledAsUser : true
05-22 09:49:53.242 1290 4244 I EDMNativeHelperService: isAudioRecordAllowed
05-22 09:49:53.242 1290 4244 D RestrictionPolicy: userId: 0 isAudioRecordAllowed : true
05-22 09:49:53.243 1154 4281 V APM_AudioPolicyManager: getInputForAttr found device type is 0x80000004
05-22 09:49:53.243 1154 4281 I MultiRecordManager: openMultiRecordAllowed() skipMultiRecord 1, openMultiRecordAllowed 0, moduleName primary, source 1, flag 0
05-22 09:49:53.243 1154 4281 I MultiRecordManager: openInputStream() skipMultiRecord
05-22 09:49:53.243 954 954 D audio_hw_primary: adev_open_input_stream: enter: sample_rate(16000) channel_mask(0xc) devices(0x80000004) stream_handle(0xf4bd9a00) io_handle(550) source(1) format 1
05-22 09:49:53.245 1154 27952 I AudioFlinger: AudioFlinger's thread 0xb400007b3d8b7440 tid=27952 ready to run
05-22 09:49:53.245 954 954 D audio_hw_primary: in_standby: enter: stream (0xf4bd9a00) usecase(23: audio-record)
05-22 09:49:53.245 1154 4281 V APM_AudioPolicyManager: getInputForAttr() returns input 550 type 0 selectedDeviceId 9 for port ID 151
05-22 09:49:53.246 619 619 D io_stats: !@ 8,0 r 568863 18980652 w 76937 2269056 d 15478 44369720 f 0 0 iot 281604 0 th 0 0 0 pt 0 inp 0 0 10167.209
05-22 09:49:53.247 954 954 D audio_hw_primary: in_standby: enter: stream (0xf4bd9a00) usecase(23: audio-record)
05-22 09:49:53.247 619 619 D io_stats: !@ Read_top(KB): lldb-server(27920) 2908 xample.spectrum(27753) 1504 loop13(736) 656
05-22 09:49:53.247 619 619 D io_stats: !@ Write_top(KB): ung.android.scs(23984) 24 android.vending(25039) 12 xample.spectrum(27753) 8
05-22 09:49:53.269 1154 1227 V APM_AudioPolicyManager: releaseInput portId 151
05-22 09:49:53.269 1154 1227 V APM_AudioPolicyManager: releaseInput 550
05-22 09:49:53.270 1154 1227 V APM_AudioPolicyManager: closeInput(550)
05-22 09:49:53.273 1154 1227 I MultiRecordManager: closeInputStream() skipMultiRecord
05-22 09:49:53.276 1154 1227 V APM_AudioPolicyManager: releaseInput exit
05-22 09:49:53.277 954 954 D audio_hw_primary: adev_close_input_stream: enter:stream_handle(0xf4bd9a00)
05-22 09:49:53.277 954 954 D audio_hw_primary: in_standby: enter: stream (0xf4bd9a00) usecase(23: audio-record)
05-22 09:49:53.279 1154 1227 D audioserver: FGS Logger Transaction failed
05-22 09:49:53.279 1154 1227 D audioserver: -129
05-22 09:49:53.284 1154 25570 V APM_AudioPolicyManager: getInputForAttr() source 0, sampling rate 22050, format 0x3, channel mask 0x80000004, session 465, flags 0x5 attributes={ Content type: AUDIO_CONTENT_TYPE_UNKNOWN Usage: AUDIO_USAGE_UNKNOWN Source: AUDIO_SOURCE_DEFAULT Flags: 0x0 Tags: } requested device ID 0
05-22 09:49:53.285 1290 4244 I EDMNativeHelperService: isMicrophoneEnabled
05-22 09:49:53.285 1290 4244 D RestrictionPolicy: userId: 0, isMicrophoneEnabledAsUser : true
05-22 09:49:53.286 1290 4244 I EDMNativeHelperService: isAudioRecordAllowed
05-22 09:49:53.286 1290 4244 D RestrictionPolicy: userId: 0 isAudioRecordAllowed : true
05-22 09:49:53.286 1154 25570 V APM_AudioPolicyManager: getInputForAttr found device type is 0x80000004
05-22 09:49:53.287 1154 25570 I MultiRecordManager: openMultiRecordAllowed() skipMultiRecord 1, openMultiRecordAllowed 0, moduleName primary, source 1, flag 0x1
05-22 09:49:53.287 1154 25570 I MultiRecordManager: openInputStream() skipMultiRecord
05-22 09:49:53.287 954 954 D audio_hw_primary: adev_open_input_stream: enter: sample_rate(22050) channel_mask(0xc) devices(0x80000004) stream_handle(0xf4bd9a00) io_handle(558) source(1) format 1
05-22 09:49:53.287 954 954 W audio_hw_utils: audio_extn_utils_update_stream_input_app_type_cfg: App type could not be selected. Falling back to default
05-22 09:49:53.289 1154 27955 I AudioFlinger: AudioFlinger's thread 0xb400007b3d8b7e80 tid=27955 ready to run
05-22 09:49:53.289 954 954 D audio_hw_primary: in_standby: enter: stream (0xf4bd9a00) usecase(23: audio-record)
05-22 09:49:53.290 1154 25570 V APM_AudioPolicyManager: getInputForAttr() returns input 558 type 0 selectedDeviceId 9 for port ID 153
05-22 09:49:53.291 954 954 D audio_hw_primary: in_standby: enter: stream (0xf4bd9a00) usecase(23: audio-record)
05-22 09:49:53.294 1290 2255 I Pageboost: Launcher App Execution
05-22 09:49:53.294 1154 25570 W AudioFlinger: createRecordTrack_l(): mismatch between requested flags (00000005) and input flags (00000001)
05-22 09:49:53.294 1154 25570 V APM_AudioPolicyManager: releaseInput portId 153
05-22 09:49:53.294 1154 25570 V APM_AudioPolicyManager: releaseInput 558
05-22 09:49:53.294 1154 25570 V APM_AudioPolicyManager: closeInput(558)
05-22 09:49:53.297 1154 25570 I MultiRecordManager: closeInputStream() skipMultiRecord
05-22 09:49:53.298 954 954 D audio_hw_primary: adev_close_input_stream: enter:stream_handle(0xf4bd9a00)
05-22 09:49:53.298 954 954 D audio_hw_primary: in_standby: enter: stream (0xf4bd9a00) usecase(23: audio-record)
05-22 09:49:53.299 1154 25570 V APM_AudioPolicyManager: releaseInput exit
05-22 09:49:53.304 1154 25570 V APM_AudioPolicyManager: getInputForAttr() source 0, sampling rate 22050, format 0x3, channel mask 0x80000004, session 465, flags 0 attributes={ Content type: AUDIO_CONTENT_TYPE_UNKNOWN Usage: AUDIO_USAGE_UNKNOWN Source: AUDIO_SOURCE_DEFAULT Flags: 0x0 Tags: } requested device ID 0
05-22 09:49:53.305 1290 4244 I EDMNativeHelperService: isMicrophoneEnabled
05-22 09:49:53.305 1290 4244 D RestrictionPolicy: userId: 0, isMicrophoneEnabledAsUser : true
05-22 09:49:53.306 1290 4244 I EDMNativeHelperService: isAudioRecordAllowed
05-22 09:49:53.306 1290 4244 D RestrictionPolicy: userId: 0 isAudioRecordAllowed : true
05-22 09:49:53.307 1154 25570 V APM_AudioPolicyManager: getInputForAttr found device type is 0x80000004
05-22 09:49:53.307 1154 25570 I MultiRecordManager: openMultiRecordAllowed() skipMultiRecord 1, openMultiRecordAllowed 0, moduleName primary, source 1, flag 0
05-22 09:49:53.307 1154 25570 I MultiRecordManager: openInputStream() skipMultiRecord
05-22 09:49:53.307 954 27944 D audio_hw_primary: adev_open_input_stream: enter: sample_rate(22050) channel_mask(0xc) devices(0x80000004) stream_handle(0xf4ac1f00) io_handle(566) source(1) format 1
05-22 09:49:53.308 1154 27957 I AudioFlinger: AudioFlinger's thread 0xb400007b3d8b7900 tid=27957 ready to run
05-22 09:49:53.309 954 27944 D audio_hw_primary: in_standby: enter: stream (0xf4ac1f00) usecase(23: audio-record)
05-22 09:49:53.309 1154 25570 V APM_AudioPolicyManager: getInputForAttr() returns input 566 type 0 selectedDeviceId 9 for port ID 155
05-22 09:49:53.310 954 27944 D audio_hw_primary: in_standby: enter: stream (0xf4ac1f00) usecase(23: audio-record)
05-22 09:49:53.315 984 23808 I sensors-hal: handle_sns_client_event:44, ambient_light_event: ts=45106083259230, event=354.000000
05-22 09:49:53.315 984 23808 I sensors-hal: handle_sns_client_event:44, ambient_light_event: ts=45106083499595, event=354.000000
05-22 09:49:53.323 1154 4282 V APM_AudioPolicyManager: releaseInput portId 155
05-22 09:49:53.323 1154 4282 V APM_AudioPolicyManager: releaseInput 566
05-22 09:49:53.323 1154 4282 V APM_AudioPolicyManager: closeInput(566)
05-22 09:49:53.327 1154 4282 I MultiRecordManager: closeInputStream() skipMultiRecord
05-22 09:49:53.328 1154 4282 V APM_AudioPolicyManager: releaseInput exit
05-22 09:49:53.330 954 27944 D audio_hw_primary: adev_close_input_stream: enter:stream_handle(0xf4ac1f00)
05-22 09:49:53.330 954 27944 D audio_hw_primary: in_standby: enter: stream (0xf4ac1f00) usecase(23: audio-record)
05-22 09:49:53.331 1154 4282 D audioserver: FGS Logger Transaction failed
05-22 09:49:53.331 1154 4282 D audioserver: -129
05-22 09:49:53.383 1154 25570 V APM_AudioPolicyManager: getInputForAttr() source 0, sampling rate 24000, format 0x3, channel mask 0x80000004, session 473, flags 0x5 attributes={ Content type: AUDIO_CONTENT_TYPE_UNKNOWN Usage: AUDIO_USAGE_UNKNOWN Source: AUDIO_SOURCE_DEFAULT Flags: 0x0 Tags: } requested device ID 0
05-22 09:49:53.384 1290 4244 I EDMNativeHelperService: isMicrophoneEnabled
05-22 09:49:53.385 1290 4244 D RestrictionPolicy: userId: 0, isMicrophoneEnabledAsUser : true
05-22 09:49:53.386 1290 4244 I EDMNativeHelperService: isAudioRecordAllowed
05-22 09:49:53.387 1290 4244 D RestrictionPolicy: userId: 0 isAudioRecordAllowed : true
05-22 09:49:53.387 1154 25570 V APM_AudioPolicyManager: getInputForAttr found device type is 0x80000004
05-22 09:49:53.387 1154 25570 I MultiRecordManager: openMultiRecordAllowed() skipMultiRecord 1, openMultiRecordAllowed 0, moduleName primary, source 1, flag 0x1
05-22 09:49:53.387 1154 25570 I MultiRecordManager: openInputStream() skipMultiRecord
05-22 09:49:53.388 954 954 D audio_hw_primary: adev_open_input_stream: enter: sample_rate(24000) channel_mask(0xc) devices(0x80000004) stream_handle(0xf4bd9a00) io_handle(574) source(1) format 1
05-22 09:49:53.388 954 954 W audio_hw_utils: audio_extn_utils_update_stream_input_app_type_cfg: App type could not be selected. Falling back to default
05-22 09:49:53.391 1154 27961 I AudioFlinger: AudioFlinger's thread 0xb400007b3d8b70c0 tid=27961 ready to run
05-22 09:49:53.391 954 954 D audio_hw_primary: in_standby: enter: stream (0xf4bd9a00) usecase(23: audio-record)
05-22 09:49:53.391 1154 25570 V APM_AudioPolicyManager: getInputForAttr() returns input 574 type 0 selectedDeviceId 9 for port ID 157
05-22 09:49:53.393 954 954 D audio_hw_primary: in_standby: enter: stream (0xf4bd9a00) usecase(23: audio-record)
05-22 09:49:53.394 25039 25047 I android.vending: Background concurrent copying GC freed 391090(11MB) AllocSpace objects, 22(1028KB) LOS objects, 49% free, 8803KB/17MB, paused 471us,242us total 222.898ms
05-22 09:49:53.394 1154 25570 W AudioFlinger: createRecordTrack_l(): mismatch between requested flags (00000005) and input flags (00000001)
05-22 09:49:53.394 1154 25570 V APM_AudioPolicyManager: releaseInput portId 157
05-22 09:49:53.394 1154 25570 V APM_AudioPolicyManager: releaseInput 574
05-22 09:49:53.395 1154 25570 V APM_AudioPolicyManager: closeInput(574)
05-22 09:49:53.398 1154 25570 I MultiRecordManager: closeInputStream() skipMultiRecord
05-22 09:49:53.398 954 954 D audio_hw_primary: adev_close_input_stream: enter:stream_handle(0xf4bd9a00)
05-22 09:49:53.398 954 954 D audio_hw_primary: in_standby: enter: stream (0xf4bd9a00) usecase(23: audio-record)
05-22 09:49:53.400 1154 25570 V APM_AudioPolicyManager: releaseInput exit
05-22 09:49:53.405 1154 25570 V APM_AudioPolicyManager: getInputForAttr() source 0, sampling rate 24000, format 0x3, channel mask 0x80000004, session 473, flags 0 attributes={ Content type: AUDIO_CONTENT_TYPE_UNKNOWN Usage: AUDIO_USAGE_UNKNOWN Source: AUDIO_SOURCE_DEFAULT Flags: 0x0 Tags: } requested device ID 0
05-22 09:49:53.405 1290 2009 I EDMNativeHelperService: isMicrophoneEnabled
05-22 09:49:53.406 1290 2009 D RestrictionPolicy: userId: 0, isMicrophoneEnabledAsUser : true
05-22 09:49:53.407 1290 2009 I EDMNativeHelperService: isAudioRecordAllowed
05-22 09:49:53.407 1290 2009 D RestrictionPolicy: userId: 0 isAudioRecordAllowed : true
05-22 09:49:53.408 1154 25570 V APM_AudioPolicyManager: getInputForAttr found device type is 0x80000004
05-22 09:49:53.408 1154 25570 I MultiRecordManager: openMultiRecordAllowed() skipMultiRecord 1, openMultiRecordAllowed 0, moduleName primary, source 1, flag 0
05-22 09:49:53.408 1154 25570 I MultiRecordManager: openInputStream() skipMultiRecord
05-22 09:49:53.408 954 954 D audio_hw_primary: adev_open_input_stream: enter: sample_rate(24000) channel_mask(0xc) devices(0x80000004) stream_handle(0xf4bd9a00) io_handle(582) source(1) format 1
05-22 09:49:53.411 1154 27963 I AudioFlinger: AudioFlinger's thread 0xb400007b3d8b7980 tid=27963 ready to run
05-22 09:49:53.411 954 27944 D audio_hw_primary: in_standby: enter: stream (0xf4bd9a00) usecase(23: audio-record)
05-22 09:49:53.412 1154 25570 V APM_AudioPolicyManager: getInputForAttr() returns input 582 type 0 selectedDeviceId 9 for port ID 159
05-22 09:49:53.413 954 27944 D audio_hw_primary: in_standby: enter: stream (0xf4bd9a00) usecase(23: audio-record)
05-22 09:49:53.414 984 23808 I sensors-hal: handle_sns_client_event:44, ambient_light_event: ts=45106183262355, event=354.000000
05-22 09:49:53.415 984 23808 I sensors-hal: handle_sns_client_event:44, ambient_light_event: ts=45106183500376, event=354.000000
05-22 09:49:53.473 1154 1905 V APM_AudioPolicyManager: releaseInput portId 159
05-22 09:49:53.473 1154 1905 V APM_AudioPolicyManager: releaseInput 582
05-22 09:49:53.473 1154 1905 V APM_AudioPolicyManager: closeInput(582)
05-22 09:49:53.479 1154 1905 I MultiRecordManager: closeInputStream() skipMultiRecord
05-22 09:49:53.482 1154 1905 V APM_AudioPolicyManager: releaseInput exit
05-22 09:49:53.483 954 27944 D audio_hw_primary: adev_close_input_stream: enter:stream_handle(0xf4bd9a00)
05-22 09:49:53.483 954 27944 D audio_hw_primary: in_standby: enter: stream (0xf4bd9a00) usecase(23: audio-record)
05-22 09:49:53.485 1154 1905 D audioserver: FGS Logger Transaction failed
05-22 09:49:53.485 1154 1905 D audioserver: -129
05-22 09:49:53.489 1154 1906 V APM_AudioPolicyManager: getInputForAttr() source 0, sampling rate 32000, format 0x3, channel mask 0x80000004, session 481, flags 0x5 attributes={ Content type: AUDIO_CONTENT_TYPE_UNKNOWN Usage: AUDIO_USAGE_UNKNOWN Source: AUDIO_SOURCE_DEFAULT Flags: 0x0 Tags: } requested device ID 0
05-22 09:49:53.490 1290 2009 I EDMNativeHelperService: isMicrophoneEnabled
