05-22 09:49:46.909 2254 2254 D SamsungStatusBarGrayIconHelper: isGrayAppearance=false
05-22 09:49:46.909 2254 2254 D SamsungLightBarControlHelper: onStatusBarAppearanceChanged() - sbModeChanged:false, statusBarMode:0, barState:MODE_TRANSPARENT, isKeyguardShowing:false, navbarColorManagedByIme:false, stackAppearanceChanged:true, (AppearanceRegion{LIGHT_STATUS_BARS bounds=[0,0][1200,1920]}, ), packageName:org.qtproject.example.spectrum
05-22 09:49:46.909 1180 1763 I SurfaceFlinger: id=625 createSurf, flag=84000, 5e12a11 ActivityRecordInputSink org.qtproject.example.spectrum/org.qtproject.qt.android.bindings.QtActivity#625
05-22 09:49:46.910 2254 2254 D TaskbarDelegate: onSystemBarAttributesChanged() - displayId:0, appearance:24 (APPEARANCE_LIGHT_NAVIGATION_BARS ), navbarColorManagedByIme: false, packageName: org.qtproject.example.spectrum
05-22 09:49:46.910 2254 2254 D SamsungLightBarControlHelper: updateNavigationBar (BLACK button) isLightOpaque:false, hasLightNavigationBarFlag:true, packageName:org.qtproject.example.spectrum, DirectReplying:false, NavBarColorMangedByIme:false, ForceDarkForScrim:false, QsCustomizing:false, PanelHasWhiteBg:true
05-22 09:49:46.910 2254 2254 D SysUiState: SysUiState changed: old=0x11000000 new=0x10020000
05-22 09:49:46.911 2254 2254 D SamsungLightBarControlHelper: updateStatusBar (BLACK icon) numStacks:1, StatusBarMode:MODE_TRANSPARENT, lightBarBounds:[Rect(0, 0 - 1200, 1920)], StatusBarState:SHADE, packageName:org.qtproject.example.spectrum, isWhiteKeyguardStatusBar:false
05-22 09:49:46.911 1180 1180 I Layer : Layer::reparent [WallpaperWindowToken{e479a8b token=android.os.Binder@bedbf7c}#83] newParent : Transition Root: Task=49#622 , isRemovedFromCurrentState : 0 -------------------------
05-22 09:49:46.911 1180 1180 I Layer : Layer::reparent [WallpaperWindowToken{e479a8b token=android.os.Binder@bedbf7c}#83] End -------------------------
05-22 09:49:46.911 1180 1180 I Layer : Layer [ActivityRecord{1469177 u0 org.qtproject.example.spectrum/org.qtproject.qt.android.bindings.QtActivity t49}#615] hidden!! flag(0)
05-22 09:49:46.911 1180 1180 I Layer : Layer [Splash Screen org.qtproject.example.spectrum$_2254#617] hidden!! flag(0)
05-22 09:49:46.911 1180 1180 I Layer : Layer [Transition Root: Task=49#622] hidden!! flag(0)
05-22 09:49:46.911 2507 2546 I HoneySpace.TaskbarEventTracker: invokeEvent() called with: event = OnSystemBarAttributesChanged(displayId=0, behavior=1)
05-22 09:49:46.911 1180 1180 I Layer : Layer [Task=49#614] hidden!! flag(0)
05-22 09:49:46.911 1180 1180 I Layer : Layer::reparent [Task=49#614] newParent : Transition Root: Task=49#622 , isRemovedFromCurrentState : 0 -------------------------
05-22 09:49:46.911 2507 2546 I HoneySpace.TaskbarEventTracker: invokeEvent() called with: event = HandleNavigationBarEvent(eventData=NavBarEvents(eventType=ON_APPEARANCE_CHANGED, iconType=null, remoteViewBundle=null, iconBitmapBundle=null, orderDefault=true, position=0, rotationLocked=false, transientShowing=false, appearance=24, pluginBundle=null, hiddenByKnox=false, insetsBundle=null))
05-22 09:49:46.911 1180 1180 I Layer : Layer::reparent [Task=49#614] End -------------------------
05-22 09:49:46.911 2507 2546 I HoneySpace.TaskbarEventTracker: invokeEvent() called with: event = NavButtonsDarkIntensityChanged(darkIntensity=0.0)
05-22 09:49:46.911 1180 1180 I Layer : Layer::reparent [Task=1#48] newParent : Transition Root: Task=49#622 , isRemovedFromCurrentState : 0 -------------------------
05-22 09:49:46.911 1180 1180 I Layer : Layer::reparent [Task=1#48] End -------------------------
05-22 09:49:46.911 1180 1180 I Layer : Layer [b0c0205 Splash Screen org.qtproject.example.spectrum#616] hidden!! flag(0)
05-22 09:49:46.912 2507 25299 I HoneySpace.SystemUiRepository: systemUiFlags: allow_gesture|awake
05-22 09:49:46.913 2507 2546 I HoneySpace.TaskbarEventTracker: invokeEvent() called with: event = SystemUiStateChanged(stateFlags=268566528)
05-22 09:49:46.913 2507 2507 I HoneySpace.TaskbarPot: HandleNavigationBarEvent: ON_APPEARANCE_CHANGED
05-22 09:49:46.913 2507 2507 I HoneySpace.TaskbarPot: updateAppearance appearance:24
05-22 09:49:46.913 3396 3415 W WearableService: onGetService: Wear is not available on this device.
05-22 09:49:46.914 1100 27402 I QC2C2DEngine: calcYSize: unsupported or RGB color format, RGBA8888(1)
05-22 09:49:46.915 984 23808 I sensors-hal: handle_sns_client_event:44, ambient_light_event: ts=45099683255845, event=91.000000
05-22 09:49:46.917 984 23808 I sensors-hal: handle_sns_client_event:44, ambient_light_event: ts=45099683500376, event=91.000000
05-22 09:49:46.921 2507 2546 I HoneySpace.TaskbarEventTracker: invokeEvent() called with: event = NavButtonsDarkIntensityChanged(darkIntensity=0.0)
05-22 09:49:46.926 2254 2340 I InsetsSourceConsumer: applyRequestedVisibilityToControl: visible=true, type=navigationBars, host=Splash Screen org.qtproject.example.spectrum
05-22 09:49:46.927 2254 2340 I InsetsSourceConsumer: applyRequestedVisibilityToControl: visible=true, type=statusBars, host=Splash Screen org.qtproject.example.spectrum
05-22 09:49:46.931 2507 2546 I HoneySpace.TaskbarEventTracker: invokeEvent() called with: event = NavButtonsDarkIntensityChanged(darkIntensity=0.30308098)
05-22 09:49:46.932 1290 1679 W ActivityManager: Slow operation: 56ms so far, now at startProcess: done creating new process record
05-22 09:49:46.932 1290 1679 W ActivityManager: Slow operation: 56ms so far, now at startProcess: stepping in to startProcess
05-22 09:49:46.938 27390 27395 I MediaCodec: setCodecState state(1), called in 6
05-22 09:49:46.939 1290 2009 V ResourceManagerHelper-JNI: JNIMediaResourceHelper::notify eventType : 3, ext1 : 0, ext2 : 0
05-22 09:49:46.939 1290 2009 V ResourceManagerHelper-JNI: notify eventType : 3, ext1 : 0, ext2 : 0
05-22 09:49:46.939 3538 3538 I SemMediaResourceHelper: onState
05-22 09:49:46.939 10684 10704 V ResourceManagerHelper-JNI: JNIMediaResourceHelper::notify eventType : 3, ext1 : 0, ext2 : 0
05-22 09:49:46.939 10684 10704 V ResourceManagerHelper-JNI: notify eventType : 3, ext1 : 0, ext2 : 0
05-22 09:49:46.939 1290 2075 I SemMediaResourceHelper: onState
05-22 09:49:46.939 10684 10732 I SemMediaResourceHelper: onState
05-22 09:49:46.939 10684 10732 I DrmMediaResourceHelper: onStateChanged size = 1
05-22 09:49:46.939 10684 10732 I DrmMediaResourceHelper: resource type: 2,,,isSecured : falseIsEncoder : truegetCodecState : 1getpid : 27390
05-22 09:49:46.940 987 1117 I HYPER-HAL: [RequestManager.cpp]releaseLocked(): Released ID : 6264031
05-22 09:49:46.942 1290 1679 D CompatibilityChangeReporter: Compat change id reported: 135634846; UID 10253; state: DISABLED
05-22 09:49:46.942 1290 1679 D CompatibilityChangeReporter: Compat change id reported: 177438394; UID 10253; state: DISABLED
05-22 09:49:46.942 1290 1679 D CompatibilityChangeReporter: Compat change id reported: 135772972; UID 10253; state: DISABLED
05-22 09:49:46.943 1180 1180 I Layer : Layer::reparent [3610cc1 TaskbarWindow#126] newParent : Surface(name=3610cc1 TaskbarWindow)/@0xdf1a44a - animation-leash of insets_animation#623 , isRemovedFromCurrentState : 0 -------------------------
05-22 09:49:46.943 1180 1180 I Layer : Layer::reparent [3610cc1 TaskbarWindow#126] End -------------------------
05-22 09:49:46.943 1180 1180 I Layer : Layer::reparent [Surface(name=3610cc1 TaskbarWindow)/@0xdf1a44a - animation-leash of insets_animation#501] newParentHandle : null -------------------------
05-22 09:49:46.943 1180 1180 I Layer : id=501 removeFromCurrentState Surface(name=3610cc1 TaskbarWindow)/@0xdf1a44a - animation-leash of insets_animation#501 (248)
05-22 09:49:46.943 1180 1180 I Layer : Layer::reparent [Surface(name=3610cc1 TaskbarWindow)/@0xdf1a44a - animation-leash of insets_animation#501] End -------------------------
05-22 09:49:46.943 1180 1180 I Layer : Layer::reparent [8f52b7 StatusBar#90] newParent : Surface(name=8f52b7 StatusBar)/@0x974c743 - animation-leash of insets_animation#624 , isRemovedFromCurrentState : 0 -------------------------
05-22 09:49:46.943 1180 1180 I Layer : Layer::reparent [8f52b7 StatusBar#90] End -------------------------
05-22 09:49:46.943 1180 1180 I Layer : Layer::reparent [Surface(name=8f52b7 StatusBar)/@0x974c743 - animation-leash of insets_animation#502] newParentHandle : null -------------------------
05-22 09:49:46.943 1180 1180 I Layer : id=502 removeFromCurrentState Surface(name=8f52b7 StatusBar)/@0x974c743 - animation-leash of insets_animation#502 (248)
05-22 09:49:46.943 1180 1180 I Layer : Layer::reparent [Surface(name=8f52b7 StatusBar)/@0x974c743 - animation-leash of insets_animation#502] End -------------------------
05-22 09:49:46.945 2507 2546 I HoneySpace.TaskbarEventTracker: invokeEvent() called with: event = NavButtonsDarkIntensityChanged(darkIntensity=0.48495588)
05-22 09:49:46.945 1100 27402 I QC2C2DEngine: calcYSize: unsupported or RGB color format, RGBA8888(1)
05-22 09:49:46.946 1180 1180 I Layer : id=579 Destroyed Surface(name=3610cc1 TaskbarWindow)/@0xdf1a44a - animation-leash of insets_animation#501 (Mirror)#579
05-22 09:49:46.946 1180 1180 I Layer : id=556 Destroyed Surface(name=8f52b7 StatusBar)/@0x974c743 - animation-leash of insets_animation#502 (Mirror)#556
05-22 09:49:46.946 1290 1679 D CompatibilityChangeReporter: Compat change id reported: 135754954; UID 10253; state: ENABLED
05-22 09:49:46.947 1290 1705 D CompatibilityChangeReporter: Compat change id reported: 143937733; UID 10253; state: ENABLED
05-22 09:49:46.949 1180 1180 I SurfaceFlinger: id=502 Removed Surface(name=8f52b7 StatusBar)/@0x974c743 - animation-leash of insets_animation#502 (246)
05-22 09:49:46.949 1180 1180 I SurfaceFlinger: id=501 Removed Surface(name=3610cc1 TaskbarWindow)/@0xdf1a44a - animation-leash of insets_animation#501 (246)
05-22 09:49:46.952 1290 1679 W ActivityManager: Slow operation: 76ms so far, now at startProcess: done starting proc!
05-22 09:49:46.955 27646 27646 I Routine@Core[4.5.00.57]: RoutineService: onDestroy
05-22 09:49:46.955 27646 27646 I Routine@Core[4.5.00.57]: ServiceExt: setServiceForeground: isForeground=false, reason=ROUTINE_SERVICE
05-22 09:49:46.955 2507 2546 I HoneySpace.TaskbarEventTracker: invokeEvent() called with: event = NavButtonsDarkIntensityChanged(darkIntensity=0.6216329)
05-22 09:49:46.956 27646 27646 I Routine@Core[4.5.00.57]: PreloadConditionService: onDestroy
05-22 09:49:46.956 27646 27646 I Routine@Core[4.5.00.57]: ServiceExt: setServiceForeground: isForeground=false, reason=PRELOAD_CONDITION_SERVICE
05-22 09:49:46.956 27646 27646 I Routine@Core[4.5.00.57]: ActivityWatcherForSolo: unregister
05-22 09:49:46.957 27646 27646 I Routine@Core[4.5.00.57]: WatchingConditions: clear
05-22 09:49:46.957 27646 27646 I Routine@Core[4.5.00.57]: Pref: removeSharedPrefsData() key=condition_launch_app_data_resume_pkg
05-22 09:49:46.957 27646 27646 I Routine@Core[4.5.00.57]: PreloadConditionService: onEnd: tag=launch_app, stop service.
05-22 09:49:46.957 27646 27646 I Routine@Core[4.5.00.57]: ServiceExt: setServiceForeground: isForeground=false, reason=PRELOAD_CONDITION_SERVICE
05-22 09:49:46.958 27646 27646 I Routine@Core[4.5.00.57]: ActivityWatcherForSolo: unregister
05-22 09:49:46.958 27646 27646 I Routine@Core[4.5.00.57]: WatchingConditions: clear
05-22 09:49:46.958 27646 27646 I Routine@Core[4.5.00.57]: Pref: removeSharedPrefsData() key=condition_launch_game_data_resume_pkg
05-22 09:49:46.958 27646 27646 I Routine@Core[4.5.00.57]: PreloadConditionService: onEnd: tag=launch_game, stop service.
05-22 09:49:46.958 27646 27646 I Routine@Core[4.5.00.57]: ServiceExt: setServiceForeground: isForeground=false, reason=PRELOAD_CONDITION_SERVICE
05-22 09:49:46.958 14990 14990 I A : onPause
05-22 09:49:46.960 27646 27646 I Routine@Core[4.5.00.57]: MetadataLoaderJobService: onStartJob: collectPackageInBG - org.qtproject.example.spectrum
05-22 09:49:46.961 27646 27646 I Routine@Core[4.5.00.57]: MetadataSyncHistory: latest : 4.5.00.57, currentVersion : 4.5.00.57
05-22 09:49:46.961 27646 27646 I Routine@Core[4.5.00.57]: MetadataSyncHistory: latest : 4.5.00.57, currentVersion : 4.5.00.57
05-22 09:49:46.961 27646 27646 I Routine@Core[4.5.00.57]: MetadataLoaderJobService: packageName : org.qtproject.example.spectrum, forced : true
05-22 09:49:46.961 27646 27646 I Routine@Core[4.5.00.57]: MetadataLoadManager: asyncCollectPackage
05-22 09:49:46.964 27646 27752 I Routine@Core[4.5.00.57]: MetadataLoadManager: collect: org.qtproject.example.spectrum
05-22 09:49:46.964 27646 27752 I Routine@Core[4.5.00.57]: MetadataLoadManager: collectWithCollectors - org.qtproject.example.spectrum
05-22 09:49:46.965 2507 2546 I HoneySpace.TaskbarEventTracker: invokeEvent() called with: event = NavButtonsDarkIntensityChanged(darkIntensity=0.72810626)
05-22 09:49:46.966 873 873 D Zygote : Forked child process 27753
05-22 09:49:46.966 27646 27720 E Routine@Core[4.5.00.57]: WearDataLayerHelper: getNodeOfCompanionWatchSupportModeMirror: onFailure - com.google.android.gms.common.api.ApiException: 17: API: Wearable.API is not available on this device. Connection failed with: ConnectionResult{statusCode=API_UNAVAILABLE, resolution=null, message=null}
05-22 09:49:46.967 27646 27720 E Routine@Core[4.5.00.57]: WearDataLayerHelper: getNodeOfCompanionWatchSupportModeMirror return null
05-22 09:49:46.967 27646 27720 I Routine@Core[4.5.00.57]: WearDataLayerHelper: getNodeOfCompanionWatchSupportModeMirror: first node - null
05-22 09:49:46.967 1180 1180 D SurfaceFlinger: Display 4630946835308409729 HWC layers:
05-22 09:49:46.967 1180 1180 D SurfaceFlinger: CLIENT | 0xb400007dac35a900 | 0100 | RGBA_8888 | 360.0 0.0 1560.0 1920.0 | 0 0 1200 1920 | Wallpaper BBQ wrapper#88
05-22 09:49:46.967 1180 1180 D SurfaceFlinger: CLIENT | 0xb400007dac3587c0 | 0100 | RGBA_8888 | 0.0 0.0 1200.0 1920.0 | 0 0 1200 1920 | com.sec.android.app.launcher/com.sec[...]ctivities.LauncherActivity$_2507#500
05-22 09:49:46.967 1180 1180 D SurfaceFlinger: CLIENT | 0xb400007dac358f30 | 0100 | RGBA_8888 | 0.0 0.0 1200.0 1920.0 | 80 129 1120 1791 | Splash Screen org.qtproject.example.spectrum$_2254#617
05-22 09:49:46.967 1180 1180 D SurfaceFlinger: CLIENT | 0xb400007dbaba7070 | 0100 | RGBA_8888 | 0.0 0.0 1200.0 36.0 | 0 0 1200 36 | StatusBar$_2254#99
05-22 09:49:46.967 1180 1180 D SurfaceFlinger: CLIENT | 0xb400007dac3578e0 | 0100 | RGBA_8888 | 0.0 0.0 67.0 207.0 | 1133 432 1200 639 | com.sec.android.app.launcher/com.sam[...]ce.edge.CocktailBarService$_2507#160
05-22 09:49:46.967 1180 1180 D SurfaceFlinger: CLIENT | 0xb400007dac2d8980 | 0100 | RGBA_8888 | 0.0 0.0 1200.0 72.0 | 0 1848 1200 1920 | TaskbarWindow$_2507#128
05-22 09:49:46.967 1180 1180 D SurfaceFlinger: CLIENT | 0xb400007dac354b60 | 0100 | RGBA_888
05-22 09:49:46.967 1180 1180 D SurfaceFlinger: 8 | 0.0 0.0 1200.0 1920.0 | 0 0 1200 1920 | PointerLocation - display 0#57
05-22 09:49:46.967 1180 1180 D SurfaceFlinger:
05-22 09:49:46.967 27646 27720 I Routine@Core[4.5.00.57]: ModeLocalDataSource: putCompanionWatchSupportModeMirror, isSupported: false
05-22 09:49:46.967 1290 1705 I ActivityManager: Start proc 27753:org.qtproject.example.spectrum/u0a253 for next-top-activity {org.qtproject.example.spectrum/org.qtproject.qt.android.bindings.QtActivity}
05-22 09:49:46.968 1068 1148 E ANDR-PERF-UTIL: Failed to update node /proc/27753/sched_boost with value 3
05-22 09:49:46.968 1068 1148 E ANDR-PERF-OPTSHANDLER: can't boost task 27753
05-22 09:49:46.968 1068 1148 E ANDR-PERF-RESOURCEQS: Failed to apply optimization [3, 32]
05-22 09:49:46.968 1180 1180 I Layer : id=501 Destroyed Surface(name=3610cc1 TaskbarWindow)/@0xdf1a44a - animation-leash of insets_animation#501
05-22 09:49:46.968 1180 1180 I Layer : id=502 Destroyed Surface(name=8f52b7 StatusBar)/@0x974c743 - animation-leash of insets_animation#502
05-22 09:49:46.970 27646 27720 I Routine@Core[4.5.00.57]: GlobalSettingsAdapterImpl: putStringIgnoreEquals - ($)
05-22 09:49:46.970 27646 27720 W Routine@Core[4.5.00.57]: GlobalSettingsAdapterImpl: putStringIgnoreEquals, it is the same as the current value
05-22 09:49:46.970 27646 27720 I Routine@Core[4.5.00.57]: ModeManagerImpl: checkCapability, isSupported: false
05-22 09:49:46.970 27646 27720 I Routine@Core[4.5.00.57]: ModeManagerImpl: updateState, isSupported: false
05-22 09:49:46.971 1100 27402 I QC2C2DEngine: calcYSize: unsupported or RGB color format, RGBA8888(1)
05-22 09:49:46.975 2507 18845 I HoneySpace.RecentTasks: onRecentTasksChanged
05-22 09:49:46.976 1290 1679 D SGM:FgCheckThread: notePauseComponent(), received pkgName: com.sec.android.app.launcher, userId: 0
05-22 09:49:46.976 1290 2144 I CocktailBarManagerServiceContainer: handleMessage: entry what = 6
05-22 09:49:46.977 2507 2546 I HoneySpace.TaskbarEventTracker: invokeEvent() called with: event = NavButtonsDarkIntensityChanged(darkIntensity=0.8114243)
05-22 09:49:46.981 1290 2184 D TrafficStats: tagSocket(824) with statsTag=0xffffffff, statsUid=-1
05-22 09:49:46.986 3538 8471 I SDHMS:l : onTaskStackChanged
05-22 09:49:46.987 2684 2684 D HidDeviceService: handleMessage(): msg.what=8
05-22 09:49:46.987 2507 18845 I HoneySpace.RecentTasks: onRecentTasksChanged
05-22 09:49:46.991 1100 27402 I QC2C2DEngine: calcYSize: unsupported or RGB color format, RGBA8888(1)
05-22 09:49:46.994 27646 27752 I Routine@Core[4.5.00.57]: MetadataLoadManager: doPostCollectionTasks - packageName:org.qtproject.example.spectrum
05-22 09:49:46.995 27646 27752 I Routine@Core[4.5.00.57]: ContentSetter: update
05-22 09:49:46.997 2507 2546 I HoneySpace.TaskbarEventTracker: invokeEvent() called with: event = NavButtonsDarkIntensityChanged(darkIntensity=0.8781642)
05-22 09:49:47.005 27753 27753 I xample.spectrum: Late-enabling -Xcheck:jni
05-22 09:49:47.006 2507 2507 I HoneySpace.HistoryViewModel: task bar is not showing. skip load history items
05-22 09:49:47.007 27646 27752 I Routine@Core[4.5.00.57]: ContentSetter: getRoutineIdList: list= [1]
05-22 09:49:47.008 27646 27752 I Routine@Core[4.5.00.57]: ContentSetter: getRoutineIdList: list= [1]
05-22 09:49:47.008 27646 27752 E Routine@Core[4.5.00.57]: ContentSetter: deleteRoutines: id=[]
05-22 09:49:47.012 1100 27402 I QC2C2DEngine: calcYSize: unsupported or RGB color format, RGBA8888(1)
05-22 09:49:47.015 984 23808 I sensors-hal: handle_sns_client_event:44, ambient_light_event: ts=45099783260532, event=92.000000
05-22 09:49:47.017 984 23808 I sensors-hal: handle_sns_client_event:44, ambient_light_event: ts=45099783499855, event=92.000000
05-22 09:49:47.017 27646 27752 I Routine@Core[4.5.00.57]: ContentSetter: getRoutineIdList: list= [1]
05-22 09:49:47.018 27646 27752 I Routine@Core[4.5.00.57]: ContentSetter: getRoutineIdList: list= [1]
05-22 09:49:47.018 27646 27752 E Routine@Core[4.5.00.57]: ContentSetter: deleteRoutines: id=[]
05-22 09:49:47.018 27646 27752 I Routine@Core[4.5.00.57]: SupportStateUpdater: update
05-22 09:49:47.018 27646 27752 I Routine@Core[4.5.00.57]: ConflictItemConverter: convertConflictActions - 0
05-22 09:49:47.020 2507 2546 I HoneySpace.TaskbarEventTracker: invokeEvent() called with: event = NavButtonsDarkIntensityChanged(darkIntensity=0.96357894)
05-22 09:49:47.021 27646 27752 I Routine@Core[4.5.00.57]: Pref: removeSharedPrefsData() key=meta_loading_target_package_name
05-22 09:49:47.025 27753 27753 I xample.spectrum: Using CollectorTypeCC GC.
05-22 09:49:47.033 1100 27402 I QC2C2DEngine: calcYSize: unsupported or RGB color format, RGBA8888(1)
05-22 09:49:47.037 24805 24810 I adbd : jdwp connection from 27753
05-22 09:49:47.037 2507 2546 I HoneySpace.TaskbarEventTracker: invokeEvent() called with: event = NavButtonsDarkIntensityChanged(darkIntensity=0.9973893)
05-22 09:49:47.044 27646 27646 I Routine@Core[4.5.00.57]: MetadataLoaderJobService: metadataLoadingFinished: collectPackageInBG - org.qtproject.example.spectrum
05-22 09:49:47.048 27646 27646 I Routine@Core[4.5.00.57]: Pref: putSharedPrefsData() key=routine_meta_data_loading_statue
05-22 09:49:47.050 1100 27402 I QC2C2DEngine: calcYSize: unsupported or RGB color format, RGBA8888(1)
05-22 09:49:47.055 2507 2546 I HoneySpace.TaskbarEventTracker: invokeEvent() called with: event = NavButtonsDarkIntensityChanged(darkIntensity=1.0)
05-22 09:49:47.057 1290 1315 D CompatibilityChangeReporter: Compat change id reported: 135634846; UID 10047; state: DISABLED
05-22 09:49:47.057 1290 1315 D CompatibilityChangeReporter: Compat change id reported: 177438394; UID 10047; state: DISABLED
05-22 09:49:47.057 1290 1315 D CompatibilityChangeReporter: Compat change id reported: 135772972; UID 10047; state: DISABLED
05-22 09:49:47.057 1290 1315 D CompatibilityChangeReporter: Compat change id reported: 135754954; UID 10047; state: ENABLED
05-22 09:49:47.057 1290 1705 D CompatibilityChangeReporter: Compat change id reported: 143937733; UID 10047; state: ENABLED
05-22 09:49:47.060 27646 27646 I Routine@Core[4.5.00.57]: DatabaseJobIntentService: Stop no more task
05-22 09:49:47.065 27646 27646 I Routine@Core[4.5.00.57]: RoutineService: onCreate
05-22 09:49:47.065 27646 27646 I Routine@Core[4.5.00.57]: ServiceExt: setServiceForeground: isForeground=true, reason=ROUTINE_SERVICE
05-22 09:49:47.068 27646 27646 I Routine@Core[4.5.00.57]: RoutineService: onStartCommand: com.samsung.android.app.routine.ACTION_METADATA_LOADING_FINISHED
05-22 09:49:47.068 27646 27646 I Routine@Core[4.5.00.57]: RoutineDataMigrator: migration - begin
05-22 09:49:47.074 873 873 D Zygote : Forked child process 27768
05-22 09:49:47.075 1290 1705 I ActivityManager: Start proc 27768:com.samsung.android.app.routines:RoutineUIProcess/u0a47 for service {com.samsung.android.app.routines/com.samsung.android.app.routines.domainmodel.notification.NotificationUpdateService}
05-22 09:49:47.083 2507 2507 I CardAdapter: setCards: SUGGESTED_TIPCARD, SUGGESTED_APPS, SUGGESTED_TAG, SUGGESTED_DIRECTORY
05-22 09:49:47.084 27753 27753 D ActivityThread: setConscryptValidator
05-22 09:49:47.084 27753 27753 D ActivityThread: setConscryptValidator - put
05-22 09:49:47.088 27646 27646 I Routine@Core[4.5.00.57]: MigrationParser: getMigrationData rawMigrationData : [vibrate_once]
05-22 09:49:47.088 27646 27646 I Routine@Core[4.5.00.57]: RoutineDataMigrator: isAvailableToMigrate() newPackageName:com.samsung.android.app.routines, newTag:read_notifications, isAvailableToMigrate:true
05-22 09:49:47.089 27646 27646 E Routine@Core[4.5.00.57]: RoutineDataMigrator: deprecateOldTag() ActionMeta with oldTag(notification_tts), oldPackageName(com.samsung.android.app.routines) does not exist.
05-22 09:49:47.089 27646 27646 I Routine@Core[4.5.00.57]: RoutineDataMigrator: isAvailableToMigrate() newPackageName:com.samsung.android.app.routines, newTag:flashlight, isAvailableToMigrate:false
05-22 09:49:47.089 27646 27646 W Routine@Core[4.5.00.57]: RoutineDataMigrator: canMigrate: newTag (flashlight) is not available to migrate
05-22 09:49:47.089 27646 27646 I Routine@Core[4.5.00.57]: RoutineDataMigrator: isAvailableToMigrate() newPackageName:com.samsung.android.app.routines, newTag:message_received, isAvailableToMigrate:false
05-22 09:49:47.089 27646 27646 W Routine@Core[4.5.00.57]: RoutineDataMigrator: canMigrate: newTag (message_received) is not available to migrate
05-22 09:49:47.089 27646 27646 I Routine@Core[4.5.00.57]: RoutineDataMigrator: isAvailableToMigrate() newPackageName:com.samsung.android.app.routines, newTag:message_received, isAvailableToMigrate:false
05-22 09:49:47.089 27646 27646 W Routine@Core[4.5.00.57]: RoutineDataMigrator: canMigrate: newTag (message_received) is not available to migrate
05-22 09:49:47.089 27646 27646 I Routine@Core[4.5.00.57]: RoutineDataMigrator: isAvailableToMigrate() newPackageName:com.samsung.android.app.aodservice, newTag:aod_main_setting, isAvailableToMigrate:false
05-22 09:49:47.089 27646 27646 W Routine@Core[4.5.00.57]: RoutineDataMigrator: canMigrate: newTag (aod_main_setting) is not available to migrate
05-22 09:49:47.089 27646 27646 I Routine@Core[4.5.00.57]: RoutineDataMigrator: isAvailableToMigrate() newPackageName:com.android.settings, newTag:sec_eye_comfort_shield_routine, isAvailableToMigrate:true
05-22 09:49:47.090 27646 27646 E Routine@Core[4.5.00.57]: RoutineDataMigrator: deprecateOldTag() ActionMeta with oldTag(blue_light_filter_on), oldPackageName(com.samsung.android.app.routines) does not exist.
05-22 09:49:47.090 27646 27646 I Routine@Core[4.5.00.57]: RoutineDataMigrator: isAvailableToMigrate() newPackageName:com.samsung.android.app.routines, newTag:control_smartthings_not_reversible, isAvailableToMigrate:false
05-22 09:49:47.090 27646 27646 W Routine@Core[4.5.00.57]: RoutineDataMigrator: canMigrate: newTag (control_smartthings_not_reversible) is not available to migrate
05-22 09:49:47.090 27646 27646 I Routine@Core[4.5.00.57]: RoutineDataMigrator: isAvailableToMigrate() newPackageName:com.samsung.android.app.routines, newTag:control_smartthings_not_reversible, isAvailableToMigrate:false
05-22 09:49:47.090 27646 27646 W Routine@Core[4.5.00.57]: RoutineDataMigrator: canMigrate: newTag (control_smartthings_not_reversible) is not available to migrate
05-22 09:49:47.090 27646 27646 I Routine@Core[4.5.00.57]: RoutineDataMigrator: isAvailableToMigrate() newPackageName:com.samsung.accessibility, newTag:command://com.samsung.accessibility.command/ColorCorrectionRoutine, isAvailableToMigrate:false
05-22 09:49:47.090 27646 27646 W Routine@Core[4.5.00.57]: RoutineDataMigrator: canMigrate: newTag (command://com.samsung.accessibility.command/ColorCorrectionRoutine) is not available to migrate
05-22 09:49:47.090 27646 27646 I Routine@Core[4.5.00.57]: RoutineDataMigrator: isAvailableToMigrate() newPackageName:com.samsung.android.lool, newTag:dc_power_mode_action, isAvailableToMigrate:true
05-22 09:49:47.090 1100 27402 I QC2C2DEngine: calcYSize: unsupported or RGB color format, RGBA8888(1)
05-22 09:49:47.090 27646 27646 E Routine@Core[4.5.00.57]: RoutineDataMigrator: deprecateOldTag() ActionMeta with oldTag(upsm_on), oldPackageName(com.samsung.android.app.routines) does not exist.
05-22 09:49:47.090 27646 27646 I Routine@Core[4.5.00.57]: RoutineDataMigrator: isAvailableToMigrate() newPackageName:com.samsung.accessibility, newTag:accessibility_amplify_ambient_sound, isAvailableToMigrate:false
05-22 09:49:47.090 27646 27646 W Routine@Core[4.5.00.57]: RoutineDataMigrator: canMigrate: newTag (accessibility_amplify_ambient_sound) is not available to migrate
05-22 09:49:47.090 27646 27646 I Routine@Core[4.5.00.57]: RoutineDataMigrator: isAvailableToMigrate() newPackageName:com.android.settings, newTag:accessibility_camera_flash, isAvailableToMigrate:false
05-22 09:49:47.090 27646 27646 W Routine@Core[4.5.00.57]: RoutineDataMigrator: canMigrate: newTag (accessibility_camera_flash) is not available to migrate
05-22 09:49:47.090 27646 27646 I Routine@Core[4.5.00.57]: RoutineDataMigrator: isAvailableToMigrate() newPackageName:com.android.settings, newTag:accessibility_color_correction, isAvailableToMigrate:true
05-22 09:49:47.090 27646 27646 E Routine@Core[4.5.00.57]: RoutineDataMigrator: deprecateOldTag() ActionMeta with oldTag(command://com.samsung.accessibility.command/ColorCorrectionRoutine), oldPackageName(com.samsung.accessibility) does not exist.
05-22 09:49:47.090 27646 27646 I Routine@Core[4.5.00.57]: RoutineDataMigrator: isAvailableToMigrate() newPackageName:com.android.settings, newTag:accessibility_color_filter, isAvailableToMigrate:true
05-22 09:49:47.090 27646 27646 E Routine@Core[4.5.00.57]: RoutineDataMigrator: deprecateOldTag() ActionMeta with oldTag(command://com.samsung.accessibility.command/ColorLensRoutine), oldPackageName(com.samsung.accessibility) does not exist.
05-22 09:49:47.090 27646 27646 I Routine@Core[4.5.00.57]: RoutineDataMigrator: isAvailableToMigrate() newPackageName:com.android.settings, newTag:accessibility_color_inversion, isAvailableToMigrate:true
05-22 09:49:47.091 27646 27646 E Routine@Core[4.5.00.57]: RoutineDataMigrator: deprecateOldTag() ActionMeta with oldTag(command://com.samsung.accessibility.command/toggle_inversion_preference), oldPackageName(com.samsung.accessibility) does not exist.
05-22 09:49:47.091 27646 27646 I Routine@Core[4.5.00.57]: RoutineDataMigrator: isAvailableToMigrate() newPackageName:com.android.settings, newTag:accessibility_extra_dim, isAvailableToMigrate:true
05-22 09:49:47.091 27646 27646 E Routine@Core[4.5.00.57]: RoutineDataMigrator: deprecateOldTag() ActionMeta with oldTag(accessibility_extra_dim), oldPackageName(com.samsung.accessibility) does not exist.
05-22 09:49:47.091 27646 27646 I Routine@Core[4.5.00.57]: RoutineDataMigrator: isAvailableToMigrate() newPackageName:com.android.settings, newTag:accessibility_live_caption, isAvailableToMigrate:true
05-22 09:49:47.091 27646 27646 E Routine@Core[4.5.00.57]: RoutineDataMigrator: deprecateOldTag() ActionMeta with oldTag(command://com.samsung.accessibility.command/LiveCaptionRoutine), oldPackageName(com.samsung.accessibility) does not exist.
05-22 09:49:47.091 27646 27646 I Routine@Core[4.5.00.57]: RoutineDataMigrator: isAvailableToMigrate() newPackageName:com.android.settings, newTag:accessibility_mono_audio, isAvailableToMigrate:true
05-22 09:49:47.091 27646 27646 E Routine@Core[4.5.00.57]: RoutineDataMigrator: deprecateOldTag() ActionMeta with oldTag(command://com.samsung.accessibility.command/mono_audio_support_dual_spk_key), oldPackageName(com.samsung.accessibility) does not exist.
05-22 09:49:47.091 27646 27646 I Routine@Core[4.5.00.57]: RoutineDataMigrator: isAvailableToMigrate() newPackageName:com.android.settings, newTag:accessibility_mute_all_sounds, isAvailableToMigrate:false
05-22 09:49:47.091 27646 27646 W Routine@Core[4.5.00.57]: RoutineDataMigrator: canMigrate: newTag (accessibility_mute_all_sounds) is not available to migrate
05-22 09:49:47.091 27646 27646 I Routine@Core[4.5.00.57]: RoutineDataMigrator: isAvailableToMigrate() newPackageName:com.android.settings, newTag:accessibility_screen_flash, isAvailableToMigrate:true
05-22 09:49:47.091 27646 27646 E Routine@Core[4.5.00.57]: RoutineDataMigrator: deprecateOldTag() ActionMeta with oldTag(command://com.samsung.accessibility.command/screen), oldPackageName(com.samsung.accessibility) does not exist.
05-22 09:49:47.091 27646 27646 I Routine@Core[4.5.00.57]: RoutineDataMigrator: isAvailableToMigrate() newPackageName:com.android.settings, newTag:accessibility_sound_balance, isAvailableToMigrate:true
05-22 09:49:47.091 27646 27646 E Routine@Core[4.5.00.57]: RoutineDataMigrator: deprecateOldTag() ActionMeta with oldTag(accessibility_sound_balance), oldPackageName(com.samsung.accessibility) does not exist.
05-22 09:49:47.091 27646 27646 I Routine@Core[4.5.00.57]: RoutineDataMigrator: isAvailableToMigrate() newPackageName:com.samsung.android.waterplugin, newTag:watch_theater_mode, isAvailableToMigrate:false
05-22 09:49:47.091 27646 27646 W Routine@Core[4.5.00.57]: RoutineDataMigrator: canMigrate: newTag (watch_theater_mode) is not available to migrate
05-22 09:49:47.091 27646 27646 I Routine@Core[4.5.00.57]: RoutineDataMigrator: isAvailableToMigrate() newPackageName:com.samsung.android.heartplugin, newTag:watch_theater_mode, isAvailableToMigrate:false
05-22 09:49:47.092 27646 27646 W Routine@Core[4.5.00.57]: RoutineDataMigrator: canMigrate: newTag (watch_theater_mode) is not available to migrate
05-22 09:49:47.092 27646 27646 I Routine@Core[4.5.00.57]: RoutineDataMigrator: isAvailableToMigrate() newPackageName:com.samsung.android.lool, newTag:dc_enhanced_processing, isAvailableToMigrate:false
05-22 09:49:47.092 27646 27646 W Routine@Core[4.5.00.57]: RoutineDataMigrator: canMigrate: newTag (dc_enhanced_processing) is not available to migrate
05-22 09:49:47.092 27646 27646 I Routine@Core[4.5.00.57]: RoutineDataMigrator: isAvailableToMigrate() newPackageName:com.samsung.android.lool, newTag:dc_fast_cable_charging, isAvailableToMigrate:true
05-22 09:49:47.092 27646 27646 E Routine@Core[4.5.00.57]: RoutineDataMigrator: deprecateOldTag() ActionMeta with oldTag(fast_cable_charging), oldPackageName(com.samsung.android.lool) does not exist.
05-22 09:49:47.092 27646 27646 I Routine@Core[4.5.00.57]: RoutineDataMigrator: isAvailableToMigrate() newPackageName:com.samsung.android.lool, newTag:dc_fast_wireless_charging, isAvailableToMigrate:false
05-22 09:49:47.092 27646 27646 W Routine@Core[4.5.00.57]: RoutineDataMigrator: canMigrate: newTag (dc_fast_wireless_charging) is not available to migrate
05-22 09:49:47.092 27646 27646 I Routine@Core[4.5.00.57]: RoutineDataMigrator: isAvailableToMigrate() newPackageName:com.samsung.android.lool, newTag:dc_processing_speed, isAvailableToMigrate:false
05-22 09:49:47.092 27646 27646 W Routine@Core[4.5.00.57]: RoutineDataMigrator: canMigrate: newTag (dc_processing_speed) is not available to migrate
05-22 09:49:47.092 27646 27646 I Routine@Core[4.5.00.57]: RoutineDataMigrator: isAvailableToMigrate() newPackageName:com.samsung.android.lool, newTag:dc_protect_battery, isAvailableToMigrate:true
05-22 09:49:47.092 27646 27646 E Routine@Core[4.5.00.57]: RoutineDataMigrator: deprecateOldTag() ActionMeta with oldTag(protect_battery), oldPackageName(com.samsung.android.lool) does not exist.
05-22 09:49:47.092 27646 27646 I Routine@Core[4.5.00.57]: RoutineDataMigrator: isAvailableToMigrate() newPackageName:com.samsung.android.lool, newTag:dc_super_fast_cable_charging, isAvailableToMigrate:false
05-22 09:49:47.092 27646 27646 W Routine@Core[4.5.00.57]: RoutineDataMigrator: canMigrate: newTag (dc_super_fast_cable_charging) is not available to migrate
05-22 09:49:47.092 27646 27646 I Routine@Core[4.5.00.57]: RoutineDataMigrator: isAvailableToMigrate() newPackageName:com.samsung.android.sm_cn, newTag:dc_enhanced_processing, isAvailableToMigrate:false
05-22 09:49:47.092 27646 27646 W Routine@Core[4.5.00.57]: RoutineDataMigrator: canMigrate: newTag (dc_enhanced_processing) is not available to migrate
05-22 09:49:47.092 27646 27646 I Routine@Core[4.5.00.57]: RoutineDataMigrator: isAvailableToMigrate() newPackageName:com.samsung.android.sm_cn, newTag:dc_fast_cable_charging, isAvailableToMigrate:false
05-22 09:49:47.092 27646 27646 W Routine@Core[4.5.00.57]: RoutineDataMigrator: canMigrate: newTag (dc_fast_cable_charging) is not available to migrate
05-22 09:49:47.092 27646 27646 I Routine@Core[4.5.00.57]: RoutineDataMigrator: isAvailableToMigrate() newPackageName:com.samsung.android.sm_cn, newTag:dc_fast_wireless_charging, isAvailableToMigrate:false
05-22 09:49:47.092 27646 27646 W Routine@Core[4.5.00.57]: RoutineDataMigrator: canMigrate: newTag (dc_fast_wireless_charging) is not available to migrate
05-22 09:49:47.092 27646 27646 I Routine@Core[4.5.00.57]: RoutineDataMigrator: isAvailableToMigrate() newPackageName:com.samsung.android.sm_cn, newTag:dc_power_mode_action, isAvailableToMigrate:false
05-22 09:49:47.092 27646 27646 W Routine@Core[4.5.00.57]: RoutineDataMigrator: canMigrate: newTag (dc_power_mode_action) is not available to migrate
05-22 09:49:47.092 27646 27646 I Routine@Core[4.5.00.57]: RoutineDataMigrator: isAvailableToMigrate() newPackageName:com.samsung.android.sm_cn, newTag:dc_processing_speed, isAvailableToMigrate:false
05-22 09:49:47.092 27646 27646 W Routine@Core[4.5.00.57]: RoutineDataMigrator: canMigrate: newTag (dc_processing_speed) is not available to migrate
05-22 09:49:47.092 27646 27646 I Routine@Core[4.5.00.57]: RoutineDataMigrator: isAvailableToMigrate() newPackageName:com.samsung.android.sm_cn, newTag:dc_protect_battery, isAvailableToMigrate:false
05-22 09:49:47.092 27646 27646 W Routine@Core[4.5.00.57]: RoutineDataMigrator: canMigrate: newTag (dc_protect_battery) is not available to migrate
05-22 09:49:47.092 27646 27646 I Routine@Core[4.5.00.57]: RoutineDataMigrator: isAvailableToMigrate() newPackageName:com.samsung.android.sm_cn, newTag:dc_super_fast_cable_charging, isAvailableToMigrate:false
05-22 09:49:47.092 27646 27646 W Routine@Core[4.5.00.57]: RoutineDataMigrator: canMigrate: newTag (dc_super_fast_cable_charging) is not available to migrate
05-22 09:49:47.092 27646 27646 I Routine@Core[4.5.00.57]: RoutineDataMigrator: isAvailableToMigrate() newPackageName:com.samsung.android.app.dressroom, newTag:change_lock_screen_wallpaper_profile, isAvailableToMigrate:true
05-22 09:49:47.097 1290 3496 V WindowManager: rotationForOrientation(orient=SCREEN_ORIENTATION_UNSPECIFIED (-1), last=ROTATION_0 (0)); user=ROTATION_0 (0)
05-22 09:49:47.097 1290 3496 D WindowManager: rotationForOrientation, orientationSource=ActivityRecord{1469177 u0 org.qtproject.example.spectrum/org.qtproject.qt.android.bindings.QtActivity t49}
05-22 09:49:47.097 1290 3496 V WindowManager: Computed rotation=ROTATION_0 (0) for display id=0 based on lastOrientation=SCREEN_ORIENTATION_UNSPECIFIED (-1) and oldRotation=ROTATION_0 (0), caller=com.android.server.wm.DisplayRotation.updateOrientation:517 com.android.server.wm.DisplayContent.updateOrientation:2170 com.android.server.wm.DisplayContent.updateOrientation:2096 com.android.server.wm.RootWindowContainer.ensureVisibilityAndConfig:2072 com.android.server.wm.ActivityTaskSupervisor.realStartActivityLocked:926 com.android.server.wm.RootWindowContainer$AttachApplicationHelper.test:4280
05-22 09:49:47.098 1290 3496 D SGM:PkgDataHelper: notifyAppCreate(), pkgName: org.qtproject.example.spectrum, userId: 0, sendRet: true
05-22 09:49:47.098 1290 3496 D SGM:FgCheckThread: TaskStackListener.onTaskFocusChanged(), taskId=39, focused=false
05-22 09:49:47.098 1290 3496 D SGM:FgCheckThread: TaskStackListener.onTaskFocusChanged(), taskId=49, focused=true
05-22 09:49:47.100 1290 1980 D SGM:FgCheckThread: onLooperPrepared(), msg: MSG_APP_CREATE, pkgName: org.qtproject.example.spectrum, userId: 0
05-22 09:49:47.101 2507 2507 I HoneySpace.HistoryViewModel: Block stack change
05-22 09:49:47.105 1290 3496 D SGM:FgCheckThread: sendRunningComponentFocus(), pkgName: org.qtproject.example.spectrum, userId: 0
05-22 09:49:47.106 1290 1980 D SGM:FgCheckThread: onLooperPrepared(), msg: MSG_TASK_FOCUSED, pkgName: org.qtproject.example.spectrum, userId: 0
05-22 09:49:47.106 1290 1980 D SGM:FgCheckThread: handleTaskFocused().
05-22 09:49:47.106 1290 1980 D SGM:FgCheckThread: handleTaskFocused(), pkgName: org.qtproject.example.spectrum, userID:0
05-22 09:49:47.106 1290 1980 D SGM:FgCheckThread: handleResume().
05-22 09:49:47.106 1290 3496 D InputDispatcher: Focused application(0): ActivityRecord{1469177 u0 org.qtproject.example.spectrum/org.qtproject.qt.android.bindings.QtActivity t49}
05-22 09:49:47.106 1290 1980 D SGM:FgCheckThread: sendFocusOutConditionally() - mPrevNotiPkg: (unknown), userId: 0
05-22 09:49:47.106 1290 1980 D SGM:FgCheckThread: handleResume(). pkgName: org.qtproject.example.spectrum, userId: 0, isTunableApp: null
05-22 09:49:47.106 1290 1980 D SGM:FgCheckThread: notifyFocusInOut(). of pkg: org.qtproject.example.spectrum, type: 4, isTunableApp: false, userId: 0
05-22 09:49:47.106 1290 1980 D SGM:FgCheckThread: notifyFocusInOut(). unexpected mPrevNotiType: -1
05-22 09:49:47.106 1290 1980 D SGM:SystemHelper: callReleaseBlock needReleaseBlock:false
05-22 09:49:47.107 1290 3496 D SGM:FgCheckThread: TaskStackListener.onTaskFocusChanged(), taskId=39, focused=false
05-22 09:49:47.107 1290 3496 D SGM:FgCheckThread: TaskStackListener.onTaskFocusChanged(), taskId=49, focused=true
05-22 09:49:47.106 27768 27768 I outineUIProcess: Using CollectorTypeCC GC.
05-22 09:49:47.107 27646 27646 I Routine@Core[4.5.00.57]: RoutineDataMigrator: routineId: 1, instanceInfoList: []
05-22 09:49:47.107 27646 27646 I Routine@Core[4.5.00.57]: RoutineDataMigrator: isAvailableToMigrate() newPackageName:com.samsung.android.app.routines, newTag:nfc_on_off, isAvailableToMigrate:true
05-22 09:49:47.112 1100 27402 I QC2C2DEngine: calcYSize: unsupported or RGB color format, RGBA8888(1)
05-22 09:49:47.113 27646 27646 E Routine@Core[4.5.00.57]: RoutineDataMigrator: deprecateOldTag() ActionMeta with oldTag(nfc_on), oldPackageName(com.samsung.android.app.routines) does not exist.
05-22 09:49:47.113 27646 27646 I Routine@Core[4.5.00.57]: RoutineDataMigrator: isAvailableToMigrate() newPackageName:com.samsung.android.app.routines, newTag:vibrate_once, isAvailableToMigrate:true
05-22 09:49:47.114 27646 27646 E Routine@Core[4.5.00.57]: RoutineDataMigrator: deprecateOldTag() ActionMeta with oldTag(vibration), oldPackageName(com.samsung.android.app.routines) does not exist.
05-22 09:49:47.114 27646 27646 I Routine@Core[4.5.00.57]: RoutineDataMigrator: isAvailableToMigrate() newPackageName:com.samsung.android.app.routines, newTag:show_action_list, isAvailableToMigrate:true
05-22 09:49:47.115 27768 27768 E outineUIProcess: Not starting debugger since process cannot load the jdwp agent.
05-22 09:49:47.113 2507 18845 I HoneySpace.TaskbarVisibilityController: updateVisibility(250) isDock:false lock:false needToHide:false hideFlag:false launcher:false recent:false minus:false homePackage:false :: state 0 -> 1
05-22 09:49:47.115 984 23808 I sensors-hal: handle_sns_client_event:44, ambient_light_event: ts=45099883258657, event=92.000000
05-22 09:49:47.116 984 23808 I sensors-hal: handle_sns_client_event:44, ambient_light_event: ts=45099883500064, event=92.000000
05-22 09:49:47.116 27646 27646 I Routine@Core[4.5.00.57]: RoutineDataMigrator: deprecateOldTag() should not deprecate oldTag(show_action_list
05-22 09:49:47.117 27646 27646 I Routine@Core[4.5.00.57]: RoutineDataMigrator: migration - end
05-22 09:49:47.118 2507 2507 I HoneySpace.HistoryViewModel: Block stack change
05-22 09:49:47.119 2507 2547 I HoneySpace.TopTaskSource: onTaskFocusChanged(): taskId = 49
05-22 09:49:47.119 2507 2547 I HoneySpace.TopTaskSource: onTaskMovedToFront : taskId = 49
05-22 09:49:47.122 1290 3496 D SGM:FgCheckThread: sendRunningComponentFocus(), pkgName: org.qtproject.example.spectrum, userId: 0
05-22 09:49:47.122 1290 1980 D SGM:FgCheckThread: onLooperPrepared(), msg: MSG_TASK_FOCUSED, pkgName: org.qtproject.example.spectrum, userId: 0
05-22 09:49:47.122 1290 1980 D SGM:FgCheckThread: handleTaskFocused().
05-22 09:49:47.122 1290 1980 D SGM:FgCheckThread: handleTaskFocused(), pkgName: org.qtproject.example.spectrum, userID:0
05-22 09:49:47.122 1290 1980 D SGM:FgCheckThread: handleResume().
05-22 09:49:47.122 1290 1980 D SGM:FgCheckThread: sendFocusOutConditionally() - mPrevNotiPkg: (unknown), userId: 0
05-22 09:49:47.122 1290 1980 D SGM:FgCheckThread: handleResume(). pkgName: org.qtproject.example.spectrum, userId: 0, isTunableApp: null
05-22 09:49:47.122 1290 1980 D SGM:FgCheckThread: notifyFocusInOut(). of pkg: org.qtproject.example.spectrum, type: 4, isTunableApp: false, userId: 0
05-22 09:49:47.122 1290 1980 D SGM:FgCheckThread: notifyFocusInOut(). unexpected mPrevNotiType: -1
05-22 09:49:47.122 1290 1980 D SGM:SystemHelper: callReleaseBlock needReleaseBlock:false
05-22 09:49:47.123 27768 27768 D ActivityThread: setConscryptValidator
05-22 09:49:47.123 27646 27646 I Routine@Core[4.5.00.57]: SleepScheduleInfoRequester: getMigrationDataAboutSleepSchedule
05-22 09:49:47.124 27768 27768 D ActivityThread: setConscryptValidator - put
05-22 09:49:47.125 1290 3496 D ActivityTaskManager: scheduleTopResumedActivityChanged, onTop=true, r=ActivityRecord{1469177 u0 org.qtproject.example.spectrum/org.qtproject.qt.android.bindings.QtActivity t49}, caller=com.android.server.wm.ActivityTaskSupervisor.scheduleTopResumedActivityStateIfNeeded:2816 com.android.server.wm.ActivityTaskSupervisor.updateTopResumedActivityIfNeeded:2808 com.android.server.wm.TaskFragment.setResumedActivity:574 com.android.server.wm.TaskFragment.onActivityStateChanged:898 com.android.server.wm.ActivityRecord.setState:6766 com.android.server.wm.Task.minimalResumeActivityLocked:6075
05-22 09:49:47.126 2507 18845 I HoneySpace.HistoryViewModel: loadItems() called - 200
05-22 09:49:47.126 2507 2507 I HoneySpace.TaskbarPot: update layout state = 1
05-22 09:49:47.126 1290 3496 D WindowManagerServiceExt: notifyOccludeChangeNotice: cn=ComponentInfo{org.qtproject.example.spectrum/org.qtproject.qt.android.bindings.QtActivity} occludesParent=true isInSplitScreenMode=false styleFloating=false caller=com.android.server.wm.ActivityRecord.completeResumeLocked:7421 com.android.server.wm.Task.minimalResumeActivityLocked:6076 com.android.server.wm.ActivityTaskSupervisor.realStartActivityLocked:1152 com.android.server.wm.RootWindowContainer$AttachApplicationHelper.test:4280 com.android.server.wm.RootWindowContainer$AttachApplicationHelper.test:4230
05-22 09:49:47.126 2507 2507 I HoneySpace.TaskbarPot: updateLayout() [count=8,gesture=false,hint=true,floating=false,wide=1,isMoreTaskButton=false]
05-22 09:49:47.127 2507 2507 I HoneySpace.TaskbarPot: updateChildData: iconSize = 50 iconWidth = 74
05-22 09:49:47.127 2507 2507 I HoneySpace.HotseatPot@267372609: updateData
05-22 09:49:47.127 2507 2507 I HoneySpace.HotseatPot@267372609: updateData iconSize = 50, itemWidth = 74
05-22 09:49:47.127 2507 2507 I HoneySpace.HotseatViewModel@114184999: load hotseat enter (OneUI, containerId=5, isTaskbarChild=true)
05-22 09:49:47.128 1290 1315 D CompatibilityChangeReporter: Compat change id reported: 135634846; UID 10245; state: DISABLED
05-22 09:49:47.128 1290 1315 D CompatibilityChangeReporter: Compat change id reported: 177438394; UID 10245; state: DISABLED
05-22 09:49:47.128 1290 1315 D CompatibilityChangeReporter: Compat change id reported: 135772972; UID 10245; state: DISABLED
05-22 09:49:47.128 1290 1315 D CompatibilityChangeReporter: Compat change id reported: 135754954; UID 10245; state: ENABLED
05-22 09:49:47.129 1290 2119 D AS.MultiSoundManager: mForegroundUid = 10253
05-22 09:49:47.129 1290 2119 D AS.MultiSoundManager: mForegroundUid = 10253
05-22 09:49:47.129 1100 27402 I QC2C2DEngine: calcYSize: unsupported or RGB color format, RGBA8888(1)
05-22 09:49:47.129 1290 1705 D CompatibilityChangeReporter: Compat change id reported: 143937733; UID 10245; state: ENABLED
05-22 09:49:47.133 2507 2507 I HoneySpace.HotseatViewModel@114184999: load hotseat start(OneUI, isTaskbarChild=true)
05-22 09:49:47.133 2507 2507 I HoneySpace.HoneySpacePackageSourceImpl: getActiveItems : 43
05-22 09:49:47.133 2507 2507 I HoneySpace.HoneySpacePackageSourceImpl: getHiddenItems : 0
05-22 09:49:47.134 2507 2507 I HoneySpace.HotseatRepositoryImpl: init : honeyDataList count = 6 containerId=5 true false
05-22 09:49:47.144 27753 27753 D CompatibilityChangeReporter: Compat change id reported: 171979766; UID 10253; state: ENABLED
05-22 09:49:47.144 1290 1679 I ActivityManager: Changes in 10253 19 to 2, 0 to 63
05-22 09:49:47.144 27753 27753 D CompatibilityChangeReporter: Compat change id reported: 242716250; UID 10253; state: ENABLED
05-22 09:49:47.145 1180 1180 I BpBinder: onLastStrongRef automatically unlinking death recipients:
05-22 09:49:47.148 2507 2507 I HoneySpace.HotseatViewModel@114184999: load hotseat progress(App(item=id:24 label:Notes componnet:com.samsung.android.app.notes/.memolist.MemoListActivity#UserHandle{0} badgeCount:0 drag:false iconState:NONE, rank=0))
05-22 09:49:47.148 2507 2507 I HoneySpace.HotseatViewModel@114184999: load hotseat progress(OneUI, isTaskbarChild=true)
05-22 09:49:47.150 1290 1675 D PkgPredictorService-SecIpmManagerServiceImpl: onForegroundActivitiesChanged pid:27753 uid:10253
05-22 09:49:47.150 27768 27768 D CompatibilityChangeReporter: Compat change id reported: 171979766; UID 10047; state: ENABLED
05-22 09:49:47.151 2684 2684 D HidDeviceService: handleMessage(): msg.what=8
05-22 09:49:47.151 1290 2144 I CocktailBarManagerServiceContainer: handleMessage: entry what = 5
05-22 09:49:47.151 27768 27768 D CompatibilityChangeReporter: Compat change id reported: 242716250; UID 10047; state: ENABLED
05-22 09:49:47.151 1290 2079 V NetworkPolicy: getFirewallRuleWifi UID:10253 policy:0
05-22 09:49:47.152 2507 2507 I HoneySpace.HotseatViewModel@114184999: load hotseat progress(App(item=id:25 label:My Files componnet:com.sec.android.app.myfiles/.ui.MainActivity#UserHandle{0} badgeCount:0 drag:false iconState:NONE, rank=1))
05-22 09:49:47.152 2507 2507 I HoneySpace.HotseatViewModel@114184999: load hotseat progress(OneUI, isTaskbarChild=true)
05-22 09:49:47.154 1100 27402 I QC2C2DEngine: calcYSize: unsupported or RGB color format, RGBA8888(1)
05-22 09:49:47.155 1290 3699 D CompatibilityChangeReporter: Compat change id reported: 170503758; UID 10253; state: ENABLED
05-22 09:49:47.158 6816 7196 I Rubin : [68] nb.a.c(Unknown Source) : Notify com.samsung.android.rubin.inferenceengine.contextanalytics.engine.loggers.e's database is updated.
05-22 09:49:47.158 1290 1679 I GameSDK@LifeCycle: noteResumeComponent(): package name : org.qtproject.example.spectrum
05-22 09:49:47.158 1290 1679 D SGM:FgCheckThread: noteResumeComponent(), received pkgName: org.qtproject.example.spectrum, userId: 0
05-22 09:49:47.159 1290 1980 D SGM:FgCheckThread: onLooperPrepared(), msg: MSG_APP_RESUME, pkgName: org.qtproject.example.spectrum, userid: 0
05-22 09:49:47.159 1290 1980 D SGM:FgCheckThread: handleResume().
05-22 09:49:47.159 1290 1980 D SGM:FgCheckThread: sendFocusOutConditionally() - mPrevNotiPkg: (unknown), userId: 0
05-22 09:49:47.159 1290 1980 D SGM:FgCheckThread: handleResume(). pkgName: org.qtproject.example.spectrum, userId: 0, isTunableApp: null
05-22 09:49:47.159 1290 1980 D SGM:FgCheckThread: notifyFocusInOut(). of pkg: org.qtproject.example.spectrum, type: 4, isTunableApp: false, userId: 0
05-22 09:49:47.159 1290 1980 D SGM:FgCheckThread: notifyFocusInOut(). unexpected mPrevNotiType: -1
05-22 09:49:47.159 1290 1980 D SGM:SystemHelper: callReleaseBlock needReleaseBlock:false
05-22 09:49:47.160 2507 2507 I HoneySpace.HotseatViewModel@114184999: load hotseat progress(App(item=id:26 label:Calendar componnet:com.samsung.android.calendar/com.samsung.android.app.calendar.activity.MainActivity#UserHandle{0} badgeCount:0 drag:false iconState:NONE, rank=2))
05-22 09:49:47.160 2507 2507 I HoneySpace.HotseatViewModel@114184999: load hotseat progress(OneUI, isTaskbarChild=true)
