05-22 09:49:46.828 1290 4233 W WindowManager: setSyncMethod, id=35, method=0, caller=com.android.server.wm.Transition.startCollecting:699 com.android.server.wm.TransitionController.moveToCollecting:343 com.android.server.wm.TransitionController.createAndStartCollecting:1674
05-22 09:49:46.828 1290 4233 V WindowManager: Start collecting in Transition: TransitionRecord{5d64776 id=35 type=OPEN flags=0x0}, caller=com.android.server.wm.TransitionController.createAndStartCollecting:1674 com.android.server.wm.ActivityStarter.startActivityUnchecked:2252 com.android.server.wm.ActivityStarter.executeRequest:1845 com.android.server.wm.ActivityStarter.execute:1004 com.android.server.wm.ActivityTaskManagerService.startActivityAsUser:1959
05-22 09:49:46.828 1290 4233 V WindowManager: Collecting in transition 35: ActivityRecord{1469177 u0 org.qtproject.example.spectrum/org.qtproject.qt.android.bindings.QtActivity, caller=com.android.server.wm.TransitionController.collect:872 com.android.server.wm.ActivityStarter.startActivityUnchecked:2256 com.android.server.wm.ActivityStarter.executeRequest:1845 com.android.server.wm.ActivityStarter.execute:1004 com.android.server.wm.ActivityTaskManagerService.startActivityAsUser:1959
05-22 09:49:46.829 1290 4233 D ActivityTaskManager: TaskLaunchParamsModifier:task=null activity=ActivityRecord{1469177 u0 org.qtproject.example.spectrum/org.qtproject.qt.android.bindings.QtActivity t-1} display-id=0 task-display-area-windowing-mode=1 suggested-display-area=DefaultTaskDisplayArea_d0@171647055
05-22 09:49:46.829 1290 4233 D [secipm]: mSecIpmManager Preload org.qtproject.example.spectrum dex files
05-22 09:49:46.830 27646 27646 I AbstractProxyReflection: initializeProxyReflectionByClass Create proxy instance for class : com.samsung.android.app.usage.IUsageStatsWatcher$Stub
05-22 09:49:46.830 27646 27646 I AbstractProxyReflection: initializeProxyReflectionByClass Create proxy instance for class : com.samsung.android.app.usage.IUsageStatsWatcher$Stub
05-22 09:49:46.830 1290 4233 D ActivityTaskManager: TaskLaunchParamsModifier:task=null activity=ActivityRecord{1469177 u0 org.qtproject.example.spectrum/org.qtproject.qt.android.bindings.QtActivity t-1} display-id=0 task-display-area-windowing-mode=1 suggested-display-area=DefaultTaskDisplayArea_d0@171647055 non-freeform-task-display-area display-area=DefaultTaskDisplayArea_d0@171647055 default-portrait freeform-size-mismatch=Rect(312, 510 - 888, 1374)
05-22 09:49:46.830 27646 27646 I AbstractProxyReflection: Create proxy instance for interface : android.hardware.input.InputManager$SemOnSwitchEventChangedListener
05-22 09:49:46.832 27646 27646 I Routine@Core[4.5.00.57]: WatchingConditions: clear
05-22 09:49:46.832 27646 27646 I Routine@Core[4.5.00.57]: Pref: removeSharedPrefsData() key=condition_launch_app_data_resume_pkg
05-22 09:49:46.832 1290 3026 I SemDvfsHyPerManager: acquire hyper - AMS_APP_SWITCH/1290@31, type = -999
05-22 09:49:46.832 987 1117 I HYPER-HAL: [RequestManager.cpp]acquire(): Acquired ID : 873212 [1290 / 31] HINT : AMS_APP_SWITCH list :
05-22 09:49:46.833 27646 27646 I Routine@Core[4.5.00.57]: AppLifecycleWatcher: updateUsageStateWatcher: 0
05-22 09:49:46.833 1180 2018 I SurfaceFlinger: id=614 createSurf, flag=24004, Task=49#614
05-22 09:49:46.833 1180 1283 W ComposerExtn: DisplayExtnImpl::SetActiveConfig: HWC Display 0 is not registered!
05-22 09:49:46.834 27646 27646 I Routine@Core[4.5.00.57]: ActivityWatcherForSolo: unregister
05-22 09:49:46.835 987 1117 I HYPER-HAL: [ResourceManager.cpp]updateResource(): [CPULittleMinFreq] UpdateResource Request ID : 873212 Value : 1804800
05-22 09:49:46.835 1290 3026 D ActivityManagerPerformance: AMP_acquire() APP_SWITCH
05-22 09:49:46.835 1290 4233 D ActivityTaskManager: TaskLaunchParamsModifier:task=Task{7d76502 #49 type=standard A=10253:org.qtproject.example.spectrum} activity=ActivityRecord{1469177 u0 org.qtproject.example.spectrum/org.qtproject.qt.android.bindings.QtActivity t-1} display-from-focus=0 display-id=0 task-display-area-windowing-mode=1 suggested-display-area=DefaultTaskDisplayArea_d0@171647055 inherit-from-task=fullscreen non-freeform-task-display-area display-area=DefaultTaskDisplayArea_d0@171647055 default-portrait freeform-size-mismatch=Rect(312, 510 - 888, 1374)
05-22 09:49:46.835 27646 27646 I Routine@Core[4.5.00.57]: WatchingConditions: clear
05-22 09:49:46.835 1290 4233 V WindowManager: Collecting in transition 35: Task{7d76502 #49 type=standard A=10253:org.qtproject.example.spectrum}, caller=com.android.server.wm.Transition.collectExistenceChange:893 com.android.server.wm.TransitionController.collectExistenceChange:914 com.android.server.wm.ActivityStarter.setNewTask:4583 com.android.server.wm.ActivityStarter.startActivityInner:2829 com.android.server.wm.ActivityStarter.startActivityUnchecked:2259
05-22 09:49:46.835 3538 3538 I SDHMS:o : update midground cpus to 0-1
05-22 09:49:46.835 27646 27646 I Routine@Core[4.5.00.57]: Pref: removeSharedPrefsData() key=condition_launch_app_data_resume_pkg
05-22 09:49:46.836 1290 4233 D CompatibilityChangeReporter: Compat change id reported: 184838306; UID 10253; state: DISABLED
05-22 09:49:46.836 1290 4233 D CompatibilityChangeReporter: Compat change id reported: 185004937; UID 10253; state: DISABLED
05-22 09:49:46.836 27646 27646 I Routine@Core[4.5.00.57]: PreloadConditionService: onEnd: tag=launch_app, stop service.
05-22 09:49:46.836 27646 27646 I Routine@Core[4.5.00.57]: ServiceExt: setServiceForeground: isForeground=false, reason=PRELOAD_CONDITION_SERVICE
05-22 09:49:46.836 1180 1231 I SurfaceFlinger: id=615 createSurf, flag=84004, ActivityRecord{1469177 u0 org.qtproject.example.spectrum/org.qtproject.qt.android.bindings.QtActivity t49}#615
05-22 09:49:46.837 987 1117 E HYPER-HAL: [HandlerSysfs.cpp]doResourceHandling(): Couldn't Open Sysfs - /sys/class/scsi_host/host0/../../../clkscale_enable
05-22 09:49:46.838 1290 4233 D ActivityTaskManager: scheduleTopResumedActivityChanged, onTop=false, r=ActivityRecord{dd20507 u0 com.sec.android.app.launcher/.activities.LauncherActivity t39}, caller=com.android.server.wm.ActivityTaskSupervisor.updateTopResumedActivityIfNeeded:2785 com.android.server.wm.TaskDisplayArea.positionChildTaskAt:566 com.android.server.wm.TaskDisplayArea.positionChildAt:482 com.android.server.wm.Task.moveToFront:5960 com.android.server.wm.ActivityStarter.startActivityInner:2857 com.android.server.wm.ActivityStarter.startActivityUnchecked:2259
05-22 09:49:46.840 1290 4233 V WindowManager: Checking theme of starting window: 0x0
05-22 09:49:46.840 1290 4233 D CompatibilityChangeReporter: Compat change id reported: 205907456; UID 10253; state: ENABLED
05-22 09:49:46.840 1290 4233 V WindowManager: Creating SplashScreenStartingData
05-22 09:49:46.840 1290 4233 D ActivityTaskManager: Add starting ActivityRecord{1469177 u0 org.qtproject.example.spectrum/org.qtproject.qt.android.bindings.QtActivity t49}: typeParam=139 startingData=com.android.server.wm.SplashScreenStartingData@2760a49
05-22 09:49:46.841 1290 4233 V WindowManager: Added starting ActivityRecord{1469177 u0 org.qtproject.example.spectrum/org.qtproject.qt.android.bindings.QtActivity t49}: startingWindow=null startingView=com.android.server.wm.StartingSurfaceController$StartingSurface@dacf4e
05-22 09:49:46.841 1007 1007 I SDM : HWDeviceDRM::UpdateMixerAttributes: Mixer WxH 1200x1920-0 for Peripheral
05-22 09:49:46.841 27646 27646 I Routine@Core[4.5.00.57]: WatchingConditions: clear
05-22 09:49:46.841 987 1117 I HYPER-HAL: [ResourceManager.cpp]updateResource(): [CPUMinFreq] UpdateResource Request ID : 873212 Value : 2208000
05-22 09:49:46.841 27646 27646 I Routine@Core[4.5.00.57]: Pref: removeSharedPrefsData() key=condition_launch_game_data_resume_pkg
05-22 09:49:46.842 1290 4233 V WindowManager: Collecting in transition 35: ActivityRecord{1469177 u0 org.qtproject.example.spectrum/org.qtproject.qt.android.bindings.QtActivity t49}, caller=com.android.server.wm.Transition.collectExistenceChange:893 com.android.server.wm.TransitionController.collectExistenceChange:914 com.android.server.wm.ActivityStarter.handleStartResult:2442 com.android.server.wm.ActivityStarter.startActivityUnchecked:2264 com.android.server.wm.ActivityStarter.executeRequest:1845
05-22 09:49:46.842 1007 1007 I SDM : HWCDisplay::SubmitDisplayConfig: Active configuration changed to: 0
05-22 09:49:46.842 1290 4233 V WindowManager: Requesting StartTransition: TransitionRecord{5d64776 id=35 type=OPEN flags=0x0}, caller=com.android.server.wm.ActivityStarter.handleStartResult:2476 com.android.server.wm.ActivityStarter.startActivityUnchecked:2264 com.android.server.wm.ActivityStarter.executeRequest:1845 com.android.server.wm.ActivityStarter.execute:1004 com.android.server.wm.ActivityTaskManagerService.startActivityAsUser:1959
05-22 09:49:46.843 1290 4233 I ActivityTaskManager: START u0 {flg=0x10000000 cmp=org.qtproject.example.spectrum/org.qtproject.qt.android.bindings.QtActivity} with LAUNCH_SINGLE_TOP from uid 2000 (BAL_ALLOW_PERMISSION) result code=0
05-22 09:49:46.843 1290 4233 I Pageboost: stop alp
05-22 09:49:46.843 1290 4233 I SemDvfsHyPerManager: acquire hyper - AMS_APP_LAUNCH/1290@17, type = -999
05-22 09:49:46.843 27646 27646 I Routine@Core[4.5.00.57]: AppLifecycleWatcher: updateUsageStateWatcher: 0
05-22 09:49:46.843 27646 27646 I Routine@Core[4.5.00.57]: ActivityWatcherForSolo: unregister
05-22 09:49:46.843 3090 3090 E pageboostd: Received HALT command code 2
05-22 09:49:46.844 2254 2320 V WindowManagerShell: Transition requested: android.os.BinderProxy@5bc3ea8 TransitionRequestInfo { type = OPEN, triggerTask = TaskInfo{userId=0 taskId=49 displayId=0 isRunning=true baseIntent=Intent { flg=0x10000000 cmp=org.qtproject.example.spectrum/org.qtproject.qt.android.bindings.QtActivity } baseActivity=ComponentInfo{org.qtproject.example.spectrum/org.qtproject.qt.android.bindings.QtActivity} topActivity=ComponentInfo{org.qtproject.example.spectrum/org.qtproject.qt.android.bindings.QtActivity} origActivity=null realActivity=ComponentInfo{org.qtproject.example.spectrum/org.qtproject.qt.android.bindings.QtActivity} numActivities=1 lastActiveTime=45099613 supportsMultiWindow=true resizeMode=1 isResizeable=true minWidth=-1 minHeight=-1 maxWidth=-1 maxHeight=-1 defaultMinSize=220 token=WCT{android.window.IWindowContainerToken$Stub$Proxy@212d966} topActivityType=1 pictureInPictureParams=null shouldDockBigOverlays=false launchIntoPipHostTaskId=-1 lastParentTaskIdBeforePip=-1 displayCutoutSafeInsets=null topActivityInfo=ActivityInfo{b27d4a7 org.qtproject.qt.android.bindings.QtActivity} launchCookies=[] positionInParent=Point(0, 0) parentTaskId=-1 isFocused=false isVisible=false isVisibleRequested=false isSleeping=false topActivityInSizeCompat=false topActivityEligibleForLetterboxEducation= false topActivityLetterboxed= false isFromDoubleTap= false topActivityLetterboxVerticalPosition= -1 topActivityLetterboxHorizontalPosition= -1 topActivityLetterboxWidth=-1 topActivityLetterboxHeight=-1 locusId=null displayAreaFeatureId=1 cameraCompatControlState=hidden originallySupportedMultiWindow=true hasWallpaper=false topActivityInFixedAspectRatio=false rootAffinity=10253:org.qtproject.example.spectrum topActivityInDisplayCompat=false topActivityInBoundsCompat=false topActivityBounds=null singleTapFromLetterbox=false isTopTaskInStage=false topActivityUiMode=17 CoverLauncherWidgetTask=false CoverScreenTask=false isAllowedSeamlessRotation=false}, remoteTransition = null, displayChange = null }
05-22 09:49:46.844 27646 27646 I Routine@Core[4.5.00.57]: WatchingConditions: clear
05-22 09:49:46.844 27646 27646 I Routine@Core[4.5.00.57]: Pref: removeSharedPrefsData() key=condition_launch_game_data_resume_pkg
05-22 09:49:46.845 27646 27646 I Routine@Core[4.5.00.57]: PreloadConditionService: onEnd: tag=launch_game, stop service.
05-22 09:49:46.845 27646 27646 I Routine@Core[4.5.00.57]: ServiceExt: setServiceForeground: isForeground=false, reason=PRELOAD_CONDITION_SERVICE
05-22 09:49:46.846 2254 2341 W ShellStartingWindow: Window background is translucent, fill background with black color
05-22 09:49:46.846 987 1117 I HYPER-HAL: [RequestManager.cpp]acquire(): Acquired ID : 854795 [1290 / 17] HINT : AMS_APP_LAUNCH list :
05-22 09:49:46.847 987 1117 I HYPER-HAL: [ResourceManager.cpp]updateResource(): [CPULittleMinFreq] UpdateResource Request ID : 854795 Value : 1804800
05-22 09:49:46.849 1387 1549 I CameraService: onUidStateChanged: uid=10047, procState is changed. (0 -> 1)
05-22 09:49:46.849 987 1117 E HYPER-HAL: [HandlerSysfs.cpp]doResourceHandling(): Couldn't Open Sysfs - /sys/class/scsi_host/host0/../../../clkscale_enable
05-22 09:49:46.850 987 1117 I HYPER-HAL: [ResourceManager.cpp]updateResource(): [CPUMinFreq] UpdateResource Request ID : 854795 Value : 2208000
05-22 09:49:46.850 2254 2344 D NativeCustomFrequencyManager: [NativeCFMS] BpCustomFrequencyManager::BpCustomFrequencyManager()
05-22 09:49:46.852 27621 27621 I Finsky:background: [2] ldb.i(82): Process created at version: 41.0.28-31 [0] [PR] 633720010
05-22 09:49:46.854 1290 2336 D InputTransport: Input channel constructed: 'b0c0205', fd=914
05-22 09:49:46.854 1290 2336 D InputTransport: Input channel constructed: 'b0c0205', fd=932
05-22 09:49:46.854 1290 2336 D InputTransport: Input channel constructed: 'b0c0205', fd=349
05-22 09:49:46.854 3538 3538 I SDHMS:o : update midground cpus to 0-1
05-22 09:49:46.854 1290 2336 D WindowManager: prepareSync , mPrepareSyncSeqId=0, win=Window{b0c0205 u0 Splash Screen org.qtproject.example.spectrum}
05-22 09:49:46.855 1180 1231 I SurfaceFlinger: id=616 createSurf, flag=84004, b0c0205 Splash Screen org.qtproject.example.spectrum#616
05-22 09:49:46.856 1290 2336 V WindowManager: addWindow: ActivityRecord{1469177 u0 org.qtproject.example.spectrum/org.qtproject.qt.android.bindings.QtActivity t49} startingWindow=Window{b0c0205 u0 Splash Screen org.qtproject.example.spectrum}
05-22 09:49:46.856 1290 2336 D InputTransport: Input channel destroyed: 'b0c0205', fd=349
05-22 09:49:46.857 2507 2507 I HoneySpace.BackgroundManagerImpl: capturedBlurView: pause(com.sec.android.app.launcher.Launcher@5bbc43c, 96191548)
05-22 09:49:46.857 2507 2507 I HoneySpace.BackgroundManagerImpl: cachedBlurView: pause(com.sec.android.app.launcher.Launcher@5bbc43c, 96191548)
05-22 09:49:46.857 2507 2507 I HoneySpace.Launcher: !@Boot_EBS_D: Launcher.onPause()
05-22 09:49:46.857 2507 2507 I HoneySpace.Launcher: updateLauncherShowing true -> false
05-22 09:49:46.857 2254 2340 I InsetsController: onStateChanged: host=Splash Screen org.qtproject.example.spectrum, from=android.view.ViewRootImpl.setView:1744, state=InsetsState: {mDisplayFrame=Rect(0, 0 - 1200, 1920), mDisplayCutout=DisplayCutout{insets=Rect(0, 0 - 0, 0) waterfall=Insets{left=0, top=0, right=0, bottom=0} boundingRect={Bounds=[Rect(0, 0 - 0, 0), Rect(0, 0 - 0, 0), Rect(0, 0 - 0, 0), Rect(0, 0 - 0, 0)]} cutoutPathParserInfo={CutoutPathParserInfo{displayWidth=0 displayHeight=0 physicalDisplayWidth=0 physicalDisplayHeight=0 density={0.0} cutoutSpec={} rotation={0} scale={0.0} physicalPixelDisplaySizeRatio={0.0}}}}, mRoundedCorners=RoundedCorners{[RoundedCorner{position=TopLeft, radius=20, center=Point(20, 20)}, RoundedCorner{position=TopRight, radius=20, center=Point(1180, 20)}, RoundedCorner{position=BottomRight, radius=20, center=Point(1180, 1900)}, RoundedCorner{position=BottomLeft, radius=20, center=Point(20, 1900)}]} mRoundedCornerFrame=Rect(0, 0 - 1200, 1920), mPrivacyIndicatorBounds=PrivacyIndicatorBounds {static bounds=Rect(1134, 0 - 1200, 36) rotation=0}, mDisplayShape=DisplayShape{ spec=1237991957 displayWidth=1200 displayHeight=1920 physicalPixelDisplaySizeRatio=1.0 rotation=0 offsetX=0 offsetY=0 scale=1.0}, mSources= { InsetsSource: {e5a60000 mType=statusBars mFrame=[0,0][1200,36] mVisible=true mFlags=[]}, InsetsSource: {e5a60005 mType=mandatorySystemGestures mFrame=[0,0][1200,36] mVisible=true mFlags=[]}, InsetsSource: {e5a60006 mType=tappableElement mFrame=[0,0][1200,36] mVisible=true mFlags=[]}, InsetsSource: {62aa0001 mType=navigationBars mFrame=[0,1848][1200,1920] mVisible=true mFlags=[]}, InsetsSource: {62aa0004 mType=systemGestures mFrame=[0,0][0,0] mVisible=true mFlags=[]}, InsetsSource: {62aa0005 mType=mandatorySystemGestures mFrame=[0,1848][1200,1920] mVisible=true mFlags=[]}, InsetsSource: {62aa0006 mType=tappableElement mFrame=[0,1848][1200,1920] mVisible=true mFlags=[]}, InsetsSource: {62aa0024 mType=systemGestures mFrame=[0,0][0,0] mVisible=true mFlags=[]} }
05-22 09:49:46.858 2254 2340 I ViewRootImpl@3fe3ac0[spectrum]: synced displayState. AttachInfo displayState=2
05-22 09:49:46.858 2507 26358 I HoneySpace.SPayHandler: updateSpayHandler launcher activity is paused false
05-22 09:49:46.858 2254 2340 I ViewRootImpl@3fe3ac0[spectrum]: setView = android.widget.FrameLayout@9ec42ec TM=true
05-22 09:49:46.858 2507 23913 I HoneySpace.TaskbarVisibilityController: launcher showing: false recent showing: false
05-22 09:49:46.858 2254 2344 D OpenGLRenderer: HWUI - treat SMPTE_170M as sRGB
05-22 09:49:46.861 1290 4244 V WindowManager: Collecting in transition 35: ActivityRecord{1469177 u0 org.qtproject.example.spectrum/org.qtproject.qt.android.bindings.QtActivity t49}, caller=com.android.server.wm.TransitionController.collect:872 com.android.server.wm.ActivityRecord.setVisibility:6290 com.android.server.wm.ActivityRecord.setVisibility:6237 com.android.server.wm.EnsureActivitiesVisibleHelper.makeVisibleAndRestartIfNeeded:327 com.android.server.wm.EnsureActivitiesVisibleHelper.setActivityVisibilityState:251
05-22 09:49:46.861 1290 4244 V WindowManager: Collecting in transition 35: ActivityRecord{dd20507 u0 com.sec.android.app.launcher/.activities.LauncherActivity t39}, caller=com.android.server.wm.TransitionController.collect:872 com.android.server.wm.ActivityRecord.setVisibility:6290 com.android.server.wm.ActivityRecord.setVisibility:6237 com.android.server.wm.ActivityRecord.makeInvisible:7092 com.android.server.wm.EnsureActivitiesVisibleHelper.setActivityVisibilityState:294
05-22 09:49:46.862 1290 4244 D WindowManager: prepareSync , mPrepareSyncSeqId=0, win=Window{efc3866 u0 com.sec.android.app.launcher/com.sec.android.app.launcher.activities.LauncherActivity}
05-22 09:49:46.862 1290 4244 V WindowManager: Collecting in transition 35: WallpaperWindowToken{e479a8b token=android.os.Binder@bedbf7c}, caller=com.android.server.wm.Transition.collect:811 com.android.server.wm.TransitionController.collect:872 com.android.server.wm.ActivityRecord.setVisibility:6290 com.android.server.wm.ActivityRecord.setVisibility:6237 com.android.server.wm.ActivityRecord.makeInvisible:7092
05-22 09:49:46.862 1290 4244 D WindowManager: VisibleRequested updated, r=ActivityRecord{dd20507 u0 com.sec.android.app.launcher/.activities.LauncherActivity t39}
05-22 09:49:46.862 1290 4244 V WindowManager: Collecting in transition 35: WallpaperWindowToken{e479a8b token=android.os.Binder@bedbf7c}, caller=com.android.server.wm.TransitionController.collect:872 com.android.server.wm.WallpaperWindowToken.setVisibility:208 com.android.server.wm.WallpaperWindowToken.updateWallpaperWindows:155 com.android.server.wm.WallpaperController.updateWallpaperTokens:925 com.android.server.wm.WallpaperController.adjustWallpaperWindows:969
05-22 09:49:46.865 2254 2254 D SamsungLightBarControlHelper: onStatusBarAppearanceChanged() - sbModeChanged:false, statusBarMode:0, barState:MODE_TRANSPARENT, isKeyguardShowing:false, navbarColorManagedByIme:false, stackAppearanceChanged:true, (), packageName:com.sec.android.app.launcher
05-22 09:49:46.865 2254 2254 D TaskbarDelegate: onSystemBarAttributesChanged() - displayId:0, appearance:0, navbarColorManagedByIme: false, packageName: com.sec.android.app.launcher
05-22 09:49:46.866 2507 2546 I HoneySpace.TaskbarEventTracker: invokeEvent() called with: event = OnSystemBarAttributesChanged(displayId=0, behavior=2)
05-22 09:49:46.866 2507 2546 I HoneySpace.TaskbarEventTracker: invokeEvent() called with: event = HandleNavigationBarEvent(eventData=NavBarEvents(eventType=ON_APPEARANCE_CHANGED, iconType=null, remoteViewBundle=null, iconBitmapBundle=null, orderDefault=true, position=0, rotationLocked=false, transientShowing=false, appearance=0, pluginBundle=null, hiddenByKnox=false, insetsBundle=null))
05-22 09:49:46.866 1290 4244 D WindowManager: updateSystemBarAttributes: displayId=0, win=Window{efc3866 u0 com.sec.android.app.launcher/com.sec.android.app.launcher.activities.LauncherActivity}, navColorWin=null, focusedCanBeNavColorWin=false, behavior=2, appearance=0, statusBarAppearanceRegions=[], requestedVisibilities=-9, from=com.android.server.wm.DisplayPolicy.finishPostLayoutPolicyLw:2310 com.android.server.wm.DisplayContent.applySurfaceChangesTransaction:6135 com.android.server.wm.RootWindowContainer.applySurfaceChangesTransaction:1171
05-22 09:49:46.867 2507 2507 I HoneySpace.TaskbarPot: HandleNavigationBarEvent: ON_APPEARANCE_CHANGED
05-22 09:49:46.867 2507 2507 I HoneySpace.TaskbarPot: updateAppearance appearance:0
05-22 09:49:46.868 1290 3496 V WindowManager: Starting Transition 35, caller=com.android.server.wm.WindowOrganizerController.startTransition:372 com.android.server.wm.WindowOrganizerController.startTransition:303 android.window.IWindowOrganizerController$Stub.onTransact:257
05-22 09:49:46.868 1290 3496 V Transition: allReady query: used=true, override=false, defer=0, states=Display{#0 state=ON size=1200x1920 ROTATION_0}:false
05-22 09:49:46.870 1290 2336 V WindowManager: Relayout Window{b0c0205 u0 Splash Screen org.qtproject.example.spectrum}: viewVisibility=0 req=1200x1920 ty=3 d0
05-22 09:49:46.870 27646 27646 I Routine@Core[4.5.00.57]: MediaConditionUtils: isNeedToUnregister: result(true)
05-22 09:49:46.870 1290 2336 D RestrictionPolicy: isScreenCaptureEnabled : ret=true userId=0
05-22 09:49:46.870 27646 27646 I Routine@Core[4.5.00.57]: MediaPlayConditionImpl: reloadCondition: isRunning(false)
05-22 09:49:46.870 27646 27646 I Routine@Core[4.5.00.57]: MediaPlayConditionImpl: unregisterMediaSessionListener
05-22 09:49:46.870 1180 2018 I SurfaceFlinger: id=617 createSurf, flag=44004, Splash Screen org.qtproject.example.spectrum$_2254#617
05-22 09:49:46.871 1290 2336 D WindowManager: makeSurface duration=1 name=Splash Screen org.qtproject.example.spectrum$_2254
05-22 09:49:46.874 1290 2336 V WindowManager: Changing focus from Window{efc3866 u0 com.sec.android.app.launcher/com.sec.android.app.launcher.activities.LauncherActivity} to null displayId=0 Callers=com.android.server.wm.RootWindowContainer.updateFocusedWindowLocked:569 com.android.server.wm.WindowManagerService.updateFocusedWindowLocked:6797 com.android.server.wm.WindowManagerService.relayoutWindow:2756 com.android.server.wm.Session.relayout:270
05-22 09:49:46.874 1290 2336 V WindowManager: rotationForOrientation(orient=SCREEN_ORIENTATION_UNSPECIFIED (-1), last=ROTATION_0 (0)); user=ROTATION_0 (0)
05-22 09:49:46.874 1290 2336 D WindowManager: rotationForOrientation, orientationSource=ActivityRecord{1469177 u0 org.qtproject.example.spectrum/org.qtproject.qt.android.bindings.QtActivity t49}
05-22 09:49:46.874 1290 1315 D CoreBackPreview: Window{b0c0205 u0 Splash Screen org.qtproject.example.spectrum}: Setting back callback OnBackInvokedCallbackInfo{mCallback=android.window.IOnBackInvokedCallback$Stub$Proxy@629ec8b, mPriority=0, mIsAnimationCallback=false}
05-22 09:49:46.875 1290 2336 V WindowManager: Relayout hash=b0c0205, pid=2254, syncId=-1: mAttrs={(0,0)(fillxfill) sim={adjust=pan} ty=APPLICATION_STARTING fmt=TRANSLUCENT wanim=0x10302f2
05-22 09:49:46.875 1290 2336 V WindowManager: fl=81030118
05-22 09:49:46.875 1290 2336 V WindowManager: pfl=16000010
05-22 09:49:46.875 1290 2336 V WindowManager: apr=LIGHT_STATUS_BARS LIGHT_NAVIGATION_BARS
05-22 09:49:46.875 1290 2336 V WindowManager: bhv=DEFAULT
05-22 09:49:46.875 1290 2336 V WindowManager: fitSides= naviIconColor=0}
05-22 09:49:46.875 2254 2340 I InsetsController: onStateChanged: host=Splash Screen org.qtproject.example.spectrum, from=android.view.ViewRootImpl.relayoutWindow:10001, state=InsetsState: {mDisplayFrame=Rect(0, 0 - 1200, 1920), mDisplayCutout=DisplayCutout{insets=Rect(0, 0 - 0, 0) waterfall=Insets{left=0, top=0, right=0, bottom=0} boundingRect={Bounds=[Rect(0, 0 - 0, 0), Rect(0, 0 - 0, 0), Rect(0, 0 - 0, 0), Rect(0, 0 - 0, 0)]} cutoutPathParserInfo={CutoutPathParserInfo{displayWidth=0 displayHeight=0 physicalDisplayWidth=0 physicalDisplayHeight=0 density={0.0} cutoutSpec={} rotation={0} scale={0.0} physicalPixelDisplaySizeRatio={0.0}}}}, mRoundedCorners=RoundedCorners{[RoundedCorner{position=TopLeft, radius=20, center=Point(20, 20)}, RoundedCorner{position=TopRight, radius=20, center=Point(1180, 20)}, RoundedCorner{position=BottomRight, radius=20, center=Point(1180, 1900)}, RoundedCorner{position=BottomLeft, radius=20, center=Point(20, 1900)}]} mRoundedCornerFrame=Rect(0, 0 - 1200, 1920), mPrivacyIndicatorBounds=PrivacyIndicatorBounds {static bounds=Rect(1134, 0 - 1200, 36) rotation=0}, mDisplayShape=DisplayShape{ spec=1237991957 displayWidth=1200 displayHeight=1920 physicalPixelDisplaySizeRatio=1.0 rotation=0 offsetX=0 offsetY=0 scale=1.0}, mSources= { InsetsSource: {e5a60000 mType=statusBars mFrame=[0,0][1200,36] mVisible=true mFlags=[]}, InsetsSource: {e5a60005 mType=mandatorySystemGestures mFrame=[0,0][1200,36] mVisible=true mFlags=[]}, InsetsSource: {e5a60006 mType=tappableElement mFrame=[0,0][1200,36] mVisible=true mFlags=[]}, InsetsSource: {3 mType=ime mFrame=[0,0][0,0] mVisible=false mFlags=[]}, InsetsSource: {62aa0001 mType=navigationBars mFrame=[0,1848][1200,1920] mVisible=true mFlags=[]}, InsetsSource: {62aa0004 mType=systemGestures mFrame=[0,0][0,0] mVisible=true mFlags=[]}, InsetsSource: {62aa0005 mType=mandatorySystemGestures mFrame=[0,1848][1200,1920] mVisible=true mFlags=[]}, InsetsSource: {62aa0006 mType=tappableElement mFrame=[0,1848][1200,1920] mVisible=true mFlags=[]}, InsetsSource: {62aa0024 mType=systemGestures mFrame=[0,0][0,0] mVisible=true mFlags=[]} }
05-22 09:49:46.876 1290 1703 D PackageSettings: ++ writeStateForUserSyncLPr(0)
05-22 09:49:46.876 2254 2340 I BLASTBufferQueue_Java: new BLASTBufferQueue, mName= ViewRootImpl@3fe3ac0[spectrum] mNativeObject= 0xb400007086904c00 sc.mNativeObject= 0xb4000070875c93c0 caller= android.view.ViewRootImpl.updateBlastSurfaceIfNeeded:3015 android.view.ViewRootImpl.relayoutWindow:10060 android.view.ViewRootImpl.performTraversals:4092 android.view.ViewRootImpl.doTraversal:3275 android.view.ViewRootImpl$TraversalRunnable.run:11268 android.view.Choreographer$CallbackRecord.run:1650 android.view.Choreographer$CallbackRecord.run:1659 android.view.Choreographer.doCallbacks:1129 android.view.Choreographer.doFrame:1055 android.view.Choreographer$FrameDisplayEventReceiver.run:1622
05-22 09:49:46.876 1290 1703 W PackageSettings: -- writeStateForUserSyncLPr(0)
05-22 09:49:46.876 2254 2340 I BLASTBufferQueue_Java: update, w= 1200 h= 1920 mName = ViewRootImpl@3fe3ac0[spectrum] mNativeObject= 0xb400007086904c00 sc.mNativeObject= 0xb4000070875c93c0 format= -3 caller= android.graphics.BLASTBufferQueue.:89 android.view.ViewRootImpl.updateBlastSurfaceIfNeeded:3015 android.view.ViewRootImpl.relayoutWindow:10060 android.view.ViewRootImpl.performTraversals:4092 android.view.ViewRootImpl.doTraversal:3275 android.view.ViewRootImpl$TraversalRunnable.run:11268
05-22 09:49:46.876 2254 2340 I ViewRootImpl@3fe3ac0[spectrum]: Relayout returned: old=(0,0,1200,1920) new=(0,0,1200,1920) relayoutAsync=false req=(1200,1920)0 dur=12 res=0x403 s={true 0xb400007090c55800} ch=true seqId=0
05-22 09:49:46.877 2254 2340 D ViewRootImpl@3fe3ac0[spectrum]: mThreadedRenderer.initialize() mSurface={isValid=true 0xb400007090c55800} hwInitialized=true
05-22 09:49:46.878 2254 2340 D ViewRootImpl@3fe3ac0[spectrum]: reportNextDraw android.view.ViewRootImpl.performTraversals:4694 android.view.ViewRootImpl.doTraversal:3275 android.view.ViewRootImpl$TraversalRunnable.run:11268 android.view.Choreographer$CallbackRecord.run:1650 android.view.Choreographer$CallbackRecord.run:1659
05-22 09:49:46.878 2254 2340 D ViewRootImpl@3fe3ac0[spectrum]: Setup new sync=wmsSync-ViewRootImpl@3fe3ac0[spectrum]#83
05-22 09:49:46.878 2254 2340 D ViewRootImpl@3fe3ac0[spectrum]: Creating new active sync group ViewRootImpl@3fe3ac0[spectrum]#84
05-22 09:49:46.878 2254 2340 D ViewRootImpl@3fe3ac0[spectrum]: registerCallbacksForSync syncBuffer=false
05-22 09:49:46.879 2507 2547 I HoneySpace.TopTaskSource: onTaskMovedToFront : taskId = 49
05-22 09:49:46.879 2507 23913 I HoneySpace.TopTaskUseCase: topTasks 49 ComponentInfo{org.qtproject.example.spectrum/org.qtproject.qt.android.bindings.QtActivity}
05-22 09:49:46.880 2254 3169 D ViewRootImpl@3fe3ac0[spectrum]: Received frameDrawingCallback syncResult=0 frameNum=1.
05-22 09:49:46.880 2254 3169 I ViewRootImpl@3fe3ac0[spectrum]: mWNT: t=0xb400007086919900 mBlastBufferQueue=0xb400007086904c00 fn= 1 caller= android.view.ViewRootImpl$8.onFrameDraw:13685 android.view.ThreadedRenderer$1.onFrameDraw:788
05-22 09:49:46.880 2254 3169 D ViewRootImpl@3fe3ac0[spectrum]: Setting up sync and frameCommitCallback
05-22 09:49:46.885 27646 27646 W System.err: android.hardware.input.InputManager InvocationTargetException encountered invoking semUnregisterOnSwitchEventChangedListenerjava.lang.reflect.InvocationTargetException
05-22 09:49:46.885 27646 27646 E Routine@Core[4.5.00.57]: android.hardware.input.InputManager: invokeNormalMethod: java.lang.reflect.InvocationTargetException
05-22 09:49:46.885 2254 2344 I BLASTBufferQueue: [ViewRootImpl@3fe3ac0[spectrum]#21](f:0,a:0,s:0) onFrameAvailable the first frame is available
05-22 09:49:46.886 2254 2344 D ViewRootImpl@3fe3ac0[spectrum]: Received frameCommittedCallback lastAttemptedDrawFrameNum=1 didProduceBuffer=true
05-22 09:49:46.887 2254 2344 D OpenGLRenderer: CFMS:: SetUp Pid : 2254 Tid : 2344
05-22 09:49:46.887 2254 2340 D ViewRootImpl@3fe3ac0[spectrum]: reportDrawFinished
05-22 09:49:46.887 2254 2340 I ViewRootImpl@3fe3ac0[spectrum]: registerCallbackForPendingTransactions
05-22 09:49:46.888 27646 27646 I Routine@Core[4.5.00.57]: MetadataLoaderJobService: onCreate
05-22 09:49:46.888 27646 27646 I Routine@Core[4.5.00.57]: Pref: putSharedPrefsData() key=pref_metaloader_loading
05-22 09:49:46.887 1290 4233 D WindowManager: finishDrawingWindow: Window{b0c0205 u0 Splash Screen org.qtproject.example.spectrum} mDrawState=DRAW_PENDING seqId=0
05-22 09:49:46.888 1290 4244 D InputDispatcher: Focus left window (0): efc3866 com.sec.android.app.launcher/com.sec.android.app.launcher.activities.LauncherActivity
05-22 09:49:46.888 1290 4233 V WindowManager: Finishing drawing window Window{b0c0205 u0 Splash Screen org.qtproject.example.spectrum}: mDrawState=DRAW_PENDING
05-22 09:49:46.888 1290 4233 V WindowManager: Draw state now committed in Window{b0c0205 u0 Splash Screen org.qtproject.example.spectrum}
05-22 09:49:46.889 1290 1680 V Transition: allReady query: used=true, override=false, defer=0, states=Display{#0 state=ON size=1200x1920 ROTATION_0}:true
05-22 09:49:46.889 2507 2507 I ViewRootImpl@5c94be2[LauncherActivity]: handleWindowFocusChanged: 0 0 call from android.view.ViewRootImpl.-$$Nest$mhandleWindowFocusChanged:0
05-22 09:49:46.889 2507 2507 I ImeFocusController: onPreWindowFocus: skipped, hasWindowFocusfalse mHasImeFocus=true
05-22 09:49:46.890 1290 1680 V WindowManager: SyncGroup 35: Finished!
05-22 09:49:46.890 1100 27402 I QC2C2DEngine: calcYSize: unsupported or RGB color format, RGBA8888(1)
05-22 09:49:46.890 1290 1680 V WindowManager: performShowLocked: mDrawState=HAS_DRAWN in Window{b0c0205 u0 Splash Screen org.qtproject.example.spectrum}
05-22 09:49:46.890 1290 1680 D ChangeTransitionController: onTransactionReady: TransitionRecord{5d64776 id=35 type=OPEN flags=0x0}
05-22 09:49:46.890 1290 1680 V WindowManager: Start calculating TransitionInfo based on participants: {ActivityRecord{1469177 u0 org.qtproject.example.spectrum/org.qtproject.qt.android.bindings.QtActivity t49}, Task{7d76502 #49 type=standard A=10253:org.qtproject.example.spectrum}, ActivityRecord{dd20507 u0 com.sec.android.app.launcher/.activities.LauncherActivity t39}, WallpaperWindowToken{e479a8b token=android.os.Binder@bedbf7c}}
05-22 09:49:46.890 2507 2507 I ImeFocusController: onPostWindowFocus: skipped, hasWindowFocusfalse mHasImeFocus=true
05-22 09:49:46.890 1290 1680 V WindowManager: Final targets: [Task{7d76502 #49 type=standard A=10253:org.qtproject.example.spectrum}, Task{29c1e0 #1 type=home}, WallpaperWindowToken{e479a8b token=android.os.Binder@bedbf7c}]
05-22 09:49:46.891 1180 1231 I SurfaceFlinger: id=622 createSurf, flag=84004, Transition Root: Task=49#622
05-22 09:49:46.893 1290 1680 I SurfaceControl: show, t=StartTransaction_SyncId<35>, sc=Surface(name=ActivityRecord{1469177 u0 org.qtproject.example.spectrum/org.qtproject.qt.android.bindings.QtActivity t49})/@0xc8c667, caller=com.android.server.wm.Transition.onTransactionReady:1916 com.android.server.wm.BLASTSyncEngine$SyncGroup.finishNow:310 com.android.server.wm.BLASTSyncEngine$SyncGroup.tryFinish:242 com.android.server.wm.BLASTSyncEngine$SyncGroup.-$$Nest$mtryFinish:0 com.android.server.wm.BLASTSyncEngine.onSurfacePlacement:670 com.android.server.wm.RootWindowContainer.performSurfacePlacementNoTrace:981
05-22 09:49:46.893 1290 1680 V WindowManager: Calling onTransitionReady: {id=35 t=OPEN f=0x0 trk=0 r=[0@Point(0, 0)] c=[{WCT{RemoteToken{6f712b2 Task{7d76502 #49 type=standard A=10253:org.qtproject.example.spectrum}}} m=OPEN f=NONE leash=Surface(name=Task=49)/@0xc9a0c14 sb=Rect(0, 0 - 1200, 1920) eb=Rect(0, 0 - 1200, 1920) d=0 dim=true inset=Rect(0, 36 - 0, 72)},{WCT{RemoteToken{2ffca04 Task{29c1e0 #1 type=home}}} m=TO_BACK f=SHOW_WALLPAPER|EDGE_EXTENSION_RESTRICTION leash=Surface(name=Task=1)/@0x26f0058 sb=Rect(0, 0 - 1200, 1920) eb=Rect(0, 0 - 1200, 1920) d=0 inset=Rect(0, 36 - 0, 72)},{null m=TO_BACK f=IS_WALLPAPER leash=Surface(name=WallpaperWindowToken{e479a8b token=android.os.Binder@bedbf7c})/@0xc9c1bca sb=Rect(0, 0 - 1200, 1920) eb=Rect(0, 0 - 1200, 1920) d=0 inset=Rect(0, 0 - 0, 0)}]}
05-22 09:49:46.895 2254 2320 V WindowManagerShell: onTransitionReady android.os.BinderProxy@5bc3ea8: {id=35 t=OPEN f=0x0 trk=0 r=[0@Point(0, 0)] c=[{WCT{android.window.IWindowContainerToken$Stub$Proxy@6acefa2} m=OPEN f=NONE leash=Surface(name=Task=49)/@0xa7a6816 sb=Rect(0, 0 - 1200, 1920) eb=Rect(0, 0 - 1200, 1920) d=0 dim=true inset=Rect(0, 36 - 0, 72)},{WCT{android.window.IWindowContainerToken$Stub$Proxy@1f19433} m=TO_BACK f=SHOW_WALLPAPER|EDGE_EXTENSION_RESTRICTION leash=Surface(name=Task=1)/@0x8d93597 sb=Rect(0, 0 - 1200, 1920) eb=Rect(0, 0 - 1200, 1920) d=0 inset=Rect(0, 36 - 0, 72)},{null m=TO_BACK f=IS_WALLPAPER leash=Surface(name=WallpaperWindowToken{e479a8b token=android.os.Binder@bedbf7c})/@0xc9a0384 sb=Rect(0, 0 - 1200, 1920) eb=Rect(0, 0 - 1200, 1920) d=0 inset=Rect(0, 0 - 0, 0)}]}
05-22 09:49:46.895 2254 2320 I SurfaceControl: hide, t=FinishTransaction_SyncId<35>, sc=Surface(name=Task=1)/@0x8d93597, caller=com.android.wm.shell.transition.Transitions.dispatchReady:610 com.android.wm.shell.transition.Transitions.onTransitionReady:118 com.android.wm.shell.transition.Transitions$TransitionPlayerImpl$$ExternalSyntheticLambda0.run:13 android.os.Handler.handleCallback:958 android.os.Handler.dispatchMessage:99 android.os.Looper.loopOnce:230
05-22 09:49:46.895 2254 2320 I SurfaceControl: show, t=StartTransaction_SyncId<35>, sc=Surface(name=Task=49)/@0xa7a6816, caller=com.android.wm.shell.transition.Transitions.dispatchReady:617 com.android.wm.shell.transition.Transitions.onTransitionReady:118 com.android.wm.shell.transition.Transitions$TransitionPlayerImpl$$ExternalSyntheticLambda0.run:13 android.os.Handler.handleCallback:958 android.os.Handler.dispatchMessage:99 android.os.Looper.loopOnce:230
05-22 09:49:46.895 2254 2320 I SurfaceControl: show, t=FinishTransaction_SyncId<35>, sc=Surface(name=Task=49)/@0xa7a6816, caller=com.android.wm.shell.transition.Transitions.dispatchReady:665 com.android.wm.shell.transition.Transitions.onTransitionReady:118 com.android.wm.shell.transition.Transitions$TransitionPlayerImpl$$ExternalSyntheticLambda0.run:13 android.os.Handler.handleCallback:958 android.os.Handler.dispatchMessage:99 android.os.Looper.loopOnce:230
05-22 09:49:46.895 2254 2320 V WindowManagerShell: Playing animation for (#35)android.os.BinderProxy@5bc3ea8@0
05-22 09:49:46.895 2254 2320 I SurfaceControl: show, t=StartTransaction_SyncId<35>, sc=Surface(name=Transition Root: Task=49)/@0x6bde76d, caller=com.android.wm.shell.transition.Transitions.processReadyQueue:266 com.android.wm.shell.transition.Transitions.dispatchReady:685 com.android.wm.shell.transition.Transitions.onTransitionReady:118 com.android.wm.shell.transition.Transitions$TransitionPlayerImpl$$ExternalSyntheticLambda0.run:13 android.os.Handler.handleCallback:958 android.os.Handler.dispatchMessage:99
05-22 09:49:46.896 2254 2320 V WindowManagerShell: try handler com.android.wm.shell.transition.DefaultMixedHandler@f50950
05-22 09:49:46.896 2254 2320 V WindowManagerShell: try handler com.android.wm.shell.keyguard.KeyguardTransitionHandler@50b8749
05-22 09:49:46.896 2254 2320 V WindowManagerShell: try handler com.android.wm.shell.activityembedding.ActivityEmbeddingController@497084e
05-22 09:49:46.896 2254 2320 V WindowManagerShell: try handler com.android.wm.shell.recents.RecentsTransitionHandler@32a7d6f
05-22 09:49:46.896 2254 2320 V ShellRecents: RecentsTransitionHandler.startAnimation: no controller found
05-22 09:49:46.896 2254 2320 V WindowManagerShell: try handler com.android.wm.shell.desktopmode.DesktopModeController@e296a7c
05-22 09:49:46.896 2254 2320 V WindowManagerShell: try handler com.android.wm.shell.pip.PipTransition@dfc4f05
05-22 09:49:46.896 2254 2320 V WindowManagerShell: try handler com.android.wm.shell.splitscreen.StageCoordinator@75f5b5a
05-22 09:49:46.896 2254 2320 V WindowManagerShell: try handler com.android.wm.shell.transition.RemoteTransitionHandler@30b818b
05-22 09:49:46.896 2254 2320 V WindowManagerShell: Transition doesn't have explicit remote, search filters for match for {id=35 t=OPEN f=0x0 trk=0 r=[0@Point(0, 0)] c=[{WCT{android.window.IWindowContainerToken$Stub$Proxy@6acefa2} m=OPEN f=NONE leash=Surface(name=Task=49)/@0xa7a6816 sb=Rect(0, 0 - 1200, 1920) eb=Rect(0, 0 - 1200, 1920) d=0 dim=true inset=Rect(0, 36 - 0, 72)},{WCT{android.window.IWindowContainerToken$Stub$Proxy@1f19433} m=TO_BACK f=SHOW_WALLPAPER|EDGE_EXTENSION_RESTRICTION leash=Surface(name=Task=1)/@0x8d93597 sb=Rect(0, 0 - 1200, 1920) eb=Rect(0, 0 - 1200, 1920) d=0 inset=Rect(0, 36 - 0, 72)},{null m=TO_BACK f=IS_WALLPAPER leash=Surface(name=WallpaperWindowToken{e479a8b token=android.os.Binder@bedbf7c})/@0xc9a0384 sb=Rect(0, 0 - 1200, 1920) eb=Rect(0, 0 - 1200, 1920) d=0 inset=Rect(0, 0 - 0, 0)}]}
05-22 09:49:46.896 2254 2320 V WindowManagerShell: Checking filter Pair{{types=[] flags=0x0] notFlags=0x100 checks=[{atype=home independent=true modes=[OPEN,TO_FRONT] flags=NONE mustBeTask=false order=TOP topActivity=ComponentInfo{com.sec.android.app.launcher/com.sec.android.app.launcher.Launcher}},{atype=recents independent=true modes=[CLOSE,TO_BACK] flags=NONE mustBeTask=false order=ANY topActivity=null}]} RemoteTransition { remoteTransition = android.window.IRemoteTransition$Stub$Proxy@95bd88f, appThread = android.app.IApplicationThread$Stub$Proxy@5b0f71c, debugName = QuickstepLaunchHomeFromRecents }}
05-22 09:49:46.896 2254 2320 V WindowManagerShell: Checking filter Pair{{types=[] flags=0x0] notFlags=0x100 checks=[{atype=home independent=true modes=[OPEN,TO_FRONT] flags=NONE mustBeTask=false order=TOP topActivity=ComponentInfo{com.sec.android.app.launcher/com.sec.android.app.launcher.Launcher}},{atype=standard independent=true modes=[CLOSE,TO_BACK] flags=NONE mustBeTask=false order=ANY topActivity=null}]} RemoteTransition { remoteTransition = android.window.IRemoteTransition$Stub$Proxy@34bef25, appThread = android.app.IApplicationThread$Stub$Proxy@5d048fa, debugName = QuickstepLaunchHome }}
05-22 09:49:46.896 2254 2320 V WindowManagerShell: Delegate animation for #35 to null
05-22 09:49:46.896 2254 2320 V WindowManagerShell: try handler com.android.wm.shell.transition.DefaultTransitionHandler@9e0b268
05-22 09:49:46.896 2254 2320 V WindowManagerShell: start default transition animation, info = {id=35 t=OPEN f=0x0 trk=0 r=[0@Point(0, 0)] c=[{WCT{android.window.IWindowContainerToken$Stub$Proxy@6acefa2} m=OPEN f=NONE leash=Surface(name=Task=49)/@0xa7a6816 sb=Rect(0, 0 - 1200, 1920) eb=Rect(0, 0 - 1200, 1920) d=0 dim=true inset=Rect(0, 36 - 0, 72)},{WCT{android.window.IWindowContainerToken$Stub$Proxy@1f19433} m=TO_BACK f=SHOW_WALLPAPER|EDGE_EXTENSION_RESTRICTION leash=Surface(name=Task=1)/@0x8d93597 sb=Rect(0, 0 - 1200, 1920) eb=Rect(0, 0 - 1200, 1920) d=0 inset=Rect(0, 36 - 0, 72)},{null m=TO_BACK f=IS_WALLPAPER leash=Surface(name=WallpaperWindowToken{e479a8b token=android.os.Binder@bedbf7c})/@0xc9a0384 sb=Rect(0, 0 - 1200, 1920) eb=Rect(0, 0 - 1200, 1920) d=0 inset=Rect(0, 0 - 0, 0)}]}
05-22 09:49:46.897 2254 2320 V WindowManagerShell: loadAnimation: anim=android.view.animation.AnimationSet@15e8d69 animAttr=0x13 type=OPEN isEntrance=false
05-22 09:49:46.897 1290 1674 V WindowManager: Sent Transition #35 createdAt=05-22 09:49:46.827 via request=TransitionRequestInfo { type = OPEN, triggerTask = TaskInfo{userId=0 taskId=49 displayId=0 isRunning=true baseIntent=Intent { flg=0x10000000 cmp=org.qtproject.example.spectrum/org.qtproject.qt.android.bindings.QtActivity } baseActivity=ComponentInfo{org.qtproject.example.spectrum/org.qtproject.qt.android.bindings.QtActivity} topActivity=ComponentInfo{org.qtproject.example.spectrum/org.qtproject.qt.android.bindings.QtActivity} origActivity=null realActivity=ComponentInfo{org.qtproject.example.spectrum/org.qtproject.qt.android.bindings.QtActivity} numActivities=1 lastActiveTime=45099613 supportsMultiWindow=true resizeMode=1 isResizeable=true minWidth=-1 minHeight=-1 maxWidth=-1 maxHeight=-1 defaultMinSize=220 token=WCT{RemoteToken{6f712b2 Task{7d76502 #49 type=standard A=10253:org.qtproject.example.spectrum}}} topActivityType=1 pictureInPictureParams=null shouldDockBigOverlays=false launchIntoPipHostTaskId=-1 lastParentTaskIdBeforePip=-1 displayCutoutSafeInsets=null topActivityInfo=ActivityInfo{6916203 org.qtproject.qt.android.bindings.QtActivity} launchCookies=[] positionInParent=Point(0, 0) parentTaskId=-1 isFocused=false isVisible=false isVisibleRequested=false isSleeping=false topActivityInSizeCompat=false topActivityEligibleForLetterboxEducation= false topActivityLetterboxed= false isFromDoubleTap= false topActivityLetterboxVerticalPosition= -1 topActivityLetterboxHorizontalPosition= -1 topActivityLetterboxWidth=-1 topActivityLetterboxHeight=-1 locusId=null displayAreaFeatureId=1 cameraCompatControlState=hidden originallySupportedMultiWindow=true hasWallpaper=false topActivityInFixedAspectRatio=false rootAffinity=10253:org.qtproject.example.spectrum topActivityInDisplayCompat=false topActivityInBoundsCompat=false topActivityBounds=null singleTapFromLetterbox=false isTopTaskInStage=false topActivityUiMode=17 CoverLauncherWidgetTask=false CoverScreenTask=false isAllowedSeamlessRotation=false}, remoteTransition = null, displayChange = null }
05-22 09:49:46.898 2254 2320 V WindowManagerShell: loadAnimation: anim=android.view.animation.AnimationSet@4499725 animAttr=0x12 type=OPEN isEntrance=true
05-22 09:49:46.898 1290 1674 V WindowManager: startWCT=WindowContainerTransaction { changes = {} hops = [] errorCallbackToken=null taskFragmentOrganizer=null }
05-22 09:49:46.898 1290 1674 V WindowManager: info={id=35 t=OPEN f=0x0 trk=0 r=[0@Point(0, 0)] c=[{WCT{RemoteToken{6f712b2 Task{7d76502 #49 type=standard A=10253:org.qtproject.example.spectrum}}} m=OPEN f=NONE leash=Surface(name=Task=49)/@0xc9a0c14 sb=Rect(0, 0 - 1200, 1920) eb=Rect(0, 0 - 1200, 1920) d=0 dim=true inset=Rect(0, 36 - 0, 72)},{WCT{RemoteToken{2ffca04 Task{29c1e0 #1 type=home}}} m=TO_BACK f=SHOW_WALLPAPER|EDGE_EXTENSION_RESTRICTION leash=Surface(name=Task=1)/@0x26f0058 sb=Rect(0, 0 - 1200, 1920) eb=Rect(0, 0 - 1200, 1920) d=0 inset=Rect(0, 36 - 0, 72)},{null m=TO_BACK f=IS_WALLPAPER leash=Surface(name=WallpaperWindowToken{e479a8b token=android.os.Binder@bedbf7c})/@0xc9c1bca sb=Rect(0, 0 - 1200, 1920) eb=Rect(0, 0 - 1200, 1920) d=0 inset=Rect(0, 0 - 0, 0)}]}
05-22 09:49:46.898 2254 2320 I SurfaceControl: apply is called, name=StartTransaction_SyncId<35>, caller=android.view.SurfaceControl$Transaction.apply:2921 com.android.wm.shell.transition.DefaultTransitionHandler.startAnimation:3205 com.android.wm.shell.transition.Transitions.dispatchTransition:80 com.android.wm.shell.transition.Transitions.processReadyQueue:955 com.android.wm.shell.transition.Transitions.dispatchReady:685 com.android.wm.shell.transition.Transitions.onTransitionReady:118
05-22 09:49:46.899 2254 2320 V WindowManagerShell: animated by com.android.wm.shell.transition.DefaultTransitionHandler@9e0b268
05-22 09:49:46.902 1290 1680 I WindowManager: Cancelling animation restarting=true, leash=Surface(name=Surface(name=3610cc1 TaskbarWindow)/@0xdf1a44a - animation-leash of insets_animation)/@0x9059cc6
05-22 09:49:46.902 1290 1680 I WindowManager: Reparenting to original parent: Surface(name=WindowToken{34dbdcb type=2024 android.os.BinderProxy@90fe09a})/@0xb2dafbb, destroy=false, surface=Surface(name=3610cc1 TaskbarWindow)/@0xdf1a44a
05-22 09:49:46.903 1290 1680 I WindowManager: Reparenting to leash, surface=Surface(name=3610cc1 TaskbarWindow)/@0xdf1a44a, leashParent=Surface(name=WindowToken{34dbdcb type=2024 android.os.BinderProxy@90fe09a})/@0xb2dafbb
05-22 09:49:46.903 1180 1231 I SurfaceFlinger: id=623 createSurf, flag=24000, Surface(name=3610cc1 TaskbarWindow)/@0xdf1a44a - animation-leash of insets_animation#623
05-22 09:49:46.904 2507 25301 I SearchEngineAppSuggestion: packageUpdateEvent: com.honeyspace.sdk.source.entity.PackageOperation$Changed@1c64461
05-22 09:49:46.904 2507 25301 I SearchEngineAppSuggestion: package changed: com.samsung.android.sm.devicesecurity
05-22 09:49:46.904 2507 25301 I SearchEngine: query: reTriggered SUGGESTED_APPS 38
05-22 09:49:46.904 2507 25301 I HoneySpace.SuggestAppDecor: cellX : 6
05-22 09:49:46.904 1290 1680 D WindowManager: makeSurface duration=2 leash=Surface(name=Surface(name=3610cc1 TaskbarWindow)/@0xdf1a44a - animation-leash of insets_animation)/@0x16a7675
05-22 09:49:46.905 1290 1680 D InsetsSourceProvider: updateControlForTarget: control=InsetsSourceControl: {62aa0001 mType=navigationBars initiallyVisible mSurfacePosition=Point(0, 1848) mInsetsHint=Insets{left=0, top=0, right=0, bottom=72}}, target=Window{b0c0205 u0 Splash Screen org.qtproject.example.spectrum}, from=com.android.server.wm.InsetsStateController.onControlTargetChanged:358 com.android.server.wm.InsetsStateController.onBarControlTargetChanged:327 com.android.server.wm.InsetsPolicy.updateBarControlTarget:172 com.android.server.wm.InsetsPolicy.updateSystemBars:788 com.android.server.wm.DisplayPolicy.updateSystemBarsLw:3397
05-22 09:49:46.905 1290 1680 I WindowManager: Cancelling animation restarting=true, leash=Surface(name=Surface(name=8f52b7 StatusBar)/@0x974c743 - animation-leash of insets_animation)/@0x8c47fb4
05-22 09:49:46.905 1290 1680 I WindowManager: Reparenting to original parent: Surface(name=WindowToken{e3045b6 type=2000 android.os.BinderProxy@c779e78})/@0xc4171c0, destroy=false, surface=Surface(name=8f52b7 StatusBar)/@0x974c743
05-22 09:49:46.905 2507 25301 I ResultDataManager: Results: keys=SUGGESTED_APPS, SUGGESTED_TAG, HISTORY_KEYWORD, SUGGESTED_DIRECTORY, SUGGESTED_TIPCARD, HOT_WORDS
05-22 09:49:46.905 1290 1680 I WindowManager: Reparenting to leash, surface=Surface(name=8f52b7 StatusBar)/@0x974c743, leashParent=Surface(name=WindowToken{e3045b6 type=2000 android.os.BinderProxy@c779e78})/@0xc4171c0
05-22 09:49:46.905 2507 18845 I HoneySpace.ContentsViewModel: observed com.honeyspace.search.ui.honeypot.presentation.content.ContentsViewModel@663314b
05-22 09:49:46.906 2507 18845 I HoneySpace.ContentsViewModel: result onUpdated: SUGGESTED_APPS
05-22 09:49:46.906 2507 18845 I HoneySpace.ContentsViewModel: result onRemoved: SUGGESTED_APPS
05-22 09:49:46.906 2507 18845 I HoneySpace.ContentsViewModel: result onAdded: SUGGESTED_APPS
05-22 09:49:46.906 1180 1231 I SurfaceFlinger: id=624 createSurf, flag=24000, Surface(name=8f52b7 StatusBar)/@0x974c743 - animation-leash of insets_animation#624
05-22 09:49:46.907 1290 1680 D WindowManager: makeSurface duration=2 leash=Surface(name=Surface(name=8f52b7 StatusBar)/@0x974c743 - animation-leash of insets_animation)/@0x3d30e7b
05-22 09:49:46.907 1290 1680 D InsetsSourceProvider: updateControlForTarget: control=InsetsSourceControl: {e5a60000 mType=statusBars initiallyVisible mSurfacePosition=Point(0, 0) mInsetsHint=Insets{left=0, top=36, right=0, bottom=0}}, target=Window{b0c0205 u0 Splash Screen org.qtproject.example.spectrum}, from=com.android.server.wm.InsetsStateController.onControlTargetChanged:358 com.android.server.wm.InsetsStateController.onBarControlTargetChanged:324 com.android.server.wm.InsetsPolicy.updateBarControlTarget:172 com.android.server.wm.InsetsPolicy.updateSystemBars:788 com.android.server.wm.DisplayPolicy.updateSystemBarsLw:3397
05-22 09:49:46.908 1290 1680 D WindowManager: updateSystemBarAttributes: displayId=0, win=Window{b0c0205 u0 Splash Screen org.qtproject.example.spectrum}, navColorWin=Window{b0c0205 u0 Splash Screen org.qtproject.example.spectrum}, focusedCanBeNavColorWin=false, behavior=1, appearance=24, statusBarAppearanceRegions=[AppearanceRegion{LIGHT_STATUS_BARS bounds=[0,0][1200,1920]}], requestedVisibilities=-9, from=com.android.server.wm.DisplayPolicy.finishPostLayoutPolicyLw:2310 com.android.server.wm.DisplayContent.applySurfaceChangesTransaction:6135 com.android.server.wm.RootWindowContainer.applySurfaceChangesTransaction:1171
