05-22 09:50:22.930 23984 27444 I SCS@AiSearch user 0: (BaseCollector::AOSP_MP) fetch: fetching took 154 ms
05-22 09:50:22.931 23984 27444 I SCS@AiSearch user 0: (BaseCollector::AOSP_MP) fetchChanges: applied 1 items
05-22 09:50:23.015 984 23808 I sensors-hal: handle_sns_client_event:44, ambient_light_event: ts=45135783258449, event=354.000000
05-22 09:50:23.015 984 23808 I sensors-hal: handle_sns_client_event:44, ambient_light_event: ts=45135783499855, event=354.000000
05-22 09:50:23.114 984 23808 I sensors-hal: handle_sns_client_event:44, ambient_light_event: ts=45135883263137, event=354.000000
05-22 09:50:23.115 984 23808 I sensors-hal: handle_sns_client_event:44, ambient_light_event: ts=45135883499334, event=354.000000
05-22 09:50:23.214 984 23808 I sensors-hal: handle_sns_client_event:44, ambient_light_event: ts=45135983264178, event=354.000000
05-22 09:50:23.215 984 23808 I sensors-hal: handle_sns_client_event:44, ambient_light_event: ts=45135983500897, event=354.000000
05-22 09:50:23.260 619 619 D io_stats: !@ 8,0 r 569679 18995204 w 77344 2274348 d 15491 44503080 f 0 0 iot 282704 0 th 0 0 0 pt 0 inp 0 0 10197.222
05-22 09:50:23.282 1290 1919 D OverlayManager: reconcileSettingsForPackage pkgName=com.google.android.providers.media.module userId=0
05-22 09:50:23.293 1290 1919 I OverlayManager: updateOverlaysForTarget() called with: targetPackage = [com.google.android.providers.media.module], userId = [0], flags = [8]
05-22 09:50:23.298 1290 2136 I AppWidgetServiceImpl: Received broadcast: android.intent.action.PACKAGE_CHANGED, Updates all providers with com.google.android.providers.media.module, userId: 0
05-22 09:50:23.299 1290 2136 I AppWidgetServiceImpl: queryIntentReceivers intent : Intent { act=android.appwidget.action.APPWIDGET_UPDATE pkg=com.google.android.providers.media.module } userid : 0 flags : 268436608 result : 0
05-22 09:50:23.303 1290 1674 I CDM_CompanionDeviceManagerService: onPackageModified() u0/com.google.android.providers.media.module
05-22 09:50:23.307 2551 2551 D CarrierSvcBindHelper: onPackageModified: com.google.android.providers.media.module
05-22 09:50:23.308 2551 2551 D CarrierSvcBindHelper: No carrier app for: 0
05-22 09:50:23.310 2684 2684 V MediaPlayerList: mPackageChangedBroadcastReceiver: action: android.intent.action.PACKAGE_CHANGED
05-22 09:50:23.310 2551 8262 D SemCarrierFeature: [get] phoneId should be 0 or 1
05-22 09:50:23.310 2551 2667 D ImsResolver: maybeAddedImsService, packageName: com.google.android.providers.media.module
05-22 09:50:23.311 2254 2365 D PluginActionManager: queryPkg com.google.android.providers.media.module com.android.systemui.action.PLUGIN_GLOBAL_ACTIONS
05-22 09:50:23.313 2254 2365 D PluginActionManager: Found 0 plugins
05-22 09:50:23.313 2254 2365 D PluginActionManager: queryPkg com.google.android.providers.media.module com.samsung.systemui.action.PLUGIN_FACE_WIDGET
05-22 09:50:23.313 2254 2365 D PluginActionManager: Too many of com.samsung.systemui.action.PLUGIN_FACE_WIDGET
05-22 09:50:23.313 2254 2365 D PluginActionManager: queryPkg com.google.android.providers.media.module com.android.systemui.action.PLUGIN_NOTIFICATION_MENU_ROW
05-22 09:50:23.313 1290 1965 I InputReader: Reconfiguring input devices, changes=KEYBOARD_LAYOUTS
05-22 09:50:23.314 2254 2365 D PluginActionManager: Found 0 plugins
05-22 09:50:23.314 2254 2365 D PluginActionManager: queryPkg com.google.android.providers.media.module com.android.systemui.action.PLUGIN_NOTIFICATION_ASSISTANT
05-22 09:50:23.314 2254 2365 D PluginActionManager: Found 0 plugins
05-22 09:50:23.314 2254 2365 D PluginActionManager: queryPkg com.google.android.providers.media.module com.android.systemui.action.PLUGIN_TOAST
05-22 09:50:23.314 2254 2365 D PluginActionManager: Found 0 plugins
05-22 09:50:23.314 2254 2365 D PluginActionManager: queryPkg com.google.android.providers.media.module com.android.systemui.action.PLUGIN_NOTIFICATION_MENU_ROW
05-22 09:50:23.315 2254 2365 D PluginActionManager: Found 0 plugins
05-22 09:50:23.315 2254 2365 D PluginActionManager: queryPkg com.google.android.providers.media.module com.android.systemui.action.PLUGIN_NOTIFICATION_MENU_ROW
05-22 09:50:23.315 1290 1675 I Pointer : Device Changed: Input Device 4: qpnp_pon
05-22 09:50:23.315 1290 1675 I Pointer : Descriptor: fb60d4f4370f5dbe8267b63d38dea852987571ab
05-22 09:50:23.315 1290 1675 I Pointer : Generation: 341
05-22 09:50:23.315 1290 1675 I Pointer : Location: built-in
05-22 09:50:23.315 1290 1675 I Pointer : Keyboard Type: non-alphabetic
05-22 09:50:23.315 1290 1675 I Pointer : Has Vibrator: false
05-22 09:50:23.315 1290 1675 I Pointer : Has Sensor: false
05-22 09:50:23.315 1290 1675 I Pointer : Has battery: false
05-22 09:50:23.315 1290 1675 I Pointer : Has mic: false
05-22 09:50:23.315 1290 1675 I Pointer : USI Version: null
05-22 09:50:23.315 1290 1675 I Pointer : Sources: 0x101 ( keyboard )
05-22 09:50:23.315 2254 2365 D PluginActionManager: Found 0 plugins
05-22 09:50:23.315 1290 1675 I Pointer : Device Changed: Input Device 2: chipone-tddi
05-22 09:50:23.315 1290 1675 I Pointer : Descriptor: 93e5de292b7fd3af75f1bfb74d1723edcbc2ebee
05-22 09:50:23.315 1290 1675 I Pointer : Generation: 340
05-22 09:50:23.315 1290 1675 I Pointer : Location: built-in
05-22 09:50:23.315 1290 1675 I Pointer : Keyboard Type: non-alphabetic
05-22 09:50:23.315 1290 1675 I Pointer : Has Vibrator: false
05-22 09:50:23.315 1290 1675 I Pointer : Has Sensor: false
05-22 09:50:23.315 1290 1675 I Pointer : Has battery: false
05-22 09:50:23.315 1290 1675 I Pointer : Has mic: false
05-22 09:50:23.315 1290 1675 I Pointer : USI Version: null
05-22 09:50:23.315 1290 1675 I Pointer : Sources: 0x1103 ( keyboard touchscreen )
05-22 09:50:23.315 1290 1675 I Pointer : AXIS_X: source=0x1002 min=0.0 max=1919.0 flat=0.0 fuzz=0.0 resolution=0.0
05-22 09:50:23.315 1290 1675 I Pointer : AXIS_Y: source=0x1002 min=0.0 max=1199.0 flat=0.0 fuzz=0.0 resolution=0.0
05-22 09:50:23.315 1290 1675 I Pointer : AXIS_PRESSURE: source=0x1002 min=0.0 max=1.0 flat=0.0 fuzz=0.0 resolution=0.0
05-22 09:50:23.315 1290 1675 I Pointer : AXIS_SIZE: source=0x1002 min=0.0 max=1.0 flat=0.0 fuzz=0.0 resolution=0.0
05-22 09:50:23.315 1290 1675 I Pointer : AXIS_TOUCH_MAJOR: source=0x1002 min=0.0 max=2264.1555 flat=0.0 fuzz=0.0 resolution=0.0
05-22 09:50:23.315 1290 1675 I Pointer : AXIS_TOUCH_MINOR: source=0x1002 min=0.0 max=2264.1555 flat=0.0 fuzz=0.0 resolution=0.0
05-22 09:50:23.315 1290 1675 I Pointer : AXIS_TOOL_MAJOR: source=0x1002 min=0.0 max=2264.1555 flat=0.0 fuzz=0.0 resolution=0.0
05-22 09:50:23.315 1290 1675 I Pointer : AXIS_TOOL_MINOR: source=0x1002 min=0.0 max=2264.1555 flat=0.0 fuzz=0.0 resolution=0.0
05-22 09:50:23.315 2254 2365 D PluginActionManager: queryPkg com.google.android.providers.media.module com.android.systemui.action.PLUGIN_QS
05-22 09:50:23.315 1290 1675 I Pointer : Device Changed: Input Device 6: holi-qrdsku1-snd-card Button Jack
05-22 09:50:23.315 1290 1675 I Pointer : Descriptor: 75b43ea78eea900cb4006a6c5642bfc652b8f755
05-22 09:50:23.315 1290 1675 I Pointer : Generation: 338
05-22 09:50:23.315 1290 1675 I Pointer : Location: built-in
05-22 09:50:23.315 1290 1675 I Pointer : Keyboard Type: non-alphabetic
05-22 09:50:23.315 1290 1675 I Pointer : Has Vibrator: false
05-22 09:50:23.315 1290 1675 I Pointer : Has Sensor: false
05-22 09:50:23.315 1290 1675 I Pointer : Has battery: false
05-22 09:50:23.315 1290 1675 I Pointer : Has mic: false
05-22 09:50:23.315 1290 1675 I Pointer : USI Version: null
05-22 09:50:23.315 1290 1675 I Pointer : Sources: 0x101 ( keyboard )
05-22 09:50:23.315 984 23808 I sensors-hal: handle_sns_client_event:44, ambient_light_event: ts=45136083257928, event=354.000000
05-22 09:50:23.315 1290 1675 I Pointer : Device Changed: Input Device 3: gpio-keys
05-22 09:50:23.315 1290 1675 I Pointer : Descriptor: 485d69228e24f5e46da1598745890b214130dbc4
05-22 09:50:23.315 1290 1675 I Pointer : Generation: 339
05-22 09:50:23.315 1290 1675 I Pointer : Location: built-in
05-22 09:50:23.315 1290 1675 I Pointer : Keyboard Type: non-alphabetic
05-22 09:50:23.315 1290 1675 I Pointer : Has Vibrator: false
05-22 09:50:23.315 1290 1675 I Pointer : Has Sensor: false
05-22 09:50:23.315 1290 1675 I Pointer : Has battery: false
05-22 09:50:23.315 1290 1675 I Pointer : Has mic: false
05-22 09:50:23.315 1290 1675 I Pointer : USI Version: null
05-22 09:50:23.315 1290 1675 I Pointer : Sources: 0x101 ( keyboard )
05-22 09:50:23.315 984 23808 I sensors-hal: handle_sns_client_event:44, ambient_light_event: ts=45136083500376, event=354.000000
05-22 09:50:23.315 2254 2365 D PluginActionManager: Found 0 plugins
05-22 09:50:23.315 2254 2365 D PluginActionManager: queryPkg com.google.android.providers.media.module com.android.systemui.action.PLUGIN_CLOCK_PROVIDER
05-22 09:50:23.315 1290 1948 D SEP_UNION_SemDeviceInfoManagerService: onReceive : android.intent.action.PACKAGE_CHANGED, userId = 0
05-22 09:50:23.316 2254 2365 D PluginActionManager: Found 0 plugins
05-22 09:50:23.316 2254 2365 D PluginActionManager: queryPkg com.google.android.providers.media.module com.android.systemui.action.PEOPLE_HUB_PERSON_EXTRACTOR
05-22 09:50:23.317 2254 2365 D PluginActionManager: Found 0 plugins
05-22 09:50:23.317 2254 2365 D PluginActionManager: queryPkg com.google.android.providers.media.module com.android.systemui.action.PLUGIN_VOLUME
05-22 09:50:23.317 2254 2365 D PluginActionManager: Found 0 plugins
05-22 09:50:23.317 2254 2365 D PluginActionManager: queryPkg com.google.android.providers.media.module com.android.systemui.action.PLUGIN_QS_FACTORY
05-22 09:50:23.317 2254 2365 D PluginActionManager: Found 0 plugins
05-22 09:50:23.317 2254 2365 D PluginActionManager: queryPkg com.google.android.providers.media.module com.android.systemui.action.PLUGIN_OVERLAY
05-22 09:50:23.317 2254 2365 D PluginActionManager: Found 0 plugins
05-22 09:50:23.317 24024 24024 I HBD : c currentConnectionState : false
05-22 09:50:23.317 2254 2365 D PluginActionManager: queryPkg com.google.android.providers.media.module com.android.systemui.action.PLUGIN_SENSOR_MANAGER
05-22 09:50:23.317 24024 24024 I HBD : c currentConnectionState : false
05-22 09:50:23.317 24024 24024 I HBD : c currentConnectionState : false
05-22 09:50:23.317 24024 24024 I HBD : c currentConnectionState : false
05-22 09:50:23.317 2254 2365 D PluginActionManager: Found 0 plugins
05-22 09:50:23.318 2254 2254 D SPluginManagerImpl: onReceive: android.intent.action.PACKAGE_CHANGED, size:{com.android.systemui.slimindicator.SlimIndicatorPluginMediator@952263=SPluginInstanceManager@38464017 (action=com.samsung.systemui.action.SPLUGIN_SLIMINDICATOR), com.android.systemui.volume.VolumeStarInteractor$start$1@4ec2969=SPluginInstanceManager@123537270 (action=com.samsung.systemui.volume.PLUGIN), com.android.systemui.noticenter.NotiCenterPlugin$NotiCenterPluginListener@5c6849a=SPluginInstanceManager@103174519 (action=com.samsung.systemui.action.PLUGIN_NOTICENTER), com.android.systemui.lockstar.PluginLockStarManager@6c81870=SPluginInstanceManager@70066660 (action=com.samsung.systemui.action.PLUGIN_LOCK_STAR), com.samsung.android.systemui.multistar.MultiStarManager$2@8f71371=SPluginInstanceManager@31659597 (action=com.samsung.systemui.action.PLUGIN_MULTISTAR), com.android.systemui.navigationbar.plugin.PluginBarInteractionManager$pluginListener$1@a22dbb8=SPluginInstanceManager@185214210 (action=com.samsung.systemui.navigationbar.PLUGIN), com.android.systemui.pluginlock.PluginLockMediatorImpl@e4da9f3=SPluginInstanceManager@203722259 (action=com.samsung.systemui.action.PLUGIN_LOCK)}
05-22 09:50:23.318 2254 2254 D KeyguardUpdateMonitor: received broadcast android.intent.action.PACKAGE_CHANGED
05-22 09:50:23.321 18655 21340 I PermissionControllerServiceImpl: Updating user sensitive for uid 10227
05-22 09:50:23.321 2254 2254 D ControlsListingControllerImpl: ServiceConfig reloaded, count: 0
05-22 09:50:23.322 2254 2254 D FaceWidgetMetadataParser: updatePackage() com.google.android.providers.media.module false
05-22 09:50:23.328 2254 2254 W FaceWidgetMetadataParser: updatePackage() there is no metadata
05-22 09:50:23.328 2254 2254 D FaceWidgetMetadataParser: removePackage() key = com.google.android.providers.media.module
05-22 09:50:23.330 25039 25039 I Finsky : [2] acrm.onStartJob(127): SCH: job service start with id 9850.
05-22 09:50:23.336 25039 28151 I Finsky : [170] las.a(129): SCH: Satisfied jobs for 9850 are: 12-1
05-22 09:50:23.342 25039 28152 I Finsky : [171] zvf.accept(439): SCH: Job 12-1 starting
05-22 09:50:23.344 25039 25039 I Finsky : [2] ContentSyncJob.h(9): [ContentSync] job started
05-22 09:50:23.360 1290 1703 I SearchManagerService: updateSearchables
05-22 09:50:23.362 1290 1703 D LauncherApps: onPackageChanged 0,com.google.android.providers.media.module
05-22 09:50:23.362 2507 2507 I HoneySpace.PackageOperationTracker: onPackageChanged - com.google.android.providers.media.module UserHandle{0}
05-22 09:50:23.362 3750 4251 D LauncherApps: onPackageChanged 0,com.google.android.providers.media.module
05-22 09:50:23.362 2254 3624 D LauncherApps: onPackageChanged 0,com.google.android.providers.media.module
05-22 09:50:23.365 2507 27746 I HoneySpace.PackageSourceImpl: package changed info list size : 0
05-22 09:50:23.366 2507 27749 I SearchableManager: invalidate: com.google.android.providers.media.module
05-22 09:50:23.366 2507 18845 I HoneySpace.HoneySpacePackageSourceImpl: Package changed : com.google.android.providers.media.module
05-22 09:50:23.366 2507 2507 I HoneySpace.HoneySpaceManagerContainer: packageUpdateEvent - com.honeyspace.sdk.source.entity.PackageOperation$Changed@bd9cb04
05-22 09:50:23.366 2507 18845 I HoneySpace.HoneySpacePackageSourceImpl: getHiddenItems : 0
05-22 09:50:23.366 2507 2507 I HoneySpace.HoneySpaceManagerContainer: refreshHoneyPlugin, packageName: com.google.android.providers.media.module
05-22 09:50:23.414 984 23808 I sensors-hal: handle_sns_client_event:44, ambient_light_event: ts=45136183257407, event=354.000000
05-22 09:50:23.414 984 23808 I sensors-hal: handle_sns_client_event:44, ambient_light_event: ts=45136183499855, event=354.000000
05-22 09:50:23.514 984 23808 I sensors-hal: handle_sns_client_event:44, ambient_light_event: ts=45136283261574, event=354.000000
05-22 09:50:23.514 984 23808 I sensors-hal: handle_sns_client_event:44, ambient_light_event: ts=45136283499334, event=354.000000
05-22 09:50:23.590 25039 28153 I Finsky : [172] lho.f(36): Completed 0 account content syncs with 0 successful.
05-22 09:50:23.591 25039 25039 I Finsky : [2] ContentSyncJob.a(12): [ContentSync] Installation state replication succeeded.
05-22 09:50:23.592 25039 25039 I Finsky : [2] acps.r(79): SCH: jobFinished: 12-1. TimeElapsed: 250ms.
05-22 09:50:23.606 25039 25121 I Finsky : [76] rbq.accept(66): SCH: Scheduling phonesky job Id: 1-1337, CT: 1716359589136, Constraints: [{ L: 39674071, D: 82874071, C: 1, I: 1, N: 1 }]
05-22 09:50:23.606 25039 25121 I Finsky : [76] rbq.accept(66): SCH: Scheduling phonesky job Id: 10-4, CT: 1716359588430, Constraints: [{ L: 1200000, D: 86400000, C: 1, I: 1, N: 1 }]
05-22 09:50:23.612 25039 25116 I Finsky : [72] jxs.apply(37): SCH: Scheduling 1 system job(s)
05-22 09:50:23.613 25039 25116 I Finsky : [72] acpp.d(246): SCH: Scheduling system job Id: 9854, L: 164818, D: 81839595, C: false, I: false, N: 1
05-22 09:50:23.614 984 23808 I sensors-hal: handle_sns_client_event:44, ambient_light_event: ts=45136383260532, event=354.000000
05-22 09:50:23.614 984 23808 I sensors-hal: handle_sns_client_event:44, ambient_light_event: ts=45136383500376, event=354.000000
05-22 09:50:23.630 25039 28152 I Finsky : [171] acrm.a(24): SCH: job service finished with id 9850.
05-22 09:50:23.714 984 23808 I sensors-hal: handle_sns_client_event:44, ambient_light_event: ts=45136483259751, event=353.000000
05-22 09:50:23.715 984 23808 I sensors-hal: handle_sns_client_event:44, ambient_light_event: ts=45136483499595, event=353.000000
05-22 09:50:23.767 2507 20355 I SearchEngineAppSuggestion: packageUpdateEvent: com.honeyspace.sdk.source.entity.PackageOperation$Changed@bd9cb04
05-22 09:50:23.767 2507 20355 I SearchEngineAppSuggestion: package changed: com.google.android.providers.media.module
05-22 09:50:23.768 2507 20355 I SearchEngine: query: reTriggered SUGGESTED_APPS 39
05-22 09:50:23.770 2507 20355 I HoneySpace.SuggestAppDecor: cellX : 6
05-22 09:50:23.772 2507 20355 I ResultDataManager: Results: keys=SUGGESTED_APPS, SUGGESTED_TAG, HISTORY_KEYWORD, SUGGESTED_DIRECTORY, SUGGESTED_TIPCARD, HOT_WORDS
05-22 09:50:23.773 2507 25376 I HoneySpace.ContentsViewModel: observed com.honeyspace.search.ui.honeypot.presentation.content.ContentsViewModel@663314b
05-22 09:50:23.774 2507 25376 I HoneySpace.ContentsViewModel: result onUpdated: SUGGESTED_APPS
05-22 09:50:23.774 2507 25376 I HoneySpace.ContentsViewModel: result onRemoved: SUGGESTED_APPS
05-22 09:50:23.774 2507 25376 I HoneySpace.ContentsViewModel: result onAdded: SUGGESTED_APPS
05-22 09:50:23.782 23984 23984 I SCS@AiSearch user 0: (PackageBroadcastReceiver) onReceive android.intent.action.PACKAGE_CHANGED
05-22 09:50:23.782 23984 23984 I SCS@AiSearch user 0: (PackageBroadcastReceiver) packageName: com.google.android.providers.media.module
05-22 09:50:23.783 23984 23984 I SCS@AiSearch user 0: (PackageBroadcastReceiver) Packages changed: [com.google.android.providers.media.module]
05-22 09:50:23.783 23984 23984 I SCS@AiSearch user 0: (AppsDataObserver) scheduling worker CMD_UPDATE_LIST
05-22 09:50:23.798 1290 2336 D PackageManager: setEnabledSetting : userId = 0 packageName = com.samsung.android.scs cmp = androidx.work.impl.background.systemalarm.RescheduleReceiver newState = 1 callingPackage = com.samsung.android.scs
05-22 09:50:23.799 1290 2336 D ApplicationPolicy: getApplicationStateEnabled : pkg = com.samsung.android.scs userId : 0
05-22 09:50:23.801 1290 2336 D ApplicationPolicy: getApplicationComponentState : pkg = com.samsung.android.scs userId : 0
05-22 09:50:23.814 984 23808 I sensors-hal: handle_sns_client_event:44, ambient_light_event: ts=45136583259491, event=354.000000
05-22 09:50:23.814 984 23808 I sensors-hal: handle_sns_client_event:44, ambient_light_event: ts=45136583500637, event=354.000000
05-22 09:50:23.824 26264 28163 I ProvidersCache: Provider returned no roots. Possibly naughty: com.microsoft.skydrive.content.StorageAccessProvider
05-22 09:50:23.846 26264 28164 I ProvidersCache: Provider returned no roots. Possibly naughty: com.google.android.apps.docs.storage
05-22 09:50:23.914 984 23808 I sensors-hal: handle_sns_client_event:44, ambient_light_event: ts=45136683257928, event=354.000000
05-22 09:50:23.915 984 23808 I sensors-hal: handle_sns_client_event:44, ambient_light_event: ts=45136683499855, event=354.000000
05-22 09:50:23.932 2507 2507 I CardAdapter: setCards: SUGGESTED_TIPCARD, SUGGESTED_APPS, SUGGESTED_TAG, SUGGESTED_DIRECTORY
05-22 09:50:23.976 1290 4437 D SemWifiUsabilityStatsMonitor: onWifiUsabilityStats - seqNum 317, isSameBssidAndFreq true
05-22 09:50:23.977 1290 2165 I SemWifiLinkQualityMonitor: Unreliable statistics: 0 / 325 / 26 / 0 || QoS: 0.00 ms / 0.00 Mbps (N) / 0 (0)
05-22 09:50:24.015 984 23808 I sensors-hal: handle_sns_client_event:44, ambient_light_event: ts=45136783259491, event=353.000000
05-22 09:50:24.015 984 23808 I sensors-hal: handle_sns_client_event:44, ambient_light_event: ts=45136783500637, event=353.000000
05-22 09:50:24.114 984 23808 I sensors-hal: handle_sns_client_event:44, ambient_light_event: ts=45136883264439, event=354.000000
05-22 09:50:24.115 984 23808 I sensors-hal: handle_sns_client_event:44, ambient_light_event: ts=45136883500376, event=354.000000
05-22 09:50:24.214 984 23808 I sensors-hal: handle_sns_client_event:44, ambient_light_event: ts=45136983263137, event=353.000000
05-22 09:50:24.215 984 23808 I sensors-hal: handle_sns_client_event:44, ambient_light_event: ts=45136983500116, event=353.000000
05-22 09:50:24.314 984 23808 I sensors-hal: handle_sns_client_event:44, ambient_light_event: ts=45137083254699, event=353.000000
05-22 09:50:24.315 984 23808 I sensors-hal: handle_sns_client_event:44, ambient_light_event: ts=45137083499751, event=353.000000
05-22 09:50:24.361 1290 2116 I SearchManagerService: _updateSearchables
05-22 09:50:24.414 984 23808 I sensors-hal: handle_sns_client_event:44, ambient_light_event: ts=45137183243241, event=353.000000
05-22 09:50:24.415 984 23808 I sensors-hal: handle_sns_client_event:44, ambient_light_event: ts=45137183501053, event=353.000000
05-22 09:50:24.418 1290 2116 W SearchableInfo: Invalid searchable metadata for com.samsung.android.messaging/.ui.view.main.picker.contact.ContactPickerActivity: Search label must be a resource reference.
05-22 09:50:24.470 1290 2116 I SearchManagerService: _updateSearchables completed.
05-22 09:50:24.515 984 23808 I sensors-hal: handle_sns_client_event:44, ambient_light_event: ts=45137283500845, event=353.000000
05-22 09:50:24.615 984 23808 I sensors-hal: handle_sns_client_event:44, ambient_light_event: ts=45137383502251, event=353.000000
05-22 09:50:24.715 984 23808 I sensors-hal: handle_sns_client_event:44, ambient_light_event: ts=45137483500897, event=353.000000
05-22 09:50:24.815 984 23808 I sensors-hal: handle_sns_client_event:44, ambient_light_event: ts=45137583499543, event=354.000000
05-22 09:50:24.915 984 23808 I sensors-hal: handle_sns_client_event:44, ambient_light_event: ts=45137683260168, event=354.000000
05-22 09:50:24.915 984 23808 I sensors-hal: handle_sns_client_event:44, ambient_light_event: ts=45137683505741, event=354.000000
05-22 09:50:24.955 23984 27444 I SCS@AiSearch user 0: (BaseCollector::AOSP_MP) doesDataKeepChanging: postpone count: 0 - source count: very first = 28, previous = 28, current = 28
05-22 09:50:24.955 23984 27444 I SCS@AiSearch user 0: (BaseCollector::AOSP_MP) [AOSP_MP-0] entering in collectChanges():
05-22 09:50:24.970 23984 27444 I SCS@AiSearch user 0: (BaseCollector::AOSP_MP) fetchInternal values : maxSyncId: 1000000030 indexCount: 27 sourceCount: 27
05-22 09:50:24.991 23984 27444 I SCS@AiSearch user 0: (IndexManager) [AOSP_MP-0] entering in addIndex():
05-22 09:50:24.992 23984 27444 I SCS@AiSearch user 0: (BaseCollector::AOSP_MP) fetch: fetching took 30 ms
05-22 09:50:24.993 23984 27444 I SCS@AiSearch user 0: (BaseCollector::AOSP_MP) fetchChanges: applied 0 items
05-22 09:50:24.993 23984 27444 I SCS@AiSearch user 0: (BaseCollector::AOSP_MP) Collect finished. Result: true
05-22 09:50:24.993 23984 27444 I SCS@AiSearch user 0: (DocumentCollector) enqueue ObserverWorker name: DOCUMENTS policy: KEEP
05-22 09:50:24.993 23984 24061 I WM-WorkerWrapper: Worker result SUCCESS for Work [ id=ea6755f8-c673-442a-80cf-1608e8aa2ecf, tags={ com.sec.android.app.myfiles, com.samsung.android.scs.ai.search.data.collector.base.ObserverWorker } ]
05-22 09:50:24.998 23984 27444 I SCS@AiSearch user 0: (BaseCollector::AOSP_MP) enqueue ObserverWorker name: com.sec.android.app.myfiles, policy: APPEND_OR_REPLACE
05-22 09:50:25.006 1290 2336 I ActivityManager: Killing 27570:com.samsung.android.bbc.bbcagent/1000 (adj 999): empty #19
05-22 09:50:25.008 1290 4243 D PackageManager: setEnabledSetting : userId = 0 packageName = com.samsung.android.scs cmp = androidx.work.impl.background.systemalarm.RescheduleReceiver newState = 1 callingPackage = com.samsung.android.scs
05-22 09:50:25.010 1290 4243 D ApplicationPolicy: getApplicationStateEnabled : pkg = com.samsung.android.scs userId : 0
05-22 09:50:25.011 1290 4243 D ApplicationPolicy: getApplicationComponentState : pkg = com.samsung.android.scs userId : 0
05-22 09:50:25.014 1290 1717 I libprocessgroup: Successfully killed process cgroup uid 1000 pid 27570 in 6ms
05-22 09:50:25.015 984 23808 I sensors-hal: handle_sns_client_event:44, ambient_light_event: ts=45137783241782, event=354.000000
05-22 09:50:25.016 984 23808 I sensors-hal: handle_sns_client_event:44, ambient_light_event: ts=45137783500376, event=354.000000
05-22 09:50:25.027 873 873 I Zygote : Process 27570 exited due to signal 9 (Killed)
05-22 09:50:25.056 1290 4244 D PackageManager: setEnabledSetting : userId = 0 packageName = com.samsung.android.scs cmp = androidx.work.impl.background.systemalarm.RescheduleReceiver newState = 1 callingPackage = com.samsung.android.scs
05-22 09:50:25.057 1290 4244 D ApplicationPolicy: getApplicationStateEnabled : pkg = com.samsung.android.scs userId : 0
05-22 09:50:25.058 1290 4244 D ApplicationPolicy: getApplicationComponentState : pkg = com.samsung.android.scs userId : 0
05-22 09:50:25.085 23984 23984 I SCS@AiSearch user 0: (ObserverWorker::DOCUMENTS) [main] entering in startWork triggered by []():
05-22 09:50:25.087 1290 1686 D BatteryService: Sending ACTION_BATTERY_CHANGED: level:97, status:2, health:2, remain:-1, ac:false, usb:true, wireless:false, pogo:false, misc:0x0, charge_type:0, charger_type:0, voltage:4260, temperature:241, online:4, charging_status:0, cycle_count:0, current_avg:0, ps:false, hvc:false, capacity:280000, current_event:0x0, current_now:-8000, mcc:500000, mcv:5000000, cc:4850000, present:true, scale:100, technology:Li-ion
05-22 09:50:25.088 23984 23984 I SCS@AiSearch user 0: (BaseCollector::DOCUMENTS) [main] entering in onChange():
05-22 09:50:25.089 1290 2201 I DeviceBatteryInfoService: action: android.intent.action.BATTERY_CHANGED
05-22 09:50:25.090 1290 2201 I DeviceBatteryInfoService: phone battery level: 97
05-22 09:50:25.090 1290 2201 I DeviceBatteryInfoService: phone battery status: 2
05-22 09:50:25.091 23984 28166 I SCS@AiSearch user 0: (BaseCollector::DOCUMENTS) [DOCUMENTS-0] entering in collectChanges():
05-22 09:50:25.092 1290 2077 D MotionRecognitionService: [SAR] onReceive : ACTION_BATTERY_CHANGED, Plugged: 2
05-22 09:50:25.092 23984 28166 I SCS@AiSearch user 0: (BaseCollector::DOCUMENTS) fetch: fetching took 0 ms
05-22 09:50:25.092 23984 28166 I SCS@AiSearch user 0: (BaseCollector::DOCUMENTS) fetchChanges: applied 0 items
05-22 09:50:25.092 23984 28166 I SCS@AiSearch user 0: (BaseCollector::DOCUMENTS) Collect finished. Result: true
05-22 09:50:25.093 2551 2551 D SemBigDataInfoController: Intent: android.intent.action.BATTERY_CHANGED
05-22 09:50:25.094 2254 2254 I AODBatteryManager: updateBatteryData: ACTION_BATTERY_CHANGED
05-22 09:50:25.095 21837 21837 I [SCPMV2][SystemMonitorReceiver]: onReceive: android.intent.action.BATTERY_CHANGED
05-22 09:50:25.096 2254 2254 I AODBatteryManager: saveBatteryData : AOD BatteryData [mBatteryLevel=97, mBatteryStatus=CHARGING, mBatteryPlugType=USB, mBatteryPlugged=true, mRemainingChargeTime=-1, mBatteryChargingType=1, mBatteryChargerType=NORMAL, mBatteryOnline=USB, mBatterySwellingMode=NONE, mBatteryProtectMode=false]
05-22 09:50:25.096 2254 2254 I PowerUI : mBootCompleted = true | mFullyConnected = true
05-22 09:50:25.097 2254 2254 I PowerUI : BATTERY_HEALTH_CHECK extraHealth=2 mBatteryMiscEvent=0
05-22 09:50:25.097 2254 2254 W PowerUI : Plug reason
05-22 09:50:25.097 2254 2254 W PowerUI : Skip charging animation - by plug status
05-22 09:50:25.097 2254 2254 D PowerUI : priorPlugType = 2 mPlugType = 2 priorBatteryStatus = 2 mBatteryStatus = 2
05-22 09:50:25.097 2254 2254 W PowerUI : Plug reason
05-22 09:50:25.097 2254 2254 W PowerUI : Skip charging sound - by plug status
05-22 09:50:25.097 2254 7516 D SecPowerUI.Notification: dismissing low battery warning: level=97
05-22 09:50:25.097 2254 2254 I PowerUI : oldMisalign : false, curMisalign : false
05-22 09:50:25.097 2254 7516 D SecPowerUI.Notification: updateNotification mWarning=false mPlaySound=false
05-22 09:50:25.097 2254 7516 D SecPowerUI.Notification: SecBatteryStatsSnapshot{batteryLevel=97, currentBatteryMode=0, chargingTime=-1, chargingType=11, batteryHealth=2, automaticTestMode=false, isHiccupState=false}
05-22 09:50:25.098 2254 7516 D SecPowerUI.Notification: 1. restoreScreenTimeOut - saved_value : :
05-22 09:50:25.098 2254 7516 E SecPowerUI.Notification: no saved value, so we do nothing !!
05-22 09:50:25.098 2254 2254 D SecPowerUI.Notification: showChargingNotice oldChargingType : 11 / currentChargingType : 11, oldChargingTime : -1 / mChargingTime : -1
05-22 09:50:25.098 2254 2254 D SecPowerUI.Notification: showChargingNotice There is no change about charging status, so return!
05-22 09:50:25.098 2254 2254 D PowerUI : Battery swelling mode - priorBatterySwellingMode = 0 mBatterySwellingMode = 0 mBatteryStatus = 2
05-22 09:50:25.098 2254 2254 I PowerUI : mBatteryMiscEvent = 0
05-22 09:50:25.099 2254 2254 D SamsungBatteryMeterDrawable: onBatteryLevelChanged isSomethingChanged: false
05-22 09:50:25.099 2254 2254 D SamsungBatteryMeterDrawable: onBatteryLevelChanged isSomethingChanged: false
05-22 09:50:25.100 2254 2254 D SamsungBatteryMeterDrawable: onBatteryLevelChanged isSomethingChanged: false
05-22 09:50:25.100 2254 2254 D KeyguardUpdateMonitor: handleBatteryUpdate
05-22 09:50:25.102 1290 3496 D PackageManager: setEnabledSetting : userId = 0 packageName = com.samsung.android.scs cmp = androidx.work.impl.background.systemalarm.RescheduleReceiver newState = 1 callingPackage = com.samsung.android.scs
05-22 09:50:25.103 1290 3496 D ApplicationPolicy: getApplicationStateEnabled : pkg = com.samsung.android.scs userId : 0
05-22 09:50:25.104 1290 3496 D ApplicationPolicy: getApplicationComponentState : pkg = com.samsung.android.scs userId : 0
05-22 09:50:25.114 23984 24009 I WM-WorkerWrapper: Worker result SUCCESS for Work [ id=57d8657e-24a1-4c5f-8f7c-a57a9b73b42f, tags={ com.samsung.android.scs.ai.search.data.collector.base.ObserverWorker, com.samsung.android.scs.documents } ]
05-22 09:50:25.116 984 23808 I sensors-hal: handle_sns_client_event:44, ambient_light_event: ts=45137883264959, event=354.000000
05-22 09:50:25.117 984 23808 I sensors-hal: handle_sns_client_event:44, ambient_light_event: ts=45137883499334, event=354.000000
05-22 09:50:25.215 984 23808 I sensors-hal: handle_sns_client_event:44, ambient_light_event: ts=45137983255324, event=354.000000
05-22 09:50:25.215 984 23808 I sensors-hal: handle_sns_client_event:44, ambient_light_event: ts=45137983499074, event=354.000000
05-22 09:50:25.263 619 619 D io_stats: !@ 8,0 r 570012 18997940 w 77402 2274820 d 15491 44503080 f 0 0 iot 283064 0 th 0 0 0 pt 0 inp 0 0 10199.226
05-22 09:50:25.265 619 619 D io_stats: !@ Read_top(KB): ung.android.scs(23984) 1756 system_server(1290) 1340 com.samsung.cmh(21756) 1264
05-22 09:50:25.265 619 619 D io_stats: !@ Write_top(KB): ung.android.scs(23984) 264 android.vending(25039) 156 kworker/u16:4(27438) 84
05-22 09:50:25.315 984 23808 I sensors-hal: handle_sns_client_event:44, ambient_light_event: ts=45138083499855, event=354.000000
05-22 09:50:25.415 984 23808 I sensors-hal: handle_sns_client_event:44, ambient_light_event: ts=45138183260741, event=354.000000
05-22 09:50:25.415 984 23808 I sensors-hal: handle_sns_client_event:44, ambient_light_event: ts=45138183500064, event=354.000000
05-22 09:50:25.429 1290 4244 D SGM:GameManager: identifyForegroundApp. org.qtproject.example.spectrum, mCurrentUserId: 0, callerUserId: 0
05-22 09:50:25.433 1290 4244 D SGM:PkgDataHelper: getGamePkgData(). org.qtproject.example.spectrum
05-22 09:50:25.434 21756 21913 I PolicyManager: [#CMH#] Is foreground game app: false
05-22 09:50:25.473 1290 4244 I EDMNativeHelperService: isFaceRecognitionAllowedEvenCameraBlocked
05-22 09:50:25.475 1290 4244 I EDMNativeHelperService: isCameraEnabled
05-22 09:50:25.475 1290 4244 D EDMNativeHelper: isCameraEnabled
05-22 09:50:25.476 1290 4244 D EDMNativeHelper: checking for camera in EnterpriseDeviceManagerService
05-22 09:50:25.476 1290 4244 D EnterpriseDeviceManagerService: isCameraEnabledNative
05-22 09:50:25.476 1290 4244 D EnterpriseDeviceManagerService: checking for camera in restriction policy
05-22 09:50:25.476 1290 4244 D RestrictionPolicy: isCameraEnabled ret(true) userId(0) cxtInfo.mCallerUid(1000) cxtInfo.mContainerId(0)
05-22 09:50:25.515 984 23808 I sensors-hal: handle_sns_client_event:44, ambient_light_event: ts=45138283259230, event=354.000000
05-22 09:50:25.515 984 23808 I sensors-hal: handle_sns_client_event:44, ambient_light_event: ts=45138283499595, event=354.000000
05-22 09:50:25.615 984 23808 I sensors-hal: handle_sns_client_event:44, ambient_light_event: ts=45138383263866, event=355.000000
05-22 09:50:25.615 984 23808 I sensors-hal: handle_sns_client_event:44, ambient_light_event: ts=45138383499803, event=355.000000
05-22 09:50:25.715 984 23808 I sensors-hal: handle_sns_client_event:44, ambient_light_event: ts=45138483262616, event=355.000000
05-22 09:50:25.715 984 23808 I sensors-hal: handle_sns_client_event:44, ambient_light_event: ts=45138483500897, event=355.000000
05-22 09:50:25.800 23984 24519 I SCS@AiSearch user 0: (AppsDataWorker) [androidx.work-3] entering in doWork():
05-22 09:50:25.800 23984 24519 I SCS@AiSearch user 0: (AppsDataObserver) [androidx.work-3] entering in execute():
05-22 09:50:25.800 23984 24519 I SCS@AiSearch user 0: (AppsDataObserver-CMD_UPDATE_LIST) changed package count: 1
05-22 09:50:25.807 23984 24519 I SCS@AiSearch user 0: (AppsDataObserver) [androidx.work-3] leaving from execute(): result is true
05-22 09:50:25.807 23984 24519 I SCS@AiSearch user 0: (AppsDataWorker) [androidx.work-3] leaving from doWork():
05-22 09:50:25.809 23984 24009 I WM-WorkerWrapper: Worker result SUCCESS for Work [ id=20fdf0ec-bfc1-40d9-b01a-fdb08a75360d, tags={ com.samsung.android.scs.ai.search.data.apps.AppsDataWorker, CMD_UPDATE_LIST } ]
05-22 09:50:25.815 984 23808 I sensors-hal: handle_sns_client_event:44, ambient_light_event: ts=45138583257147, event=355.000000
05-22 09:50:25.816 984 23808 I sensors-hal: handle_sns_client_event:44, ambient_light_event: ts=45138583500897, event=355.000000
05-22 09:50:25.827 1290 4244 W JobScheduler: Job didn't exist in JobStore: 75ba916 #u0a82/662 com.samsung.android.scs/androidx.work.impl.background.systemjob.SystemJobService
05-22 09:50:25.917 984 23808 I sensors-hal: handle_sns_client_event:44, ambient_light_event: ts=45138683499334, event=355.000000
05-22 09:50:26.015 984 23808 I sensors-hal: handle_sns_client_event:44, ambient_light_event: ts=45138783500376, event=355.000000