05-22 09:50:12.796 1100 27402 I QC2C2DEngine: calcYSize: unsupported or RGB color format, RGBA8888(1)
05-22 09:50:12.798 1290 2201 I DeviceBatteryInfoService: action: android.intent.action.BATTERY_CHANGED
05-22 09:50:12.799 1290 2201 I DeviceBatteryInfoService: phone battery level: 97
05-22 09:50:12.799 1290 2201 I DeviceBatteryInfoService: phone battery status: 2
05-22 09:50:12.802 1290 2077 D MotionRecognitionService: [SAR] onReceive : ACTION_BATTERY_CHANGED, Plugged: 2
05-22 09:50:12.805 2254 2254 I PowerUI : mBootCompleted = true | mFullyConnected = true
05-22 09:50:12.805 2254 2254 I PowerUI : BATTERY_HEALTH_CHECK extraHealth=2 mBatteryMiscEvent=0
05-22 09:50:12.805 2254 2254 W PowerUI : Plug reason
05-22 09:50:12.805 2254 10693 D SecPowerUI.Notification: dismissing low battery warning: level=97
05-22 09:50:12.806 2254 2254 W PowerUI : Skip charging animation - by plug status
05-22 09:50:12.806 2254 2254 D PowerUI : priorPlugType = 2 mPlugType = 2 priorBatteryStatus = 2 mBatteryStatus = 2
05-22 09:50:12.806 2254 2254 W PowerUI : Plug reason
05-22 09:50:12.806 2254 10693 D SecPowerUI.Notification: updateNotification mWarning=false mPlaySound=false
05-22 09:50:12.806 2254 2254 W PowerUI : Skip charging sound - by plug status
05-22 09:50:12.806 2551 2551 D SemBigDataInfoController: Intent: android.intent.action.BATTERY_CHANGED
05-22 09:50:12.806 2254 2254 I PowerUI : oldMisalign : false, curMisalign : false
05-22 09:50:12.806 2254 10693 D SecPowerUI.Notification: SecBatteryStatsSnapshot{batteryLevel=97, currentBatteryMode=0, chargingTime=-1, chargingType=11, batteryHealth=2, automaticTestMode=false, isHiccupState=false}
05-22 09:50:12.807 2254 10693 D SecPowerUI.Notification: 1. restoreScreenTimeOut - saved_value : :
05-22 09:50:12.807 2254 10693 E SecPowerUI.Notification: no saved value, so we do nothing !!
05-22 09:50:12.809 21837 21837 I [SCPMV2][SystemMonitorReceiver]: onReceive: android.intent.action.BATTERY_CHANGED
05-22 09:50:12.809 2254 2254 D SecPowerUI.Notification: showChargingNotice oldChargingType : 11 / currentChargingType : 11, oldChargingTime : -1 / mChargingTime : 1422000
05-22 09:50:12.809 2254 2254 D SecPowerUI.Notification: showChargingNotification()
05-22 09:50:12.809 2254 2254 D SecPowerUI.Notification: SecBatteryStatsSnapshot{batteryLevel=97, currentBatteryMode=0, chargingTime=1422000, chargingType=11, batteryHealth=2, automaticTestMode=false, isHiccupState=false}
05-22 09:50:12.812 2254 2254 I NotificationManager: com.android.systemui: notify(2131363660, charging_state, Notification(channel=CHR shortcut=null contentView=null vibrate=null sound=null defaults=0x0 flags=0xa color=0xff5075a1 category=sys groupKey=CHARGING vis=PUBLIC semFlags=0x0 semPriority=0 semMissedCount=0)) as user
05-22 09:50:12.814 984 23808 I sensors-hal: handle_sns_client_event:44, ambient_light_event: ts=45125583500637, event=94.000000
05-22 09:50:12.815 2254 2254 D PowerUI : Battery swelling mode - priorBatterySwellingMode = 0 mBatterySwellingMode = 0 mBatteryStatus = 2
05-22 09:50:12.815 2254 2254 I PowerUI : mBatteryMiscEvent = 0
05-22 09:50:12.815 2254 2254 I AODBatteryManager: updateBatteryData: ACTION_BATTERY_CHANGED
05-22 09:50:12.817 2254 2254 I AODBatteryManager: saveBatteryData : AOD BatteryData [mBatteryLevel=97, mBatteryStatus=CHARGING, mBatteryPlugType=USB, mBatteryPlugged=true, mRemainingChargeTime=1422000, mBatteryChargingType=1, mBatteryChargerType=NORMAL, mBatteryOnline=USB, mBatterySwellingMode=NONE, mBatteryProtectMode=false]
05-22 09:50:12.817 2254 2254 I ChargingInfoManager: updateChargingInfo: newState = AOD ChargingInfo [mState=BATTERY_AND_REMAIN_TIME, mIsCharging=true, mIsFullyCharged=false, mIsBatteryProtectMode=false], oldState = AOD ChargingInfo [mState=BATTERY_AND_REMAIN_TIME, mIsCharging=true, mIsFullyCharged=false, mIsBatteryProtectMode=false]
05-22 09:50:12.818 2254 2254 D SamsungBatteryMeterDrawable: onBatteryLevelChanged isSomethingChanged: false
05-22 09:50:12.818 2254 2254 D SamsungBatteryMeterDrawable: onBatteryLevelChanged isSomethingChanged: false
05-22 09:50:12.818 2254 2254 D SamsungBatteryMeterDrawable: onBatteryLevelChanged isSomethingChanged: false
05-22 09:50:12.819 2254 2254 D KeyguardUpdateMonitor: handleBatteryUpdate
05-22 09:50:12.822 2254 2254 D KeyguardSecIndicationController: addIndicationTimeout() returned - unlocking
05-22 09:50:12.822 2254 2254 D KeyguardSecIndicationController: addIndication() returned - unlocking
05-22 09:50:12.822 2254 2254 D KeyguardSecIndicationController: addBatteryAndOwnerInfoIndication() battery status = BatteryStatus{status=2,level=97,plugged=2,chargingStatus=0,maxChargingWattage=2500000,remaining=1422000ultraFastCharger=0}
05-22 09:50:12.889 1100 27402 I QC2C2DEngine: calcYSize: unsupported or RGB color format, RGBA8888(1)
05-22 09:50:12.915 984 23808 I sensors-hal: handle_sns_client_event:44, ambient_light_event: ts=45125683501418, event=94.000000
05-22 09:50:12.999 1100 27402 I QC2C2DEngine: calcYSize: unsupported or RGB color format, RGBA8888(1)
05-22 09:50:13.015 984 23808 I sensors-hal: handle_sns_client_event:44, ambient_light_event: ts=45125783262980, event=94.000000
05-22 09:50:13.015 984 23808 I sensors-hal: handle_sns_client_event:44, ambient_light_event: ts=45125783501314, event=94.000000
05-22 09:50:13.030 2507 2507 I HoneySpace.NotificationListener: onNotificationPosted com.android.systemui: -1|com.android.systemui|2131363660|charging_state|10047: 0
05-22 09:50:13.030 2507 2507 I HoneySpace.NotificationListener: invalid notification: com.android.systemui UserHandle{-1}: canShowBadge is false
05-22 09:50:13.038 2254 3169 I ViewRootImpl@10f8be7[StatusBar]: mWNT: t=0xb40000708fdff280 mBlastBufferQueue=0xb400007090dcb400 fn= 686 caller= android.view.ViewRootImpl$6.onFrameDraw:5582 android.view.ViewRootImpl$2.onFrameDraw:2131 android.view.ThreadedRenderer$1.onFrameDraw:788
05-22 09:50:13.038 2254 2254 I AODNotificationManager: updateNotification()
05-22 09:50:13.086 1100 27402 I QC2C2DEngine: calcYSize: unsupported or RGB color format, RGBA8888(1)
05-22 09:50:13.115 984 23808 I sensors-hal: handle_sns_client_event:44, ambient_light_event: ts=45125883253397, event=94.000000
05-22 09:50:13.116 984 23808 I sensors-hal: handle_sns_client_event:44, ambient_light_event: ts=45125883500272, event=94.000000
05-22 09:50:13.189 1100 27402 I QC2C2DEngine: calcYSize: unsupported or RGB color format, RGBA8888(1)
05-22 09:50:13.216 984 23808 I sensors-hal: handle_sns_client_event:44, ambient_light_event: ts=45125983262043, event=94.000000
05-22 09:50:13.217 984 23808 I sensors-hal: handle_sns_client_event:44, ambient_light_event: ts=45125983493293, event=94.000000
05-22 09:50:13.227 1290 2119 V AS.AudioService: onUpdateAudioMode() new mode: 0, current mode: 3 requested mode: 0
05-22 09:50:13.228 954 27944 D audio_hw_primary: adev_set_mode: mode 0 , prev_mode 3
05-22 09:50:13.230 1154 1227 V APM_AudioPolicyManager: setPhoneState() state 0
05-22 09:50:13.233 1154 1227 V APM_AudioPolicyManager: setPhoneState() in call state management: new state is 0
05-22 09:50:13.234 2254 2254 D BubblesManager: onEntryUpdated : shouldBubbleUp=false ,key=-1|com.android.systemui|2131363660|charging_state|10047
05-22 09:50:13.237 2254 2254 D InterruptionStateProvider: no Heads up : edgelighting enabled app. -1|com.android.systemui|2131363660|charging_state|10047
05-22 09:50:13.237 1154 1227 I APM::AudioPolicyEngine: getDevicesForStrategyInt no device found for strategy 9
05-22 09:50:13.242 1154 1227 I APM::AudioPolicyEngine: getDevicesForStrategyInt no device found for strategy 9
05-22 09:50:13.245 1154 1227 V APM_AudioPolicyManager: getNewOutputDevices selected devices AUDIO_DEVICE_NONE
05-22 09:50:13.246 1154 1227 V APM_AudioPolicyManager: setOutputDevices device {AUDIO_DEVICE_OUT_SPEAKER, @:} delayMs 0
05-22 09:50:13.246 1154 1227 V APM_AudioPolicyManager: setOutputDevices() prevDevice {AUDIO_DEVICE_OUT_SPEAKER, @:}
05-22 09:50:13.247 1154 1227 I APM::AudioPolicyEngine: getDevicesForStrategyInt no device found for strategy 9
05-22 09:50:13.248 1154 1227 V APM_AudioPolicyManager: setOutputDevices changing device to {AUDIO_DEVICE_OUT_SPEAKER, @:}
05-22 09:50:13.257 2254 2254 D FaceWidgetKeyguardNIOController: getDefaultPositionX
05-22 09:50:13.262 2254 2254 I AODNotificationManager: updateNotification()
05-22 09:50:13.274 1100 27402 I QC2C2DEngine: calcYSize: unsupported or RGB color format, RGBA8888(1)
05-22 09:50:13.291 2254 2254 D FaceWidgetKeyguardNIOController: getDefaultPositionX
05-22 09:50:13.292 1100 27402 I QC2C2DEngine: calcYSize: unsupported or RGB color format, RGBA8888(1)
05-22 09:50:13.303 1154 1884 D DlbDlbEffect: handle_EFFECT_CMD_SET_DEVICE(device=0x00000002)
05-22 09:50:13.303 1154 1884 D DlbEffectContext: setDevice(00000002)
05-22 09:50:13.303 1154 1884 D DlbEndpointParamCache: setDevice(device=0x00000002)
05-22 09:50:13.303 1154 1884 D DlbDlbEffect: handle_EFFECT_CMD_SET_DEVICE(device=0x00000002)
05-22 09:50:13.304 1154 1884 D DlbSpatializerEffectContext: setDevice(00000002)
05-22 09:50:13.304 1154 1884 D DlbEndpointParamCache: setDevice(device=0x00000002)
05-22 09:50:13.304 1154 1884 D DlbDlbEffect: handle_EFFECT_CMD_SET_DEVICE(device=0x00000002)
05-22 09:50:13.304 1154 1884 D DlbEffectContext: setDevice(00000002)
05-22 09:50:13.304 1154 1884 D DlbEndpointParamCache: setDevice(device=0x00000002)
05-22 09:50:13.304 1154 1884 V VolumeMonitor_Energy_Effect: VM_command() EFFECT_CMD_SET_DEVICE 0x00000002
05-22 09:50:13.304 1154 1884 V VolumeMonitor_Energy_Effect: VM_setDevice() sessionId:-1301, device:0x0x2, isBtTypeHeadset:0
05-22 09:50:13.304 954 954 D audio_hw_primary: adev_create_audio_patch: enter: num sources 1, num_sinks 1, handle 1
05-22 09:50:13.304 954 954 D audio_hw_primary: adev_create_audio_patch: Playback patch from mix handle 13 to device 2
05-22 09:50:13.304 954 954 D audio_hw_primary: route_output_stream: enter: usecase(0: deep-buffer-playback) devices 2
05-22 09:50:13.305 1154 1884 D AudioFlinger: setCurDevice() 0x2
05-22 09:50:13.305 1154 1227 V APM_AudioPolicyManager: setOutputDevices() AF::createAudioPatch returned 0 patchHandle 116 num_sources 1 num_sinks 1
05-22 09:50:13.306 1154 1227 V APM_AudioPolicyManager: checkAndSetVolume: output 13, stream 10, index 9, devices 0x2, volume 0.298538
05-22 09:50:13.307 1154 1227 V APM_AudioPolicyManager: checkAndSetVolume: output 13, stream 4, index 11, devices 0x2, volume 0.354813
05-22 09:50:13.307 1154 1227 V APM_AudioPolicyManager: checkAndSetVolume: output 13, stream 8, index 9, devices 0x2, volume 0.125893
05-22 09:50:13.310 1154 1227 V APM_AudioPolicyManager: checkAndSetVolume: output 13, stream 3, index 8, devices 0x2, volume 0.089125
05-22 09:50:13.310 1154 1227 V APM_AudioPolicyManager: checkAndSetVolume: output 13, stream 5, index 11, devices 0x2, volume 0.354813
05-22 09:50:13.310 1154 1227 V APM_AudioPolicyManager: checkAndSetVolume: output 13, stream 2, index 11, devices 0x2, volume 0.354813
05-22 09:50:13.310 1154 1227 V APM_AudioPolicyManager: checkAndSetVolume: output 13, stream 1, index 6, devices 0x2, volume 0.177828
05-22 09:50:13.312 1154 1227 V APM_AudioPolicyManager: checkAndSetVolume: output 13, stream 9, index 8, devices 0x2, volume 0.251189
05-22 09:50:13.312 1154 1227 V APM_AudioPolicyManager: checkAndSetVolume: output 13, stream 0, index 5, devices 0x2, volume 0.223872
05-22 09:50:13.313 1154 1227 V APM_AudioPolicyManager: checkAndSetVolume: output 13, stream 11, index 7, devices 0x2, volume 0.066834
05-22 09:50:13.313 1154 1227 V APM_AudioPolicyManager: getNewOutputDevices selected devices AUDIO_DEVICE_NONE
05-22 09:50:13.313 1154 1227 V APM_AudioPolicyManager: setOutputDevices device AUDIO_DEVICE_NONE delayMs 0
05-22 09:50:13.313 1154 1227 V APM_AudioPolicyManager: setOutputDevices() prevDevice {AUDIO_DEVICE_OUT_SPEAKER, @:}
05-22 09:50:13.314 1154 1227 I APM::AudioPolicyEngine: getDevicesForStrategyInt no device found for strategy 9
05-22 09:50:13.314 1154 1227 V APM_AudioPolicyManager: setOutputDevices setting same device AUDIO_DEVICE_NONE or null device, force=0, patch handle=3
05-22 09:50:13.314 1154 1227 V APM_AudioPolicyManager: getNewOutputDevices selected devices AUDIO_DEVICE_NONE
05-22 09:50:13.314 1154 1227 V APM_AudioPolicyManager: setOutputDevices device AUDIO_DEVICE_NONE delayMs 0
05-22 09:50:13.314 984 23808 I sensors-hal: handle_sns_client_event:44, ambient_light_event: ts=45126083265480, event=94.000000
05-22 09:50:13.314 1154 1227 V APM_AudioPolicyManager: setOutputDevices() prevDevice {AUDIO_DEVICE_OUT_SPEAKER, @:}
05-22 09:50:13.314 984 23808 I sensors-hal: handle_sns_client_event:44, ambient_light_event: ts=45126083501157, event=94.000000
05-22 09:50:13.315 1154 1227 I APM::AudioPolicyEngine: getDevicesForStrategyInt no device found for strategy 9
05-22 09:50:13.315 1154 1227 V APM_AudioPolicyManager: setOutputDevices setting same device AUDIO_DEVICE_NONE or null device, force=0, patch handle=5
05-22 09:50:13.316 1290 2119 V AS.AudioService: onUpdateAudioMode: mode successfully set to 0
05-22 09:50:13.319 1290 1290 D SemWifiSwitchForIndividualAppsService: SEM_ACTION_AUDIO_MODE_CHANGED - Enter State
05-22 09:50:13.319 1290 1290 D SemWifiSwitchForIndividualAppsService: SEM_ACTION_AUDIO_MODE_CHANGED - true
05-22 09:50:13.319 1290 2119 V AS.AudioService: onUpdateAudioMode: streamType=3, streamAlias=3
05-22 09:50:13.320 1290 2120 I Telecom:SamsungTelecomServiceImpl: isInCall - callingPackage : android / callingUser : UserHandle{0} / hasCrossUserAccess : true
05-22 09:50:13.321 1290 2119 D BluetoothA2dp: getActiveDevice()
05-22 09:50:13.324 1290 2119 D AS.AudioService: isBluetoothDualModeActive=false
05-22 09:50:13.324 2254 2254 D FaceWidgetKeyguardNIOController: getDefaultPositionX
05-22 09:50:13.325 1290 2119 I Telecom:SamsungTelecomServiceImpl: isInCall - callingPackage : android / callingUser : UserHandle{0} / hasCrossUserAccess : true
05-22 09:50:13.328 2254 2254 I AODNotificationManager: updateNotification()
05-22 09:50:13.328 1290 2119 D AS.AudioService: updateVolumeGroupIndex for stream 10, muted=false, device=1, index=85, group AUDIO_STREAM_ACCESSIBILITY Muted=false, Index=9, forceMuteState=false
05-22 09:50:13.328 1290 2119 D AS.AudioService: updateVolumeGroupIndex for stream 10, muted=false, device=4, index=85, group AUDIO_STREAM_ACCESSIBILITY Muted=false, Index=9, forceMuteState=false
05-22 09:50:13.329 1290 2119 D AS.AudioService: updateVolumeGroupIndex for stream 10, muted=false, device=8, index=85, group AUDIO_STREAM_ACCESSIBILITY Muted=false, Index=9, forceMuteState=false
05-22 09:50:13.329 1290 2119 D BluetoothA2dp: getActiveDevice()
05-22 09:50:13.331 1290 2119 D AS.AudioService: isBluetoothDualModeActive=false
05-22 09:50:13.332 1290 2119 D AS.AudioService: updateVolumeGroupIndex for stream 10, muted=false, device=128, index=85, group AUDIO_STREAM_ACCESSIBILITY Muted=false, Index=9, forceMuteState=false
05-22 09:50:13.332 1290 2119 D AS.AudioService: updateVolumeGroupIndex for stream 10, muted=false, device=32768, index=150, group AUDIO_STREAM_ACCESSIBILITY Muted=false, Index=15, forceMuteState=false
05-22 09:50:13.332 1290 2119 D AS.AudioService: updateVolumeGroupIndex for stream 10, muted=false, device=67108864, index=85, group AUDIO_STREAM_ACCESSIBILITY Muted=false, Index=9, forceMuteState=false
05-22 09:50:13.333 1290 2119 D BluetoothA2dp: getActiveDevice()
05-22 09:50:13.335 1290 2119 D AS.AudioService: isBluetoothDualModeActive=false
05-22 09:50:13.345 1290 1965 D InputReader: Btn_touch(9): value=1 when=10187.308406
05-22 09:50:13.345 1290 1965 I InputReader: Touch event's action is 0x0 (id=2, t=0) [pCnt=1, s=0.161 ] when=10187.308406
05-22 09:50:13.346 1290 1964 I InputDispatcher: Delivering touch to (2507): action: 0x4, f=0x0, d=0, '3610cc1', t=1
05-22 09:50:13.346 1290 1964 I InputDispatcher: Delivering touch to (27753): action: 0x0, f=0x0, d=0, '95d9169', t=1
05-22 09:50:13.346 1290 1964 D PowerManagerService: [api] userActivityFromNative : touch displayId=0 eventTime=10187308
05-22 09:50:13.347 1290 1675 I GestureDetector: obtain mCurrentDownEvent. id: 1034552645 caller: com.android.server.wm.SystemGesturesPointerEventListener.onPointerEvent:204 com.android.server.wm.PointerEventDispatcher.onInputEvent:53 android.view.InputEventReceiver.dispatchInputEvent:296
05-22 09:50:13.347 1290 1675 I GestureDetector: obtain mCurrentDownEvent. id: 1034552645 caller: com.android.server.wm.SystemPerformancePointerEventListener.onPointerEvent:89 com.android.server.wm.PointerEventDispatcher.onInputEvent:53 android.view.InputEventReceiver.dispatchInputEvent:296
05-22 09:50:13.349 27753 27753 I ViewRootImpl@8f2ed9c[QtActivity]: ViewPostIme pointer 0
05-22 09:50:13.351 1100 27402 I QC2C2DEngine: calcYSize: unsupported or RGB color format, RGBA8888(1)
05-22 09:50:13.352 27753 27753 I GestureDetector: obtain mCurrentDownEvent. id: 1034552645 caller: org.qtproject.qt.android.QtWindow.onTouchEvent:74 org.qtproject.qt.android.QtLayout.onTouchEvent:53 android.view.View.dispatchTouchEvent:16212
05-22 09:50:13.354 1290 1675 I GestureDetector: obtain mCurrentMotionEventRaw. action: 2 id: 358190035
05-22 09:50:13.354 1290 1675 I GestureDetector: obtain mCurrentMotionEventRaw. action: 2 id: 358190035
05-22 09:50:13.354 1180 1180 I Layer : Layer [Sprite#167] hidden!! flag(0)
05-22 09:50:13.357 27753 27753 I ImeTracker: org.qtproject.example.spectrum:3a0a4848: onRequestHide at ORIGIN_CLIENT_HIDE_SOFT_INPUT reason HIDE_SOFT_INPUT
05-22 09:50:13.357 27753 27753 I InputMethodManager_LC: hsifw() - flag : 0
05-22 09:50:13.357 27753 27753 I ImeTracker: org.qtproject.example.spectrum:3a0a4848: onFailed at PHASE_CLIENT_VIEW_SERVED
05-22 09:50:13.358 27753 27753 I InputMethodManager_LC: hsifw() ignored windowToken=null servedView=DecorView@c0f4788[QtActivity],focus=false,windowFocus=true,window=android.view.ViewRootImpl$W@8f2ed9c,displayId=0,temporaryDetach=false,hasImeFocus=true mDisplayId=0
05-22 09:50:13.359 1290 2119 D AS.AudioService: setLeAudioVolumeOnModeUpdate postSetLeAudioVolumeIndex device=536870912, mode=0, index=70 maxIndex=150 streamType=3
05-22 09:50:13.359 1290 2119 D BluetoothA2dp: getActiveDevice()
05-22 09:50:13.361 27753 27753 I GestureDetector: obtain mCurrentMotionEventRaw. action: 2 id: 358190035
05-22 09:50:13.363 1290 2120 I AS.BtHelper: setHearingAidVolume: null mHearingAid
05-22 09:50:13.363 1290 2119 D AS.AudioService: isBluetoothDualModeActive=false
05-22 09:50:13.363 1290 2120 I AS.BtHelper: setLeAudioVolume: null mLeAudio
05-22 09:50:13.363 1290 2120 D BluetoothA2dp: getActiveDevice()
05-22 09:50:13.363 1154 1905 V APM_AudioPolicyManager: setVolumeCurveIndex stream AUDIO_STREAM_ASSISTANT, device 0x20000000, index 15
05-22 09:50:13.366 1290 2119 D BluetoothA2dp: getActiveDevice()
05-22 09:50:13.368 1290 2119 D AS.AudioService: isBluetoothDualModeActive=false
05-22 09:50:13.368 1154 1905 V APM_AudioPolicyManager: setVolumeCurveIndex stream AUDIO_STREAM_ACCESSIBILITY, device 0x20000000, index 15
05-22 09:50:13.369 1290 2119 D BluetoothA2dp: getActiveDevice()
05-22 09:50:13.372 1290 2119 D AS.AudioService: isBluetoothDualModeActive=false
05-22 09:50:13.372 1180 1180 D SurfaceFlinger: Display 4630946835308409729 HWC layers:
05-22 09:50:13.372 1180 1180 D SurfaceFlinger: CLIENT | 0xb400007dbaba9df0 | 0500 | RGBA_8888 | 0.0 0.0 1200.0 1812.0 | 0 36 1200 1848 | SurfaceView[org.qtproject.example.sp[...]id.bindings.QtActivity]@0(BLAST)#669
05-22 09:50:13.372 1180 1180 D SurfaceFlinger: CLIENT | 0xb400007dbaba78c0 | 0100 | RGBA_8888 | 0.0 0.0 1200.0 1920.0 | 0 0 1200 1920 | org.qtproject.example.spectrum/org.q[...]droid.bindings.QtActivity$_27753#656
05-22 09:50:13.372 1180 1180 D SurfaceFlinger: CLIENT | 0xb400007dac357720 | 0100 | RGBA_8888 | 0.0 0.0 1200.0 36.0 | 0 0 1200 36 | StatusBar$_2254#99
05-22 09:50:13.372 1180 1180 D SurfaceFlinger: CLIENT | 0xb400007dac3578e0 | 0100 | RGBA_8888 | 0.0 0.0 67.0 207.0 | 1133 432 1200 639 | com.sec.android.app.launcher/com.sam[...]ce.edge.CocktailBarService$_2507#160
05-22 09:50:13.372 1180 1180 D SurfaceFlinger: CLIENT | 0xb400007dac2d8980 | 0100 | RGBA_8888 | 0.0 0.0 1200.0 72.0 | 0 1848 1200 1920 | TaskbarWindow$_2507#128
05-22 09:50:13.372 1180 1180 D SurfaceFlinger: CLIENT | 0xb400007dac359010 | 0100 | RGBA_8888 | 0.0 0.0 1200.0 1920.0 | 0 0 1200 1920 | PointerLocation - display 0#57
05-22 09:50:13.372 1180 1180 D SurfaceFlinger: CLIENT | 0xb4000
05-22 09:50:13.372 1180 1180 D SurfaceFlinger: 07dac3559d0 | 0100 | RGBA_8888 | 0.0 0.0 36.0 36.0 | 792 772 828 808 | bbq-wrapper#168
05-22 09:50:13.372 1180 1180 D SurfaceFlinger:
05-22 09:50:13.372 1154 1905 V APM_AudioPolicyManager: setVolumeCurveIndex stream AUDIO_STREAM_TTS, device 0x20000000, index 15
05-22 09:50:13.373 1290 2119 D BluetoothA2dp: getActiveDevice()
05-22 09:50:13.375 1100 27402 I QC2C2DEngine: calcYSize: unsupported or RGB color format, RGBA8888(1)
05-22 09:50:13.376 1290 2119 D AS.AudioService: isBluetoothDualModeActive=false
05-22 09:50:13.376 1154 1905 V APM_AudioPolicyManager: setVolumeCurveIndex stream AUDIO_STREAM_DTMF, device 0x20000000, index 15
05-22 09:50:13.377 1290 2119 D BluetoothA2dp: getActiveDevice()
05-22 09:50:13.381 1290 2119 D AS.AudioService: isBluetoothDualModeActive=false
05-22 09:50:13.382 1154 1905 V APM_AudioPolicyManager: setVolumeCurveIndex stream AUDIO_STREAM_ENFORCED_AUDIBLE, device 0x20000000, index 15
05-22 09:50:13.383 1290 2119 D BluetoothA2dp: getActiveDevice()
05-22 09:50:13.385 1290 2119 D AS.AudioService: isBluetoothDualModeActive=false
05-22 09:50:13.386 1154 1905 V APM_AudioPolicyManager: setVolumeCurveIndex stream AUDIO_STREAM_BLUETOOTH_SCO, device 0x20000000, index 15
05-22 09:50:13.387 1290 2119 D BluetoothA2dp: getActiveDevice()
05-22 09:50:13.389 1290 2119 D AS.AudioService: isBluetoothDualModeActive=false
05-22 09:50:13.390 1154 1905 V APM_AudioPolicyManager: setVolumeCurveIndex stream AUDIO_STREAM_NOTIFICATION, device 0x20000000, index 15
05-22 09:50:13.391 1290 2119 D BluetoothA2dp: getActiveDevice()
05-22 09:50:13.393 1290 2119 D AS.AudioService: isBluetoothDualModeActive=false
05-22 09:50:13.394 1154 1905 V APM_AudioPolicyManager: setVolumeCurveIndex stream AUDIO_STREAM_ALARM, device 0x20000000, index 15
05-22 09:50:13.395 1290 2119 D BluetoothA2dp: getActiveDevice()
05-22 09:50:13.395 1100 27402 I QC2C2DEngine: calcYSize: unsupported or RGB color format, RGBA8888(1)
05-22 09:50:13.398 1290 2119 D AS.AudioService: isBluetoothDualModeActive=false
05-22 09:50:13.399 1290 2119 D BluetoothA2dp: getActiveDevice()
05-22 09:50:13.402 1290 2119 D AS.AudioService: isBluetoothDualModeActive=false
05-22 09:50:13.403 1154 1905 V APM_AudioPolicyManager: setVolumeCurveIndex stream AUDIO_STREAM_ACCESSIBILITY, device 0x20000000, index 15
05-22 09:50:13.404 1154 1905 V APM_AudioPolicyManager: setVolumeCurveIndex stream AUDIO_STREAM_ACCESSIBILITY, device 0x00000001, index 8
05-22 09:50:13.406 1154 1905 V APM_AudioPolicyManager: setVolumeCurveIndex stream AUDIO_STREAM_ACCESSIBILITY, device 0x00000002, index 8
05-22 09:50:13.408 1290 2119 D BluetoothA2dp: getActiveDevice()
05-22 09:50:13.411 1290 2119 D AS.AudioService: isBluetoothDualModeActive=false
05-22 09:50:13.411 1154 1905 V APM_AudioPolicyManager: setVolumeCurveIndex stream AUDIO_STREAM_TTS, device 0x20000000, index 15
05-22 09:50:13.413 1154 1905 V APM_AudioPolicyManager: setVolumeCurveIndex stream AUDIO_STREAM_TTS, device 0x00000001, index 8
05-22 09:50:13.413 1100 27402 I QC2C2DEngine: calcYSize: unsupported or RGB color format, RGBA8888(1)
05-22 09:50:13.414 1154 1905 V APM_AudioPolicyManager: setVolumeCurveIndex stream AUDIO_STREAM_TTS, device 0x00000002, index 8
05-22 09:50:13.414 984 23808 I sensors-hal: handle_sns_client_event:44, ambient_light_event: ts=45126183500116, event=94.000000
05-22 09:50:13.415 1290 2119 D BluetoothA2dp: getActiveDevice()
05-22 09:50:13.417 1290 2119 D AS.AudioService: isBluetoothDualModeActive=false
05-22 09:50:13.418 1154 1905 V APM_AudioPolicyManager: setVolumeCurveIndex stream AUDIO_STREAM_RING, device 0x20000000, index 15
05-22 09:50:13.419 1290 2119 D BluetoothA2dp: getActiveDevice()
05-22 09:50:13.422 1290 2119 D AS.AudioService: isBluetoothDualModeActive=false
05-22 09:50:13.422 1154 1905 V APM_AudioPolicyManager: setVolumeCurveIndex stream AUDIO_STREAM_DTMF, device 0x20000000, index 15
05-22 09:50:13.424 1154 1905 V APM_AudioPolicyManager: setVolumeCurveIndex stream AUDIO_STREAM_DTMF, device 0x00000002, index 11
05-22 09:50:13.424 1290 2119 D BluetoothA2dp: getActiveDevice()
05-22 09:50:13.427 1290 2119 D AS.AudioService: isBluetoothDualModeActive=false
05-22 09:50:13.428 1154 1905 V APM_AudioPolicyManager: setVolumeCurveIndex stream AUDIO_STREAM_SYSTEM, device 0x20000000, index 15
05-22 09:50:13.429 1290 2119 D BluetoothA2dp: getActiveDevice()
05-22 09:50:13.431 1290 2119 D AS.AudioService: isBluetoothDualModeActive=false
05-22 09:50:13.432 1154 1905 V APM_AudioPolicyManager: setVolumeCurveIndex stream AUDIO_STREAM_VOICE_CALL, device 0x20000000, index 8
05-22 09:50:13.433 1290 2120 V AS.AudioDeviceBroker: requestedCommunicationDevice: AudioDeviceAttributes: role:output type:speaker addr: name: profiles:[] descriptors:[] mAudioModeOwner: AudioModeInfo: mMode=MODE_IN_COMMUNICATION, mPid=27753, mUid=10253
05-22 09:50:13.433 1290 2120 V AS.AudioDeviceBroker: onUpdateCommunicationRouteClient, crc: [CommunicationRouteClient: mUid: 10253 mDevice: AudioDeviceAttributes: role:output type:speaker addr: name: profiles:[] descriptors:[] mIsPrivileged: false mPlaybackActive: true mRecordingActive: false] wasBtScoRequested: false eventSource: setNewModeOwner
05-22 09:50:13.433 1154 1905 V APM_AudioPolicyManager: canBeSpatializedInt check can be spatialized devices[AUDIO_DEVICE_OUT_SPEAKER, @:]
05-22 09:50:13.433 1290 2120 V AS.AudioDeviceBroker: setCommunicationRouteForClient: device: AudioDeviceAttributes: role:output type:speaker addr: name: profiles:[] descriptors:[], eventSource: setNewModeOwner
05-22 09:50:13.433 1290 2120 I AS.AudioDeviceBroker: setCommunicationRouteForClient for uid: 10253 device: AudioDeviceAttributes: role:output type:speaker addr: name: profiles:[] descriptors:[] isPrivileged: false from API: setNewModeOwner
05-22 09:50:13.433 1290 2120 V AS.AudioDeviceBroker: requestedCommunicationDevice: AudioDeviceAttributes: role:output type:speaker addr: name: profiles:[] descriptors:[] mAudioModeOwner: AudioModeInfo: mMode=MODE_NORMAL, mPid=0, mUid=0
05-22 09:50:13.433 1290 2119 I AS.SpatializerHelper: onRoutingUpdated: can spatialize media 5.1:true on device:AudioDeviceAttributes: role:output type:speaker addr: name: profiles:[] descriptors:[]
05-22 09:50:13.433 1290 2119 I AS.SpatializerHelper: setDispatchAvailableState(true) no dispatch: mState:STATE_ENABLED_AVAILABLE
05-22 09:50:13.433 1290 2119 I AS.SpatializerHelper: Enabling Spatial Audio since enabled for media device:AudioDeviceAttributes: role:output type:speaker addr: name: profiles:[] descriptors:[]
05-22 09:50:13.433 1290 2119 I AS.SpatializerHelper: Setting spatialization level to: 1
05-22 09:50:13.433 1290 2120 V AS.AudioDeviceBroker: requestedCommunicationDevice: AudioDeviceAttributes: role:output type:speaker addr: name: profiles:[] descriptors:[] mAudioModeOwner: AudioModeInfo: mMode=MODE_NORMAL, mPid=0, mUid=0
05-22 09:50:13.434 1290 2120 V AS.AudioDeviceBroker: requestedCommunicationDevice: AudioDeviceAttributes: role:output type:speaker addr: name: profiles:[] descriptors:[] mAudioModeOwner: AudioModeInfo: mMode=MODE_NORMAL, mPid=0, mUid=0
05-22 09:50:13.434 1290 2120 V AS.AudioDeviceBroker: requestedCommunicationDevice: AudioDeviceAttributes: role:output type:speaker addr: name: profiles:[] descriptors:[] mAudioModeOwner: AudioModeInfo: mMode=MODE_NORMAL, mPid=0, mUid=0
05-22 09:50:13.434 1290 2119 I AS.SpatializerHelper: setDispatchFeatureEnabledState(true) no dispatch: mState:STATE_ENABLED_AVAILABLE src:onRoutingUpdated
05-22 09:50:13.434 1290 2120 V AS.AudioDeviceBroker: requestedCommunicationDevice: AudioDeviceAttributes: role:output type:speaker addr: name: profiles:[] descriptors:[] mAudioModeOwner: AudioModeInfo: mMode=MODE_NORMAL, mPid=0, mUid=0
05-22 09:50:13.434 1290 2120 V AS.AudioDeviceBroker: updateCommunicationRoute, preferredCommunicationDevice: AudioDeviceAttributes: role:output type:speaker addr: name: profiles:[] descriptors:[] eventSource: setNewModeOwner
05-22 09:50:13.434 1290 2120 I AS.AudioDeviceBroker: updateCommunicationRoute return already mCurrentCallDevice = AudioDeviceAttributes: role:output type:speaker addr: name: profiles:[] descriptors:[]
05-22 09:50:13.434 1290 2119 D BluetoothA2dp: getActiveDevice()
05-22 09:50:13.438 1290 2119 D AS.AudioService: isBluetoothDualModeActive=false
05-22 09:50:13.439 1290 2120 V AS.AudioDeviceBroker: requestedCommunicationDevice: AudioDeviceAttributes: role:output type:speaker addr: name: profiles:[] descriptors:[] mAudioModeOwner: AudioModeInfo: mMode=MODE_NORMAL, mPid=0, mUid=0
05-22 09:50:13.439 1290 2119 D BluetoothA2dp: getActiveDevice()
05-22 09:50:13.439 1290 2120 V AS.AudioDeviceBroker: requestedCommunicationDevice: AudioDeviceAttributes: role:output type:speaker addr: name: profiles:[] descriptors:[] mAudioModeOwner: AudioModeInfo: mMode=MODE_NORMAL, mPid=0, mUid=0
05-22 09:50:13.442 1290 1965 D InputReader: Btn_touch(9): value=0 when=10187.405186
05-22 09:50:13.442 1100 27402 I QC2C2DEngine: calcYSize: unsupported or RGB color format, RGBA8888(1)
05-22 09:50:13.442 1290 1965 I InputReader: Touch event's action is 0x1 (id=2, t=0) [pCnt=1, s=] when=10187.405186
05-22 09:50:13.443 1290 1964 I InputDispatcher: Delivering touch to (27753): action: 0x1, f=0x0, d=0, '95d9169', t=1
05-22 09:50:13.445 1290 2119 D AS.AudioService: isBluetoothDualModeActive=false
05-22 09:50:13.445 1154 1905 V APM_AudioPolicyManager: setVolumeCurveIndex stream AUDIO_STREAM_ACCESSIBILITY, device 0x20000000, index 15
05-22 09:50:13.447 27753 27753 I ViewRootImpl@8f2ed9c[QtActivity]: ViewPostIme pointer 1
05-22 09:50:13.448 1154 1905 V APM_AudioPolicyManager: setVolumeCurveIndex stream AUDIO_STREAM_ACCESSIBILITY, device 0x00000001, index 8
05-22 09:50:13.450 1154 1905 V APM_AudioPolicyManager: setVolumeCurveIndex stream AUDIO_STREAM_ACCESSIBILITY, device 0x00000002, index 8
05-22 09:50:13.451 1290 2119 D BluetoothA2dp: getActiveDevice()
05-22 09:50:13.452 1290 3718 I EDMNativeHelperService: isFaceRecognitionAllowedEvenCameraBlocked
05-22 09:50:13.453 1290 3718 I EDMNativeHelperService: isCameraEnabled
05-22 09:50:13.453 1290 3718 D EDMNativeHelper: isCameraEnabled
05-22 09:50:13.453 1290 2119 D AS.AudioService: isBluetoothDualModeActive=false
05-22 09:50:13.454 1290 3718 D EDMNativeHelper: checking for camera in EnterpriseDeviceManagerService
05-22 09:50:13.454 1154 1905 V APM_AudioPolicyManager: setVolumeCurveIndex stream AUDIO_STREAM_TTS, device 0x20000000, index 15
05-22 09:50:13.454 1290 3718 D EnterpriseDeviceManagerService: isCameraEnabledNative
05-22 09:50:13.454 1290 3718 D EnterpriseDeviceManagerService: checking for camera in restriction policy
05-22 09:50:13.454 1290 3718 D RestrictionPolicy: isCameraEnabled ret(true) userId(0) cxtInfo.mCallerUid(1000) cxtInfo.mContainerId(0)
05-22 09:50:13.455 1154 1905 V APM_AudioPolicyManager: setVolumeCurveIndex stream AUDIO_STREAM_TTS, device 0x00000001, index 8
05-22 09:50:13.456 1154 1905 V APM_AudioPolicyManager: setVolumeCurveIndex stream AUDIO_STREAM_TTS, device 0x00000002, index 8
05-22 09:50:13.458 1154 1905 V APM_AudioPolicyManager: setForceUse() usage 7, config 0, mPhoneState 0
05-22 09:50:13.458 1154 1905 W APM_AudioPolicyManager: setForceUse() usage 7, config 0 is already set
05-22 09:50:13.459 1154 1491 V APM_AudioPolicyManager: canBeSpatializedInt check can be spatialized devices[AUDIO_DEVICE_OUT_SPEAKER, @:]
05-22 09:50:13.459 1154 1491 I APM_AudioPolicyManager: getSpatializerOutput getSpatializerOutput[13]
05-22 09:50:13.459 1154 1905 V APM_AudioPolicyManager: setVolumeCurveIndex stream AUDIO_STREAM_DTMF, device 0x00000002, index 11
05-22 09:50:13.461 1154 1905 V APM_AudioPolicyManager: setVolumeCurveIndex stream AUDIO_STREAM_DTMF, device 0x20000000, index 15
05-22 09:50:13.461 1100 27402 I QC2C2DEngine: calcYSize: unsupported or RGB color format, RGBA8888(1)
05-22 09:50:13.462 1154 1905 V APM_AudioPolicyManager: setVolumeCurveIndex stream AUDIO_STREAM_DTMF, device 0x40000000, index 11
05-22 09:50:13.463 1154 1905 V APM_AudioPolicyManager: setVolumeCurveIndex stream AUDIO_STREAM_ACCESSIBILITY, device 0x00000001, index 9
05-22 09:50:13.465 1154 1905 V APM_AudioPolicyManager: setVolumeCurveIndex stream AUDIO_STREAM_ACCESSIBILITY, device 0x00000002, index 9
05-22 09:50:13.466 1154 1905 V APM_AudioPolicyManager: setVolumeCurveIndex stream AUDIO_STREAM_ACCESSIBILITY, device 0x00000004, index 9
05-22 09:50:13.467 1154 1905 V APM_AudioPolicyManager: setVolumeCurveIndex stream AUDIO_STREAM_ACCESSIBILITY, device 0x00000008, index 9
05-22 09:50:13.468 1154 1905 V APM_AudioPolicyManager: setVolumeCurveIndex stream AUDIO_STREAM_ACCESSIBILITY, device 0x00000080, index 9
05-22 09:50:13.469 1154 1905 V APM_AudioPolicyManager: setVolumeCurveIndex stream AUDIO_STREAM_ACCESSIBILITY, device 0x00008000, index 15
05-22 09:50:13.470 1154 1905 V APM_AudioPolicyManager: setVolumeCurveIndex stream AUDIO_STREAM_ACCESSIBILITY, device 0x04000000, index 9
05-22 09:50:13.472 1154 1905 V APM_AudioPolicyManager: setVolumeCurveIndex stream AUDIO_STREAM_ACCESSIBILITY, device 0x20000000, index 15
05-22 09:50:13.473 1154 25592 V APM_AudioPolicyManager: setVolumeCurveIndex stream AUDIO_STREAM_ACCESSIBILITY, device 0x40000000, index 8
05-22 09:50:13.474 1154 25592 V APM_AudioPolicyManager: setAudioPolicyConfig: audioParam;l_volume_fine_key;index=150;device=536870912
05-22 09:50:13.474 1154 25592 V APM_AudioPolicyManager: setVolumeCurveIndex stream AUDIO_STREAM_MUSIC, device 0x20000000, index 15
05-22 09:50:13.474 1154 25592 V APM_AudioPolicyManager: getNewOutputDevices selected devices AUDIO_DEVICE_NONE
05-22 09:50:13.475 1154 25592 V APM_AudioPolicyManager: checkAndSetVolume: output 13, stream 3, index 8, devices 0x2, volume 0.089125
05-22 09:50:13.475 1154 25592 V APM_AudioPolicyManager: checkAndSetVolume: output 21, stream 3, index 8, devices 0x2, volume 0.089125
05-22 09:50:13.476 1290 2119 I AS.AudioService: fine volume : l_volume_fine_key;index=150;device=536870912
05-22 09:50:13.477 1154 25592 V APM_AudioPolicyManager: setAudioPolicyConfig: audioParam;l_volume_fine_key;index=150;device=536870912
05-22 09:50:13.477 1154 25592 V APM_AudioPolicyManager: setVolumeCurveIndex stream AUDIO_STREAM_MUSIC, device 0x20000000, index 15
05-22 09:50:13.478 1154 25592 V APM_AudioPolicyManager: getNewOutputDevices selected devices AUDIO_DEVICE_NONE
05-22 09:50:13.478 1154 25592 V APM_AudioPolicyManager: checkAndSetVolume: output 13, stream 3, index 8, devices 0x2, volume 0.089125
05-22 09:50:13.479 1154 25592 V APM_AudioPolicyManager: checkAndSetVolume: output 21, stream 3, index 8, devices 0x2, volume 0.089125
05-22 09:50:13.481 1290 2119 I AS.AudioService: fine volume : l_volume_fine_key;index=150;device=536870912
05-22 09:50:13.481 1100 27402 I QC2C2DEngine: calcYSize: unsupported or RGB color format, RGBA8888(1)
05-22 09:50:13.491 1154 25592 V APM_AudioPolicyManager: setForceUse() usage 7, config 0, mPhoneState 0
05-22 09:50:13.491 1154 25592 W APM_AudioPolicyManager: setForceUse() usage 7, config 0 is already set
05-22 09:50:13.492 1154 1491 V APM_AudioPolicyManager: canBeSpatializedInt check can be spatialized devices[AUDIO_DEVICE_OUT_SPEAKER, @:]
05-22 09:50:13.492 1154 1491 I APM_AudioPolicyManager: getSpatializerOutput getSpatializerOutput[13]
05-22 09:50:13.509 1100 27402 I QC2C2DEngine: calcYSize: unsupported or RGB color format, RGBA8888(1)
05-22 09:50:13.514 984 23808 I sensors-hal: handle_sns_client_event:44, ambient_light_event: ts=45126283260532, event=94.000000
05-22 09:50:13.515 984 23808 I sensors-hal: handle_sns_client_event:44, ambient_light_event: ts=45126283492043, event=94.000000
05-22 09:50:13.531 1100 27402 I QC2C2DEngine: calcYSize: unsupported or RGB color format, RGBA8888(1)
05-22 09:50:13.557 1100 27402 I QC2C2DEngine: calcYSize: unsupported or RGB color format, RGBA8888(1)
05-22 09:50:13.595 1100 27402 I QC2C2DEngine: calcYSize: unsupported or RGB color format, RGBA8888(1)
05-22 09:50:13.614 984 23808 I sensors-hal: handle_sns_client_event:44, ambient_light_event: ts=45126383264959, event=94.000000
05-22 09:50:13.615 984 23808 I sensors-hal: handle_sns_client_event:44, ambient_light_event: ts=45126383499595, event=94.000000
05-22 09:50:13.620 1100 27402 I QC2C2DEngine: calcYSize: unsupported or RGB color format, RGBA8888(1)
05-22 09:50:13.644 1100 27402 I QC2C2DEngine: calcYSize: unsupported or RGB color format, RGBA8888(1)
05-22 09:50:13.647 1290 1675 I GestureDetector: handleMessage TAP
05-22 09:50:13.647 1290 1290 I GestureDetector: handleMessage TAP
05-22 09:50:13.652 27753 27753 I GestureDetector: handleMessage TAP
05-22 09:50:13.661 1180 1180 I Layer : Layer [Sprite#167] hidden!! flag(1)
05-22 09:50:13.664 1100 27402 I QC2C2DEngine: calcYSize: unsupported or RGB color format, RGBA8888(1)
05-22 09:50:13.667 1007 1007 W SDM : HWCDisplay::GetHWCLayer: [0] GetLayer(275) failed: no such layer
05-22 09:50:13.670 1180 1180 W HwcComposer: command 0x3000000 generated error 3
05-22 09:50:13.682 1180 1180 D SurfaceFlinger: Display 4630946835308409729 HWC layers:
05-22 09:50:13.682 1180 1180 D SurfaceFlinger: DEVICE | 0xb400007dbaba9d10 | 0500 | RGBA_8888 | 0.0 0.0 1200.0 1812.0 | 0 36 1200 1848 | SurfaceView[org.qtproject.example.sp[...]id.bindings.QtActivity]@0(BLAST)#669
05-22 09:50:13.682 1180 1180 D SurfaceFlinger: CLIENT | 0xb400007dbaba8c70 | 0100 | RGBA_8888 | 0.0 0.0 1200.0 1920.0 | 0 0 1200 1920 | org.qtproject.example.spectrum/org.q[...]droid.bindings.QtActivity$_27753#656
05-22 09:50:13.682 1180 1180 D SurfaceFlinger: CLIENT | 0xb400007dac357720 | 0100 | RGBA_8888 | 0.0 0.0 1200.0 36.0 | 0 0 1200 36 | StatusBar$_2254#99
05-22 09:50:13.682 1180 1180 D SurfaceFlinger: CLIENT | 0xb400007dac3578e0 | 0100 | RGBA_8888 | 0.0 0.0 67.0 207.0 | 1133 432 1200 639 | com.sec.android.app.launcher/com.sam[...]ce.edge.CocktailBarService$_2507#160
05-22 09:50:13.682 1180 1180 D SurfaceFlinger: CLIENT | 0xb400007dac2d8980 | 0100 | RGBA_8888 | 0.0 0.0 1200.0 72.0 | 0 1848 1200 1920 | TaskbarWindow$_2507#128
05-22 09:50:13.682 1180 1180 D SurfaceFlinger: CLIENT | 0xb400007dac354b60 | 0100 | RGBA_8888 | 0.0 0.0 1200.0 1920.0 | 0 0 1200 1920 | PointerLocation - display 0#57
05-22 09:50:13.682 1180 1180 D SurfaceFlinger:
05-22 09:50:13.685 1100 27402 I QC2C2DEngine: calcYSize: unsupported or RGB color format, RGBA8888(1)
05-22 09:50:13.715 984 23808 I sensors-hal: handle_sns_client_event:44, ambient_light_event: ts=45126483261522, event=94.000000
05-22 09:50:13.715 984 23808 I sensors-hal: handle_sns_client_event:44, ambient_light_event: ts=45126483499543, event=94.000000
05-22 09:50:13.786 1100 27402 I QC2C2DEngine: calcYSize: unsupported or RGB color format, RGBA8888(1)
05-22 09:50:13.814 984 23808 I sensors-hal: handle_sns_client_event:44, ambient_light_event: ts=45126583258449, event=94.000000
05-22 09:50:13.815 984 23808 I sensors-hal: handle_sns_client_event:44, ambient_light_event: ts=45126583500897, event=94.000000
05-22 09:50:13.819 1290 1703 I ActivityManager: Changes in 10098 5 to 15, 56 to 0
05-22 09:50:13.823 2684 2684 D HidDeviceService: handleMessage(): msg.what=8
05-22 09:50:13.865 1290 2119 D BluetoothA2dp: getActiveDevice()
05-22 09:50:13.871 1290 2119 D AS.AudioService: isBluetoothDualModeActive=false
05-22 09:50:13.872 1290 2119 D KNOX_MDM_SettingsProvider: isChangeAllowed() : name = volume_assistant_ble_headset
05-22 09:50:13.873 1290 2119 D BluetoothA2dp: getActiveDevice()
05-22 09:50:13.878 1290 2119 D AS.AudioService: isBluetoothDualModeActive=false
05-22 09:50:13.879 1290 2119 D KNOX_MDM_SettingsProvider: isChangeAllowed() : name = volume_music_ble_headset
05-22 09:50:13.881 1290 2119 D BluetoothA2dp: getActiveDevice()
05-22 09:50:13.888 1290 2119 D AS.AudioService: isBluetoothDualModeActive=false
05-22 09:50:13.888 1290 2119 D KNOX_MDM_SettingsProvider: isChangeAllowed() : name = volume_music_ble_headset
05-22 09:50:13.890 1290 2119 D BluetoothA2dp: getActiveDevice()
05-22 09:50:13.891 1100 27402 I QC2C2DEngine: calcYSize: unsupported or RGB color format, RGBA8888(1)
05-22 09:50:13.894 1290 2119 D AS.AudioService: isBluetoothDualModeActive=false
05-22 09:50:13.894 1290 2119 D KNOX_MDM_SettingsProvider: isChangeAllowed() : name = volume_ring_ble_headset
05-22 09:50:13.896 1290 2119 D BluetoothA2dp: getActiveDevice()
05-22 09:50:13.900 1290 2119 D AS.AudioService: isBluetoothDualModeActive=false
05-22 09:50:13.900 1290 2119 D KNOX_MDM_SettingsProvider: isChangeAllowed() : name = volume_bluetooth_sco_ble_headset
05-22 09:50:13.901 1290 2119 D BluetoothA2dp: getActiveDevice()
05-22 09:50:13.904 1290 2119 D AS.AudioService: isBluetoothDualModeActive=false
05-22 09:50:13.905 1290 2119 D KNOX_MDM_SettingsProvider: isChangeAllowed() : name = volume_notification_ble_headset
05-22 09:50:13.905 1290 2119 D BluetoothA2dp: getActiveDevice()
05-22 09:50:13.908 1290 2119 D AS.AudioService: isBluetoothDualModeActive=false
05-22 09:50:13.908 1290 2119 D KNOX_MDM_SettingsProvider: isChangeAllowed() : name = volume_alarm_ble_headset
05-22 09:50:13.914 984 23808 I sensors-hal: handle_sns_client_event:44, ambient_light_event: ts=45126683265220, event=94.000000
05-22 09:50:13.915 984 23808 I sensors-hal: handle_sns_client_event:44, ambient_light_event: ts=45126683500376, event=94.000000
05-22 09:50:13.915 1290 2119 D BluetoothA2dp: getActiveDevice()
05-22 09:50:13.919 1290 2119 D AS.AudioService: isBluetoothDualModeActive=false
05-22 09:50:13.920 1290 2119 D KNOX_MDM_SettingsProvider: isChangeAllowed() : name = volume_music_ble_headset
05-22 09:50:13.925 1290 2119 D BluetoothA2dp: getActiveDevice()
05-22 09:50:13.928 1290 2119 D AS.AudioService: isBluetoothDualModeActive=false
05-22 09:50:13.928 1290 2119 D KNOX_MDM_SettingsProvider: isChangeAllowed() : name = volume_ring_ble_headset
05-22 09:50:13.929 1290 2119 D BluetoothA2dp: getActiveDevice()
05-22 09:50:13.932 1290 2119 D AS.AudioService: isBluetoothDualModeActive=false
05-22 09:50:13.932 1290 2119 D KNOX_MDM_SettingsProvider: isChangeAllowed() : name = volume_system_ble_headset
05-22 09:50:13.932 1290 2119 D BluetoothA2dp: getActiveDevice()
05-22 09:50:13.935 1290 2119 D AS.AudioService: isBluetoothDualModeActive=false
05-22 09:50:13.935 1290 2119 D KNOX_MDM_SettingsProvider: isChangeAllowed() : name = volume_voice_ble_headset
05-22 09:50:13.957 1290 2119 D BluetoothA2dp: getActiveDevice()
05-22 09:50:13.961 1290 2119 D AS.AudioService: isBluetoothDualModeActive=false
05-22 09:50:13.962 1290 2119 D KNOX_MDM_SettingsProvider: isChangeAllowed() : name = volume_music_ble_headset
05-22 09:50:13.974 1100 27402 I QC2C2DEngine: calcYSize: unsupported or RGB color format, RGBA8888(1)
05-22 09:50:14.014 984 23808 I sensors-hal: handle_sns_client_event:44, ambient_light_event: ts=45126783264178, event=94.000000
05-22 09:50:14.015 984 23808 I sensors-hal: handle_sns_client_event:44, ambient_light_event: ts=45126783500637, event=94.000000
05-22 09:50:14.083 1290 1965 D InputReader: Btn_touch(9): value=1 when=10188.046327
05-22 09:50:14.083 1290 1965 I InputReader: Touch event's action is 0x0 (id=2, t=0) [pCnt=1, s=0.162 ] when=10188.046327
05-22 09:50:14.084 1290 1964 I InputDispatcher: Delivering touch to (2507): action: 0x4, f=0x0, d=0, '3610cc1', t=1
05-22 09:50:14.084 1290 1964 I InputDispatcher: Delivering touch to (27753): action: 0x0, f=0x0, d=0, '95d9169', t=1
05-22 09:50:14.084 1100 27402 I QC2C2DEngine: calcYSize: unsupported or RGB color format, RGBA8888(1)
05-22 09:50:14.085 1290 1675 I GestureDetector: obtain mCurrentDownEvent. id: 899185471 caller: com.android.server.wm.SystemGesturesPointerEventListener.onPointerEvent:204 com.android.server.wm.PointerEventDispatcher.onInputEvent:53 android.view.InputEventReceiver.dispatchInputEvent:296
05-22 09:50:14.085 27753 27753 I ViewRootImpl@8f2ed9c[QtActivity]: ViewPostIme pointer 0
05-22 09:50:14.086 1290 1675 I GestureDetector: obtain mCurrentDownEvent. id: 899185471 caller: com.android.server.wm.SystemPerformancePointerEventListener.onPointerEvent:89 com.android.server.wm.PointerEventDispatcher.onInputEvent:53 android.view.InputEventReceiver.dispatchInputEvent:296
05-22 09:50:14.088 27753 27753 I GestureDetector: obtain mCurrentDownEvent. id: 899185471 caller: org.qtproject.qt.android.QtWindow.onTouchEvent:74 org.qtproject.qt.android.QtLayout.onTouchEvent:53 android.view.View.dispatchTouchEvent:16212
05-22 09:50:14.091 27753 27753 I ImeTracker: org.qtproject.example.spectrum:eb15e33e: onRequestHide at ORIGIN_CLIENT_HIDE_SOFT_INPUT reason HIDE_SOFT_INPUT
05-22 09:50:14.091 27753 27753 I InputMethodManager_LC: hsifw() - flag : 0
05-22 09:50:14.092 27753 27753 I ImeTracker: org.qtproject.example.spectrum:eb15e33e: onFailed at PHASE_CLIENT_VIEW_SERVED
05-22 09:50:14.093 27753 27753 I InputMethodManager_LC: hsifw() ignored windowToken=null servedView=DecorView@c0f4788[QtActivity],focus=false,windowFocus=true,window=android.view.ViewRootImpl$W@8f2ed9c,displayId=0,temporaryDetach=false,hasImeFocus=true mDisplayId=0
05-22 09:50:14.095 1180 1180 I Layer : Layer [Sprite#167] hidden!! flag(0)
05-22 09:50:14.099 27753 27753 I ImeTracker: org.qtproject.example.spectrum:8417251f: onRequestHide at ORIGIN_CLIENT_HIDE_SOFT_INPUT reason HIDE_SOFT_INPUT
05-22 09:50:14.099 27753 27753 I InputMethodManager_LC: hsifw() - flag : 0
05-22 09:50:14.099 27753 27753 I ImeTracker: org.qtproject.example.spectrum:8417251f: onFailed at PHASE_CLIENT_VIEW_SERVED
05-22 09:50:14.100 27753 27753 I InputMethodManager_LC: hsifw() ignored windowToken=null servedView=DecorView@c0f4788[QtActivity],focus=false,windowFocus=true,window=android.view.ViewRootImpl$W@8f2ed9c,displayId=0,temporaryDetach=false,hasImeFocus=true mDisplayId=0
05-22 09:50:14.112 1180 1180 D SurfaceFlinger: Display 4630946835308409729 HWC layers:
05-22 09:50:14.112 1180 1180 D SurfaceFlinger: CLIENT | 0xb400007dbaba9d10 | 0500 | RGBA_8888 | 0.0 0.0 1200.0 1812.0 | 0 36 1200 1848 | SurfaceView[org.qtproject.example.sp[...]id.bindings.QtActivity]@0(BLAST)#669
05-22 09:50:14.112 1180 1180 D SurfaceFlinger: CLIENT | 0xb400007dbaba8c70 | 0100 | RGBA_8888 | 0.0 0.0 1200.0 1920.0 | 0 0 1200 1920 | org.qtproject.example.spectrum/org.q[...]droid.bindings.QtActivity$_27753#656
05-22 09:50:14.112 1180 1180 D SurfaceFlinger: CLIENT | 0xb400007dac357720 | 0100 | RGBA_8888 | 0.0 0.0 1200.0 36.0 | 0 0 1200 36 | StatusBar$_2254#99
05-22 09:50:14.112 1180 1180 D SurfaceFlinger: CLIENT | 0xb400007dac3578e0 | 0100 | RGBA_8888 | 0.0 0.0 67.0 207.0 | 1133 432 1200 639 | com.sec.android.app.launcher/com.sam[...]ce.edge.CocktailBarService$_2507#160
05-22 09:50:14.112 1180 1180 D SurfaceFlinger: CLIENT | 0xb400007dac2d8980 | 0100 | RGBA_8888 | 0.0 0.0 1200.0 72.0 | 0 1848 1200 1920 | TaskbarWindow$_2507#128
05-22 09:50:14.112 1180 1180 D SurfaceFlinger: CLIENT | 0xb400007dac354b60 | 0100 | RGBA_8888 | 0.0 0.0 1200.0 1920.0 | 0 0 1200 1920 | PointerLocation - display 0#57
05-22 09:50:14.112 1180 1180 D SurfaceFlinger: CURSOR | 0xb4000
05-22 09:50:14.113 1180 1180 D SurfaceFlinger: 07dac358b40 | 0100 | RGBA_8888 | 0.0 0.0 36.0 36.0 | 788 785 824 821 | bbq-wrapper#168
05-22 09:50:14.113 1180 1180 D SurfaceFlinger:
05-22 09:50:14.114 984 23808 I sensors-hal: handle_sns_client_event:44, ambient_light_event: ts=45126883268605, event=94.000000
05-22 09:50:14.115 984 23808 I sensors-hal: handle_sns_client_event:44, ambient_light_event: ts=45126883500116, event=94.000000
05-22 09:50:14.115 1100 27402 I QC2C2DEngine: calcYSize: unsupported or RGB color format, RGBA8888(1)
05-22 09:50:14.134 1100 27402 I QC2C2DEngine: calcYSize: unsupported or RGB color format, RGBA8888(1)
05-22 09:50:14.154 1100 27402 I QC2C2DEngine: calcYSize: unsupported or RGB color format, RGBA8888(1)
05-22 09:50:14.155 1290 1675 I GestureDetector: obtain mCurrentMotionEventRaw. action: 2 id: 712467432
05-22 09:50:14.155 1290 1675 I GestureDetector: obtain mCurrentMotionEventRaw. action: 2 id: 712467432
05-22 09:50:14.162 27753 27753 I GestureDetector: obtain mCurrentMotionEventRaw. action: 2 id: 712467432
05-22 09:50:14.169 1100 27402 I QC2C2DEngine: calcYSize: unsupported or RGB color format, RGBA8888(1)
05-22 09:50:14.177 1290 1965 D InputReader: Btn_touch(9): value=0 when=10188.140294
05-22 09:50:14.177 1290 1965 I InputReader: Touch event's action is 0x1 (id=2, t=0) [pCnt=1, s=] when=10188.140294
05-22 09:50:14.178 1290 1964 I InputDispatcher: Delivering touch to (27753): action: 0x1, f=0x0, d=0, '95d9169', t=1
05-22 09:50:14.178 27753 27753 I ViewRootImpl@8f2ed9c[QtActivity]: ViewPostIme pointer 1
05-22 09:50:14.198 1100 27402 I QC2C2DEngine: calcYSize: unsupported or RGB color format, RGBA8888(1)
05-22 09:50:14.207 1100 27402 I QC2Comp : [avcE_15] Stats: Pending(2) i/p-done(0) Works: Q: 559/Done 557|Work-Rate: Q(20.0/s Avg=15.7/s) Done(19.769/s Avg=15.626/s)| Stream: 56.13fps 240.2Kbps
05-22 09:50:14.207 1100 27402 I QC2Comp : Mem-usage: [In-2D: 65 bufs 292.500 MB] [1D-17: 6 bufs 8.977 MB]
05-22 09:50:14.207 1100 27402 I QC2Comp : Total Mem-usage: 301.477 MB
05-22 09:50:14.214 984 23808 I sensors-hal: handle_sns_client_event:44, ambient_light_event: ts=45126983263918, event=94.000000
05-22 09:50:14.214 984 23808 I sensors-hal: handle_sns_client_event:44, ambient_light_event: ts=45126983499855, event=94.000000
05-22 09:50:14.216 1100 27402 I QC2C2DEngine: calcYSize: unsupported or RGB color format, RGBA8888(1)
05-22 09:50:14.250 1100 27402 I QC2C2DEngine: calcYSize: unsupported or RGB color format, RGBA8888(1)
05-22 09:50:14.287 1100 27402 I QC2C2DEngine: calcYSize: unsupported or RGB color format, RGBA8888(1)
05-22 09:50:14.314 984 23808 I sensors-hal: handle_sns_client_event:44, ambient_light_event: ts=45127083500637, event=94.000000
