05-22 09:49:54.714 984 23808 I sensors-hal: handle_sns_client_event:44, ambient_light_event: ts=45107483256626, event=352.000000
05-22 09:49:54.714 984 23808 I sensors-hal: handle_sns_client_event:44, ambient_light_event: ts=45107483501939, event=352.000000
05-22 09:49:54.731 1100 27429 D BufferPoolAccessor2.0: bufferpool2 0xee437f18 : 5(7843840 size) total buffers - 4(6275072 size) used buffers - 112/118 (recycle/alloc) - 5/113 (fetch/transfer)
05-22 09:49:54.736 1180 1232 I SurfaceFlinger: id=668 createSurf, flag=84004, SurfaceView[org.qtproject.example.spectrum/org.qtproject.qt.android.bindings.QtActivity]@0#668
05-22 09:49:54.736 27390 27395 I MediaCodec: setCodecState state(1), called in 6
05-22 09:49:54.737 1180 1232 I SurfaceFlinger: id=669 createSurf, flag=44000, SurfaceView[org.qtproject.example.spectrum/org.qtproject.qt.android.bindings.QtActivity]@0(BLAST)#669
05-22 09:49:54.737 10684 10704 V ResourceManagerHelper-JNI: JNIMediaResourceHelper::notify eventType : 3, ext1 : 0, ext2 : 0
05-22 09:49:54.737 10684 10704 V ResourceManagerHelper-JNI: notify eventType : 3, ext1 : 0, ext2 : 0
05-22 09:49:54.737 1180 1232 I SurfaceFlinger: id=670 createSurf, flag=20404, Background for SurfaceView[org.qtproject.example.spectrum/org.qtproject.qt.android.bindings.QtActivity]@0#670
05-22 09:49:54.738 10684 10732 I SemMediaResourceHelper: onState
05-22 09:49:54.738 10684 10732 I DrmMediaResourceHelper: onStateChanged size = 1
05-22 09:49:54.738 10684 10732 I DrmMediaResourceHelper: resource type: 2,,,isSecured : falseIsEncoder : truegetCodecState : 1getpid : 27390
05-22 09:49:54.738 1290 4242 V ResourceManagerHelper-JNI: JNIMediaResourceHelper::notify eventType : 3, ext1 : 0, ext2 : 0
05-22 09:49:54.738 1290 4242 V ResourceManagerHelper-JNI: notify eventType : 3, ext1 : 0, ext2 : 0
05-22 09:49:54.739 1290 2075 I SemMediaResourceHelper: onState
05-22 09:49:54.739 3538 3538 I SemMediaResourceHelper: onState
05-22 09:49:54.740 987 1117 I HYPER-HAL: [RequestManager.cpp]releaseLocked(): Released ID : 6264031
05-22 09:49:54.747 1290 4624 D AutoRotationHandler: not support this mode
05-22 09:49:54.747 1100 27402 I QC2C2DEngine: calcYSize: unsupported or RGB color format, RGBA8888(1)
05-22 09:49:54.754 1180 1180 I Layer : Layer [Bounds for - org.qtproject.example.spectrum/org.qtproject.qt.android.bindings.QtActivity@0#666] hidden!! flag(0)
05-22 09:49:54.761 27753 27753 I BLASTBufferQueue_Java: update, w= 1200 h= 1812 mName = null mNativeObject= 0xb4000070c4635a00 sc.mNativeObject= 0xb400007134a7b580 format= 1 caller= android.view.SurfaceView.createBlastSurfaceControls:1511 android.view.SurfaceView.updateSurface:1187 android.view.SurfaceView.lambda$new$0:258 android.view.SurfaceView.$r8$lambda$cm3nmzErr-srXoT_KjIYQgdhFN0:0 android.view.SurfaceView$$ExternalSyntheticLambda2.onPreDraw:2 android.view.ViewTreeObserver.dispatchOnPreDraw:1204
05-22 09:49:54.762 27753 27753 I SurfaceView@c8caef: 13159151 Cur surface: Surface(name=null)/@0x72d69fc
05-22 09:49:54.762 27753 27753 I SurfaceView@c8caef: pST: sr = Rect(0, 36 - 1200, 1848) sw = 1200 sh = 1812
05-22 09:49:54.774 1100 27402 I QC2C2DEngine: calcYSize: unsupported or RGB color format, RGBA8888(1)
05-22 09:49:54.792 1100 27402 I QC2C2DEngine: calcYSize: unsupported or RGB color format, RGBA8888(1)
05-22 09:49:54.792 1290 2188 D WifiConnectivityMonitor: Stop WCM Poll. cnt : 5
05-22 09:49:54.793 1290 2188 I WifiConnectivityMonitor: LinkQualityMonitorCallback was not registered yet
05-22 09:49:54.812 27753 27753 D SurfaceView@c8caef: 13159151 performSurfaceTransaction RenderWorker position = [0, 36, 1200, 1848] surfaceSize = 1200x1812
05-22 09:49:54.812 27753 27753 I SurfaceView@c8caef: updateSurface: mVisible = true mSurface.isValid() = true
05-22 09:49:54.813 27753 27753 I SurfaceView@c8caef: updateSurface: mSurfaceCreated = false surfaceChanged = true visibleChanged = true
05-22 09:49:54.813 27753 27753 I SurfaceView: 13159151 visibleChanged -- surfaceCreated
05-22 09:49:54.813 27753 27753 I SurfaceView@c8caef: surfaceCreated 1 #8 org.qtproject.qt.android.QtSurface{c8caef V.E...... ......ID 0,0-1200,1812}
05-22 09:49:54.813 27753 27753 I SurfaceView: 13159151 surfaceChanged -- format=1 w=1200 h=1812
05-22 09:49:54.814 27753 27753 I SurfaceView@c8caef: surfaceChanged (1200,1812) 1 #8 org.qtproject.qt.android.QtSurface{c8caef V.E...... ......ID 0,0-1200,1812}
05-22 09:49:54.814 27753 27753 I SurfaceView: 13159151 surfaceRedrawNeeded
05-22 09:49:54.814 984 23808 I sensors-hal: handle_sns_client_event:44, ambient_light_event: ts=45107583258032, event=353.000000
05-22 09:49:54.815 984 23808 I sensors-hal: handle_sns_client_event:44, ambient_light_event: ts=45107583491887, event=353.000000
05-22 09:49:54.815 27753 27753 I SurfaceView: 13159151 finishedDrawing
05-22 09:49:54.816 27753 27753 V SurfaceView@c8caef: Layout: x=0 y=36 w=1200 h=1812, frame=Rect(0, 0 - 1200, 1812)
05-22 09:49:54.816 27753 27753 I ViewRootImpl@8f2ed9c[QtActivity]: registerCallbackForPendingTransactions
05-22 09:49:54.856 27753 27905 D SurfaceView: 13159151 updateSurfacePosition RenderWorker, frameNr = 3, position = [0, 36, 1200, 1848] surfaceSize = 1200x1812
05-22 09:49:54.856 27753 27905 I SurfaceView@c8caef: uSP: rtp = Rect(0, 36 - 1200, 1848) rtsw = 1200 rtsh = 1812
05-22 09:49:54.856 27753 27905 I SurfaceView@c8caef: onSSPAndSRT: pl = 0 pt = 36 sx = 1.0 sy = 1.0
05-22 09:49:54.859 27753 27905 I SurfaceView@c8caef: aOrMT: ViewRootImpl@8f2ed9c[QtActivity] t = android.view.SurfaceControl$Transaction@b626da fN = 3 android.view.SurfaceView.-$$Nest$mapplyOrMergeTransaction:0 android.view.SurfaceView$SurfaceViewPositionUpdateListener.positionChanged:1660 android.graphics.RenderNode$CompositePositionUpdateListener.positionChanged:369
05-22 09:49:54.860 27753 27905 I ViewRootImpl@8f2ed9c[QtActivity]: mWNT: t=0xb4000070bbfeb380 mBlastBufferQueue=0xb4000070c4635400 fn= 3 caller= android.view.SurfaceView.applyOrMergeTransaction:1592 android.view.SurfaceView.-$$Nest$mapplyOrMergeTransaction:0 android.view.SurfaceView$SurfaceViewPositionUpdateListener.positionChanged:1660
05-22 09:49:54.862 27753 27753 I ViewRootImpl@8f2ed9c[QtActivity]: registerCallbackForPendingTransactions
05-22 09:49:54.873 27753 27915 I ViewRootImpl@8f2ed9c[QtActivity]: mWNT: t=0xb4000070bbfeb680 mBlastBufferQueue=0xb4000070c4635400 fn= 3 caller= android.view.ViewRootImpl$6.onFrameDraw:5582 android.view.ViewRootImpl$2.onFrameDraw:2131 android.view.ThreadedRenderer$1.onFrameDraw:788
05-22 09:49:54.881 1180 1180 I Layer : Layer [SurfaceView[org.qtproject.example.spectrum/org.qtproject.qt.android.bindings.QtActivity]@0#668] hidden!! flag(0)
05-22 09:49:54.883 1100 27402 I QC2C2DEngine: calcYSize: unsupported or RGB color format, RGBA8888(1)
05-22 09:49:54.894 27753 27907 I BLASTBufferQueue: [SurfaceView[org.qtproject.example.spectrum/org.qtproject.qt.android.bindings.QtActivity]@0#1](f:0,a:0,s:0) onFrameAvailable the first frame is available
05-22 09:49:54.896 27753 27916 I ViewRootImpl@8f2ed9c[QtActivity]: mWNT: t=0xb4000070bbfebb00 mBlastBufferQueue=0xb4000070c4635400 fn= 4 caller= android.view.ViewRootImpl$6.onFrameDraw:5582 android.view.ViewRootImpl$2.onFrameDraw:2131 android.view.ThreadedRenderer$1.onFrameDraw:788
05-22 09:49:54.902 1100 27402 I QC2C2DEngine: calcYSize: unsupported or RGB color format, RGBA8888(1)
05-22 09:49:54.910 27753 27753 I ImeTracker: org.qtproject.example.spectrum:c09df85c: onRequestHide at ORIGIN_CLIENT_HIDE_SOFT_INPUT reason HIDE_SOFT_INPUT
05-22 09:49:54.912 27753 27753 I InputMethodManager_LC: hsifw() - flag : 0
05-22 09:49:54.912 27753 27753 I ImeTracker: org.qtproject.example.spectrum:c09df85c: onFailed at PHASE_CLIENT_VIEW_SERVED
05-22 09:49:54.913 27753 27753 I InputMethodManager_LC: hsifw() ignored windowToken=null servedView=DecorView@c0f4788[QtActivity],focus=false,windowFocus=true,window=android.view.ViewRootImpl$W@8f2ed9c,displayId=0,temporaryDetach=false,hasImeFocus=true mDisplayId=0
05-22 09:49:54.914 984 23808 I sensors-hal: handle_sns_client_event:44, ambient_light_event: ts=45107683504178, event=353.000000
05-22 09:49:54.929 27753 27905 I BLASTBufferQueue_Java: applyPendingTransactions, mName= ViewRootImpl@8f2ed9c[QtActivity] mNativeObject= 0xb4000070c4635400 frameNumber= 4 caller= android.view.ViewRootImpl$6.lambda$onFrameDraw$0:5596 android.view.ViewRootImpl$6.$r8$lambda$9ThyGB6fC3mub7oMSjoAoWLhwMM:0 android.view.ViewRootImpl$6$$ExternalSyntheticLambda0.onFrameCommit:4 android.view.ThreadedRenderer$1.lambda$onFrameDraw$0:800 android.view.ThreadedRenderer$1$$ExternalSyntheticLambda0.onFrameCommit:2
05-22 09:49:54.930 1180 1180 D SurfaceFlinger: Display 4630946835308409729 HWC layers:
05-22 09:49:54.930 1180 1180 D SurfaceFlinger: DEVICE | 0xb400007dbaba9d10 | 0500 | RGBA_8888 | 0.0 0.0 1200.0 1812.0 | 0 36 1200 1848 | SurfaceView[org.qtproject.example.sp[...]id.bindings.QtActivity]@0(BLAST)#669
05-22 09:49:54.930 1180 1180 D SurfaceFlinger: CLIENT | 0xb400007dbaba8dc0 | 0100 | RGBA_8888 | 0.0 0.0 1200.0 1920.0 | 0 0 1200 1920 | org.qtproject.example.spectrum/org.q[...]droid.bindings.QtActivity$_27753#656
05-22 09:49:54.930 1180 1180 D SurfaceFlinger: CLIENT | 0xb400007dac357720 | 0100 | RGBA_8888 | 0.0 0.0 1200.0 36.0 | 0 0 1200 36 | StatusBar$_2254#99
05-22 09:49:54.930 1180 1180 D SurfaceFlinger: CLIENT | 0xb400007dac3578e0 | 0100 | RGBA_8888 | 0.0 0.0 67.0 207.0 | 1133 432 1200 639 | com.sec.android.app.launcher/com.sam[...]ce.edge.CocktailBarService$_2507#160
05-22 09:49:54.930 1180 1180 D SurfaceFlinger: CLIENT | 0xb400007dac2d8980 | 0100 | RGBA_8888 | 0.0 0.0 1200.0 72.0 | 0 1848 1200 1920 | TaskbarWindow$_2507#128
05-22 09:49:54.930 1180 1180 D SurfaceFlinger: CLIENT | 0xb400007dac354b60 | 0100 | RGBA_8888 | 0.0 0.0 1200.0 1920.0 | 0 0 1200 1920 | PointerLocation - display 0#57
05-22 09:49:54.930 1180 1180 D SurfaceFlinger:
05-22 09:49:54.936 1100 27402 I QC2C2DEngine: calcYSize: unsupported or RGB color format, RGBA8888(1)
05-22 09:49:54.965 1100 27402 I QC2C2DEngine: calcYSize: unsupported or RGB color format, RGBA8888(1)
05-22 09:49:54.983 1100 27402 I QC2C2DEngine: calcYSize: unsupported or RGB color format, RGBA8888(1)
05-22 09:49:54.994 1100 27402 I QC2C2DEngine: calcYSize: unsupported or RGB color format, RGBA8888(1)
05-22 09:49:55.007 1100 27402 I QC2C2DEngine: calcYSize: unsupported or RGB color format, RGBA8888(1)
05-22 09:49:55.015 984 23808 I sensors-hal: handle_sns_client_event:44, ambient_light_event: ts=45107783505220, event=354.000000
05-22 09:49:55.019 1100 27402 I QC2C2DEngine: calcYSize: unsupported or RGB color format, RGBA8888(1)
05-22 09:49:55.030 25039 25107 I Finsky : [63] akzw.a(23): Skipping Gramophone warning due to shell install
05-22 09:49:55.033 25039 27669 E AbstractLogEventBuilder: The provided ProductIdOrigin 3 is not one of the process-level expected values: 1 or 2
05-22 09:49:55.033 25039 27562 E AbstractLogEventBuilder: The provided ProductIdOrigin 3 is not one of the process-level expected values: 1 or 2
05-22 09:49:55.038 1290 1927 D CompatibilityChangeReporter: Compat change id reported: 265195908; UID 10182; state: ENABLED
05-22 09:49:55.040 1290 3496 I ActivityManager: Killing 27412:com.sec.android.app.camera/u0a81 (adj 999): empty #19
05-22 09:49:55.042 1290 1717 I libprocessgroup: Successfully killed process cgroup uid 10081 pid 27412 in 0ms
05-22 09:49:55.059 873 873 I Zygote : Process 27412 exited due to signal 9 (Killed)
05-22 09:49:55.061 1290 1675 D DisplayManagerService: Drop pending events for gone uid 10081
05-22 09:49:55.064 2684 2684 D HidDeviceService: handleMessage(): msg.what=8
05-22 09:49:55.091 1100 27402 I QC2C2DEngine: calcYSize: unsupported or RGB color format, RGBA8888(1)
05-22 09:49:55.115 984 23808 I sensors-hal: handle_sns_client_event:44, ambient_light_event: ts=45107883501314, event=354.000000
05-22 09:49:55.155 1290 4242 D SGM:GameManager: identifyForegroundApp. org.qtproject.example.spectrum, mCurrentUserId: 0, callerUserId: 0
05-22 09:49:55.155 1290 4242 D SGM:PkgDataHelper: getGamePkgData(). org.qtproject.example.spectrum
05-22 09:49:55.155 21756 21914 I PolicyManager: [#CMH#] Is foreground game app: false
05-22 09:49:55.183 25039 25049 W android.vending: ApkAssets: Deleting an ApkAssets object ' and /data/app/~~VpE6PHU84adv3lYe4Je7nQ==/org.qtproject.example.spectrum-HL72x-cgk8PVaq2HxNyJog==/base.apk' with 1 weak references
05-22 09:49:55.196 1100 27402 I QC2C2DEngine: calcYSize: unsupported or RGB color format, RGBA8888(1)
05-22 09:49:55.214 984 23808 I sensors-hal: handle_sns_client_event:44, ambient_light_event: ts=45107983502095, event=354.000000
05-22 09:49:55.249 619 619 D io_stats: !@ 8,0 r 569021 18986664 w 77054 2270720 d 15478 44369720 f 0 0 iot 281780 0 th 0 0 0 pt 0 inp 0 0 10169.212
05-22 09:49:55.292 1100 27402 I QC2C2DEngine: calcYSize: unsupported or RGB color format, RGBA8888(1)
05-22 09:49:55.314 984 23808 I sensors-hal: handle_sns_client_event:44, ambient_light_event: ts=45108083250168, event=355.000000
05-22 09:49:55.315 984 23808 I sensors-hal: handle_sns_client_event:44, ambient_light_event: ts=45108083500428, event=355.000000
05-22 09:49:55.394 1100 27402 I QC2C2DEngine: calcYSize: unsupported or RGB color format, RGBA8888(1)
05-22 09:49:55.415 984 23808 I sensors-hal: handle_sns_client_event:44, ambient_light_event: ts=45108183250793, event=354.000000
05-22 09:49:55.415 984 23808 I sensors-hal: handle_sns_client_event:44, ambient_light_event: ts=45108183505480, event=354.000000
05-22 09:49:55.422 1290 4242 I EDMNativeHelperService: isFaceRecognitionAllowedEvenCameraBlocked
05-22 09:49:55.423 1290 4242 I EDMNativeHelperService: isCameraEnabled
05-22 09:49:55.423 1290 4242 D EDMNativeHelper: isCameraEnabled
05-22 09:49:55.424 1290 4242 D EDMNativeHelper: checking for camera in EnterpriseDeviceManagerService
05-22 09:49:55.424 1290 4242 D EnterpriseDeviceManagerService: isCameraEnabledNative
05-22 09:49:55.424 1290 4242 D EnterpriseDeviceManagerService: checking for camera in restriction policy
05-22 09:49:55.424 1290 4242 D RestrictionPolicy: isCameraEnabled ret(true) userId(0) cxtInfo.mCallerUid(1000) cxtInfo.mContainerId(0)
05-22 09:49:55.482 1100 27402 I QC2C2DEngine: calcYSize: unsupported or RGB color format, RGBA8888(1)
05-22 09:49:55.516 984 23808 I sensors-hal: handle_sns_client_event:44, ambient_light_event: ts=45108283251782, event=354.000000
05-22 09:49:55.517 984 23808 I sensors-hal: handle_sns_client_event:44, ambient_light_event: ts=45108283504907, event=354.000000
05-22 09:49:55.572 1100 27402 I QC2C2DEngine: calcYSize: unsupported or RGB color format, RGBA8888(1)
05-22 09:49:55.614 984 23808 I sensors-hal: handle_sns_client_event:44, ambient_light_event: ts=45108383500897, event=354.000000
05-22 09:49:55.678 1100 27402 I QC2C2DEngine: calcYSize: unsupported or RGB color format, RGBA8888(1)
05-22 09:49:55.714 984 23808 I sensors-hal: handle_sns_client_event:44, ambient_light_event: ts=45108483256887, event=354.000000
05-22 09:49:55.715 984 23808 I sensors-hal: handle_sns_client_event:44, ambient_light_event: ts=45108483502459, event=354.000000
05-22 09:49:55.777 1100 27402 I QC2C2DEngine: calcYSize: unsupported or RGB color format, RGBA8888(1)
05-22 09:49:55.814 984 23808 I sensors-hal: handle_sns_client_event:44, ambient_light_event: ts=45108583259491, event=354.000000
05-22 09:49:55.815 984 23808 I sensors-hal: handle_sns_client_event:44, ambient_light_event: ts=45108583500897, event=354.000000
05-22 09:49:55.878 1100 27402 I QC2C2DEngine: calcYSize: unsupported or RGB color format, RGBA8888(1)
05-22 09:49:55.915 984 23808 I sensors-hal: handle_sns_client_event:44, ambient_light_event: ts=45108683255324, event=353.000000
05-22 09:49:55.915 984 23808 I sensors-hal: handle_sns_client_event:44, ambient_light_event: ts=45108683499855, event=353.000000
05-22 09:49:55.977 1100 27402 I QC2C2DEngine: calcYSize: unsupported or RGB color format, RGBA8888(1)
05-22 09:49:56.014 984 23808 I sensors-hal: handle_sns_client_event:44, ambient_light_event: ts=45108783258449, event=352.000000
05-22 09:49:56.014 984 23808 I sensors-hal: handle_sns_client_event:44, ambient_light_event: ts=45108783501157, event=352.000000
05-22 09:49:56.068 1100 27402 I QC2C2DEngine: calcYSize: unsupported or RGB color format, RGBA8888(1)
05-22 09:49:56.114 984 23808 I sensors-hal: handle_sns_client_event:44, ambient_light_event: ts=45108883261053, event=351.000000
05-22 09:49:56.115 984 23808 I sensors-hal: handle_sns_client_event:44, ambient_light_event: ts=45108883501157, event=351.000000
05-22 09:49:56.172 1100 27402 I QC2C2DEngine: calcYSize: unsupported or RGB color format, RGBA8888(1)
05-22 09:49:56.214 984 23808 I sensors-hal: handle_sns_client_event:44, ambient_light_event: ts=45108983259751, event=351.000000
05-22 09:49:56.215 984 23808 I sensors-hal: handle_sns_client_event:44, ambient_light_event: ts=45108983500376, event=351.000000
05-22 09:49:56.273 1100 27402 I QC2C2DEngine: calcYSize: unsupported or RGB color format, RGBA8888(1)
05-22 09:49:56.314 984 23808 I sensors-hal: handle_sns_client_event:44, ambient_light_event: ts=45109083260532, event=93.000000
05-22 09:49:56.314 984 23808 I sensors-hal: handle_sns_client_event:44, ambient_light_event: ts=45109083499595, event=93.000000
05-22 09:49:56.369 1100 27402 I QC2C2DEngine: calcYSize: unsupported or RGB color format, RGBA8888(1)
05-22 09:49:56.414 984 23808 I sensors-hal: handle_sns_client_event:44, ambient_light_event: ts=45109183259751, event=92.000000
05-22 09:49:56.415 984 23808 I sensors-hal: handle_sns_client_event:44, ambient_light_event: ts=45109183499595, event=92.000000
05-22 09:49:56.470 1100 27402 I QC2C2DEngine: calcYSize: unsupported or RGB color format, RGBA8888(1)
05-22 09:49:56.514 984 23808 I sensors-hal: handle_sns_client_event:44, ambient_light_event: ts=45109283261834, event=91.000000
05-22 09:49:56.515 984 23808 I sensors-hal: handle_sns_client_event:44, ambient_light_event: ts=45109283500637, event=91.000000
05-22 09:49:56.570 1100 27402 I QC2C2DEngine: calcYSize: unsupported or RGB color format, RGBA8888(1)
05-22 09:49:56.614 984 23808 I sensors-hal: handle_sns_client_event:44, ambient_light_event: ts=45109383256366, event=91.000000
05-22 09:49:56.614 984 23808 I sensors-hal: handle_sns_client_event:44, ambient_light_event: ts=45109383499855, event=91.000000
05-22 09:49:56.673 1100 27402 I QC2C2DEngine: calcYSize: unsupported or RGB color format, RGBA8888(1)
05-22 09:49:56.714 984 23808 I sensors-hal: handle_sns_client_event:44, ambient_light_event: ts=45109483257928, event=90.000000
05-22 09:49:56.714 984 23808 I sensors-hal: handle_sns_client_event:44, ambient_light_event: ts=45109483499595, event=90.000000
05-22 09:49:56.736 1290 1965 D InputReader: Btn_touch(9): value=1 when=10170.698824
05-22 09:49:56.736 1290 1965 I InputReader: Touch event's action is 0x0 (id=2, t=0) [pCnt=1, s=0.140 ] when=10170.698824
05-22 09:49:56.737 1290 1964 I InputDispatcher: Delivering touch to (2507): action: 0x4, f=0x0, d=0, '3610cc1', t=1
05-22 09:49:56.737 1290 1964 I InputDispatcher: Delivering touch to (27753): action: 0x0, f=0x0, d=0, '95d9169', t=1
05-22 09:49:56.737 1290 1964 D PowerManagerService: [api] userActivityFromNative : touch displayId=0 eventTime=10170698
05-22 09:49:56.738 1290 1675 I GestureDetector: obtain mCurrentDownEvent. id: 544759885 caller: com.android.server.wm.SystemGesturesPointerEventListener.onPointerEvent:204 com.android.server.wm.PointerEventDispatcher.onInputEvent:53 android.view.InputEventReceiver.dispatchInputEvent:296
05-22 09:49:56.738 1290 1964 D PowerManagerService: UserActivityStateListenerState: 1
05-22 09:49:56.738 1290 1675 I GestureDetector: obtain mCurrentDownEvent. id: 544759885 caller: com.android.server.wm.SystemPerformancePointerEventListener.onPointerEvent:89 com.android.server.wm.PointerEventDispatcher.onInputEvent:53 android.view.InputEventReceiver.dispatchInputEvent:296
05-22 09:49:56.748 1180 1180 I Layer : Layer [Sprite#178] hidden!! flag(0)
05-22 09:49:56.760 27753 27753 I ViewRootImpl@8f2ed9c[QtActivity]: ViewPostIme pointer 0
05-22 09:49:56.762 27753 27753 I GestureDetector: obtain mCurrentDownEvent. id: 544759885 caller: org.qtproject.qt.android.QtWindow.onTouchEvent:74 org.qtproject.qt.android.QtLayout.onTouchEvent:53 android.view.View.dispatchTouchEvent:16212
05-22 09:49:56.773 1290 4437 D SemWifiUsabilityStatsMonitor: onWifiUsabilityStats - seqNum 308, isSameBssidAndFreq true
05-22 09:49:56.774 1290 2165 I SemWifiLinkQualityMonitor: Unreliable statistics: 0 / 0 / 0 / 0 || QoS: 0.00 ms / 0.00 Mbps (N) / 0 (0)
05-22 09:49:56.774 1180 1180 D SurfaceFlinger: Display 4630946835308409729 HWC layers:
05-22 09:49:56.774 1180 1180 D SurfaceFlinger: CLIENT | 0xb400007dbaba9f40 | 0500 | RGBA_8888 | 0.0 0.0 1200.0 1812.0 | 0 36 1200 1848 | SurfaceView[org.qtproject.example.sp[...]id.bindings.QtActivity]@0(BLAST)#669
05-22 09:49:56.774 1180 1180 D SurfaceFlinger: CLIENT | 0xb400007dbaba8dc0 | 0100 | RGBA_8888 | 0.0 0.0 1200.0 1920.0 | 0 0 1200 1920 | org.qtproject.example.spectrum/org.q[...]droid.bindings.QtActivity$_27753#656
05-22 09:49:56.774 1180 1180 D SurfaceFlinger: CLIENT | 0xb400007dac357720 | 0100 | RGBA_8888 | 0.0 0.0 1200.0 36.0 | 0 0 1200 36 | StatusBar$_2254#99
05-22 09:49:56.774 1180 1180 D SurfaceFlinger: CLIENT | 0xb400007dac3578e0 | 0100 | RGBA_8888 | 0.0 0.0 67.0 207.0 | 1133 432 1200 639 | com.sec.android.app.launcher/com.sam[...]ce.edge.CocktailBarService$_2507#160
05-22 09:49:56.774 1180 1180 D SurfaceFlinger: CLIENT | 0xb400007dac2d8980 | 0100 | RGBA_8888 | 0.0 0.0 1200.0 72.0 | 0 1848 1200 1920 | TaskbarWindow$_2507#128
05-22 09:49:56.774 1180 1180 D SurfaceFlinger: CLIENT | 0xb400007dac354b60 | 0100 | RGBA_8888 | 0.0 0.0 1200.0 1920.0 | 0 0 1200 1920 | PointerLocation - display 0#57
05-22 09:49:56.774 1180 1180 D SurfaceFlinger: CLIENT | 0xb4000
05-22 09:49:56.774 1180 1180 D SurfaceFlinger: 07dac357f00 | 0100 | RGBA_8888 | 0.0 0.0 36.0 36.0 | 282 1445 318 1481 | bbq-wrapper#179
05-22 09:49:56.774 1180 1180 D SurfaceFlinger:
05-22 09:49:56.777 1100 27402 I QC2C2DEngine: calcYSize: unsupported or RGB color format, RGBA8888(1)
05-22 09:49:56.779 2254 2254 D StatusBarIconController: ignoring old pipeline callback because the new wifi icon is enabled
05-22 09:49:56.780 2254 2342 D Tile.WifiTile: handleUpdateState isTransient=false transientEnabling =false cb.isTransient=false state.state = 2 mStateBeforeClick.value =false enabled =true
05-22 09:49:56.796 1100 27402 I QC2C2DEngine: calcYSize: unsupported or RGB color format, RGBA8888(1)
05-22 09:49:56.812 1100 27402 I QC2C2DEngine: calcYSize: unsupported or RGB color format, RGBA8888(1)
05-22 09:49:56.814 984 23808 I sensors-hal: handle_sns_client_event:44, ambient_light_event: ts=45109583499855, event=90.000000
05-22 09:49:56.827 1100 27402 I QC2C2DEngine: calcYSize: unsupported or RGB color format, RGBA8888(1)
05-22 09:49:56.843 1290 1675 I GestureDetector: obtain mCurrentMotionEventRaw. action: 2 id: 347085106
05-22 09:49:56.843 1290 1675 I GestureDetector: obtain mCurrentMotionEventRaw. action: 2 id: 347085106
05-22 09:49:56.848 27753 27753 I GestureDetector: obtain mCurrentMotionEventRaw. action: 2 id: 347085106
05-22 09:49:56.864 1290 1965 D InputReader: Btn_touch(9): value=0 when=10170.826805
05-22 09:49:56.864 1290 1965 I InputReader: Touch event's action is 0x1 (id=2, t=0) [pCnt=1, s=] when=10170.826805
05-22 09:49:56.864 1290 1964 I InputDispatcher: Delivering touch to (27753): action: 0x1, f=0x0, d=0, '95d9169', t=1
05-22 09:49:56.864 27753 27753 I ViewRootImpl@8f2ed9c[QtActivity]: ViewPostIme pointer 1
05-22 09:49:56.872 1100 27402 I QC2C2DEngine: calcYSize: unsupported or RGB color format, RGBA8888(1)
05-22 09:49:56.890 1100 27402 I QC2C2DEngine: calcYSize: unsupported or RGB color format, RGBA8888(1)
05-22 09:49:56.914 984 23808 I sensors-hal: handle_sns_client_event:44, ambient_light_event: ts=45109683258709, event=89.000000
05-22 09:49:56.914 984 23808 I sensors-hal: handle_sns_client_event:44, ambient_light_event: ts=45109683501939, event=89.000000
05-22 09:49:56.922 1100 27402 I QC2C2DEngine: calcYSize: unsupported or RGB color format, RGBA8888(1)
05-22 09:49:56.961 1100 27402 I QC2C2DEngine: calcYSize: unsupported or RGB color format, RGBA8888(1)
05-22 09:49:56.989 1100 27402 I QC2C2DEngine: calcYSize: unsupported or RGB color format, RGBA8888(1)
05-22 09:49:57.014 984 23808 I sensors-hal: handle_sns_client_event:44, ambient_light_event: ts=45109783257668, event=90.000000
05-22 09:49:57.015 984 23808 I sensors-hal: handle_sns_client_event:44, ambient_light_event: ts=45109783500116, event=90.000000
05-22 09:49:57.017 1100 27402 I QC2C2DEngine: calcYSize: unsupported or RGB color format, RGBA8888(1)
05-22 09:49:57.038 1290 1675 I GestureDetector: handleMessage TAP
05-22 09:49:57.039 1290 1290 I GestureDetector: handleMessage TAP
05-22 09:49:57.043 1100 27402 I QC2C2DEngine: calcYSize: unsupported or RGB color format, RGBA8888(1)
05-22 09:49:57.062 27753 27753 I GestureDetector: handleMessage TAP
05-22 09:49:57.065 1100 27402 I QC2C2DEngine: calcYSize: unsupported or RGB color format, RGBA8888(1)
05-22 09:49:57.084 1180 1180 I Layer : Layer [Sprite#178] hidden!! flag(1)
05-22 09:49:57.087 1100 27402 I QC2C2DEngine: calcYSize: unsupported or RGB color format, RGBA8888(1)
05-22 09:49:57.105 1180 1180 D SurfaceFlinger: Display 4630946835308409729 HWC layers:
05-22 09:49:57.105 1180 1180 D SurfaceFlinger: CLIENT | 0xb400007dbaba9fb0 | 0500 | RGBA_8888 | 0.0 0.0 1200.0 1812.0 | 0 36 1200 1848 | SurfaceView[org.qtproject.example.sp[...]id.bindings.QtActivity]@0(BLAST)#669
05-22 09:49:57.105 1180 1180 D SurfaceFlinger: CLIENT | 0xb400007dbaba8dc0 | 0100 | RGBA_8888 | 0.0 0.0 1200.0 1920.0 | 0 0 1200 1920 | org.qtproject.example.spectrum/org.q[...]droid.bindings.QtActivity$_27753#656
05-22 09:49:57.105 1180 1180 D SurfaceFlinger: CLIENT | 0xb400007dac357800 | 0100 | RGBA_8888 | 0.0 0.0 1200.0 36.0 | 0 0 1200 36 | StatusBar$_2254#99
05-22 09:49:57.105 1180 1180 D SurfaceFlinger: CLIENT | 0xb400007dac3578e0 | 0100 | RGBA_8888 | 0.0 0.0 67.0 207.0 | 1133 432 1200 639 | com.sec.android.app.launcher/com.sam[...]ce.edge.CocktailBarService$_2507#160
05-22 09:49:57.105 1180 1180 D SurfaceFlinger: CLIENT | 0xb400007dac2d8980 | 0100 | RGBA_8888 | 0.0 0.0 1200.0 72.0 | 0 1848 1200 1920 | TaskbarWindow$_2507#128
05-22 09:49:57.105 1180 1180 D SurfaceFlinger: CLIENT | 0xb400007dac358de0 | 0100 | RGBA_8888 | 0.0 0.0 1200.0 1920.0 | 0 0 1200 1920 | PointerLocation - display 0#57
05-22 09:49:57.105 1180 1180 D SurfaceFlinger:
05-22 09:49:57.108 1100 27402 I QC2C2DEngine: calcYSize: unsupported or RGB color format, RGBA8888(1)
05-22 09:49:57.114 984 23808 I sensors-hal: handle_sns_client_event:44, ambient_light_event: ts=45109883259230, event=90.000000
05-22 09:49:57.115 984 23808 I sensors-hal: handle_sns_client_event:44, ambient_light_event: ts=45109883499855, event=90.000000
05-22 09:49:57.120 1290 1965 D InputReader: Btn_touch(9): value=1 when=10171.083019
05-22 09:49:57.120 1290 1965 I InputReader: Touch event's action is 0x0 (id=2, t=0) [pCnt=1, s=0.141 ] when=10171.083019
05-22 09:49:57.121 1290 1964 I InputDispatcher: Delivering touch to (2507): action: 0x4, f=0x0, d=0, '3610cc1', t=1
05-22 09:49:57.121 1290 1964 I InputDispatcher: Delivering touch to (27753): action: 0x0, f=0x0, d=0, '95d9169', t=1
05-22 09:49:57.121 1180 1180 I Layer : Layer [Sprite#178] hidden!! flag(0)
05-22 09:49:57.121 27753 27753 I ViewRootImpl@8f2ed9c[QtActivity]: ViewPostIme pointer 0
05-22 09:49:57.122 27753 27753 I GestureDetector: obtain mCurrentDownEvent. id: 815806851 caller: org.qtproject.qt.android.QtWindow.onTouchEvent:74 org.qtproject.qt.android.QtLayout.onTouchEvent:53 android.view.View.dispatchTouchEvent:16212
05-22 09:49:57.123 1290 1675 I GestureDetector: obtain mCurrentDownEvent. id: 815806851 caller: com.android.server.wm.SystemGesturesPointerEventListener.onPointerEvent:204 com.android.server.wm.PointerEventDispatcher.onInputEvent:53 android.view.InputEventReceiver.dispatchInputEvent:296
05-22 09:49:57.123 1290 1675 I GestureDetector: obtain mCurrentDownEvent. id: 815806851 caller: com.android.server.wm.SystemPerformancePointerEventListener.onPointerEvent:89 com.android.server.wm.PointerEventDispatcher.onInputEvent:53 android.view.InputEventReceiver.dispatchInputEvent:296
05-22 09:49:57.143 1180 1180 D SurfaceFlinger: Display 4630946835308409729 HWC layers:
05-22 09:49:57.143 1180 1180 D SurfaceFlinger: CLIENT | 0xb400007dbaba9fb0 | 0500 | RGBA_8888 | 0.0 0.0 1200.0 1812.0 | 0 36 1200 1848 | SurfaceView[org.qtproject.example.sp[...]id.bindings.QtActivity]@0(BLAST)#669
05-22 09:49:57.143 1180 1180 D SurfaceFlinger: CLIENT | 0xb400007dbaba8dc0 | 0100 | RGBA_8888 | 0.0 0.0 1200.0 1920.0 | 0 0 1200 1920 | org.qtproject.example.spectrum/org.q[...]droid.bindings.QtActivity$_27753#656
05-22 09:49:57.143 1180 1180 D SurfaceFlinger: CLIENT | 0xb400007dac357800 | 0100 | RGBA_8888 | 0.0 0.0 1200.0 36.0 | 0 0 1200 36 | StatusBar$_2254#99
05-22 09:49:57.143 1180 1180 D SurfaceFlinger: CLIENT | 0xb400007dac3578e0 | 0100 | RGBA_8888 | 0.0 0.0 67.0 207.0 | 1133 432 1200 639 | com.sec.android.app.launcher/com.sam[...]ce.edge.CocktailBarService$_2507#160
05-22 09:49:57.143 1180 1180 D SurfaceFlinger: CLIENT | 0xb400007dac2d8980 | 0100 | RGBA_8888 | 0.0 0.0 1200.0 72.0 | 0 1848 1200 1920 | TaskbarWindow$_2507#128
05-22 09:49:57.143 1180 1180 D SurfaceFlinger: CLIENT | 0xb400007dac358de0 | 0100 | RGBA_8888 | 0.0 0.0 1200.0 1920.0 | 0 0 1200 1920 | PointerLocation - display 0#57
05-22 09:49:57.143 1180 1180 D SurfaceFlinger: CURSOR | 0xb4000
05-22 09:49:57.143 1180 1180 D SurfaceFlinger: 07dbaba70e0 | 0100 | RGBA_8888 | 0.0 0.0 36.0 36.0 | 514 1444 550 1480 | bbq-wrapper#179
05-22 09:49:57.143 1180 1180 D SurfaceFlinger:
05-22 09:49:57.146 1100 27402 I QC2C2DEngine: calcYSize: unsupported or RGB color format, RGBA8888(1)
05-22 09:49:57.172 1100 27402 I QC2C2DEngine: calcYSize: unsupported or RGB color format, RGBA8888(1)
05-22 09:49:57.176 1290 1675 I GestureDetector: obtain mCurrentMotionEventRaw. action: 2 id: 116149545
05-22 09:49:57.177 1290 1675 I GestureDetector: obtain mCurrentMotionEventRaw. action: 2 id: 116149545
05-22 09:49:57.182 27753 27753 I GestureDetector: obtain mCurrentMotionEventRaw. action: 2 id: 116149545
05-22 09:49:57.190 1100 27402 I QC2C2DEngine: calcYSize: unsupported or RGB color format, RGBA8888(1)
05-22 09:49:57.198 1290 1965 D InputReader: Btn_touch(9): value=0 when=10171.160917
05-22 09:49:57.198 1290 1965 I InputReader: Touch event's action is 0x1 (id=2, t=0) [pCnt=1, s=] when=10171.160917
05-22 09:49:57.198 1290 1964 I InputDispatcher: Delivering touch to (27753): action: 0x1, f=0x0, d=0, '95d9169', t=1
05-22 09:49:57.198 27753 27753 I ViewRootImpl@8f2ed9c[QtActivity]: ViewPostIme pointer 1
05-22 09:49:57.214 984 23808 I sensors-hal: handle_sns_client_event:44, ambient_light_event: ts=45109983258189, event=91.000000
05-22 09:49:57.214 984 23808 I sensors-hal: handle_sns_client_event:44, ambient_light_event: ts=45109983501418, event=91.000000
05-22 09:49:57.217 1100 27402 I QC2C2DEngine: calcYSize: unsupported or RGB color format, RGBA8888(1)
05-22 09:49:57.234 1100 27402 I QC2C2DEngine: calcYSize: unsupported or RGB color format, RGBA8888(1)
05-22 09:49:57.250 619 619 D io_stats: !@ 8,0 r 569027 18986752 w 77081 2270824 d 15491 44503080 f 0 0 iot 281844 0 th 0 0 0 pt 0 inp 0 0 10171.213
05-22 09:49:57.251 619 619 D io_stats: !@ Read_top(KB): xample.spectrum(27753) 5072 android.vending(25039) 804 gle.android.gms(4127) 52
05-22 09:49:57.251 619 619 D io_stats: !@ Write_top(KB): .devicesecurity(27464) 616 kworker/u16:1(24956) 264 ndroid.game.gos(27479) 4
05-22 09:49:57.269 1100 27402 I QC2C2DEngine: calcYSize: unsupported or RGB color format, RGBA8888(1)
05-22 09:49:57.307 1100 27402 I QC2C2DEngine: calcYSize: unsupported or RGB color format, RGBA8888(1)
05-22 09:49:57.314 984 23808 I sensors-hal: handle_sns_client_event:44, ambient_light_event: ts=45110083258709, event=91.000000
05-22 09:49:57.315 984 23808 I sensors-hal: handle_sns_client_event:44, ambient_light_event: ts=45110083499334, event=91.000000
05-22 09:49:57.332 1290 1965 D InputReader: Btn_touch(9): value=1 when=10171.294810
05-22 09:49:57.332 1290 1965 I InputReader: Touch event's action is 0x0 (id=2, t=0) [pCnt=1, s=0.142 ] when=10171.294810
05-22 09:49:57.333 1290 1964 I InputDispatcher: Delivering touch to (2507): action: 0x4, f=0x0, d=0, '3610cc1', t=1
05-22 09:49:57.333 1290 1964 I InputDispatcher: Delivering touch to (27753): action: 0x0, f=0x0, d=0, '95d9169', t=1
05-22 09:49:57.333 27753 27753 I ViewRootImpl@8f2ed9c[QtActivity]: ViewPostIme pointer 0
05-22 09:49:57.334 1290 1675 I GestureDetector: obtain mCurrentDownEvent. id: 519805828 caller: com.android.server.wm.SystemGesturesPointerEventListener.onPointerEvent:204 com.android.server.wm.PointerEventDispatcher.onInputEvent:53 android.view.InputEventReceiver.dispatchInputEvent:296
05-22 09:49:57.335 1290 1675 I GestureDetector: obtain mCurrentDownEvent. id: 519805828 caller: com.android.server.wm.SystemPerformancePointerEventListener.onPointerEvent:89 com.android.server.wm.PointerEventDispatcher.onInputEvent:53 android.view.InputEventReceiver.dispatchInputEvent:296
05-22 09:49:57.335 1100 27402 I QC2C2DEngine: calcYSize: unsupported or RGB color format, RGBA8888(1)
05-22 09:49:57.341 27753 27753 I GestureDetector: obtain mCurrentDownEvent. id: 519805828 caller: org.qtproject.qt.android.QtWindow.onTouchEvent:74 org.qtproject.qt.android.QtLayout.onTouchEvent:53 android.view.View.dispatchTouchEvent:16212
05-22 09:49:57.358 1100 27402 I QC2C2DEngine: calcYSize: unsupported or RGB color format, RGBA8888(1)
05-22 09:49:57.367 1180 1180 I Layer : Layer [Sprite#167] hidden!! flag(0)
05-22 09:49:57.372 1290 1675 I GestureDetector: obtain mCurrentMotionEventRaw. action: 2 id: 1027144119
05-22 09:49:57.372 1290 1675 I GestureDetector: obtain mCurrentMotionEventRaw. action: 2 id: 1027144119
05-22 09:49:57.383 27753 27753 I GestureDetector: obtain mCurrentMotionEventRaw. action: 2 id: 1027144119
05-22 09:49:57.387 1180 1180 D SurfaceFlinger: Display 4630946835308409729 HWC layers:
05-22 09:49:57.387 1180 1180 D SurfaceFlinger: CLIENT | 0xb400007dbaba9fb0 | 0500 | RGBA_8888 | 0.0 0.0 1200.0 1812.0 | 0 36 1200 1848 | SurfaceView[org.qtproject.example.sp[...]id.bindings.QtActivity]@0(BLAST)#669
05-22 09:49:57.387 1180 1180 D SurfaceFlinger: CLIENT | 0xb400007dbaba8dc0 | 0100 | RGBA_8888 | 0.0 0.0 1200.0 1920.0 | 0 0 1200 1920 | org.qtproject.example.spectrum/org.q[...]droid.bindings.QtActivity$_27753#656
05-22 09:49:57.387 1180 1180 D SurfaceFlinger: CLIENT | 0xb400007dac357800 | 0100 | RGBA_8888 | 0.0 0.0 1200.0 36.0 | 0 0 1200 36 | StatusBar$_2254#99
05-22 09:49:57.387 1180 1180 D SurfaceFlinger: CLIENT | 0xb400007dac3578e0 | 0100 | RGBA_8888 | 0.0 0.0 67.0 207.0 | 1133 432 1200 639 | com.sec.android.app.launcher/com.sam[...]ce.edge.CocktailBarService$_2507#160
05-22 09:49:57.387 1180 1180 D SurfaceFlinger: CLIENT | 0xb400007dac2d8980 | 0100 | RGBA_8888 | 0.0 0.0 1200.0 72.0 | 0 1848 1200 1920 | TaskbarWindow$_2507#128
05-22 09:49:57.387 1180 1180 D SurfaceFlinger: CLIENT | 0xb400007dac358de0 | 0100 | RGBA_8888 | 0.0 0.0 1200.0 1920.0 | 0 0 1200 1920 | PointerLocation - display 0#57
05-22 09:49:57.387 1180 1180 D SurfaceFlinger: CLIENT | 0xb4000
05-22 09:49:57.387 1180 1180 D SurfaceFlinger: 07dac358b40 | 0100 | RGBA_8888 | 0.0 0.0 36.0 36.0 | 700 1418 736 1454 | bbq-wrapper#168
05-22 09:49:57.387 1180 1180 D SurfaceFlinger: CLIENT | 0xb400007dbaba70e0 | 0100 | RGBA_8888 | 0.0 0.0 36.0 36.0 | 514 1444 550 1480 | bbq-wrapper#179
05-22 09:49:57.387 1180 1180 D SurfaceFlinger:
05-22 09:49:57.390 1100 27402 I QC2C2DEngine: calcYSize: unsupported or RGB color format, RGBA8888(1)
05-22 09:49:57.409 1290 1965 D InputReader: Btn_touch(9): value=0 when=10171.372549
05-22 09:49:57.409 1290 1965 I InputReader: Touch event's action is 0x1 (id=2, t=0) [pCnt=1, s=] when=10171.372549
05-22 09:49:57.410 1290 1964 I InputDispatcher: Delivering touch to (27753): action: 0x1, f=0x0, d=0, '95d9169', t=1
05-22 09:49:57.411 27753 27753 I ViewRootImpl@8f2ed9c[QtActivity]: ViewPostIme pointer 1
05-22 09:49:57.414 984 23808 I sensors-hal: handle_sns_client_event:44, ambient_light_event: ts=45110183260012, event=92.000000
05-22 09:49:57.414 984 23808 I sensors-hal: handle_sns_client_event:44, ambient_light_event: ts=45110183500116, event=92.000000
05-22 09:49:57.418 1180 1180 I Layer : Layer [Sprite#178] hidden!! flag(1)
05-22 09:49:57.420 1100 27402 I QC2C2DEngine: calcYSize: unsupported or RGB color format, RGBA8888(1)
05-22 09:49:57.434 3396 3396 D BoundBrokerSvc: onUnbind: Intent { act=com.google.android.gms.clearcut.bootcount.service.START dat=chimera-action:/... cmp=com.google.android.gms/.chimera.PersistentBoundBrokerService }
05-22 09:49:57.435 1180 1180 D SurfaceFlinger: Display 4630946835308409729 HWC layers:
05-22 09:49:57.435 1180 1180 D SurfaceFlinger: CLIENT | 0xb400007dbaba9d10 | 0500 | RGBA_8888 | 0.0 0.0 1200.0 1812.0 | 0 36 1200 1848 | SurfaceView[org.qtproject.example.sp[...]id.bindings.QtActivity]@0(BLAST)#669
05-22 09:49:57.435 1180 1180 D SurfaceFlinger: CLIENT | 0xb400007dbaba8dc0 | 0100 | RGBA_8888 | 0.0 0.0 1200.0 1920.0 | 0 0 1200 1920 | org.qtproject.example.spectrum/org.q[...]droid.bindings.QtActivity$_27753#656
05-22 09:49:57.435 1180 1180 D SurfaceFlinger: CLIENT | 0xb400007dac357800 | 0100 | RGBA_8888 | 0.0 0.0 1200.0 36.0 | 0 0 1200 36 | StatusBar$_2254#99
05-22 09:49:57.435 1180 1180 D SurfaceFlinger: CLIENT | 0xb400007dac3578e0 | 0100 | RGBA_8888 | 0.0 0.0 67.0 207.0 | 1133 432 1200 639 | com.sec.android.app.launcher/com.sam[...]ce.edge.CocktailBarService$_2507#160
05-22 09:49:57.435 1180 1180 D SurfaceFlinger: CLIENT | 0xb400007dac2d8980 | 0100 | RGBA_8888 | 0.0 0.0 1200.0 72.0 | 0 1848 1200 1920 | TaskbarWindow$_2507#128
05-22 09:49:57.435 1180 1180 D SurfaceFlinger: CLIENT | 0xb400007dac359010 | 0100 | RGBA_8888 | 0.0 0.0 1200.0 1920.0 | 0 0 1200 1920 | PointerLocation - display 0#57
05-22 09:49:57.435 1180 1180 D SurfaceFlinger: CLIENT | 0xb4000
05-22 09:49:57.435 1180 1180 D SurfaceFlinger: 07dac358b40 | 0100 | RGBA_8888 | 0.0 0.0 36.0 36.0 | 741 1411 777 1447 | bbq-wrapper#168
05-22 09:49:57.435 1180 1180 D SurfaceFlinger:
05-22 09:49:57.438 1100 27402 I QC2C2DEngine: calcYSize: unsupported or RGB color format, RGBA8888(1)
05-22 09:49:57.447 1290 1686 D BatteryService: Sending ACTION_BATTERY_CHANGED: level:97, status:2, health:2, remain:-1, ac:false, usb:true, wireless:false, pogo:false, misc:0x0, charge_type:0, charger_type:0, voltage:4244, temperature:240, online:4, charging_status:0, cycle_count:0, current_avg:0, ps:false, hvc:false, capacity:280000, current_event:0x0, current_now:-488000, mcc:500000, mcv:5000000, cc:4850000, present:true, scale:100, technology:Li-ion
05-22 09:49:57.450 1290 2201 I DeviceBatteryInfoService: action: android.intent.action.BATTERY_CHANGED
05-22 09:49:57.450 1290 2201 I DeviceBatteryInfoService: phone battery level: 97
05-22 09:49:57.450 1290 2201 I DeviceBatteryInfoService: phone battery status: 2
05-22 09:49:57.453 1290 2077 D MotionRecognitionService: [SAR] onReceive : ACTION_BATTERY_CHANGED, Plugged: 2
05-22 09:49:57.455 2254 2254 I PowerUI : mBootCompleted = true | mFullyConnected = true
05-22 09:49:57.455 2254 2254 I PowerUI : BATTERY_HEALTH_CHECK extraHealth=2 mBatteryMiscEvent=0
05-22 09:49:57.456 2254 2254 W PowerUI : Plug reason
05-22 09:49:57.456 2254 2254 W PowerUI : Skip charging animation - by plug status
05-22 09:49:57.456 2254 2254 D PowerUI : priorPlugType = 2 mPlugType = 2 priorBatteryStatus = 2 mBatteryStatus = 2
05-22 09:49:57.456 2254 7482 D SecPowerUI.Notification: dismissing low battery warning: level=97
05-22 09:49:57.456 2254 2254 W PowerUI : Plug reason
05-22 09:49:57.456 2254 7482 D SecPowerUI.Notification: updateNotification mWarning=false mPlaySound=false
05-22 09:49:57.456 2254 7482 D SecPowerUI.Notification: SecBatteryStatsSnapshot{batteryLevel=97, currentBatteryMode=0, chargingTime=-1, chargingType=11, batteryHealth=2, automaticTestMode=false, isHiccupState=false}
05-22 09:49:57.456 2254 2254 W PowerUI : Skip charging sound - by plug status
05-22 09:49:57.456 2254 2254 I PowerUI : oldMisalign : false, curMisalign : false
05-22 09:49:57.457 2551 2551 D SemBigDataInfoController: Intent: android.intent.action.BATTERY_CHANGED
05-22 09:49:57.457 2254 7482 D SecPowerUI.Notification: 1. restoreScreenTimeOut - saved_value : :
05-22 09:49:57.457 2254 7482 E SecPowerUI.Notification: no saved value, so we do nothing !!
05-22 09:49:57.458 2254 2254 D SecPowerUI.Notification: showChargingNotice oldChargingType : 11 / currentChargingType : 11, oldChargingTime : -1 / mChargingTime : -1
05-22 09:49:57.458 2254 2254 D SecPowerUI.Notification: showChargingNotice There is no change about charging status, so return!
05-22 09:49:57.458 2254 2254 D PowerUI : Battery swelling mode - priorBatterySwellingMode = 0 mBatterySwellingMode = 0 mBatteryStatus = 2
05-22 09:49:57.458 2254 2254 I PowerUI : mBatteryMiscEvent = 0
05-22 09:49:57.458 2254 2254 D SamsungBatteryMeterDrawable: onBatteryLevelChanged isSomethingChanged: false
05-22 09:49:57.458 2254 2254 D SamsungBatteryMeterDrawable: onBatteryLevelChanged isSomethingChanged: false
05-22 09:49:57.459 2254 2254 D SamsungBatteryMeterDrawable: onBatteryLevelChanged isSomethingChanged: false
05-22 09:49:57.459 2254 2254 I AODBatteryManager: updateBatteryData: ACTION_BATTERY_CHANGED
05-22 09:49:57.459 21837 21837 I [SCPMV2][SystemMonitorReceiver]: onReceive: android.intent.action.BATTERY_CHANGED
05-22 09:49:57.460 2254 2254 I AODBatteryManager: saveBatteryData : AOD BatteryData [mBatteryLevel=97, mBatteryStatus=CHARGING, mBatteryPlugType=USB, mBatteryPlugged=true, mRemainingChargeTime=-1, mBatteryChargingType=1, mBatteryChargerType=NORMAL, mBatteryOnline=USB, mBatterySwellingMode=NONE, mBatteryProtectMode=false]
05-22 09:49:57.460 2254 2254 D KeyguardUpdateMonitor: handleBatteryUpdate
05-22 09:49:57.461 1100 27402 I QC2C2DEngine: calcYSize: unsupported or RGB color format, RGBA8888(1)
05-22 09:49:57.478 1100 27402 I QC2C2DEngine: calcYSize: unsupported or RGB color format, RGBA8888(1)
05-22 09:49:57.498 1290 1965 D InputReader: Btn_touch(9): value=1 when=10171.461678
05-22 09:49:57.499 1290 1965 I InputReader: Touch event's action is 0x0 (id=2, t=0) [pCnt=1, s=0.143 ] when=10171.461678
05-22 09:49:57.499 1290 1964 I InputDispatcher: Delivering touch to (2507): action: 0x4, f=0x0, d=0, '3610cc1', t=1
05-22 09:49:57.499 1290 1964 I InputDispatcher: Delivering touch to (27753): action: 0x0, f=0x0, d=0, '95d9169', t=1
05-22 09:49:57.500 27753 27753 I ViewRootImpl@8f2ed9c[QtActivity]: ViewPostIme pointer 0
05-22 09:49:57.501 27753 27753 I GestureDetector: obtain mCurrentDownEvent. id: 424291124 caller: org.qtproject.qt.android.QtWindow.onTouchEvent:74 org.qtproject.qt.android.QtLayout.onTouchEvent:53 android.view.View.dispatchTouchEvent:16212
05-22 09:49:57.501 1290 1675 I GestureDetector: obtain mCurrentDownEvent. id: 424291124 caller: com.android.server.wm.SystemGesturesPointerEventListener.onPointerEvent:204 com.android.server.wm.PointerEventDispatcher.onInputEvent:53 android.view.InputEventReceiver.dispatchInputEvent:296
05-22 09:49:57.503 1290 1675 I GestureDetector: obtain mCurrentDownEvent. id: 424291124 caller: com.android.server.wm.SystemPerformancePointerEventListener.onPointerEvent:89 com.android.server.wm.PointerEventDispatcher.onInputEvent:53 android.view.InputEventReceiver.dispatchInputEvent:296
05-22 09:49:57.512 1290 1675 I GestureDetector: obtain mCurrentMotionEventRaw. action: 2 id: 536927657
05-22 09:49:57.512 1290 1675 I GestureDetector: obtain mCurrentMotionEventRaw. action: 2 id: 536927657
05-22 09:49:57.512 1180 1180 I Layer : Layer [Sprite#178] hidden!! flag(0)
05-22 09:49:57.513 1100 27402 I QC2C2DEngine: calcYSize: unsupported or RGB color format, RGBA8888(1)
05-22 09:49:57.514 984 23808 I sensors-hal: handle_sns_client_event:44, ambient_light_event: ts=45110283258189, event=93.000000
05-22 09:49:57.514 984 23808 I sensors-hal: handle_sns_client_event:44, ambient_light_event: ts=45110283499855, event=93.000000
05-22 09:49:57.518 27753 27753 I GestureDetector: obtain mCurrentMotionEventRaw. action: 2 id: 536927657
05-22 09:49:57.533 1180 1180 D SurfaceFlinger: Display 4630946835308409729 HWC layers:
05-22 09:49:57.533 1180 1180 D SurfaceFlinger: CLIENT | 0xb400007dbaba9df0 | 0500 | RGBA_8888 | 0.0 0.0 1200.0 1812.0 | 0 36 1200 1848 | SurfaceView[org.qtproject.example.sp[...]id.bindings.QtActivity]@0(BLAST)#669
05-22 09:49:57.533 1180 1180 D SurfaceFlinger: CLIENT | 0xb400007dbaba8dc0 | 0100 | RGBA_8888 | 0.0 0.0 1200.0 1920.0 | 0 0 1200 1920 | org.qtproject.example.spectrum/org.q[...]droid.bindings.QtActivity$_27753#656
05-22 09:49:57.533 1180 1180 D SurfaceFlinger: CLIENT | 0xb400007dac357800 | 0100 | RGBA_8888 | 0.0 0.0 1200.0 36.0 | 0 0 1200 36 | StatusBar$_2254#99
05-22 09:49:57.533 1180 1180 D SurfaceFlinger: CLIENT | 0xb400007dac3578e0 | 0100 | RGBA_8888 | 0.0 0.0 67.0 207.0 | 1133 432 1200 639 | com.sec.android.app.launcher/com.sam[...]ce.edge.CocktailBarService$_2507#160
05-22 09:49:57.533 1180 1180 D SurfaceFlinger: CLIENT | 0xb400007dac2d8980 | 0100 | RGBA_8888 | 0.0 0.0 1200.0 72.0 | 0 1848 1200 1920 | TaskbarWindow$_2507#128
05-22 09:49:57.533 1180 1180 D SurfaceFlinger: CLIENT | 0xb400007dac358de0 | 0100 | RGBA_8888 | 0.0 0.0 1200.0 1920.0 | 0 0 1200 1920 | PointerLocation - display 0#57
05-22 09:49:57.533 1180 1180 D SurfaceFlinger: DEVICE | 0xb4000
05-22 09:49:57.533 1180 1180 D SurfaceFlinger: 07dac358b40 | 0100 | RGBA_8888 | 0.0 0.0 36.0 36.0 | 741 1411 777 1447 | bbq-wrapper#168
05-22 09:49:57.533 1180 1180 D SurfaceFlinger: CURSOR | 0xb400007dac357f00 | 0100 | RGBA_8888 | 0.0 0.0 36.0 36.0 | 891 1389 927 1425 | bbq-wrapper#179
05-22 09:49:57.533 1180 1180 D SurfaceFlinger:
05-22 09:49:57.535 1100 27402 I QC2C2DEngine: calcYSize: unsupported or RGB color format, RGBA8888(1)
05-22 09:49:57.562 1290 1290 I SemDvfsHyPerManager: acquire hyper - WM_SCROLL_DETECTED/1290@1, type = 268443651
05-22 09:49:57.562 987 1117 I HYPER-HAL: [RequestManager.cpp]acquire(): Acquired ID : 833987 [1290 / 1] HINT : list : [CoreNumBigMin / 2]
05-22 09:49:57.564 1100 27402 I QC2C2DEngine: calcYSize: unsupported or RGB color format, RGBA8888(1)
05-22 09:49:57.582 1100 27402 I QC2C2DEngine: calcYSize: unsupported or RGB color format, RGBA8888(1)
05-22 09:49:57.587 1290 1965 D InputReader: Btn_touch(9): value=0 when=10171.550733
05-22 09:49:57.588 1290 1965 I InputReader: Touch event's action is 0x1 (id=2, t=0) [pCnt=1, s=] when=10171.550733
05-22 09:49:57.588 1290 1964 I InputDispatcher: Delivering touch to (27753): action: 0x1, f=0x0, d=0, '95d9169', t=1
05-22 09:49:57.589 27753 27753 I ViewRootImpl@8f2ed9c[QtActivity]: ViewPostIme pointer 1
05-22 09:49:57.589 1290 1290 I SemDvfsHyPerManager: acquire hyper - GESTURE_DETECTED_HRR/1290@28, type = -999
05-22 09:49:57.590 1290 1290 I SemDvfsHyPerManager: acquire hyper - SMOOTH_SCROLL/1290@8, type = -999
05-22 09:49:57.590 1290 1290 I SemDvfsHyPerManager: acquire hyper - GESTURE_DETECTED_HRR/1290@28, type = -999
05-22 09:49:57.590 987 1117 I HYPER-HAL: [RequestManager.cpp]releaseLocked(): Released ID : 833987
05-22 09:49:57.590 987 1117 I HYPER-HAL: [RequestManager.cpp]acquire(): Acquired ID : 869249 [1290 / 28] HINT : GESTURE_DETECTED_HRR list : [TIMEOUT / 1158]
05-22 09:49:57.591 987 1117 I HYPER-HAL: [ResourceManager.cpp]updateResource(): [CPULittleMinFreq] UpdateResource Request ID : 869249 Value : 1113600
05-22 09:49:57.592 987 1117 I HYPER-HAL: [ResourceManager.cpp]updateResource(): [CPUMinFreq] UpdateResource Request ID : 869249 Value : 1401600
05-22 09:49:57.592 987 1117 I HYPER-HAL: [RequestManager.cpp]acquire(): Acquired ID : 843059 [1290 / 8] HINT : SMOOTH_SCROLL list :
05-22 09:49:57.592 987 1117 I HYPER-HAL: [ResourceManager.cpp]updateResource(): [CPUMinFreq] UpdateResource Request ID : 843059 Value : 1228800
05-22 09:49:57.593 987 1117 I HYPER-HAL: [ResourceManager.cpp]removeResource(): [CPUMinFreq] RemoveResource Request ID : 843059
05-22 09:49:57.595 987 1117 I HYPER-HAL: [RequestManager.cpp]releaseLocked(): Released ID : 843059
05-22 09:49:57.595 987 1117 I HYPER-HAL: [RequestManager.cpp]acquire(): Acquired ID : 869249 [1290 / 28] HINT : GESTURE_DETECTED_HRR list : [TIMEOUT / 1158]
05-22 09:49:57.595 987 1117 I HYPER-HAL: [ResourceManager.cpp]updateResource(): [CPULittleMinFreq] UpdateResource Request ID : 869249 Value : 1113600
05-22 09:49:57.595 987 1117 I HYPER-HAL: [ResourceManager.cpp]updateResource(): [CPUMinFreq] UpdateResource Request ID : 869249 Value : 1401600
05-22 09:49:57.610 1100 27402 I QC2C2DEngine: calcYSize: unsupported or RGB color format, RGBA8888(1)
05-22 09:49:57.614 984 23808 I sensors-hal: handle_sns_client_event:44, ambient_light_event: ts=45110383252147, event=93.000000
05-22 09:49:57.614 984 23808 I sensors-hal: handle_sns_client_event:44, ambient_light_event: ts=45110383506314, event=93.000000
05-22 09:49:57.628 1180 1180 I Layer : Layer [Sprite#167] hidden!! flag(1)
05-22 09:49:57.631 1100 27402 I QC2C2DEngine: calcYSize: unsupported or RGB color format, RGBA8888(1)
05-22 09:49:57.649 1180 1180 D SurfaceFlinger: Display 4630946835308409729 HWC layers:
05-22 09:49:57.649 1180 1180 D SurfaceFlinger: CLIENT | 0xb400007dbaba9fb0 | 0500 | RGBA_8888 | 0.0 0.0 1200.0 1812.0 | 0 36 1200 1848 | SurfaceView[org.qtproject.example.sp[...]id.bindings.QtActivity]@0(BLAST)#669
05-22 09:49:57.649 1180 1180 D SurfaceFlinger: CLIENT | 0xb400007dbaba8dc0 | 0100 | RGBA_8888 | 0.0 0.0 1200.0 1920.0 | 0 0 1200 1920 | org.qtproject.example.spectrum/org.q[...]droid.bindings.QtActivity$_27753#656
05-22 09:49:57.649 1180 1180 D SurfaceFlinger: CLIENT | 0xb400007dac357800 | 0100 | RGBA_8888 | 0.0 0.0 1200.0 36.0 | 0 0 1200 36 | StatusBar$_2254#99
