05-22 09:49:46.220 3396 27447 I Fitness : (REDACTED) FitCleanupIntentOperation received Intent %s
05-22 09:49:46.222 841 841 E audit : type=1400 audit(1716360586.219:8921): avc: denied { ioctl } for pid=4127 comm="ar_help_history" path="/data/data/com.google.android.gms/databases/metrics.db.22" dev="dm-51" ino=11895 ioctlcmd=0xf522 scontext=u:r:gmscore_app:s0:c512,c768 tcontext=u:object_r:privapp_data_file:s0:c512,c768 tclass=file permissive=0 SEPF_SM-X210_12_0001 audit_filtered
05-22 09:49:46.230 27585 27585 D nativeloader: Configuring clns-shared-6 for other apk /system/framework/knoxsdk.jar. target_sdk_version=34, uses_libraries=ALL, library_path=/system/app/KeyChain/lib/arm64:/system/app/KeyChain/KeyChain.apk!/lib/arm64-v8a:/system/lib64:/system_ext/lib64, permitted_path=/data:/mnt/expand:/data/user/0/com.android.keychain:/system/app/KeyChain:/system/lib64:/system_ext/lib64
05-22 09:49:46.230 27585 27585 D nativeloader: Extending system_exposed_libraries: libface_landmark.arcsoft.so:libaudiomirroring_jni.audiomirroring.samsung.so:libBeauty_v4.camera.samsung.so:libexifa.camera.samsung.so:libjpega.camera.samsung.so:libOpenCv.camera.samsung.so:libImageScreener.camera.samsung.so:libFace_Landmark_API.camera.samsung.so:libHpr_RecGAE_cvFeature_v1.0.camera.samsung.so:libHprFace_GAE_api.camera.samsung.so:libHprFace_GAE_jni.camera.samsung.so:libObjectAndSceneClassification_2.5_OD.camera.samsung.so:libQREngine.camera.samsung.so:libInteractiveSegmentation.camera.samsung.so:libsmart_cropping.camera.samsung.so:libStride.camera.samsung.so:libStrideTensorflowLite.camera.samsung.so:libFacePreProcessing_jni.camera.samsung.so:libhumantracking_util.camera.samsung.so:libMyFilterPlugin.camera.samsung.so:libsecjpeginterface.camera.samsung.so:libsurfaceutil.camera.samsung.so:libsecimaging_pdk.camera.samsung.so:libsecimaging.camera.samsung.so:libsce_v1.crypto.samsung.so:lib_vnd_client.dk.samsung.so:lib_native_client.dk.samsung.so:lib_nativeJni.dk.s
05-22 09:49:46.230 1290 1703 D LauncherAppsService: Calling onPackageRemoved: org.qtproject.example.spectrum, EXTRA_REPLACING: true
05-22 09:49:46.230 1290 1948 D SEP_UNION_SemDeviceInfoManagerService: Package org.qtproject.example.spectrum is removed on User 0
05-22 09:49:46.232 27585 27585 D nativeloader: Configuring clns-shared-7 for other apk /system/framework/samsungkeystoreutils.jar. target_sdk_version=34, uses_libraries=ALL, library_path=/system/app/KeyChain/lib/arm64:/system/app/KeyChain/KeyChain.apk!/lib/arm64-v8a:/system/lib64:/system_ext/lib64, permitted_path=/data:/mnt/expand:/data/user/0/com.android.keychain:/system/app/KeyChain:/system/lib64:/system_ext/lib64
05-22 09:49:46.233 27585 27585 D nativeloader: Extending system_exposed_libraries: libface_landmark.arcsoft.so:libaudiomirroring_jni.audiomirroring.samsung.so:libBeauty_v4.camera.samsung.so:libexifa.camera.samsung.so:libjpega.camera.samsung.so:libOpenCv.camera.samsung.so:libImageScreener.camera.samsung.so:libFace_Landmark_API.camera.samsung.so:libHpr_RecGAE_cvFeature_v1.0.camera.samsung.so:libHprFace_GAE_api.camera.samsung.so:libHprFace_GAE_jni.camera.samsung.so:libObjectAndSceneClassification_2.5_OD.camera.samsung.so:libQREngine.camera.samsung.so:libInteractiveSegmentation.camera.samsung.so:libsmart_cropping.camera.samsung.so:libStride.camera.samsung.so:libStrideTensorflowLite.camera.samsung.so:libFacePreProcessing_jni.camera.samsung.so:libhumantracking_util.camera.samsung.so:libMyFilterPlugin.camera.samsung.so:libsecjpeginterface.camera.samsung.so:libsurfaceutil.camera.samsung.so:libsecimaging_pdk.camera.samsung.so:libsecimaging.camera.samsung.so:libsce_v1.crypto.samsung.so:lib_vnd_client.dk.samsung.so:lib_native_client.dk.samsung.so:lib_nativeJni.dk.s
05-22 09:49:46.234 1290 1919 D OverlayManager: reconcileSettingsForPackage pkgName=org.qtproject.example.spectrum userId=0
05-22 09:49:46.234 1290 1919 I OverlayManager: updateOverlaysForTarget() called with: targetPackage = [org.qtproject.example.spectrum], userId = [0], flags = [0]
05-22 09:49:46.237 27585 27585 D nativeloader: Configuring clns-shared-8 for other apk /system/app/KeyChain/KeyChain.apk. target_sdk_version=34, uses_libraries=, library_path=/system/app/KeyChain/lib/arm64:/system/app/KeyChain/KeyChain.apk!/lib/arm64-v8a:/system/lib64:/system_ext/lib64, permitted_path=/data:/mnt/expand:/data/user/0/com.android.keychain:/system/app/KeyChain:/system/lib64:/system_ext/lib64
05-22 09:49:46.241 841 841 E audit : type=1400 audit(1716360586.235:8922): avc: denied { ioctl } for pid=4127 comm="ar_help_history" path="/data/data/com.google.android.gms/databases/help_responses.db.26" dev="dm-51" ino=11901 ioctlcmd=0xf522 scontext=u:r:gmscore_app:s0:c512,c768 tcontext=u:object_r:privapp_data_file:s0:c512,c768 tclass=file permissive=0 SEPF_SM-X210_12_0001 audit_filtered
05-22 09:49:46.245 841 841 E audit : type=1400 audit(1716360586.239:8923): avc: denied { ioctl } for pid=4127 comm="ar_help_history" path="/data/data/com.google.android.gms/databases/search_query_history.db" dev="dm-51" ino=11909 ioctlcmd=0xf522 scontext=u:r:gmscore_app:s0:c512,c768 tcontext=u:object_r:privapp_data_file:s0:c512,c768 tclass=file permissive=0 SEPF_SM-X210_12_0001 audit_filtered
05-22 09:49:46.246 1290 2848 D VpnManagerService: Exception: java.lang.NullPointerException: Attempt to invoke interface method 'int com.samsung.android.knox.zt.networktrust.filter.IKnoxNetworkFilterService.getKnoxNwFilterHttpProxyPort(int, java.lang.String)' on a null object reference
05-22 09:49:46.246 1290 2848 D VpnManagerService: at com.android.server.VpnManagerService.getKnoxNwFilterHttpProxyPort(VpnManagerService.java:1911)
05-22 09:49:46.246 1290 2848 D VpnManagerService: at android.net.IVpnManager$Stub.onTransact(IVpnManager.java:1055)
05-22 09:49:46.246 1290 2848 D VpnManagerService: at android.os.Binder.execTransactInternal(Binder.java:1375)
05-22 09:49:46.246 1290 2848 D VpnManagerService: at android.os.Binder.execTransact(Binder.java:1311)
05-22 09:49:46.246 1290 2136 I AppWidgetServiceImpl: Received broadcast: android.intent.action.PACKAGE_ADDED, Updates all providers with org.qtproject.example.spectrum, userId: 0
05-22 09:49:46.247 1290 1674 I CDM_CompanionDeviceManagerService: onPackageModified() u0/org.qtproject.example.spectrum
05-22 09:49:46.247 1290 1988 W PackageConfigPersister: App-specific configuration not found for packageName: org.qtproject.example.spectrum and userId: 0
05-22 09:49:46.247 1290 2136 I AppWidgetServiceImpl: queryIntentReceivers intent : Intent { act=android.appwidget.action.APPWIDGET_UPDATE pkg=org.qtproject.example.spectrum } userid : 0 flags : 268436608 result : 0
05-22 09:49:46.247 1290 2196 I SdkSandboxManager: No SDKs used. Skipping SDK data reconcilation for CallingInfo{mUid=10253, mPackageName='org.qtproject.example.spectrum, mAppProcessToken='null'}
05-22 09:49:46.248 4127 27596 W SQLiteLog: (28) double-quoted string literal: "org.qtproject.example.spectrum"
05-22 09:49:46.249 2551 2551 D CarrierSvcBindHelper: onPackageUpdateFinished: org.qtproject.example.spectrum
05-22 09:49:46.250 1290 1290 D SGM:GameManager: identifyGamePackage. org.qtproject.example.spectrum, mCurrentUserId: 0, callerUserId: 0, callingMethodInfo: com.samsung.android.game.SemGameManager.isGamePackage(SemGameManager.java:109)
05-22 09:49:46.250 1290 1290 D SGM:PkgDataHelper: getGamePkgData(). org.qtproject.example.spectrum
05-22 09:49:46.250 1290 1290 D SGM:SemGameManager: isGamePackage(), pkgName=org.qtproject.example.spectrum, ret=false
05-22 09:49:46.250 1290 1290 D CompatibilityChangeReporter: Compat change id reported: 218533173; UID 10253; state: ENABLED
05-22 09:49:46.250 1290 1290 D CompatibilityChangeReporter: Compat change id reported: 171306433; UID 10253; state: ENABLED
05-22 09:49:46.250 1290 1290 W AlarmManager: Package org.qtproject.example.spectrum, uid 10253 lost permission to set exact alarms!
05-22 09:49:46.252 1290 1779 I PackageManager: result of install: 1{204545613}
05-22 09:49:46.253 1290 1779 D PackageInstallerSession: Marking session 325569979 as applied
05-22 09:49:46.255 27585 27585 V GraphicsEnvironment: Currently set values for:
05-22 09:49:46.255 27585 27585 V GraphicsEnvironment: angle_gl_driver_selection_pkgs=[]
05-22 09:49:46.255 27585 27585 V GraphicsEnvironment: angle_gl_driver_selection_values=[]
05-22 09:49:46.255 27585 27585 V GraphicsEnvironment: ANGLE GameManagerService for com.android.keychain: false
05-22 09:49:46.256 27585 27585 V GraphicsEnvironment: com.android.keychain is not listed in per-application setting
05-22 09:49:46.256 27585 27585 V GraphicsEnvironment: Neither updatable production driver nor prerelease driver is supported.
05-22 09:49:46.258 2551 2551 D CarrierSvcBindHelper: No carrier app for: 0
05-22 09:49:46.258 2551 2551 D CarrierSvcBindHelper: onPackageModified: org.qtproject.example.spectrum
05-22 09:49:46.258 2551 2551 D CarrierSvcBindHelper: No carrier app for: 0
05-22 09:49:46.259 1290 1948 D SEP_UNION_SemDeviceInfoManagerService: onReceive : android.intent.action.PACKAGE_ADDED, userId = 0
05-22 09:49:46.259 2551 8262 D SemCarrierFeature: [get] phoneId should be 0 or 1
05-22 09:49:46.259 2684 2684 V MediaPlayerList: mPackageChangedBroadcastReceiver: action: android.intent.action.PACKAGE_ADDED
05-22 09:49:46.259 2551 2551 I VvmPkgInstalledRcvr: onReceive(): android.intent.action.PACKAGE_ADDED
05-22 09:49:46.259 2551 2667 D ImsResolver: maybeAddedImsService, packageName: org.qtproject.example.spectrum
05-22 09:49:46.260 3034 3106 I PackageInfoManager_FLP: action : ACTION_PACKAGE_ADDED, packageName = org.qtproject.example.spectrum
05-22 09:49:46.260 25039 25039 I Finsky : [2] yiq.g(1): yiq - Received: android.intent.action.PACKAGE_REMOVED, [A-EiBcaCZFH8QfF-tjzokg58GFmnUPIc3ndH5EzOiNk]
05-22 09:49:46.260 1290 2196 I SdkSandboxManager: No SDKs used. Skipping SDK data reconcilation for CallingInfo{mUid=10253, mPackageName='org.qtproject.example.spectrum, mAppProcessToken='null'}
05-22 09:49:46.263 18655 21340 I PermissionControllerServiceImpl: Updating user sensitive for uid 10253
05-22 09:49:46.263 1290 1704 I ActivityManager: com.android.vending is exempt from freezer
05-22 09:49:46.263 1290 1704 D CompatibilityChangeReporter: Compat change id reported: 135634846; UID 10182; state: DISABLED
05-22 09:49:46.263 1290 1704 D CompatibilityChangeReporter: Compat change id reported: 177438394; UID 10182; state: DISABLED
05-22 09:49:46.263 1290 2184 D SGM:GameManager: identifyGamePackage. org.qtproject.example.spectrum, mCurrentUserId: 0, callerUserId: 0, callingMethodInfo: com.samsung.android.game.SemGameManager.isGamePackage(SemGameManager.java:109)
05-22 09:49:46.263 1290 2184 D SGM:PkgDataHelper: getGamePkgData(). org.qtproject.example.spectrum
05-22 09:49:46.264 1290 2184 D SGM:SemGameManager: isGamePackage(), pkgName=org.qtproject.example.spectrum, ret=false
05-22 09:49:46.264 1290 1704 D CompatibilityChangeReporter: Compat change id reported: 135772972; UID 10182; state: DISABLED
05-22 09:49:46.264 1290 1704 D CompatibilityChangeReporter: Compat change id reported: 135754954; UID 10182; state: ENABLED
05-22 09:49:46.264 1290 1705 D CompatibilityChangeReporter: Compat change id reported: 143937733; UID 10182; state: ENABLED
05-22 09:49:46.265 18655 18655 I SafetyLabelChangedBroadcastReceiver: received broadcast packageName: org.qtproject.example.spectrum, current user: UserHandle{0}, packageChangeEvent: UPDATE, intent user: UserHandle{0}
05-22 09:49:46.266 1290 3718 I ActivityManager: Flag disabled. Ignoring finishAttachApplication from uid: 1000. pid: 27570
05-22 09:49:46.267 2551 2551 I VvmPkgInstalledRcvr: packageName: org.qtproject.example.spectrum, systemDialer: com.samsung.android.dialer
05-22 09:49:46.267 841 841 E audit : type=1400 audit(1716360586.263:8924): avc: denied { getopt } for pid=1290 comm="binder:1290_A" scontext=u:r:system_server:s0 tcontext=u:r:shell:s0 tclass=unix_stream_socket permissive=0 SEPF_SM-X210_12_0001 audit_filtered
05-22 09:49:46.267 841 841 E audit : type=1400 audit(1716360586.263:8925): avc: denied { getopt } for pid=1290 comm="binder:1290_A" scontext=u:r:system_server:s0 tcontext=u:r:shell:s0 tclass=unix_stream_socket permissive=0 SEPF_SM-X210_12_0001 audit_filtered
05-22 09:49:46.269 1290 3496 I Telecom:SamsungTelecomServiceImpl: getCallCapablePhoneAccounts - includeDisabledAccounts : false / callingPackage : com.android.phone / callingUser : UserHandle{0} / hasCrossUserAccess : true
05-22 09:49:46.269 2507 14543 I HoneySpace.InstallSessionSourceImpl: onFinished 325569979, true
05-22 09:49:46.271 2551 2551 I VvmPkgInstalledRcvr: capablePhoneAccounts : [ComponentInfo{com.android.phone/com.android.services.telephony.TelephonyConnectionService}, E, UserHandle{0}]
05-22 09:49:46.271 2551 2551 I VvmPkgInstalledRcvr: capablePhoneAccounts.size : 1
05-22 09:49:46.272 2551 8262 D SemCarrierFeature: [get] phoneId should be 0 or 1
05-22 09:49:46.272 1290 3901 I Telecom:SamsungTelecomServiceImpl: getCallCapablePhoneAccounts - includeDisabledAccounts : false / callingPackage : com.android.phone / callingUser : UserHandle{0} / hasCrossUserAccess : true
05-22 09:49:46.274 1290 3496 I ActivityManager: Flag disabled. Ignoring finishAttachApplication from uid: 1000. pid: 27585
05-22 09:49:46.274 1290 1290 I Telecom:SamsungOpenCommunicationPlatformPolicyPackageBroadcastReceiver: action : android.intent.action.PACKAGE_ADDED / packageName : org.qtproject.example.spectrum
05-22 09:49:46.274 1290 3179 I Telecom:SamsungOpenCommunicationPlatformPolicyPackageHandler: handleMessage : 0
05-22 09:49:46.276 2551 2551 I VvmPkgInstalledRcvr: phoneAccountHandle : ComponentInfo{com.android.phone/com.android.services.telephony.TelephonyConnectionService}, E, UserHandle{0}
05-22 09:49:46.276 2551 2551 I VvmPkgInstalledRcvr: pinnedTelephonyManager : null
05-22 09:49:46.276 2551 2551 E VvmPkgInstalledRcvr: cannot create TelephonyManager from ComponentInfo{com.android.phone/com.android.services.telephony.TelephonyConnectionService}, E, UserHandle{0}
05-22 09:49:46.276 1290 1965 I InputReader: Reconfiguring input devices, changes=KEYBOARD_LAYOUTS
05-22 09:49:46.276 2254 2365 D PluginActionManager: queryPkg org.qtproject.example.spectrum com.android.systemui.action.PLUGIN_GLOBAL_ACTIONS
05-22 09:49:46.277 1290 1919 D OverlayManager: reconcileSettingsForPackage pkgName=com.samsung.android.sm.devicesecurity userId=0
05-22 09:49:46.277 1290 1919 I OverlayManager: updateOverlaysForTarget() called with: targetPackage = [com.samsung.android.sm.devicesecurity], userId = [0], flags = [8]
05-22 09:49:46.278 2254 2365 D PluginActionManager: Found 0 plugins
05-22 09:49:46.278 2254 2365 D PluginActionManager: queryPkg org.qtproject.example.spectrum com.samsung.systemui.action.PLUGIN_FACE_WIDGET
05-22 09:49:46.278 2254 2365 D PluginActionManager: Too many of com.samsung.systemui.action.PLUGIN_FACE_WIDGET
05-22 09:49:46.278 2254 2365 D PluginActionManager: queryPkg org.qtproject.example.spectrum com.android.systemui.action.PLUGIN_NOTIFICATION_MENU_ROW
05-22 09:49:46.278 2254 2365 D PluginActionManager: Found 0 plugins
05-22 09:49:46.278 2254 2365 D PluginActionManager: queryPkg org.qtproject.example.spectrum com.android.systemui.action.PLUGIN_NOTIFICATION_ASSISTANT
05-22 09:49:46.279 2254 2365 D PluginActionManager: Found 0 plugins
05-22 09:49:46.279 2254 2365 D PluginActionManager: queryPkg org.qtproject.example.spectrum com.android.systemui.action.PLUGIN_TOAST
05-22 09:49:46.279 2254 2365 D PluginActionManager: Found 0 plugins
05-22 09:49:46.279 2254 2365 D PluginActionManager: queryPkg org.qtproject.example.spectrum com.android.systemui.action.PLUGIN_NOTIFICATION_MENU_ROW
05-22 09:49:46.280 2254 2365 D PluginActionManager: Found 0 plugins
05-22 09:49:46.280 2254 2365 D PluginActionManager: queryPkg org.qtproject.example.spectrum com.android.systemui.action.PLUGIN_NOTIFICATION_MENU_ROW
05-22 09:49:46.280 2254 2365 D PluginActionManager: Found 0 plugins
05-22 09:49:46.280 1290 2184 D SemWifiPackageInfo: isSkipCategory - skip:NONE
05-22 09:49:46.280 2254 2365 D PluginActionManager: queryPkg org.qtproject.example.spectrum com.android.systemui.action.PLUGIN_QS
05-22 09:49:46.280 2254 2254 D ControlsListingControllerImpl: ServiceConfig reloaded, count: 0
05-22 09:49:46.280 2254 2365 D PluginActionManager: Found 0 plugins
05-22 09:49:46.281 2254 2365 D PluginActionManager: queryPkg org.qtproject.example.spectrum com.android.systemui.action.PLUGIN_CLOCK_PROVIDER
05-22 09:49:46.281 2254 2365 D PluginActionManager: Found 0 plugins
05-22 09:49:46.281 2254 2365 D PluginActionManager: queryPkg org.qtproject.example.spectrum com.android.systemui.action.PEOPLE_HUB_PERSON_EXTRACTOR
05-22 09:49:46.281 2254 2254 D ControlsListingControllerImpl: ServiceConfig reloaded, count: 0
05-22 09:49:46.281 2254 2365 D PluginActionManager: Found 0 plugins
05-22 09:49:46.281 2254 2365 D PluginActionManager: queryPkg org.qtproject.example.spectrum com.android.systemui.action.PLUGIN_VOLUME
05-22 09:49:46.282 2254 2365 D PluginActionManager: Found 0 plugins
05-22 09:49:46.282 2254 2365 D PluginActionManager: queryPkg org.qtproject.example.spectrum com.android.systemui.action.PLUGIN_QS_FACTORY
05-22 09:49:46.283 2254 2342 D BluetoothEventManager: AppPackageChangedHandler: action = android.intent.action.PACKAGE_ADDED
05-22 09:49:46.283 2254 2365 D PluginActionManager: Found 0 plugins
05-22 09:49:46.283 2254 2342 D BluetoothEventManager: AppPackageChangedHandler: package name = org.qtproject.example.spectrum
05-22 09:49:46.283 2254 2365 D PluginActionManager: queryPkg org.qtproject.example.spectrum com.android.systemui.action.PLUGIN_OVERLAY
05-22 09:49:46.283 2254 2365 D PluginActionManager: Found 0 plugins
05-22 09:49:46.283 2254 2365 D PluginActionManager: queryPkg org.qtproject.example.spectrum com.android.systemui.action.PLUGIN_SENSOR_MANAGER
05-22 09:49:46.284 2254 2365 D PluginActionManager: Found 0 plugins
05-22 09:49:46.284 2254 2365 D PluginActionManager: queryPkg org.qtproject.example.spectrum com.android.systemui.action.PLUGIN_GLOBAL_ACTIONS
05-22 09:49:46.284 2254 2365 D PluginActionManager: Found 0 plugins
05-22 09:49:46.284 2254 2365 D PluginActionManager: queryPkg org.qtproject.example.spectrum com.samsung.systemui.action.PLUGIN_FACE_WIDGET
05-22 09:49:46.284 2254 2365 D PluginActionManager: Too many of com.samsung.systemui.action.PLUGIN_FACE_WIDGET
05-22 09:49:46.284 2254 2365 D PluginActionManager: queryPkg org.qtproject.example.spectrum com.android.systemui.action.PLUGIN_NOTIFICATION_MENU_ROW
05-22 09:49:46.284 873 873 D Zygote : Forked child process 27621
05-22 09:49:46.284 2254 2365 D PluginActionManager: Found 0 plugins
05-22 09:49:46.284 2254 2365 D PluginActionManager: queryPkg org.qtproject.example.spectrum com.android.systemui.action.PLUGIN_NOTIFICATION_ASSISTANT
05-22 09:49:46.284 2254 2365 D PluginActionManager: Found 0 plugins
05-22 09:49:46.284 2254 2365 D PluginActionManager: queryPkg org.qtproject.example.spectrum com.android.systemui.action.PLUGIN_TOAST
05-22 09:49:46.284 2254 2365 D PluginActionManager: Found 0 plugins
05-22 09:49:46.284 2254 2365 D PluginActionManager: queryPkg org.qtproject.example.spectrum com.android.systemui.action.PLUGIN_NOTIFICATION_MENU_ROW
05-22 09:49:46.285 2254 2365 D PluginActionManager: Found 0 plugins
05-22 09:49:46.285 2254 2365 D PluginActionManager: queryPkg org.qtproject.example.spectrum com.android.systemui.action.PLUGIN_NOTIFICATION_MENU_ROW
05-22 09:49:46.285 2254 2365 D PluginActionManager: Found 0 plugins
05-22 09:49:46.285 2254 2365 D PluginActionManager: queryPkg org.qtproject.example.spectrum com.android.systemui.action.PLUGIN_QS
05-22 09:49:46.285 2254 2365 D PluginActionManager: Found 0 plugins
05-22 09:49:46.285 2254 2365 D PluginActionManager: queryPkg org.qtproject.example.spectrum com.android.systemui.action.PLUGIN_CLOCK_PROVIDER
05-22 09:49:46.285 2254 2365 D PluginActionManager: Found 0 plugins
05-22 09:49:46.286 2254 2365 D PluginActionManager: queryPkg org.qtproject.example.spectrum com.android.systemui.action.PEOPLE_HUB_PERSON_EXTRACTOR
05-22 09:49:46.286 2254 2365 D PluginActionManager: Found 0 plugins
05-22 09:49:46.286 2254 2365 D PluginActionManager: queryPkg org.qtproject.example.spectrum com.android.systemui.action.PLUGIN_VOLUME
05-22 09:49:46.286 2254 2365 D PluginActionManager: Found 0 plugins
05-22 09:49:46.286 2254 2365 D PluginActionManager: queryPkg org.qtproject.example.spectrum com.android.systemui.action.PLUGIN_QS_FACTORY
05-22 09:49:46.286 2254 2365 D PluginActionManager: Found 0 plugins
05-22 09:49:46.286 2254 2365 D PluginActionManager: queryPkg org.qtproject.example.spectrum com.android.systemui.action.PLUGIN_OVERLAY
05-22 09:49:46.286 2254 2365 D PluginActionManager: Found 0 plugins
05-22 09:49:46.286 2254 2365 D PluginActionManager: queryPkg org.qtproject.example.spectrum com.android.systemui.action.PLUGIN_SENSOR_MANAGER
05-22 09:49:46.286 2254 2365 D PluginActionManager: Found 0 plugins
05-22 09:49:46.287 2254 2254 D SPluginManagerImpl: onReceive: android.intent.action.PACKAGE_ADDED, size:{com.android.systemui.slimindicator.SlimIndicatorPluginMediator@952263=SPluginInstanceManager@38464017 (action=com.samsung.systemui.action.SPLUGIN_SLIMINDICATOR), com.android.systemui.volume.VolumeStarInteractor$start$1@4ec2969=SPluginInstanceManager@123537270 (action=com.samsung.systemui.volume.PLUGIN), com.android.systemui.noticenter.NotiCenterPlugin$NotiCenterPluginListener@5c6849a=SPluginInstanceManager@103174519 (action=com.samsung.systemui.action.PLUGIN_NOTICENTER), com.android.systemui.lockstar.PluginLockStarManager@6c81870=SPluginInstanceManager@70066660 (action=com.samsung.systemui.action.PLUGIN_LOCK_STAR), com.samsung.android.systemui.multistar.MultiStarManager$2@8f71371=SPluginInstanceManager@31659597 (action=com.samsung.systemui.action.PLUGIN_MULTISTAR), com.android.systemui.navigationbar.plugin.PluginBarInteractionManager$pluginListener$1@a22dbb8=SPluginInstanceManager@185214210 (action=com.samsung.systemui.navigationbar.PLUGIN), com.android.systemui.pluginlock.PluginLockMediatorImpl@e4da9f3=SPluginInstanceManager@203722259 (action=com.samsung.systemui.action.PLUGIN_LOCK)}
05-22 09:49:46.287 2254 2254 D KeyguardUpdateMonitor: received broadcast android.intent.action.PACKAGE_ADDED
05-22 09:49:46.287 2254 2254 D SPluginManagerImpl: onReceive: android.intent.action.PACKAGE_REPLACED, size:{com.android.systemui.slimindicator.SlimIndicatorPluginMediator@952263=SPluginInstanceManager@38464017 (action=com.samsung.systemui.action.SPLUGIN_SLIMINDICATOR), com.android.systemui.volume.VolumeStarInteractor$start$1@4ec2969=SPluginInstanceManager@123537270 (action=com.samsung.systemui.volume.PLUGIN), com.android.systemui.noticenter.NotiCenterPlugin$NotiCenterPluginListener@5c6849a=SPluginInstanceManager@103174519 (action=com.samsung.systemui.action.PLUGIN_NOTICENTER), com.android.systemui.lockstar.PluginLockStarManager@6c81870=SPluginInstanceManager@70066660 (action=com.samsung.systemui.action.PLUGIN_LOCK_STAR), com.samsung.android.systemui.multistar.MultiStarManager$2@8f71371=SPluginInstanceManager@31659597 (action=com.samsung.systemui.action.PLUGIN_MULTISTAR), com.android.systemui.navigationbar.plugin.PluginBarInteractionManager$pluginListener$1@a22dbb8=SPluginInstanceManager@185214210 (action=com.samsung.systemui.navigationbar.PLUGIN), com.android.systemui.pluginlock.PluginLockMediatorImpl@e4da9f3=SPluginInstanceManager@203722259 (action=com.samsung.systemui.action.PLUGIN_LOCK)}
05-22 09:49:46.288 2254 2254 D FaceWidgetMetadataParser: updatePackage() org.qtproject.example.spectrum true
05-22 09:49:46.288 1290 3179 I Telecom:SamsungAllowedPhoneAccountFilterManager: filterSalesCode - option : EXCLUDE / allowedPhoneAccount : SamsungJsonPhoneAccount { RawData : {"package_name":"com.google.android.apps.tachyon","component_name":"","sales_code_option":"exclude","sales_codes":["CDR","UFN","UFU","SAM","CHC","TCE","GCF"],"model_names":[],"orders":{"default":200,"SKC":900,"KTC":900,"LUC":900}} / PackageName : com.google.android.apps.tachyon / ComponentName : / SalesCodeOption : exclude / SalesCodes : [CDR, UFN, UFU, SAM, CHC, TCE, GCF] / ModelNameOption : null / ModelNames : [] / Orders : {default=200, SKC=900, KTC=900, LUC=900} / Order : 200
05-22 09:49:46.289 2254 2254 W FaceWidgetMetadataParser: updatePackage() there is no metadata
05-22 09:49:46.289 2254 2254 D FaceWidgetMetadataParser: removePackage() key = org.qtproject.example.spectrum
05-22 09:49:46.289 1290 1290 V BackupManagerConstants: getFullBackupIntervalMilliseconds(...) returns 86400000
05-22 09:49:46.289 1290 1290 V BackupManagerConstants: getFullBackupRequiredNetworkType(...) returns 2
05-22 09:49:46.289 1290 1290 V BackupManagerConstants: getFullBackupRequireCharging(...) returns true
05-22 09:49:46.289 1290 3179 I Telecom:SamsungAllowedPhoneAccountFilterManager: filterModelName - option : ALL / allowedPhoneAccount : SamsungJsonPhoneAccount { RawData : {"package_name":"com.google.android.apps.tachyon","component_name":"","sales_code_option":"exclude","sales_codes":["CDR","UFN","UFU","SAM","CHC","TCE","GCF"],"model_names":[],"orders":{"default":200,"SKC":900,"KTC":900,"LUC":900}} / PackageName : com.google.android.apps.tachyon / ComponentName : / SalesCodeOption : exclude / SalesCodes : [CDR, UFN, UFU, SAM, CHC, TCE, GCF] / ModelNameOption : null / ModelNames : [] / Orders : {default=200, SKC=900, KTC=900, LUC=900} / Order : 200
05-22 09:49:46.289 1290 3179 I Telecom:SamsungAllowedPhoneAccountFilterManager: filterSalesCode - option : INCLUDE / allowedPhoneAccount : SamsungJsonPhoneAccount { RawData : {"package_name":"com.skt.prod.together","component_name":"","sales_code_option":"include","sales_codes":["SKC","KOO"],"model_names":[],"orders":{"SKC":100}} / PackageName : com.skt.prod.together / ComponentName : / SalesCodeOption : include / SalesCodes : [SKC, KOO] / ModelNameOption : null / ModelNames : [] / Orders : {SKC=100} / Order : 1000
05-22 09:49:46.290 1290 1290 D CompatibilityChangeReporter: Compat change id reported: 271850009; UID 1000; state: ENABLED
05-22 09:49:46.290 1290 1290 D CompatibilityChangeReporter: Compat change id reported: 271850009; UID 1000; state: DISABLED
05-22 09:49:46.291 1290 1965 I InputReader: Reconfiguring input devices, changes=KEYBOARD_LAYOUTS
05-22 09:49:46.291 1290 1675 I Pointer : Device Changed: Input Device 4: qpnp_pon
05-22 09:49:46.291 1290 1675 I Pointer : Descriptor: fb60d4f4370f5dbe8267b63d38dea852987571ab
05-22 09:49:46.291 1290 1675 I Pointer : Generation: 329
05-22 09:49:46.291 1290 1675 I Pointer : Location: built-in
05-22 09:49:46.291 1290 1675 I Pointer : Keyboard Type: non-alphabetic
05-22 09:49:46.291 1290 1675 I Pointer : Has Vibrator: false
05-22 09:49:46.291 1290 1675 I Pointer : Has Sensor: false
05-22 09:49:46.291 1290 1675 I Pointer : Has battery: false
05-22 09:49:46.291 1290 1675 I Pointer : Has mic: false
05-22 09:49:46.291 1290 1675 I Pointer : USI Version: null
05-22 09:49:46.291 1290 1675 I Pointer : Sources: 0x101 ( keyboard )
05-22 09:49:46.291 1290 1675 I Pointer : Device Changed: Input Device 2: chipone-tddi
05-22 09:49:46.291 1290 1675 I Pointer : Descriptor: 93e5de292b7fd3af75f1bfb74d1723edcbc2ebee
05-22 09:49:46.291 1290 1675 I Pointer : Generation: 328
05-22 09:49:46.291 1290 1675 I Pointer : Location: built-in
05-22 09:49:46.291 1290 1675 I Pointer : Keyboard Type: non-alphabetic
05-22 09:49:46.291 1290 1675 I Pointer : Has Vibrator: false
05-22 09:49:46.291 1290 1675 I Pointer : Has Sensor: false
05-22 09:49:46.291 1290 1675 I Pointer : Has battery: false
05-22 09:49:46.291 1290 1675 I Pointer : Has mic: false
05-22 09:49:46.291 1290 1675 I Pointer : USI Version: null
05-22 09:49:46.291 1290 1675 I Pointer : Sources: 0x1103 ( keyboard touchscreen )
05-22 09:49:46.291 1290 1675 I Pointer : AXIS_X: source=0x1002 min=0.0 max=1919.0 flat=0.0 fuzz=0.0 resolution=0.0
05-22 09:49:46.291 1290 1675 I Pointer : AXIS_Y: source=0x1002 min=0.0 max=1199.0 flat=0.0 fuzz=0.0 resolution=0.0
05-22 09:49:46.291 1290 1675 I Pointer : AXIS_PRESSURE: source=0x1002 min=0.0 max=1.0 flat=0.0 fuzz=0.0 resolution=0.0
05-22 09:49:46.291 1290 1675 I Pointer : AXIS_SIZE: source=0x1002 min=0.0 max=1.0 flat=0.0 fuzz=0.0 resolution=0.0
05-22 09:49:46.291 1290 1675 I Pointer : AXIS_TOUCH_MAJOR: source=0x1002 min=0.0 max=2264.1555 flat=0.0 fuzz=0.0 resolution=0.0
05-22 09:49:46.291 1290 1675 I Pointer : AXIS_TOUCH_MINOR: source=0x1002 min=0.0 max=2264.1555 flat=0.0 fuzz=0.0 resolution=0.0
05-22 09:49:46.291 1290 1675 I Pointer : AXIS_TOOL_MAJOR: source=0x1002 min=0.0 max=2264.1555 flat=0.0 fuzz=0.0 resolution=0.0
05-22 09:49:46.291 1290 1675 I Pointer : AXIS_TOOL_MINOR: source=0x1002 min=0.0 max=2264.1555 flat=0.0 fuzz=0.0 resolution=0.0
05-22 09:49:46.291 1290 1675 I Pointer : Device Changed: Input Device 6: holi-qrdsku1-snd-card Button Jack
05-22 09:49:46.291 1290 1675 I Pointer : Descriptor: 75b43ea78eea900cb4006a6c5642bfc652b8f755
05-22 09:49:46.291 1290 1675 I Pointer : Generation: 326
05-22 09:49:46.291 1290 1675 I Pointer : Location: built-in
05-22 09:49:46.291 1290 1675 I Pointer : Keyboard Type: non-alphabetic
05-22 09:49:46.291 1290 1675 I Pointer : Has Vibrator: false
05-22 09:49:46.291 1290 1675 I Pointer : Has Sensor: false
05-22 09:49:46.291 1290 1675 I Pointer : Has battery: false
05-22 09:49:46.291 1290 1675 I Pointer : Has mic: false
05-22 09:49:46.291 1290 1675 I Pointer : USI Version: null
05-22 09:49:46.291 1290 1675 I Pointer : Sources: 0x101 ( keyboard )
05-22 09:49:46.291 1290 1675 I Pointer : Device Changed: Input Device 3: gpio-keys
05-22 09:49:46.291 1290 1675 I Pointer : Descriptor: 485d69228e24f5e46da1598745890b214130dbc4
05-22 09:49:46.291 1290 1675 I Pointer : Generation: 327
05-22 09:49:46.291 1290 1675 I Pointer : Location: built-in
05-22 09:49:46.291 1290 1675 I Pointer : Keyboard Type: non-alphabetic
05-22 09:49:46.291 1290 1675 I Pointer : Has Vibrator: false
05-22 09:49:46.291 1290 1675 I Pointer : Has Sensor: false
05-22 09:49:46.291 1290 1675 I Pointer : Has battery: false
05-22 09:49:46.291 1290 1675 I Pointer : Has mic: false
05-22 09:49:46.291 1290 1675 I Pointer : USI Version: null
05-22 09:49:46.291 1290 1675 I Pointer : Sources: 0x101 ( keyboard )
05-22 09:49:46.293 1290 2136 I AppWidgetServiceImpl: Received broadcast: android.intent.action.PACKAGE_CHANGED, Updates all providers with com.samsung.android.sm.devicesecurity, userId: 0
05-22 09:49:46.294 1290 2136 I AppWidgetServiceImpl: queryIntentReceivers intent : Intent { act=android.appwidget.action.APPWIDGET_UPDATE pkg=com.samsung.android.sm.devicesecurity } userid : 0 flags : 268436608 result : 0
05-22 09:49:46.294 1290 1675 I Pointer : Device Changed: Input Device 4: qpnp_pon
05-22 09:49:46.294 1290 1675 I Pointer : Descriptor: fb60d4f4370f5dbe8267b63d38dea852987571ab
05-22 09:49:46.294 1290 1675 I Pointer : Generation: 333
05-22 09:49:46.294 1290 1675 I Pointer : Location: built-in
05-22 09:49:46.294 1290 1675 I Pointer : Keyboard Type: non-alphabetic
05-22 09:49:46.294 1290 1675 I Pointer : Has Vibrator: false
05-22 09:49:46.294 1290 1675 I Pointer : Has Sensor: false
05-22 09:49:46.294 1290 1675 I Pointer : Has battery: false
05-22 09:49:46.294 1290 1675 I Pointer : Has mic: false
05-22 09:49:46.294 1290 1675 I Pointer : USI Version: null
05-22 09:49:46.294 1290 1675 I Pointer : Sources: 0x101 ( keyboard )
05-22 09:49:46.294 1290 1675 I Pointer : Device Changed: Input Device 2: chipone-tddi
05-22 09:49:46.294 1290 1675 I Pointer : Descriptor: 93e5de292b7fd3af75f1bfb74d1723edcbc2ebee
05-22 09:49:46.294 1290 1675 I Pointer : Generation: 332
05-22 09:49:46.294 1290 1675 I Pointer : Location: built-in
05-22 09:49:46.294 1290 1675 I Pointer : Keyboard Type: non-alphabetic
05-22 09:49:46.294 1290 1675 I Pointer : Has Vibrator: false
05-22 09:49:46.294 1290 1675 I Pointer : Has Sensor: false
05-22 09:49:46.294 1290 1675 I Pointer : Has battery: false
05-22 09:49:46.294 1290 1675 I Pointer : Has mic: false
05-22 09:49:46.294 1290 1675 I Pointer : USI Version: null
05-22 09:49:46.294 1290 1675 I Pointer : Sources: 0x1103 ( keyboard touchscreen )
05-22 09:49:46.294 1290 1675 I Pointer : AXIS_X: source=0x1002 min=0.0 max=1919.0 flat=0.0 fuzz=0.0 resolution=0.0
05-22 09:49:46.294 1290 1675 I Pointer : AXIS_Y: source=0x1002 min=0.0 max=1199.0 flat=0.0 fuzz=0.0 resolution=0.0
05-22 09:49:46.294 1290 1675 I Pointer : AXIS_PRESSURE: source=0x1002 min=0.0 max=1.0 flat=0.0 fuzz=0.0 resolution=0.0
05-22 09:49:46.294 1290 1675 I Pointer : AXIS_SIZE: source=0x1002 min=0.0 max=1.0 flat=0.0 fuzz=0.0 resolution=0.0
05-22 09:49:46.294 1290 1675 I Pointer : AXIS_TOUCH_MAJOR: source=0x1002 min=0.0 max=2264.1555 flat=0.0 fuzz=0.0 resolution=0.0
05-22 09:49:46.294 1290 1675 I Pointer : AXIS_TOUCH_MINOR: source=0x1002 min=0.0 max=2264.1555 flat=0.0 fuzz=0.0 resolution=0.0
05-22 09:49:46.294 1290 1675 I Pointer : AXIS_TOOL_MAJOR: source=0x1002 min=0.0 max=2264.1555 flat=0.0 fuzz=0.0 resolution=0.0
05-22 09:49:46.294 1290 1675 I Pointer : AXIS_TOOL_MINOR: source=0x1002 min=0.0 max=2264.1555 flat=0.0 fuzz=0.0 resolution=0.0
05-22 09:49:46.294 1290 1675 I Pointer : Device Changed: Input Device 6: holi-qrdsku1-snd-card Button Jack
05-22 09:49:46.294 1290 1675 I Pointer : Descriptor: 75b43ea78eea900cb4006a6c5642bfc652b8f755
05-22 09:49:46.294 1290 1675 I Pointer : Generation: 330
05-22 09:49:46.294 1290 1675 I Pointer : Location: built-in
05-22 09:49:46.294 1290 1675 I Pointer : Keyboard Type: non-alphabetic
05-22 09:49:46.294 1290 1675 I Pointer : Has Vibrator: false
05-22 09:49:46.294 1290 1675 I Pointer : Has Sensor: false
05-22 09:49:46.294 1290 1675 I Pointer : Has battery: false
05-22 09:49:46.294 1290 1675 I Pointer : Has mic: false
05-22 09:49:46.294 1290 1675 I Pointer : USI Version: null
05-22 09:49:46.294 1290 1675 I Pointer : Sources: 0x101 ( keyboard )
05-22 09:49:46.294 1290 1675 I Pointer : Device Changed: Input Device 3: gpio-keys
05-22 09:49:46.294 1290 1675 I Pointer : Descriptor: 485d69228e24f5e46da1598745890b214130dbc4
05-22 09:49:46.294 1290 1675 I Pointer : Generation: 331
05-22 09:49:46.294 1290 1675 I Pointer : Location: built-in
05-22 09:49:46.294 1290 1675 I Pointer : Keyboard Type: non-alphabetic
05-22 09:49:46.294 1290 1675 I Pointer : Has Vibrator: false
05-22 09:49:46.294 1290 1675 I Pointer : Has Sensor: false
05-22 09:49:46.294 1290 1675 I Pointer : Has battery: false
05-22 09:49:46.294 1290 1675 I Pointer : Has mic: false
05-22 09:49:46.294 1290 1675 I Pointer : USI Version: null
05-22 09:49:46.294 1290 1675 I Pointer : Sources: 0x101 ( keyboard )
05-22 09:49:46.294 1290 1674 I CDM_CompanionDeviceManagerService: onPackageModified() u0/com.samsung.android.sm.devicesecurity
05-22 09:49:46.295 25039 27618 I Finsky : [159] otx.accept(92): Wrote row to frosting DB: 1488
05-22 09:49:46.295 24024 24024 I HBD : c currentConnectionState : false
05-22 09:49:46.297 24024 24024 I HBD : c currentConnectionState : false
05-22 09:49:46.297 24024 24024 I HBD : c currentConnectionState : false
05-22 09:49:46.297 24024 24024 I HBD : c currentConnectionState : false
05-22 09:49:46.298 24024 24024 I HBD : c currentConnectionState : false
05-22 09:49:46.298 24024 24024 I HBD : c currentConnectionState : false
05-22 09:49:46.298 24024 24024 I HBD : c currentConnectionState : false
05-22 09:49:46.298 1290 1965 I InputReader: Reconfiguring input devices, changes=KEYBOARD_LAYOUTS
05-22 09:49:46.299 1290 1705 I ActivityManager: Start proc 27621:com.android.vending:background/u0a182 for broadcast {com.android.vending/com.google.android.finsky.packagemonitor.backgroundimpl.BackgroundPackageMonitorReceiverImpl$RegisteredReceiver}
05-22 09:49:46.299 25039 25039 I Finsky : [2] svk.lu(64): IQ: onPackageRemoved org.qtproject.example.spectrum, replacing=true, uninstallingFromPlay=false
05-22 09:49:46.300 1290 1290 D CompatibilityChangeReporter: Compat change id reported: 253665015; UID 1000; state: ENABLED
05-22 09:49:46.300 1290 1290 D CompatibilityChangeReporter: Compat change id reported: 253665015; UID 1000; state: DISABLED
05-22 09:49:46.300 1290 1948 D ActivityManager: Received BROADCAST intent 0xd3368a2 Key{broadcastIntent pkg=com.sec.android.diagmonagent intent=act=com.sec.android.diagmonagent.intent.PACKAGE_ADDED pkg=com.sec.android.diagmonagent cmp=com.sec.android.diagmonagent/.sa.datalogging.monitor.AppInstallationMonitor$AppInstallationBroadcastReceiver flags=0x2000000 u=0} requestCode=0 sent=0 from uid 1000
05-22 09:49:46.300 1290 1948 D SEP_UNION_SemDeviceInfoManagerService: Send intent com.sec.android.diagmonagent.intent.PACKAGE_ADDED, userId: 0 by broadcast
05-22 09:49:46.301 1290 1675 I Pointer : Device Changed: Input Device 4: qpnp_pon
05-22 09:49:46.301 1290 1675 I Pointer : Descriptor: fb60d4f4370f5dbe8267b63d38dea852987571ab
05-22 09:49:46.301 1290 1675 I Pointer : Generation: 337
05-22 09:49:46.301 1290 1675 I Pointer : Location: built-in
05-22 09:49:46.301 1290 1675 I Pointer : Keyboard Type: non-alphabetic
05-22 09:49:46.301 1290 1675 I Pointer : Has Vibrator: false
05-22 09:49:46.301 1290 1675 I Pointer : Has Sensor: false
05-22 09:49:46.301 1290 1675 I Pointer : Has battery: false
05-22 09:49:46.301 1290 1675 I Pointer : Has mic: false
05-22 09:49:46.301 1290 1675 I Pointer : USI Version: null
05-22 09:49:46.301 1290 1675 I Pointer : Sources: 0x101 ( keyboard )
05-22 09:49:46.301 1290 1675 I Pointer : Device Changed: Input Device 2: chipone-tddi
05-22 09:49:46.301 1290 1675 I Pointer : Descriptor: 93e5de292b7fd3af75f1bfb74d1723edcbc2ebee
05-22 09:49:46.301 1290 1675 I Pointer : Generation: 336
05-22 09:49:46.301 1290 1675 I Pointer : Location: built-in
05-22 09:49:46.301 1290 1675 I Pointer : Keyboard Type: non-alphabetic
05-22 09:49:46.301 1290 1675 I Pointer : Has Vibrator: false
05-22 09:49:46.301 1290 1675 I Pointer : Has Sensor: false
05-22 09:49:46.301 1290 1675 I Pointer : Has battery: false
05-22 09:49:46.301 1290 1675 I Pointer : Has mic: false
05-22 09:49:46.301 1290 1675 I Pointer : USI Version: null
05-22 09:49:46.301 1290 1675 I Pointer : Sources: 0x1103 ( keyboard touchscreen )
05-22 09:49:46.301 1290 1675 I Pointer : AXIS_X: source=0x1002 min=0.0 max=1919.0 flat=0.0 fuzz=0.0 resolution=0.0
05-22 09:49:46.301 1290 1675 I Pointer : AXIS_Y: source=0x1002 min=0.0 max=1199.0 flat=0.0 fuzz=0.0 resolution=0.0
05-22 09:49:46.301 1290 1675 I Pointer : AXIS_PRESSURE: source=0x1002 min=0.0 max=1.0 flat=0.0 fuzz=0.0 resolution=0.0
05-22 09:49:46.301 1290 1675 I Pointer : AXIS_SIZE: source=0x1002 min=0.0 max=1.0 flat=0.0 fuzz=0.0 resolution=0.0
05-22 09:49:46.301 1290 1675 I Pointer : AXIS_TOUCH_MAJOR: source=0x1002 min=0.0 max=2264.1555 flat=0.0 fuzz=0.0 resolution=0.0
05-22 09:49:46.301 1290 1675 I Pointer : AXIS_TOUCH_MINOR: source=0x1002 min=0.0 max=2264.1555 flat=0.0 fuzz=0.0 resolution=0.0
05-22 09:49:46.301 1290 1675 I Pointer : AXIS_TOOL_MAJOR: source=0x1002 min=0.0 max=2264.1555 flat=0.0 fuzz=0.0 resolution=0.0
05-22 09:49:46.301 1290 1675 I Pointer : AXIS_TOOL_MINOR: source=0x1002 min=0.0 max=2264.1555 flat=0.0 fuzz=0.0 resolution=0.0
05-22 09:49:46.301 1290 1675 I Pointer : Device Changed: Input Device 6: holi-qrdsku1-snd-card Button Jack
05-22 09:49:46.301 1290 1675 I Pointer : Descriptor: 75b43ea78eea900cb4006a6c5642bfc652b8f755
05-22 09:49:46.301 1290 1675 I Pointer : Generation: 334
05-22 09:49:46.301 1290 1675 I Pointer : Location: built-in
05-22 09:49:46.301 1290 1675 I Pointer : Keyboard Type: non-alphabetic
05-22 09:49:46.301 1290 1675 I Pointer : Has Vibrator: false
05-22 09:49:46.301 1290 1675 I Pointer : Has Sensor: false
05-22 09:49:46.301 1290 1675 I Pointer : Has battery: false
05-22 09:49:46.301 1290 1675 I Pointer : Has mic: false
05-22 09:49:46.301 1290 1675 I Pointer : USI Version: null
05-22 09:49:46.301 1290 1675 I Pointer : Sources: 0x101 ( keyboard )
05-22 09:49:46.301 1290 1675 I Pointer : Device Changed: Input Device 3: gpio-keys
05-22 09:49:46.301 1290 1675 I Pointer : Descriptor: 485d69228e24f5e46da1598745890b214130dbc4
05-22 09:49:46.301 1290 1675 I Pointer : Generation: 335
05-22 09:49:46.301 1290 1675 I Pointer : Location: built-in
05-22 09:49:46.301 1290 1675 I Pointer : Keyboard Type: non-alphabetic
05-22 09:49:46.301 1290 1675 I Pointer : Has Vibrator: false
05-22 09:49:46.301 1290 1675 I Pointer : Has Sensor: false
05-22 09:49:46.301 1290 1675 I Pointer : Has battery: false
05-22 09:49:46.301 1290 1675 I Pointer : Has mic: false
05-22 09:49:46.301 1290 1675 I Pointer : USI Version: null
05-22 09:49:46.301 1290 1675 I Pointer : Sources: 0x101 ( keyboard )
05-22 09:49:46.301 2551 2551 D CarrierSvcBindHelper: onPackageModified: com.samsung.android.sm.devicesecurity
05-22 09:49:46.301 1290 1948 D ActivityManager: Received BROADCAST intent 0x8111933 Key{broadcastIntent pkg=com.android.systemui intent=act=com.samsung.android.app.edgelighting.PACKAGE_ADDED cmp=com.android.systemui/.edgelighting.EdgeLightingReceiver$1 flags=0x2000000 u=0} requestCode=0 sent=0 from uid 1000
05-22 09:49:46.301 2551 2551 D CarrierSvcBindHelper: No carrier app for: 0
05-22 09:49:46.301 1290 1948 D SEP_UNION_SemDeviceInfoManagerService: Send intent com.samsung.android.app.edgelighting.PACKAGE_ADDED, userId: 0 by broadcast
05-22 09:49:46.302 2551 8262 D SemCarrierFeature: [get] phoneId should be 0 or 1
05-22 09:49:46.304 1290 1290 D CompatibilityChangeReporter: Compat change id reported: 194532703; UID 1000; state: ENABLED
05-22 09:49:46.305 24024 24024 I HBD : c currentConnectionState : false
05-22 09:49:46.305 24024 24024 I HBD : c currentConnectionState : false
05-22 09:49:46.305 24024 24024 I HBD : c currentConnectionState : false
05-22 09:49:46.305 24024 24024 I HBD : c currentConnectionState : false
05-22 09:49:46.306 1290 2983 D PkgPredictorService-MultiUserPkgManager: mInstalledPkgMapUid contain 10253
05-22 09:49:46.308 27621 27621 I ding:background: Using CollectorTypeCC GC.
05-22 09:49:46.309 2551 2667 D ImsResolver: maybeAddedImsService, packageName: com.samsung.android.sm.devicesecurity
05-22 09:49:46.310 1290 1948 D CompatibilityChangeReporter: Compat change id reported: 135634846; UID 10047; state: DISABLED
05-22 09:49:46.310 1290 1948 D CompatibilityChangeReporter: Compat change id reported: 177438394; UID 10047; state: DISABLED
05-22 09:49:46.310 1290 1948 D CompatibilityChangeReporter: Compat change id reported: 135772972; UID 10047; state: DISABLED
05-22 09:49:46.311 25039 27618 I Finsky : [159] otx.accept(92): Wrote row to frosting DB: 1489
05-22 09:49:46.313 1290 1948 D CompatibilityChangeReporter: Compat change id reported: 135754954; UID 10047; state: ENABLED
05-22 09:49:46.314 984 23808 I sensors-hal: handle_sns_client_event:44, ambient_light_event: ts=45099083501314, event=91.000000
05-22 09:49:46.317 27621 27621 E ding:background: Not starting debugger since process cannot load the jdwp agent.
05-22 09:49:46.317 18655 21340 I PermissionControllerServiceImpl: Updating user sensitive for uid 10097
05-22 09:49:46.319 1290 1705 D CompatibilityChangeReporter: Compat change id reported: 143937733; UID 10047; state: ENABLED
05-22 09:49:46.320 1290 1948 D ActivityManager: Received SERVICE intent 0xc3a158f Key{startService pkg=com.samsung.android.app.routines intent=act=com.samsung.android.routine.ACTION_PACKAGE_CHANGED cmp=com.samsung.android.app.routines/.domainmodel.service.RoutineService flags=0x2000000 u=0} requestCode=10000 from uid 1000
05-22 09:49:46.320 1290 1948 D SEP_UNION_SemDeviceInfoManagerService: Send intent com.samsung.android.routine.ACTION_PACKAGE_CHANGED, userId: 0 by broadcast
05-22 09:49:46.320 1290 2255 D SGM:GameManager: identifyGamePackage. org.qtproject.example.spectrum, mCurrentUserId: 0, callerUserId: 0, callingMethodInfo: com.samsung.android.game.SemGameManager.isGamePackage(SemGameManager.java:109)
05-22 09:49:46.320 1290 2255 D SGM:PkgDataHelper: getGamePkgData(). org.qtproject.example.spectrum
05-22 09:49:46.320 1290 2255 D SGM:SemGameManager: isGamePackage(), pkgName=org.qtproject.example.spectrum, ret=false
05-22 09:49:46.320 1290 2255 I Pageboost: appinfo : org.qtproject.example.spectrum 0 0 0 0
05-22 09:49:46.320 1290 1948 D SEP_UNION_SemDeviceInfoManagerService: onReceive : android.intent.action.PACKAGE_REPLACED, userId = 0
05-22 09:49:46.321 1290 2255 D SGM:GameManager: identifyGamePackage. org.qtproject.example.spectrum, mCurrentUserId: 0, callerUserId: 0, callingMethodInfo: com.samsung.android.game.SemGameManager.isGamePackage(SemGameManager.java:109)
05-22 09:49:46.322 1290 2255 D SGM:PkgDataHelper: getGamePkgData(). org.qtproject.example.spectrum
05-22 09:49:46.322 1290 2255 D SGM:SemGameManager: isGamePackage(), pkgName=org.qtproject.example.spectrum, ret=false
05-22 09:49:46.322 1290 2255 I Pageboost: Reset this app info : org.qtproject.example.spectrum
05-22 09:49:46.323 15108 15108 I GsaVoiceInteractionSrv: (REDACTED) O received %s
05-22 09:49:46.325 1290 2255 I Pageboost: db create : CREATE TABLE IF NOT EXISTS orgqtprojectexamplespectrum (FILENAME TEXT, OFFSET INTEGER, SIZE INTEGER, FORVRAMDISK INTEGER, BITMAP BLOB, unique (FILENAME, OFFSET) );
05-22 09:49:46.328 25039 25039 I Finsky : [2] yiq.g(1): yiq - Received: android.intent.action.PACKAGE_ADDED, [A-EiBcaCZFH8QfF-tjzokg58GFmnUPIc3ndH5EzOiNk]
05-22 09:49:46.330 2684 2684 V MediaPlayerList: mPackageChangedBroadcastReceiver: action: android.intent.action.PACKAGE_CHANGED
05-22 09:49:46.331 1290 2255 I Pageboost: add app to global @ runtime: org.qtproject.example.spectrum
05-22 09:49:46.334 27621 27621 D ActivityThread: setConscryptValidator
05-22 09:49:46.334 27621 27621 D ActivityThread: setConscryptValidator - put
05-22 09:49:46.335 873 873 D Zygote : Forked child process 27646
05-22 09:49:46.337 1290 1948 D ActivityManager: Received BROADCAST intent 0xc682bc6 Key{broadcastIntent pkg=com.sec.android.diagmonagent intent=act=com.sec.android.diagmonagent.intent.PACKAGE_REPLACED pkg=com.sec.android.diagmonagent cmp=com.sec.android.diagmonagent/.sa.datalogging.monitor.AppInstallationMonitor$AppInstallationBroadcastReceiver flags=0x2000000 u=0} requestCode=0 sent=0 from uid 1000
05-22 09:49:46.337 1290 1948 D SEP_UNION_SemDeviceInfoManagerService: Send intent com.sec.android.diagmonagent.intent.PACKAGE_REPLACED, userId: 0 by broadcast
05-22 09:49:46.339 1290 1703 D AccessibilityManagerService: currentTargets : [] targetsFromSetting : []
05-22 09:49:46.339 1290 1703 D AccessibilityManagerService: componentId : null userState.getTargetAssignedToAccessibilityButton() : null
05-22 09:49:46.339 1290 1703 D AccessibilityManagerService: readAccessibilityDirectAccessSettingLocked currentTargets : [] targetsFromSetting : []
05-22 09:49:46.340 1290 1703 D KNOX_MDM_SettingsProvider: isChangeAllowed() : name = accessibility_enabled
05-22 09:49:46.343 25039 27641 I Finsky : [163] svi.accept(281): IQ: handled package removed
05-22 09:49:46.343 1290 1703 D WindowMagnificationMgr: requestConnection :false mConnectionState : 3
05-22 09:49:46.344 1290 1703 W WindowMagnificationMgr: requestConnection duplicated request: connect=false, mConnectionState=DISCONNECTED
05-22 09:49:46.344 1290 1705 I ActivityManager: Start proc 27646:com.samsung.android.app.routines/u0a47 for service {com.samsung.android.app.routines/com.samsung.android.app.routines.domainmodel.service.RoutineService}
05-22 09:49:46.347 1290 4244 D CompatibilityChangeReporter: Compat change id reported: 168419799; UID 10182; state: DISABLED
05-22 09:49:46.348 1290 4244 D CompatibilityChangeReporter: Compat change id reported: 273564678; UID 10182; state: DISABLED
05-22 09:49:46.349 25039 27618 I Finsky : [159] otx.accept(92): Wrote row to frosting DB: 1490
05-22 09:49:46.352 25039 25039 I Finsky : [2] syf.nf(11): DTU: Received onPackageAdded, replacing: true
05-22 09:49:46.354 4127 27605 I Auth : [SupervisedAccountIntentOperation] onHandleIntent(): android.intent.action.PACKAGE_ADDED
05-22 09:49:46.356 25039 27618 I Finsky : [159] otx.accept(92): Wrote row to frosting DB: 1491
05-22 09:49:46.361 25039 27562 D TrafficStats: tagSocket(162) with statsTag=0xffffffff, statsUid=-1
05-22 09:49:46.361 27646 27646 I id.app.routines: Using CollectorTypeCC GC.
05-22 09:49:46.359 1290 2210 D NetdEventListenerService: DNS Requested by 100, 1000, 73
05-22 09:49:46.362 1290 2210 D NetdEventListenerService: DNS Requested by 100, 10182, 33
05-22 09:49:46.362 1290 2184 D TrafficStats: tagSocket(913) with statsTag=0xffffffff, statsUid=-1
05-22 09:49:46.363 27621 27621 D CompatibilityChangeReporter: Compat change id reported: 171979766; UID 10182; state: ENABLED
05-22 09:49:46.363 27621 27621 D CompatibilityChangeReporter: Compat change id reported: 242716250; UID 10182; state: ENABLED
05-22 09:49:46.364 1290 1948 D ActivityManager: Received BROADCAST intent 0x4e56fd9 Key{broadcastIntent pkg=com.android.systemui intent=act=com.samsung.android.app.edgelighting.PACKAGE_REPLACED cmp=com.android.systemui/.edgelighting.EdgeLightingReceiver$1 flags=0x2000000 u=0} requestCode=0 sent=0 from uid 1000
05-22 09:49:46.364 1290 1948 D SEP_UNION_SemDeviceInfoManagerService: Send intent com.samsung.android.app.edgelighting.PACKAGE_REPLACED, userId: 0 by broadcast
05-22 09:49:46.364 1290 1948 D SEP_UNION_SemDeviceInfoManagerService: onReceive : android.intent.action.PACKAGE_CHANGED, userId = 0
05-22 09:49:46.365 15108 15108 I GsaVoiceInteractionSrv: (REDACTED) O received %s
05-22 09:49:46.367 1290 1315 D CompatibilityChangeReporter: Compat change id reported: 170503758; UID 10182; state: ENABLED
05-22 09:49:46.372 27646 27646 E id.app.routines: Not starting debugger since process cannot load the jdwp agent.
05-22 09:49:46.377 1290 1703 D AccessibilityManagerService: currentTargets : [] targetsFromSetting : []
05-22 09:49:46.377 1290 1703 D AccessibilityManagerService: componentId : null userState.getTargetAssignedToAccessibilityButton() : null
05-22 09:49:46.378 1290 1703 D AccessibilityManagerService: readAccessibilityDirectAccessSettingLocked currentTargets : [] targetsFromSetting : []
05-22 09:49:46.380 1290 1703 D KNOX_MDM_SettingsProvider: isChangeAllowed() : name = accessibility_enabled
