05-22 09:49:45.094 27464 27464 D ActivityThread: setConscryptValidator
05-22 09:49:45.094 27464 27464 D ActivityThread: setConscryptValidator - put
05-22 09:49:45.097 1290 3904 D CompatibilityChangeReporter: Compat change id reported: 168419799; UID 10097; state: DISABLED
05-22 09:49:45.097 1290 3904 D CompatibilityChangeReporter: Compat change id reported: 273564678; UID 10097; state: DISABLED
05-22 09:49:45.100 25039 25039 I Finsky : [2] skq.onServiceConnected(96): Single user settings service is connected
05-22 09:49:45.101 1290 1927 D CompatibilityChangeReporter: Compat change id reported: 265195908; UID 10097; state: ENABLED
05-22 09:49:45.101 2684 2684 D HidDeviceService: handleMessage(): msg.what=8
05-22 09:49:45.104 1290 1704 D CompatibilityChangeReporter: Compat change id reported: 135634846; UID 10057; state: DISABLED
05-22 09:49:45.104 27464 27464 D CompatibilityChangeReporter: Compat change id reported: 171979766; UID 10097; state: ENABLED
05-22 09:49:45.104 1290 1704 D CompatibilityChangeReporter: Compat change id reported: 177438394; UID 10057; state: DISABLED
05-22 09:49:45.105 27464 27464 D CompatibilityChangeReporter: Compat change id reported: 242716250; UID 10097; state: ENABLED
05-22 09:49:45.105 1290 1704 D CompatibilityChangeReporter: Compat change id reported: 135772972; UID 10057; state: DISABLED
05-22 09:49:45.105 1290 1704 D CompatibilityChangeReporter: Compat change id reported: 135754954; UID 10057; state: ENABLED
05-22 09:49:45.106 1290 1705 D CompatibilityChangeReporter: Compat change id reported: 143937733; UID 10057; state: ENABLED
05-22 09:49:45.106 1290 3904 D CompatibilityChangeReporter: Compat change id reported: 170503758; UID 10097; state: ENABLED
05-22 09:49:45.113 25039 27465 W Settings: Setting install_non_market_apps has moved from android.provider.Settings.Global to android.provider.Settings.Secure, returning read-only value.
05-22 09:49:45.114 984 23808 I sensors-hal: handle_sns_client_event:44, ambient_light_event: ts=45097883257928, event=90.000000
05-22 09:49:45.114 873 873 D Zygote : Forked child process 27479
05-22 09:49:45.114 984 23808 I sensors-hal: handle_sns_client_event:44, ambient_light_event: ts=45097883500116, event=90.000000
05-22 09:49:45.114 1290 1705 I ActivityManager: Start proc 27479:com.samsung.android.game.gos/u0a57 for broadcast {com.samsung.android.game.gos/com.samsung.android.game.gos.receiver.GameServiceReceiver}
05-22 09:49:45.126 27479 27479 I ndroid.game.gos: Using CollectorTypeCC GC.
05-22 09:49:45.130 27479 27479 E ndroid.game.gos: Not starting debugger since process cannot load the jdwp agent.
05-22 09:49:45.130 1290 2334 D VpnManagerService: Exception: java.lang.NullPointerException: Attempt to invoke interface method 'int com.samsung.android.knox.zt.networktrust.filter.IKnoxNetworkFilterService.getKnoxNwFilterHttpProxyPort(int, java.lang.String)' on a null object reference
05-22 09:49:45.130 1290 2334 D VpnManagerService: at com.android.server.VpnManagerService.getKnoxNwFilterHttpProxyPort(VpnManagerService.java:1911)
05-22 09:49:45.130 1290 2334 D VpnManagerService: at android.net.IVpnManager$Stub.onTransact(IVpnManager.java:1055)
05-22 09:49:45.130 1290 2334 D VpnManagerService: at android.os.Binder.execTransactInternal(Binder.java:1375)
05-22 09:49:45.130 1290 2334 D VpnManagerService: at android.os.Binder.execTransact(Binder.java:1311)
05-22 09:49:45.134 27479 27479 D ActivityThread: setConscryptValidator
05-22 09:49:45.134 27479 27479 D ActivityThread: setConscryptValidator - put
05-22 09:49:45.137 1290 2334 D CompatibilityChangeReporter: Compat change id reported: 168419799; UID 10057; state: DISABLED
05-22 09:49:45.137 1290 2334 D CompatibilityChangeReporter: Compat change id reported: 273564678; UID 10057; state: DISABLED
05-22 09:49:45.143 1290 3904 D PackageManager: setEnabledSetting : userId = 0 packageName = com.samsung.android.sm.devicesecurity cmp = androidx.work.impl.background.systemjob.SystemJobService newState = 1 callingPackage = com.samsung.android.sm.devicesecurity
05-22 09:49:45.143 1290 3904 D ApplicationPolicy: getApplicationStateEnabled : pkg = com.samsung.android.sm.devicesecurity userId : 0
05-22 09:49:45.145 1290 3904 D ApplicationPolicy: getApplicationComponentState : pkg = com.samsung.android.sm.devicesecurity userId : 0
05-22 09:49:45.148 27479 27479 D CompatibilityChangeReporter: Compat change id reported: 171979766; UID 10057; state: ENABLED
05-22 09:49:45.148 27479 27479 D CompatibilityChangeReporter: Compat change id reported: 242716250; UID 10057; state: DISABLED
05-22 09:49:45.150 1290 1927 D CompatibilityChangeReporter: Compat change id reported: 265195908; UID 10057; state: ENABLED
05-22 09:49:45.151 2684 2684 D HidDeviceService: handleMessage(): msg.what=8
05-22 09:49:45.151 1290 2237 I ActivityManager: Flag disabled. Ignoring finishAttachApplication from uid: 10097. pid: 27464
05-22 09:49:45.153 1290 3904 D CompatibilityChangeReporter: Compat change id reported: 170503758; UID 10057; state: ENABLED
05-22 09:49:45.155 841 841 E audit : type=1400 audit(1716360585.151:8913): avc: denied { ioctl } for pid=27464 comm=".devicesecurity" path="/data/data/com.samsung.android.sm.devicesecurity/databases/device_security.db" dev="dm-51" ino=6703 ioctlcmd=0xf522 scontext=u:r:platform_app:s0:c512,c768 tcontext=u:object_r:app_data_file:s0:c512,c768 tclass=file permissive=0 SEPF_SM-X210_12_0001 audit_filtered
05-22 09:49:45.156 1290 2544 D BatteryService: Sending ACTION_BATTERY_CHANGED: level:97, status:2, health:2, remain:-1, ac:false, usb:true, wireless:false, pogo:false, misc:0x0, charge_type:0, charger_type:0, voltage:4264, temperature:240, online:4, charging_status:0, cycle_count:0, current_avg:0, ps:false, hvc:false, capacity:280000, current_event:0x0, current_now:-256000, mcc:500000, mcv:5000000, cc:4850000, present:true, scale:100, technology:Li-ion
05-22 09:49:45.158 841 841 E audit : type=1400 audit(1716360585.155:8914): avc: denied { ioctl } for pid=27464 comm="WM.task-1" path="/data/data/com.samsung.android.sm.devicesecurity/no_backup/androidx.work.workdb" dev="dm-51" ino=6744 ioctlcmd=0xf522 scontext=u:r:platform_app:s0:c512,c768 tcontext=u:object_r:app_data_file:s0:c512,c768 tclass=file permissive=0 SEPF_SM-X210_12_0001 audit_filtered
05-22 09:49:45.158 1290 2201 I DeviceBatteryInfoService: action: android.intent.action.BATTERY_CHANGED
05-22 09:49:45.158 1290 2201 I DeviceBatteryInfoService: phone battery level: 97
05-22 09:49:45.158 1290 2201 I DeviceBatteryInfoService: phone battery status: 2
05-22 09:49:45.162 1290 2077 D MotionRecognitionService: [SAR] onReceive : ACTION_BATTERY_CHANGED, Plugged: 2
05-22 09:49:45.162 2254 2254 I PowerUI : mBootCompleted = true | mFullyConnected = true
05-22 09:49:45.162 2254 2254 I PowerUI : BATTERY_HEALTH_CHECK extraHealth=2 mBatteryMiscEvent=0
05-22 09:49:45.162 2254 2254 W PowerUI : Plug reason
05-22 09:49:45.162 2254 2254 W PowerUI : Skip charging animation - by plug status
05-22 09:49:45.162 2254 2254 D PowerUI : priorPlugType = 2 mPlugType = 2 priorBatteryStatus = 2 mBatteryStatus = 2
05-22 09:49:45.162 2254 2254 W PowerUI : Plug reason
05-22 09:49:45.162 2254 2254 W PowerUI : Skip charging sound - by plug status
05-22 09:49:45.162 2254 2254 I PowerUI : oldMisalign : false, curMisalign : false
05-22 09:49:45.162 2254 10655 D SecPowerUI.Notification: dismissing low battery warning: level=97
05-22 09:49:45.162 2254 10655 D SecPowerUI.Notification: updateNotification mWarning=false mPlaySound=false
05-22 09:49:45.162 2254 10655 D SecPowerUI.Notification: SecBatteryStatsSnapshot{batteryLevel=97, currentBatteryMode=0, chargingTime=-1, chargingType=11, batteryHealth=2, automaticTestMode=false, isHiccupState=false}
05-22 09:49:45.163 841 841 E audit : type=1400 audit(1716360585.159:8915): avc: denied { ioctl } for pid=27464 comm=".devicesecurity" path="/data/data/com.samsung.android.sm.devicesecurity/databases/device_security.db" dev="dm-51" ino=6703 ioctlcmd=0xf522 scontext=u:r:platform_app:s0:c512,c768 tcontext=u:object_r:app_data_file:s0:c512,c768 tclass=file permissive=0 SEPF_SM-X210_12_0001 audit_filtered
05-22 09:49:45.163 2254 10655 D SecPowerUI.Notification: 1. restoreScreenTimeOut - saved_value : :
05-22 09:49:45.163 2254 10655 E SecPowerUI.Notification: no saved value, so we do nothing !!
05-22 09:49:45.164 2551 2551 D SemBigDataInfoController: Intent: android.intent.action.BATTERY_CHANGED
05-22 09:49:45.165 1290 3904 D PackageManager: verifyPendingInstall vid: 4, vcode: 1, callingUid: 10097
05-22 09:49:45.166 2254 2254 D SecPowerUI.Notification: showChargingNotice oldChargingType : 11 / currentChargingType : 11, oldChargingTime : -1 / mChargingTime : -1
05-22 09:49:45.166 2254 2254 D SecPowerUI.Notification: showChargingNotice There is no change about charging status, so return!
05-22 09:49:45.166 2254 2254 D PowerUI : Battery swelling mode - priorBatterySwellingMode = 0 mBatterySwellingMode = 0 mBatteryStatus = 2
05-22 09:49:45.166 2254 2254 I PowerUI : mBatteryMiscEvent = 0
05-22 09:49:45.166 2254 2254 D SamsungBatteryMeterDrawable: onBatteryLevelChanged isSomethingChanged: false
05-22 09:49:45.167 2254 2254 D SamsungBatteryMeterDrawable: onBatteryLevelChanged isSomethingChanged: false
05-22 09:49:45.167 21837 21837 I [SCPMV2][SystemMonitorReceiver]: onReceive: android.intent.action.BATTERY_CHANGED
05-22 09:49:45.167 2254 2254 D SamsungBatteryMeterDrawable: onBatteryLevelChanged isSomethingChanged: false
05-22 09:49:45.167 2254 2254 I AODBatteryManager: updateBatteryData: ACTION_BATTERY_CHANGED
05-22 09:49:45.170 2254 2254 I AODBatteryManager: saveBatteryData : AOD BatteryData [mBatteryLevel=97, mBatteryStatus=CHARGING, mBatteryPlugType=USB, mBatteryPlugged=true, mRemainingChargeTime=-1, mBatteryChargingType=1, mBatteryChargerType=NORMAL, mBatteryOnline=USB, mBatterySwellingMode=NONE, mBatteryProtectMode=false]
05-22 09:49:45.170 2254 2254 D KeyguardUpdateMonitor: handleBatteryUpdate
05-22 09:49:45.179 1290 2237 D CompatibilityChangeReporter: Compat change id reported: 161145287; UID 10097; state: ENABLED
05-22 09:49:45.188 841 841 E audit : type=1400 audit(1716360585.183:8916): avc: denied { ioctl } for pid=27464 comm="WM.task-1" path="/data/data/com.samsung.android.sm.devicesecurity/no_backup/androidx.work.workdb" dev="dm-51" ino=6744 ioctlcmd=0xf522 scontext=u:r:platform_app:s0:c512,c768 tcontext=u:object_r:app_data_file:s0:c512,c768 tclass=file permissive=0 SEPF_SM-X210_12_0001 audit_filtered
05-22 09:49:45.194 1290 4346 D VpnManagerService: Exception: java.lang.NullPointerException: Attempt to invoke interface method 'int com.samsung.android.knox.zt.networktrust.filter.IKnoxNetworkFilterService.getKnoxNwFilterHttpProxyPort(int, java.lang.String)' on a null object reference
05-22 09:49:45.194 1290 4346 D VpnManagerService: at com.android.server.VpnManagerService.getKnoxNwFilterHttpProxyPort(VpnManagerService.java:1911)
05-22 09:49:45.194 1290 4346 D VpnManagerService: at android.net.IVpnManager$Stub.onTransact(IVpnManager.java:1055)
05-22 09:49:45.194 1290 4346 D VpnManagerService: at android.os.Binder.execTransactInternal(Binder.java:1375)
05-22 09:49:45.194 1290 4346 D VpnManagerService: at android.os.Binder.execTransact(Binder.java:1311)
05-22 09:49:45.195 841 841 E audit : type=1400 audit(1716360585.191:8917): avc: denied { ioctl } for pid=27464 comm="WM.task-1" path="/data/data/com.samsung.android.sm.devicesecurity/no_backup/androidx.work.workdb" dev="dm-51" ino=6744 ioctlcmd=0xf522 scontext=u:r:platform_app:s0:c512,c768 tcontext=u:object_r:app_data_file:s0:c512,c768 tclass=file permissive=0 SEPF_SM-X210_12_0001 audit_filtered
05-22 09:49:45.214 984 23808 I sensors-hal: handle_sns_client_event:44, ambient_light_event: ts=45097983259230, event=90.000000
05-22 09:49:45.214 984 23808 I sensors-hal: handle_sns_client_event:44, ambient_light_event: ts=45097983492564, event=90.000000
05-22 09:49:45.216 1290 4346 D PackageManager: setEnabledSetting : userId = 0 packageName = com.samsung.android.sm.devicesecurity cmp = androidx.work.impl.background.systemalarm.RescheduleReceiver newState = 1 callingPackage = com.samsung.android.sm.devicesecurity
05-22 09:49:45.217 1290 4346 D ApplicationPolicy: getApplicationStateEnabled : pkg = com.samsung.android.sm.devicesecurity userId : 0
05-22 09:49:45.218 1290 4346 D ApplicationPolicy: getApplicationComponentState : pkg = com.samsung.android.sm.devicesecurity userId : 0
05-22 09:49:45.219 27479 27479 I GOS:App : onCreate(): currentProcName: com.samsung.android.game.gos
05-22 09:49:45.224 619 619 D io_stats: !@ 8,0 r 563175 18824752 w 76438 2202600 d 15478 44369720 f 0 0 iot 278480 0 th 0 0 0 pt 0 inp 0 0 10159.187
05-22 09:49:45.225 619 619 D io_stats: !@ Read_top(KB): ndroid.game.gos(27479) 2308 .devicesecurity(27464) 1868 android.vending(25039) 1700
05-22 09:49:45.225 619 619 D io_stats: !@ Write_top(KB): system_server(1290) 42980 kworker/u16:2(19238) 10876 kworker/u16:4(27438) 1028
05-22 09:49:45.234 1290 4346 D CompatibilityChangeReporter: Compat change id reported: 253665015; UID 10097; state: ENABLED
05-22 09:49:45.235 1290 4346 D CompatibilityChangeReporter: Compat change id reported: 194532703; UID 10097; state: ENABLED
05-22 09:49:45.255 27479 27509 I GOS:Initializer: temp log: com.samsung.android.game.gos.data.DataManager@244e17d
05-22 09:49:45.257 27479 27509 I GOS:Initializer: DB is already initialized
05-22 09:49:45.258 27479 27509 I GOS:Initializer: finished initGos()
05-22 09:49:45.259 1290 3904 I ActivityManager: Flag disabled. Ignoring finishAttachApplication from uid: 10057. pid: 27479
05-22 09:49:45.259 27479 27479 I GOS:GameServiceReceiver: action : com.samsung.android.intent.action.PACKAGE_INSTALL_STARTED
05-22 09:49:45.260 27479 27479 I GOS:GameServiceReceiver: PkgInstallStarted for org.qtproject.example.spectrum UserID : 0
05-22 09:49:45.266 1290 1704 I ActivityManager: com.samsung.android.lool is exempt from freezer
05-22 09:49:45.267 1290 1704 D CompatibilityChangeReporter: Compat change id reported: 135634846; UID 1000; state: DISABLED
05-22 09:49:45.267 1290 1704 D CompatibilityChangeReporter: Compat change id reported: 177438394; UID 1000; state: DISABLED
05-22 09:49:45.267 1290 1704 D CompatibilityChangeReporter: Compat change id reported: 135772972; UID 1000; state: DISABLED
05-22 09:49:45.267 1290 1704 D CompatibilityChangeReporter: Compat change id reported: 135754954; UID 1000; state: ENABLED
05-22 09:49:45.277 27479 27479 I GOS:MainIntentService: onCreate
05-22 09:49:45.277 27479 27516 I GOS:MainIntentService: onHandleIntent. begin
05-22 09:49:45.278 27479 27516 I GOS:MainIntentService: onHandleIntent(). type(PACKAGE_CHANGED) from 2
05-22 09:49:45.278 873 873 D Zygote : Forked child process 27518
05-22 09:49:45.279 1290 1705 I ActivityManager: Start proc 27518:com.samsung.android.lool/1000 for broadcast {com.samsung.android.lool/com.samsung.android.sm.security.model.trigger.SecurityBridgeReceiver}
05-22 09:49:45.282 27479 27516 I GOS:MainIntentService: onHandleIntent(). type(PACKAGE_CHANGED), changeType(INSTALL_STARTED), pkgName(org.qtproject.example.spectrum)
05-22 09:49:45.282 27479 27516 I GOS:SystemEventReactor: onPackageInstallStarted(). packageName: org.qtproject.example.spectrum
05-22 09:49:45.283 27479 27516 I GOS:SystemEventReactor: addPkgDataFromServer(), packageName : org.qtproject.example.spectrum
05-22 09:49:45.290 27479 27516 I GOS:RequestHeader: gms_version : 130.016
05-22 09:49:45.291 27479 27516 I GOS:RequestHeader: gos_version : 350901000
05-22 09:49:45.291 27479 27516 I GOS:RequestHeader: device_name : gta9pwifi
05-22 09:49:45.291 27479 27516 I GOS:RequestHeader: model_name : SM-X210
05-22 09:49:45.292 27479 27516 I GOS:RequestHeader: version_r : 14
05-22 09:49:45.292 27479 27516 I GOS:RequestHeader: version_i : X210XXS1BXD1
05-22 09:49:45.294 27479 27516 I GOS:DataManager: getUUID(), UUID: dae6a11aa1d949e48c477abea0541544
05-22 09:49:45.294 27479 27516 I GOS:RequestHeader: uuid : dae6a11aa1d949e48c477abea0541544
05-22 09:49:45.296 27479 27516 I GOS:RequestHeader: networkOperator :
05-22 09:49:45.297 27479 27516 W GOS:RequestHeader: RequestHeader(): can't find mcc
05-22 09:49:45.297 27479 27516 W GOS:RequestHeader: RequestHeader(): can't find mnc
05-22 09:49:45.299 27518 27518 I ng.android.lool: Using CollectorTypeCC GC.
05-22 09:49:45.306 27518 27518 E ng.android.lool: Not starting debugger since process cannot load the jdwp agent.
05-22 09:49:45.311 27518 27518 D ActivityThread: setConscryptValidator
05-22 09:49:45.312 27518 27518 D ActivityThread: setConscryptValidator - put
05-22 09:49:45.314 984 23808 I sensors-hal: handle_sns_client_event:44, ambient_light_event: ts=45098083257668, event=90.000000
05-22 09:49:45.314 984 23808 I sensors-hal: handle_sns_client_event:44, ambient_light_event: ts=45098083492303, event=90.000000
05-22 09:49:45.316 1290 4346 D CompatibilityChangeReporter: Compat change id reported: 168419799; UID 1000; state: DISABLED
05-22 09:49:45.317 1290 4346 D CompatibilityChangeReporter: Compat change id reported: 273564678; UID 1000; state: DISABLED
05-22 09:49:45.322 27518 27518 D CompatibilityChangeReporter: Compat change id reported: 171979766; UID 1000; state: ENABLED
05-22 09:49:45.322 27518 27518 D CompatibilityChangeReporter: Compat change id reported: 242716250; UID 1000; state: ENABLED
05-22 09:49:45.326 27464 27507 I WM-WorkerWrapper: Worker result SUCCESS for Work [ id=81de2177-bf03-4c1f-b0ec-2198b3cdfdfc, tags={ com.samsung.android.sm.devicesecurity.InitializationService, InitializationService } ]
05-22 09:49:45.330 1290 2237 D PackageManager: setEnabledSetting : userId = 0 packageName = com.samsung.android.sm.devicesecurity cmp = androidx.work.impl.background.systemalarm.RescheduleReceiver newState = 2 callingPackage = com.samsung.android.sm.devicesecurity
05-22 09:49:45.330 27479 27516 I GOS:RequestHeader: installed_sec_game_family : com.sec.android.app.samsungapps=enabled,com.samsung.android.game.gamehome=enabled
05-22 09:49:45.339 27479 27516 I GOS:NetworkConnector: getSinglePkg(), packageName : org.qtproject.example.spectrum
05-22 09:49:45.347 27479 27516 I GOS:NetworkConnector: v4Get, userAgent: (gms_version:130.016;gos_version:350901000;device_name:gta9pwifi;model_name:SM-X210;version_r:14;version_i:X210XXS1BXD1;uuid:dae6a11aa1d949e48c477abea0541544;installed_sec_game_family:com.sec.android.app.samsungapps=enabled,com.samsung.android.game.gamehome=enabled;samsung_errorlog_agree:1)
05-22 09:49:45.390 1290 2210 D NetdEventListenerService: DNS Requested by 100, 10057, 37
05-22 09:49:45.414 984 23808 I sensors-hal: handle_sns_client_event:44, ambient_light_event: ts=45098183261314, event=91.000000
05-22 09:49:45.415 984 23808 I sensors-hal: handle_sns_client_event:44, ambient_light_event: ts=45098183500637, event=91.000000
05-22 09:49:45.455 25039 27465 I Finsky : [154] VerifyAppsInstallTask.ab(155): VerifyApps: Installer app: com.android.shell
05-22 09:49:45.464 25039 27465 I Finsky : [154] qrn.e(29): Task 7 requested foreground
05-22 09:49:45.467 25039 27465 I Finsky : [154] qrn.e(90): Not entering foreground
05-22 09:49:45.486 1290 2210 D NetdEventListenerService: DNS Requested by 100, 10182, 6
05-22 09:49:45.487 25039 25128 D TrafficStats: tagSocket(151) with statsTag=0xc9395b26, statsUid=-1
05-22 09:49:45.496 1290 4346 D VpnManagerService: Exception: java.lang.NullPointerException: Attempt to invoke interface method 'int com.samsung.android.knox.zt.networktrust.filter.IKnoxNetworkFilterService.getKnoxNwFilterHttpProxyPort(int, java.lang.String)' on a null object reference
05-22 09:49:45.496 1290 4346 D VpnManagerService: at com.android.server.VpnManagerService.getKnoxNwFilterHttpProxyPort(VpnManagerService.java:1911)
05-22 09:49:45.496 1290 4346 D VpnManagerService: at android.net.IVpnManager$Stub.onTransact(IVpnManager.java:1055)
05-22 09:49:45.496 1290 4346 D VpnManagerService: at android.os.Binder.execTransactInternal(Binder.java:1375)
05-22 09:49:45.496 1290 4346 D VpnManagerService: at android.os.Binder.execTransact(Binder.java:1311)
05-22 09:49:45.514 984 23808 I sensors-hal: handle_sns_client_event:44, ambient_light_event: ts=45098283258189, event=91.000000
05-22 09:49:45.515 984 23808 I sensors-hal: handle_sns_client_event:44, ambient_light_event: ts=45098283500116, event=91.000000
05-22 09:49:45.522 27518 27518 I DC.SettingSearchProvider: version : 1380611000, lang : en_GB
05-22 09:49:45.523 27518 27518 I DC.SettingBatterySearchProvider: version : 1380611000, lang : en_GB
05-22 09:49:45.523 27518 27518 I CapsuleProvider_1.0.25: onCreate
05-22 09:49:45.527 27518 27518 I com.samsung.android.sm.iafd.InitializationProvider: doInit
05-22 09:49:45.527 27518 27546 I Dc.IafdDbManager: iafd_libVersion = 2.0.0
05-22 09:49:45.530 1290 4346 D CompatibilityChangeReporter: Compat change id reported: 161145287; UID 1000; state: ENABLED
05-22 09:49:45.530 1290 4346 D CompatibilityChangeReporter: Compat change id reported: 161145287; UID 1000; state: DISABLED
05-22 09:49:45.540 27518 27518 I SmApplication: onCreate
05-22 09:49:45.540 27518 27518 I SmApplication: current process is com.samsung.android.lool
05-22 09:49:45.540 27518 27518 I SmApplication: initializeApplication
05-22 09:49:45.562 27518 27518 I DMT-StubUpdateUtils: current : 1380611000, market : 0
05-22 09:49:45.564 27518 27518 I DMT-StubUpdateUtils: current : 740500110, market : 0
05-22 09:49:45.566 27518 27518 I DIAGMON_SDK[605065]: DiagMonAgent type: 2
05-22 09:49:45.566 27518 27518 I DIAGMON_SDK[605065][dc60qlc6ri] : generated SR object
05-22 09:49:45.578 27518 27518 I SmApplication: current process is com.samsung.android.lool
05-22 09:49:45.583 27518 27518 W ContextImpl: Calling a method in the system process without a qualified user: android.app.ContextImpl.startService:1960 android.content.ContextWrapper.startService:842 com.samsung.android.sm.common.SmApplication.g:14 com.samsung.android.sm.common.SmApplication.d:36 com.samsung.android.sm.common.SmApplication.onCreate:10
05-22 09:49:45.589 1290 4346 I ActivityManager: Flag disabled. Ignoring finishAttachApplication from uid: 1000. pid: 27518
05-22 09:49:45.592 27518 27518 I SB_Receiver: action : com.samsung.android.sm.security.service.ACTION_SERVICE_STATUS_CHANGED
05-22 09:49:45.595 27518 27518 W ContextImpl: Calling a method in the system process without a qualified user: android.app.ContextImpl.startService:1960 android.content.ContextWrapper.startService:842 com.samsung.android.sm.security.model.trigger.SecurityBridgeProvider.b:17 com.samsung.android.sm.security.model.trigger.SecurityBridgeProvider.call:285 android.content.ContentProvider.call:2750
05-22 09:49:45.603 27518 27558 I RegistryService: Received action com.samsung.android.sm.external.service.action.REGISTER_SERVICE
05-22 09:49:45.604 27518 27558 I [RoutineSdk3.0-3.1.5]: RoutineSdkImpl: setHandler - conditionHandler initialized
05-22 09:49:45.604 27518 27558 I [RoutineSdk3.0-3.1.5]: RoutineSdkImpl: setHandler - actionHandler initialized
05-22 09:49:45.612 27518 27518 I SB_Receiver: action : com.samsung.android.sm.security.service.ACTION_SERVICE_STATUS_CHANGED
05-22 09:49:45.613 27518 27559 I SB_Processor: action : com.samsung.android.sm.security.service.ACTION_SERVICE_STATUS_CHANGED
05-22 09:49:45.613 27518 27559 I SB_BgScanServiceCompleted : name : initialization_service, status : started
05-22 09:49:45.614 27518 27518 W ContextImpl: Calling a method in the system process without a qualified user: android.app.ContextImpl.startService:1960 android.content.ContextWrapper.startService:842 com.samsung.android.sm.security.model.trigger.SecurityBridgeProvider.b:17 com.samsung.android.sm.security.model.trigger.SecurityBridgeProvider.call:285 android.content.ContentProvider.call:2750
05-22 09:49:45.614 984 23808 I sensors-hal: handle_sns_client_event:44, ambient_light_event: ts=45098383258709, event=91.000000
05-22 09:49:45.614 984 23808 I sensors-hal: handle_sns_client_event:44, ambient_light_event: ts=45098383500116, event=91.000000
05-22 09:49:45.621 27518 27560 I SB_Processor: action : com.samsung.android.sm.security.service.ACTION_SERVICE_STATUS_CHANGED
05-22 09:49:45.621 27518 27560 I SB_BgScanServiceCompleted : name : initialization_service, status : completed
05-22 09:49:45.685 25039 27562 I Finsky : [158] alav.g(53): VerifyApps: Verification package=org.qtproject.example.spectrum, id=4, response=0, upload_requested=false
05-22 09:49:45.694 25039 27465 I Finsky : [154] VerifyAdvancedProtectionInstallTask.nZ(9): VerifyApps AdvancedProtection: Verify AP install started
05-22 09:49:45.694 25039 27465 I Finsky : [154] VerifyAdvancedProtectionInstallTask.nZ(43): VerifyApps AdvancedProtection: Allowing install because there are no Advanced Protection users
05-22 09:49:45.700 25039 25039 I Finsky : [2] VerifyAdvancedProtectionInstallTask.nY(29): VerifyApps AdvancedProtection: Reported Advanced Protection verification result: ALLOW
05-22 09:49:45.701 25039 27465 I Finsky : [154] VerifyPerSourceInstallationConsentInstallTask.nZ(247): PSIC verification started with installer uid: 2000 package name: com.android.shell, originating uid: -1
05-22 09:49:45.704 25039 27465 I Finsky : [154] VerifyInstallTask.j(17): VerifyApps: Returning package verification result id=4, result=ALLOW
05-22 09:49:45.705 1290 4346 D PackageManager: verifyPendingInstall vid: 4, vcode: 1, callingUid: 10182
05-22 09:49:45.706 1290 1779 I PackageManager: Continuing with installation of file:///data/app/vmdl325569979.tmp
05-22 09:49:45.707 1290 1780 I PackageManager: START INSTALL PACKAGE: observer{204545613}
05-22 09:49:45.707 1290 1780 I PackageManager: stagedDir{/data/app/vmdl325569979.tmp}
05-22 09:49:45.707 1290 1780 I PackageManager: pkg{org.qtproject.example.spectrum}
05-22 09:49:45.707 1290 1780 I PackageManager: versionCode{1}
05-22 09:49:45.707 1290 1780 I PackageManager: Request from{null}
05-22 09:49:45.714 984 23808 I sensors-hal: handle_sns_client_event:44, ambient_light_event: ts=45098483257928, event=91.000000
05-22 09:49:45.714 984 23808 I sensors-hal: handle_sns_client_event:44, ambient_light_event: ts=45098483500376, event=91.000000
05-22 09:49:45.735 1290 1779 W PackageManager: verifying app can be installed or not
05-22 09:49:45.736 1290 1779 D ApplicationPolicy: isApplicationInstallationEnabled
05-22 09:49:45.737 1290 1779 D ApplicationPolicy: isApplicationInstallationEnabled : Checking PKG WL - false
05-22 09:49:45.737 1290 1779 D ApplicationPolicy: isApplicationInstallationEnabled : Checking PKG BL - true
05-22 09:49:45.737 1290 1779 D ApplicationPolicy: isApplicationInstallationEnabled : Checking PERM BL - true
05-22 09:49:45.738 1290 1779 D ApplicationPolicy: isApplicationInstallationEnabled : Checking SIG BL - true
05-22 09:49:45.738 1290 1779 D ApplicationPolicy: isApplicationInstallationEnabled : Checking PKG WL - false
05-22 09:49:45.738 1290 1779 D ApplicationPolicy: isApplicationInstallationEnabled : Checking PKG BL - true
05-22 09:49:45.738 1290 1779 D ApplicationPolicy: isApplicationInstallationEnabled : Checking PERM BL - true
05-22 09:49:45.738 1290 1779 D ApplicationPolicy: isApplicationInstallationEnabled : Checking SIG BL - true
05-22 09:49:45.738 1290 1779 D ApplicationPolicy: isApplicationInstallationEnabled : enabled true
05-22 09:49:45.739 1290 1779 I AASA_ASKSManager: ASKS_VERSION: 7.8 ::20240110
05-22 09:49:45.739 1290 1779 I AASA_ASKSManager: initiating = com.android.shell, installer = null
05-22 09:49:45.747 1290 1779 D RestrictionPolicy: isNewAdminInstallationEnabledInternal : false
05-22 09:49:45.794 1290 1704 I ActivityManager: Force stopping org.qtproject.example.spectrum appid=10253 user=-1: installPackageLI
05-22 09:49:45.796 1290 1779 I PackageManager: Update package org.qtproject.example.spectrum code path from /data/app/~~ZEghoeaJ7zi8huXbegiFjw==/org.qtproject.example.spectrum-tGbF1bVO8vbC1abCIM0DlA== to /data/app/~~VpE6PHU84adv3lYe4Je7nQ==/org.qtproject.example.spectrum-HL72x-cgk8PVaq2HxNyJog==; Retain data and using new
05-22 09:49:45.798 1290 1779 I AppsFilter: interaction: PackageSetting{109419e org.qtproject.example.camera/10241} -> PackageSetting{344e835 org.qtproject.example.spectrum/10253} BLOCKED
05-22 09:49:45.798 1290 1779 I AppsFilter: interaction: PackageSetting{8e59495 org.qtproject.example.hellogles3/10257} -> PackageSetting{344e835 org.qtproject.example.spectrum/10253} BLOCKED
05-22 09:49:45.798 1290 1779 I AppsFilter: interaction: PackageSetting{109419e org.qtproject.example.camera/10241} -> PackageSetting{871a0aa org.qtproject.example.spectrum/10253} BLOCKED
05-22 09:49:45.798 1290 1779 I AppsFilter: interaction: PackageSetting{8e59495 org.qtproject.example.hellogles3/10257} -> PackageSetting{871a0aa org.qtproject.example.spectrum/10253} BLOCKED
05-22 09:49:45.799 1290 1704 I ActivityManager: Killing 25194:com.android.vending:background/u0a182 (adj 999): empty #19
05-22 09:49:45.804 1290 1779 I PermissionManager: Permission ownership changed. Updating all permissions.
05-22 09:49:45.809 1290 1717 I libprocessgroup: Successfully killed process cgroup uid 10182 pid 25194 in 5ms
05-22 09:49:45.814 984 23808 I sensors-hal: handle_sns_client_event:44, ambient_light_event: ts=45098583260272, event=91.000000
05-22 09:49:45.814 984 23808 I sensors-hal: handle_sns_client_event:44, ambient_light_event: ts=45098583500637, event=91.000000
05-22 09:49:45.826 1290 2102 D ConnectivityService: releasing NetworkRequest [ REQUEST id=295, [ Capabilities: INTERNET&NOT_RESTRICTED&TRUSTED&NOT_VCN_MANAGED Uid: 10182 RequestorUid: 10182 RequestorPkg: com.android.vending UnderlyingNetworks: Null] ] (release request)
05-22 09:49:45.826 873 873 I Zygote : Process 25194 exited due to signal 9 (Killed)
05-22 09:49:45.856 27479 27516 I GOS:NetworkConnector: doDirectly(), Response, response.headers(): date: Wed, 22 May 2024 06:49:45 GMT
05-22 09:49:45.856 27479 27516 I GOS:NetworkConnector: content-type: application/json;charset=UTF-8
05-22 09:49:45.856 27479 27516 I GOS:NetworkConnector: content-length: 66
05-22 09:49:45.857 27479 27516 I GOS:NetworkConnector: doDirectly(), Response isSuccessful, responseCode: 200, URL: PRD_GET/v4/packages/org.qtproject.example.spectrum, response: {"pkg_name":"org.qtproject.example.spectrum", "pkg_type":"unknown"}
05-22 09:49:45.857 27479 27516 I GOS:NetworkConnector: getSinglePkg(), request: PRD_GET/v4/packages/org.qtproject.example.spectrum
05-22 09:49:45.857 27479 27516 I GOS:NetworkConnector: v4PkgResponse: {"pkg_name":"org.qtproject.example.spectrum", "pkg_type":"unknown"}
05-22 09:49:45.861 27479 27516 I GOS:SystemEventReactor: addPkgDataFromServer(), A package was added : org.qtproject.example.spectrum as undefined
05-22 09:49:45.882 1290 1779 D PackageSettings: ++ writeStateForUserSyncLPr(0)
05-22 09:49:45.914 984 23808 I sensors-hal: handle_sns_client_event:44, ambient_light_event: ts=45098683252876, event=91.000000
05-22 09:49:45.915 984 23808 I sensors-hal: handle_sns_client_event:44, ambient_light_event: ts=45098683500793, event=91.000000
05-22 09:49:45.941 1290 1310 W System : A resource failed to call close.
05-22 09:49:45.943 1290 1779 W PackageSettings: -- writeStateForUserSyncLPr(0)
05-22 09:49:45.991 1290 2334 W system_server: Long monitor contention with owner ActivityManager (1704) at void com.android.server.am.ActivityManagerService$MainHandler.handleMessage(android.os.Message)(ActivityManagerService.java:2196) waiters=0 in void com.android.server.am.ActivityManagerService$AppDeathRecipient.binderDied() for 166ms
05-22 09:49:45.991 1395 1460 W cutils : Expected path /data/data/org.qtproject.example.spectrum with mode 700 but found 711
05-22 09:49:46.000 27479 27479 I GOS:MainIntentService: onDestroy
05-22 09:49:46.014 984 23808 I sensors-hal: handle_sns_client_event:44, ambient_light_event: ts=45098783253657, event=91.000000
05-22 09:49:46.015 984 23808 I sensors-hal: handle_sns_client_event:44, ambient_light_event: ts=45098783502876, event=91.000000
05-22 09:49:46.034 1290 1779 D AASA_ASKSManager_RESTRICTED: There is no restricted rule.
05-22 09:49:46.034 1290 1779 W PackageInformation: PackageInfo in info_list
05-22 09:49:46.035 1290 1779 D PackageManager: Skip dexopt
05-22 09:49:46.035 1290 1779 D SPEG : Feature is disabled for existing app
05-22 09:49:46.039 1290 1779 D PackageManager: isLocaleOptimizedPackage() - Non optimized app: org.qtproject.example.spectrum. Proceed with normal install
05-22 09:49:46.041 1290 1779 I AppsFilter: interaction: PackageSetting{109419e org.qtproject.example.camera/10241} -> PackageSetting{871a0aa org.qtproject.example.spectrum/10253} BLOCKED
05-22 09:49:46.041 1290 1779 I AppsFilter: interaction: PackageSetting{8e59495 org.qtproject.example.hellogles3/10257} -> PackageSetting{871a0aa org.qtproject.example.spectrum/10253} BLOCKED
05-22 09:49:46.060 1290 1779 D SystemFileBackupManager: Already scheduled
05-22 09:49:46.062 1290 1779 I ActivityManager: Force stopping org.qtproject.example.spectrum appid=10253 user=0: pkg removed
05-22 09:49:46.066 1290 1779 I ActivityManager: Killing 25256:com.samsung.android.app.routines/u0a47 (adj 999): empty #19
05-22 09:49:46.075 1290 1717 I libprocessgroup: Successfully killed process cgroup uid 10047 pid 25256 in 5ms
05-22 09:49:46.089 1290 1779 I ActivityManager: broadcastAllowList remove BroadcastFilter{fb2d27e 10244/u0 ReceiverList{64c5c39 26429 com.google.android.apps.docs/10244/u0 remote:4715c00}}
05-22 09:49:46.094 1290 1919 D OverlayManager: reconcileSettingsForPackage pkgName=org.qtproject.example.spectrum userId=0
05-22 09:49:46.094 1290 1919 I OverlayManager: updateOverlaysForTarget() called with: targetPackage = [org.qtproject.example.spectrum], userId = [0], flags = [2]
05-22 09:49:46.096 873 873 I Zygote : Process 25256 exited due to signal 9 (Killed)
05-22 09:49:46.097 1290 1703 I SGM:GameManager: PkgUpdateReceiver, onReceive action =android.intent.action.PACKAGE_REMOVED changingUserId =0
05-22 09:49:46.097 1290 1703 I SGM:GameManager: PkgUpdateReceiver, onPackageRemoved : org.qtproject.example.spectrum userHandle : UserHandle{0} userID : 0
05-22 09:49:46.104 1290 1981 D SGM:GosNotifyThread: notifyPackageChangedToGos(), before send intent to GOS. type:15, changeType: 1, pkgName:org.qtproject.example.spectrum, userHandleId:0
05-22 09:49:46.104 1290 1981 D SGM:GosNotifyThread: notifyPackageChangedToGos(), Sending is blocked because it is not an uninstall event monitored app
05-22 09:49:46.110 2551 8262 D SemCarrierFeature: [get] phoneId should be 0 or 1
05-22 09:49:46.110 1290 1703 D MetaDataCollector: onReceive: begin action=android.intent.action.PACKAGE_REMOVED
05-22 09:49:46.110 1290 1703 D MetaDataCollector: onReceive: done pkgName=org.qtproject.example.spectrum
05-22 09:49:46.112 2551 2551 I VvmPkgInstalledRcvr: onReceive(): android.intent.action.PACKAGE_REMOVED
05-22 09:49:46.115 2551 2551 I VvmPkgInstalledRcvr: packageName: org.qtproject.example.spectrum, systemDialer: com.samsung.android.dialer
05-22 09:49:46.115 984 23808 I sensors-hal: handle_sns_client_event:44, ambient_light_event: ts=45098883512616, event=91.000000
05-22 09:49:46.116 2684 2684 V MediaPlayerList: mPackageChangedBroadcastReceiver: action: android.intent.action.PACKAGE_REMOVED
05-22 09:49:46.116 1290 1948 D SEP_UNION_SemDeviceInfoManagerService: onReceive : android.intent.action.PACKAGE_REMOVED, userId = 0
05-22 09:49:46.116 1290 3496 I Telecom:SamsungTelecomServiceImpl: getCallCapablePhoneAccounts - includeDisabledAccounts : false / callingPackage : com.android.phone / callingUser : UserHandle{0} / hasCrossUserAccess : true
05-22 09:49:46.117 3034 3106 I PackageInfoManager_FLP: action : ACTION_PACKAGE_REMOVED, packageName = org.qtproject.example.spectrum
05-22 09:49:46.118 2551 2551 I VvmPkgInstalledRcvr: capablePhoneAccounts : [ComponentInfo{com.android.phone/com.android.services.telephony.TelephonyConnectionService}, E, UserHandle{0}]
05-22 09:49:46.118 2551 2551 I VvmPkgInstalledRcvr: capablePhoneAccounts.size : 1
05-22 09:49:46.118 1290 1704 I ActivityManager: com.samsung.android.bbc.bbcagent is exempt from freezer
05-22 09:49:46.118 1290 1704 D CompatibilityChangeReporter: Compat change id reported: 135634846; UID 1000; state: DISABLED
05-22 09:49:46.119 1290 1704 D CompatibilityChangeReporter: Compat change id reported: 177438394; UID 1000; state: DISABLED
05-22 09:49:46.119 1290 1704 D CompatibilityChangeReporter: Compat change id reported: 135772972; UID 1000; state: DISABLED
05-22 09:49:46.119 1290 1704 D CompatibilityChangeReporter: Compat change id reported: 135754954; UID 1000; state: ENABLED
05-22 09:49:46.119 1290 3496 I Telecom:SamsungTelecomServiceImpl: getCallCapablePhoneAccounts - includeDisabledAccounts : false / callingPackage : com.android.phone / callingUser : UserHandle{0} / hasCrossUserAccess : true
05-22 09:49:46.120 2551 2551 I VvmPkgInstalledRcvr: phoneAccountHandle : ComponentInfo{com.android.phone/com.android.services.telephony.TelephonyConnectionService}, E, UserHandle{0}
05-22 09:49:46.120 2551 2551 I VvmPkgInstalledRcvr: pinnedTelephonyManager : null
05-22 09:49:46.120 2551 2551 E VvmPkgInstalledRcvr: cannot create TelephonyManager from ComponentInfo{com.android.phone/com.android.services.telephony.TelephonyConnectionService}, E, UserHandle{0}
05-22 09:49:46.120 2551 2551 I Telephony: SamsungTuiRelayReceiver: registerWhoWhoPackageRemovedEvents
05-22 09:49:46.120 2551 2551 I Telephony: SamsungTuiRelayReceiver: registerCallBGProviderPackageRemovedEvents
05-22 09:49:46.120 2551 2551 I Telephony: SamsungTuiRelayReceiver: sendRelayIntentForCallBG
05-22 09:49:46.121 1290 1965 I InputReader: Reconfiguring input devices, changes=KEYBOARD_LAYOUTS
05-22 09:49:46.121 3411 3411 W MediaProvider: WorkProfileOwnerApps cache is empty
05-22 09:49:46.124 2254 2254 D ControlsListingControllerImpl: ServiceConfig reloaded, count: 0
05-22 09:49:46.124 1290 1675 I Pointer : Device Changed: Input Device 4: qpnp_pon
05-22 09:49:46.124 1290 1675 I Pointer : Descriptor: fb60d4f4370f5dbe8267b63d38dea852987571ab
05-22 09:49:46.124 1290 1675 I Pointer : Generation: 325
05-22 09:49:46.124 1290 1675 I Pointer : Location: built-in
05-22 09:49:46.124 1290 1675 I Pointer : Keyboard Type: non-alphabetic
05-22 09:49:46.124 1290 1675 I Pointer : Has Vibrator: false
05-22 09:49:46.124 1290 1675 I Pointer : Has Sensor: false
05-22 09:49:46.124 1290 1675 I Pointer : Has battery: false
05-22 09:49:46.124 1290 1675 I Pointer : Has mic: false
05-22 09:49:46.124 1290 1675 I Pointer : USI Version: null
05-22 09:49:46.124 1290 1675 I Pointer : Sources: 0x101 ( keyboard )
05-22 09:49:46.124 1290 1675 I Pointer : Device Changed: Input Device 2: chipone-tddi
05-22 09:49:46.124 1290 1675 I Pointer : Descriptor: 93e5de292b7fd3af75f1bfb74d1723edcbc2ebee
05-22 09:49:46.124 1290 1675 I Pointer : Generation: 324
05-22 09:49:46.124 1290 1675 I Pointer : Location: built-in
05-22 09:49:46.124 1290 1675 I Pointer : Keyboard Type: non-alphabetic
05-22 09:49:46.124 1290 1675 I Pointer : Has Vibrator: false
05-22 09:49:46.124 1290 1675 I Pointer : Has Sensor: false
05-22 09:49:46.124 1290 1675 I Pointer : Has battery: false
05-22 09:49:46.124 1290 1675 I Pointer : Has mic: false
05-22 09:49:46.124 1290 1675 I Pointer : USI Version: null
05-22 09:49:46.124 1290 1675 I Pointer : Sources: 0x1103 ( keyboard touchscreen )
05-22 09:49:46.124 1290 1675 I Pointer : AXIS_X: source=0x1002 min=0.0 max=1919.0 flat=0.0 fuzz=0.0 resolution=0.0
05-22 09:49:46.124 1290 1675 I Pointer : AXIS_Y: source=0x1002 min=0.0 max=1199.0 flat=0.0 fuzz=0.0 resolution=0.0
05-22 09:49:46.124 1290 1675 I Pointer : AXIS_PRESSURE: source=0x1002 min=0.0 max=1.0 flat=0.0 fuzz=0.0 resolution=0.0
05-22 09:49:46.124 1290 1675 I Pointer : AXIS_SIZE: source=0x1002 min=0.0 max=1.0 flat=0.0 fuzz=0.0 resolution=0.0
05-22 09:49:46.124 1290 1675 I Pointer : AXIS_TOUCH_MAJOR: source=0x1002 min=0.0 max=2264.1555 flat=0.0 fuzz=0.0 resolution=0.0
05-22 09:49:46.124 1290 1675 I Pointer : AXIS_TOUCH_MINOR: source=0x1002 min=0.0 max=2264.1555 flat=0.0 fuzz=0.0 resolution=0.0
05-22 09:49:46.124 1290 1675 I Pointer : AXIS_TOOL_MAJOR: source=0x1002 min=0.0 max=2264.1555 flat=0.0 fuzz=0.0 resolution=0.0
05-22 09:49:46.124 1290 1675 I Pointer : AXIS_TOOL_MINOR: source=0x1002 min=0.0 max=2264.1555 flat=0.0 fuzz=0.0 resolution=0.0
05-22 09:49:46.124 1290 1675 I Pointer : Device Changed: Input Device 6: holi-qrdsku1-snd-card Button Jack
05-22 09:49:46.124 1290 1675 I Pointer : Descriptor: 75b43ea78eea900cb4006a6c5642bfc652b8f755
05-22 09:49:46.124 1290 1675 I Pointer : Generation: 322
05-22 09:49:46.124 1290 1675 I Pointer : Location: built-in
05-22 09:49:46.124 1290 1675 I Pointer : Keyboard Type: non-alphabetic
05-22 09:49:46.124 1290 1675 I Pointer : Has Vibrator: false
05-22 09:49:46.124 1290 1675 I Pointer : Has Sensor: false
05-22 09:49:46.124 1290 1675 I Pointer : Has battery: false
05-22 09:49:46.124 1290 1675 I Pointer : Has mic: false
05-22 09:49:46.124 1290 1675 I Pointer : USI Version: null
05-22 09:49:46.124 1290 1675 I Pointer : Sources: 0x101 ( keyboard )
05-22 09:49:46.124 15108 15108 I GsaVoiceInteractionSrv: (REDACTED) O received %s
05-22 09:49:46.124 1290 1675 I Pointer : Device Changed: Input Device 3: gpio-keys
05-22 09:49:46.124 1290 1675 I Pointer : Descriptor: 485d69228e24f5e46da1598745890b214130dbc4
05-22 09:49:46.124 1290 1675 I Pointer : Generation: 323
05-22 09:49:46.124 1290 1675 I Pointer : Location: built-in
05-22 09:49:46.124 1290 1675 I Pointer : Keyboard Type: non-alphabetic
05-22 09:49:46.124 1290 1675 I Pointer : Has Vibrator: false
05-22 09:49:46.124 1290 1675 I Pointer : Has Sensor: false
05-22 09:49:46.124 1290 1675 I Pointer : Has battery: false
05-22 09:49:46.124 1290 1675 I Pointer : Has mic: false
05-22 09:49:46.124 1290 1675 I Pointer : USI Version: null
05-22 09:49:46.124 1290 1675 I Pointer : Sources: 0x101 ( keyboard )
05-22 09:49:46.125 2254 2254 D Navbar.Store: handleEvent(0) OnPackageRemoved(packageName=org.qtproject.example.spectrum) [Module] NavBarStoreImpl
05-22 09:49:46.125 2254 2254 D Navbar.Store: --[Band]TASKBAR_PACK_PACKAGE_REMOVED
05-22 09:49:46.125 2254 2254 D Navbar.Store: --[Band]REMOTE_VIEW_PACK_PACKAGE_REMOVED
05-22 09:49:46.125 2254 2254 D TileServices: mUninstallReceiver onReceive = Intent { act=android.intent.action.PACKAGE_REMOVED dat=package: flg=0x4000010 (has extras) }
05-22 09:49:46.128 24024 24024 I HBD : c currentConnectionState : false
05-22 09:49:46.128 24024 24024 I HBD : c currentConnectionState : false
05-22 09:49:46.128 24024 24024 I HBD : c currentConnectionState : false
05-22 09:49:46.128 24024 24024 I HBD : c currentConnectionState : false
05-22 09:49:46.128 1290 1948 D ActivityManager: Received BROADCAST intent 0xed59bc0 Key{broadcastIntent pkg=com.android.systemui intent=act=com.samsung.android.app.edgelighting.PACKAGE_REMOVED cmp=com.android.systemui/.edgelighting.EdgeLightingReceiver$1 flags=0x2000000 u=0} requestCode=0 sent=0 from uid 1000
05-22 09:49:46.128 1290 1948 D SEP_UNION_SemDeviceInfoManagerService: Send intent com.samsung.android.app.edgelighting.PACKAGE_REMOVED, userId: 0 by broadcast
05-22 09:49:46.129 873 873 D Zygote : Forked child process 27570
05-22 09:49:46.130 2254 2254 D SPluginManagerImpl: onReceive: android.intent.action.PACKAGE_REMOVED, size:{com.android.systemui.slimindicator.SlimIndicatorPluginMediator@952263=SPluginInstanceManager@38464017 (action=com.samsung.systemui.action.SPLUGIN_SLIMINDICATOR), com.android.systemui.volume.VolumeStarInteractor$start$1@4ec2969=SPluginInstanceManager@123537270 (action=com.samsung.systemui.volume.PLUGIN), com.android.systemui.noticenter.NotiCenterPlugin$NotiCenterPluginListener@5c6849a=SPluginInstanceManager@103174519 (action=com.samsung.systemui.action.PLUGIN_NOTICENTER), com.android.systemui.lockstar.PluginLockStarManager@6c81870=SPluginInstanceManager@70066660 (action=com.samsung.systemui.action.PLUGIN_LOCK_STAR), com.samsung.android.systemui.multistar.MultiStarManager$2@8f71371=SPluginInstanceManager@31659597 (action=com.samsung.systemui.action.PLUGIN_MULTISTAR), com.android.systemui.navigationbar.plugin.PluginBarInteractionManager$pluginListener$1@a22dbb8=SPluginInstanceManager@185214210 (action=com.samsung.systemui.navigationbar.PLUGIN), com.android.systemui.pluginlock.PluginLockMediatorImpl@e4da9f3=SPluginInstanceManager@203722259 (action=com.samsung.systemui.action.PLUGIN_LOCK)}
05-22 09:49:46.130 2254 2254 D KeyguardUpdateMonitor: received broadcast android.intent.action.PACKAGE_REMOVED
05-22 09:49:46.131 1290 1705 I ActivityManager: Start proc 27570:com.samsung.android.bbc.bbcagent/1000 for broadcast {com.samsung.android.bbc.bbcagent/com.samsung.android.bbc.bbcagent.bbccontroller.receiver.PackageEventReceiver}
05-22 09:49:46.132 2254 2254 D FaceWidgetMusicViewModel: onPackageRemoved() pkg = org.qtproject.example.spectrum, r = true
05-22 09:49:46.132 2254 2254 D FaceWidgetMetadataParser: removePackage() key = org.qtproject.example.spectrum
05-22 09:49:46.135 1290 1779 D CompatibilityChangeReporter: Compat change id reported: 168419799; UID 10253; state: DISABLED
05-22 09:49:46.135 1290 1779 D CompatibilityChangeReporter: Compat change id reported: 273564678; UID 10253; state: DISABLED
05-22 09:49:46.138 1290 1779 I ActivityManager: broadcastAllowList remove BroadcastFilter{fb2d27e 10244/u0 ReceiverList{64c5c39 26429 com.google.android.apps.docs/10244/u0 remote:4715c00}}
05-22 09:49:46.138 1290 1779 I ActivityManager: broadcastAllowList remove BroadcastFilter{4f26738 10077/u0 ReceiverList{c52c79b 26362 com.microsoft.skydrive/10077/u0 remote:f5eafaa}}
05-22 09:49:46.143 27570 27570 I id.bbc.bbcagent: Using CollectorTypeCC GC.
05-22 09:49:46.147 27570 27570 E id.bbc.bbcagent: Not starting debugger since process cannot load the jdwp agent.
05-22 09:49:46.148 1290 1290 I ActivityManager: com.android.keychain is exempt from freezer
05-22 09:49:46.152 27570 27570 D ActivityThread: setConscryptValidator
05-22 09:49:46.152 27570 27570 D ActivityThread: setConscryptValidator - put
05-22 09:49:46.158 1290 2848 D CompatibilityChangeReporter: Compat change id reported: 168419799; UID 1000; state: DISABLED
05-22 09:49:46.159 1290 2848 D CompatibilityChangeReporter: Compat change id reported: 273564678; UID 1000; state: DISABLED
05-22 09:49:46.158 873 873 D Zygote : Forked child process 27585
05-22 09:49:46.162 1290 1674 D LocationManagerService: package org.qtproject.example.spectrum reset
05-22 09:49:46.163 1290 1290 I Telecom : CarModeTracker: Package org.qtproject.example.spectrum is not tracked.: SSH.oR@AKw
05-22 09:49:46.164 1290 1290 I Telecom : InCallController: updateCarModeForConnections: car mode apps: : SSH.oR@AKw
05-22 09:49:46.164 1290 1290 I Telecom : InCallController: update carmode current:UserHandle{0} parent:null: SSH.oR@AKw
05-22 09:49:46.165 1290 2255 I Pageboost: remove app @ runtime : org.qtproject.example.spectrum
05-22 09:49:46.167 1290 1705 I ActivityManager: Start proc 27585:com.android.keychain/1000 for service {com.android.keychain/com.android.keychain.KeyChainService}
05-22 09:49:46.167 27570 27570 D CompatibilityChangeReporter: Compat change id reported: 171979766; UID 1000; state: ENABLED
05-22 09:49:46.168 27570 27570 D CompatibilityChangeReporter: Compat change id reported: 242716250; UID 1000; state: DISABLED
05-22 09:49:46.169 27585 27585 I ndroid.keychain: Using CollectorTypeCC GC.
05-22 09:49:46.171 1290 1678 D CompatibilityChangeReporter: Compat change id reported: 261072174; UID 1000; state: ENABLED
05-22 09:49:46.177 27585 27585 E ndroid.keychain: Not starting debugger since process cannot load the jdwp agent.
05-22 09:49:46.179 27570 27570 W id.bbc.bbcagent: ClassLoaderContext shared library size mismatch. Expected=1, found=0 (PCL[]{PCL[/system/framework/knoxsdk.jar*734230680]} | PCL[])
05-22 09:49:46.181 27585 27585 D ActivityThread: setConscryptValidator
05-22 09:49:46.181 27585 27585 D ActivityThread: setConscryptValidator - put
05-22 09:49:46.188 27570 27570 W id.bbc.bbcagent: ClassLoaderContext shared library size mismatch. Expected=1, found=0 (PCL[]{PCL[/system/framework/com.samsung.bbc.jar*3648092055]{PCL[/system/framework/knoxsdk.jar*734230680]}} | PCL[]{PCL[/system/framework/com.samsung.bbc.jar*3648092055]})
05-22 09:49:46.191 1290 1779 I ActivityManager: broadcastAllowList remove BroadcastFilter{4f26738 10077/u0 ReceiverList{c52c79b 26362 com.microsoft.skydrive/10077/u0 remote:f5eafaa}}
05-22 09:49:46.203 1290 4239 D CompatibilityChangeReporter: Compat change id reported: 168419799; UID 1000; state: DISABLED
05-22 09:49:46.203 1290 4239 D CompatibilityChangeReporter: Compat change id reported: 273564678; UID 1000; state: DISABLED
05-22 09:49:46.207 1290 3904 D VpnManagerService: Exception: java.lang.NullPointerException: Attempt to invoke interface method 'int com.samsung.android.knox.zt.networktrust.filter.IKnoxNetworkFilterService.getKnoxNwFilterHttpProxyPort(int, java.lang.String)' on a null object reference
05-22 09:49:46.207 1290 3904 D VpnManagerService: at com.android.server.VpnManagerService.getKnoxNwFilterHttpProxyPort(VpnManagerService.java:1911)
05-22 09:49:46.207 1290 3904 D VpnManagerService: at android.net.IVpnManager$Stub.onTransact(IVpnManager.java:1055)
05-22 09:49:46.207 1290 3904 D VpnManagerService: at android.os.Binder.execTransactInternal(Binder.java:1375)
05-22 09:49:46.207 1290 3904 D VpnManagerService: at android.os.Binder.execTransact(Binder.java:1311)
05-22 09:49:46.210 27585 27585 D CompatibilityChangeReporter: Compat change id reported: 171979766; UID 1000; state: ENABLED
05-22 09:49:46.210 27585 27585 D CompatibilityChangeReporter: Compat change id reported: 242716250; UID 1000; state: ENABLED
05-22 09:49:46.213 27585 27585 W ziparchive: Unable to open '/system/framework/knoxsdk.dm': No such file or directory
05-22 09:49:46.213 27585 27585 W ziparchive: Unable to open '/system/framework/knoxsdk.dm': No such file or directory
05-22 09:49:46.214 984 23808 I sensors-hal: handle_sns_client_event:44, ambient_light_event: ts=45098983501574, event=91.000000
