05-22 09:49:53.490 1290 2009 D RestrictionPolicy: userId: 0, isMicrophoneEnabledAsUser : true
05-22 09:49:53.491 1290 2009 I EDMNativeHelperService: isAudioRecordAllowed
05-22 09:49:53.491 1290 2009 D RestrictionPolicy: userId: 0 isAudioRecordAllowed : true
05-22 09:49:53.492 1154 1906 V APM_AudioPolicyManager: getInputForAttr found device type is 0x80000004
05-22 09:49:53.492 1154 1906 I MultiRecordManager: openMultiRecordAllowed() skipMultiRecord 1, openMultiRecordAllowed 0, moduleName primary, source 1, flag 0x1
05-22 09:49:53.492 1154 1906 I MultiRecordManager: openInputStream() skipMultiRecord
05-22 09:49:53.492 954 27944 D audio_hw_primary: adev_open_input_stream: enter: sample_rate(32000) channel_mask(0xc) devices(0x80000004) stream_handle(0xf4bd9a00) io_handle(590) source(1) format 1
05-22 09:49:53.492 954 27944 W audio_hw_utils: audio_extn_utils_update_stream_input_app_type_cfg: App type could not be selected. Falling back to default
05-22 09:49:53.494 1154 27966 I AudioFlinger: AudioFlinger's thread 0xb400007b3bc55200 tid=27966 ready to run
05-22 09:49:53.494 954 954 D audio_hw_primary: in_standby: enter: stream (0xf4bd9a00) usecase(23: audio-record)
05-22 09:49:53.495 1154 1906 V APM_AudioPolicyManager: getInputForAttr() returns input 590 type 0 selectedDeviceId 9 for port ID 161
05-22 09:49:53.496 954 954 D audio_hw_primary: in_standby: enter: stream (0xf4bd9a00) usecase(23: audio-record)
05-22 09:49:53.498 1154 1906 W AudioFlinger: createRecordTrack_l(): mismatch between requested flags (00000005) and input flags (00000001)
05-22 09:49:53.498 1154 1906 V APM_AudioPolicyManager: releaseInput portId 161
05-22 09:49:53.498 1154 1906 V APM_AudioPolicyManager: releaseInput 590
05-22 09:49:53.498 1154 1906 V APM_AudioPolicyManager: closeInput(590)
05-22 09:49:53.501 1154 1906 I MultiRecordManager: closeInputStream() skipMultiRecord
05-22 09:49:53.501 954 954 D audio_hw_primary: adev_close_input_stream: enter:stream_handle(0xf4bd9a00)
05-22 09:49:53.501 954 954 D audio_hw_primary: in_standby: enter: stream (0xf4bd9a00) usecase(23: audio-record)
05-22 09:49:53.502 1154 1906 V APM_AudioPolicyManager: releaseInput exit
05-22 09:49:53.508 1154 1906 V APM_AudioPolicyManager: getInputForAttr() source 0, sampling rate 32000, format 0x3, channel mask 0x80000004, session 481, flags 0 attributes={ Content type: AUDIO_CONTENT_TYPE_UNKNOWN Usage: AUDIO_USAGE_UNKNOWN Source: AUDIO_SOURCE_DEFAULT Flags: 0x0 Tags: } requested device ID 0
05-22 09:49:53.509 1290 2009 I EDMNativeHelperService: isMicrophoneEnabled
05-22 09:49:53.509 1290 2009 D RestrictionPolicy: userId: 0, isMicrophoneEnabledAsUser : true
05-22 09:49:53.510 1290 2009 I EDMNativeHelperService: isAudioRecordAllowed
05-22 09:49:53.510 1290 2009 D RestrictionPolicy: userId: 0 isAudioRecordAllowed : true
05-22 09:49:53.511 1154 1906 V APM_AudioPolicyManager: getInputForAttr found device type is 0x80000004
05-22 09:49:53.511 1154 1906 I MultiRecordManager: openMultiRecordAllowed() skipMultiRecord 1, openMultiRecordAllowed 0, moduleName primary, source 1, flag 0
05-22 09:49:53.511 1154 1906 I MultiRecordManager: openInputStream() skipMultiRecord
05-22 09:49:53.511 954 27944 D audio_hw_primary: adev_open_input_stream: enter: sample_rate(32000) channel_mask(0xc) devices(0x80000004) stream_handle(0xf4ac1f00) io_handle(598) source(1) format 1
05-22 09:49:53.513 1154 27968 I AudioFlinger: AudioFlinger's thread 0xb400007b3bc55d80 tid=27968 ready to run
05-22 09:49:53.513 954 954 D audio_hw_primary: in_standby: enter: stream (0xf4ac1f00) usecase(23: audio-record)
05-22 09:49:53.514 1154 1906 V APM_AudioPolicyManager: getInputForAttr() returns input 598 type 0 selectedDeviceId 9 for port ID 163
05-22 09:49:53.514 984 23808 I sensors-hal: handle_sns_client_event:44, ambient_light_event: ts=45106283259751, event=353.000000
05-22 09:49:53.514 984 23808 I sensors-hal: handle_sns_client_event:44, ambient_light_event: ts=45106283499595, event=353.000000
05-22 09:49:53.515 954 954 D audio_hw_primary: in_standby: enter: stream (0xf4ac1f00) usecase(23: audio-record)
05-22 09:49:53.528 1154 25592 V APM_AudioPolicyManager: releaseInput portId 163
05-22 09:49:53.528 1154 25592 V APM_AudioPolicyManager: releaseInput 598
05-22 09:49:53.528 1154 25592 V APM_AudioPolicyManager: closeInput(598)
05-22 09:49:53.531 1154 25592 I MultiRecordManager: closeInputStream() skipMultiRecord
05-22 09:49:53.532 1154 25592 V APM_AudioPolicyManager: releaseInput exit
05-22 09:49:53.535 954 954 D audio_hw_primary: adev_close_input_stream: enter:stream_handle(0xf4ac1f00)
05-22 09:49:53.535 954 954 D audio_hw_primary: in_standby: enter: stream (0xf4ac1f00) usecase(23: audio-record)
05-22 09:49:53.538 1154 25592 D audioserver: FGS Logger Transaction failed
05-22 09:49:53.538 1154 25592 D audioserver: -129
05-22 09:49:53.583 1154 25592 V APM_AudioPolicyManager: getInputForAttr() source 0, sampling rate 44100, format 0x3, channel mask 0x80000004, session 489, flags 0x5 attributes={ Content type: AUDIO_CONTENT_TYPE_UNKNOWN Usage: AUDIO_USAGE_UNKNOWN Source: AUDIO_SOURCE_DEFAULT Flags: 0x0 Tags: } requested device ID 0
05-22 09:49:53.584 1290 4242 I EDMNativeHelperService: isMicrophoneEnabled
05-22 09:49:53.584 1290 4242 D RestrictionPolicy: userId: 0, isMicrophoneEnabledAsUser : true
05-22 09:49:53.585 1290 4242 I EDMNativeHelperService: isAudioRecordAllowed
05-22 09:49:53.586 1290 4242 D RestrictionPolicy: userId: 0 isAudioRecordAllowed : true
05-22 09:49:53.586 1154 25592 V APM_AudioPolicyManager: getInputForAttr found device type is 0x80000004
05-22 09:49:53.586 1154 25592 I MultiRecordManager: openMultiRecordAllowed() skipMultiRecord 1, openMultiRecordAllowed 0, moduleName primary, source 1, flag 0x1
05-22 09:49:53.586 1154 25592 I MultiRecordManager: openInputStream() skipMultiRecord
05-22 09:49:53.587 954 954 D audio_hw_primary: adev_open_input_stream: enter: sample_rate(44100) channel_mask(0xc) devices(0x80000004) stream_handle(0xf4ac1f00) io_handle(606) source(1) format 1
05-22 09:49:53.587 954 954 W audio_hw_utils: audio_extn_utils_update_stream_input_app_type_cfg: App type could not be selected. Falling back to default
05-22 09:49:53.589 1154 27972 I AudioFlinger: AudioFlinger's thread 0xb400007b3bc55ec0 tid=27972 ready to run
05-22 09:49:53.589 954 954 D audio_hw_primary: in_standby: enter: stream (0xf4ac1f00) usecase(23: audio-record)
05-22 09:49:53.589 1154 25592 V APM_AudioPolicyManager: getInputForAttr() returns input 606 type 0 selectedDeviceId 9 for port ID 165
05-22 09:49:53.592 1154 25592 W AudioFlinger: createRecordTrack_l(): mismatch between requested flags (00000005) and input flags (00000001)
05-22 09:49:53.592 1154 25592 V APM_AudioPolicyManager: releaseInput portId 165
05-22 09:49:53.592 1154 25592 V APM_AudioPolicyManager: releaseInput 606
05-22 09:49:53.592 1154 25592 V APM_AudioPolicyManager: closeInput(606)
05-22 09:49:53.593 954 954 D audio_hw_primary: in_standby: enter: stream (0xf4ac1f00) usecase(23: audio-record)
05-22 09:49:53.597 1154 25592 I MultiRecordManager: closeInputStream() skipMultiRecord
05-22 09:49:53.597 954 954 D audio_hw_primary: adev_close_input_stream: enter:stream_handle(0xf4ac1f00)
05-22 09:49:53.597 954 954 D audio_hw_primary: in_standby: enter: stream (0xf4ac1f00) usecase(23: audio-record)
05-22 09:49:53.598 1154 25592 V APM_AudioPolicyManager: releaseInput exit
05-22 09:49:53.603 1154 25592 V APM_AudioPolicyManager: getInputForAttr() source 0, sampling rate 44100, format 0x3, channel mask 0x80000004, session 489, flags 0 attributes={ Content type: AUDIO_CONTENT_TYPE_UNKNOWN Usage: AUDIO_USAGE_UNKNOWN Source: AUDIO_SOURCE_DEFAULT Flags: 0x0 Tags: } requested device ID 0
05-22 09:49:53.603 1290 2009 I EDMNativeHelperService: isMicrophoneEnabled
05-22 09:49:53.604 1290 2009 D RestrictionPolicy: userId: 0, isMicrophoneEnabledAsUser : true
05-22 09:49:53.605 1290 2009 I EDMNativeHelperService: isAudioRecordAllowed
05-22 09:49:53.605 1290 2009 D RestrictionPolicy: userId: 0 isAudioRecordAllowed : true
05-22 09:49:53.605 1154 25592 V APM_AudioPolicyManager: getInputForAttr found device type is 0x80000004
05-22 09:49:53.605 1154 25592 I MultiRecordManager: openMultiRecordAllowed() skipMultiRecord 1, openMultiRecordAllowed 0, moduleName primary, source 1, flag 0
05-22 09:49:53.605 1154 25592 I MultiRecordManager: openInputStream() skipMultiRecord
05-22 09:49:53.606 954 954 D audio_hw_primary: adev_open_input_stream: enter: sample_rate(44100) channel_mask(0xc) devices(0x80000004) stream_handle(0xf4ac1f00) io_handle(614) source(1) format 1
05-22 09:49:53.607 1154 27974 I AudioFlinger: AudioFlinger's thread 0xb400007b3bc55b00 tid=27974 ready to run
05-22 09:49:53.607 954 954 D audio_hw_primary: in_standby: enter: stream (0xf4ac1f00) usecase(23: audio-record)
05-22 09:49:53.608 1154 25592 V APM_AudioPolicyManager: getInputForAttr() returns input 614 type 0 selectedDeviceId 9 for port ID 167
05-22 09:49:53.609 954 954 D audio_hw_primary: in_standby: enter: stream (0xf4ac1f00) usecase(23: audio-record)
05-22 09:49:53.614 984 23808 I sensors-hal: handle_sns_client_event:44, ambient_light_event: ts=45106383258449, event=352.000000
05-22 09:49:53.614 984 23808 I sensors-hal: handle_sns_client_event:44, ambient_light_event: ts=45106383499334, event=352.000000
05-22 09:49:53.623 1154 25575 V APM_AudioPolicyManager: releaseInput portId 167
05-22 09:49:53.623 1154 25575 V APM_AudioPolicyManager: releaseInput 614
05-22 09:49:53.623 1154 25575 V APM_AudioPolicyManager: closeInput(614)
05-22 09:49:53.628 1154 25575 I MultiRecordManager: closeInputStream() skipMultiRecord
05-22 09:49:53.629 1154 25575 V APM_AudioPolicyManager: releaseInput exit
05-22 09:49:53.630 954 954 D audio_hw_primary: adev_close_input_stream: enter:stream_handle(0xf4ac1f00)
05-22 09:49:53.631 954 954 D audio_hw_primary: in_standby: enter: stream (0xf4ac1f00) usecase(23: audio-record)
05-22 09:49:53.632 1154 25575 D audioserver: FGS Logger Transaction failed
05-22 09:49:53.632 1154 25575 D audioserver: -129
05-22 09:49:53.638 1154 1227 V APM_AudioPolicyManager: getInputForAttr() source 0, sampling rate 48000, format 0x3, channel mask 0x80000004, session 497, flags 0x5 attributes={ Content type: AUDIO_CONTENT_TYPE_UNKNOWN Usage: AUDIO_USAGE_UNKNOWN Source: AUDIO_SOURCE_DEFAULT Flags: 0x0 Tags: } requested device ID 0
05-22 09:49:53.638 1290 2009 I EDMNativeHelperService: isMicrophoneEnabled
05-22 09:49:53.639 1290 2009 D RestrictionPolicy: userId: 0, isMicrophoneEnabledAsUser : true
05-22 09:49:53.639 1290 3496 I EDMNativeHelperService: isAudioRecordAllowed
05-22 09:49:53.640 1290 3496 D RestrictionPolicy: userId: 0 isAudioRecordAllowed : true
05-22 09:49:53.640 1154 1227 V APM_AudioPolicyManager: getInputForAttr found device type is 0x80000004
05-22 09:49:53.640 1154 1227 I MultiRecordManager: openMultiRecordAllowed() skipMultiRecord 1, openMultiRecordAllowed 0, moduleName primary, source 1, flag 0x1
05-22 09:49:53.640 1154 1227 I MultiRecordManager: openInputStream() skipMultiRecord
05-22 09:49:53.640 954 954 D audio_hw_primary: adev_open_input_stream: enter: sample_rate(48000) channel_mask(0xc) devices(0x80000004) stream_handle(0xf4ac1f00) io_handle(622) source(1) format 1
05-22 09:49:53.640 954 954 W audio_hw_utils: audio_extn_utils_update_stream_input_app_type_cfg: App type could not be selected. Falling back to default
05-22 09:49:53.643 1154 27978 I AudioFlinger: AudioFlinger's thread 0xb400007b3bc55600 tid=27978 ready to run
05-22 09:49:53.643 954 27944 D audio_hw_primary: in_standby: enter: stream (0xf4ac1f00) usecase(32: low-latency-record)
05-22 09:49:53.643 1154 1227 V APM_AudioPolicyManager: getInputForAttr() returns input 622 type 0 selectedDeviceId 9 for port ID 169
05-22 09:49:53.644 954 27944 D audio_hw_primary: in_standby: enter: stream (0xf4ac1f00) usecase(32: low-latency-record)
05-22 09:49:53.646 1154 1227 W AudioFlinger: createRecordTrack_l(): mismatch between requested flags (00000005) and input flags (00000001)
05-22 09:49:53.647 1154 1227 V APM_AudioPolicyManager: releaseInput portId 169
05-22 09:49:53.647 1154 1227 V APM_AudioPolicyManager: releaseInput 622
05-22 09:49:53.647 1154 1227 V APM_AudioPolicyManager: closeInput(622)
05-22 09:49:53.650 1154 1227 I MultiRecordManager: closeInputStream() skipMultiRecord
05-22 09:49:53.650 954 27944 D audio_hw_primary: adev_close_input_stream: enter:stream_handle(0xf4ac1f00)
05-22 09:49:53.650 954 27944 D audio_hw_primary: in_standby: enter: stream (0xf4ac1f00) usecase(32: low-latency-record)
05-22 09:49:53.651 1154 1227 V APM_AudioPolicyManager: releaseInput exit
05-22 09:49:53.655 1154 1227 V APM_AudioPolicyManager: getInputForAttr() source 0, sampling rate 48000, format 0x3, channel mask 0x80000004, session 497, flags 0 attributes={ Content type: AUDIO_CONTENT_TYPE_UNKNOWN Usage: AUDIO_USAGE_UNKNOWN Source: AUDIO_SOURCE_DEFAULT Flags: 0x0 Tags: } requested device ID 0
05-22 09:49:53.655 1290 4242 I EDMNativeHelperService: isMicrophoneEnabled
05-22 09:49:53.656 1290 4242 D RestrictionPolicy: userId: 0, isMicrophoneEnabledAsUser : true
05-22 09:49:53.657 1290 4242 I EDMNativeHelperService: isAudioRecordAllowed
05-22 09:49:53.657 1290 4242 D RestrictionPolicy: userId: 0 isAudioRecordAllowed : true
05-22 09:49:53.658 1154 1227 V APM_AudioPolicyManager: getInputForAttr found device type is 0x80000004
05-22 09:49:53.658 1154 1227 I MultiRecordManager: openMultiRecordAllowed() skipMultiRecord 1, openMultiRecordAllowed 0, moduleName primary, source 1, flag 0
05-22 09:49:53.658 1154 1227 I MultiRecordManager: openInputStream() skipMultiRecord
05-22 09:49:53.658 954 954 D audio_hw_primary: adev_open_input_stream: enter: sample_rate(48000) channel_mask(0xc) devices(0x80000004) stream_handle(0xf4bd9a00) io_handle(630) source(1) format 1
05-22 09:49:53.660 1154 27980 I AudioFlinger: AudioFlinger's thread 0xb400007b3bc552c0 tid=27980 ready to run
05-22 09:49:53.660 954 27944 D audio_hw_primary: in_standby: enter: stream (0xf4bd9a00) usecase(23: audio-record)
05-22 09:49:53.660 1154 1227 V APM_AudioPolicyManager: getInputForAttr() returns input 630 type 0 selectedDeviceId 9 for port ID 171
05-22 09:49:53.661 954 27944 D audio_hw_primary: in_standby: enter: stream (0xf4bd9a00) usecase(23: audio-record)
05-22 09:49:53.676 1154 8629 V APM_AudioPolicyManager: releaseInput portId 171
05-22 09:49:53.676 1154 8629 V APM_AudioPolicyManager: releaseInput 630
05-22 09:49:53.677 1154 8629 V APM_AudioPolicyManager: closeInput(630)
05-22 09:49:53.681 1154 8629 I MultiRecordManager: closeInputStream() skipMultiRecord
05-22 09:49:53.682 1154 8629 V APM_AudioPolicyManager: releaseInput exit
05-22 09:49:53.684 954 27944 D audio_hw_primary: adev_close_input_stream: enter:stream_handle(0xf4bd9a00)
05-22 09:49:53.684 954 27944 D audio_hw_primary: in_standby: enter: stream (0xf4bd9a00) usecase(23: audio-record)
05-22 09:49:53.685 1154 8629 D audioserver: FGS Logger Transaction failed
05-22 09:49:53.685 1154 8629 D audioserver: -129
05-22 09:49:53.692 1154 1906 V APM_AudioPolicyManager: getInputForAttr() source 0, sampling rate 64000, format 0x3, channel mask 0x80000004, session 505, flags 0x5 attributes={ Content type: AUDIO_CONTENT_TYPE_UNKNOWN Usage: AUDIO_USAGE_UNKNOWN Source: AUDIO_SOURCE_DEFAULT Flags: 0x0 Tags: } requested device ID 0
05-22 09:49:53.692 1290 4244 I EDMNativeHelperService: isMicrophoneEnabled
05-22 09:49:53.693 1290 4244 D RestrictionPolicy: userId: 0, isMicrophoneEnabledAsUser : true
05-22 09:49:53.693 1290 4244 I EDMNativeHelperService: isAudioRecordAllowed
05-22 09:49:53.694 1290 4244 D RestrictionPolicy: userId: 0 isAudioRecordAllowed : true
05-22 09:49:53.694 1154 1906 V APM_AudioPolicyManager: getInputForAttr found device type is 0x80000004
05-22 09:49:53.695 1154 1906 I MultiRecordManager: openMultiRecordAllowed() skipMultiRecord 1, openMultiRecordAllowed 0, moduleName primary, source 1, flag 0x1
05-22 09:49:53.695 1154 1906 I MultiRecordManager: openInputStream() skipMultiRecord
05-22 09:49:53.695 954 27944 D audio_hw_primary: adev_open_input_stream: enter: sample_rate(48000) channel_mask(0xc) devices(0x80000004) stream_handle(0xf4bd9a00) io_handle(638) source(1) format 1
05-22 09:49:53.695 954 27944 W audio_hw_utils: audio_extn_utils_update_stream_input_app_type_cfg: App type could not be selected. Falling back to default
05-22 09:49:53.697 1154 27984 I AudioFlinger: AudioFlinger's thread 0xb400007b3bc55c40 tid=27984 ready to run
05-22 09:49:53.697 954 954 D audio_hw_primary: in_standby: enter: stream (0xf4bd9a00) usecase(32: low-latency-record)
05-22 09:49:53.698 1154 1906 V APM_AudioPolicyManager: getInputForAttr() returns input 638 type 0 selectedDeviceId 9 for port ID 173
05-22 09:49:53.699 954 954 D audio_hw_primary: in_standby: enter: stream (0xf4bd9a00) usecase(32: low-latency-record)
05-22 09:49:53.701 1154 1906 W AudioFlinger: createRecordTrack_l(): mismatch between requested flags (00000005) and input flags (00000001)
05-22 09:49:53.701 1154 1906 V APM_AudioPolicyManager: releaseInput portId 173
05-22 09:49:53.701 1154 1906 V APM_AudioPolicyManager: releaseInput 638
05-22 09:49:53.701 1154 1906 V APM_AudioPolicyManager: closeInput(638)
05-22 09:49:53.705 1154 1906 I MultiRecordManager: closeInputStream() skipMultiRecord
05-22 09:49:53.706 954 954 D audio_hw_primary: adev_close_input_stream: enter:stream_handle(0xf4bd9a00)
05-22 09:49:53.706 954 954 D audio_hw_primary: in_standby: enter: stream (0xf4bd9a00) usecase(32: low-latency-record)
05-22 09:49:53.707 1154 1906 V APM_AudioPolicyManager: releaseInput exit
05-22 09:49:53.713 1154 1906 V APM_AudioPolicyManager: getInputForAttr() source 0, sampling rate 64000, format 0x3, channel mask 0x80000004, session 505, flags 0 attributes={ Content type: AUDIO_CONTENT_TYPE_UNKNOWN Usage: AUDIO_USAGE_UNKNOWN Source: AUDIO_SOURCE_DEFAULT Flags: 0x0 Tags: } requested device ID 0
05-22 09:49:53.713 1290 3496 I EDMNativeHelperService: isMicrophoneEnabled
05-22 09:49:53.714 1290 3496 D RestrictionPolicy: userId: 0, isMicrophoneEnabledAsUser : true
05-22 09:49:53.714 984 23808 I sensors-hal: handle_sns_client_event:44, ambient_light_event: ts=45106483262303, event=351.000000
05-22 09:49:53.714 984 23808 I sensors-hal: handle_sns_client_event:44, ambient_light_event: ts=45106483500064, event=351.000000
05-22 09:49:53.715 1290 4242 I EDMNativeHelperService: isAudioRecordAllowed
05-22 09:49:53.715 1290 4242 D RestrictionPolicy: userId: 0 isAudioRecordAllowed : true
05-22 09:49:53.716 1154 1906 V APM_AudioPolicyManager: getInputForAttr found device type is 0x80000004
05-22 09:49:53.716 1154 1906 I MultiRecordManager: openMultiRecordAllowed() skipMultiRecord 1, openMultiRecordAllowed 0, moduleName primary, source 1, flag 0
05-22 09:49:53.716 1154 1906 I MultiRecordManager: openInputStream() skipMultiRecord
05-22 09:49:53.716 954 954 D audio_hw_primary: adev_open_input_stream: enter: sample_rate(48000) channel_mask(0xc) devices(0x80000004) stream_handle(0xf4bd9a00) io_handle(646) source(1) format 1
05-22 09:49:53.719 1154 27986 I AudioFlinger: AudioFlinger's thread 0xb400007b3bc55080 tid=27986 ready to run
05-22 09:49:53.719 954 27944 D audio_hw_primary: in_standby: enter: stream (0xf4bd9a00) usecase(23: audio-record)
05-22 09:49:53.720 1154 1906 V APM_AudioPolicyManager: getInputForAttr() returns input 646 type 0 selectedDeviceId 9 for port ID 175
05-22 09:49:53.721 954 27944 D audio_hw_primary: in_standby: enter: stream (0xf4bd9a00) usecase(23: audio-record)
05-22 09:49:53.730 1154 25570 V APM_AudioPolicyManager: releaseInput portId 175
05-22 09:49:53.730 1154 25570 V APM_AudioPolicyManager: releaseInput 646
05-22 09:49:53.730 1154 25570 V APM_AudioPolicyManager: closeInput(646)
05-22 09:49:53.733 1154 25570 I MultiRecordManager: closeInputStream() skipMultiRecord
05-22 09:49:53.734 1154 25570 V APM_AudioPolicyManager: releaseInput exit
05-22 09:49:53.736 954 27944 D audio_hw_primary: adev_close_input_stream: enter:stream_handle(0xf4bd9a00)
05-22 09:49:53.736 954 27944 D audio_hw_primary: in_standby: enter: stream (0xf4bd9a00) usecase(23: audio-record)
05-22 09:49:53.737 1154 25570 D audioserver: FGS Logger Transaction failed
05-22 09:49:53.737 1154 25570 D audioserver: -129
05-22 09:49:53.753 1290 4437 D SemWifiUsabilityStatsMonitor: onWifiUsabilityStats - seqNum 307, isSameBssidAndFreq true
05-22 09:49:53.754 1290 2165 I SemWifiLinkQualityMonitor: Unreliable statistics: 1 / 201 / 12 / 0 || QoS: 0.00 ms / 0.00 Mbps (N) / 0 (0)
05-22 09:49:53.787 1154 1905 V APM_AudioPolicyManager: getInputForAttr() source 0, sampling rate 88200, format 0x3, channel mask 0x80000004, session 513, flags 0x5 attributes={ Content type: AUDIO_CONTENT_TYPE_UNKNOWN Usage: AUDIO_USAGE_UNKNOWN Source: AUDIO_SOURCE_DEFAULT Flags: 0x0 Tags: } requested device ID 0
05-22 09:49:53.788 1290 3496 I EDMNativeHelperService: isMicrophoneEnabled
05-22 09:49:53.788 1290 3496 D RestrictionPolicy: userId: 0, isMicrophoneEnabledAsUser : true
05-22 09:49:53.788 1290 3496 I EDMNativeHelperService: isAudioRecordAllowed
05-22 09:49:53.789 1290 3496 D RestrictionPolicy: userId: 0 isAudioRecordAllowed : true
05-22 09:49:53.789 1154 1905 V APM_AudioPolicyManager: getInputForAttr found device type is 0x80000004
05-22 09:49:53.790 1154 1905 I MultiRecordManager: openMultiRecordAllowed() skipMultiRecord 1, openMultiRecordAllowed 0, moduleName primary, source 1, flag 0x1
05-22 09:49:53.790 1154 1905 I MultiRecordManager: openInputStream() skipMultiRecord
05-22 09:49:53.790 954 954 D audio_hw_primary: adev_open_input_stream: enter: sample_rate(48000) channel_mask(0xc) devices(0x80000004) stream_handle(0xf4bda180) io_handle(654) source(1) format 1
05-22 09:49:53.790 954 954 W audio_hw_utils: audio_extn_utils_update_stream_input_app_type_cfg: App type could not be selected. Falling back to default
05-22 09:49:53.793 1154 27990 I AudioFlinger: AudioFlinger's thread 0xb400007b3d8b7d80 tid=27990 ready to run
05-22 09:49:53.793 954 27944 D audio_hw_primary: in_standby: enter: stream (0xf4bda180) usecase(32: low-latency-record)
05-22 09:49:53.794 1154 1905 V APM_AudioPolicyManager: getInputForAttr() returns input 654 type 0 selectedDeviceId 9 for port ID 177
05-22 09:49:53.795 954 27944 D audio_hw_primary: in_standby: enter: stream (0xf4bda180) usecase(32: low-latency-record)
05-22 09:49:53.798 1154 1905 W AudioFlinger: createRecordTrack_l(): mismatch between requested flags (00000005) and input flags (00000001)
05-22 09:49:53.798 1154 1905 V APM_AudioPolicyManager: releaseInput portId 177
05-22 09:49:53.798 1154 1905 V APM_AudioPolicyManager: releaseInput 654
05-22 09:49:53.798 1154 1905 V APM_AudioPolicyManager: closeInput(654)
05-22 09:49:53.801 1154 1905 I MultiRecordManager: closeInputStream() skipMultiRecord
05-22 09:49:53.802 954 27944 D audio_hw_primary: adev_close_input_stream: enter:stream_handle(0xf4bda180)
05-22 09:49:53.802 954 27944 D audio_hw_primary: in_standby: enter: stream (0xf4bda180) usecase(32: low-latency-record)
05-22 09:49:53.804 1154 1905 V APM_AudioPolicyManager: releaseInput exit
05-22 09:49:53.809 1154 1905 V APM_AudioPolicyManager: getInputForAttr() source 0, sampling rate 88200, format 0x3, channel mask 0x80000004, session 513, flags 0 attributes={ Content type: AUDIO_CONTENT_TYPE_UNKNOWN Usage: AUDIO_USAGE_UNKNOWN Source: AUDIO_SOURCE_DEFAULT Flags: 0x0 Tags: } requested device ID 0
05-22 09:49:53.810 1290 4242 I EDMNativeHelperService: isMicrophoneEnabled
05-22 09:49:53.810 1290 4242 D RestrictionPolicy: userId: 0, isMicrophoneEnabledAsUser : true
05-22 09:49:53.811 1290 4242 I EDMNativeHelperService: isAudioRecordAllowed
05-22 09:49:53.811 1290 4242 D RestrictionPolicy: userId: 0 isAudioRecordAllowed : true
05-22 09:49:53.812 1154 1905 V APM_AudioPolicyManager: getInputForAttr found device type is 0x80000004
05-22 09:49:53.812 1154 1905 I MultiRecordManager: openMultiRecordAllowed() skipMultiRecord 1, openMultiRecordAllowed 0, moduleName primary, source 1, flag 0
05-22 09:49:53.812 1154 1905 I MultiRecordManager: openInputStream() skipMultiRecord
05-22 09:49:53.812 954 954 D audio_hw_primary: adev_open_input_stream: enter: sample_rate(48000) channel_mask(0xc) devices(0x80000004) stream_handle(0xf4bda400) io_handle(662) source(1) format 1
05-22 09:49:53.814 984 23808 I sensors-hal: handle_sns_client_event:44, ambient_light_event: ts=45106583257147, event=350.000000
05-22 09:49:53.814 984 23808 I sensors-hal: handle_sns_client_event:44, ambient_light_event: ts=45106583500116, event=350.000000
05-22 09:49:53.815 1154 27992 I AudioFlinger: AudioFlinger's thread 0xb400007b3d8b70c0 tid=27992 ready to run
05-22 09:49:53.815 954 27944 D audio_hw_primary: in_standby: enter: stream (0xf4bda400) usecase(23: audio-record)
05-22 09:49:53.816 1154 1905 V APM_AudioPolicyManager: getInputForAttr() returns input 662 type 0 selectedDeviceId 9 for port ID 179
05-22 09:49:53.817 954 27944 D audio_hw_primary: in_standby: enter: stream (0xf4bda400) usecase(23: audio-record)
05-22 09:49:53.825 1154 25570 V APM_AudioPolicyManager: releaseInput portId 179
05-22 09:49:53.825 1154 25570 V APM_AudioPolicyManager: releaseInput 662
05-22 09:49:53.825 1154 25570 V APM_AudioPolicyManager: closeInput(662)
05-22 09:49:53.829 1154 25570 I MultiRecordManager: closeInputStream() skipMultiRecord
05-22 09:49:53.831 1154 25570 V APM_AudioPolicyManager: releaseInput exit
05-22 09:49:53.832 954 27944 D audio_hw_primary: adev_close_input_stream: enter:stream_handle(0xf4bda400)
05-22 09:49:53.832 954 27944 D audio_hw_primary: in_standby: enter: stream (0xf4bda400) usecase(23: audio-record)
05-22 09:49:53.833 1154 25570 D audioserver: FGS Logger Transaction failed
05-22 09:49:53.833 1154 25570 D audioserver: -129
05-22 09:49:53.839 1154 4281 V APM_AudioPolicyManager: getInputForAttr() source 0, sampling rate 96000, format 0x3, channel mask 0x80000004, session 521, flags 0x5 attributes={ Content type: AUDIO_CONTENT_TYPE_UNKNOWN Usage: AUDIO_USAGE_UNKNOWN Source: AUDIO_SOURCE_DEFAULT Flags: 0x0 Tags: } requested device ID 0
05-22 09:49:53.839 1290 2336 I EDMNativeHelperService: isMicrophoneEnabled
05-22 09:49:53.840 1290 2336 D RestrictionPolicy: userId: 0, isMicrophoneEnabledAsUser : true
05-22 09:49:53.840 1290 4242 I EDMNativeHelperService: isAudioRecordAllowed
05-22 09:49:53.840 1290 4242 D RestrictionPolicy: userId: 0 isAudioRecordAllowed : true
05-22 09:49:53.841 1154 4281 V APM_AudioPolicyManager: getInputForAttr found device type is 0x80000004
05-22 09:49:53.841 1154 4281 I MultiRecordManager: openMultiRecordAllowed() skipMultiRecord 1, openMultiRecordAllowed 0, moduleName primary, source 1, flag 0x1
05-22 09:49:53.841 1154 4281 I MultiRecordManager: openInputStream() skipMultiRecord
05-22 09:49:53.841 954 27944 D audio_hw_primary: adev_open_input_stream: enter: sample_rate(48000) channel_mask(0xc) devices(0x80000004) stream_handle(0xf4bda400) io_handle(670) source(1) format 1
05-22 09:49:53.841 954 27944 W audio_hw_utils: audio_extn_utils_update_stream_input_app_type_cfg: App type could not be selected. Falling back to default
05-22 09:49:53.843 1154 27996 I AudioFlinger: AudioFlinger's thread 0xb400007b3d8b79c0 tid=27996 ready to run
05-22 09:49:53.844 954 27944 D audio_hw_primary: in_standby: enter: stream (0xf4bda400) usecase(32: low-latency-record)
05-22 09:49:53.844 1154 4281 V APM_AudioPolicyManager: getInputForAttr() returns input 670 type 0 selectedDeviceId 9 for port ID 181
05-22 09:49:53.846 954 27944 D audio_hw_primary: in_standby: enter: stream (0xf4bda400) usecase(32: low-latency-record)
05-22 09:49:53.848 1154 4281 W AudioFlinger: createRecordTrack_l(): mismatch between requested flags (00000005) and input flags (00000001)
05-22 09:49:53.848 1154 4281 V APM_AudioPolicyManager: releaseInput portId 181
05-22 09:49:53.848 1154 4281 V APM_AudioPolicyManager: releaseInput 670
05-22 09:49:53.848 1154 4281 V APM_AudioPolicyManager: closeInput(670)
05-22 09:49:53.851 1154 4281 I MultiRecordManager: closeInputStream() skipMultiRecord
05-22 09:49:53.852 954 954 D audio_hw_primary: adev_close_input_stream: enter:stream_handle(0xf4bda400)
05-22 09:49:53.852 954 954 D audio_hw_primary: in_standby: enter: stream (0xf4bda400) usecase(32: low-latency-record)
05-22 09:49:53.853 1154 4281 V APM_AudioPolicyManager: releaseInput exit
05-22 09:49:53.858 1154 4281 V APM_AudioPolicyManager: getInputForAttr() source 0, sampling rate 96000, format 0x3, channel mask 0x80000004, session 521, flags 0 attributes={ Content type: AUDIO_CONTENT_TYPE_UNKNOWN Usage: AUDIO_USAGE_UNKNOWN Source: AUDIO_SOURCE_DEFAULT Flags: 0x0 Tags: } requested device ID 0
05-22 09:49:53.859 1290 4244 I EDMNativeHelperService: isMicrophoneEnabled
05-22 09:49:53.859 1290 4244 D RestrictionPolicy: userId: 0, isMicrophoneEnabledAsUser : true
05-22 09:49:53.860 1290 4244 I EDMNativeHelperService: isAudioRecordAllowed
05-22 09:49:53.861 1290 4244 D RestrictionPolicy: userId: 0 isAudioRecordAllowed : true
05-22 09:49:53.861 1154 4281 V APM_AudioPolicyManager: getInputForAttr found device type is 0x80000004
05-22 09:49:53.861 1154 4281 I MultiRecordManager: openMultiRecordAllowed() skipMultiRecord 1, openMultiRecordAllowed 0, moduleName primary, source 1, flag 0
05-22 09:49:53.861 1154 4281 I MultiRecordManager: openInputStream() skipMultiRecord
05-22 09:49:53.862 954 954 D audio_hw_primary: adev_open_input_stream: enter: sample_rate(48000) channel_mask(0xc) devices(0x80000004) stream_handle(0xf4bda400) io_handle(678) source(1) format 1
05-22 09:49:53.864 1154 27998 I AudioFlinger: AudioFlinger's thread 0xb400007b3d8b7940 tid=27998 ready to run
05-22 09:49:53.864 954 954 D audio_hw_primary: in_standby: enter: stream (0xf4bda400) usecase(23: audio-record)
05-22 09:49:53.865 1154 4281 V APM_AudioPolicyManager: getInputForAttr() returns input 678 type 0 selectedDeviceId 9 for port ID 183
05-22 09:49:53.866 954 954 D audio_hw_primary: in_standby: enter: stream (0xf4bda400) usecase(23: audio-record)
05-22 09:49:53.876 1154 25570 V APM_AudioPolicyManager: releaseInput portId 183
05-22 09:49:53.876 1154 25570 V APM_AudioPolicyManager: releaseInput 678
05-22 09:49:53.876 1154 25570 V APM_AudioPolicyManager: closeInput(678)
05-22 09:49:53.880 1154 25570 I MultiRecordManager: closeInputStream() skipMultiRecord
05-22 09:49:53.881 1154 25570 V APM_AudioPolicyManager: releaseInput exit
05-22 09:49:53.883 954 954 D audio_hw_primary: adev_close_input_stream: enter:stream_handle(0xf4bda400)
05-22 09:49:53.883 954 954 D audio_hw_primary: in_standby: enter: stream (0xf4bda400) usecase(23: audio-record)
05-22 09:49:53.886 1154 25570 D audioserver: FGS Logger Transaction failed
05-22 09:49:53.886 1154 25570 D audioserver: -129
05-22 09:49:53.892 1154 1227 V APM_AudioPolicyManager: getInputForAttr() source 0, sampling rate 192000, format 0x3, channel mask 0x80000004, session 529, flags 0x5 attributes={ Content type: AUDIO_CONTENT_TYPE_UNKNOWN Usage: AUDIO_USAGE_UNKNOWN Source: AUDIO_SOURCE_DEFAULT Flags: 0x0 Tags: } requested device ID 0
05-22 09:49:53.892 1290 4244 I EDMNativeHelperService: isMicrophoneEnabled
05-22 09:49:53.892 1290 4244 D RestrictionPolicy: userId: 0, isMicrophoneEnabledAsUser : true
05-22 09:49:53.893 1290 4244 I EDMNativeHelperService: isAudioRecordAllowed
05-22 09:49:53.894 1290 4244 D RestrictionPolicy: userId: 0 isAudioRecordAllowed : true
05-22 09:49:53.894 1154 1227 V APM_AudioPolicyManager: getInputForAttr found device type is 0x80000004
05-22 09:49:53.894 1154 1227 I MultiRecordManager: openMultiRecordAllowed() skipMultiRecord 1, openMultiRecordAllowed 0, moduleName primary, source 1, flag 0x1
05-22 09:49:53.894 1154 1227 I MultiRecordManager: openInputStream() skipMultiRecord
05-22 09:49:53.894 954 954 D audio_hw_primary: adev_open_input_stream: enter: sample_rate(48000) channel_mask(0xc) devices(0x80000004) stream_handle(0xf4bda400) io_handle(686) source(1) format 1
05-22 09:49:53.894 954 954 W audio_hw_utils: audio_extn_utils_update_stream_input_app_type_cfg: App type could not be selected. Falling back to default
05-22 09:49:53.896 1154 28002 I AudioFlinger: AudioFlinger's thread 0xb400007b3bc55040 tid=28002 ready to run
05-22 09:49:53.897 954 954 D audio_hw_primary: in_standby: enter: stream (0xf4bda400) usecase(32: low-latency-record)
05-22 09:49:53.897 1154 1227 V APM_AudioPolicyManager: getInputForAttr() returns input 686 type 0 selectedDeviceId 9 for port ID 185
05-22 09:49:53.898 954 954 D audio_hw_primary: in_standby: enter: stream (0xf4bda400) usecase(32: low-latency-record)
05-22 09:49:53.900 1154 1227 W AudioFlinger: createRecordTrack_l(): mismatch between requested flags (00000005) and input flags (00000001)
05-22 09:49:53.901 1154 1227 V APM_AudioPolicyManager: releaseInput portId 185
05-22 09:49:53.901 1154 1227 V APM_AudioPolicyManager: releaseInput 686
05-22 09:49:53.901 1154 1227 V APM_AudioPolicyManager: closeInput(686)
05-22 09:49:53.904 1154 1227 I MultiRecordManager: closeInputStream() skipMultiRecord
05-22 09:49:53.904 954 27944 D audio_hw_primary: adev_close_input_stream: enter:stream_handle(0xf4bda400)
05-22 09:49:53.904 954 27944 D audio_hw_primary: in_standby: enter: stream (0xf4bda400) usecase(32: low-latency-record)
05-22 09:49:53.905 1154 1227 V APM_AudioPolicyManager: releaseInput exit
05-22 09:49:53.910 1154 1227 V APM_AudioPolicyManager: getInputForAttr() source 0, sampling rate 192000, format 0x3, channel mask 0x80000004, session 529, flags 0 attributes={ Content type: AUDIO_CONTENT_TYPE_UNKNOWN Usage: AUDIO_USAGE_UNKNOWN Source: AUDIO_SOURCE_DEFAULT Flags: 0x0 Tags: } requested device ID 0
05-22 09:49:53.910 1290 2336 I EDMNativeHelperService: isMicrophoneEnabled
05-22 09:49:53.911 1290 2336 D RestrictionPolicy: userId: 0, isMicrophoneEnabledAsUser : true
05-22 09:49:53.911 1290 2336 I EDMNativeHelperService: isAudioRecordAllowed
05-22 09:49:53.912 1290 2336 D RestrictionPolicy: userId: 0 isAudioRecordAllowed : true
05-22 09:49:53.912 1154 1227 V APM_AudioPolicyManager: getInputForAttr found device type is 0x80000004
05-22 09:49:53.912 1154 1227 I MultiRecordManager: openMultiRecordAllowed() skipMultiRecord 1, openMultiRecordAllowed 0, moduleName primary, source 1, flag 0
05-22 09:49:53.912 1154 1227 I MultiRecordManager: openInputStream() skipMultiRecord
05-22 09:49:53.913 954 954 D audio_hw_primary: adev_open_input_stream: enter: sample_rate(48000) channel_mask(0xc) devices(0x80000004) stream_handle(0xf4bdae00) io_handle(694) source(1) format 1
05-22 09:49:53.914 984 23808 I sensors-hal: handle_sns_client_event:44, ambient_light_event: ts=45106683257147, event=350.000000
05-22 09:49:53.914 984 23808 I sensors-hal: handle_sns_client_event:44, ambient_light_event: ts=45106683492043, event=350.000000
05-22 09:49:53.915 1154 28004 I AudioFlinger: AudioFlinger's thread 0xb400007b3bc55100 tid=28004 ready to run
05-22 09:49:53.915 954 27944 D audio_hw_primary: in_standby: enter: stream (0xf4bdae00) usecase(23: audio-record)
05-22 09:49:53.916 1154 1227 V APM_AudioPolicyManager: getInputForAttr() returns input 694 type 0 selectedDeviceId 9 for port ID 187
05-22 09:49:53.917 954 27944 D audio_hw_primary: in_standby: enter: stream (0xf4bdae00) usecase(23: audio-record)
05-22 09:49:53.922 1154 25592 V APM_AudioPolicyManager: releaseInput portId 187
05-22 09:49:53.922 1154 25592 V APM_AudioPolicyManager: releaseInput 694
05-22 09:49:53.922 1154 25592 V APM_AudioPolicyManager: closeInput(694)
05-22 09:49:53.924 1154 25592 I MultiRecordManager: closeInputStream() skipMultiRecord
05-22 09:49:53.926 1154 25592 V APM_AudioPolicyManager: releaseInput exit
05-22 09:49:53.927 954 27944 D audio_hw_primary: adev_close_input_stream: enter:stream_handle(0xf4bdae00)
05-22 09:49:53.927 954 27944 D audio_hw_primary: in_standby: enter: stream (0xf4bdae00) usecase(23: audio-record)
05-22 09:49:53.929 1154 25592 D audioserver: FGS Logger Transaction failed
05-22 09:49:53.929 1154 25592 D audioserver: -129
05-22 09:49:53.948 1154 4281 V APM_AudioPolicyManager: getInputForAttr() source 0, sampling rate 44100, format 0x3, channel mask 0x80000003, session 537, flags 0x5 attributes={ Content type: AUDIO_CONTENT_TYPE_UNKNOWN Usage: AUDIO_USAGE_UNKNOWN Source: AUDIO_SOURCE_DEFAULT Flags: 0x0 Tags: } requested device ID 0
05-22 09:49:53.949 1290 4242 I EDMNativeHelperService: isMicrophoneEnabled
05-22 09:49:53.950 1290 4242 D RestrictionPolicy: userId: 0, isMicrophoneEnabledAsUser : true
05-22 09:49:53.950 1290 4242 I EDMNativeHelperService: isAudioRecordAllowed
05-22 09:49:53.951 1290 4242 D RestrictionPolicy: userId: 0 isAudioRecordAllowed : true
05-22 09:49:53.951 1154 4281 V APM_AudioPolicyManager: getInputForAttr found device type is 0x80000004
05-22 09:49:53.952 1154 4281 I MultiRecordManager: openMultiRecordAllowed() skipMultiRecord 1, openMultiRecordAllowed 0, moduleName primary, source 1, flag 0x1
05-22 09:49:53.952 1154 4281 I MultiRecordManager: openInputStream() skipMultiRecord
05-22 09:49:53.952 954 27944 D audio_hw_primary: adev_open_input_stream: enter: sample_rate(44100) channel_mask(0xc) devices(0x80000004) stream_handle(0xf4bdae00) io_handle(702) source(1) format 1
05-22 09:49:53.952 954 27944 W audio_hw_utils: audio_extn_utils_update_stream_input_app_type_cfg: App type could not be selected. Falling back to default
05-22 09:49:53.955 1154 28007 I AudioFlinger: AudioFlinger's thread 0xb400007b3d8b7400 tid=28007 ready to run
05-22 09:49:53.955 954 954 D audio_hw_primary: in_standby: enter: stream (0xf4bdae00) usecase(23: audio-record)
05-22 09:49:53.956 1154 4281 V APM_AudioPolicyManager: getInputForAttr() returns input 702 type 0 selectedDeviceId 9 for port ID 189
05-22 09:49:53.958 954 954 D audio_hw_primary: in_standby: enter: stream (0xf4bdae00) usecase(23: audio-record)
05-22 09:49:53.960 1154 4281 W AudioFlinger: createRecordTrack_l(): mismatch between requested flags (00000005) and input flags (00000001)
05-22 09:49:53.960 1154 4281 V APM_AudioPolicyManager: releaseInput portId 189
05-22 09:49:53.960 1154 4281 V APM_AudioPolicyManager: releaseInput 702
05-22 09:49:53.960 1154 4281 V APM_AudioPolicyManager: closeInput(702)
05-22 09:49:53.963 1154 4281 I MultiRecordManager: closeInputStream() skipMultiRecord
05-22 09:49:53.964 954 954 D audio_hw_primary: adev_close_input_stream: enter:stream_handle(0xf4bdae00)
05-22 09:49:53.964 954 954 D audio_hw_primary: in_standby: enter: stream (0xf4bdae00) usecase(23: audio-record)
05-22 09:49:53.965 1154 4281 V APM_AudioPolicyManager: releaseInput exit
05-22 09:49:53.971 1154 4281 V APM_AudioPolicyManager: getInputForAttr() source 0, sampling rate 44100, format 0x3, channel mask 0x80000003, session 537, flags 0 attributes={ Content type: AUDIO_CONTENT_TYPE_UNKNOWN Usage: AUDIO_USAGE_UNKNOWN Source: AUDIO_SOURCE_DEFAULT Flags: 0x0 Tags: } requested device ID 0
05-22 09:49:53.972 1290 2009 I EDMNativeHelperService: isMicrophoneEnabled
05-22 09:49:53.972 1290 2009 D RestrictionPolicy: userId: 0, isMicrophoneEnabledAsUser : true
05-22 09:49:53.973 1290 2009 I EDMNativeHelperService: isAudioRecordAllowed
05-22 09:49:53.973 1290 2009 D RestrictionPolicy: userId: 0 isAudioRecordAllowed : true
05-22 09:49:53.974 1154 4281 V APM_AudioPolicyManager: getInputForAttr found device type is 0x80000004
05-22 09:49:53.974 1154 4281 I MultiRecordManager: openMultiRecordAllowed() skipMultiRecord 1, openMultiRecordAllowed 0, moduleName primary, source 1, flag 0
05-22 09:49:53.974 1154 4281 I MultiRecordManager: openInputStream() skipMultiRecord
05-22 09:49:53.974 954 27944 D audio_hw_primary: adev_open_input_stream: enter: sample_rate(44100) channel_mask(0xc) devices(0x80000004) stream_handle(0xf4bda400) io_handle(710) source(1) format 1
05-22 09:49:53.977 1154 28009 I AudioFlinger: AudioFlinger's thread 0xb400007b3d8b7e40 tid=28009 ready to run
05-22 09:49:53.977 954 954 D audio_hw_primary: in_standby: enter: stream (0xf4bda400) usecase(23: audio-record)
05-22 09:49:53.978 1154 4281 V APM_AudioPolicyManager: getInputForAttr() returns input 710 type 0 selectedDeviceId 9 for port ID 191
05-22 09:49:53.979 954 954 D audio_hw_primary: in_standby: enter: stream (0xf4bda400) usecase(23: audio-record)
05-22 09:49:53.987 1154 25592 V APM_AudioPolicyManager: releaseInput portId 191
05-22 09:49:53.987 1154 25592 V APM_AudioPolicyManager: releaseInput 710
05-22 09:49:53.987 1154 25592 V APM_AudioPolicyManager: closeInput(710)
05-22 09:49:53.991 1154 25592 I MultiRecordManager: closeInputStream() skipMultiRecord
05-22 09:49:53.992 1154 25592 V APM_AudioPolicyManager: releaseInput exit
05-22 09:49:53.993 954 954 D audio_hw_primary: adev_close_input_stream: enter:stream_handle(0xf4bda400)
05-22 09:49:53.993 954 954 D audio_hw_primary: in_standby: enter: stream (0xf4bda400) usecase(23: audio-record)
05-22 09:49:53.996 1154 25592 D audioserver: FGS Logger Transaction failed
05-22 09:49:53.996 1154 25592 D audioserver: -129
05-22 09:49:54.014 984 23808 I sensors-hal: handle_sns_client_event:44, ambient_light_event: ts=45106783257668, event=349.000000
05-22 09:49:54.014 984 23808 I sensors-hal: handle_sns_client_event:44, ambient_light_event: ts=45106783499855, event=349.000000
05-22 09:49:54.050 27753 27907 D Qt_Multimedia_spectrum_analyzer: Engine::initialize m_bufferLength 1920000
05-22 09:49:54.050 27753 27907 D Qt_Multimedia_spectrum_analyzer: Engine::initialize m_dataLength 0
05-22 09:49:54.050 27753 27907 D Qt_Multimedia_spectrum_analyzer: Engine::initialize format QAudioFormat( 48000 Hz, 2 Channels, Int16 Format )
05-22 09:49:54.114 984 23808 I sensors-hal: handle_sns_client_event:44, ambient_light_event: ts=45106883257928, event=349.000000
05-22 09:49:54.114 984 23808 I sensors-hal: handle_sns_client_event:44, ambient_light_event: ts=45106883500116, event=349.000000
05-22 09:49:54.198 1100 27402 I QC2Comp : [avcE_15] Stats: Pending(0) i/p-done(0) Works: Q: 113/Done 113|Work-Rate: Q(8.2/s Avg=7.2/s) Done(8.199/s Avg=7.226/s)| Stream: 58.47fps 397.1Kbps
05-22 09:49:54.198 1100 27402 I QC2Comp : Mem-usage: [In-2D: 65 bufs 292.500 MB] [1D-17: 6 bufs 8.977 MB]
05-22 09:49:54.198 1100 27402 I QC2Comp : Total Mem-usage: 301.477 MB
05-22 09:49:54.214 984 23808 I sensors-hal: handle_sns_client_event:44, ambient_light_event: ts=45106983260012, event=349.000000
05-22 09:49:54.214 984 23808 I sensors-hal: handle_sns_client_event:44, ambient_light_event: ts=45106983499855, event=349.000000
05-22 09:49:54.314 984 23808 I sensors-hal: handle_sns_client_event:44, ambient_light_event: ts=45107083258970, event=349.000000
05-22 09:49:54.315 984 23808 I sensors-hal: handle_sns_client_event:44, ambient_light_event: ts=45107083499855, event=349.000000
05-22 09:49:54.360 1290 1686 D BatteryService: Sending ACTION_BATTERY_CHANGED: level:97, status:2, health:2, remain:-1, ac:false, usb:true, wireless:false, pogo:false, misc:0x0, charge_type:0, charger_type:0, voltage:4244, temperature:240, online:4, charging_status:0, cycle_count:0, current_avg:0, ps:false, hvc:false, capacity:280000, current_event:0x0, current_now:-45000, mcc:500000, mcv:5000000, cc:4850000, present:true, scale:100, technology:Li-ion
05-22 09:49:54.363 1290 2201 I DeviceBatteryInfoService: action: android.intent.action.BATTERY_CHANGED
05-22 09:49:54.363 1290 2201 I DeviceBatteryInfoService: phone battery level: 97
05-22 09:49:54.363 1290 2201 I DeviceBatteryInfoService: phone battery status: 2
05-22 09:49:54.366 1290 2077 D MotionRecognitionService: [SAR] onReceive : ACTION_BATTERY_CHANGED, Plugged: 2
05-22 09:49:54.367 2254 2254 I PowerUI : mBootCompleted = true | mFullyConnected = true
05-22 09:49:54.367 2254 2254 I PowerUI : BATTERY_HEALTH_CHECK extraHealth=2 mBatteryMiscEvent=0
05-22 09:49:54.368 2254 2254 W PowerUI : Plug reason
05-22 09:49:54.368 2254 2254 W PowerUI : Skip charging animation - by plug status
05-22 09:49:54.368 2254 2254 D PowerUI : priorPlugType = 2 mPlugType = 2 priorBatteryStatus = 2 mBatteryStatus = 2
05-22 09:49:54.368 2254 2254 W PowerUI : Plug reason
05-22 09:49:54.368 2254 2254 W PowerUI : Skip charging sound - by plug status
05-22 09:49:54.368 2254 5877 D SecPowerUI.Notification: dismissing low battery warning: level=97
05-22 09:49:54.368 2254 2254 I PowerUI : oldMisalign : false, curMisalign : false
05-22 09:49:54.368 2254 5877 D SecPowerUI.Notification: updateNotification mWarning=false mPlaySound=false
05-22 09:49:54.368 2254 5877 D SecPowerUI.Notification: SecBatteryStatsSnapshot{batteryLevel=97, currentBatteryMode=0, chargingTime=-1, chargingType=11, batteryHealth=2, automaticTestMode=false, isHiccupState=false}
05-22 09:49:54.369 2254 5877 D SecPowerUI.Notification: 1. restoreScreenTimeOut - saved_value : :
05-22 09:49:54.369 2254 5877 E SecPowerUI.Notification: no saved value, so we do nothing !!
05-22 09:49:54.369 2551 2551 D SemBigDataInfoController: Intent: android.intent.action.BATTERY_CHANGED
05-22 09:49:54.370 2254 2254 D SecPowerUI.Notification: showChargingNotice oldChargingType : 11 / currentChargingType : 11, oldChargingTime : -1 / mChargingTime : -1
05-22 09:49:54.370 2254 2254 D SecPowerUI.Notification: showChargingNotice There is no change about charging status, so return!
05-22 09:49:54.370 2254 2254 D PowerUI : Battery swelling mode - priorBatterySwellingMode = 0 mBatterySwellingMode = 0 mBatteryStatus = 2
05-22 09:49:54.370 2254 2254 I PowerUI : mBatteryMiscEvent = 0
05-22 09:49:54.371 2254 2254 I AODBatteryManager: updateBatteryData: ACTION_BATTERY_CHANGED
05-22 09:49:54.372 2254 2254 I AODBatteryManager: saveBatteryData : AOD BatteryData [mBatteryLevel=97, mBatteryStatus=CHARGING, mBatteryPlugType=USB, mBatteryPlugged=true, mRemainingChargeTime=-1, mBatteryChargingType=1, mBatteryChargerType=NORMAL, mBatteryOnline=USB, mBatterySwellingMode=NONE, mBatteryProtectMode=false]
05-22 09:49:54.372 21837 21837 I [SCPMV2][SystemMonitorReceiver]: onReceive: android.intent.action.BATTERY_CHANGED
05-22 09:49:54.372 2254 2254 D SamsungBatteryMeterDrawable: onBatteryLevelChanged isSomethingChanged: false
05-22 09:49:54.372 2254 2254 D SamsungBatteryMeterDrawable: onBatteryLevelChanged isSomethingChanged: false
05-22 09:49:54.373 2254 2254 D SamsungBatteryMeterDrawable: onBatteryLevelChanged isSomethingChanged: false
05-22 09:49:54.373 2254 2254 D KeyguardUpdateMonitor: handleBatteryUpdate
05-22 09:49:54.414 984 23808 I sensors-hal: handle_sns_client_event:44, ambient_light_event: ts=45107183257928, event=350.000000
05-22 09:49:54.414 984 23808 I sensors-hal: handle_sns_client_event:44, ambient_light_event: ts=45107183500376, event=350.000000
05-22 09:49:54.514 984 23808 I sensors-hal: handle_sns_client_event:44, ambient_light_event: ts=45107283258189, event=351.000000
05-22 09:49:54.514 984 23808 I sensors-hal: handle_sns_client_event:44, ambient_light_event: ts=45107283492303, event=351.000000
05-22 09:49:54.614 984 23808 I sensors-hal: handle_sns_client_event:44, ambient_light_event: ts=45107383258449, event=352.000000
05-22 09:49:54.614 984 23808 I sensors-hal: handle_sns_client_event:44, ambient_light_event: ts=45107383499595, event=352.000000
05-22 09:49:54.650 27753 27907 I qt.gui.imageio: : libpng warning: iCCP: known incorrect sRGB profile
05-22 09:49:54.667 27753 27915 I ViewRootImpl@8f2ed9c[QtActivity]: mWNT: t=0xb400007134a4fb80 mBlastBufferQueue=0xb4000070c4635400 fn= 2 caller= android.view.ViewRootImpl$6.onFrameDraw:5582 android.view.ViewRootImpl$2.onFrameDraw:2131 android.view.ThreadedRenderer$1.onFrameDraw:788
05-22 09:49:54.669 1180 1283 W ComposerExtn: DisplayExtnImpl::SetActiveConfig: HWC Display 0 is not registered!
05-22 09:49:54.679 27753 27753 I SurfaceView@c8caef: onWindowVisibilityChanged(0) true org.qtproject.qt.android.QtSurface{c8caef V.E...... ......I. 0,0-0,0} of ViewRootImpl@8f2ed9c[QtActivity]
05-22 09:49:54.679 27753 27753 D SurfaceView@c8caef: 13159151 updateSurface: has no frame
05-22 09:49:54.680 1007 1007 I SDM : HWDeviceDRM::UpdateMixerAttributes: Mixer WxH 1200x1920-0 for Peripheral
05-22 09:49:54.680 1007 1007 I SDM : HWCDisplay::SubmitDisplayConfig: Active configuration changed to: 0
05-22 09:49:54.694 1100 27402 I QC2C2DEngine: calcYSize: unsupported or RGB color format, RGBA8888(1)
05-22 09:49:54.696 1290 2009 V WindowManager: Relayout Window{95d9169 u0 org.qtproject.example.spectrum/org.qtproject.qt.android.bindings.QtActivity}: viewVisibility=0 req=1200x1920 ty=1 d0
05-22 09:49:54.697 27753 27753 I BLASTBufferQueue_Java: update, w= 1200 h= 1920 mName = ViewRootImpl@8f2ed9c[QtActivity] mNativeObject= 0xb4000070c4635400 sc.mNativeObject= 0xb400007134a7a380 format= -3 caller= android.view.ViewRootImpl.updateBlastSurfaceIfNeeded:3004 android.view.ViewRootImpl.relayoutWindow:10060 android.view.ViewRootImpl.performTraversals:4092 android.view.ViewRootImpl.doTraversal:3275 android.view.ViewRootImpl$TraversalRunnable.run:11268 android.view.Choreographer$CallbackRecord.run:1650
05-22 09:49:54.699 27753 27753 I ViewRootImpl@8f2ed9c[QtActivity]: Relayout returned: old=(0,0,1200,1920) new=(0,0,1200,1920) relayoutAsync=true req=(1200,1920)0 dur=0 res=0x0 s={true 0xb4000070bbf7e000} ch=false seqId=0
05-22 09:49:54.700 27753 27753 D SurfaceView@c8caef: 13159151 updateSurface: has no frame
05-22 09:49:54.702 27753 27753 I SurfaceView: 13159151 Changes: creating=true format=true size=true visible=true alpha=false hint=false visible=true left=true top=true z=false attached=true lifecycleStrategy=false
05-22 09:49:54.702 1180 1232 I SurfaceFlinger: id=666 createSurf, flag=20004, Bounds for - org.qtproject.example.spectrum/org.qtproject.qt.android.bindings.QtActivity@0#666
05-22 09:49:54.703 1290 2009 V WindowManager: Relayout hash=95d9169, pid=0, syncId=-1: mAttrs={(0,0)(fillxfill) sim={adjust=pan} ty=BASE_APPLICATION fmt=TRANSLUCENT wanim=0x10302f2
05-22 09:49:54.703 1290 2009 V WindowManager: fl=81810100
05-22 09:49:54.703 1290 2009 V WindowManager: pfl=16008040
05-22 09:49:54.703 1290 2009 V WindowManager: apr=LIGHT_NAVIGATION_BARS
05-22 09:49:54.703 1290 2009 V WindowManager: bhv=DEFAULT
05-22 09:49:54.703 1290 2009 V WindowManager: fitSides= naviIconColor=0
05-22 09:49:54.703 1290 2009 V WindowManager: sfl=100000}
