--------- beginning of main
05-22 09:49:25.616 984 23808 I sensors-hal: handle_sns_client_event:44, ambient_light_event: ts=45078383253316, event=335.000000
05-22 09:49:25.617 984 23808 I sensors-hal: handle_sns_client_event:44, ambient_light_event: ts=45078383501962, event=335.000000
05-22 09:49:25.715 984 23808 I sensors-hal: handle_sns_client_event:44, ambient_light_event: ts=45078483259462, event=336.000000
05-22 09:49:25.715 984 23808 I sensors-hal: handle_sns_client_event:44, ambient_light_event: ts=45078483500087, event=336.000000
05-22 09:49:25.814 984 23808 I sensors-hal: handle_sns_client_event:44, ambient_light_event: ts=45078583500868, event=336.000000
05-22 09:49:25.915 984 23808 I sensors-hal: handle_sns_client_event:44, ambient_light_event: ts=45078683256337, event=336.000000
05-22 09:49:25.915 984 23808 I sensors-hal: handle_sns_client_event:44, ambient_light_event: ts=45078683500608, event=336.000000
05-22 09:49:26.014 984 23808 I sensors-hal: handle_sns_client_event:44, ambient_light_event: ts=45078783260243, event=336.000000
05-22 09:49:26.015 984 23808 I sensors-hal: handle_sns_client_event:44, ambient_light_event: ts=45078783500608, event=336.000000
05-22 09:49:26.114 984 23808 I sensors-hal: handle_sns_client_event:44, ambient_light_event: ts=45078883259722, event=336.000000
05-22 09:49:26.115 984 23808 I sensors-hal: handle_sns_client_event:44, ambient_light_event: ts=45078883500087, event=336.000000
05-22 09:49:26.214 984 23808 I sensors-hal: handle_sns_client_event:44, ambient_light_event: ts=45078983258941, event=336.000000
05-22 09:49:26.215 984 23808 I sensors-hal: handle_sns_client_event:44, ambient_light_event: ts=45078983499826, event=336.000000
05-22 09:49:26.315 984 23808 I sensors-hal: handle_sns_client_event:44, ambient_light_event: ts=45079083257899, event=336.000000
05-22 09:49:26.315 984 23808 I sensors-hal: handle_sns_client_event:44, ambient_light_event: ts=45079083499826, event=336.000000
05-22 09:49:26.414 984 23808 I sensors-hal: handle_sns_client_event:44, ambient_light_event: ts=45079183258420, event=336.000000
05-22 09:49:26.415 984 23808 I sensors-hal: handle_sns_client_event:44, ambient_light_event: ts=45079183500347, event=336.000000
05-22 09:49:26.514 984 23808 I sensors-hal: handle_sns_client_event:44, ambient_light_event: ts=45079283258160, event=336.000000
05-22 09:49:26.515 984 23808 I sensors-hal: handle_sns_client_event:44, ambient_light_event: ts=45079283494358, event=336.000000
05-22 09:49:26.534 1290 4437 D SemWifiUsabilityStatsMonitor: onWifiUsabilityStats - seqNum 298, isSameBssidAndFreq true
05-22 09:49:26.535 1290 2165 I SemWifiLinkQualityMonitor: Unreliable statistics: 1 / 58 / 2 / 0 || QoS: 0.00 ms / 0.00 Mbps (N) / 0 (0)
05-22 09:49:26.615 984 23808 I sensors-hal: handle_sns_client_event:44, ambient_light_event: ts=45079383262847, event=336.000000
05-22 09:49:26.615 984 23808 I sensors-hal: handle_sns_client_event:44, ambient_light_event: ts=45079383500087, event=336.000000
05-22 09:49:26.714 984 23808 I sensors-hal: handle_sns_client_event:44, ambient_light_event: ts=45079483501389, event=336.000000 --------- beginning of system
05-22 09:49:26.718 1290 2544 D BatteryService: Sending ACTION_BATTERY_CHANGED: level:97, status:2, health:2, remain:1419, ac:false, usb:true, wireless:false, pogo:false, misc:0x0, charge_type:0, charger_type:0, voltage:4252, temperature:241, online:4, charging_status:0, cycle_count:0, current_avg:0, ps:false, hvc:false, capacity:280000, current_event:0x0, current_now:86000, mcc:500000, mcv:5000000, cc:4850000, present:true, scale:100, technology:Li-ion
05-22 09:49:26.721 1290 2201 I DeviceBatteryInfoService: action: android.intent.action.BATTERY_CHANGED
05-22 09:49:26.722 1290 2201 I DeviceBatteryInfoService: phone battery level: 97
05-22 09:49:26.722 1290 2201 I DeviceBatteryInfoService: phone battery status: 2
05-22 09:49:26.728 1290 2077 D MotionRecognitionService: [SAR] onReceive : ACTION_BATTERY_CHANGED, Plugged: 2
05-22 09:49:26.732 2254 2254 I PowerUI : mBootCompleted = true | mFullyConnected = true
05-22 09:49:26.732 2254 2254 I PowerUI : BATTERY_HEALTH_CHECK extraHealth=2 mBatteryMiscEvent=0
05-22 09:49:26.733 2254 2254 W PowerUI : Plug reason
05-22 09:49:26.733 2254 2254 W PowerUI : Skip charging animation - by plug status
05-22 09:49:26.733 2254 2254 D PowerUI : priorPlugType = 2 mPlugType = 2 priorBatteryStatus = 2 mBatteryStatus = 2
05-22 09:49:26.733 2254 2254 W PowerUI : Plug reason
05-22 09:49:26.733 2254 2254 W PowerUI : Skip charging sound - by plug status
05-22 09:49:26.733 2254 2254 I PowerUI : oldMisalign : false, curMisalign : false
05-22 09:49:26.733 2254 3597 D SecPowerUI.Notification: dismissing low battery warning: level=97
05-22 09:49:26.733 2254 3597 D SecPowerUI.Notification: updateNotification mWarning=false mPlaySound=false
05-22 09:49:26.734 2254 3597 D SecPowerUI.Notification: SecBatteryStatsSnapshot{batteryLevel=97, currentBatteryMode=0, chargingTime=1419000, chargingType=11, batteryHealth=2, automaticTestMode=false, isHiccupState=false}
05-22 09:49:26.734 2551 2551 D SemBigDataInfoController: Intent: android.intent.action.BATTERY_CHANGED
05-22 09:49:26.735 2254 3597 D SecPowerUI.Notification: 1. restoreScreenTimeOut - saved_value : :
05-22 09:49:26.735 2254 3597 E SecPowerUI.Notification: no saved value, so we do nothing !!
05-22 09:49:26.735 2254 2254 D SecPowerUI.Notification: showChargingNotice oldChargingType : 11 / currentChargingType : 11, oldChargingTime : 1419000 / mChargingTime : 1419000
05-22 09:49:26.735 2254 2254 D SecPowerUI.Notification: showChargingNotice There is no change about charging status, so return!
05-22 09:49:26.735 2254 2254 D PowerUI : Battery swelling mode - priorBatterySwellingMode = 0 mBatterySwellingMode = 0 mBatteryStatus = 2
05-22 09:49:26.736 2254 2254 I PowerUI : mBatteryMiscEvent = 0
05-22 09:49:26.736 2254 2254 D SamsungBatteryMeterDrawable: onBatteryLevelChanged isSomethingChanged: false
05-22 09:49:26.736 21837 21837 I [SCPMV2][SystemMonitorReceiver]: onReceive: android.intent.action.BATTERY_CHANGED
05-22 09:49:26.737 2254 2254 D SamsungBatteryMeterDrawable: onBatteryLevelChanged isSomethingChanged: false
05-22 09:49:26.738 2254 2254 D SamsungBatteryMeterDrawable: onBatteryLevelChanged isSomethingChanged: false
05-22 09:49:26.738 2254 2254 I AODBatteryManager: updateBatteryData: ACTION_BATTERY_CHANGED
05-22 09:49:26.740 2254 2254 I AODBatteryManager: saveBatteryData : AOD BatteryData [mBatteryLevel=97, mBatteryStatus=CHARGING, mBatteryPlugType=USB, mBatteryPlugged=true, mRemainingChargeTime=1419000, mBatteryChargingType=1, mBatteryChargerType=NORMAL, mBatteryOnline=USB, mBatterySwellingMode=NONE, mBatteryProtectMode=false]
05-22 09:49:26.740 2254 2254 D KeyguardUpdateMonitor: handleBatteryUpdate
05-22 09:49:26.814 984 23808 I sensors-hal: handle_sns_client_event:44, ambient_light_event: ts=45079583259201, event=336.000000
05-22 09:49:26.815 984 23808 I sensors-hal: handle_sns_client_event:44, ambient_light_event: ts=45079583500347, event=336.000000
05-22 09:49:26.915 984 23808 I sensors-hal: handle_sns_client_event:44, ambient_light_event: ts=45079683265191, event=337.000000
05-22 09:49:26.915 984 23808 I sensors-hal: handle_sns_client_event:44, ambient_light_event: ts=45079683500868, event=337.000000
05-22 09:49:27.014 984 23808 I sensors-hal: handle_sns_client_event:44, ambient_light_event: ts=45079783259462, event=338.000000
05-22 09:49:27.015 984 23808 I sensors-hal: handle_sns_client_event:44, ambient_light_event: ts=45079783500347, event=338.000000
05-22 09:49:27.114 984 23808 I sensors-hal: handle_sns_client_event:44, ambient_light_event: ts=45079883262066, event=342.000000
05-22 09:49:27.115 984 23808 I sensors-hal: handle_sns_client_event:44, ambient_light_event: ts=45079883500608, event=342.000000
05-22 09:49:27.206 619 619 D io_stats: !@ 8,0 r 560137 18747256 w 76147 2145732 d 15478 44369720 f 0 0 iot 276112 0 th 0 0 0 pt 0 inp 0 0 10141.169
05-22 09:49:27.214 984 23808 I sensors-hal: handle_sns_client_event:44, ambient_light_event: ts=45079983260504, event=345.000000
05-22 09:49:27.215 984 23808 I sensors-hal: handle_sns_client_event:44, ambient_light_event: ts=45079983500608, event=345.000000
05-22 09:49:27.315 984 23808 I sensors-hal: handle_sns_client_event:44, ambient_light_event: ts=45080083257899, event=91.000000
05-22 09:49:27.315 984 23808 I sensors-hal: handle_sns_client_event:44, ambient_light_event: ts=45080083500087, event=91.000000
05-22 09:49:27.415 984 23808 I sensors-hal: handle_sns_client_event:44, ambient_light_event: ts=45080183258629, event=91.000000
05-22 09:49:27.415 984 23808 I sensors-hal: handle_sns_client_event:44, ambient_light_event: ts=45080183500556, event=91.000000
05-22 09:49:27.514 984 23808 I sensors-hal: handle_sns_client_event:44, ambient_light_event: ts=45080283258160, event=91.000000
05-22 09:49:27.515 984 23808 I sensors-hal: handle_sns_client_event:44, ambient_light_event: ts=45080283499826, event=91.000000
05-22 09:49:27.614 984 23808 I sensors-hal: handle_sns_client_event:44, ambient_light_event: ts=45080383256597, event=90.000000
05-22 09:49:27.615 984 23808 I sensors-hal: handle_sns_client_event:44, ambient_light_event: ts=45080383501129, event=90.000000
05-22 09:49:27.714 984 23808 I sensors-hal: handle_sns_client_event:44, ambient_light_event: ts=45080483256337, event=90.000000
05-22 09:49:27.715 984 23808 I sensors-hal: handle_sns_client_event:44, ambient_light_event: ts=45080483500347, event=90.000000
05-22 09:49:27.815 984 23808 I sensors-hal: handle_sns_client_event:44, ambient_light_event: ts=45080583259201, event=90.000000
05-22 09:49:27.815 984 23808 I sensors-hal: handle_sns_client_event:44, ambient_light_event: ts=45080583500347, event=90.000000
05-22 09:49:27.915 984 23808 I sensors-hal: handle_sns_client_event:44, ambient_light_event: ts=45080683261545, event=90.000000
05-22 09:49:27.915 984 23808 I sensors-hal: handle_sns_client_event:44, ambient_light_event: ts=45080683500608, event=90.000000
05-22 09:49:28.015 984 23808 I sensors-hal: handle_sns_client_event:44, ambient_light_event: ts=45080783254722, event=89.000000
05-22 09:49:28.015 984 23808 I sensors-hal: handle_sns_client_event:44, ambient_light_event: ts=45080783501076, event=89.000000
05-22 09:49:28.115 984 23808 I sensors-hal: handle_sns_client_event:44, ambient_light_event: ts=45080883505712, event=89.000000
05-22 09:49:28.215 984 23808 I sensors-hal: handle_sns_client_event:44, ambient_light_event: ts=45080983503056, event=89.000000
05-22 09:49:28.317 984 23808 I sensors-hal: handle_sns_client_event:44, ambient_light_event: ts=45081083501129, event=89.000000
05-22 09:49:28.320 1290 2848 I EDMNativeHelperService: isFaceRecognitionAllowedEvenCameraBlocked
05-22 09:49:28.325 1290 2848 I EDMNativeHelperService: isCameraEnabled
05-22 09:49:28.325 1290 2848 D EDMNativeHelper: isCameraEnabled
05-22 09:49:28.326 1290 2848 D EDMNativeHelper: checking for camera in EnterpriseDeviceManagerService
05-22 09:49:28.327 1290 2848 D EnterpriseDeviceManagerService: isCameraEnabledNative
05-22 09:49:28.327 1290 2848 D EnterpriseDeviceManagerService: checking for camera in restriction policy
05-22 09:49:28.327 1290 2848 D RestrictionPolicy: isCameraEnabled ret(true) userId(0) cxtInfo.mCallerUid(1000) cxtInfo.mContainerId(0)
05-22 09:49:28.417 984 23808 I sensors-hal: handle_sns_client_event:44, ambient_light_event: ts=45081183502587, event=89.000000
05-22 09:49:28.517 984 23808 I sensors-hal: handle_sns_client_event:44, ambient_light_event: ts=45081283506285, event=89.000000
05-22 09:49:28.617 984 23808 I sensors-hal: handle_sns_client_event:44, ambient_light_event: ts=45081383253733, event=89.000000
05-22 09:49:28.618 984 23808 I sensors-hal: handle_sns_client_event:44, ambient_light_event: ts=45081383500608, event=89.000000
05-22 09:49:28.718 984 23808 I sensors-hal: handle_sns_client_event:44, ambient_light_event: ts=45081483253681, event=89.000000
05-22 09:49:28.718 984 23808 I sensors-hal: handle_sns_client_event:44, ambient_light_event: ts=45081483502326, event=89.000000
05-22 09:49:28.818 984 23808 I sensors-hal: handle_sns_client_event:44, ambient_light_event: ts=45081583261024, event=89.000000
05-22 09:49:28.819 984 23808 I sensors-hal: handle_sns_client_event:44, ambient_light_event: ts=45081583501129, event=89.000000
05-22 09:49:28.917 984 23808 I sensors-hal: handle_sns_client_event:44, ambient_light_event: ts=45081683256597, event=89.000000
05-22 09:49:28.917 984 23808 I sensors-hal: handle_sns_client_event:44, ambient_light_event: ts=45081683500868, event=89.000000
05-22 09:49:29.017 984 23808 I sensors-hal: handle_sns_client_event:44, ambient_light_event: ts=45081783501389, event=89.000000
05-22 09:49:29.062 987 27346 I HYPER-HAL: [RequestManager.cpp]releaseLocked(): Released ID : 857414
05-22 09:49:29.115 984 23808 I sensors-hal: handle_sns_client_event:44, ambient_light_event: ts=45081883259722, event=89.000000
05-22 09:49:29.116 984 23808 I sensors-hal: handle_sns_client_event:44, ambient_light_event: ts=45081883501129, event=89.000000
05-22 09:49:29.208 619 619 D io_stats: !@ Write_top(KB): kworker/u16:2(19238) 72
05-22 09:49:29.214 984 23808 I sensors-hal: handle_sns_client_event:44, ambient_light_event: ts=45081983261806, event=89.000000
05-22 09:49:29.215 984 23808 I sensors-hal: handle_sns_client_event:44, ambient_light_event: ts=45081983500087, event=89.000000
05-22 09:49:29.317 984 23808 I sensors-hal: handle_sns_client_event:44, ambient_light_event: ts=45082083265451, event=89.000000
05-22 09:49:29.317 984 23808 I sensors-hal: handle_sns_client_event:44, ambient_light_event: ts=45082083500087, event=89.000000
05-22 09:49:29.417 984 23808 I sensors-hal: handle_sns_client_event:44, ambient_light_event: ts=45082183264931, event=89.000000
05-22 09:49:29.417 984 23808 I sensors-hal: handle_sns_client_event:44, ambient_light_event: ts=45082183501649, event=89.000000
05-22 09:49:29.516 984 23808 I sensors-hal: handle_sns_client_event:44, ambient_light_event: ts=45082283257118, event=89.000000
05-22 09:49:29.517 984 23808 I sensors-hal: handle_sns_client_event:44, ambient_light_event: ts=45082283499826, event=89.000000
05-22 09:49:29.564 1290 4437 D SemWifiUsabilityStatsMonitor: onWifiUsabilityStats - seqNum 299, isSameBssidAndFreq true
05-22 09:49:29.564 1290 2165 I SemWifiLinkQualityMonitor: Unreliable statistics: 1 / 237 / 18 / 0 || QoS: 0.00 ms / 0.00 Mbps (N) / 0 (0)
05-22 09:49:29.617 984 23808 I sensors-hal: handle_sns_client_event:44, ambient_light_event: ts=45082383262847, event=89.000000
05-22 09:49:29.617 984 23808 I sensors-hal: handle_sns_client_event:44, ambient_light_event: ts=45082383501389, event=89.000000
05-22 09:49:29.716 984 23808 I sensors-hal: handle_sns_client_event:44, ambient_light_event: ts=45082483260504, event=89.000000
05-22 09:49:29.717 984 23808 I sensors-hal: handle_sns_client_event:44, ambient_light_event: ts=45082483500608, event=89.000000
05-22 09:49:29.789 1290 2544 D BatteryService: Sending ACTION_BATTERY_CHANGED: level:97, status:2, health:2, remain:1419, ac:false, usb:true, wireless:false, pogo:false, misc:0x0, charge_type:0, charger_type:0, voltage:4263, temperature:241, online:4, charging_status:0, cycle_count:0, current_avg:0, ps:false, hvc:false, capacity:280000, current_event:0x0, current_now:94000, mcc:500000, mcv:5000000, cc:4850000, present:true, scale:100, technology:Li-ion
05-22 09:49:29.792 1290 2201 I DeviceBatteryInfoService: action: android.intent.action.BATTERY_CHANGED
05-22 09:49:29.792 1290 2201 I DeviceBatteryInfoService: phone battery level: 97
05-22 09:49:29.792 1290 2201 I DeviceBatteryInfoService: phone battery status: 2
05-22 09:49:29.794 1290 2077 D MotionRecognitionService: [SAR] onReceive : ACTION_BATTERY_CHANGED, Plugged: 2
05-22 09:49:29.797 2254 2254 I PowerUI : mBootCompleted = true | mFullyConnected = true
05-22 09:49:29.797 2254 2254 I PowerUI : BATTERY_HEALTH_CHECK extraHealth=2 mBatteryMiscEvent=0
05-22 09:49:29.797 2254 2254 W PowerUI : Plug reason
05-22 09:49:29.797 2254 2254 W PowerUI : Skip charging animation - by plug status
05-22 09:49:29.797 2254 2254 D PowerUI : priorPlugType = 2 mPlugType = 2 priorBatteryStatus = 2 mBatteryStatus = 2
05-22 09:49:29.797 2254 2254 W PowerUI : Plug reason
05-22 09:49:29.797 2254 2254 W PowerUI : Skip charging sound - by plug status
05-22 09:49:29.797 2254 5877 D SecPowerUI.Notification: dismissing low battery warning: level=97
05-22 09:49:29.798 2254 2254 I PowerUI : oldMisalign : false, curMisalign : false
05-22 09:49:29.798 2254 5877 D SecPowerUI.Notification: updateNotification mWarning=false mPlaySound=false
05-22 09:49:29.798 2551 2551 D SemBigDataInfoController: Intent: android.intent.action.BATTERY_CHANGED
05-22 09:49:29.798 2254 5877 D SecPowerUI.Notification: SecBatteryStatsSnapshot{batteryLevel=97, currentBatteryMode=0, chargingTime=1419000, chargingType=11, batteryHealth=2, automaticTestMode=false, isHiccupState=false}
05-22 09:49:29.799 2254 5877 D SecPowerUI.Notification: 1. restoreScreenTimeOut - saved_value : :
05-22 09:49:29.799 2254 5877 E SecPowerUI.Notification: no saved value, so we do nothing !!
05-22 09:49:29.800 2254 2254 D SecPowerUI.Notification: showChargingNotice oldChargingType : 11 / currentChargingType : 11, oldChargingTime : 1419000 / mChargingTime : 1419000
05-22 09:49:29.801 2254 2254 D SecPowerUI.Notification: showChargingNotice There is no change about charging status, so return!
05-22 09:49:29.801 2254 2254 D PowerUI : Battery swelling mode - priorBatterySwellingMode = 0 mBatterySwellingMode = 0 mBatteryStatus = 2
05-22 09:49:29.801 2254 2254 I PowerUI : mBatteryMiscEvent = 0
05-22 09:49:29.801 2254 2254 D SamsungBatteryMeterDrawable: onBatteryLevelChanged isSomethingChanged: false
05-22 09:49:29.802 21837 21837 I [SCPMV2][SystemMonitorReceiver]: onReceive: android.intent.action.BATTERY_CHANGED
05-22 09:49:29.802 2254 2254 D SamsungBatteryMeterDrawable: onBatteryLevelChanged isSomethingChanged: false
05-22 09:49:29.802 2254 2254 D SamsungBatteryMeterDrawable: onBatteryLevelChanged isSomethingChanged: false
05-22 09:49:29.803 2254 2254 I AODBatteryManager: updateBatteryData: ACTION_BATTERY_CHANGED
05-22 09:49:29.804 2254 2254 I AODBatteryManager: saveBatteryData : AOD BatteryData [mBatteryLevel=97, mBatteryStatus=CHARGING, mBatteryPlugType=USB, mBatteryPlugged=true, mRemainingChargeTime=1419000, mBatteryChargingType=1, mBatteryChargerType=NORMAL, mBatteryOnline=USB, mBatterySwellingMode=NONE, mBatteryProtectMode=false]
05-22 09:49:29.805 2254 2254 D KeyguardUpdateMonitor: handleBatteryUpdate
05-22 09:49:29.814 984 23808 I sensors-hal: handle_sns_client_event:44, ambient_light_event: ts=45082583265712, event=89.000000
05-22 09:49:29.815 984 23808 I sensors-hal: handle_sns_client_event:44, ambient_light_event: ts=45082583500347, event=89.000000
05-22 09:49:29.917 984 23808 I sensors-hal: handle_sns_client_event:44, ambient_light_event: ts=45082683264149, event=89.000000
05-22 09:49:29.917 984 23808 I sensors-hal: handle_sns_client_event:44, ambient_light_event: ts=45082683500608, event=89.000000
05-22 09:49:30.014 984 23808 I sensors-hal: handle_sns_client_event:44, ambient_light_event: ts=45082783261545, event=89.000000
05-22 09:49:30.015 984 23808 I sensors-hal: handle_sns_client_event:44, ambient_light_event: ts=45082783501389, event=89.000000
05-22 09:49:30.115 984 23808 I sensors-hal: handle_sns_client_event:44, ambient_light_event: ts=45082883257899, event=89.000000
05-22 09:49:30.116 984 23808 I sensors-hal: handle_sns_client_event:44, ambient_light_event: ts=45082883500608, event=89.000000
05-22 09:49:30.215 984 23808 I sensors-hal: handle_sns_client_event:44, ambient_light_event: ts=45082983261285, event=89.000000
05-22 09:49:30.215 984 23808 I sensors-hal: handle_sns_client_event:44, ambient_light_event: ts=45082983501129, event=89.000000
05-22 09:49:30.314 984 23808 I sensors-hal: handle_sns_client_event:44, ambient_light_event: ts=45083083500347, event=89.000000
05-22 09:49:30.414 984 23808 I sensors-hal: handle_sns_client_event:44, ambient_light_event: ts=45083183262847, event=89.000000
05-22 09:49:30.415 984 23808 I sensors-hal: handle_sns_client_event:44, ambient_light_event: ts=45083183500608, event=89.000000
05-22 09:49:30.515 984 23808 I sensors-hal: handle_sns_client_event:44, ambient_light_event: ts=45083283261545, event=89.000000
05-22 09:49:30.515 984 23808 I sensors-hal: handle_sns_client_event:44, ambient_light_event: ts=45083283501649, event=89.000000
05-22 09:49:30.615 984 23808 I sensors-hal: handle_sns_client_event:44, ambient_light_event: ts=45083383260504, event=89.000000
05-22 09:49:30.615 984 23808 I sensors-hal: handle_sns_client_event:44, ambient_light_event: ts=45083383500868, event=89.000000
05-22 09:49:30.715 984 23808 I sensors-hal: handle_sns_client_event:44, ambient_light_event: ts=45083483261024, event=89.000000
05-22 09:49:30.715 984 23808 I sensors-hal: handle_sns_client_event:44, ambient_light_event: ts=45083483500608, event=89.000000
05-22 09:49:30.815 984 23808 I sensors-hal: handle_sns_client_event:44, ambient_light_event: ts=45083583260243, event=90.000000
05-22 09:49:30.815 984 23808 I sensors-hal: handle_sns_client_event:44, ambient_light_event: ts=45083583500087, event=90.000000
05-22 09:49:30.915 984 23808 I sensors-hal: handle_sns_client_event:44, ambient_light_event: ts=45083683259983, event=90.000000
05-22 09:49:30.915 984 23808 I sensors-hal: handle_sns_client_event:44, ambient_light_event: ts=45083683501649, event=90.000000
05-22 09:49:31.015 984 23808 I sensors-hal: handle_sns_client_event:44, ambient_light_event: ts=45083783261024, event=90.000000
05-22 09:49:31.015 984 23808 I sensors-hal: handle_sns_client_event:44, ambient_light_event: ts=45083783500868, event=90.000000
05-22 09:49:31.083 2233 2233 I wpa_supplicant: Heartbeat 1046
05-22 09:49:31.114 984 23808 I sensors-hal: handle_sns_client_event:44, ambient_light_event: ts=45083883259201, event=90.000000
05-22 09:49:31.115 984 23808 I sensors-hal: handle_sns_client_event:44, ambient_light_event: ts=45083883499826, event=90.000000
05-22 09:49:31.215 984 23808 I sensors-hal: handle_sns_client_event:44, ambient_light_event: ts=45083983259462, event=90.000000
05-22 09:49:31.215 984 23808 I sensors-hal: handle_sns_client_event:44, ambient_light_event: ts=45083983501389, event=90.000000
05-22 09:49:31.316 984 23808 I sensors-hal: handle_sns_client_event:44, ambient_light_event: ts=45084083254254, event=90.000000
05-22 09:49:31.316 984 23808 I sensors-hal: handle_sns_client_event:44, ambient_light_event: ts=45084083513368, event=90.000000
05-22 09:49:31.335 1290 2848 I EDMNativeHelperService: isFaceRecognitionAllowedEvenCameraBlocked
05-22 09:49:31.340 1290 2848 I EDMNativeHelperService: isCameraEnabled
05-22 09:49:31.340 1290 2848 D EDMNativeHelper: isCameraEnabled
05-22 09:49:31.342 1290 2848 D EDMNativeHelper: checking for camera in EnterpriseDeviceManagerService
05-22 09:49:31.342 1290 2848 D EnterpriseDeviceManagerService: isCameraEnabledNative
05-22 09:49:31.342 1290 2848 D EnterpriseDeviceManagerService: checking for camera in restriction policy
05-22 09:49:31.342 1290 2848 D RestrictionPolicy: isCameraEnabled ret(true) userId(0) cxtInfo.mCallerUid(1000) cxtInfo.mContainerId(0)
05-22 09:49:31.416 984 23808 I sensors-hal: handle_sns_client_event:44, ambient_light_event: ts=45084183270399, event=90.000000
05-22 09:49:31.517 984 23808 I sensors-hal: handle_sns_client_event:44, ambient_light_event: ts=45084283499826, event=90.000000
05-22 09:49:31.617 984 23808 I sensors-hal: handle_sns_client_event:44, ambient_light_event: ts=45084383502535, event=90.000000
05-22 09:49:31.715 984 23808 I sensors-hal: handle_sns_client_event:44, ambient_light_event: ts=45084483500816, event=90.000000
05-22 09:49:31.817 984 23808 I sensors-hal: handle_sns_client_event:44, ambient_light_event: ts=45084583252795, event=90.000000
05-22 09:49:31.818 984 23808 I sensors-hal: handle_sns_client_event:44, ambient_light_event: ts=45084583502326, event=90.000000
05-22 09:49:31.918 984 23808 I sensors-hal: handle_sns_client_event:44, ambient_light_event: ts=45084683253629, event=90.000000
05-22 09:49:31.918 984 23808 I sensors-hal: handle_sns_client_event:44, ambient_light_event: ts=45084683501024, event=90.000000
05-22 09:49:32.018 984 23808 I sensors-hal: handle_sns_client_event:44, ambient_light_event: ts=45084783253941, event=90.000000
05-22 09:49:32.019 984 23808 I sensors-hal: handle_sns_client_event:44, ambient_light_event: ts=45084783504722, event=90.000000
05-22 09:49:32.115 984 23808 I sensors-hal: handle_sns_client_event:44, ambient_light_event: ts=45084883500087, event=90.000000
05-22 09:49:32.215 984 23808 I sensors-hal: handle_sns_client_event:44, ambient_light_event: ts=45084983501649, event=90.000000
05-22 09:49:32.317 984 23808 I sensors-hal: handle_sns_client_event:44, ambient_light_event: ts=45085083261285, event=90.000000
05-22 09:49:32.318 984 23808 I sensors-hal: handle_sns_client_event:44, ambient_light_event: ts=45085083500087, event=90.000000
05-22 09:49:32.416 984 23808 I sensors-hal: handle_sns_client_event:44, ambient_light_event: ts=45085183264410, event=90.000000
05-22 09:49:32.417 984 23808 I sensors-hal: handle_sns_client_event:44, ambient_light_event: ts=45085183501129, event=90.000000
05-22 09:49:32.516 984 23808 I sensors-hal: handle_sns_client_event:44, ambient_light_event: ts=45085283257118, event=90.000000
05-22 09:49:32.517 984 23808 I sensors-hal: handle_sns_client_event:44, ambient_light_event: ts=45085283499566, event=90.000000
05-22 09:49:32.590 1290 4437 D SemWifiUsabilityStatsMonitor: onWifiUsabilityStats - seqNum 300, isSameBssidAndFreq true
05-22 09:49:32.591 1290 2165 I SemWifiLinkQualityMonitor: Unreliable statistics: 0 / 0 / 0 / 0 || QoS: 0.00 ms / 0.00 Mbps (N) / 0 (0)
05-22 09:49:32.600 2254 2254 D StatusBarIconController: ignoring old pipeline callback because the new wifi icon is enabled
05-22 09:49:32.601 2254 2342 D Tile.WifiTile: handleUpdateState isTransient=false transientEnabling =false cb.isTransient=false state.state = 2 mStateBeforeClick.value =false enabled =true
05-22 09:49:32.615 984 23808 I sensors-hal: handle_sns_client_event:44, ambient_light_event: ts=45085383499826, event=90.000000
05-22 09:49:32.629 1180 1283 W ComposerExtn: DisplayExtnImpl::SetActiveConfig: HWC Display 0 is not registered!
05-22 09:49:32.642 1007 1007 I SDM : HWDeviceDRM::UpdateMixerAttributes: Mixer WxH 1200x1920-0 for Peripheral
05-22 09:49:32.643 1007 1007 I SDM : HWCDisplay::SubmitDisplayConfig: Active configuration changed to: 0
05-22 09:49:32.714 984 23808 I sensors-hal: handle_sns_client_event:44, ambient_light_event: ts=45085483264149, event=90.000000
05-22 09:49:32.715 984 23808 I sensors-hal: handle_sns_client_event:44, ambient_light_event: ts=45085483501129, event=90.000000
05-22 09:49:32.815 984 23808 I sensors-hal: handle_sns_client_event:44, ambient_light_event: ts=45085583262326, event=90.000000
05-22 09:49:32.815 984 23808 I sensors-hal: handle_sns_client_event:44, ambient_light_event: ts=45085583501129, event=90.000000
05-22 09:49:32.847 1290 1925 D SensorService: [SO] -0.129 0.412 9.815
05-22 09:49:32.860 1290 2544 D BatteryService: Sending ACTION_BATTERY_CHANGED: level:97, status:2, health:2, remain:1419, ac:false, usb:true, wireless:false, pogo:false, misc:0x0, charge_type:0, charger_type:0, voltage:4263, temperature:241, online:4, charging_status:0, cycle_count:0, current_avg:0, ps:false, hvc:false, capacity:280000, current_event:0x0, current_now:53000, mcc:500000, mcv:5000000, cc:4850000, present:true, scale:100, technology:Li-ion
05-22 09:49:32.862 1290 2201 I DeviceBatteryInfoService: action: android.intent.action.BATTERY_CHANGED
05-22 09:49:32.863 1290 2201 I DeviceBatteryInfoService: phone battery level: 97
05-22 09:49:32.863 1290 2201 I DeviceBatteryInfoService: phone battery status: 2
05-22 09:49:32.864 1290 2077 D MotionRecognitionService: [SAR] onReceive : ACTION_BATTERY_CHANGED, Plugged: 2
05-22 09:49:32.867 2254 2254 I PowerUI : mBootCompleted = true | mFullyConnected = true
05-22 09:49:32.867 2254 2254 I PowerUI : BATTERY_HEALTH_CHECK extraHealth=2 mBatteryMiscEvent=0
05-22 09:49:32.867 2254 2254 W PowerUI : Plug reason
05-22 09:49:32.867 2254 2254 W PowerUI : Skip charging animation - by plug status
05-22 09:49:32.867 2254 2254 D PowerUI : priorPlugType = 2 mPlugType = 2 priorBatteryStatus = 2 mBatteryStatus = 2
05-22 09:49:32.867 2254 7482 D SecPowerUI.Notification: dismissing low battery warning: level=97
05-22 09:49:32.867 2254 7482 D SecPowerUI.Notification: updateNotification mWarning=false mPlaySound=false
05-22 09:49:32.867 2254 7482 D SecPowerUI.Notification: SecBatteryStatsSnapshot{batteryLevel=97, currentBatteryMode=0, chargingTime=1419000, chargingType=11, batteryHealth=2, automaticTestMode=false, isHiccupState=false}
05-22 09:49:32.868 2254 2254 W PowerUI : Plug reason
05-22 09:49:32.868 2551 2551 D SemBigDataInfoController: Intent: android.intent.action.BATTERY_CHANGED
05-22 09:49:32.868 2254 2254 W PowerUI : Skip charging sound - by plug status
05-22 09:49:32.868 2254 2254 I PowerUI : oldMisalign : false, curMisalign : false
05-22 09:49:32.868 2254 7482 D SecPowerUI.Notification: 1. restoreScreenTimeOut - saved_value : :
05-22 09:49:32.869 2254 7482 E SecPowerUI.Notification: no saved value, so we do nothing !!
05-22 09:49:32.869 2254 2254 D SecPowerUI.Notification: showChargingNotice oldChargingType : 11 / currentChargingType : 11, oldChargingTime : 1419000 / mChargingTime : 1419000
05-22 09:49:32.869 2254 2254 D SecPowerUI.Notification: showChargingNotice There is no change about charging status, so return!
05-22 09:49:32.869 2254 2254 D PowerUI : Battery swelling mode - priorBatterySwellingMode = 0 mBatterySwellingMode = 0 mBatteryStatus = 2
05-22 09:49:32.870 2254 2254 I PowerUI : mBatteryMiscEvent = 0
05-22 09:49:32.870 2254 2254 D SamsungBatteryMeterDrawable: onBatteryLevelChanged isSomethingChanged: false
05-22 09:49:32.871 2254 2254 D SamsungBatteryMeterDrawable: onBatteryLevelChanged isSomethingChanged: false
05-22 09:49:32.871 21837 21837 I [SCPMV2][SystemMonitorReceiver]: onReceive: android.intent.action.BATTERY_CHANGED
05-22 09:49:32.871 2254 2254 D SamsungBatteryMeterDrawable: onBatteryLevelChanged isSomethingChanged: false
05-22 09:49:32.872 2254 2254 I AODBatteryManager: updateBatteryData: ACTION_BATTERY_CHANGED
05-22 09:49:32.873 2254 2254 I AODBatteryManager: saveBatteryData : AOD BatteryData [mBatteryLevel=97, mBatteryStatus=CHARGING, mBatteryPlugType=USB, mBatteryPlugged=true, mRemainingChargeTime=1419000, mBatteryChargingType=1, mBatteryChargerType=NORMAL, mBatteryOnline=USB, mBatterySwellingMode=NONE, mBatteryProtectMode=false]
05-22 09:49:32.873 2254 2254 D KeyguardUpdateMonitor: handleBatteryUpdate
05-22 09:49:32.879 1180 1283 W ComposerExtn: DisplayExtnImpl::SetActiveConfig: HWC Display 0 is not registered!
05-22 09:49:32.893 1007 1007 I SDM : HWDeviceDRM::UpdateMixerAttributes: Mixer WxH 1200x1920-0 for Peripheral
05-22 09:49:32.893 1007 1007 I SDM : HWCDisplay::SubmitDisplayConfig: Active configuration changed to: 1
05-22 09:49:32.915 984 23808 I sensors-hal: handle_sns_client_event:44, ambient_light_event: ts=45085683262847, event=90.000000
05-22 09:49:32.915 984 23808 I sensors-hal: handle_sns_client_event:44, ambient_light_event: ts=45085683500868, event=90.000000
05-22 09:49:33.015 984 23808 I sensors-hal: handle_sns_client_event:44, ambient_light_event: ts=45085783258160, event=90.000000
05-22 09:49:33.015 984 23808 I sensors-hal: handle_sns_client_event:44, ambient_light_event: ts=45085783499566, event=90.000000
05-22 09:49:33.115 984 23808 I sensors-hal: handle_sns_client_event:44, ambient_light_event: ts=45085883260243, event=90.000000
05-22 09:49:33.115 984 23808 I sensors-hal: handle_sns_client_event:44, ambient_light_event: ts=45085883500087, event=90.000000
05-22 09:49:33.212 619 619 D io_stats: !@ 8,0 r 560137 18747256 w 76149 2146052 d 15478 44369720 f 0 0 iot 276124 0 th 0 0 0 pt 0 inp 0 0 10147.174
05-22 09:49:33.212 619 619 D io_stats: !@ Write_top(KB): kworker/u16:16(19643) 72
05-22 09:49:33.214 984 23808 I sensors-hal: handle_sns_client_event:44, ambient_light_event: ts=45085983259983, event=90.000000
05-22 09:49:33.215 984 23808 I sensors-hal: handle_sns_client_event:44, ambient_light_event: ts=45085983501129, event=90.000000
05-22 09:49:33.315 984 23808 I sensors-hal: handle_sns_client_event:44, ambient_light_event: ts=45086083259722, event=90.000000
05-22 09:49:33.316 984 23808 I sensors-hal: handle_sns_client_event:44, ambient_light_event: ts=45086083499306, event=90.000000
05-22 09:49:33.414 984 23808 I sensors-hal: handle_sns_client_event:44, ambient_light_event: ts=45086183257899, event=90.000000
05-22 09:49:33.415 984 23808 I sensors-hal: handle_sns_client_event:44, ambient_light_event: ts=45086183500608, event=90.000000
05-22 09:49:33.516 984 23808 I sensors-hal: handle_sns_client_event:44, ambient_light_event: ts=45086283258629, event=90.000000
05-22 09:49:33.517 984 23808 I sensors-hal: handle_sns_client_event:44, ambient_light_event: ts=45086283500295, event=90.000000
05-22 09:49:33.615 984 23808 I sensors-hal: handle_sns_client_event:44, ambient_light_event: ts=45086383258941, event=90.000000
05-22 09:49:33.615 984 23808 I sensors-hal: handle_sns_client_event:44, ambient_light_event: ts=45086383501129, event=90.000000
05-22 09:49:33.715 984 23808 I sensors-hal: handle_sns_client_event:44, ambient_light_event: ts=45086483257899, event=90.000000
05-22 09:49:33.715 984 23808 I sensors-hal: handle_sns_client_event:44, ambient_light_event: ts=45086483500868, event=90.000000
05-22 09:49:33.815 984 23808 I sensors-hal: handle_sns_client_event:44, ambient_light_event: ts=45086583499722, event=90.000000
05-22 09:49:33.914 984 23808 I sensors-hal: handle_sns_client_event:44, ambient_light_event: ts=45086683261545, event=90.000000
05-22 09:49:33.915 984 23808 I sensors-hal: handle_sns_client_event:44, ambient_light_event: ts=45086683500608, event=90.000000
05-22 09:49:34.015 984 23808 I sensors-hal: handle_sns_client_event:44, ambient_light_event: ts=45086783258941, event=90.000000
05-22 09:49:34.015 984 23808 I sensors-hal: handle_sns_client_event:44, ambient_light_event: ts=45086783501129, event=90.000000
05-22 09:49:34.115 984 23808 I sensors-hal: handle_sns_client_event:44, ambient_light_event: ts=45086883259410, event=90.000000
05-22 09:49:34.115 984 23808 I sensors-hal: handle_sns_client_event:44, ambient_light_event: ts=45086883500035, event=90.000000
05-22 09:49:34.215 984 23808 I sensors-hal: handle_sns_client_event:44, ambient_light_event: ts=45086983253681, event=90.000000
05-22 09:49:34.216 984 23808 I sensors-hal: handle_sns_client_event:44, ambient_light_event: ts=45086983509410, event=90.000000
05-22 09:49:34.315 984 23808 I sensors-hal: handle_sns_client_event:44, ambient_light_event: ts=45087083500608, event=90.000000
05-22 09:49:34.349 1290 2336 I EDMNativeHelperService: isFaceRecognitionAllowedEvenCameraBlocked
05-22 09:49:34.354 1290 2336 I EDMNativeHelperService: isCameraEnabled
05-22 09:49:34.355 1290 2336 D EDMNativeHelper: isCameraEnabled
05-22 09:49:34.356 1290 2336 D EDMNativeHelper: checking for camera in EnterpriseDeviceManagerService
05-22 09:49:34.356 1290 2336 D EnterpriseDeviceManagerService: isCameraEnabledNative
05-22 09:49:34.356 1290 2336 D EnterpriseDeviceManagerService: checking for camera in restriction policy
05-22 09:49:34.357 1290 2336 D RestrictionPolicy: isCameraEnabled ret(true) userId(0) cxtInfo.mCallerUid(1000) cxtInfo.mContainerId(0)
05-22 09:49:34.417 984 23808 I sensors-hal: handle_sns_client_event:44, ambient_light_event: ts=45087183502847, event=90.000000
05-22 09:49:34.517 984 23808 I sensors-hal: handle_sns_client_event:44, ambient_light_event: ts=45087283505972, event=90.000000
05-22 09:49:34.617 984 23808 I sensors-hal: handle_sns_client_event:44, ambient_light_event: ts=45087383501285, event=90.000000
05-22 09:49:34.718 984 23808 I sensors-hal: handle_sns_client_event:44, ambient_light_event: ts=45087483252379, event=90.000000
05-22 09:49:34.718 984 23808 I sensors-hal: handle_sns_client_event:44, ambient_light_event: ts=45087483501337, event=90.000000
05-22 09:49:34.817 984 23808 I sensors-hal: handle_sns_client_event:44, ambient_light_event: ts=45087583251701, event=90.000000
05-22 09:49:34.818 984 23808 I sensors-hal: handle_sns_client_event:44, ambient_light_event: ts=45087583501441, event=90.000000
05-22 09:49:34.916 984 23808 I sensors-hal: handle_sns_client_event:44, ambient_light_event: ts=45087683501129, event=90.000000
05-22 09:49:35.017 984 23808 I sensors-hal: handle_sns_client_event:44, ambient_light_event: ts=45087783502691, event=90.000000
05-22 09:49:35.115 984 23808 I sensors-hal: handle_sns_client_event:44, ambient_light_event: ts=45087883259462, event=90.000000
05-22 09:49:35.116 984 23808 I sensors-hal: handle_sns_client_event:44, ambient_light_event: ts=45087883501649, event=90.000000
05-22 09:49:35.214 984 23808 I sensors-hal: handle_sns_client_event:44, ambient_light_event: ts=45087983262847, event=90.000000
05-22 09:49:35.215 984 23808 I sensors-hal: handle_sns_client_event:44, ambient_light_event: ts=45087983500087, event=90.000000
05-22 09:49:35.316 984 23808 I sensors-hal: handle_sns_client_event:44, ambient_light_event: ts=45088083263889, event=90.000000
05-22 09:49:35.317 984 23808 I sensors-hal: handle_sns_client_event:44, ambient_light_event: ts=45088083500868, event=90.000000
05-22 09:49:35.417 984 23808 I sensors-hal: handle_sns_client_event:44, ambient_light_event: ts=45088183258160, event=90.000000
05-22 09:49:35.417 984 23808 I sensors-hal: handle_sns_client_event:44, ambient_light_event: ts=45088183501910, event=90.000000
05-22 09:49:35.516 984 23808 I sensors-hal: handle_sns_client_event:44, ambient_light_event: ts=45088283258160, event=90.000000
05-22 09:49:35.517 984 23808 I sensors-hal: handle_sns_client_event:44, ambient_light_event: ts=45088283501129, event=90.000000
05-22 09:49:35.615 984 23808 I sensors-hal: handle_sns_client_event:44, ambient_light_event: ts=45088383264670, event=90.000000
05-22 09:49:35.616 984 23808 I sensors-hal: handle_sns_client_event:44, ambient_light_event: ts=45088383500347, event=90.000000
05-22 09:49:35.627 1290 4437 D SemWifiUsabilityStatsMonitor: onWifiUsabilityStats - seqNum 301, isSameBssidAndFreq true
05-22 09:49:35.628 1290 2165 I SemWifiLinkQualityMonitor: Unreliable statistics: 0 / 0 / 0 / 0 || QoS: 0.00 ms / 0.00 Mbps (N) / 0 (0)
05-22 09:49:35.716 984 23808 I sensors-hal: handle_sns_client_event:44, ambient_light_event: ts=45088483261024, event=90.000000
05-22 09:49:35.717 984 23808 I sensors-hal: handle_sns_client_event:44, ambient_light_event: ts=45088483502951, event=90.000000
05-22 09:49:35.816 984 23808 I sensors-hal: handle_sns_client_event:44, ambient_light_event: ts=45088583265451, event=90.000000
05-22 09:49:35.817 984 23808 I sensors-hal: handle_sns_client_event:44, ambient_light_event: ts=45088583501389, event=90.000000
05-22 09:49:35.915 984 23808 I sensors-hal: handle_sns_client_event:44, ambient_light_event: ts=45088683259722, event=90.000000
05-22 09:49:35.915 984 23808 I sensors-hal: handle_sns_client_event:44, ambient_light_event: ts=45088683500087, event=90.000000
05-22 09:49:35.932 1290 2544 D BatteryService: Sending ACTION_BATTERY_CHANGED: level:97, status:2, health:2, remain:1419, ac:false, usb:true, wireless:false, pogo:false, misc:0x0, charge_type:0, charger_type:0, voltage:4263, temperature:241, online:4, charging_status:0, cycle_count:0, current_avg:0, ps:false, hvc:false, capacity:280000, current_event:0x0, current_now:107000, mcc:500000, mcv:5000000, cc:4850000, present:true, scale:100, technology:Li-ion
05-22 09:49:35.935 1290 2201 I DeviceBatteryInfoService: action: android.intent.action.BATTERY_CHANGED
05-22 09:49:35.935 1290 2201 I DeviceBatteryInfoService: phone battery level: 97
05-22 09:49:35.935 1290 2201 I DeviceBatteryInfoService: phone battery status: 2
05-22 09:49:35.938 1290 2077 D MotionRecognitionService: [SAR] onReceive : ACTION_BATTERY_CHANGED, Plugged: 2
05-22 09:49:35.940 2254 2254 I PowerUI : mBootCompleted = true | mFullyConnected = true
05-22 09:49:35.940 2254 2254 I PowerUI : BATTERY_HEALTH_CHECK extraHealth=2 mBatteryMiscEvent=0
05-22 09:49:35.940 2254 2254 W PowerUI : Plug reason
05-22 09:49:35.940 2254 2254 W PowerUI : Skip charging animation - by plug status
05-22 09:49:35.940 2254 2254 D PowerUI : priorPlugType = 2 mPlugType = 2 priorBatteryStatus = 2 mBatteryStatus = 2
05-22 09:49:35.940 2254 2254 W PowerUI : Plug reason
05-22 09:49:35.940 2254 2254 W PowerUI : Skip charging sound - by plug status
05-22 09:49:35.940 2254 7516 D SecPowerUI.Notification: dismissing low battery warning: level=97
05-22 09:49:35.940 2254 2254 I PowerUI : oldMisalign : false, curMisalign : false
05-22 09:49:35.940 2254 7516 D SecPowerUI.Notification: updateNotification mWarning=false mPlaySound=false
05-22 09:49:35.941 2254 7516 D SecPowerUI.Notification: SecBatteryStatsSnapshot{batteryLevel=97, currentBatteryMode=0, chargingTime=1419000, chargingType=11, batteryHealth=2, automaticTestMode=false, isHiccupState=false}
05-22 09:49:35.941 2551 2551 D SemBigDataInfoController: Intent: android.intent.action.BATTERY_CHANGED
05-22 09:49:35.942 2254 7516 D SecPowerUI.Notification: 1. restoreScreenTimeOut - saved_value : :
05-22 09:49:35.942 2254 7516 E SecPowerUI.Notification: no saved value, so we do nothing !!
05-22 09:49:35.942 2254 2254 D SecPowerUI.Notification: showChargingNotice oldChargingType : 11 / currentChargingType : 11, oldChargingTime : 1419000 / mChargingTime : 1419000
05-22 09:49:35.942 2254 2254 D SecPowerUI.Notification: showChargingNotice There is no change about charging status, so return!
05-22 09:49:35.942 2254 2254 D PowerUI : Battery swelling mode - priorBatterySwellingMode = 0 mBatterySwellingMode = 0 mBatteryStatus = 2
05-22 09:49:35.942 2254 2254 I PowerUI : mBatteryMiscEvent = 0
05-22 09:49:35.943 2254 2254 D SamsungBatteryMeterDrawable: onBatteryLevelChanged isSomethingChanged: false
05-22 09:49:35.944 21837 21837 I [SCPMV2][SystemMonitorReceiver]: onReceive: android.intent.action.BATTERY_CHANGED
05-22 09:49:35.944 2254 2254 D SamsungBatteryMeterDrawable: onBatteryLevelChanged isSomethingChanged: false
05-22 09:49:35.945 2254 2254 D SamsungBatteryMeterDrawable: onBatteryLevelChanged isSomethingChanged: false
05-22 09:49:35.945 2254 2254 I AODBatteryManager: updateBatteryData: ACTION_BATTERY_CHANGED
05-22 09:49:35.947 2254 2254 I AODBatteryManager: saveBatteryData : AOD BatteryData [mBatteryLevel=97, mBatteryStatus=CHARGING, mBatteryPlugType=USB, mBatteryPlugged=true, mRemainingChargeTime=1419000, mBatteryChargingType=1, mBatteryChargerType=NORMAL, mBatteryOnline=USB, mBatterySwellingMode=NONE, mBatteryProtectMode=false]
05-22 09:49:35.947 2254 2254 D KeyguardUpdateMonitor: handleBatteryUpdate
05-22 09:49:36.017 984 23808 I sensors-hal: handle_sns_client_event:44, ambient_light_event: ts=45088783261806, event=90.000000
05-22 09:49:36.017 984 23808 I sensors-hal: handle_sns_client_event:44, ambient_light_event: ts=45088783501129, event=90.000000
05-22 09:49:36.115 984 23808 I sensors-hal: handle_sns_client_event:44, ambient_light_event: ts=45088883258681, event=90.000000
05-22 09:49:36.115 984 23808 I sensors-hal: handle_sns_client_event:44, ambient_light_event: ts=45088883500347, event=90.000000
05-22 09:49:36.215 984 23808 I sensors-hal: handle_sns_client_event:44, ambient_light_event: ts=45088983262326, event=90.000000
05-22 09:49:36.215 984 23808 I sensors-hal: handle_sns_client_event:44, ambient_light_event: ts=45088983500608, event=90.000000
05-22 09:49:36.314 984 23808 I sensors-hal: handle_sns_client_event:44, ambient_light_event: ts=45089083260243, event=90.000000
05-22 09:49:36.315 984 23808 I sensors-hal: handle_sns_client_event:44, ambient_light_event: ts=45089083501389, event=90.000000
05-22 09:49:36.414 984 23808 I sensors-hal: handle_sns_client_event:44, ambient_light_event: ts=45089183258681, event=90.000000
05-22 09:49:36.415 984 23808 I sensors-hal: handle_sns_client_event:44, ambient_light_event: ts=45089183500087, event=90.000000
05-22 09:49:36.514 984 23808 I sensors-hal: handle_sns_client_event:44, ambient_light_event: ts=45089283261024, event=90.000000
05-22 09:49:36.515 984 23808 I sensors-hal: handle_sns_client_event:44, ambient_light_event: ts=45089283500087, event=90.000000
05-22 09:49:36.615 984 23808 I sensors-hal: handle_sns_client_event:44, ambient_light_event: ts=45089383258681, event=90.000000
05-22 09:49:36.615 984 23808 I sensors-hal: handle_sns_client_event:44, ambient_light_event: ts=45089383501389, event=90.000000
05-22 09:49:36.715 984 23808 I sensors-hal: handle_sns_client_event:44, ambient_light_event: ts=45089483251858, event=90.000000
05-22 09:49:36.715 984 23808 I sensors-hal: handle_sns_client_event:44, ambient_light_event: ts=45089483500556, event=90.000000
05-22 09:49:36.815 984 23808 I sensors-hal: handle_sns_client_event:44, ambient_light_event: ts=45089583254097, event=90.000000
05-22 09:49:36.815 984 23808 I sensors-hal: handle_sns_client_event:44, ambient_light_event: ts=45089583500972, event=90.000000
05-22 09:49:36.915 984 23808 I sensors-hal: handle_sns_client_event:44, ambient_light_event: ts=45089683259462, event=90.000000
05-22 09:49:36.915 984 23808 I sensors-hal: handle_sns_client_event:44, ambient_light_event: ts=45089683500608, event=90.000000
05-22 09:49:37.014 984 23808 I sensors-hal: handle_sns_client_event:44, ambient_light_event: ts=45089783258420, event=90.000000
05-22 09:49:37.015 984 23808 I sensors-hal: handle_sns_client_event:44, ambient_light_event: ts=45089783500608, event=90.000000
05-22 09:49:37.115 984 23808 I sensors-hal: handle_sns_client_event:44, ambient_light_event: ts=45089883254931, event=90.000000
05-22 09:49:37.115 984 23808 I sensors-hal: handle_sns_client_event:44, ambient_light_event: ts=45089883502066, event=90.000000
05-22 09:49:37.216 619 619 D io_stats: !@ 8,0 r 560137 18747256 w 76151 2146124 d 15478 44369720 f 0 0 iot 276128 0 th 0 0 0 pt 0 inp 0 0 10151.179
05-22 09:49:37.217 619 619 D io_stats: !@ Write_top(KB): kworker/u16:16(19643) 72
05-22 09:49:37.217 984 23808 I sensors-hal: handle_sns_client_event:44, ambient_light_event: ts=45089983255087, event=90.000000
05-22 09:49:37.218 984 23808 I sensors-hal: handle_sns_client_event:44, ambient_light_event: ts=45089983501962, event=90.000000
05-22 09:49:37.317 984 23808 I sensors-hal: handle_sns_client_event:44, ambient_light_event: ts=45090083501910, event=90.000000
05-22 09:49:37.363 1290 2336 I EDMNativeHelperService: isFaceRecognitionAllowedEvenCameraBlocked
05-22 09:49:37.369 1290 2336 I EDMNativeHelperService: isCameraEnabled
05-22 09:49:37.369 1290 2336 D EDMNativeHelper: isCameraEnabled
05-22 09:49:37.370 1290 2336 D EDMNativeHelper: checking for camera in EnterpriseDeviceManagerService
05-22 09:49:37.370 1290 2336 D EnterpriseDeviceManagerService: isCameraEnabledNative
05-22 09:49:37.371 1290 2336 D EnterpriseDeviceManagerService: checking for camera in restriction policy
05-22 09:49:37.371 1290 2336 D RestrictionPolicy: isCameraEnabled ret(true) userId(0) cxtInfo.mCallerUid(1000) cxtInfo.mContainerId(0)
05-22 09:49:37.417 984 23808 I sensors-hal: handle_sns_client_event:44, ambient_light_event: ts=45090183502014, event=90.000000
05-22 09:49:37.517 984 23808 I sensors-hal: handle_sns_client_event:44, ambient_light_event: ts=45090283500868, event=90.000000
05-22 09:49:37.617 984 23808 I sensors-hal: handle_sns_client_event:44, ambient_light_event: ts=45090383500972, event=90.000000
05-22 09:49:37.715 984 23808 I sensors-hal: handle_sns_client_event:44, ambient_light_event: ts=45090483249097, event=90.000000
05-22 09:49:37.715 984 23808 I sensors-hal: handle_sns_client_event:44, ambient_light_event: ts=45090483502431, event=90.000000
05-22 09:49:37.818 984 23808 I sensors-hal: handle_sns_client_event:44, ambient_light_event: ts=45090583251389, event=90.000000
05-22 09:49:37.818 984 23808 I sensors-hal: handle_sns_client_event:44, ambient_light_event: ts=45090583500920, event=90.000000
05-22 09:49:37.916 984 23808 I sensors-hal: handle_sns_client_event:44, ambient_light_event: ts=45090683249931, event=90.000000
05-22 09:49:37.917 984 23808 I sensors-hal: handle_sns_client_event:44, ambient_light_event: ts=45090683500972, event=90.000000
05-22 09:49:38.015 984 23808 I sensors-hal: handle_sns_client_event:44, ambient_light_event: ts=45090783500087, event=90.000000
05-22 09:49:38.114 984 23808 I sensors-hal: handle_sns_client_event:44, ambient_light_event: ts=45090883259722, event=90.000000
05-22 09:49:38.115 984 23808 I sensors-hal: handle_sns_client_event:44, ambient_light_event: ts=45090883500087, event=90.000000
05-22 09:49:38.214 984 23808 I sensors-hal: handle_sns_client_event:44, ambient_light_event: ts=45090983260504, event=90.000000
05-22 09:49:38.215 984 23808 I sensors-hal: handle_sns_client_event:44, ambient_light_event: ts=45090983500347, event=90.000000
05-22 09:49:38.315 984 23808 I sensors-hal: handle_sns_client_event:44, ambient_light_event: ts=45091083263108, event=90.000000
05-22 09:49:38.315 984 23808 I sensors-hal: handle_sns_client_event:44, ambient_light_event: ts=45091083500347, event=90.000000
05-22 09:49:38.401 3411 4144 D CompatibilityChangeReporter: Compat change id reported: 183155436; UID 10227; state: ENABLED
05-22 09:49:38.411 1290 2336 D CompatibilityChangeReporter: Compat change id reported: 149924527; UID 2000; state: ENABLED
05-22 09:49:38.412 1290 2336 D CompatibilityChangeReporter: Compat change id reported: 132649864; UID 2000; state: DISABLED
05-22 09:49:38.414 984 23808 I sensors-hal: handle_sns_client_event:44, ambient_light_event: ts=45091183257639, event=90.000000
05-22 09:49:38.414 984 23808 I sensors-hal: handle_sns_client_event:44, ambient_light_event: ts=45091183500868, event=90.000000
