05-22 09:50:06.009 954 28054 D audio_hw_primary: start_input_stream: exit
05-22 09:50:06.015 984 23808 I sensors-hal: handle_sns_client_event:44, ambient_light_event: ts=45118783502199, event=86.000000
05-22 09:50:06.033 1100 27402 I QC2C2DEngine: calcYSize: unsupported or RGB color format, RGBA8888(1)
05-22 09:50:06.062 27753 27907 D Qt_Multimedia_spectrum_analyzer: Engine::audioStateChanged from IdleState to ActiveState
05-22 09:50:06.065 1100 27402 I QC2C2DEngine: calcYSize: unsupported or RGB color format, RGBA8888(1)
05-22 09:50:06.077 1290 1290 I GestureDetector: handleMessage TAP
05-22 09:50:06.078 1290 1675 I GestureDetector: handleMessage TAP
05-22 09:50:06.080 27753 27753 I GestureDetector: handleMessage TAP
05-22 09:50:06.091 1100 27402 I QC2C2DEngine: calcYSize: unsupported or RGB color format, RGBA8888(1)
05-22 09:50:06.098 1180 1180 I Layer : Layer [Sprite#167] hidden!! flag(1)
05-22 09:50:06.115 984 23808 I sensors-hal: handle_sns_client_event:44, ambient_light_event: ts=45118883500012, event=88.000000
05-22 09:50:06.123 1180 1180 D SurfaceFlinger: Display 4630946835308409729 HWC layers:
05-22 09:50:06.123 1180 1180 D SurfaceFlinger: CLIENT | 0xb400007dbaba9df0 | 0500 | RGBA_8888 | 0.0 0.0 1200.0 1812.0 | 0 36 1200 1848 | SurfaceView[org.qtproject.example.sp[...]id.bindings.QtActivity]@0(BLAST)#669
05-22 09:50:06.123 1180 1180 D SurfaceFlinger: CLIENT | 0xb400007dbaba8c70 | 0100 | RGBA_8888 | 0.0 0.0 1200.0 1920.0 | 0 0 1200 1920 | org.qtproject.example.spectrum/org.q[...]droid.bindings.QtActivity$_27753#656
05-22 09:50:06.123 1180 1180 D SurfaceFlinger: CLIENT | 0xb400007dbaba7070 | 0100 | RGBA_8888 | 0.0 0.0 1200.0 36.0 | 0 0 1200 36 | StatusBar$_2254#99
05-22 09:50:06.123 1180 1180 D SurfaceFlinger: CLIENT | 0xb400007dac3578e0 | 0100 | RGBA_8888 | 0.0 0.0 67.0 207.0 | 1133 432 1200 639 | com.sec.android.app.launcher/com.sam[...]ce.edge.CocktailBarService$_2507#160
05-22 09:50:06.123 1180 1180 D SurfaceFlinger: CLIENT | 0xb400007dac2d8980 | 0100 | RGBA_8888 | 0.0 0.0 1200.0 72.0 | 0 1848 1200 1920 | TaskbarWindow$_2507#128
05-22 09:50:06.123 1180 1180 D SurfaceFlinger: CLIENT | 0xb400007dac359010 | 0100 | RGBA_8888 | 0.0 0.0 1200.0 1920.0 | 0 0 1200 1920 | PointerLocation - display 0#57
05-22 09:50:06.123 1180 1180 D SurfaceFlinger:
05-22 09:50:06.125 1100 27402 I QC2C2DEngine: calcYSize: unsupported or RGB color format, RGBA8888(1)
05-22 09:50:06.177 1100 27402 I QC2C2DEngine: calcYSize: unsupported or RGB color format, RGBA8888(1)
05-22 09:50:06.214 984 23808 I sensors-hal: handle_sns_client_event:44, ambient_light_event: ts=45118983500637, event=90.000000
05-22 09:50:06.281 1100 27402 I QC2C2DEngine: calcYSize: unsupported or RGB color format, RGBA8888(1)
05-22 09:50:06.315 984 23808 I sensors-hal: handle_sns_client_event:44, ambient_light_event: ts=45119083498553, event=91.000000
05-22 09:50:06.379 1100 27402 I QC2C2DEngine: calcYSize: unsupported or RGB color format, RGBA8888(1)
05-22 09:50:06.382 987 28048 I HYPER-HAL: [ResourceManager.cpp]removeResource(): [CPULittleMinFreq] RemoveResource Request ID : 869249
05-22 09:50:06.383 987 28048 I HYPER-HAL: [ResourceManager.cpp]removeResource(): [CPUMinFreq] RemoveResource Request ID : 869249
05-22 09:50:06.384 987 28048 I HYPER-HAL: [RequestManager.cpp]releaseLocked(): Released ID : 869249
05-22 09:50:06.415 984 23808 I sensors-hal: handle_sns_client_event:44, ambient_light_event: ts=45119183261574, event=91.000000
05-22 09:50:06.415 984 23808 I sensors-hal: handle_sns_client_event:44, ambient_light_event: ts=45119183509751, event=91.000000
05-22 09:50:06.427 2254 2254 D SystemEventChipAnimationController: Try to remove existing animationView=com.android.systemui.privacy.OngoingPrivacyChip{fe63f7e V.E...... .......D 1144,3-1175,33 #7f0a07f8 app:id/privacy_chip}
05-22 09:50:06.434 2254 2254 I BLASTBufferQueue_Java: update, w= 1200 h= 36 mName = ViewRootImpl@10f8be7[StatusBar] mNativeObject= 0xb400007090dcb400 sc.mNativeObject= 0xb40000708ff9d300 format= -3 caller= android.view.ViewRootImpl.updateBlastSurfaceIfNeeded:3004 android.view.ViewRootImpl.relayoutWindow:10060 android.view.ViewRootImpl.performTraversals:4092 android.view.ViewRootImpl.doTraversal:3275 android.view.ViewRootImpl$TraversalRunnable.run:11268 android.view.Choreographer$CallbackRecord.run:1650
05-22 09:50:06.434 2254 2254 I ViewRootImpl@10f8be7[StatusBar]: Relayout returned: old=(0,0,1200,36) new=(0,0,1200,36) relayoutAsync=true req=(1200,36)0 dur=0 res=0x0 s={true 0xb400007090d43000} ch=false seqId=0
05-22 09:50:06.434 1290 4244 V WindowManager: Relayout Window{8f52b7 u0 StatusBar}: viewVisibility=0 req=1200x36 ty=2000 d0
05-22 09:50:06.435 1290 4244 I WindowManager: Cancelling animation restarting=true, leash=Surface(name=Surface(name=8f52b7 StatusBar)/@0x974c743 - animation-leash of insets_animation)/@0x1634508
05-22 09:50:06.435 1290 4244 I WindowManager: Reparenting to original parent: Surface(name=WindowToken{e3045b6 type=2000 android.os.BinderProxy@c779e78})/@0xc4171c0, destroy=false, surface=Surface(name=8f52b7 StatusBar)/@0x974c743
05-22 09:50:06.436 1290 4244 I WindowManager: Reparenting to leash, surface=Surface(name=8f52b7 StatusBar)/@0x974c743, leashParent=Surface(name=WindowToken{e3045b6 type=2000 android.os.BinderProxy@c779e78})/@0xc4171c0
05-22 09:50:06.437 1180 2018 I SurfaceFlinger: id=674 createSurf, flag=24000, Surface(name=8f52b7 StatusBar)/@0x974c743 - animation-leash of insets_animation#674
05-22 09:50:06.439 1290 4244 D WindowManager: makeSurface duration=2 leash=Surface(name=Surface(name=8f52b7 StatusBar)/@0x974c743 - animation-leash of insets_animation)/@0xa90e1e
05-22 09:50:06.439 1290 4244 D InsetsSourceProvider: updateControlForTarget: control=InsetsSourceControl: {e5a60000 mType=statusBars initiallyVisible mSurfacePosition=Point(0, 0) mInsetsHint=Insets{left=0, top=36, right=0, bottom=0}}, target=com.android.server.wm.InsetsPolicy$1@ce062a4, from=com.android.server.wm.InsetsStateController.onControlTargetChanged:358 com.android.server.wm.InsetsStateController.onBarControlTargetChanged:324 com.android.server.wm.InsetsPolicy.updateBarControlTarget:172 com.android.server.wm.InsetsPolicy.updateSystemBars:788 com.android.server.wm.DisplayPolicy.updateSystemBarsLw:3397
05-22 09:50:06.439 1290 4244 D InsetsSourceProvider: updateFakeControlTarget: fakeControl=InsetsSourceControl: {e5a60000 mType=statusBars mSurfacePosition=Point(0, 0) mInsetsHint=Insets{left=0, top=0, right=0, bottom=0}}, fakeTarget=Window{95d9169 u0 org.qtproject.example.spectrum/org.qtproject.qt.android.bindings.QtActivity}
05-22 09:50:06.443 2254 2254 I ViewRootImpl@10f8be7[StatusBar]: registerCallbackForPendingTransactions
05-22 09:50:06.444 2254 3169 I ViewRootImpl@10f8be7[StatusBar]: mWNT: t=0xb400007086c0e880 mBlastBufferQueue=0xb400007090dcb400 fn= 636 caller= android.view.ViewRootImpl$6.onFrameDraw:5582 android.view.ViewRootImpl$2.onFrameDraw:2131 android.view.ThreadedRenderer$1.onFrameDraw:788
05-22 09:50:06.449 1180 1180 I Layer : Layer::reparent [8f52b7 StatusBar#90] newParent : Surface(name=8f52b7 StatusBar)/@0x974c743 - animation-leash of insets_animation#674 , isRemovedFromCurrentState : 0 -------------------------
05-22 09:50:06.449 1180 1180 I Layer : Layer::reparent [8f52b7 StatusBar#90] End -------------------------
05-22 09:50:06.449 1180 1180 I Layer : Layer::reparent [Surface(name=8f52b7 StatusBar)/@0x974c743 - animation-leash of insets_animation#658] newParentHandle : null -------------------------
05-22 09:50:06.449 1180 1180 I Layer : id=658 removeFromCurrentState Surface(name=8f52b7 StatusBar)/@0x974c743 - animation-leash of insets_animation#658 (250)
05-22 09:50:06.449 1180 1180 I Layer : Layer::reparent [Surface(name=8f52b7 StatusBar)/@0x974c743 - animation-leash of insets_animation#658] End -------------------------
05-22 09:50:06.451 1290 4244 V WindowManager: Relayout hash=8f52b7, pid=0, syncId=-1: mAttrs={(0,0)(fillx36) gr=TOP CENTER_VERTICAL sim={adjust=pan} layoutInDisplayCutoutMode=always ty=STATUS_BAR fmt=TRANSLUCENT
05-22 09:50:06.451 1290 4244 V WindowManager: fl=81000008
05-22 09:50:06.451 1290 4244 V WindowManager: pfl=13000800
05-22 09:50:06.451 1290 4244 V WindowManager: bhv=DEFAULT
05-22 09:50:06.451 1290 4244 V WindowManager: providedInsets:
05-22 09:50:06.451 1290 4244 V WindowManager: InsetsFrameProvider: {id=#e5a60000, index=0, type=statusBars, source=FRAME, flags=[], insetsSize=Insets{left=0, top=36, right=0, bottom=0}}
05-22 09:50:06.451 1290 4244 V WindowManager: InsetsFrameProvider: {id=#e5a60006, index=0, type=tappableElement, source=FRAME, flags=[], insetsSize=Insets{left=0, top=36, right=0, bottom=0}}
05-22 09:50:06.451 1290 4244 V WindowManager: InsetsFrameProvider: {id=#e5a60005, index=0, type=mandatorySystemGestures, source=FRAME, flags=[], mMinimalInsetsSizeInDisplayCutoutSafe=Insets{left=0, top=18, right=0, bottom=0}}
05-22 09:50:06.451 1290 4244 V WindowManager: paramsForRotation:
05-22 09:50:06.451 1290 4244 V WindowManager: ROTATION_0={(0,0)(fillx36) gr=TOP CENTER_VERTICAL layoutInDisplayCutoutMode=always ty=STATUS_BAR fmt=TRANSLUCENT
05-22 09:50:06.451 1290 4244 V WindowManager: fl=80000008
05-22 09:50:06.451 1290 4244 V WindowManager: pfl=11000000
05-22 09:50:06.451 1290 4244 V WindowManager: bhv=DEFAULT
05-22 09:50:06.451 1290 4244 V WindowManager: providedInsets:
05-22 09:50:06.451 1290 4244 V WindowManager: InsetsFrameProvider: {id=#e5a60000, index=0, type=statusBars, source=FRAME, flags=[], insetsSize=Insets{left=0, top=36, right=0, bottom=0}}
05-22 09:50:06.451 1290 4244 V WindowManager: InsetsFrameProvider: {id=#e5a60006, index=0, type=tappableElement, source=FRAME, flags=[], insetsSize=Insets{left=0, top=36, right=0, bottom=0}}
05-22 09:50:06.451 1290 4244 V WindowManager: InsetsFrameProvider: {id=#e5a60005, index=0, type=mandatorySystemGestures, source=FRAME, flags=[], insetsSize=Insets{left=0, top=36, right=0, bottom=0}, mMinimalInsetsSizeInDisplayCutoutSafe=Insets{left=0, top=18, right=0, bottom=0}} naviIconColor=0}
05-22 09:50:06.451 1290 4244 V WindowManager: ROTATION_90={(0,0)(fillx36) gr=TOP CENTER_VERTICAL layoutInDisplayCutoutMode=always ty=STATUS_BAR fmt=TRANSLUCENT
05-22 09:50:06.451 1290 4244 V WindowManager: fl=80000008
05-22 09:50:06.451 1290 4244 V WindowManager: pfl=11000000
05-22 09:50:06.451 1290 4244 V WindowManager: bhv=DEFAULT
05-22 09:50:06.451 1290 4244 V WindowManager: providedInsets:
05-22 09:50:06.451 1290 4244 V WindowManager: InsetsFrameProvider: {id=#e5a60000, index=0, type=statusBars, source=FRAME, flags=[], insetsSize=Insets{left=0, top=36, right=0, bottom=0}}
05-22 09:50:06.451 1290 4244 V WindowManager: InsetsFrameProvider: {id=#e5a60006, index=0, type=tappableElement, source=FRAME, flags=[], insetsSize=Insets{left=0, top=36, right=0, bottom=0}}
05-22 09:50:06.451 1290 4244 V WindowManager: InsetsFrameProvider: {id=#e5a60005, index=0, type=mandatorySystemGestures, source=FRAME, flags=[], insetsSize=Insets{left=0, top=36, right=0, bottom=0}, mMinimalInsetsSizeInDisplayCutoutSafe=Insets{left=0, top=18, right=0, bottom=0}} naviIconColor=0}
05-22 09:50:06.451 1290 4244 V WindowManager: ROTATION_180={(0,0)(fillx36) gr=TOP CENTER_VERTICAL layoutInDisplayCutoutMode=always ty=STATUS_BAR fmt=TRANSLUCENT
05-22 09:50:06.451 1290 4244 V WindowManager: fl=80000008
05-22 09:50:06.451 1290 4244 V WindowManager: pfl=11000000
05-22 09:50:06.451 1290 4244 V WindowManager: bhv=DEFAULT
05-22 09:50:06.451 1290 4244 V WindowManager: providedInsets:
05-22 09:50:06.451 1290 4244 V WindowManager: InsetsFrameProvider: {id=#e5a60000, index=0, type=statusBars, source=FRAME, flags=[], insetsSize=Insets{left=0, top=36, right=0, bottom=0}}
05-22 09:50:06.451 1290 4244 V WindowManager: InsetsFrameProvider: {id=#e5a60006, index=0, type=tappableElement, source=FRAME, flags=[], insetsSize=Insets{left=0, top=36, right=0, bottom=0}}
05-22 09:50:06.451 1290 4244 V WindowManager: InsetsFrameProvider: {id=#e5a60005, index=0, type=mandatorySystemGestures, source=FRAME, flags=[], insetsSize=Insets{left=0, top=36, right=0, bottom=0}, mMinimalInsetsSizeInDisplayCutoutSafe=Insets{left=0, top=18, right=0, bottom=0}} naviIconColor=0}
05-22 09:50:06.451 1290 4244 V WindowManager: ROTATION_270={(0,0)(fillx36) gr=TOP CENTER_VERTICAL layoutInDisplayCutoutMode=always ty=STATUS_BAR fmt=TRANSLUCENT
05-22 09:50:06.451 1290 4244 V WindowManager: fl=80000008
05-22 09:50:06.451 1290 4244 V WindowManager: pfl=11000000
05-22 09:50:06.451 1290 4244 V WindowManager: bhv=DEFAULT
05-22 09:50:06.451 1290 4244 V WindowManager: providedInsets:
05-22 09:50:06.451 1290 4244 V WindowManager: InsetsFrameProvider: {id=#e5a60000, index=0, type=statusBars, source=FRAME, flags=[], insetsSize=Insets{left=0, top=36, right=0, bottom=0}}
05-22 09:50:06.451 1290 4244 V WindowManager: InsetsFrameProvider: {id=#e5a60006, index=0, type=tappableElement, source=FRAME, flags=[], insetsSize=Insets{left=0, top=36, right=0, bottom=0}}
05-22 09:50:06.451 1290 4244 V WindowManager: InsetsFrameProvider: {id=#e5a60005, index=0, type=mandatorySystemGestures, source=FRAME, flags=[], insetsSize=Insets{left=0, top=36, right=0, bottom=0}, mMinimalInsetsSizeInDisplayCutoutSafe=Insets{left=0, top=18, right=0, bottom=0}} naviIconColor=0} naviIconColor=0}
05-22 09:50:06.451 1180 1180 I Layer : id=660 Destroyed Surface(name=8f52b7 StatusBar)/@0x974c743 - animation-leash of insets_animation#658 (Mirror)#660
05-22 09:50:06.453 1180 1180 I SurfaceFlinger: id=658 Removed Surface(name=8f52b7 StatusBar)/@0x974c743 - animation-leash of insets_animation#658 (250)
05-22 09:50:06.467 1180 1180 I Layer : id=658 Destroyed Surface(name=8f52b7 StatusBar)/@0x974c743 - animation-leash of insets_animation#658
05-22 09:50:06.469 1100 27402 I QC2C2DEngine: calcYSize: unsupported or RGB color format, RGBA8888(1)
05-22 09:50:06.489 1100 27402 I QC2C2DEngine: calcYSize: unsupported or RGB color format, RGBA8888(1)
05-22 09:50:06.510 1100 27402 I QC2C2DEngine: calcYSize: unsupported or RGB color format, RGBA8888(1)
05-22 09:50:06.514 984 23808 I sensors-hal: handle_sns_client_event:44, ambient_light_event: ts=45119283257668, event=91.000000
05-22 09:50:06.515 984 23808 I sensors-hal: handle_sns_client_event:44, ambient_light_event: ts=45119283508970, event=91.000000
05-22 09:50:06.542 1100 27402 I QC2C2DEngine: calcYSize: unsupported or RGB color format, RGBA8888(1)
05-22 09:50:06.562 1100 27402 I QC2C2DEngine: calcYSize: unsupported or RGB color format, RGBA8888(1)
05-22 09:50:06.597 1100 27402 I QC2C2DEngine: calcYSize: unsupported or RGB color format, RGBA8888(1)
05-22 09:50:06.614 984 23808 I sensors-hal: handle_sns_client_event:44, ambient_light_event: ts=45119383258189, event=91.000000
05-22 09:50:06.615 984 23808 I sensors-hal: handle_sns_client_event:44, ambient_light_event: ts=45119383500637, event=91.000000
05-22 09:50:06.618 1100 27402 I QC2C2DEngine: calcYSize: unsupported or RGB color format, RGBA8888(1)
05-22 09:50:06.637 1100 27402 I QC2C2DEngine: calcYSize: unsupported or RGB color format, RGBA8888(1)
05-22 09:50:06.648 1290 1686 D BatteryService: Sending ACTION_BATTERY_CHANGED: level:97, status:2, health:2, remain:-1, ac:false, usb:true, wireless:false, pogo:false, misc:0x0, charge_type:0, charger_type:0, voltage:4227, temperature:243, online:4, charging_status:0, cycle_count:0, current_avg:0, ps:false, hvc:false, capacity:280000, current_event:0x0, current_now:-68000, mcc:500000, mcv:5000000, cc:4850000, present:true, scale:100, technology:Li-ion
05-22 09:50:06.650 1290 2201 I DeviceBatteryInfoService: action: android.intent.action.BATTERY_CHANGED
05-22 09:50:06.650 1290 2201 I DeviceBatteryInfoService: phone battery level: 97
05-22 09:50:06.650 1290 2201 I DeviceBatteryInfoService: phone battery status: 2
05-22 09:50:06.651 1290 2077 D MotionRecognitionService: [SAR] onReceive : ACTION_BATTERY_CHANGED, Plugged: 2
05-22 09:50:06.653 2551 2551 D SemBigDataInfoController: Intent: android.intent.action.BATTERY_CHANGED
05-22 09:50:06.657 21837 21837 I [SCPMV2][SystemMonitorReceiver]: onReceive: android.intent.action.BATTERY_CHANGED
05-22 09:50:06.658 1100 27402 I QC2C2DEngine: calcYSize: unsupported or RGB color format, RGBA8888(1)
05-22 09:50:06.674 1100 27402 I QC2C2DEngine: calcYSize: unsupported or RGB color format, RGBA8888(1)
05-22 09:50:06.675 2254 2254 I AODBatteryManager: updateBatteryData: ACTION_BATTERY_CHANGED
05-22 09:50:06.676 2254 2254 I AODBatteryManager: saveBatteryData : AOD BatteryData [mBatteryLevel=97, mBatteryStatus=CHARGING, mBatteryPlugType=USB, mBatteryPlugged=true, mRemainingChargeTime=-1, mBatteryChargingType=1, mBatteryChargerType=NORMAL, mBatteryOnline=USB, mBatterySwellingMode=NONE, mBatteryProtectMode=false]
05-22 09:50:06.676 2254 2254 I PowerUI : mBootCompleted = true | mFullyConnected = true
05-22 09:50:06.676 2254 2254 I PowerUI : BATTERY_HEALTH_CHECK extraHealth=2 mBatteryMiscEvent=0
05-22 09:50:06.676 2254 2254 W PowerUI : Plug reason
05-22 09:50:06.676 2254 2254 W PowerUI : Skip charging animation - by plug status
05-22 09:50:06.676 2254 2254 D PowerUI : priorPlugType = 2 mPlugType = 2 priorBatteryStatus = 2 mBatteryStatus = 2
05-22 09:50:06.676 2254 8672 D SecPowerUI.Notification: dismissing low battery warning: level=97
05-22 09:50:06.677 2254 2254 W PowerUI : Plug reason
05-22 09:50:06.677 2254 2254 W PowerUI : Skip charging sound - by plug status
05-22 09:50:06.677 2254 8672 D SecPowerUI.Notification: updateNotification mWarning=false mPlaySound=false
05-22 09:50:06.677 2254 2254 I PowerUI : oldMisalign : false, curMisalign : false
05-22 09:50:06.677 2254 8672 D SecPowerUI.Notification: SecBatteryStatsSnapshot{batteryLevel=97, currentBatteryMode=0, chargingTime=-1, chargingType=11, batteryHealth=2, automaticTestMode=false, isHiccupState=false}
05-22 09:50:06.678 2254 8672 D SecPowerUI.Notification: 1. restoreScreenTimeOut - saved_value : :
05-22 09:50:06.678 2254 8672 E SecPowerUI.Notification: no saved value, so we do nothing !!
05-22 09:50:06.678 2254 2254 D SecPowerUI.Notification: showChargingNotice oldChargingType : 11 / currentChargingType : 11, oldChargingTime : -1 / mChargingTime : -1
05-22 09:50:06.678 2254 2254 D SecPowerUI.Notification: showChargingNotice There is no change about charging status, so return!
05-22 09:50:06.678 2254 2254 D PowerUI : Battery swelling mode - priorBatterySwellingMode = 0 mBatterySwellingMode = 0 mBatteryStatus = 2
05-22 09:50:06.678 2254 2254 I PowerUI : mBatteryMiscEvent = 0
05-22 09:50:06.679 2254 2254 D SamsungBatteryMeterDrawable: onBatteryLevelChanged isSomethingChanged: false
05-22 09:50:06.679 2254 2254 D SamsungBatteryMeterDrawable: onBatteryLevelChanged isSomethingChanged: false
05-22 09:50:06.680 2254 2254 D SamsungBatteryMeterDrawable: onBatteryLevelChanged isSomethingChanged: false
05-22 09:50:06.700 2254 2254 D KeyguardUpdateMonitor: handleBatteryUpdate
05-22 09:50:06.700 1100 27402 I QC2C2DEngine: calcYSize: unsupported or RGB color format, RGBA8888(1)
05-22 09:50:06.714 984 23808 I sensors-hal: handle_sns_client_event:44, ambient_light_event: ts=45119483502199, event=91.000000
05-22 09:50:06.716 1100 27402 I QC2C2DEngine: calcYSize: unsupported or RGB color format, RGBA8888(1)
05-22 09:50:06.732 1100 27402 I QC2C2DEngine: calcYSize: unsupported or RGB color format, RGBA8888(1)
05-22 09:50:06.751 1100 27402 I QC2C2DEngine: calcYSize: unsupported or RGB color format, RGBA8888(1)
05-22 09:50:06.768 1100 27402 I QC2C2DEngine: calcYSize: unsupported or RGB color format, RGBA8888(1)
05-22 09:50:06.786 1100 27402 I QC2C2DEngine: calcYSize: unsupported or RGB color format, RGBA8888(1)
05-22 09:50:06.814 984 23808 I sensors-hal: handle_sns_client_event:44, ambient_light_event: ts=45119583254282, event=91.000000
05-22 09:50:06.814 984 23808 I sensors-hal: handle_sns_client_event:44, ambient_light_event: ts=45119583500897, event=91.000000
05-22 09:50:06.820 1100 27402 I QC2C2DEngine: calcYSize: unsupported or RGB color format, RGBA8888(1)
05-22 09:50:06.853 1100 27402 I QC2C2DEngine: calcYSize: unsupported or RGB color format, RGBA8888(1)
05-22 09:50:06.870 1100 27402 I QC2C2DEngine: calcYSize: unsupported or RGB color format, RGBA8888(1)
05-22 09:50:06.886 1100 27402 I QC2C2DEngine: calcYSize: unsupported or RGB color format, RGBA8888(1)
05-22 09:50:06.915 984 23808 I sensors-hal: handle_sns_client_event:44, ambient_light_event: ts=45119683494387, event=91.000000
05-22 09:50:06.918 1100 27402 I QC2C2DEngine: calcYSize: unsupported or RGB color format, RGBA8888(1)
05-22 09:50:06.943 1100 27402 I QC2C2DEngine: calcYSize: unsupported or RGB color format, RGBA8888(1)
05-22 09:50:06.966 1100 27402 I QC2C2DEngine: calcYSize: unsupported or RGB color format, RGBA8888(1)
05-22 09:50:06.983 1290 1965 D InputReader: Btn_touch(9): value=1 when=10180.946026
05-22 09:50:06.983 1290 1965 I InputReader: Touch event's action is 0x0 (id=2, t=0) [pCnt=1, s=0.157 ] when=10180.946026
05-22 09:50:06.984 1290 1964 I InputDispatcher: Delivering touch to (2507): action: 0x4, f=0x0, d=0, '3610cc1', t=1
05-22 09:50:06.984 1290 1964 I InputDispatcher: Delivering touch to (27753): action: 0x0, f=0x0, d=0, '95d9169', t=1
05-22 09:50:06.984 1290 1964 D PowerManagerService: [api] userActivityFromNative : touch displayId=0 eventTime=10180946
05-22 09:50:06.985 1290 1675 I GestureDetector: obtain mCurrentDownEvent. id: 1035667180 caller: com.android.server.wm.SystemGesturesPointerEventListener.onPointerEvent:204 com.android.server.wm.PointerEventDispatcher.onInputEvent:53 android.view.InputEventReceiver.dispatchInputEvent:296
05-22 09:50:06.985 27753 27753 I ViewRootImpl@8f2ed9c[QtActivity]: ViewPostIme pointer 0
05-22 09:50:06.985 1290 1675 I GestureDetector: obtain mCurrentDownEvent. id: 1035667180 caller: com.android.server.wm.SystemPerformancePointerEventListener.onPointerEvent:89 com.android.server.wm.PointerEventDispatcher.onInputEvent:53 android.view.InputEventReceiver.dispatchInputEvent:296
05-22 09:50:06.988 27753 27753 I GestureDetector: obtain mCurrentDownEvent. id: 1035667180 caller: org.qtproject.qt.android.QtWindow.onTouchEvent:74 org.qtproject.qt.android.QtLayout.onTouchEvent:53 android.view.View.dispatchTouchEvent:16212
05-22 09:50:06.992 1100 27402 I QC2C2DEngine: calcYSize: unsupported or RGB color format, RGBA8888(1)
05-22 09:50:06.994 1180 1180 I Layer : Layer [Sprite#167] hidden!! flag(0)
05-22 09:50:06.999 27753 27907 D Qt_Multimedia_spectrum_analyzer: Engine::calculateLevel pos 163200 len 19200 rms 0.00102602 peak 0
05-22 09:50:06.999 27753 27907 D Qt_Multimedia_spectrum_analyzer: Engine::calculateSpectrum QThread(0xb40000711f01b170, name = "QtMainLoopThread") count 0 pos 166016 len 16384 spectrumAnalyser.isReady true
05-22 09:50:06.999 27753 27907 D Qt_Multimedia_spectrum_analyzer: SpectrumAnalyser::calculate QThread(0xb40000711f01b170, name = "QtMainLoopThread") state 0
05-22 09:50:07.012 1180 1180 D SurfaceFlinger: Display 4630946835308409729 HWC layers:
05-22 09:50:07.012 1180 1180 D SurfaceFlinger: CLIENT | 0xb400007dbaba9f40 | 0500 | RGBA_8888 | 0.0 0.0 1200.0 1812.0 | 0 36 1200 1848 | SurfaceView[org.qtproject.example.sp[...]id.bindings.QtActivity]@0(BLAST)#669
05-22 09:50:07.012 1180 1180 D SurfaceFlinger: CLIENT | 0xb400007dbaba8c70 | 0100 | RGBA_8888 | 0.0 0.0 1200.0 1920.0 | 0 0 1200 1920 | org.qtproject.example.spectrum/org.q[...]droid.bindings.QtActivity$_27753#656
05-22 09:50:07.012 1180 1180 D SurfaceFlinger: CLIENT | 0xb400007dac357800 | 0100 | RGBA_8888 | 0.0 0.0 1200.0 36.0 | 0 0 1200 36 | StatusBar$_2254#99
05-22 09:50:07.012 1180 1180 D SurfaceFlinger: CLIENT | 0xb400007dac3578e0 | 0100 | RGBA_8888 | 0.0 0.0 67.0 207.0 | 1133 432 1200 639 | com.sec.android.app.launcher/com.sam[...]ce.edge.CocktailBarService$_2507#160
05-22 09:50:07.012 1180 1180 D SurfaceFlinger: CLIENT | 0xb400007dac2d8980 | 0100 | RGBA_8888 | 0.0 0.0 1200.0 72.0 | 0 1848 1200 1920 | TaskbarWindow$_2507#128
05-22 09:50:07.012 1180 1180 D SurfaceFlinger: CLIENT | 0xb400007dac359010 | 0100 | RGBA_8888 | 0.0 0.0 1200.0 1920.0 | 0 0 1200 1920 | PointerLocation - display 0#57
05-22 09:50:07.012 1180 1180 D SurfaceFlinger: CURSOR | 0xb4000
05-22 09:50:07.012 1180 1180 D SurfaceFlinger: 07dac3559d0 | 0100 | RGBA_8888 | 0.0 0.0 36.0 36.0 | 665 1787 701 1823 | bbq-wrapper#168
05-22 09:50:07.012 1180 1180 D SurfaceFlinger:
05-22 09:50:07.015 984 23808 I sensors-hal: handle_sns_client_event:44, ambient_light_event: ts=45119783500637, event=90.000000
05-22 09:50:07.018 1100 27402 I QC2C2DEngine: calcYSize: unsupported or RGB color format, RGBA8888(1)
05-22 09:50:07.032 27753 27907 D Qt_Multimedia_spectrum_analyzer: Engine::spectrumChanged pos 166016
05-22 09:50:07.036 1100 27402 I QC2C2DEngine: calcYSize: unsupported or RGB color format, RGBA8888(1)
05-22 09:50:07.050 1290 1675 I GestureDetector: obtain mCurrentMotionEventRaw. action: 2 id: 926541666
05-22 09:50:07.050 1290 1675 I GestureDetector: obtain mCurrentMotionEventRaw. action: 2 id: 926541666
05-22 09:50:07.056 27753 27753 I GestureDetector: obtain mCurrentMotionEventRaw. action: 2 id: 926541666
05-22 09:50:07.062 1100 27402 I QC2C2DEngine: calcYSize: unsupported or RGB color format, RGBA8888(1)
05-22 09:50:07.071 1290 1965 D InputReader: Btn_touch(9): value=0 when=10181.034437
05-22 09:50:07.071 1290 1965 I InputReader: Touch event's action is 0x1 (id=2, t=0) [pCnt=1, s=] when=10181.034437
05-22 09:50:07.072 1290 1964 I InputDispatcher: Delivering touch to (27753): action: 0x1, f=0x0, d=0, '95d9169', t=1
05-22 09:50:07.072 27753 27753 I ViewRootImpl@8f2ed9c[QtActivity]: ViewPostIme pointer 1
05-22 09:50:07.085 1100 27402 I QC2C2DEngine: calcYSize: unsupported or RGB color format, RGBA8888(1)
05-22 09:50:07.105 1100 27402 I QC2C2DEngine: calcYSize: unsupported or RGB color format, RGBA8888(1)
05-22 09:50:07.114 984 23808 I sensors-hal: handle_sns_client_event:44, ambient_light_event: ts=45119883502720, event=90.000000
05-22 09:50:07.125 1100 27402 I QC2C2DEngine: calcYSize: unsupported or RGB color format, RGBA8888(1)
05-22 09:50:07.125 1154 28053 D audioserver: FGS Logger Transaction failed
05-22 09:50:07.125 1154 28053 D audioserver: -129
05-22 09:50:07.129 954 27944 D audio_hw_primary: in_standby: enter: stream (0xf4bda400) usecase(32: low-latency-record)
05-22 09:50:07.144 1100 27402 I QC2C2DEngine: calcYSize: unsupported or RGB color format, RGBA8888(1)
05-22 09:50:07.159 954 27944 D audio_hw_primary: disable_audio_route: reset and update mixer path: low-latency-record
05-22 09:50:07.160 954 27944 D hardware_info: hw_info_append_hw_type : device_name = handset-mic
05-22 09:50:07.161 954 27944 D audio_hw_primary: disable_snd_device: snd_device(139: handset-mic)
05-22 09:50:07.178 1154 1905 V APM_AudioPolicyManager: stopInput portId 193
05-22 09:50:07.179 1100 27402 I QC2C2DEngine: calcYSize: unsupported or RGB color format, RGBA8888(1)
05-22 09:50:07.181 954 27944 D audio_hw_primary: adev_release_audio_patch: Remove patch with handle 4
05-22 09:50:07.182 1154 1905 V APM_AudioPolicyManager: resetInputDevice() releaseAudioPatch returned 0
05-22 09:50:07.184 1154 1906 V APM_AudioPolicyManager: releaseInput portId 193
05-22 09:50:07.184 1154 1906 V APM_AudioPolicyManager: releaseInput 718
05-22 09:50:07.184 1154 1906 V APM_AudioPolicyManager: closeInput(718)
05-22 09:50:07.184 1290 4243 V AudioService.RecordingActivityMonitor: updateSoundAppPolicy packageName = org.qtproject.example.spectrum
05-22 09:50:07.189 1154 1906 I MultiRecordManager: closeInputStream() skipMultiRecord
05-22 09:50:07.189 27753 27907 D Qt_Multimedia_spectrum_analyzer: Engine::audioStateChanged from ActiveState to StoppedState
05-22 09:50:07.191 1154 1906 V APM_AudioPolicyManager: releaseInput exit
05-22 09:50:07.196 954 27944 D audio_hw_primary: adev_close_input_stream: enter:stream_handle(0xf4bda400)
05-22 09:50:07.196 954 27944 D audio_hw_primary: in_standby: enter: stream (0xf4bda400) usecase(32: low-latency-record)
05-22 09:50:07.197 1154 1906 D audioserver: FGS Logger Transaction failed
05-22 09:50:07.198 1154 1906 D audioserver: -129
05-22 09:50:07.204 1100 27402 I QC2C2DEngine: calcYSize: unsupported or RGB color format, RGBA8888(1)
05-22 09:50:07.205 2254 2254 D FaceWidgetKeyguardNIOController: getDefaultPositionX
05-22 09:50:07.205 2254 2254 W View : requestLayout() improperly called by android.widget.FrameLayout{7389663 V.E...... ......ID 231,0-969,1848 #7f0a083c app:id/qs_frame} during layout: running second layout pass
05-22 09:50:07.206 2254 2254 D FaceWidgetKeyguardNIOController: getDefaultPositionX
05-22 09:50:07.215 984 23808 I sensors-hal: handle_sns_client_event:44, ambient_light_event: ts=45119983253084, event=90.000000
05-22 09:50:07.215 984 23808 I sensors-hal: handle_sns_client_event:44, ambient_light_event: ts=45119983501314, event=90.000000
05-22 09:50:07.221 1100 27402 I QC2C2DEngine: calcYSize: unsupported or RGB color format, RGBA8888(1)
05-22 09:50:07.222 1290 4243 V AS.AudioService: setMode(mode=3, pid=27753, uid=10253, caller=org.qtproject.example.spectrum)
05-22 09:50:07.222 1290 4243 V AS.AudioService: setMode(3) adding handler for pid=27753
05-22 09:50:07.222 1290 4243 I AS.AudioServiceExt: callguard: mode(3), pid(27753), skipSet(false)
05-22 09:50:07.223 1290 2119 V AS.AudioService: onUpdateAudioMode() new mode: 3, current mode: 0 requested mode: 3
05-22 09:50:07.223 1290 4243 V AS.AudioDeviceBroker: stopBluetoothScoForClient, uid: 10253
05-22 09:50:07.223 1154 4281 D CallStateManager: updateCallModeByGuard push_back pid 27753 mode 3
05-22 09:50:07.223 1154 4281 I CallStateManager: setModePidByGuard: pid : 27753
05-22 09:50:07.223 954 27944 D audio_hw_primary: adev_set_mode: mode 3 , prev_mode 0
05-22 09:50:07.224 1154 4281 V APM_AudioPolicyManager: setPhoneState() state 3
05-22 09:50:07.224 1154 4281 I APM_AudioPolicyManager: setPhoneState() teardownOffload for state 3
05-22 09:50:07.224 1290 4244 V AS.AudioDeviceBroker: setSpeakerphoneOn, on: true uid: 10253
05-22 09:50:07.225 27753 27907 D xample.spectrum: PlayerBase::PlayerBase()
05-22 09:50:07.225 1154 4281 I APM::AudioPolicyEngine: getDevicesForStrategyInt no device found for strategy 9
05-22 09:50:07.225 27753 27907 D xample.spectrum: TrackPlayerBase::TrackPlayerBase()
05-22 09:50:07.225 27753 27907 I libOpenSLES: Emulating old channel mask behavior (ignoring positional mask 0x3, using default mask 0x3 based on channel count of 2)
05-22 09:50:07.226 1154 4281 I APM::AudioPolicyEngine: getDevicesForStrategyInt no device found for strategy 9
05-22 09:50:07.227 1154 4281 V APM_AudioPolicyManager: getNewOutputDevices selected devices {AUDIO_DEVICE_OUT_SPEAKER, @:}
05-22 09:50:07.227 1154 4281 V APM_AudioPolicyManager: setOutputDevices device {AUDIO_DEVICE_OUT_SPEAKER, @:} delayMs 0
05-22 09:50:07.227 1154 4281 V APM_AudioPolicyManager: setOutputDevices() prevDevice {AUDIO_DEVICE_OUT_SPEAKER, @:}
05-22 09:50:07.227 1154 4281 I APM::AudioPolicyEngine: getDevicesForStrategyInt no device found for strategy 9
05-22 09:50:07.228 1154 4281 V APM_AudioPolicyManager: setOutputDevices changing device to {AUDIO_DEVICE_OUT_SPEAKER, @:}
05-22 09:50:07.230 954 27944 D audio_hw_primary: out_set_parameters: enter: usecase(0: deep-buffer-playback) kvpairs: l_volume_voice=0.625000
05-22 09:50:07.249 1100 27402 I QC2C2DEngine: calcYSize: unsupported or RGB color format, RGBA8888(1)
05-22 09:50:07.267 1100 27402 I QC2C2DEngine: calcYSize: unsupported or RGB color format, RGBA8888(1)
05-22 09:50:07.284 1290 1675 I GestureDetector: handleMessage TAP
05-22 09:50:07.285 1154 1884 D DlbDlbEffect: handle_EFFECT_CMD_SET_DEVICE(device=0x00000002)
05-22 09:50:07.285 1290 1290 I GestureDetector: handleMessage TAP
05-22 09:50:07.285 1154 1884 D DlbEffectContext: setDevice(00000002)
05-22 09:50:07.285 1154 1884 D DlbEndpointParamCache: setDevice(device=0x00000002)
05-22 09:50:07.285 1154 1884 D DlbDlbEffect: handle_EFFECT_CMD_SET_DEVICE(device=0x00000002)
05-22 09:50:07.285 1154 1884 D DlbSpatializerEffectContext: setDevice(00000002)
05-22 09:50:07.285 1154 1884 D DlbEndpointParamCache: setDevice(device=0x00000002)
05-22 09:50:07.285 1154 1884 D DlbDlbEffect: handle_EFFECT_CMD_SET_DEVICE(device=0x00000002)
05-22 09:50:07.285 1154 1884 D DlbEffectContext: setDevice(00000002)
05-22 09:50:07.285 1154 1884 D DlbEndpointParamCache: setDevice(device=0x00000002)
05-22 09:50:07.285 1154 1884 V VolumeMonitor_Energy_Effect: VM_command() EFFECT_CMD_SET_DEVICE 0x00000002
05-22 09:50:07.285 1154 1884 V VolumeMonitor_Energy_Effect: VM_setDevice() sessionId:-1301, device:0x0x2, isBtTypeHeadset:0
05-22 09:50:07.286 954 954 D audio_hw_primary: adev_create_audio_patch: enter: num sources 1, num_sinks 1, handle 1
05-22 09:50:07.286 954 954 D audio_hw_primary: adev_create_audio_patch: Playback patch from mix handle 13 to device 2
05-22 09:50:07.286 954 954 D audio_hw_primary: route_output_stream: enter: usecase(0: deep-buffer-playback) devices 2
05-22 09:50:07.287 1154 1884 D AudioFlinger: setCurDevice() 0x2
05-22 09:50:07.287 27753 27753 I GestureDetector: handleMessage TAP
05-22 09:50:07.287 1154 4281 V APM_AudioPolicyManager: setOutputDevices() AF::createAudioPatch returned 0 patchHandle 84 num_sources 1 num_sinks 1
05-22 09:50:07.289 1154 4281 V APM_AudioPolicyManager: checkAndSetVolume: output 13, stream 10, index 9, devices 0x2, volume 0.223872
05-22 09:50:07.291 1154 4281 V APM_AudioPolicyManager: checkAndSetVolume: output 13, stream 4, index 11, devices 0x2, volume 0.354813
05-22 09:50:07.291 1154 4281 V APM_AudioPolicyManager: checkAndSetVolume: output 13, stream 8, index 11, devices 0x2, volume 0.223872
05-22 09:50:07.294 1154 4281 V APM_AudioPolicyManager: checkAndSetVolume: output 13, stream 3, index 8, devices 0x2, volume 0.089125
05-22 09:50:07.295 1154 4281 V APM_AudioPolicyManager: checkAndSetVolume: output 13, stream 5, index 11, devices 0x2, volume 0.354813
05-22 09:50:07.295 1154 4281 V APM_AudioPolicyManager: checkAndSetVolume: output 13, stream 2, index 11, devices 0x2, volume 0.354813
05-22 09:50:07.295 1154 4281 V APM_AudioPolicyManager: checkAndSetVolume: output 13, stream 1, index 6, devices 0x2, volume 0.177828
05-22 09:50:07.297 1154 4281 V APM_AudioPolicyManager: checkAndSetVolume: output 13, stream 9, index 8, devices 0x2, volume 0.251189
05-22 09:50:07.298 1154 4281 V APM_AudioPolicyManager: checkAndSetVolume: output 13, stream 0, index 5, devices 0x2, volume 0.223872
05-22 09:50:07.298 1100 27402 I QC2C2DEngine: calcYSize: unsupported or RGB color format, RGBA8888(1)
05-22 09:50:07.299 1154 4281 V APM_AudioPolicyManager: checkAndSetVolume: output 13, stream 11, index 7, devices 0x2, volume 0.066834
05-22 09:50:07.299 1154 4281 V APM_AudioPolicyManager: getNewOutputDevices selected devices {AUDIO_DEVICE_OUT_SPEAKER, @:}
05-22 09:50:07.299 1154 4281 V APM_AudioPolicyManager: setOutputDevices device {AUDIO_DEVICE_OUT_SPEAKER, @:} delayMs 0
05-22 09:50:07.299 1154 4281 V APM_AudioPolicyManager: setOutputDevices() prevDevice {AUDIO_DEVICE_OUT_SPEAKER, @:}
05-22 09:50:07.299 1154 4281 I APM::AudioPolicyEngine: getDevicesForStrategyInt no device found for strategy 9
05-22 09:50:07.300 1154 4281 V APM_AudioPolicyManager: setOutputDevices changing device to {AUDIO_DEVICE_OUT_SPEAKER, @:}
05-22 09:50:07.301 954 954 D audio_hw_primary: out_set_parameters: enter: usecase(0: deep-buffer-playback) kvpairs: l_volume_voice=0.625000
05-22 09:50:07.306 1180 1180 I Layer : Layer [Sprite#167] hidden!! flag(1)
05-22 09:50:07.311 1007 1007 W SDM : HWCDisplay::GetHWCLayer: [0] GetLayer(270) failed: no such layer
05-22 09:50:07.313 1180 1180 W HwcComposer: command 0x3000000 generated error 3
05-22 09:50:07.316 984 23808 I sensors-hal: handle_sns_client_event:44, ambient_light_event: ts=45120083261678, event=91.000000
05-22 09:50:07.316 984 23808 I sensors-hal: handle_sns_client_event:44, ambient_light_event: ts=45120083500168, event=91.000000
05-22 09:50:07.327 1180 1180 D SurfaceFlinger: Display 4630946835308409729 HWC layers:
05-22 09:50:07.327 1180 1180 D SurfaceFlinger: DEVICE | 0xb400007dbaba9fb0 | 0500 | RGBA_8888 | 0.0 0.0 1200.0 1812.0 | 0 36 1200 1848 | SurfaceView[org.qtproject.example.sp[...]id.bindings.QtActivity]@0(BLAST)#669
05-22 09:50:07.327 1180 1180 D SurfaceFlinger: CLIENT | 0xb400007dbaba8c70 | 0100 | RGBA_8888 | 0.0 0.0 1200.0 1920.0 | 0 0 1200 1920 | org.qtproject.example.spectrum/org.q[...]droid.bindings.QtActivity$_27753#656
05-22 09:50:07.327 1180 1180 D SurfaceFlinger: CLIENT | 0xb400007dac357800 | 0100 | RGBA_8888 | 0.0 0.0 1200.0 36.0 | 0 0 1200 36 | StatusBar$_2254#99
05-22 09:50:07.327 1180 1180 D SurfaceFlinger: CLIENT | 0xb400007dac3578e0 | 0100 | RGBA_8888 | 0.0 0.0 67.0 207.0 | 1133 432 1200 639 | com.sec.android.app.launcher/com.sam[...]ce.edge.CocktailBarService$_2507#160
05-22 09:50:07.327 1180 1180 D SurfaceFlinger: CLIENT | 0xb400007dac2d8980 | 0100 | RGBA_8888 | 0.0 0.0 1200.0 72.0 | 0 1848 1200 1920 | TaskbarWindow$_2507#128
05-22 09:50:07.327 1180 1180 D SurfaceFlinger: CLIENT | 0xb400007dac354b60 | 0100 | RGBA_8888 | 0.0 0.0 1200.0 1920.0 | 0 0 1200 1920 | PointerLocation - display 0#57
05-22 09:50:07.327 1180 1180 D SurfaceFlinger:
05-22 09:50:07.329 1100 27402 I QC2C2DEngine: calcYSize: unsupported or RGB color format, RGBA8888(1)
05-22 09:50:07.357 1154 1884 D DlbDlbEffect: handle_EFFECT_CMD_SET_DEVICE(device=0x00000002)
05-22 09:50:07.357 1154 1884 D DlbEffectContext: setDevice(00000002)
05-22 09:50:07.357 1154 1884 D DlbEndpointParamCache: setDevice(device=0x00000002)
05-22 09:50:07.357 1154 1884 D DlbDlbEffect: handle_EFFECT_CMD_SET_DEVICE(device=0x00000002)
05-22 09:50:07.357 1154 1884 D DlbSpatializerEffectContext: setDevice(00000002)
05-22 09:50:07.357 1154 1884 D DlbEndpointParamCache: setDevice(device=0x00000002)
05-22 09:50:07.357 1154 1884 D DlbDlbEffect: handle_EFFECT_CMD_SET_DEVICE(device=0x00000002)
05-22 09:50:07.357 1154 1884 D DlbEffectContext: setDevice(00000002)
05-22 09:50:07.357 1154 1884 D DlbEndpointParamCache: setDevice(device=0x00000002)
05-22 09:50:07.358 1154 1884 V VolumeMonitor_Energy_Effect: VM_command() EFFECT_CMD_SET_DEVICE 0x00000002
05-22 09:50:07.358 1154 1884 V VolumeMonitor_Energy_Effect: VM_setDevice() sessionId:-1301, device:0x0x2, isBtTypeHeadset:0
05-22 09:50:07.359 954 27944 D audio_hw_primary: adev_create_audio_patch: enter: num sources 1, num_sinks 1, handle 1
05-22 09:50:07.359 954 27944 D audio_hw_primary: adev_create_audio_patch: Playback patch from mix handle 13 to device 2
05-22 09:50:07.359 954 27944 D audio_hw_primary: route_output_stream: enter: usecase(0: deep-buffer-playback) devices 2
05-22 09:50:07.360 1154 1884 D AudioFlinger: setCurDevice() 0x2
05-22 09:50:07.361 1154 4281 V APM_AudioPolicyManager: setOutputDevices() AF::createAudioPatch returned 0 patchHandle 92 num_sources 1 num_sinks 1
05-22 09:50:07.363 1154 4281 V APM_AudioPolicyManager: checkAndSetVolume: output 13, stream 10, index 9, devices 0x2, volume 0.223872
05-22 09:50:07.363 1154 4281 V APM_AudioPolicyManager: checkAndSetVolume: output 13, stream 4, index 11, devices 0x2, volume 0.354813
05-22 09:50:07.363 1154 4281 V APM_AudioPolicyManager: checkAndSetVolume: output 13, stream 8, index 11, devices 0x2, volume 0.223872
05-22 09:50:07.366 1154 4281 V APM_AudioPolicyManager: checkAndSetVolume: output 13, stream 3, index 8, devices 0x2, volume 0.089125
05-22 09:50:07.366 1154 4281 V APM_AudioPolicyManager: checkAndSetVolume: output 13, stream 5, index 11, devices 0x2, volume 0.354813
05-22 09:50:07.366 1154 4281 V APM_AudioPolicyManager: checkAndSetVolume: output 13, stream 2, index 11, devices 0x2, volume 0.354813
05-22 09:50:07.366 1154 4281 V APM_AudioPolicyManager: checkAndSetVolume: output 13, stream 1, index 6, devices 0x2, volume 0.177828
05-22 09:50:07.367 1154 4281 V APM_AudioPolicyManager: checkAndSetVolume: output 13, stream 9, index 8, devices 0x2, volume 0.251189
05-22 09:50:07.368 1154 4281 V APM_AudioPolicyManager: checkAndSetVolume: output 13, stream 0, index 5, devices 0x2, volume 0.223872
05-22 09:50:07.369 1154 4281 V APM_AudioPolicyManager: checkAndSetVolume: output 13, stream 11, index 7, devices 0x2, volume 0.066834
05-22 09:50:07.369 1154 4281 V APM_AudioPolicyManager: getNewOutputDevices selected devices AUDIO_DEVICE_NONE
05-22 09:50:07.369 1154 4281 V APM_AudioPolicyManager: setOutputDevices device AUDIO_DEVICE_NONE delayMs 0
05-22 09:50:07.369 1154 4281 V APM_AudioPolicyManager: setOutputDevices() prevDevice {AUDIO_DEVICE_OUT_SPEAKER, @:}
05-22 09:50:07.369 1154 4281 I APM::AudioPolicyEngine: getDevicesForStrategyInt no device found for strategy 9
05-22 09:50:07.370 1154 4281 V APM_AudioPolicyManager: setOutputDevices setting same device AUDIO_DEVICE_NONE or null device, force=0, patch handle=5
05-22 09:50:07.370 1154 4281 V APM_AudioPolicyManager: setPhoneState() in call state management: new state is 3
05-22 09:50:07.370 1290 2119 V AS.AudioService: onUpdateAudioMode: mode successfully set to 3
05-22 09:50:07.370 1290 2119 I AS.DvfsHelper: acquire() cpu min lock for audio VoIP
05-22 09:50:07.370 1290 2119 I SemDvfsHyPerManager: acquire hyper - AUDIOSERVICE_VOIP_BOOST/1290@10, type = -999
05-22 09:50:07.371 1290 2119 V AS.AudioService: onUpdateAudioMode: streamType=0, streamAlias=0
05-22 09:50:07.371 1154 4282 V APM_AudioPolicyManager: getOutputForAttrInt() attributes={ Content type: AUDIO_CONTENT_TYPE_UNKNOWN Usage: AUDIO_USAGE_MEDIA Source: AUDIO_SOURCE_DEFAULT Flags: 0x100 Tags: } stream=AUDIO_STREAM_MUSIC session 553 selectedDeviceId 0
05-22 09:50:07.372 1290 1290 D SemWifiSwitchForIndividualAppsService: SEM_ACTION_AUDIO_MODE_CHANGED - Enter State
05-22 09:50:07.372 1154 4282 D APM_AudioPolicyManager: selectOutputFlags remove raw flag for SPEAKER
05-22 09:50:07.372 1154 4282 I APM_AudioPolicyManager: selectOutputFlags: remove ULL flag for dolby
05-22 09:50:07.372 1290 1290 D SemWifiSwitchForIndividualAppsService: SEM_ACTION_AUDIO_MODE_CHANGED - true
05-22 09:50:07.372 1154 4282 V APM_AudioPolicyManager: getOutputForAttrInt() device {AUDIO_DEVICE_OUT_SPEAKER, @:}, sampling rate 48000, format 0x1, channel mask 0x3, flags 0x4 stream AUDIO_STREAM_MUSIC
05-22 09:50:07.372 1154 4282 V APM_AudioPolicyManager: selectOutput new bestOutput 13 criteria 0 100 0 0 0 0 4 2
05-22 09:50:07.372 1154 4282 V APM_AudioPolicyManager: selectOutput new bestOutput 21 criteria 0 100 0 0 0 1 4 0
05-22 09:50:07.372 1154 4282 V APM_AudioPolicyManager: getOutputForAttrInt returns output 21 selectedDeviceId 2
05-22 09:50:07.372 1154 4282 V APM_AudioPolicyManager: getOutputForAttr() returns output 21 requestedPortId 0 selectedDeviceId 2 for port ID 195
05-22 09:50:07.372 1154 4282 I UsecaseValidator: verifyAudioAttributes update usage: 1 to AUDIO_USAGE_GAME for output: 21 pid: 27753 package: org.qtproject.example.spectrum
05-22 09:50:07.372 1154 4282 I AudioFlinger: nonSecFlag 104, secFlag 0, outputFlags 4
05-22 09:50:07.372 1154 4282 W AudioFlinger: createTrack_l(): mismatch between requested flags (00000104) and output flags (00000004)
05-22 09:50:07.372 1154 4282 D AudioFlinger: Client defaulted notificationFrames to 192 for frameCount 384
05-22 09:50:07.373 1290 2119 D BluetoothA2dp: getActiveDevice()
05-22 09:50:07.374 1154 4282 D AF::TrackHandle: OpPlayAudio: track:105 usage:14 not muted
05-22 09:50:07.376 1154 4282 I AF::Track: setMixerOutConfig return default condition, mixer key 2002, thread key 2002
05-22 09:50:07.376 1290 2119 D AS.AudioService: isBluetoothDualModeActive=false
05-22 09:50:07.377 1290 2119 I Telecom:SamsungTelecomServiceImpl: isInCall - callingPackage : android / callingUser : UserHandle{0} / hasCrossUserAccess : true
05-22 09:50:07.378 27753 27907 I AudioTrack: createTrack_l(0): AUDIO_OUTPUT_FLAG_FAST successful; frameCount 0 -> 384
05-22 09:50:07.380 1290 2119 D BluetoothA2dp: getActiveDevice()
05-22 09:50:07.382 1290 2119 D AS.AudioService: isBluetoothDualModeActive=false
05-22 09:50:07.382 1154 4282 V APM_AudioPolicyManager: selectOutput new bestOutput 13 criteria 0 100 0 0 0 1 0 2
05-22 09:50:07.382 1154 4282 V APM_AudioPolicyManager: getOutput() stream 3 selected devices {AUDIO_DEVICE_OUT_SPEAKER, @:}, output 13
05-22 09:50:07.383 1154 4282 V APM_AudioPolicyManager: selectOutput new bestOutput 13 criteria 0 100 0 0 0 1 0 2
05-22 09:50:07.383 1154 4282 V APM_AudioPolicyManager: getOutput() stream 3 selected devices {AUDIO_DEVICE_OUT_SPEAKER, @:}, output 13
05-22 09:50:07.383 1154 4282 V APM_AudioPolicyManager: selectOutput new bestOutput 13 criteria 0 100 0 0 0 1 0 2
05-22 09:50:07.383 1154 4282 V APM_AudioPolicyManager: getOutput() stream 3 selected devices {AUDIO_DEVICE_OUT_SPEAKER, @:}, output 13
05-22 09:50:07.383 27753 27907 D Qt_Multimedia_spectrum_analyzer: Engine::audioStateChanged from StoppedState to ActiveState
05-22 09:50:07.384 1290 2119 D AS.AudioService: updateVolumeGroupIndex for stream 10, muted=false, device=1, index=85, group AUDIO_STREAM_ACCESSIBILITY Muted=false, Index=9, forceMuteState=false
05-22 09:50:07.384 27753 27753 I ImeTracker: org.qtproject.example.spectrum:4b45a335: onRequestHide at ORIGIN_CLIENT_HIDE_SOFT_INPUT reason HIDE_SOFT_INPUT
05-22 09:50:07.384 27753 27753 I InputMethodManager_LC: hsifw() - flag : 0
05-22 09:50:07.385 1290 1290 D AudioPlayerStateMonitor: Found a new active media playback. AudioPlaybackConfiguration piid:591 deviceId:2 type:OpenSL ES AudioPlayer (Buffer Queue) u/pid:10253/27753 state:started attr:AudioAttributes: usage=USAGE_MEDIA content=CONTENT_TYPE_UNKNOWN source=DEFAULT flags=0x0 tags= bundle=null sessionId:553 mutedState:none FormatInfo{isSpatialized=false, channelMask=0x0, sampleRate=0}
05-22 09:50:07.385 27753 27753 I ImeTracker: org.qtproject.example.spectrum:4b45a335: onFailed at PHASE_CLIENT_VIEW_SERVED
05-22 09:50:07.385 1154 4282 I AF::Track: setMixerOutConfig return default condition, mixer key 2002, thread key 2002
05-22 09:50:07.385 1290 2119 D AS.AudioService: updateVolumeGroupIndex for stream 10, muted=false, device=4, index=85, group AUDIO_STREAM_ACCESSIBILITY Muted=false, Index=9, forceMuteState=false
05-22 09:50:07.385 1154 4282 I AudioPolicyEffectException: MySpaceHandler::checkDetachCondition media 1, ring 0, mp 0
05-22 09:50:07.385 1154 4282 I AudioPolicyEffectException: MySpace detach value 1
05-22 09:50:07.385 1154 4282 V APM_AudioPolicyManager: startOutput portId 195
05-22 09:50:07.385 1154 4282 V APM_AudioPolicyManager: startOutput() output 21, stream 3, session 553
05-22 09:50:07.385 1154 4282 V APM_AudioPolicyManager: setBeaconMute(1) mBeaconMuteRefCount=1 mBeaconPlayingRefCount=0
05-22 09:50:07.385 27753 27753 I InputMethodManager_LC: hsifw() ignored windowToken=null servedView=DecorView@c0f4788[QtActivity],focus=false,windowFocus=true,window=android.view.ViewRootImpl$W@8f2ed9c,displayId=0,temporaryDetach=false,hasImeFocus=true mDisplayId=0
05-22 09:50:07.385 1154 4282 V APM_AudioPolicyManager: selectOutputForMusicEffects activeOnly 1 output 21 flags 0x00000004
05-22 09:50:07.385 1154 4282 V APM_AudioPolicyManager: selectOutputForMusicEffects selected output 13
05-22 09:50:07.385 1154 4282 V APM_AudioPolicyManager: getNewOutputDevices selected devices {AUDIO_DEVICE_OUT_SPEAKER, @:}
05-22 09:50:07.385 1154 4282 V APM_AudioPolicyManager: setOutputDevices device {AUDIO_DEVICE_OUT_SPEAKER, @:} delayMs 0
05-22 09:50:07.385 1154 4282 V APM_AudioPolicyManager: setOutputDevices() prevDevice {AUDIO_DEVICE_OUT_SPEAKER, @:}
05-22 09:50:07.385 1154 4282 V APM_AudioPolicyManager: setOutputDevices: suppressing checkDeviceMuteStrategies
05-22 09:50:07.385 1154 4282 V APM_AudioPolicyManager: setOutputDevices setting same device {AUDIO_DEVICE_OUT_SPEAKER, @:} or null device, force=0, patch handle=5
05-22 09:50:07.385 1290 2119 D AS.AudioService: updateVolumeGroupIndex for stream 10, muted=false, device=8, index=85, group AUDIO_STREAM_ACCESSIBILITY Muted=false, Index=9, forceMuteState=false
05-22 09:50:07.386 1154 4282 V APM_AudioPolicyManager: checkAndSetVolume: output 21, stream 3, index 8, devices 0x2, volume 0.089125
05-22 09:50:07.386 1154 4282 I APM::AudioPolicyEngine: getDevicesForStrategyInt no device found for strategy 9
05-22 09:50:07.386 1290 2119 D BluetoothA2dp: getActiveDevice()
05-22 09:50:07.386 1154 4282 D audioserver: FGS Logger Transaction failed
05-22 09:50:07.386 1154 4282 D audioserver: -129
05-22 09:50:07.387 954 22588 D audio_hw_primary: start_output_stream: enter: stream(0xf4c8c800)usecase(1: low-latency-playback) devices(0x2) is_haptic_usecase(0)
05-22 09:50:07.389 954 22588 D audio_hw_primary: select_devices for use case (low-latency-playback)
05-22 09:50:07.389 954 22588 I msm8974_platform: platform_check_and_set_codec_backend_cfg:becf: afe: bitwidth 16, samplerate 48000 channels 2, backend_idx 0 usecase = 1 device (speaker)
05-22 09:50:07.389 954 22588 I msm8974_platform: platform_check_and_set_codec_backend_cfg: new_snd_devices[0] is 2
05-22 09:50:07.389 954 22588 I msm8974_platform: platform_check_codec_backend_cfg:becf: afe: bitwidth 16, samplerate 48000 channels 2, backend_idx 0 usecase = 1 device (speaker)
05-22 09:50:07.390 1290 2119 D AS.AudioService: isBluetoothDualModeActive=false
05-22 09:50:07.391 1290 2119 D AS.AudioService: updateVolumeGroupIndex for stream 10, muted=false, device=128, index=85, group AUDIO_STREAM_ACCESSIBILITY Muted=false, Index=9, forceMuteState=false
05-22 09:50:07.392 1290 2119 D AS.AudioService: updateVolumeGroupIndex for stream 10, muted=false, device=32768, index=150, group AUDIO_STREAM_ACCESSIBILITY Muted=false, Index=15, forceMuteState=false
05-22 09:50:07.392 1290 2119 D AS.AudioService: updateVolumeGroupIndex for stream 10, muted=false, device=67108864, index=85, group AUDIO_STREAM_ACCESSIBILITY Muted=false, Index=9, forceMuteState=false
05-22 09:50:07.393 1290 2119 D BluetoothA2dp: getActiveDevice()
05-22 09:50:07.393 954 22588 D msm8974_platform: platform_check_codec_backend_cfg:becf: updated afe: bitwidth 16, samplerate 48000 channels 2,backend_idx 0 usecase = 1 device (speaker)
05-22 09:50:07.393 954 22588 I msm8974_platform: platform_check_codec_backend_cfg:becf: afe: Codec selected backend: 0 updated bit width: 16 and sample rate: 48000
