09-24 19:14:28.633 2201 3717 W GoogleHttpServiceClient: at acdk.a(:com.google.android.gms@17786022@17.7.86 (040700-256199907):5)
09-24 19:14:28.633 2201 3717 W GoogleHttpServiceClient: at acdm.a(:com.google.android.gms@17786022@17.7.86 (040700-256199907):4)
09-24 19:14:28.633 2201 3717 W GoogleHttpServiceClient: at acdm.a(:com.google.android.gms@17786022@17.7.86 (040700-256199907):1)
09-24 19:14:28.633 2201 3717 W GoogleHttpServiceClient: at szu.a(:com.google.android.gms@17786022@17.7.86 (040700-256199907):1)
09-24 19:14:28.633 2201 3717 W GoogleHttpServiceClient: at szu.run(:com.google.android.gms@17786022@17.7.86 (040700-256199907):110)
09-24 19:14:28.633 2201 3717 W GoogleHttpServiceClient: at java.lang.Thread.run(Thread.java:919)
09-24 19:14:28.638 2041 2463 W AppOps : Noting op not finished: uid 10098 pkg com.google.android.gms code 79 time=1727194468638 duration=-1
09-24 19:14:28.642 2041 3277 W AppOps : Noting op not finished: uid 10098 pkg com.google.android.gms code 79 time=1727194468638 duration=0
09-24 19:14:28.657 3816 3816 I droid.apps.doc: The ClassLoaderContext is a special shared library.
09-24 19:14:28.662 2041 2617 W AppOps : Noting op not finished: uid 10104 pkg com.google.android.googlequicksearchbox code 79 time=1727194468654 duration=-1
09-24 19:14:28.663 2518 2536 I FontsSharedState: No directory on disk newer than version 0
09-24 19:14:28.663 1796 2449 E GnssHAL_GnssInterface: gnssSvStatusCb: a: input svInfo.flags is 8
09-24 19:14:28.663 1796 2449 E GnssHAL_GnssInterface: gnssSvStatusCb: b: input svInfo.flags is 8
09-24 19:14:28.665 2041 2617 W AppOps : Noting op not finished: uid 10104 pkg com.google.android.googlequicksearchbox code 79 time=1727194468662 duration=0
09-24 19:14:28.686 3816 3816 I droid.apps.doc: The ClassLoaderContext is a special shared library.
09-24 19:14:28.691 3834 3834 D ApplicationLoaders: Returning zygote-cached class loader: /system/framework/android.hidl.base-V1.0-java.jar
09-24 19:14:28.691 3834 3834 D ApplicationLoaders: Returning zygote-cached class loader: /system/framework/android.hidl.manager-V1.0-java.jar
09-24 19:14:28.691 3834 3834 D ApplicationLoaders: Returning zygote-cached class loader: /system/framework/android.hidl.base-V1.0-java.jar
09-24 19:14:28.691 3834 3834 I t_app_installe: The ClassLoaderContext is a special shared library.
09-24 19:14:28.693 3834 3834 I t_app_installe: The ClassLoaderContext is a special shared library.
09-24 19:14:28.711 2720 2746 I putmethod.lati: Waiting for a blocking GC ProfileSaver
09-24 19:14:28.750 3345 3584 I HotwordSilentEnrollment: Executing HotwordSilentEnrollment for user profile: 0
09-24 19:14:28.774 2041 2617 W AppOps : Noting op not finished: uid 10104 pkg com.google.android.googlequicksearchbox code 79 time=1727194468665 duration=0
09-24 19:14:28.786 2518 2536 I FontsContentProvider: Received query Noto Color Emoji Compat, URI content://com.google.android.gms.fonts
09-24 19:14:28.801 2720 2746 I putmethod.lati: WaitForGcToComplete blocked ProfileSaver on ClassLinker for 90.559ms
09-24 19:14:28.859 2518 2536 I FontsContentProvider: Query [Noto Color Emoji Compat] resolved to {Noto Color Emoji Compat, wdth 100.0, wght 400, ital 0.0, bestEffort false}
09-24 19:14:28.866 2041 2338 W AppOps : Noting op not finished: uid 10098 pkg com.google.android.gms code 79 time=1727194468865 duration=-1
09-24 19:14:28.867 2041 3604 W AppOps : Noting op not finished: uid 10098 pkg com.google.android.gms code 79 time=1727194468866 duration=0
09-24 19:14:28.871 2041 3604 W AppOps : Noting op not finished: uid 10104 pkg com.google.android.googlequicksearchbox code 79 time=1727194468871 duration=-1
09-24 19:14:28.873 2720 3113 I PhenotypeIme: FetchConfigurationTask.fetchConfiguration() : ConfigurationsResult = Persisted
09-24 19:14:28.874 2201 3470 I aods : No Heterodyne serving version in database [CONTEXT service_id=51 ]
09-24 19:14:28.876 2201 3717 W Conscrypt: Could not set socket write timeout: java.net.SocketException: Socket closed
09-24 19:14:28.876 2201 3717 W Conscrypt: at com.google.android.gms.org.conscrypt.Platform.setSocketWriteTimeout(:com.google.android.gms@17786022@17.7.86 (040700-256199907):2)
09-24 19:14:28.876 2201 3717 W Conscrypt: at com.google.android.gms.org.conscrypt.ConscryptFileDescriptorSocket.setSoWriteTimeout(:com.google.android.gms@17786022@17.7.86 (040700-256199907):2)
09-24 19:14:28.893 3834 3834 D PhenotypeUpdateService: onCreate called
09-24 19:14:28.900 2041 3604 W AppOps : Noting op not finished: uid 10104 pkg com.google.android.googlequicksearchbox code 79 time=1727194468871 duration=0
09-24 19:14:28.905 1780 1780 D Zygote : Forked child process 3893
09-24 19:14:28.906 2720 3331 I SuperDelight: SuperDelightDownloadMetadataParser#parse(delight): Manifest parsed with 666 packs
09-24 19:14:28.909 2041 2072 I ActivityManager: Start proc 3893:com.google.android.apps.photos/u0a117 for broadcast {com.google.android.apps.photos/com.google.android.apps.photos.sdcard.envcache.ExternalStorageStateChangeBroadcastReceiver}
09-24 19:14:28.909 2971 3026 W Binder : Caught a RuntimeException from the binder stub implementation.
09-24 19:14:28.909 2971 3026 W Binder : java.lang.IllegalStateException: Results have already been set
09-24 19:14:28.909 2971 3026 W Binder : at com.google.android.gms.common.internal.bk.a(SourceFile:9)
09-24 19:14:28.909 2971 3026 W Binder : at com.google.android.gms.common.api.internal.BasePendingResult.a(SourceFile:94)
09-24 19:14:28.909 2971 3026 W Binder : at com.google.android.gms.location.b.a(SourceFile:2)
09-24 19:14:28.909 2971 3026 W Binder : at com.google.android.gms.common.api.internal.cs.a(SourceFile:3)
09-24 19:14:28.909 2971 3026 W Binder : at com.google.android.gms.common.api.internal.bu.dispatchTransaction(SourceFile:3)
09-24 19:14:28.909 2971 3026 W Binder : at com.google.android.a.a.onTransact(SourceFile:11)
09-24 19:14:28.909 2971 3026 W Binder : at android.os.Binder.execTransactInternal(Binder.java:1021)
09-24 19:14:28.909 2971 3026 W Binder : at android.os.Binder.execTransact(Binder.java:994)
09-24 19:14:28.915 3893 3893 W oid.apps.photo: Unexpected CPU variant for X86 using defaults: x86
09-24 19:14:28.918 3188 3891 I MediaProvider: Begin Intent { act=android.intent.action.MEDIA_MOUNTED dat=file:///storage/17F3-2B18 flg=0x5000010 cmp=com.android.providers.media/.MediaService (has extras) }
09-24 19:14:28.920 3893 3893 E oid.apps.photo: Not starting debugger since process cannot load the jdwp agent.
09-24 19:14:28.929 2041 3604 W AppOps : Noting op not finished: uid 10104 pkg com.google.android.googlequicksearchbox code 79 time=1727194468900 duration=0
09-24 19:14:28.930 2201 3779 E BluetoothAdapter: Bluetooth binder is null
09-24 19:14:28.938 3834 3892 D PhenotypeUpdateService: Registering with Phenotype
09-24 19:14:28.943 2201 2201 I GeofencerStateMachine: sendQueryLocationOptIn
09-24 19:14:28.948 2201 2201 I chatty : uid=10098 com.google.android.gms.persistent identical 2 lines
09-24 19:14:28.949 2201 2201 I GeofencerStateMachine: sendQueryLocationOptIn
09-24 19:14:28.954 2041 2463 D WificondControl: Scan result ready event
09-24 19:14:28.980 2201 2201 I GeofencerStateMachine: sendQueryLocationOptIn
09-24 19:14:28.989 2720 3704 I SuperDelight: SuperDelightManager#syncDownloadableLanguageModels(delight): [OnDevice] Syncing for version 20190203
09-24 19:14:29.022 2720 3331 I SuperDelight: DownloadSlicing#getSlices() : Locale = [en_US]
09-24 19:14:29.037 3893 3893 I oid.apps.photo: The ClassLoaderContext is a special shared library.
09-24 19:14:29.047 1780 1780 D Zygote : Forked child process 3926
09-24 19:14:29.049 2720 3113 I PhenotypeIme: FetchConfigurationTask.fetchConfiguration() : Success after 546 ms
09-24 19:14:29.053 3926 3926 W .localtranspor: Unexpected CPU variant for X86 using defaults: x86
09-24 19:14:29.061 2041 2072 I ActivityManager: Start proc 3926:com.android.localtransport/1000 for service {com.android.localtransport/com.android.localtransport.LocalTransportService}
09-24 19:14:29.078 3284 3760 I Finsky : [221] njw.run(4): Wrote 164 rows to frosting DB
09-24 19:14:29.078 3284 3284 I Finsky : [2] kft.a(266): Installer: found apps to install. apps=[]
09-24 19:14:29.080 3926 3926 E .localtranspor: Not starting debugger since process cannot load the jdwp agent.
09-24 19:14:29.092 3345 3912 I SharedPreferencesProto: load shared preferences: file not found
09-24 19:14:29.097 2041 2338 D ConnectivityService: requestNetwork for uid/pid:10104/3345 NetworkRequest [ TRACK_DEFAULT id=18, [ Capabilities: INTERNET&NOT_RESTRICTED&TRUSTED Uid: 10104] ]
09-24 19:14:29.118 2201 2201 I GeofencerStateMachine: sendQueryLocationOptIn
09-24 19:14:29.119 2465 2465 D PhoneSwitcherNetworkRequstListener: got request NetworkRequest [ TRACK_DEFAULT id=18, [ Capabilities: INTERNET&NOT_RESTRICTED&TRUSTED Uid: 10104] ] with score 50 and serial 2
09-24 19:14:29.126 2201 2201 I GeofencerStateMachine: sendQueryLocationOptIn
09-24 19:14:29.127 3284 3284 I Finsky : [2] com.google.android.finsky.services.AdIdListener.onCreate(3): AdId refresh
09-24 19:14:29.128 2518 2518 D AdvertisingIdNS: Notifying advertising info update event for package com.android.vending
09-24 19:14:29.135 2041 2156 D WifiNetworkFactory: got request NetworkRequest [ TRACK_DEFAULT id=18, [ Capabilities: INTERNET&NOT_RESTRICTED&TRUSTED Uid: 10104] ] with score 50 and serial 2
09-24 19:14:29.135 2041 2156 D UntrustedWifiNetworkFactory: got request NetworkRequest [ TRACK_DEFAULT id=18, [ Capabilities: INTERNET&NOT_RESTRICTED&TRUSTED Uid: 10104] ] with score 50 and serial 2
09-24 19:14:29.136 2041 2156 D WifiClientModeImpl: CMD_START_CONNECT sup state UninitializedState my state DisconnectedState nid=0 roam=false
09-24 19:14:29.141 3284 3946 I Finsky : [224] com.google.android.finsky.services.AdIdListener.a(5): AdId change: id (hash)=-1782485861 limit=false
09-24 19:14:29.153 2839 2857 I .android.diale: Waiting for a blocking GC ProfileSaver
09-24 19:14:29.156 1780 1780 D Zygote : Forked child process 3948
09-24 19:14:29.167 2041 2072 I ActivityManager: Start proc 3948:com.google.android.youtube/u0a133 for service {com.google.android.youtube/com.google.android.apps.youtube.app.common.ads.AdIdListenerService}
09-24 19:14:29.183 2041 2156 I WifiClientModeImpl: Connecting with 02:15:b2:00:00:00 as the mac address
09-24 19:14:29.183 1845 1845 W wificond: Scan is not started. Ignore abort request
09-24 19:14:29.183 2041 2156 D SupplicantStaIfaceHal: connectToNetwork "AndroidWifi"NONE
09-24 19:14:29.192 3345 3549 W LocationOracle: No location history returned by ContextManager
09-24 19:14:29.196 2518 2946 I Icing : Using regular flags by method 2
09-24 19:14:29.197 3345 3360 I earchbox:searc: Background young concurrent copying GC freed 60458(5723KB) AllocSpace objects, 16(696KB) LOS objects, 48% free, 6554KB/12MB, paused 4.016ms total 577.942ms
09-24 19:14:29.205 2041 2054 I system_server: Background concurrent copying GC freed 54928(3102KB) AllocSpace objects, 66(3108KB) LOS objects, 36% free, 10MB/16MB, paused 30us total 573.500ms
09-24 19:14:29.209 2518 2532 W gle.android.gm: Suspending all threads took: 7.843ms
09-24 19:14:29.212 3948 3948 W android.youtub: Unexpected CPU variant for X86 using defaults: x86
09-24 19:14:29.213 2041 2156 I SupplicantStaIfaceHal: addSupplicantStaNetwork via HIDL
09-24 19:14:29.234 2839 2857 I .android.diale: WaitForGcToComplete blocked ProfileSaver on ClassLinker for 80.878ms
09-24 19:14:29.240 2518 3479 W Conscrypt: Could not set socket write timeout: java.net.SocketException: Socket closed
09-24 19:14:29.240 2518 3479 W Conscrypt: at com.google.android.gms.org.conscrypt.Platform.setSocketWriteTimeout(:com.google.android.gms@17786022@17.7.86 (040700-256199907):2)
09-24 19:14:29.240 2518 3479 W Conscrypt: at com.google.android.gms.org.conscrypt.ConscryptFileDescriptorSocket.setSoWriteTimeout(:com.google.android.gms@17786022@17.7.86 (040700-256199907):2)
09-24 19:14:29.244 3926 3926 I .localtranspor: The ClassLoaderContext is a special shared library.
09-24 19:14:29.263 3284 3566 W ContextImpl: Failed to ensure /data/user/0/com.google.android.gms/shared_prefs: mkdir failed: EACCES (Permission denied)
09-24 19:14:29.264 3284 3284 I Finsky : [2] com.google.android.finsky.scheduler.JobSchedulerEngine$PhoneskyJobSchedulerJobService.onStartJob(3): onJobSchedulerWakeup with jobId 9000
09-24 19:14:29.264 3284 3284 I Finsky : [2] pvf.a(21): Scheduling fallback job with id: 9034, and delay: 43200000 ms
09-24 19:14:29.267 3948 3948 E android.youtub: Not starting debugger since process cannot load the jdwp agent.
09-24 19:14:29.270 3284 3284 I Finsky : [2] pvf.a(5): Scheduling fallback in 64799997 (absolute: 64820865)
09-24 19:14:29.277 3284 3284 I Finsky : [2] qzj.a(35): Connecting InstallListener to SplitInstallService broadcaster...
09-24 19:14:29.278 2041 2041 I TransportClient: LocalTransportService#0: Notifying [TransportManager.registerTransport()] transport = IBackupTransport
09-24 19:14:29.282 2518 3642 I CheckinRequestProcessor: Gmscore running on device, checkin will use Gmscore context
09-24 19:14:29.283 2518 3642 I CheckinRequestBuilder: Checkin reason type: 5 attempt count: 1
09-24 19:14:29.283 2041 2968 W Binder : Outgoing transactions from this process must be FLAG_ONEWAY
09-24 19:14:29.283 2041 2968 W Binder : java.lang.Throwable
09-24 19:14:29.283 2041 2968 W Binder : at android.os.BinderProxy.transact(BinderProxy.java:480)
09-24 19:14:29.283 2041 2968 W Binder : at com.android.internal.backup.IBackupTransport$Stub$Proxy.name(IBackupTransport.java:869)
09-24 19:14:29.283 2041 2968 W Binder : at com.android.server.backup.TransportManager.registerTransport(TransportManager.java:653)
09-24 19:14:29.283 2041 2968 W Binder : at com.android.server.backup.TransportManager.registerTransportsForIntent(TransportManager.java:588)
09-24 19:14:29.283 2041 2968 W Binder : at com.android.server.backup.TransportManager.registerTransports(TransportManager.java:558)
09-24 19:14:29.283 2041 2968 W Binder : at com.android.server.backup.-$$Lambda$pM_c5tVAGDtxjxLF_ONtACWWq6Q.run(Unknown Source:2)
09-24 19:14:29.283 2041 2968 W Binder : at android.os.Handler.handleCallback(Handler.java:883)
09-24 19:14:29.283 2041 2968 W Binder : at android.os.Handler.dispatchMessage(Handler.java:100)
09-24 19:14:29.283 2041 2968 W Binder : at android.os.Looper.loop(Looper.java:214)
09-24 19:14:29.283 2041 2968 W Binder : at android.os.HandlerThread.run(HandlerThread.java:67)
09-24 19:14:29.284 3284 3284 I Finsky : [2] pvp.handleMessage(10): DeviceState: DeviceState{currentTime=1727194469277, isCharging=false, isIdle=false, netAny=true, netNotRoaming=true, netUnmetered=false}
09-24 19:14:29.290 2518 3767 I FontsContentProvider: Received query Google Sans:500, URI content://com.google.android.gms.fonts
09-24 19:14:29.291 2518 3767 I FontsContentProvider: Query [Google Sans:500] resolved to {Google Sans, wdth 100.0, wght 500, ital 0.0, bestEffort false}
09-24 19:14:29.297 3345 3463 I MicroDetectionWorker: #startMicroDetector [speakerMode: 0]
09-24 19:14:29.305 2201 3812 I GCoreUlr: Starting service, intent=Intent { act=com.google.android.location.reporting.ACTION_UPDATE_WORLD cmp=com.google.android.gms/com.google.android.location.reporting.service.DispatchingService (has extras) }, extras=Bundle[{receiverAction=android.location.PROVIDERS_CHANGED}]
09-24 19:14:29.306 2041 2968 D BackupTransportManager: Transport com.android.localtransport/.LocalTransportService registered
09-24 19:14:29.306 2041 2968 D BackupManagerService: Transport com.android.localtransport/.LocalTransport registered 3324ms after first request (delay = 3000ms)
09-24 19:14:29.308 2201 3812 I GCoreUlr: Starting service, intent=Intent { act=com.google.android.location.reporting.ACTION_UPDATE_WORLD cmp=com.google.android.gms/com.google.android.location.reporting.service.DispatchingService (has extras) }, extras=Bundle[{receiverAction=android.location.PROVIDERS_CHANGED}]
09-24 19:14:29.312 3948 3948 D ApplicationLoaders: Returning zygote-cached class loader: /system/framework/android.hidl.base-V1.0-java.jar
09-24 19:14:29.312 3948 3948 D ApplicationLoaders: Returning zygote-cached class loader: /system/framework/android.hidl.manager-V1.0-java.jar
09-24 19:14:29.312 3948 3948 D ApplicationLoaders: Returning zygote-cached class loader: /system/framework/android.hidl.base-V1.0-java.jar
09-24 19:14:29.313 3284 3646 I Finsky : [204] pxd.b(7): Jobs in database: 31-305419896
09-24 19:14:29.314 3284 3284 I Finsky : [2] pvm.a(22): Running job: 31-305419896
09-24 19:14:29.314 3284 3284 W Finsky : [2] cwl.a(19): For unauth, use getDfeApiNonAuthenticated() instead!
09-24 19:14:29.315 2201 2219 I .gms.persisten: Background concurrent copying GC freed 18136(1271KB) AllocSpace objects, 2(40KB) LOS objects, 49% free, 4194KB/8388KB, paused 90.798ms total 729.264ms
09-24 19:14:29.318 3948 3948 I android.youtub: The ClassLoaderContext is a special shared library.
09-24 19:14:29.321 3345 3463 I AudioController: Created new AudioSource
09-24 19:14:29.325 3948 3948 I android.youtub: The ClassLoaderContext is a special shared library.
09-24 19:14:29.331 3345 3463 I MicroDetectionWorker: onReady
09-24 19:14:29.335 2215 2215 I wpa_supplicant: wlan0: SME: Trying to authenticate with 02:15:b2:00:01:00 (SSID='AndroidWifi' freq=2447 MHz)
09-24 19:14:29.336 1975 1975 I hostapd : wlan1: STA 02:15:b2:00:00:00 IEEE 802.11: authenticated
09-24 19:14:29.336 1975 1975 I hostapd : wlan1: STA 02:15:b2:00:00:00 IEEE 802.11: authenticated
09-24 19:14:29.337 2215 2215 I wpa_supplicant: wlan0: Trying to associate with 02:15:b2:00:01:00 (SSID='AndroidWifi' freq=2447 MHz)
09-24 19:14:29.343 1975 1975 I hostapd : wlan1: STA 02:15:b2:00:00:00 IEEE 802.11: associated (aid 1)
09-24 19:14:29.343 1975 1975 I hostapd : wlan1: STA 02:15:b2:00:00:00 IEEE 802.11: associated (aid 1)
09-24 19:14:29.343 1975 1975 I hostapd : wlan1: AP-STA-CONNECTED 02:15:b2:00:00:00
09-24 19:14:29.344 3188 3891 I MediaProvider: End Intent { act=android.intent.action.MEDIA_MOUNTED dat=file:///storage/17F3-2B18 flg=0x5000010 cmp=com.android.providers.media/.MediaService (has extras) }
09-24 19:14:29.344 1779 1779 I netd : interfaceGetCfg("wlan0") <0.06ms>
09-24 19:14:29.345 2215 2215 I wpa_supplicant: wlan0: Associated with 02:15:b2:00:01:00
09-24 19:14:29.345 2215 2215 I wpa_supplicant: wlan0: CTRL-EVENT-CONNECTED - Connection to 02:15:b2:00:01:00 completed [id=0 id_str=%7B%22configKey%22%3A%22%5C%22AndroidWifi%5C%22NONE%22%2C%22creatorUid%22%3A%221000%22%7D]
09-24 19:14:29.345 2215 2215 I wpa_supplicant: wlan0: CTRL-EVENT-SUBNET-STATUS-UPDATE status=0
09-24 19:14:29.346 2041 2156 D ConnectivityService: registerNetworkAgent NetworkAgentInfo{ ni{[type: WIFI[], state: CONNECTING/CONNECTING, reason: (unspecified), extra: (none), failover: false, available: true, roaming: false]} network{101} nethandle{437197393933} lp{{LinkAddresses: [ ] DnsAddresses: [ ] Domains: null MTU: 0 Routes: [ ]}} nc{[ Transports: WIFI Capabilities: NOT_METERED&INTERNET&NOT_RESTRICTED&NOT_VPN&NOT_ROAMING&FOREGROUND&NOT_CONGESTED&NOT_SUSPENDED LinkUpBandwidth>=1048576Kbps LinkDnBandwidth>=1048576Kbps Specifier: SSID: "AndroidWifi"]} Score{20} everValidated{false} lastValidated{false} created{false} lingering{false} explicitlySelected{false} acceptUnvalidated{false} everCaptivePortalDetected{false} lastCaptivePortalDetected{false} captivePortalValidationPending{false} partialConnectivity{false} acceptPartialConnectivity{false} clat{mBaseIface: null, mIface: null, mState: IDLE} }
09-24 19:14:29.347 2041 2156 E SupplicantStaIfaceHal: ISupplicantStaIface.setPowerSave failed: {.code = FAILURE_UNKNOWN, .debugMessage = }
09-24 19:14:29.348 2518 3767 I FontsContentProvider: Fetch {Google Sans, wdth 100.0, wght 500, ital 0.0, bestEffort false} end status Status{statusCode=SUCCESS, resolution=null}
09-24 19:14:29.350 2201 3717 W Conscrypt: Could not set socket write timeout: java.net.SocketException: Socket closed
09-24 19:14:29.350 2201 3717 W Conscrypt: at com.google.android.gms.org.conscrypt.Platform.setSocketWriteTimeout(:com.google.android.gms@17786022@17.7.86 (040700-256199907):2)
09-24 19:14:29.350 2201 3717 W Conscrypt: at com.google.android.gms.org.conscrypt.ConscryptFileDescriptorSocket.setSoWriteTimeout(:com.google.android.gms@17786022@17.7.86 (040700-256199907):2)
09-24 19:14:29.351 1779 1779 W ServiceManager: Permission failure: android.permission.NETWORK_STACK from uid=1073 pid=2401
09-24 19:14:29.352 1779 2390 I netd : interfaceGetCfg("wlan0") <0.19ms>
09-24 19:14:29.352 1779 1779 I netd : interfaceSetIPv6PrivacyExtensions("wlan0", "true") <1.97ms>
09-24 19:14:29.352 1779 1779 W ServiceManager: Permission failure: android.permission.NETWORK_STACK from uid=1073 pid=2401
09-24 19:14:29.353 1779 1779 I netd : setIPv6AddrGenMode("wlan0", 0) <0.17ms>
09-24 19:14:29.353 1779 1779 W ServiceManager: Permission failure: android.permission.NETWORK_STACK from uid=1073 pid=2401
09-24 19:14:29.353 1779 1779 I netd : interfaceSetEnableIPv6("wlan0", "true") <0.21ms>
09-24 19:14:29.354 3816 3998 I GAv4 : Google Analytics 17.7.78 is starting up. To enable debug logging on a device run:
09-24 19:14:29.354 3816 3998 I GAv4 : adb shell setprop log.tag.GAv4 DEBUG
09-24 19:14:29.354 3816 3998 I GAv4 : adb logcat -s GAv4
09-24 19:14:29.354 1779 1779 W ServiceManager: Permission failure: android.permission.NETWORK_STACK from uid=1073 pid=2401
09-24 19:14:29.354 1779 1779 I netd : setProcSysNet(4, 2, "wlan0", "retrans_time_ms", "750") <0.39ms>
09-24 19:14:29.355 2201 2201 W ChimeraUtils: Non Chimera context
09-24 19:14:29.355 2201 2201 W ChimeraUtils: Non Chimera context
09-24 19:14:29.357 1779 1779 W ServiceManager: Permission failure: android.permission.NETWORK_STACK from uid=1073 pid=2401
09-24 19:14:29.358 1779 1779 I netd : setProcSysNet(4, 2, "wlan0", "ucast_solicit", "5") <0.70ms>
09-24 19:14:29.358 1779 1779 W ServiceManager: Permission failure: android.permission.NETWORK_STACK from uid=1073 pid=2401
09-24 19:14:29.358 1779 1779 I netd : setProcSysNet(6, 2, "wlan0", "retrans_time_ms", "750") <0.13ms>
09-24 19:14:29.358 1779 1779 W ServiceManager: Permission failure: android.permission.NETWORK_STACK from uid=1073 pid=2401
09-24 19:14:29.359 1779 1779 I netd : setProcSysNet(6, 2, "wlan0", "ucast_solicit", "5") <0.30ms>
09-24 19:14:29.366 2518 3767 I FontsContentProvider: Pulling font file for id = 1, cache size = 1
09-24 19:14:29.367 2041 2159 D ConnectivityService: NetworkAgentInfo [WIFI () - 101] EVENT_NETWORK_INFO_CHANGED, going from null to CONNECTING
09-24 19:14:29.371 2201 2201 W ChimeraUtils: Non Chimera context
09-24 19:14:29.371 2201 2201 W ChimeraUtils: Non Chimera context
09-24 19:14:29.371 3284 3284 I Finsky : [2] cqs.a(129): Opt out Play Pass user: null
09-24 19:14:29.376 2041 2159 D ConnectivityService: NetworkAgentInfo [WIFI () - 101] EVENT_NETWORK_INFO_CHANGED, going from CONNECTING to CONNECTING
09-24 19:14:29.377 2041 2159 D ConnectivityService: Adding iface wlan0 to network 101
09-24 19:14:29.377 1779 1779 E Netd : no such netId 101
09-24 19:14:29.377 1779 1779 I netd : networkAddInterface(101, "wlan0") -> ServiceSpecificException(64, "Machine is not on the network") <0.02ms>
09-24 19:14:29.377 2041 2159 E ConnectivityService: Exception adding interface: java.lang.IllegalStateException: android.os.ServiceSpecificException: Machine is not on the network (code 64)
09-24 19:14:29.378 1779 1779 E Netd : no such netId 101
09-24 19:14:29.378 1779 1779 I netd : networkAddRoute(101, "wlan0", "fe80::/64", "") -> ServiceSpecificException(64, "Machine is not on the network") <0.01ms>
09-24 19:14:29.386 3816 4007 W GAv4 : CampaignTrackingReceiver is not registered, not exported or is disabled. Installation campaign tracking is not possible. See http://goo.gl/8Rd3yj for instructions.
09-24 19:14:29.390 2041 2591 I ActivityManager: Killing 2485:com.android.settings:CryptKeeper/1000 (adj 985): empty #17
09-24 19:14:29.391 2518 3860 I Icing : Storage manager: low false usage 0 Bytes avail 5.64GB capacity 5.81GB
09-24 19:14:29.410 2780 3481 W QsbUiManager: Doodle is not valid.
09-24 19:14:29.410 2780 3481 W QsbUiManager: Doodle bitmap is not valid.
09-24 19:14:29.411 3997 3997 I studio.deploy: Received request 'dump'
09-24 19:14:29.420 2041 3120 W BroadcastQueue: Background execution not allowed: receiving Intent { act=android.provider.Contacts.DATABASE_CREATED flg=0x4000010 } to com.google.android.gms/.chimera.GmsIntentOperationService$GmsExternalReceiver
09-24 19:14:29.422 1779 1779 I netd : trafficSwapActiveStatsMap() <41.69ms>
09-24 19:14:29.425 1779 1779 I netd : tetherGetStats() <1.01ms>
09-24 19:14:29.433 3816 3816 W PrimesInit: Primes instant initialization
09-24 19:14:29.438 1780 1780 D Zygote : Forked child process 4028
09-24 19:14:29.439 2041 2072 I ActivityManager: Start proc 4028:com.android.managedprovisioning/u0a55 for broadcast {com.android.managedprovisioning/com.android.managedprovisioning.ota.PreBootListener}
09-24 19:14:29.442 3284 3284 I Finsky : [2] pvp.handleMessage(84): RunningQueue size: 1, PendingQueue size: 0
09-24 19:14:29.442 3284 3284 I Finsky : [2] pvp.handleMessage(93): Running queue: 31-305419896
09-24 19:14:29.449 4028 4028 W gedprovisionin: Unexpected CPU variant for X86 using defaults: x86
09-24 19:14:29.450 2401 2571 D DhcpClient: Broadcasting DHCPDISCOVER
09-24 19:14:29.454 1780 1780 I Zygote : Process 2485 exited due to signal 9 (Killed)
09-24 19:14:29.454 2401 4034 D DhcpClient: Receive thread started
09-24 19:14:29.455 2401 4034 D DhcpClient: Received packet: 02:15:b2:00:00:00 OFFER, ip /10.0.2.16, mask /255.255.255.0, DNS servers: /10.0.2.3 , gateways [/10.0.2.2] lease time 86400, domain null
09-24 19:14:29.456 4028 4028 E gedprovisionin: Not starting debugger since process cannot load the jdwp agent.
09-24 19:14:29.458 3188 4024 I MediaProvider: Begin Intent { act=android.intent.action.MEDIA_MOUNTED dat=file:///storage/emulated/0 flg=0x5000010 cmp=com.android.providers.media/.MediaService (has extras) }
09-24 19:14:29.459 2401 2571 D DhcpClient: Got pending lease: android.net.networkstack.DhcpResults@54e5e4d DHCP server /10.0.2.2 Vendor info null lease 86400 seconds Servername
09-24 19:14:29.459 3816 4026 W Primes : background initialization
09-24 19:14:29.461 3816 3816 W FieldDefinition: [main] Ignoring isIndexed constraint as field also has uniqueness constraint (on just this field, and therefore SQLite will have to create an index on that. For field: czz$a@b3d2d79
09-24 19:14:29.466 2401 2571 D DhcpClient: Broadcasting DHCPREQUEST ciaddr=0.0.0.0 request=10.0.2.16 serverid=10.0.2.2
09-24 19:14:29.467 2401 4034 D DhcpClient: Received packet: 02:15:b2:00:00:00 ACK: your new IP /10.0.2.16, netmask /255.255.255.0, gateways [/10.0.2.2] DNS servers: /10.0.2.3 , lease time 86400
09-24 19:14:29.467 2401 2571 D DhcpClient: Confirmed lease: android.net.networkstack.DhcpResults@c751613 DHCP server /10.0.2.2 Vendor info null lease 86400 seconds Servername
09-24 19:14:29.473 1779 1779 W ServiceManager: Permission failure: android.permission.NETWORK_STACK from uid=1073 pid=2401
09-24 19:14:29.473 1779 1779 I netd : interfaceSetCfg() <0.61ms>
09-24 19:14:29.474 2041 2156 E SupplicantStaIfaceHal: ISupplicantStaIface.setPowerSave failed: {.code = FAILURE_UNKNOWN, .debugMessage = }
09-24 19:14:29.475 3188 4024 W ModernMediaScanner: Failed to visit /system/media: java.nio.file.NoSuchFileException: /system/media
09-24 19:14:29.475 3997 3997 E studio.deploy: ERROR: Could not get package user id: /system/bin/run-as: unknown package: com.example.qtquickview_java
09-24 19:14:29.476 1779 1779 E Netd : no such netId 101
09-24 19:14:29.476 1779 1779 I netd : networkAddRoute(101, "wlan0", "10.0.2.0/24", "") -> ServiceSpecificException(64, "Machine is not on the network") <0.02ms>
09-24 19:14:29.476 2041 2159 E ConnectivityService: Exception in addRoute for non-gateway: java.lang.IllegalStateException: android.os.ServiceSpecificException: Machine is not on the network (code 64)
09-24 19:14:29.476 1779 1779 E Netd : no such netId 101
09-24 19:14:29.476 1779 1779 I netd : networkAddRoute(101, "wlan0", "0.0.0.0/0", "10.0.2.2") -> ServiceSpecificException(64, "Machine is not on the network") <0.01ms>
09-24 19:14:29.477 2041 2159 E ConnectivityService: Exception in addRoute for gateway: java.lang.IllegalStateException: android.os.ServiceSpecificException: Machine is not on the network (code 64)
09-24 19:14:29.478 2401 2571 D DhcpClient: Scheduling renewal in 43199s
09-24 19:14:29.478 2401 2571 D DhcpClient: Scheduling rebind in 75599s
09-24 19:14:29.478 2401 2571 D DhcpClient: Scheduling expiry in 86399s
09-24 19:14:29.479 2041 2073 I libprocessgroup: Successfully killed process cgroup uid 1000 pid 2485 in 83ms
09-24 19:14:29.481 3188 4024 W ModernMediaScanner: Failed to visit /oem/media: java.nio.file.NoSuchFileException: /oem/media
09-24 19:14:29.490 4028 4028 I gedprovisionin: The ClassLoaderContext is a special shared library.
09-24 19:14:29.491 3345 3589 I cr_CronetLibraryLoader: Cronet version: 76.0.3786.0, arch: i686
09-24 19:14:29.532 1779 1779 I netd : trafficSwapActiveStatsMap() <55.06ms>
09-24 19:14:29.534 1779 1779 I netd : tetherGetStats() <1.80ms>
09-24 19:14:29.537 2041 2159 D ConnectivityService: Setting DNS servers for network 101 to [/10.0.2.3]
09-24 19:14:29.537 2041 2159 D DnsManager: setDnsConfigurationForNetwork(101, [10.0.2.3], [], 1800, 25, 8, 64, 0, 0, , [])
09-24 19:14:29.537 1779 1779 I netd : DnsResolverService::setResolverConfiguration(101, [10.0.2.3], [], 1800, 25, 8, 64, 0, 0, [], []) -> (-64) (0.03ms)
09-24 19:14:29.537 1779 1779 I netd : setResolverConfiguration() -> ServiceSpecificException(64, "Machine is not on the network") <0.07ms>
09-24 19:14:29.538 2224 2224 W View : requestLayout() improperly called by com.android.keyguard.AlphaOptimizedLinearLayout{457db40 V.E...... ......ID 7,0-53,58 #7f0a041c app:id/wifi_group} during layout: running second layout pass
09-24 19:14:29.538 2224 2224 W View : requestLayout() improperly called by com.android.keyguard.AlphaOptimizedLinearLayout{1b60a79 V.E...... ......ID 7,0-53,58 #7f0a041c app:id/wifi_group} during layout: running second layout pass
09-24 19:14:29.538 2224 2224 W View : requestLayout() improperly called by com.android.keyguard.AlphaOptimizedLinearLayout{44983be V.E...... ......ID 7,0-53,58 #7f0a041c app:id/wifi_group} during layout: running second layout pass
09-24 19:14:29.538 2041 2159 E DnsManager: Error setting DNS configuration: android.os.ServiceSpecificException: Machine is not on the network (code 64)
09-24 19:14:29.539 2041 2058 I PreBootBroadcaster: Pre-boot of {com.android.providers.calendar/com.android.providers.calendar.CalendarUpgradeReceiver} for user 0
09-24 19:14:29.539 3345 3473 I GsaNativeCrashHandler: Loaded shared library: nativecrashreporter
09-24 19:14:29.539 2041 2058 W BroadcastQueue: Background execution not allowed: receiving Intent { act=android.location.PROVIDERS_CHANGED flg=0x10 (has extras) } to com.google.android.apps.maps/com.google.android.apps.gmm.locationsharing.usr.LocationAvailabilityChecker$LocationProvidersChangedBroadcastReceiver
09-24 19:14:29.540 2041 2058 I ActivityManager: Killing 2819:com.android.carrierconfig/u0a109 (adj 985): empty #17
09-24 19:14:29.540 2041 2071 W BroadcastQueue: Background execution not allowed: receiving Intent { act=android.location.PROVIDERS_CHANGED flg=0x10 (has extras) } to com.google.android.gms/com.google.android.location.internal.NlpNetworkProviderSettingsUpdateReceiver
09-24 19:14:29.540 2041 2071 W BroadcastQueue: Background execution not allowed: receiving Intent { act=android.location.PROVIDERS_CHANGED flg=0x10 (has extras) } to com.google.android.gms/.chimera.GmsIntentOperationService$PersistentTrustedReceiver
09-24 19:14:29.540 2041 2071 W BroadcastQueue: Background execution not allowed: receiving Intent { act=android.location.PROVIDERS_CHANGED flg=0x10 (has extras) } to com.google.android.googlequicksearchbox/com.google.android.apps.gsa.broadcastreceiver.external.ExternalCommonBroadcastReceiver
09-24 19:14:29.540 2041 2071 W BroadcastQueue: Background execution not allowed: receiving Intent { act=android.location.PROVIDERS_CHANGED flg=0x10 (has extras) } to com.google.android.apps.maps/com.google.android.apps.gmm.locationsharing.usr.LocationAvailabilityChecker$LocationProvidersChangedBroadcastReceiver
09-24 19:14:29.540 2041 2071 W BroadcastQueue: Background execution not allowed: receiving Intent { act=android.location.PROVIDERS_CHANGED flg=0x10 (has extras) } to com.google.android.gms/com.google.android.location.internal.NlpNetworkProviderSettingsUpdateReceiver
09-24 19:14:29.540 2041 2071 W BroadcastQueue: Background execution not allowed: receiving Intent { act=android.location.PROVIDERS_CHANGED flg=0x10 (has extras) } to com.google.android.gms/.chimera.GmsIntentOperationService$PersistentTrustedReceiver
09-24 19:14:29.540 2041 2071 W BroadcastQueue: Background execution not allowed: receiving Intent { act=android.location.PROVIDERS_CHANGED flg=0x10 (has extras) } to com.google.android.googlequicksearchbox/com.google.android.apps.gsa.broadcastreceiver.external.ExternalCommonBroadcastReceiver
09-24 19:14:29.540 2041 2071 W BroadcastQueue: Background execution not allowed: receiving Intent { act=android.location.MODE_CHANGED flg=0x10 } to com.google.android.apps.maps/com.google.android.apps.gmm.locationsharing.usr.LocationAvailabilityChecker$LocationProvidersChangedBroadcastReceiver
09-24 19:14:29.541 2041 2071 W BroadcastQueue: Background execution not allowed: receiving Intent { act=android.location.MODE_CHANGED flg=0x10 } to com.google.android.gms/.chimera.GmsIntentOperationService$PersistentTrustedReceiver
09-24 19:14:29.541 2041 2071 W BroadcastQueue: Permission Denial: broadcasting Intent { act=com.google.android.gsf.settings.GoogleLocationSettings.UPDATE_LOCATION_SETTINGS flg=0x10 } from com.google.android.sdksetup (pid=3142, uid=10058) is not exported from uid 10098 due to receiver com.google.android.gms/.chimera.GmsIntentOperationService$PersistentInternalReceiver
09-24 19:14:29.541 2041 2071 W BroadcastQueue: Background execution not allowed: receiving Intent { act=com.google.android.gsf.settings.GoogleLocationSettings.UPDATE_LOCATION_SETTINGS flg=0x10 } to com.google.android.gsf/.settings.GoogleLocationSettings$LocationSettingsChangedListener
09-24 19:14:29.541 2041 2071 W BroadcastQueue: Background execution not allowed: receiving Intent { act=android.intent.action.DROPBOX_ENTRY_ADDED flg=0x10 (has extras) } to com.google.android.gms/.stats.service.DropBoxEntryAddedReceiver
09-24 19:14:29.541 2041 2071 W BroadcastQueue: Background execution not allowed: receiving Intent { act=android.intent.action.DROPBOX_ENTRY_ADDED flg=0x10 (has extras) } to com.google.android.gms/.chimera.GmsIntentOperationService$PersistentTrustedReceiver
09-24 19:14:29.541 2041 2071 W BroadcastQueue: Background execution not allowed: receiving Intent { act=android.location.PROVIDERS_CHANGED flg=0x10 (has extras) } to com.google.android.apps.maps/com.google.android.apps.gmm.locationsharing.usr.LocationAvailabilityChecker$LocationProvidersChangedBroadcastReceiver
09-24 19:14:29.541 2041 2071 W BroadcastQueue: Background execution not allowed: receiving Intent { act=android.location.PROVIDERS_CHANGED flg=0x10 (has extras) } to com.google.android.gms/com.google.android.location.internal.NlpNetworkProviderSettingsUpdateReceiver
09-24 19:14:29.541 2041 2071 W BroadcastQueue: Background execution not allowed: receiving Intent { act=android.location.PROVIDERS_CHANGED flg=0x10 (has extras) } to com.google.android.gms/.chimera.GmsIntentOperationService$PersistentTrustedReceiver
09-24 19:14:29.541 2041 2071 W BroadcastQueue: Background execution not allowed: receiving Intent { act=android.location.PROVIDERS_CHANGED flg=0x10 (has extras) } to com.google.android.googlequicksearchbox/com.google.android.apps.gsa.broadcastreceiver.external.ExternalCommonBroadcastReceiver
09-24 19:14:29.541 2041 2071 W BroadcastQueue: Background execution not allowed: receiving Intent { act=android.location.PROVIDERS_CHANGED flg=0x10 (has extras) } to com.google.android.apps.maps/com.google.android.apps.gmm.locationsharing.usr.LocationAvailabilityChecker$LocationProvidersChangedBroadcastReceiver
09-24 19:14:29.541 2041 2071 W BroadcastQueue: Background execution not allowed: receiving Intent { act=android.location.PROVIDERS_CHANGED flg=0x10 (has extras) } to com.google.android.gms/com.google.android.location.internal.NlpNetworkProviderSettingsUpdateReceiver
09-24 19:14:29.541 2041 2071 W BroadcastQueue: Background execution not allowed: receiving Intent { act=android.location.PROVIDERS_CHANGED flg=0x10 (has extras) } to com.google.android.gms/.chimera.GmsIntentOperationService$PersistentTrustedReceiver
09-24 19:14:29.541 2041 2071 W BroadcastQueue: Background execution not allowed: receiving Intent { act=android.location.PROVIDERS_CHANGED flg=0x10 (has extras) } to com.google.android.googlequicksearchbox/com.google.android.apps.gsa.broadcastreceiver.external.ExternalCommonBroadcastReceiver
09-24 19:14:29.544 2041 3120 W ActivityManager: Unable to start service Intent { cmp=com.google.android.gm/com.android.email.service.AttachmentService } U=0: not found
09-24 19:14:29.545 3345 3811 I tflite : Initialized TensorFlow Lite runtime.
09-24 19:14:29.545 3345 3811 I MicroDataManager: Created a new hotword model for:
09-24 19:14:29.545 3345 3811 I MicroDataManager: LOC: en-US/hotword.data SR: 16000 CC: 1
09-24 19:14:29.547 3997 3997 E studio.deploy: ERROR: Could not find apks for this package: com.example.qtquickview_java
09-24 19:14:29.547 3997 3997 E studio.deploy: ERROR: Error:
09-24 19:14:29.548 3284 3625 E Finsky : [200] fml.a(3): Unexpected android-id = 0
09-24 19:14:29.550 3816 4064 W DatabaseHelper: [Open database in background] Creating a new database at version 241 for /data/user/0/com.google.android.apps.docs/databases/DocList.db
09-24 19:14:29.553 3948 4079 W YouTube : Fetching the Gservices key 'disable_binder_callback_flush' before the end of the bulk initialization
09-24 19:14:29.573 2201 3403 W GCoreFlp: No location to return for getLastLocation()
09-24 19:14:29.582 1779 1779 I netd : trafficSwapActiveStatsMap() <43.91ms>
09-24 19:14:29.583 1780 1780 I Zygote : Process 2819 exited due to signal 9 (Killed)
09-24 19:14:29.583 1779 1779 I netd : tetherGetStats() <0.26ms>
09-24 19:14:29.583 2201 3403 W GCoreFlp: No location to return for getLastLocation()
09-24 19:14:29.584 2041 2159 D ConnectivityService: NetworkAgentInfo [WIFI () - 101] EVENT_NETWORK_INFO_CHANGED, going from CONNECTING to CONNECTED
09-24 19:14:29.585 1779 1779 D TcpSocketMonitor: resuming tcpinfo polling (interval=30000ms)
09-24 19:14:29.585 1779 1779 I netd : networkCreatePhysical(101, 0) <0.03ms>
09-24 19:14:29.587 1779 1779 I netd : createNetworkCache(101) <0.02ms>
09-24 19:14:29.587 2041 2159 W DnsManager: updatePrivateDns(101, PrivateDnsConfig{true:/[]})
09-24 19:14:29.587 2041 2159 D ConnectivityService: Setting DNS servers for network 101 to [/10.0.2.3]
09-24 19:14:29.588 2041 2159 D DnsManager: setDnsConfigurationForNetwork(101, [10.0.2.3], [], 1800, 25, 8, 64, 0, 0, , [10.0.2.3])
09-24 19:14:29.588 1779 1779 I netd : DnsResolverService::setResolverConfiguration(101, [10.0.2.3], [], 1800, 25, 8, 64, 0, 0, [10.0.2.3], []) -> (0) (0.2ms)
09-24 19:14:29.588 1779 1779 I netd : setResolverConfiguration() <0.26ms>
09-24 19:14:29.590 3948 4075 W YouTube : Fetching the Gservices key 'failsafe_clear_cache_release_13_02' before the end of the bulk initialization
09-24 19:14:29.590 2041 2159 D ConnectivityService: Adding iface wlan0 to network 101
09-24 19:14:29.591 1779 1779 I netd : networkAddInterface(101, "wlan0") <1.15ms>
09-24 19:14:29.594 1779 1779 I netd : networkAddRoute(101, "wlan0", "fe80::/64", "") <0.09ms>
09-24 19:14:29.594 1779 1779 I netd : networkAddRoute(101, "wlan0", "10.0.2.0/24", "") <0.05ms>
09-24 19:14:29.594 1779 1779 I netd : networkAddRoute(101, "wlan0", "0.0.0.0/0", "10.0.2.2") <0.04ms>
09-24 19:14:29.594 2041 2159 D ConnectivityService: Setting DNS servers for network 101 to [/10.0.2.3]
09-24 19:14:29.594 2041 2159 D DnsManager: setDnsConfigurationForNetwork(101, [10.0.2.3], [], 1800, 25, 8, 64, 0, 0, , [10.0.2.3])
09-24 19:14:29.594 1779 1779 I netd : DnsResolverService::setResolverConfiguration(101, [10.0.2.3], [], 1800, 25, 8, 64, 0, 0, [10.0.2.3], []) -> (0) (0.06ms)
09-24 19:14:29.594 1779 1779 I netd : setResolverConfiguration() <0.09ms>
09-24 19:14:29.605 1779 4096 W DnsTlsSocket: SSL_connect error 5, errno=111
09-24 19:14:29.606 2720 3331 I SuperDelight: DownloadSlicing#getSlices(): result {slices=[{delight:main_en_us_20180802_1, m:*, fg}], last batch=true, sync metadata=false}
09-24 19:14:29.606 2720 3331 I SP : Syncing delight (20190203) with slices: [{main_en_us_20180802_1, m:*, fg}], metadata: false
09-24 19:14:29.620 3345 3584 I MicroRecognitionRunner: Starting detection.
09-24 19:14:29.626 2041 2073 I libprocessgroup: Successfully killed process cgroup uid 10109 pid 2819 in 85ms
09-24 19:14:29.626 3345 3584 I MultipleReaderAudioSrc: Using micInputStream
09-24 19:14:29.628 3345 3811 I MicrophoneInputStream: mic_starting SR : 16000 CC : 16 SO : 1999
09-24 19:14:29.630 1810 3031 W ServiceManager: Permission failure: android.permission.CAPTURE_AUDIO_OUTPUT from uid=10104 pid=3345
09-24 19:14:29.630 1810 3031 D PermissionCache: checking android.permission.CAPTURE_AUDIO_OUTPUT for uid=10104 => denied (67 us)
09-24 19:14:29.630 1810 3031 D PermissionCache: checking android.permission.CAPTURE_AUDIO_HOTWORD for uid=10104 => granted (28 us)
09-24 19:14:29.631 4095 4095 I abb : StartCommandInProcess(7061636b61676500696e7374616c6c2d package.install- [truncated])
09-24 19:14:29.632 1810 4111 I AudioFlinger: AudioFlinger's thread 0xf0594a80 tid=4111 ready to run
09-24 19:14:29.663 1796 2449 E GnssHAL_GnssInterface: gnssSvStatusCb: a: input svInfo.flags is 8
09-24 19:14:29.663 1796 2449 E GnssHAL_GnssInterface: gnssSvStatusCb: b: input svInfo.flags is 8
09-24 19:14:29.667 2041 2041 I TransportClient: BackupTransportService#1: Notifying [TransportManager.registerTransport()] transport = IBackupTransport
09-24 19:14:29.667 2041 2968 W Binder : Outgoing transactions from this process must be FLAG_ONEWAY
09-24 19:14:29.667 2041 2968 W Binder : java.lang.Throwable
09-24 19:14:29.667 2041 2968 W Binder : at android.os.BinderProxy.transact(BinderProxy.java:480)
09-24 19:14:29.667 2041 2968 W Binder : at com.android.internal.backup.IBackupTransport$Stub$Proxy.name(IBackupTransport.java:869)
09-24 19:14:29.667 2041 2968 W Binder : at com.android.server.backup.TransportManager.registerTransport(TransportManager.java:653)
09-24 19:14:29.667 2041 2968 W Binder : at com.android.server.backup.TransportManager.registerTransportsForIntent(TransportManager.java:588)
09-24 19:14:29.667 2041 2968 W Binder : at com.android.server.backup.TransportManager.registerTransports(TransportManager.java:558)
09-24 19:14:29.667 2041 2968 W Binder : at com.android.server.backup.-$$Lambda$pM_c5tVAGDtxjxLF_ONtACWWq6Q.run(Unknown Source:2)
09-24 19:14:29.667 2041 2968 W Binder : at android.os.Handler.handleCallback(Handler.java:883)
09-24 19:14:29.667 2041 2968 W Binder : at android.os.Handler.dispatchMessage(Handler.java:100)
09-24 19:14:29.667 2041 2968 W Binder : at android.os.Looper.loop(Looper.java:214)
09-24 19:14:29.667 2041 2968 W Binder : at android.os.HandlerThread.run(HandlerThread.java:67)
09-24 19:14:29.673 1779 1779 I netd : trafficSwapActiveStatsMap() <69.40ms>
09-24 19:14:29.675 1779 1779 I netd : tetherGetStats() <0.78ms>
09-24 19:14:29.682 2720 3331 I SP : Scheduling job with delay of 0s for {m:b, fg}, 1 candidates
09-24 19:14:29.685 2041 2156 D WifiNetworkAgent: NetworkAgent: Received signal strength thresholds: []
09-24 19:14:29.689 2041 2156 E WifiVendorHal: stopRssiMonitoring(l.2042) failed {.code = ERROR_NOT_AVAILABLE, .description = }
09-24 19:14:29.693 1779 1779 I netd : bandwidthRemoveInterfaceQuota("radio0") <0.89ms>
09-24 19:14:29.695 1779 1779 I netd : bandwidthSetInterfaceQuota("radio0", 9223372036854775807) <1.76ms>
09-24 19:14:29.698 1779 1779 I netd : bandwidthSetGlobalAlert(2097152) <0.10ms>
09-24 19:14:29.698 2720 2720 D NetworkSecurityConfig: No Network Security Config specified, using platform default
09-24 19:14:29.702 3948 4077 D ApplicationLoaders: Returning zygote-cached class loader: /system/framework/android.hidl.base-V1.0-java.jar
09-24 19:14:29.702 3948 4077 D ApplicationLoaders: Returning zygote-cached class loader: /system/framework/android.hidl.manager-V1.0-java.jar
09-24 19:14:29.702 3948 4077 D ApplicationLoaders: Returning zygote-cached class loader: /system/framework/android.hidl.base-V1.0-java.jar
09-24 19:14:29.703 3948 4077 I android.youtub: The ClassLoaderContext is a special shared library.
09-24 19:14:29.705 2720 2720 I SP : ====> Starting job {m:b, fg}
09-24 19:14:29.708 2465 2714 D TelephonyProvider: subIdString = 1 subId = 1
09-24 19:14:29.738 2401 4116 D NetworkMonitor/101: PROBE_DNS www.google.com 15ms OK 216.58.209.164
09-24 19:14:29.724 2041 2041 W Binder:2041_12: type=1400 audit(0.0:14): avc: denied { getopt } for scontext=u:r:system_server:s0 tcontext=u:r:shell:s0 tclass=unix_stream_socket permissive=0
09-24 19:14:29.724 2041 2041 W Binder:2041_12: type=1400 audit(0.0:15): avc: denied { getopt } for scontext=u:r:system_server:s0 tcontext=u:r:shell:s0 tclass=unix_stream_socket permissive=0
09-24 19:14:29.724 2041 2041 W Binder:2041_12: type=1400 audit(0.0:16): avc: denied { getopt } for scontext=u:r:system_server:s0 tcontext=u:r:shell:s0 tclass=unix_stream_socket permissive=0
09-24 19:14:29.756 2720 3331 I SP : Scheduling: download registered, 0 started, 0 paused, 1 scheduled, 1 pending: delight:main_en_us_20180802_1 * {m:b, fg}
09-24 19:14:29.756 4095 4095 I abb : StartCommandInProcess(7061636b61676500696e7374616c6c2d package.install- [truncated])
09-24 19:14:29.756 2401 4118 D NetworkMonitor/101: PROBE_DNS connectivitycheck.gstatic.com 16ms OK 216.58.210.163
09-24 19:14:29.763 1779 4121 E ResolverController: No valid NAT64 prefix (101, /0)
09-24 19:14:29.774 1779 4130 E ResolverController: No valid NAT64 prefix (101, /0)
09-24 19:14:29.792 2720 3331 I SP : Scheduling: job start ({m:b, fg}), 1 started, 0 paused, 0 scheduled, 1 pending: delight:main_en_us_20180802_1 @ * {m:b, fg}
09-24 19:14:29.793 2720 3331 I SP : Requesting download of URL https://www.gstatic.com/android/keyboard/dictionarypack/Wheelharp-normal/rm7hiq7n5yf--laimain_en_us_d3_20180802.dict to main_en_us_20180802_1.fst-decompress.fetched (constraints: m:b)
09-24 19:14:29.806 2401 4118 D NetworkMonitor/101: PROBE_HTTP http://connectivitycheck.gstatic.com/generate_204 time=47ms ret=204 request={Connection=[close], User-Agent=[Mozilla/5.0 (X11; Linux x86_64) AppleWebKit/537.36 (KHTML, like Gecko) Chrome/60.0.3112.32 Safari/537.36]} headers={null=[HTTP/1.1 204 No Content], Connection=[close], Content-Length=[0], Cross-Origin-Resource-Policy=[cross-origin], Date=[Tue, 24 Sep 2024 16:14:30 GMT], X-Android-Received-Millis=[1727194469806], X-Android-Response-Source=[NETWORK 204], X-Android-Selected-Protocol=[http/1.1], X-Android-Sent-Millis=[1727194469788]}
09-24 19:14:29.806 3816 3816 E DocsApplication: [main] No default account found during application creation.
09-24 19:14:29.809 2041 2338 I AudioService.RecordingActivityMonitor: rec update riid:31 uid:10104 session:9 src:HOTWORD pack:com.google.android.googlequicksearchbox
09-24 19:14:29.809 3345 3811 I MicrophoneInputStream: mic_started SR : 16000 CC : 16 SO : 1999
09-24 19:14:29.817 2780 2797 I s.nexuslaunche: NativeAlloc concurrent copying GC freed 6480(313KB) AllocSpace objects, 6(120KB) LOS objects, 49% free, 3107KB/6214KB, paused 24us total 146.316ms
09-24 19:14:29.822 2401 4116 D NetworkMonitor/101: PROBE_HTTPS https://www.google.com/generate_204 time=83ms ret=204 request={Connection=[close], User-Agent=[Mozilla/5.0 (X11; Linux x86_64) AppleWebKit/537.36 (KHTML, like Gecko) Chrome/60.0.3112.32 Safari/537.36]} headers={null=[HTTP/1.1 204 No Content], Alt-Svc=[h3=":443"; ma=2592000,h3-29=":443"; ma=2592000], Connection=[close], Content-Length=[0], Cross-Origin-Resource-Policy=[cross-origin], Date=[Tue, 24 Sep 2024 16:14:30 GMT], X-Android-Received-Millis=[1727194469822], X-Android-Response-Source=[NETWORK 204], X-Android-Selected-Protocol=[http/1.1], X-Android-Sent-Millis=[1727194469806]}
09-24 19:14:29.827 2401 4115 D NetworkMonitor/101: isCaptivePortal: isSuccessful()=true isPortal()=false RedirectUrl=null isPartialConnectivity()=false Time=135ms
09-24 19:14:29.828 2041 2159 D ConnectivityService: NetworkAgentInfo [WIFI () - 101] validation passed
09-24 19:14:29.828 2518 2544 I Backup : [GmsBackupAccountManager] Backup account not found in gmscore.
09-24 19:14:29.830 1779 1779 I netd : idletimerAddInterface("wlan0", 15, "1") <1.41ms>
09-24 19:14:29.831 1779 1779 I netd : idletimerRemoveInterface("radio0", 10, "0") <0.68ms>
