09-24 19:14:31.221 2201 3705 E aofp : at aofp.a(:com.google.android.gms@17786022@17.7.86 (040700-256199907):92)
09-24 19:14:31.221 2201 3705 E aofp : at aofp.a(:com.google.android.gms@17786022@17.7.86 (040700-256199907):79)
09-24 19:14:31.221 2201 3705 E aofp : at aale.run(:com.google.android.gms@17786022@17.7.86 (040700-256199907):19)
09-24 19:14:31.221 2201 3705 E aofp : at bkdz.run(:com.google.android.gms@17786022@17.7.86 (040700-256199907):2)
09-24 19:14:31.221 2201 3705 E aofp : at squ.b(:com.google.android.gms@17786022@17.7.86 (040700-256199907):37)
09-24 19:14:31.221 2201 3705 E aofp : at squ.run(:com.google.android.gms@17786022@17.7.86 (040700-256199907):18)
09-24 19:14:31.221 2201 3705 E aofp : at java.util.concurrent.ThreadPoolExecutor.runWorker(ThreadPoolExecutor.java:1167)
09-24 19:14:31.221 2201 3705 E aofp : at java.util.concurrent.ThreadPoolExecutor$Worker.run(ThreadPoolExecutor.java:641)
09-24 19:14:31.221 2201 3705 E aofp : at swz.run(Unknown Source:7)
09-24 19:14:31.221 2201 3705 E aofp : at java.lang.Thread.run(Thread.java:919)
09-24 19:14:31.222 2201 3705 E AsyncOperation: serviceID=51, operation=CommitToConfigurationOperationCall
09-24 19:14:31.222 2201 3705 E AsyncOperation: OperationException[Status{statusCode=unknown status code: 29503, resolution=null}]
09-24 19:14:31.222 2201 3705 E AsyncOperation: at aofp.a(:com.google.android.gms@17786022@17.7.86 (040700-256199907):100)
09-24 19:14:31.222 2201 3705 E AsyncOperation: at aofp.a(:com.google.android.gms@17786022@17.7.86 (040700-256199907):79)
09-24 19:14:31.222 2201 3705 E AsyncOperation: at aale.run(:com.google.android.gms@17786022@17.7.86 (040700-256199907):19)
09-24 19:14:31.222 2201 3705 E AsyncOperation: at bkdz.run(:com.google.android.gms@17786022@17.7.86 (040700-256199907):2)
09-24 19:14:31.222 2201 3705 E AsyncOperation: at squ.b(:com.google.android.gms@17786022@17.7.86 (040700-256199907):37)
09-24 19:14:31.222 2201 3705 E AsyncOperation: at squ.run(:com.google.android.gms@17786022@17.7.86 (040700-256199907):18)
09-24 19:14:31.222 2201 3705 E AsyncOperation: at java.util.concurrent.ThreadPoolExecutor.runWorker(ThreadPoolExecutor.java:1167)
09-24 19:14:31.222 2201 3705 E AsyncOperation: at java.util.concurrent.ThreadPoolExecutor$Worker.run(ThreadPoolExecutor.java:641)
09-24 19:14:31.222 2201 3705 E AsyncOperation: at swz.run(Unknown Source:7)
09-24 19:14:31.222 2201 3705 E AsyncOperation: at java.lang.Thread.run(Thread.java:919)
09-24 19:14:31.242 2041 2068 E system_server: No package ID 7f found for ID 0x7f080247.
09-24 19:14:31.242 2041 2068 E system_server: No package ID 7f found for ID 0x7f121165.
09-24 19:14:31.242 2041 2068 E system_server: No package ID 7f found for ID 0x7f080246.
09-24 19:14:31.242 2041 2068 E system_server: No package ID 7f found for ID 0x7f1204d9.
09-24 19:14:31.242 2041 2068 E system_server: No package ID 7f found for ID 0x7f080245.
09-24 19:14:31.242 2041 2068 E system_server: No package ID 7f found for ID 0x7f120ad2.
09-24 19:14:31.260 3948 4293 I android.youtub: Waiting for a blocking GC ClassLinker
09-24 19:14:31.266 4345 4345 E id.gms.unstabl: Not starting debugger since process cannot load the jdwp agent.
09-24 19:14:31.268 3284 3566 W ContextImpl: Failed to ensure /data/user/0/com.google.android.gms/shared_prefs: mkdir failed: EACCES (Permission denied)
09-24 19:14:31.298 4345 4345 D ApplicationLoaders: Returning zygote-cached class loader: /system/framework/android.hidl.base-V1.0-java.jar
09-24 19:14:31.298 4345 4345 D ApplicationLoaders: Returning zygote-cached class loader: /system/framework/android.hidl.manager-V1.0-java.jar
09-24 19:14:31.298 4345 4345 D ApplicationLoaders: Returning zygote-cached class loader: /system/framework/android.hidl.base-V1.0-java.jar
09-24 19:14:31.299 4345 4345 I id.gms.unstabl: The ClassLoaderContext is a special shared library.
09-24 19:14:31.301 4345 4345 I chatty : uid=10098 com.google.android.gms.unstable identical 2 lines
09-24 19:14:31.307 4345 4345 I id.gms.unstabl: The ClassLoaderContext is a special shared library.
09-24 19:14:31.342 2201 4170 I GCoreUlr: WorldUpdater received intent Intent { act=com.google.android.location.reporting.ACTION_UPDATE_WORLD cmp=com.google.android.gms/com.google.android.location.reporting.service.DispatchingService (has extras) } with receiverAction android.location.PROVIDERS_CHANGED
09-24 19:14:31.349 2201 4170 I GCoreUlr: WorldUpdater:android.location.PROVIDERS_CHANGED: Ensuring that reporting is stopped because of reasons: (no Google accounts)
09-24 19:14:31.350 2201 4170 I GCoreUlr: Unbound from all signal providers.
09-24 19:14:31.352 2201 3337 I GCoreUlr: Successfully accounts update
09-24 19:14:31.390 3284 3625 W android.vendin: Verification of void com.android.org.conscrypt.NativeSsl.interrupt() took 130.586ms
09-24 19:14:31.395 3948 4293 I android.youtub: WaitForGcToComplete blocked ClassLinker on ClassLinker for 135.522ms
09-24 19:14:31.457 2201 4327 E BluetoothAdapter: Bluetooth binder is null
09-24 19:14:31.458 2201 4327 I NearbyDiscovery: FastPairSlice: Slices disabled. [CONTEXT service_id=49 ]
09-24 19:14:31.458 2201 4327 E BluetoothAdapter: Bluetooth binder is null
09-24 19:14:31.458 2201 4327 I NearbyDiscovery: FastPairSlice: Slices disabled. [CONTEXT service_id=49 ]
09-24 19:14:31.459 2518 3860 I Icing : updateResources: need to parse acsi{com.google.android.gms}
09-24 19:14:31.470 4345 4345 W DynamiteModule: Local module descriptor class for providerinstaller not found.
09-24 19:14:31.475 2201 3779 W Settings: Setting airplane_mode_on has moved from android.provider.Settings.System to android.provider.Settings.Global, returning read-only value.
09-24 19:14:31.506 2201 4170 I GCoreUlr: DispatchingService ignoring Intent { act=android.net.wifi.WIFI_STATE_CHANGED flg=0x4000010 (has extras) } because ULR inactive
09-24 19:14:31.513 4345 4345 W ProviderHelper: Unknown dynamite feature providerinstaller
09-24 19:14:31.517 2518 2670 I ChimeraCfgMgr: Sending com.google.android.chimera.IntentOperation.NEW_MODULE Intents: 2,true,true
09-24 19:14:31.528 4345 4345 I DynamiteModule: Considering local module providerinstaller:0 and remote module providerinstaller:0
09-24 19:14:31.528 4345 4345 W ProviderInstaller: Failed to load providerinstaller module: No acceptable module found. Local version is 0 and remote version is 0.
09-24 19:14:31.533 4345 4345 V NativeCrypto: Registering com/google/android/gms/org/conscrypt/NativeCrypto's 284 native methods...
09-24 19:14:31.554 4345 4345 D NetworkSecurityConfig: Using Network Security Config from resource network_security_config debugBuild: false
09-24 19:14:31.555 4345 4345 I ProviderInstaller: Installed default security provider GmsCore_OpenSSL
09-24 19:14:31.566 2041 2041 V SettingsProvider: Notifying for 0: content://settings/secure/input_methods_subtype_history
09-24 19:14:31.664 1796 2449 E GnssHAL_GnssInterface: gnssSvStatusCb: a: input svInfo.flags is 8
09-24 19:14:31.664 1796 2449 E GnssHAL_GnssInterface: gnssSvStatusCb: b: input svInfo.flags is 8
09-24 19:14:31.692 2201 2704 E ctxmgr : [NetworkUtil] No active synchronizable contexts. [CONTEXT service_id=47 ]
09-24 19:14:31.726 4345 4395 I NativeLibraryUtils: Extraction to /data/user_de/0/com.google.android.gms/app_extracted_libs/x86/libAppDataSearch.so false
09-24 19:14:31.727 2041 2068 I RoleUserState: Wrote roles.xml successfully
09-24 19:14:31.735 4345 4395 I NativeLibraryUtils: Extraction to /data/user_de/0/com.google.android.gms/app_extracted_libs/x86/libWhisper.so false
09-24 19:14:31.740 2201 2219 I .gms.persisten: Background young concurrent copying GC freed 39569(2751KB) AllocSpace objects, 16(832KB) LOS objects, 37% free, 5224KB/8388KB, paused 19us total 210.124ms
09-24 19:14:31.744 2201 2201 I GCoreUlr: Unbound from all signal providers.
09-24 19:14:31.744 2201 2201 I GCoreUlr: Stopping handler for UlrDispSvcFast
09-24 19:14:31.744 2201 2678 I GCoreUlr: Successfully accounts update
09-24 19:14:31.745 4345 4345 W Primes : Primes not initialized, returning default (no-op) Primes instance which will ignore all calls. Please call Primes.initialize(...) before using any Primes API.
09-24 19:14:31.754 4345 4395 I NativeLibraryUtils: Extraction to /data/user_de/0/com.google.android.gms/app_extracted_libs/x86/libconscrypt_gmscore_jni.so false
09-24 19:14:31.776 4345 4395 I NativeLibraryUtils: Extraction to /data/user_de/0/com.google.android.gms/app_extracted_libs/x86/libgcastv2_base.so false
09-24 19:14:31.779 2201 3918 W Conscrypt: Could not set socket write timeout: java.net.SocketException: Socket closed
09-24 19:14:31.779 2201 3918 W Conscrypt: at com.google.android.gms.org.conscrypt.Platform.setSocketWriteTimeout(:com.google.android.gms@17786022@17.7.86 (040700-256199907):2)
09-24 19:14:31.780 2201 3918 W Conscrypt: at com.google.android.gms.org.conscrypt.ConscryptFileDescriptorSocket.setSoWriteTimeout(:com.google.android.gms@17786022@17.7.86 (040700-256199907):2)
09-24 19:14:31.794 4345 4395 I NativeLibraryUtils: Extraction to /data/user_de/0/com.google.android.gms/app_extracted_libs/x86/libgcastv2_support.so false
09-24 19:14:31.803 3188 4024 E SQLiteLog: (1) no such table: audio_genres
09-24 19:14:31.825 4345 4395 I NativeLibraryUtils: Extraction to /data/user_de/0/com.google.android.gms/app_extracted_libs/x86/libgmscore.so false
09-24 19:14:31.831 2201 2704 E GmsRequestQueue: Tried to stop global GMSCore RequestQueue. This is likely unintended, so ignoring.
09-24 19:14:31.842 4345 4395 I NativeLibraryUtils: Extraction to /data/user_de/0/com.google.android.gms/app_extracted_libs/x86/libgoogle-ocrclient-v3.so false
09-24 19:14:31.864 2518 2532 I gle.android.gm: Background young concurrent copying GC freed 38390(2783KB) AllocSpace objects, 20(1040KB) LOS objects, 8% free, 5268KB/5777KB, paused 19.971ms total 450.655ms
09-24 19:14:31.871 4345 4395 I NativeLibraryUtils: Extraction to /data/user_de/0/com.google.android.gms/app_extracted_libs/x86/libinertial-anchor-jni.so false
09-24 19:14:31.877 4345 4395 I NativeLibraryUtils: Extraction to /data/user_de/0/com.google.android.gms/app_extracted_libs/x86/libjgcastservice.so false
09-24 19:14:31.935 3345 3463 I EngineIdGenerator: Refusing EXCLUSIVE task NOW_UPDATE_GCM_REGISTRATION, it is already pending. Try again in 7497 seconds.
09-24 19:14:31.939 3345 3345 I BgTaskExecutorImpl: Starting NONEXCLUSIVE background task SMARTSPACE_UPDATE.
09-24 19:14:31.940 3345 3569 I EngineIdGenerator: Refusing EXCLUSIVE task SMARTSPACE_UPDATE, it is already pending. Try again in 3383 seconds.
09-24 19:14:31.947 3345 3527 W VelvetNetworkClient: Cannot connect to server without account
09-24 19:14:31.993 2201 3918 W Conscrypt: Could not set socket write timeout: java.net.SocketException: Socket closed
09-24 19:14:31.996 4345 4395 I NativeLibraryUtils: Extraction to /data/user_de/0/com.google.android.gms/app_extracted_libs/x86/libjingle_peerconnection_so.so false
09-24 19:14:31.997 2201 3918 W Conscrypt: at com.google.android.gms.org.conscrypt.Platform.setSocketWriteTimeout(:com.google.android.gms@17786022@17.7.86 (040700-256199907):2)
09-24 19:14:31.997 2201 3918 W Conscrypt: at com.google.android.gms.org.conscrypt.ConscryptFileDescriptorSocket.setSoWriteTimeout(:com.google.android.gms@17786022@17.7.86 (040700-256199907):2)
09-24 19:14:32.000 2201 4415 W Conscrypt: Could not set socket write timeout: java.net.SocketException: Socket closed
09-24 19:14:32.004 2201 4415 W Conscrypt: at com.google.android.gms.org.conscrypt.Platform.setSocketWriteTimeout(:com.google.android.gms@17786022@17.7.86 (040700-256199907):2)
09-24 19:14:32.004 2201 4415 W Conscrypt: at com.google.android.gms.org.conscrypt.ConscryptFileDescriptorSocket.setSoWriteTimeout(:com.google.android.gms@17786022@17.7.86 (040700-256199907):2)
09-24 19:14:32.010 2518 2946 E MagicTether: [MagicTetherInitializer] Invalid account list.
09-24 19:14:32.029 4345 4395 I NativeLibraryUtils: Extraction to /data/user_de/0/com.google.android.gms/app_extracted_libs/x86/libleveldbjni.so false
09-24 19:14:32.036 2041 3593 I WifiService: acquireWifiLock uid=10098 lockMode=2
09-24 19:14:32.053 4345 4395 I NativeLibraryUtils: Extraction to /data/user_de/0/com.google.android.gms/app_extracted_libs/x86/libsslwrapper_jni.so false
09-24 19:14:32.059 4345 4395 I NativeLibraryUtils: Extraction to /data/user_de/0/com.google.android.gms/app_extracted_libs/x86/libvcdiffjni.so false
09-24 19:14:32.023 2041 2068 I RoleUserState: Wrote roles.xml successfully
09-24 19:14:32.066 2041 3439 W AppOps : Noting op not finished: uid 10098 pkg com.google.android.gms code 79 time=1727194470464 duration=0
09-24 19:14:32.067 2041 3439 W AppOps : Noting op not finished: uid 10098 pkg com.google.android.gms code 79 time=1727194472066 duration=0
09-24 19:14:32.075 1780 1780 D Zygote : Forked child process 4433
09-24 19:14:32.076 2041 2072 I ActivityManager: Start proc 4433:com.google.android.gms.ui/u0a98 for service {com.google.android.gms/com.google.android.gms.chimera.UiIntentOperationService}
09-24 19:14:32.084 4345 4395 I NativeLibraryUtils: Extraction to /data/user_de/0/com.google.android.gms/app_extracted_libs/x86/libwearable-selector.so false
09-24 19:14:32.088 4433 4433 W .android.gms.u: Unexpected CPU variant for X86 using defaults: x86
09-24 19:14:32.093 4433 4433 E .android.gms.u: Not starting debugger since process cannot load the jdwp agent.
09-24 19:14:32.113 2201 4415 W Conscrypt: Could not set socket write timeout: java.net.SocketException: Socket closed
09-24 19:14:32.113 2201 4415 W Conscrypt: at com.google.android.gms.org.conscrypt.Platform.setSocketWriteTimeout(:com.google.android.gms@17786022@17.7.86 (040700-256199907):2)
09-24 19:14:32.113 2201 4415 W Conscrypt: at com.google.android.gms.org.conscrypt.ConscryptFileDescriptorSocket.setSoWriteTimeout(:com.google.android.gms@17786022@17.7.86 (040700-256199907):2)
09-24 19:14:32.129 3345 3360 I earchbox:searc: Background concurrent copying GC freed 132443(5624KB) AllocSpace objects, 18(424KB) LOS objects, 49% free, 6360KB/12MB, paused 17us total 172.071ms
09-24 19:14:32.142 4433 4433 D ApplicationLoaders: Returning zygote-cached class loader: /system/framework/android.hidl.base-V1.0-java.jar
09-24 19:14:32.142 4433 4433 D ApplicationLoaders: Returning zygote-cached class loader: /system/framework/android.hidl.manager-V1.0-java.jar
09-24 19:14:32.142 4433 4433 D ApplicationLoaders: Returning zygote-cached class loader: /system/framework/android.hidl.base-V1.0-java.jar
09-24 19:14:32.143 4433 4433 I .android.gms.u: The ClassLoaderContext is a special shared library.
09-24 19:14:32.144 2201 2678 E GCM : Missing checkin config file
09-24 19:14:32.144 4433 4433 I .android.gms.u: The ClassLoaderContext is a special shared library.
09-24 19:14:32.163 2201 4424 E GCM : Missing checkin config file
09-24 19:14:32.165 4433 4433 I .android.gms.u: The ClassLoaderContext is a special shared library.
09-24 19:14:32.175 4433 4433 I .android.gms.u: The ClassLoaderContext is a special shared library.
09-24 19:14:32.205 2780 2797 I s.nexuslaunche: NativeAlloc concurrent copying GC freed 12691(815KB) AllocSpace objects, 21(1248KB) LOS objects, 49% free, 3386KB/6772KB, paused 12us total 103.549ms
09-24 19:14:32.230 2201 2678 W GCM : GCM FAILED TO INITIALIZE - missing checkin
09-24 19:14:32.230 2201 4424 W GCM : GCM FAILED TO INITIALIZE - missing checkin
09-24 19:14:32.232 3948 4226 E FirebaseInstanceId: Token retrieval failed: AUTHENTICATION_FAILED
09-24 19:14:32.249 4433 4433 W DynamiteModule: Local module descriptor class for providerinstaller not found.
09-24 19:14:32.250 4433 4433 W ProviderHelper: Unknown dynamite feature providerinstaller
09-24 19:14:32.257 4433 4433 I DynamiteModule: Considering local module providerinstaller:0 and remote module providerinstaller:0
09-24 19:14:32.258 4433 4433 W ProviderInstaller: Failed to load providerinstaller module: No acceptable module found. Local version is 0 and remote version is 0.
09-24 19:14:32.284 4433 4433 V NativeCrypto: Registering com/google/android/gms/org/conscrypt/NativeCrypto's 284 native methods...
09-24 19:14:32.289 4433 4433 D NetworkSecurityConfig: Using Network Security Config from resource network_security_config debugBuild: false
09-24 19:14:32.290 4433 4433 I ProviderInstaller: Installed default security provider GmsCore_OpenSSL
09-24 19:14:32.304 2201 4424 E GCM : Missing checkin config file
09-24 19:14:32.305 2201 4424 W GCM : GCM FAILED TO INITIALIZE - missing checkin
09-24 19:14:32.335 2201 2704 W ctxmgr : [AclManager] No 3 for (accnt=account#-517948760#, com.google.android.gms(10098):UserVelocityProducer, vrsn=17786022, 0, 3pPkg = null , 3pMdlId = null , pid = 2201). Was: 3 for 1, account#-517948760# [CONTEXT service_id=47 ]
09-24 19:14:32.368 4345 4367 D libEGL : Emulator has host GPU support, qemu.gles is set to 1.
09-24 19:14:32.369 2518 2532 I gle.android.gm: Background concurrent copying GC freed 34902(2606KB) AllocSpace objects, 5(380KB) LOS objects, 39% free, 9454KB/15MB, paused 26us total 504.367ms
09-24 19:14:32.369 2518 2534 W System : A resource failed to call end.
09-24 19:14:32.378 4345 4367 W libc : Unable to set property "qemu.gles" to "1": connection failed; errno=13 (Permission denied)
09-24 19:14:32.380 4345 4367 D libEGL : loaded /vendor/lib/egl/libEGL_emulation.so
09-24 19:14:32.381 4345 4367 D libEGL : loaded /vendor/lib/egl/libGLESv1_CM_emulation.so
09-24 19:14:32.392 4345 4367 D libEGL : loaded /vendor/lib/egl/libGLESv2_emulation.so
09-24 19:14:32.415 3188 4024 E SQLiteLog: (1) no such table: audio_genres
09-24 19:14:32.422 4345 4367 D HostConnection: HostConnection::get() New Host Connection established 0xe0959300, tid 4367
09-24 19:14:32.425 4345 4367 D HostConnection: HostComposition ext ANDROID_EMU_CHECKSUM_HELPER_v1 ANDROID_EMU_dma_v1 ANDROID_EMU_direct_mem ANDROID_EMU_host_composition_v1 ANDROID_EMU_host_composition_v2 ANDROID_EMU_YUV420_888_to_NV21 ANDROID_EMU_YUV_Cache ANDROID_EMU_sync_buffer_data GL_OES_EGL_image_external_essl3 GL_OES_vertex_array_object ANDROID_EMU_host_side_tracing ANDROID_EMU_gles_max_version_3_0
09-24 19:14:32.428 4345 4367 D eglCodecCommon: setVertexArrayObject: set vao to 0 (0) 0 0
09-24 19:14:32.428 4345 4367 D EGL_emulation: eglCreateContext: 0xec079660: maj 3 min 0 rcv 3
09-24 19:14:32.428 4345 4367 D EGL_emulation: eglMakeCurrent: 0xec079660: ver 3 0 (tinfo 0xe0a11430)
09-24 19:14:32.430 3188 4024 E SQLiteDatabase: Error inserting title_key=*L.PRLRN instance_id=null duration=1000 is_ringtone=0 album_artist=null orientation=null format=47362 height=null is_drm=0 bucket_display_name=notifications is_audiobook=0 parent=125 volume_name=internal title_resource_uri=null date_modified=1230768000 composer=null _display_name=Arcturus.ogg datetaken=null mime_type=audio/ogg is_notification=1 year=null _data=/system/product/media/audio/notifications/Arcturus.ogg _size=7933 is_alarm=0 title=Arcturus track=null width=null is_music=0 group_id=-1704871587 document_id=null artist_id=6 date_added=1727194472 is_podcast=0 album_id=3 original_document_id=null bucket_id=2129819635 media_type=2 relative_path=null
09-24 19:14:32.430 3188 4024 E SQLiteDatabase: android.database.sqlite.SQLiteConstraintException: UNIQUE constraint failed: files._data (code 2067 SQLITE_CONSTRAINT_UNIQUE)
09-24 19:14:32.430 3188 4024 E SQLiteDatabase: at android.database.sqlite.SQLiteConnection.nativeExecuteForLastInsertedRowId(Native Method)
09-24 19:14:32.430 3188 4024 E SQLiteDatabase: at android.database.sqlite.SQLiteConnection.executeForLastInsertedRowId(SQLiteConnection.java:879)
09-24 19:14:32.430 3188 4024 E SQLiteDatabase: at android.database.sqlite.SQLiteSession.executeForLastInsertedRowId(SQLiteSession.java:790)
09-24 19:14:32.430 3188 4024 E SQLiteDatabase: at android.database.sqlite.SQLiteStatement.executeInsert(SQLiteStatement.java:88)
09-24 19:14:32.430 3188 4024 E SQLiteDatabase: at android.database.sqlite.SQLiteDatabase.insertWithOnConflict(SQLiteDatabase.java:1599)
09-24 19:14:32.430 3188 4024 E SQLiteDatabase: at android.database.sqlite.SQLiteDatabase.insert(SQLiteDatabase.java:1468)
09-24 19:14:32.430 3188 4024 E SQLiteDatabase: at com.android.providers.media.MediaProvider.insertFile(MediaProvider.java:2713)
09-24 19:14:32.430 3188 4024 E SQLiteDatabase: at com.android.providers.media.MediaProvider.insertInternal(MediaProvider.java:3076)
09-24 19:14:32.430 3188 4024 E SQLiteDatabase: at com.android.providers.media.MediaProvider.insert(MediaProvider.java:2903)
09-24 19:14:32.430 3188 4024 E SQLiteDatabase: at android.content.ContentProviderOperation.applyInternal(ContentProviderOperation.java:321)
09-24 19:14:32.430 3188 4024 E SQLiteDatabase: at android.content.ContentProviderOperation.apply(ContentProviderOperation.java:304)
09-24 19:14:32.430 3188 4024 E SQLiteDatabase: at android.content.ContentProvider.applyBatch(ContentProvider.java:2126)
09-24 19:14:32.430 3188 4024 E SQLiteDatabase: at com.android.providers.media.MediaProvider.applyBatch(MediaProvider.java:3302)
09-24 19:14:32.430 3188 4024 E SQLiteDatabase: at android.content.ContentProvider.applyBatch(ContentProvider.java:2117)
09-24 19:14:32.430 3188 4024 E SQLiteDatabase: at android.content.ContentResolver.applyBatch(ContentResolver.java:1865)
09-24 19:14:32.430 3188 4024 E SQLiteDatabase: at com.android.providers.media.scan.ModernMediaScanner$Scan.applyPending(ModernMediaScanner.java:439)
09-24 19:14:32.430 3188 4024 E SQLiteDatabase: at com.android.providers.media.scan.ModernMediaScanner$Scan.maybeApplyPending(ModernMediaScanner.java:432)
09-24 19:14:32.430 3188 4024 E SQLiteDatabase: at com.android.providers.media.scan.ModernMediaScanner$Scan.visitFile(ModernMediaScanner.java:412)
09-24 19:14:32.430 3188 4024 E SQLiteDatabase: at com.android.providers.media.scan.ModernMediaScanner$Scan.visitFile(ModernMediaScanner.java:207)
09-24 19:14:32.430 3188 4024 E SQLiteDatabase: at java.nio.file.Files.walkFileTree(Files.java:2670)
09-24 19:14:32.430 3188 4024 E SQLiteDatabase: at java.nio.file.Files.walkFileTree(Files.java:2742)
09-24 19:14:32.430 3188 4024 E SQLiteDatabase: at com.android.providers.media.scan.ModernMediaScanner$Scan.walkFileTree(ModernMediaScanner.java:267)
09-24 19:14:32.430 3188 4024 E SQLiteDatabase: at com.android.providers.media.scan.ModernMediaScanner$Scan.run(ModernMediaScanner.java:245)
09-24 19:14:32.430 3188 4024 E SQLiteDatabase: at com.android.providers.media.scan.ModernMediaScanner.scanDirectory(ModernMediaScanner.java:166)
09-24 19:14:32.430 3188 4024 E SQLiteDatabase: at com.android.providers.media.MediaService.onScanVolume(MediaService.java:150)
09-24 19:14:32.430 3188 4024 E SQLiteDatabase: at com.android.providers.media.MediaService.onScanVolume(MediaService.java:131)
09-24 19:14:32.430 3188 4024 E SQLiteDatabase: at com.android.providers.media.MediaService.onHandleIntent(MediaService.java:86)
09-24 19:14:32.430 3188 4024 E SQLiteDatabase: at android.app.IntentService$ServiceHandler.handleMessage(IntentService.java:78)
09-24 19:14:32.430 3188 4024 E SQLiteDatabase: at android.os.Handler.dispatchMessage(Handler.java:107)
09-24 19:14:32.430 3188 4024 E SQLiteDatabase: at android.os.Looper.loop(Looper.java:214)
09-24 19:14:32.430 3188 4024 E SQLiteDatabase: at android.os.HandlerThread.run(HandlerThread.java:67)
09-24 19:14:32.439 2201 4041 I MagicTether: [HostValidator] InvalidHost. MobileData: true, Tethering: false, whitelist: false, ble: false
09-24 19:14:32.446 2518 2670 I Auth : [WorkAccount] update authenticator enabled for boot or update
09-24 19:14:32.493 2201 3403 W GCoreFlp: No location to return for getLastLocation()
09-24 19:14:32.354 4345 4345 W Binder:4345_3: type=1400 audit(0.0:25): avc: denied { write } for name="property_service" dev="tmpfs" ino=7739 scontext=u:r:priv_app:s0:c512,c768 tcontext=u:object_r:property_socket:s0 tclass=sock_file permissive=0
09-24 19:14:32.509 4433 4467 I NativeLibraryUtils: Extraction to /data/user_de/0/com.google.android.gms/app_extracted_libs/x86/libAppDataSearch.so false
09-24 19:14:32.513 4433 4433 W Primes : Primes not initialized, returning default (no-op) Primes instance which will ignore all calls. Please call Primes.initialize(...) before using any Primes API.
09-24 19:14:32.531 4433 4467 I NativeLibraryUtils: Extraction to /data/user_de/0/com.google.android.gms/app_extracted_libs/x86/libWhisper.so false
09-24 19:14:32.541 2041 3439 W BroadcastQueue: Background execution not allowed: receiving Intent { act=android.intent.action.DROPBOX_ENTRY_ADDED flg=0x10 (has extras) } to com.google.android.gms/.stats.service.DropBoxEntryAddedReceiver
09-24 19:14:32.541 2041 2071 W BroadcastQueue: Background execution not allowed: receiving Intent { act=android.intent.action.DROPBOX_ENTRY_ADDED flg=0x10 (has extras) } to com.google.android.gms/.chimera.GmsIntentOperationService$PersistentTrustedReceiver
09-24 19:14:32.542 2201 4424 E WakeLock: GCM_HB_ALARM release without a matched acquire!
09-24 19:14:32.542 2201 4424 W WakeLock: GCM_HB_ALARM counter does not exist
09-24 19:14:32.544 4433 4467 I NativeLibraryUtils: Extraction to /data/user_de/0/com.google.android.gms/app_extracted_libs/x86/libconscrypt_gmscore_jni.so false
09-24 19:14:32.546 3893 4258 I SQLiteConnection: /data/user/0/com.google.android.apps.photos/databases/gphotos-1.db-wal 1120672 bytes: Bigger than 1048576; truncating
09-24 19:14:32.558 4433 4467 I NativeLibraryUtils: Extraction to /data/user_de/0/com.google.android.gms/app_extracted_libs/x86/libgcastv2_base.so false
09-24 19:14:32.562 2201 2201 W ChimeraUtils: Non Chimera context
09-24 19:14:32.562 2201 2201 W ChimeraUtils: Non Chimera context
09-24 19:14:32.565 4433 4467 I NativeLibraryUtils: Extraction to /data/user_de/0/com.google.android.gms/app_extracted_libs/x86/libgcastv2_support.so false
09-24 19:14:32.565 2201 2219 I .gms.persisten: Background concurrent copying GC freed 59167(3396KB) AllocSpace objects, 12(496KB) LOS objects, 49% free, 6058KB/11MB, paused 45.284ms total 379.230ms
09-24 19:14:32.568 4433 4467 I NativeLibraryUtils: Extraction to /data/user_de/0/com.google.android.gms/app_extracted_libs/x86/libgmscore.so false
09-24 19:14:32.573 2201 4474 I Auth : [Change,AccountsChange] First snapshot
09-24 19:14:32.576 2201 4474 W WakefulBroadcastReceiv.: No active wake lock id #3
09-24 19:14:32.599 4433 4467 I NativeLibraryUtils: Extraction to /data/user_de/0/com.google.android.gms/app_extracted_libs/x86/libgoogle-ocrclient-v3.so false
09-24 19:14:32.609 2518 4016 I FontsSharedState: Updating from directory version 0 to 14 from disk
09-24 19:14:32.618 4196 4196 I CalendarUpgradeReceiver: Creating or opening calendar database
09-24 19:14:32.620 2041 3279 I PreBootBroadcaster: Pre-boot of {com.android.providers.contacts/com.android.providers.contacts.ContactsUpgradeReceiver} for user 0
09-24 19:14:32.623 4433 4467 I NativeLibraryUtils: Extraction to /data/user_de/0/com.google.android.gms/app_extracted_libs/x86/libinertial-anchor-jni.so false
09-24 19:14:32.626 2201 3047 I Auth : [WorkAccountServiceImpl] init work authenticator
09-24 19:14:32.637 4433 4467 I NativeLibraryUtils: Extraction to /data/user_de/0/com.google.android.gms/app_extracted_libs/x86/libjgcastservice.so false
09-24 19:14:32.643 3284 3625 D Volley : [200] bgs.a: HTTP response for request=<[ ] https://android.clients.google.com/fdfe/deviceSettings 0xe8d195d1 NORMAL 1> [lifetime=3107], [size=1580], [rc=404], [retryCount=0]
09-24 19:14:32.649 3284 3625 E Volley : [200] bgs.a: Unexpected response code 404 for https://android.clients.google.com/fdfe/deviceSettings
09-24 19:14:32.653 2518 4016 W Conscrypt: Could not set socket write timeout: java.net.SocketException: Socket closed
09-24 19:14:32.653 2518 4016 W Conscrypt: at com.google.android.gms.org.conscrypt.Platform.setSocketWriteTimeout(:com.google.android.gms@17786022@17.7.86 (040700-256199907):2)
09-24 19:14:32.653 2518 4016 W Conscrypt: at com.google.android.gms.org.conscrypt.ConscryptFileDescriptorSocket.setSoWriteTimeout(:com.google.android.gms@17786022@17.7.86 (040700-256199907):2)
09-24 19:14:32.655 3284 3625 W Finsky : [200] cxp.a(9): IOException while manually unzipping request.
09-24 19:14:32.656 3284 3554 E Finsky : [188] hgw.a(8): Error getting device settings.
09-24 19:14:32.656 3284 3554 E Finsky : network time: 3159, HTTP status code: na, exception com.android.volley.ClientError
09-24 19:14:32.656 3284 3554 E Finsky : at ncp.a(Unknown Source:4)
09-24 19:14:32.656 3284 3554 E Finsky : at bfx.b(SourceFile:2)
09-24 19:14:32.656 3284 3554 E Finsky : at cwr.b(SourceFile:6)
09-24 19:14:32.656 3284 3554 E Finsky : at bfr.run(SourceFile:6)
09-24 19:14:32.656 3284 3554 E Finsky : at android.os.Handler.handleCallback(Handler.java:883)
09-24 19:14:32.656 3284 3554 E Finsky : at android.os.Handler.dispatchMessage(Handler.java:100)
09-24 19:14:32.656 3284 3554 E Finsky : at android.os.Looper.loop(Looper.java:214)
09-24 19:14:32.656 3284 3554 E Finsky : at android.app.ActivityThread.main(ActivityThread.java:7356)
09-24 19:14:32.656 3284 3554 E Finsky : at java.lang.reflect.Method.invoke(Native Method)
09-24 19:14:32.656 3284 3554 E Finsky : at com.android.internal.os.RuntimeInit$MethodAndArgsCaller.run(RuntimeInit.java:492)
09-24 19:14:32.656 3284 3554 E Finsky : at com.android.internal.os.ZygoteInit.main(ZygoteInit.java:930)
09-24 19:14:32.656 3284 3553 E Finsky : [187] hgp.a(1): Error while refreshing device settings: network time: 3159, HTTP status code: na, exception com.android.volley.ClientError. Retrying.
09-24 19:14:32.656 3284 3553 E Finsky : network time: 3159, HTTP status code: na, exception com.android.volley.ClientError
09-24 19:14:32.656 3284 3553 E Finsky : at ncp.a(Unknown Source:4)
09-24 19:14:32.656 3284 3553 E Finsky : at bfx.b(SourceFile:2)
09-24 19:14:32.656 3284 3553 E Finsky : at cwr.b(SourceFile:6)
09-24 19:14:32.656 3284 3553 E Finsky : at bfr.run(SourceFile:6)
09-24 19:14:32.656 3284 3553 E Finsky : at android.os.Handler.handleCallback(Handler.java:883)
09-24 19:14:32.656 3284 3553 E Finsky : at android.os.Handler.dispatchMessage(Handler.java:100)
09-24 19:14:32.656 3284 3553 E Finsky : at android.os.Looper.loop(Looper.java:214)
09-24 19:14:32.656 3284 3553 E Finsky : at android.app.ActivityThread.main(ActivityThread.java:7356)
09-24 19:14:32.656 3284 3553 E Finsky : at java.lang.reflect.Method.invoke(Native Method)
09-24 19:14:32.656 3284 3553 E Finsky : at com.android.internal.os.RuntimeInit$MethodAndArgsCaller.run(RuntimeInit.java:492)
09-24 19:14:32.656 3284 3553 E Finsky : at com.android.internal.os.ZygoteInit.main(ZygoteInit.java:930)
09-24 19:14:32.664 2201 3985 I GCoreUlr: Starting service, intent=Intent { act=com.google.android.location.reporting.ACTION_UPDATE_WORLD cmp=com.google.android.gms/com.google.android.location.reporting.service.DispatchingService (has extras) }, extras=Bundle[{receiverAction=com.google.android.location.internal.server.ACTION_RESTARTED}]
09-24 19:14:32.664 1796 2449 E GnssHAL_GnssInterface: gnssSvStatusCb: a: input svInfo.flags is 8
09-24 19:14:32.664 1796 2449 E GnssHAL_GnssInterface: gnssSvStatusCb: b: input svInfo.flags is 8
09-24 19:14:32.685 4433 4467 I NativeLibraryUtils: Extraction to /data/user_de/0/com.google.android.gms/app_extracted_libs/x86/libjingle_peerconnection_so.so false
09-24 19:14:32.689 2201 2201 E BluetoothAdapter: Bluetooth binder is null
09-24 19:14:32.690 3284 3553 I Finsky : [187] pxa.a(9): jobFinished: 31-305419896. TimeElapsed: 3375ms
09-24 19:14:32.694 2201 3047 I Auth : [WorkAccountServiceImpl] updating authenticator enabled state to: false
09-24 19:14:32.700 4433 4467 I NativeLibraryUtils: Extraction to /data/user_de/0/com.google.android.gms/app_extracted_libs/x86/libleveldbjni.so false
09-24 19:14:32.705 2201 2678 I GCoreUlr: WorldUpdater received intent Intent { act=com.google.android.location.reporting.ACTION_UPDATE_WORLD cmp=com.google.android.gms/com.google.android.location.reporting.service.DispatchingService (has extras) } with receiverAction com.google.android.location.internal.server.ACTION_RESTARTED
09-24 19:14:32.715 3284 3284 I Finsky : [2] pvm.c(3): Job 31-305419896 finished
09-24 19:14:32.716 3284 3284 I Finsky : [2] pvp.handleMessage(84): RunningQueue size: 0, PendingQueue size: 0
09-24 19:14:32.716 3284 3284 I Finsky : [2] pvp.handleMessage(27): Executor finished
09-24 19:14:32.716 4433 4467 I NativeLibraryUtils: Extraction to /data/user_de/0/com.google.android.gms/app_extracted_libs/x86/libsslwrapper_jni.so false
09-24 19:14:32.719 2041 2203 I ActivityManager: Killing 2742:com.android.cellbroadcastreceiver/u0a57 (adj 985): empty #17
09-24 19:14:32.727 3284 3284 I Finsky : [2] pxd.b(7): Jobs in database: 31-305419896
09-24 19:14:32.733 2518 4388 I Icing : IndexChimeraService.getServiceInterface callingPackage=com.google.android.gms componentName=AppsCorpus serviceId=32
09-24 19:14:32.735 2201 2678 I GCoreUlr: WorldUpdater:com.google.android.location.internal.server.ACTION_RESTARTED: Ensuring that reporting is stopped because of reasons: (no Google accounts)
09-24 19:14:32.738 2518 4510 I Icing : IndexChimeraService.getServiceInterface callingPackage=com.google.android.gms componentName=AppsCorpus serviceId=36
09-24 19:14:32.740 3284 3284 I Finsky : [2] puk.a(113): ConstraintMapping: 31-305419896, -> L: 977ms, D: 82799977ms, C: false, I: false, N: 1
09-24 19:14:32.740 4433 4467 I NativeLibraryUtils: Extraction to /data/user_de/0/com.google.android.gms/app_extracted_libs/x86/libvcdiffjni.so false
09-24 19:14:32.741 3284 3284 I Finsky : [2] com.google.android.finsky.scheduler.JobSchedulerEngine.a(14): Throttling wakeup for job 9001 (expected to run in 977 ms) due to recent wakeup
09-24 19:14:32.742 3284 3284 I Finsky : [2] com.google.android.finsky.scheduler.JobSchedulerEngine.a(4): Scheduling job Id: 9001, L: 30000, D: 82799977, C: false, I: false, N: 1
09-24 19:14:32.745 2041 2203 W BroadcastQueue: Background execution not allowed: receiving Intent { act=android.net.conn.NETWORK_CONDITIONS_MEASURED flg=0x10 (has extras) } to com.google.android.gms/.chimera.GmsIntentOperationService$PersistentTrustedReceiver
09-24 19:14:32.753 2041 2354 W BroadcastQueue: Background execution not allowed: receiving Intent { act=com.google.android.gms.location.reporting.SETTINGS_CHANGED flg=0x10 } to com.google.android.apps.maps/com.google.android.apps.gmm.transit.TransitStationBroadcastReceiver
09-24 19:14:32.753 2041 2071 W BroadcastQueue: Background execution not allowed: receiving Intent { act=com.google.android.gms.location.reporting.SETTINGS_CHANGED flg=0x10 } to com.google.android.gms/.chimera.GmsIntentOperationService$PersistentInternalReceiver
09-24 19:14:32.753 2041 2071 W BroadcastQueue: Background execution not allowed: receiving Intent { act=com.google.android.gms.location.reporting.SETTINGS_CHANGED flg=0x10 } to com.google.android.googlequicksearchbox/com.google.android.apps.gsa.search.core.udc.UdcSettingBroadcastReceiver
09-24 19:14:32.756 2201 2678 I GCoreUlr: Unbound from all signal providers.
09-24 19:14:32.756 2201 4171 I GCoreUlr: Successfully accounts update
09-24 19:14:32.764 4433 4467 I NativeLibraryUtils: Extraction to /data/user_de/0/com.google.android.gms/app_extracted_libs/x86/libwearable-selector.so false
09-24 19:14:32.782 1780 1780 I Zygote : Process 2742 exited due to signal 9 (Killed)
09-24 19:14:32.783 2201 2201 I GCoreUlr: Unbound from all signal providers.
09-24 19:14:32.783 2201 2201 I GCoreUlr: Stopping handler for UlrDispSvcFast
09-24 19:14:32.784 2201 4041 I GCoreUlr: Successfully accounts update
09-24 19:14:32.790 2201 3337 E NetworkScheduler: com.google.android.apps.docs requested task be persisted for tag: 'GrowthKit.PeriodicSyncJob' but does not hold the permission android.permission.RECEIVE_BOOT_COMPLETED. This task won't be persisted.
09-24 19:14:32.792 3188 4024 E SQLiteLog: (1) no such table: audio_genres
09-24 19:14:32.798 2041 2354 W BroadcastQueue: Background execution not allowed: receiving Intent { act=com.google.android.location.internal.server.ACTION_RESTARTED flg=0x10 } to com.google.android.gms/.chimera.GmsIntentOperationService$PersistentInternalReceiver
09-24 19:14:32.810 2518 4016 W Conscrypt: Could not set socket write timeout: java.net.SocketException: Socket closed
09-24 19:14:32.811 2518 4016 W Conscrypt: at com.google.android.gms.org.conscrypt.Platform.setSocketWriteTimeout(:com.google.android.gms@17786022@17.7.86 (040700-256199907):2)
09-24 19:14:32.811 2518 4016 W Conscrypt: at com.google.android.gms.org.conscrypt.ConscryptFileDescriptorSocket.setSoWriteTimeout(:com.google.android.gms@17786022@17.7.86 (040700-256199907):2)
09-24 19:14:32.812 2041 2073 I libprocessgroup: Successfully killed process cgroup uid 10057 pid 2742 in 90ms
09-24 19:14:32.817 2876 2876 I ContactsUpgradeReceiver: Creating or opening contacts database
09-24 19:14:32.842 2041 2084 I PackageManager: Un-granting permission android.permission.MANAGE_DOCUMENTS from package com.google.android.youtube (protectionLevel=262146 flags=0x30dbbe45)
09-24 19:14:32.842 2041 2084 I PackageManager: Un-granting permission com.google.android.googleapps.permission.GOOGLE_AUTH from package com.android.providers.calendar (protectionLevel=2 flags=0x30883e45)
09-24 19:14:32.842 2041 2084 I PackageManager: Un-granting permission com.google.android.googleapps.permission.GOOGLE_AUTH.cl from package com.android.providers.calendar (protectionLevel=2 flags=0x30883e45)
09-24 19:14:32.842 2041 2084 I PackageManager: Un-granting permission android.permission.WRITE_SECURE_SETTINGS from package com.google.android.apps.enterprise.dmagent (protectionLevel=50 flags=0x30883e05)
09-24 19:14:32.842 2041 2084 I PackageManager: Un-granting permission android.permission.CONNECTIVITY_INTERNAL from package com.google.android.apps.enterprise.dmagent (protectionLevel=18 flags=0x30883e05)
09-24 19:14:32.842 2041 2084 I PackageManager: Un-granting permission android.permission.MANAGE_USB from package com.google.android.apps.enterprise.dmagent (protectionLevel=18 flags=0x30883e05)
09-24 19:14:32.842 2041 2084 I PackageManager: Un-granting permission android.permission.CHANGE_COMPONENT_ENABLED_STATE from package com.google.android.apps.enterprise.dmagent (protectionLevel=18 flags=0x30883e05)
09-24 19:14:32.842 2041 2084 I PackageManager: Un-granting permission android.permission.MANAGE_CA_CERTIFICATES from package com.google.android.apps.enterprise.dmagent (protectionLevel=18 flags=0x30883e05)
09-24 19:14:32.842 2041 2084 I PackageManager: Un-granting permission android.permission.MANAGE_USERS from package com.google.android.apps.enterprise.dmagent (protectionLevel=18 flags=0x30883e05)
09-24 19:14:32.843 2041 2084 I PackageManager: Un-granting permission com.google.android.setupwizard.READ_DEVICE_ORIGIN from package com.google.android.apps.messaging (protectionLevel=18 flags=0x38cbbe45)
09-24 19:14:32.843 2041 2084 I PackageManager: Un-granting permission android.permission.SEND_DOWNLOAD_COMPLETED_INTENTS from package com.android.vending (protectionLevel=2 flags=0x38cabe45)
09-24 19:14:32.843 2041 2084 I PackageManager: Un-granting permission android.permission.BIND_WALLPAPER from package com.android.camera2 (protectionLevel=18 flags=0x20d8bc45)
09-24 19:14:32.843 2041 2084 I PackageManager: Un-granting permission android.permission.REQUEST_INSTALL_PACKAGES from package com.google.android.gm (protectionLevel=66 flags=0x38cbbe45)
09-24 19:14:32.844 2041 2084 I PackageManager: Un-granting permission android.permission.BIND_JOB_SERVICE from package com.google.android.music (protectionLevel=2 flags=0x38cbbe65)
09-24 19:14:32.844 2041 2084 I PackageManager: Un-granting permission android.permission.CONNECTIVITY_USE_RESTRICTED_NETWORKS from package com.google.android.captiveportallogin (protectionLevel=18 flags=0x38c8be45)
09-24 19:14:32.844 2041 2084 I PackageManager: Un-granting permission android.permission.NETWORK_BYPASS_PRIVATE_DNS from package com.google.android.captiveportallogin (protectionLevel=2 flags=0x38c8be45)
09-24 19:14:32.844 2041 2084 I PackageManager: Un-granting permission android.permission.REQUEST_INSTALL_PACKAGES from package com.google.android.apps.docs (protectionLevel=66 flags=0x38cbbe45)
09-24 19:14:32.844 2041 2084 I PackageManager: Un-granting permission android.permission.INTERACT_ACROSS_USERS from package com.google.android.syncadapters.contacts (protectionLevel=50 flags=0x20883e45)
09-24 19:14:32.844 2041 2084 I PackageManager: Un-granting permission android.permission.REQUEST_INSTALL_PACKAGES from package com.android.chrome (protectionLevel=66 flags=0xa0cbbe45)
09-24 19:14:32.844 2041 2084 I PackageManager: Un-granting permission android.permission.CAPTURE_VIDEO_OUTPUT from package com.google.android.gms (protectionLevel=2 flags=0xb0cabe45)
09-24 19:14:32.844 2041 2084 I PackageManager: Un-granting permission android.permission.MANAGE_DEVICE_ADMINS from package com.google.android.gms (protectionLevel=2 flags=0xb0cabe45)
09-24 19:14:32.851 2041 2084 I PackageManager: Un-granting permission android.permission.MANAGE_ACTIVITY_STACKS from package com.google.android.gms (protectionLevel=2 flags=0xb0cabe45)
09-24 19:14:32.852 2041 2084 I PackageManager: Un-granting permission android.permission.CAPTURE_SECURE_VIDEO_OUTPUT from package com.google.android.gms (protectionLevel=2 flags=0xb0cabe45)
09-24 19:14:32.855 2041 2084 I PackageManager: Un-granting permission com.google.android.googleapps.permission.GOOGLE_AUTH from package com.google.android.videos (protectionLevel=2 flags=0x30dbbe45)
09-24 19:14:32.855 2041 2084 I PackageManager: Un-granting permission android.permission.WRITE_MEDIA_STORAGE from package com.google.android.apps.photos (protectionLevel=18 flags=0x38d9be45)
09-24 19:14:32.902 2201 3337 E NetworkScheduler: com.google.android.apps.docs requested task be persisted for tag: 'GrowthKit.StorageCleanupJob' but does not hold the permission android.permission.RECEIVE_BOOT_COMPLETED. This task won't be persisted.
09-24 19:14:32.902 2041 3279 I PreBootBroadcaster: Pre-boot of {com.android.providers.media/com.android.providers.media.MediaUpgradeReceiver} for user 0
09-24 19:14:32.908 2720 3331 I SuperDelight: SuperDelightMergingStrategy#merge(): selected[[]] synced[[main_en_us_20180802_1]]
09-24 19:14:32.908 2518 2670 I Auth : [SupervisedAccountIntentOperation] onHandleIntent(): com.google.android.chimera.IntentOperation.NEW_MODULE
09-24 19:14:32.910 2720 3331 I SP : Sync for delight succeeded in 3921 ms: {added: [main_en_us_20180802_1], metadata: false
09-24 19:14:32.913 2518 2670 I Auth : [SupervisedAccountIntentOperation] This operation is disabled
09-24 19:14:32.923 2041 2084 V BackupManagerService: restoreAtInstall pkg=com.example.qtquickview_java token=1 restoreSet=0
09-24 19:14:32.924 2041 2084 V BackupManagerService: Finishing install immediately
09-24 19:14:32.927 2041 2120 W AppOps : Noting op not finished: uid 10098 pkg com.google.android.gms code 79 time=1727194472067 duration=0
09-24 19:14:32.928 2041 2203 W AppOps : Noting op not finished: uid 10098 pkg com.google.android.gms code 79 time=1727194472927 duration=0
09-24 19:14:32.941 1688 2193 D vold : Remounting 10134 as mode default
09-24 19:14:32.948 4345 4367 W SystemServiceRegistry: No service published for: persistent_data_block
09-24 19:14:32.951 4345 4367 E BluetoothAdapter: Bluetooth binder is null
09-24 19:14:32.952 1779 2390 I netd : trafficSwapActiveStatsMap() <48.93ms>
09-24 19:14:32.953 1779 2390 I netd : tetherGetStats() <0.52ms>
09-24 19:14:32.955 2247 2290 E BackupHelper: Could not parse delayed permissions
09-24 19:14:32.955 2247 2290 E BackupHelper: java.io.FileNotFoundException: /data/user_de/0/com.google.android.permissioncontroller/files/delayed_restore_permissions.xml: open failed: ENOENT (No such file or directory)
09-24 19:14:32.955 2247 2290 E BackupHelper: at libcore.io.IoBridge.open(IoBridge.java:496)
09-24 19:14:32.955 2247 2290 E BackupHelper: at java.io.FileInputStream.(FileInputStream.java:159)
09-24 19:14:32.955 2247 2290 E BackupHelper: at android.app.ContextImpl.openFileInput(ContextImpl.java:600)
09-24 19:14:32.955 2247 2290 E BackupHelper: at com.android.packageinstaller.permission.service.BackupHelper.restoreDelayedState(BackupHelper.java:338)
09-24 19:14:32.955 2247 2290 E BackupHelper: at com.android.packageinstaller.permission.service.PermissionControllerServiceImpl.onRestoreDelayedRuntimePermissionsBackup(PermissionControllerServiceImpl.java:358)
09-24 19:14:32.955 2247 2290 E BackupHelper: at com.android.packageinstaller.permission.service.PermissionControllerServiceImpl.lambda$onRestoreDelayedRuntimePermissionsBackup$3$PermissionControllerServiceImpl(PermissionControllerServiceImpl.java:352)
09-24 19:14:32.955 2247 2290 E BackupHelper: at com.android.packageinstaller.permission.service.-$$Lambda$PermissionControllerServiceImpl$wHAhob5PsX8wKMTaFp8IJWkb1LE.run(Unknown Source:8)
09-24 19:14:32.955 2247 2290 E BackupHelper: at android.os.AsyncTask$SerialExecutor$1.run(AsyncTask.java:289)
09-24 19:14:32.955 2247 2290 E BackupHelper: at java.util.concurrent.ThreadPoolExecutor.runWorker(ThreadPoolExecutor.java:1167)
09-24 19:14:32.955 2247 2290 E BackupHelper: at java.util.concurrent.ThreadPoolExecutor$Worker.run(ThreadPoolExecutor.java:641)
09-24 19:14:32.955 2247 2290 E BackupHelper: at java.lang.Thread.run(Thread.java:919)
09-24 19:14:32.955 2247 2290 E BackupHelper: Caused by: android.system.ErrnoException: open failed: ENOENT (No such file or directory)
09-24 19:14:32.955 2247 2290 E BackupHelper: at libcore.io.Linux.open(Native Method)
09-24 19:14:32.955 2247 2290 E BackupHelper: at libcore.io.ForwardingOs.open(ForwardingOs.java:167)
09-24 19:14:32.955 2247 2290 E BackupHelper: at libcore.io.BlockGuardOs.open(BlockGuardOs.java:252)
09-24 19:14:32.955 2247 2290 E BackupHelper: at libcore.io.ForwardingOs.open(ForwardingOs.java:167)
09-24 19:14:32.955 2247 2290 E BackupHelper: at android.app.ActivityThread$AndroidOs.open(ActivityThread.java:7255)
09-24 19:14:32.955 2247 2290 E BackupHelper: at libcore.io.IoBridge.open(IoBridge.java:482)
09-24 19:14:32.955 2247 2290 E BackupHelper: ... 10 more
09-24 19:14:32.960 1779 2390 I netd : bandwidthSetGlobalAlert(2097152) <0.08ms>
09-24 19:14:32.971 3188 3188 I MediaUpgradeReceiver: ---> Start upgrade of media database internal.db
09-24 19:14:32.973 3188 3188 I MediaUpgradeReceiver: <--- Finished upgrade of media database internal.db in 2ms
09-24 19:14:32.973 3188 3188 I MediaUpgradeReceiver: ---> Start upgrade of media database external.db
09-24 19:14:32.978 3188 3188 I MediaUpgradeReceiver: <--- Finished upgrade of media database external.db in 5ms
09-24 19:14:32.978 2041 2203 I PreBootBroadcaster: Pre-boot of {com.android.settings/com.android.settings.SettingsInitialize} for user 0
09-24 19:14:32.985 2041 3279 D WificondControl: Scan result ready event
09-24 19:14:32.985 1779 2390 I netd : trafficSetNetPermForUids(4, [10134]) <0.44ms>
09-24 19:14:32.988 1827 1859 E : Couldn't opendir /data/app/vmdl502457680.tmp: No such file or directory
09-24 19:14:32.988 1827 1859 E installd: Failed to delete /data/app/vmdl502457680.tmp: No such file or directory
09-24 19:14:33.005 2201 2682 I GeofencerStateMachine: removeGeofences: removeRequest=RemoveGeofencingRequest[REMOVE_BY_PENDING_INTENT pendingIntent=PendingIntent[creatorPackage=com.google.android.gms], packageName=com.google.android.gms]
09-24 19:14:33.018 2041 2041 I RoleManagerService: Granting default permissions...
09-24 19:14:33.019 3284 3284 I Finsky : [2] com.google.android.finsky.packagemanager.impl.PackageMonitorReceiverImpl.a(4): PackageMonitor received: android.intent.action.PACKAGE_ADDED
09-24 19:14:33.020 2041 2142 I InputReader: Reconfiguring input devices. changes=0x00000010
09-24 19:14:33.023 2041 2203 I PreBootBroadcaster: Pre-boot of {com.google.android.googlequicksearchbox/com.google.android.apps.gsa.googlequicksearchbox.GelStubAppWatcher} for user 0
09-24 19:14:33.025 2041 2203 W BroadcastQueue: Background execution not allowed: receiving Intent { act=android.intent.action.PACKAGE_ADDED dat=package:com.example.qtquickview_java flg=0x4000010 (has extras) } to com.google.android.packageinstaller/com.android.packageinstaller.PackageInstalledReceiver
09-24 19:14:33.026 2041 2071 W BroadcastQueue: Background execution not allowed: receiving Intent { act=android.intent.action.PACKAGE_ADDED dat=package:com.example.qtquickview_java flg=0x4000010 (has extras) } to com.android.musicfx/.Compatibility$Receiver
09-24 19:14:33.026 2041 2071 W BroadcastQueue: Background execution not allowed: receiving Intent { act=android.intent.action.PACKAGE_ADDED dat=package:com.example.qtquickview_java flg=0x4000010 (has extras) } to com.android.vending/com.google.android.finsky.packagemanager.impl.PackageMonitorReceiverImpl$RegisteredReceiver
09-24 19:14:33.026 2041 2071 W BroadcastQueue: Background execution not allowed: receiving Intent { act=android.intent.action.PACKAGE_ADDED dat=package:com.example.qtquickview_java flg=0x4000010 (has extras) } to com.google.android.apps.enterprise.dmagent/.AppUpdateReceiver
09-24 19:14:33.026 2041 2071 W BroadcastQueue: Background execution not allowed: receiving Intent { act=android.intent.action.PACKAGE_ADDED dat=package:com.example.qtquickview_java flg=0x4000010 (has extras) } to com.google.android.gms/.games.chimera.GamesSystemBroadcastReceiverProxy
09-24 19:14:33.026 2041 2071 W BroadcastQueue: Background execution not allowed: receiving Intent { act=android.intent.action.PACKAGE_ADDED dat=package:com.example.qtquickview_java flg=0x4000010 (has extras) } to com.google.android.gms/.gass.chimera.PackageChangeBroadcastReceiver
09-24 19:14:33.026 2041 2071 W BroadcastQueue: Background execution not allowed: receiving Intent { act=android.intent.action.PACKAGE_ADDED dat=package:com.example.qtquickview_java flg=0x4000010 (has extras) } to com.google.android.gms/.chimera.GmsIntentOperationService$PersistentTrustedReceiver
