09-24 19:14:53.038 4879 4879 I BugleRcs: RcsAvailability: updating
09-24 19:14:53.039 4879 4993 I BugleRcs: RcsAvailability: No minimum Cs.apk version is set, not checking Cs.apk version
09-24 19:14:53.039 4879 5065 I BugleRcs: MCCMNC is NOT RCS enabled
09-24 19:14:53.039 4879 5065 I BugleRcs: Prod Fi device disabled - Not a Fi device
09-24 19:14:53.039 4879 4993 I BugleRcs: RcsAvailability: config server url unavailable - Carrier is not RCS enabled
09-24 19:14:52.832 2041 2041 V SettingsProvider: Notifying for 0: content://settings/config/textclassifier/Phenotype_flags
09-24 19:14:53.064 2780 3814 E ActivityThread: Failed to find provider info for com.google.android.apps.wellbeing.api
09-24 19:14:53.096 2518 5081 I Icing : Indexing com.google.android.gms-apps from com.google.android.gms
09-24 19:14:53.097 2518 5081 I Icing : Indexing done com.google.android.gms-apps
09-24 19:14:53.140 3284 3623 E Volley : [198] bgs.a: Unexpected response code 404 for https://play-fe.googleapis.com/fdfe/deviceSettings
09-24 19:14:53.141 3284 3623 W Finsky : [198] cxp.a(9): IOException while manually unzipping request.
09-24 19:14:53.144 2518 5081 I Icing : Indexing com.google.android.gms-apps from com.google.android.gms
09-24 19:14:53.145 2518 5081 I Icing : Indexing done com.google.android.gms-apps
09-24 19:14:53.260 3345 3463 W SearchServiceCore: Abort, client detached.
09-24 19:14:53.261 6172 6236 D PhenotypeUpdateService: Registering with Phenotype
09-24 19:14:53.274 2201 3976 I aofg : updateFromConfigurations using legacy put method [CONTEXT service_id=204 ]
09-24 19:14:53.274 2041 2041 V SettingsProvider: Notifying for 0: content://settings/global/Phenotype_flags
09-24 19:14:53.336 2041 3594 W ActivityManager: Background start not allowed: service Intent { cmp=com.google.android.apps.messaging/.shared.datamodel.action.execution.ActionExecutorImpl$EmptyService } to com.google.android.apps.messaging/.shared.datamodel.action.execution.ActionExecutorImpl$EmptyService from pid=4879 uid=10122 pkg=com.google.android.apps.messaging startFg?=false
09-24 19:14:53.351 2041 3439 W ActivityManager: Background start not allowed: service Intent { cmp=com.google.android.apps.messaging/.shared.datamodel.action.execution.ActionExecutorImpl$EmptyService } to com.google.android.apps.messaging/.shared.datamodel.action.execution.ActionExecutorImpl$EmptyService from pid=4879 uid=10122 pkg=com.google.android.apps.messaging startFg?=false
09-24 19:14:53.351 2041 2041 V SettingsProvider: Notifying for 0: content://settings/global/Phenotype_boot_count
09-24 19:14:53.426 2201 3976 I aofg : updateFromConfigurations DeviceConfig for package activity_manager_native_boot [CONTEXT service_id=204 ]
09-24 19:14:53.426 2041 2041 V SettingsProvider: Notifying for 0: content://settings/config/activity_manager_native_boot/_boot_Phenotype_flags
09-24 19:14:53.527 2201 3976 I aofg : updateFromConfigurations DeviceConfig for package input_native_boot [CONTEXT service_id=204 ]
09-24 19:14:53.528 4879 4879 I BugleRcs: RcsAvailability: updating
09-24 19:14:53.529 4879 6626 I BugleRcs: RcsAvailability: No minimum Cs.apk version is set, not checking Cs.apk version
09-24 19:14:53.427 2041 2041 V SettingsProvider: Notifying for 0: content://settings/config/activity_manager_native_boot/_boot_Phenotype_flags
09-24 19:14:53.530 2041 2041 V SettingsProvider: Notifying for 0: content://settings/config/input_native_boot/_boot_Phenotype_flags
09-24 19:14:53.530 4879 5065 I BugleRcs: MCCMNC is NOT RCS enabled
09-24 19:14:53.530 4879 5065 I BugleRcs: Prod Fi device disabled - Not a Fi device
09-24 19:14:53.530 4879 6626 I BugleRcs: RcsAvailability: config server url unavailable - Carrier is not RCS enabled
09-24 19:14:53.615 2201 3976 I aofg : updateFromConfigurations DeviceConfig for package rollback_boot [CONTEXT service_id=204 ]
09-24 19:14:53.530 2041 2041 V SettingsProvider: Notifying for 0: content://settings/config/input_native_boot/_boot_Phenotype_flags
09-24 19:14:53.616 2041 2041 V SettingsProvider: Notifying for 0: content://settings/config/rollback_boot/_boot_Phenotype_flags
09-24 19:14:53.625 2201 3976 I aofg : updateFromConfigurations DeviceConfig for package runtime_native_boot [CONTEXT service_id=204 ]
09-24 19:14:53.616 2041 2041 V SettingsProvider: Notifying for 0: content://settings/config/rollback_boot/_boot_Phenotype_flags
09-24 19:14:53.625 2041 2041 V SettingsProvider: Notifying for 0: content://settings/config/runtime_native_boot/_boot_Phenotype_flags
09-24 19:14:53.630 2201 3976 I aofg : updateFromConfigurations DeviceConfig for package storage_native_boot [CONTEXT service_id=204 ]
09-24 19:14:53.626 2041 2041 V SettingsProvider: Notifying for 0: content://settings/config/runtime_native_boot/_boot_Phenotype_flags
09-24 19:14:53.631 2041 2041 V SettingsProvider: Notifying for 0: content://settings/config/storage_native_boot/_boot_Phenotype_flags
09-24 19:14:53.641 2201 3976 I aofg : updateFromConfigurations DeviceConfig for package window_manager_native_boot [CONTEXT service_id=204 ]
09-24 19:14:53.631 2041 2041 V SettingsProvider: Notifying for 0: content://settings/config/storage_native_boot/_boot_Phenotype_flags
09-24 19:14:53.641 2041 2041 V SettingsProvider: Notifying for 0: content://settings/config/window_manager_native_boot/_boot_Phenotype_flags
09-24 19:14:53.646 2201 3976 I aofg : updateFromConfigurations using legacy put method [CONTEXT service_id=204 ]
09-24 19:14:53.642 2041 2041 V SettingsProvider: Notifying for 0: content://settings/config/window_manager_native_boot/_boot_Phenotype_flags
09-24 19:14:53.647 2041 2041 V SettingsProvider: Notifying for 0: content://settings/global/_boot_Phenotype_flags
09-24 19:14:53.661 2201 5933 I aofg : updateFromConfigurations DeviceConfig for package activity_manager [CONTEXT service_id=204 ]
09-24 19:14:53.666 1796 2449 E GnssHAL_GnssInterface: gnssSvStatusCb: a: input svInfo.flags is 8
09-24 19:14:53.666 1796 2449 E GnssHAL_GnssInterface: gnssSvStatusCb: b: input svInfo.flags is 8
09-24 19:14:53.671 2201 5933 I aofg : updateFromConfigurations DeviceConfig for package app_compat [CONTEXT service_id=204 ]
09-24 19:14:53.764 2201 5933 I aofg : updateFromConfigurations DeviceConfig for package autofill [CONTEXT service_id=204 ]
09-24 19:14:53.813 2201 5933 I aofg : updateFromConfigurations DeviceConfig for package backup_service [CONTEXT service_id=204 ]
09-24 19:14:53.858 2201 5933 I aofg : updateFromConfigurations DeviceConfig for package configuration [CONTEXT service_id=204 ]
09-24 19:14:53.889 2201 5933 I aofg : updateFromConfigurations DeviceConfig for package connectivity [CONTEXT service_id=204 ]
09-24 19:14:53.942 2201 5933 I aofg : updateFromConfigurations DeviceConfig for package content_capture [CONTEXT service_id=204 ]
09-24 19:14:53.989 2201 5933 I aofg : updateFromConfigurations DeviceConfig for package device_personalization_services [CONTEXT service_id=204 ]
09-24 19:14:54.068 2201 5933 I aofg : updateFromConfigurations DeviceConfig for package game_driver [CONTEXT service_id=204 ]
09-24 19:14:54.106 2201 5933 I aofg : updateFromConfigurations DeviceConfig for package intelligence_attention [CONTEXT service_id=204 ]
09-24 19:14:54.112 2041 2143 E ReportEncoder: No watchlist hash
09-24 19:14:54.117 2041 2143 I WatchlistLoggingHandler: Milliseconds spent on tryAggregateRecords(): 36210
09-24 19:14:54.199 2201 5933 I aofg : updateFromConfigurations DeviceConfig for package intelligence_bubbles [CONTEXT service_id=204 ]
09-24 19:14:54.225 2041 2068 E memtrack: Couldn't load memtrack module
09-24 19:14:54.226 2041 2068 W android.os.Debug: failed to get memory consumption info: -1
09-24 19:14:54.249 2201 5933 I aofg : updateFromConfigurations DeviceConfig for package intelligence_notification_assistant [CONTEXT service_id=204 ]
09-24 19:14:54.255 2201 5933 I aofg : updateFromConfigurations DeviceConfig for package intelligence_screen_understanding [CONTEXT service_id=204 ]
09-24 19:14:54.314 2201 5933 I aofg : updateFromConfigurations DeviceConfig for package intelligence_text [CONTEXT service_id=204 ]
09-24 19:14:54.374 2201 5933 I aofg : updateFromConfigurations DeviceConfig for package netd_native [CONTEXT service_id=204 ]
09-24 19:14:54.431 2201 5933 I aofg : updateFromConfigurations DeviceConfig for package notification_assistant [CONTEXT service_id=204 ]
09-24 19:14:54.508 2201 5933 I aofg : updateFromConfigurations DeviceConfig for package package_manager_service [CONTEXT service_id=204 ]
09-24 19:14:54.513 3345 3584 W LocationOracle: No location history returned by ContextManager
09-24 19:14:54.540 3345 3589 W CronetNetworkRqstWrppr: Upload request without a content type.
09-24 19:14:54.534 3345 3345 W UserFacing4: type=1400 audit(0.0:34): avc: denied { read } for name="arp" dev="proc" ino=4026532044 scontext=u:r:priv_app:s0:c512,c768 tcontext=u:object_r:proc_net:s0 tclass=file permissive=0
09-24 19:14:54.554 3345 3809 E LocalNetworkId: Can not find ARP file or impossible to read file.
09-24 19:14:54.554 3345 3809 E LocalNetworkId: java.io.FileNotFoundException: proc/net/arp: open failed: EACCES (Permission denied)
09-24 19:14:54.554 3345 3809 E LocalNetworkId: at libcore.io.IoBridge.open(IoBridge.java:496)
09-24 19:14:54.554 3345 3809 E LocalNetworkId: at java.io.FileInputStream.(FileInputStream.java:159)
09-24 19:14:54.554 3345 3809 E LocalNetworkId: at java.io.FileReader.(FileReader.java:72)
09-24 19:14:54.554 3345 3809 E LocalNetworkId: at com.google.android.apps.gsa.search.core.google.a.q.b(SourceFile:71)
09-24 19:14:54.554 3345 3809 E LocalNetworkId: at com.google.android.apps.gsa.search.core.google.a.q.a(SourceFile:23)
09-24 19:14:54.554 3345 3809 E LocalNetworkId: at com.google.android.apps.gsa.staticplugins.g.g.a(Unknown Source:1)
09-24 19:14:54.554 3345 3809 E LocalNetworkId: at com.google.android.apps.gsa.v.d.a.d.call(Unknown Source:2)
09-24 19:14:54.554 3345 3809 E LocalNetworkId: at java.util.concurrent.FutureTask.run(FutureTask.java:266)
09-24 19:14:54.554 3345 3809 E LocalNetworkId: at com.google.android.apps.gsa.v.d.a.f.run(SourceFile:16)
09-24 19:14:54.554 3345 3809 E LocalNetworkId: at com.google.android.apps.gsa.v.d.a.n.run(Unknown Source:3)
09-24 19:14:54.554 3345 3809 E LocalNetworkId: at com.google.android.apps.gsa.shared.util.c.b.f.run(Unknown Source:3)
09-24 19:14:54.554 3345 3809 E LocalNetworkId: at com.google.android.apps.gsa.shared.util.c.b.bj.run(SourceFile:3)
09-24 19:14:54.554 3345 3809 E LocalNetworkId: at java.util.concurrent.ThreadPoolExecutor.runWorker(ThreadPoolExecutor.java:1167)
09-24 19:14:54.554 3345 3809 E LocalNetworkId: at java.util.concurrent.ThreadPoolExecutor$Worker.run(ThreadPoolExecutor.java:641)
09-24 19:14:54.554 3345 3809 E LocalNetworkId: at java.lang.Thread.run(Thread.java:919)
09-24 19:14:54.554 3345 3809 E LocalNetworkId: at com.google.android.apps.gsa.shared.util.c.b.m.run(SourceFile:6)
09-24 19:14:54.554 3345 3809 E LocalNetworkId: Caused by: android.system.ErrnoException: open failed: EACCES (Permission denied)
09-24 19:14:54.554 3345 3809 E LocalNetworkId: at libcore.io.Linux.open(Native Method)
09-24 19:14:54.554 3345 3809 E LocalNetworkId: at libcore.io.ForwardingOs.open(ForwardingOs.java:167)
09-24 19:14:54.554 3345 3809 E LocalNetworkId: at libcore.io.BlockGuardOs.open(BlockGuardOs.java:252)
09-24 19:14:54.554 3345 3809 E LocalNetworkId: at libcore.io.ForwardingOs.open(ForwardingOs.java:167)
09-24 19:14:54.554 3345 3809 E LocalNetworkId: at android.app.ActivityThread$AndroidOs.open(ActivityThread.java:7255)
09-24 19:14:54.554 3345 3809 E LocalNetworkId: at libcore.io.IoBridge.open(IoBridge.java:482)
09-24 19:14:54.554 3345 3809 E LocalNetworkId: ... 15 more
09-24 19:14:54.559 3345 6685 W CDHeaderDataHandler: Invalid integer value "" in experiments IDs.
09-24 19:14:54.624 2201 5933 I aofg : updateFromConfigurations DeviceConfig for package privacy [CONTEXT service_id=204 ]
09-24 19:14:54.654 3345 4083 D NetworkSecurityConfig: Using Network Security Config from resource network_security_config debugBuild: false
09-24 19:14:54.666 1796 2449 E GnssHAL_GnssInterface: gnssSvStatusCb: a: input svInfo.flags is 8
09-24 19:14:54.666 1796 2449 E GnssHAL_GnssInterface: gnssSvStatusCb: b: input svInfo.flags is 8
09-24 19:14:54.691 2201 5933 I aofg : updateFromConfigurations DeviceConfig for package runtime [CONTEXT service_id=204 ]
09-24 19:14:54.749 2201 5933 I aofg : updateFromConfigurations DeviceConfig for package runtime_native [CONTEXT service_id=204 ]
09-24 19:14:54.802 2201 5933 I aofg : updateFromConfigurations DeviceConfig for package storage [CONTEXT service_id=204 ]
09-24 19:14:54.810 2201 5933 I aofg : updateFromConfigurations DeviceConfig for package system_scheduler [CONTEXT service_id=204 ]
09-24 19:14:54.824 2201 5933 I aofg : updateFromConfigurations DeviceConfig for package systemui [CONTEXT service_id=204 ]
09-24 19:14:54.901 2201 5933 I aofg : updateFromConfigurations DeviceConfig for package telephony [CONTEXT service_id=204 ]
09-24 19:14:54.911 2201 5933 I aofg : updateFromConfigurations DeviceConfig for package textclassifier [CONTEXT service_id=204 ]
09-24 19:14:54.923 2201 5933 I aofg : updateFromConfigurations using legacy put method [CONTEXT service_id=204 ]
09-24 19:14:54.939 2201 5933 I aofg : updateFromConfigurations DeviceConfig for package activity_manager_native_boot [CONTEXT service_id=204 ]
09-24 19:14:54.940 2041 2041 V SettingsProvider: Notifying for 0: content://settings/config/activity_manager_native_boot/_boot_Phenotype_flags
09-24 19:14:54.982 3345 3811 W S3NetworkUtils: [Download] response code: 500
09-24 19:14:54.983 2201 5933 I aofg : updateFromConfigurations DeviceConfig for package input_native_boot [CONTEXT service_id=204 ]
09-24 19:14:54.983 3345 3811 E ACS.ResponseHandler: #onNonFatalError: com.google.android.apps.gsa.shared.speech.c.j: errorCode: 65572, engine: 2
09-24 19:14:54.983 3345 3811 E ACS.ResponseHandler: com.google.android.apps.gsa.shared.util.b.e: ACS.ResponseHandler: #onNonFatalError: com.google.android.apps.gsa.shared.speech.c.j: errorCode: 65572, engine: 2
09-24 19:14:54.983 3345 3811 E ACS.ResponseHandler: at com.google.android.apps.gsa.shared.util.b.f.a(SourceFile:40)
09-24 19:14:54.983 3345 3811 E ACS.ResponseHandler: at com.google.android.apps.gsa.shared.util.b.f.f(SourceFile:10)
09-24 19:14:54.983 3345 3811 E ACS.ResponseHandler: at com.google.android.apps.gsa.staticplugins.g.ai.a(SourceFile:7)
09-24 19:14:54.983 3345 3811 E ACS.ResponseHandler: at com.google.android.apps.gsa.staticplugins.do.a.f.a(SourceFile:12)
09-24 19:14:54.983 3345 3811 E ACS.ResponseHandler: at com.google.android.apps.gsa.s3.q.c(SourceFile:64)
09-24 19:14:54.983 3345 3811 E ACS.ResponseHandler: at com.google.android.apps.gsa.s3.n.run(SourceFile:20)
09-24 19:14:54.983 3345 3811 E ACS.ResponseHandler: at java.util.concurrent.Executors$RunnableAdapter.call(Executors.java:462)
09-24 19:14:54.983 3345 3811 E ACS.ResponseHandler: at java.util.concurrent.FutureTask.run(FutureTask.java:266)
09-24 19:14:54.983 3345 3811 E ACS.ResponseHandler: at com.google.android.apps.gsa.shared.util.c.b.f.run(Unknown Source:3)
09-24 19:14:54.983 3345 3811 E ACS.ResponseHandler: at com.google.android.apps.gsa.shared.util.c.b.bj.run(SourceFile:3)
09-24 19:14:54.983 3345 3811 E ACS.ResponseHandler: at com.google.android.apps.gsa.shared.util.c.b.bj.run(SourceFile:3)
09-24 19:14:54.983 3345 3811 E ACS.ResponseHandler: at java.util.concurrent.ThreadPoolExecutor.runWorker(ThreadPoolExecutor.java:1167)
09-24 19:14:54.983 3345 3811 E ACS.ResponseHandler: at java.util.concurrent.ThreadPoolExecutor$Worker.run(ThreadPoolExecutor.java:641)
09-24 19:14:54.983 3345 3811 E ACS.ResponseHandler: at java.lang.Thread.run(Thread.java:919)
09-24 19:14:54.983 3345 3811 E ACS.ResponseHandler: at com.google.android.apps.gsa.shared.util.c.b.m.run(SourceFile:6)
09-24 19:14:54.984 2041 2041 V SettingsProvider: Notifying for 0: content://settings/config/input_native_boot/_boot_Phenotype_flags
09-24 19:14:54.989 2201 5933 I aofg : updateFromConfigurations DeviceConfig for package rollback_boot [CONTEXT service_id=204 ]
09-24 19:14:54.989 2041 2041 V SettingsProvider: Notifying for 0: content://settings/config/rollback_boot/_boot_Phenotype_flags
09-24 19:14:54.991 2201 5933 I aofg : updateFromConfigurations DeviceConfig for package runtime_native_boot [CONTEXT service_id=204 ]
09-24 19:14:54.992 2041 2041 V SettingsProvider: Notifying for 0: content://settings/config/runtime_native_boot/_boot_Phenotype_flags
09-24 19:14:54.997 2201 5933 I aofg : updateFromConfigurations DeviceConfig for package storage_native_boot [CONTEXT service_id=204 ]
09-24 19:14:54.997 2041 2041 V SettingsProvider: Notifying for 0: content://settings/config/storage_native_boot/_boot_Phenotype_flags
09-24 19:14:55.002 2201 5933 I aofg : updateFromConfigurations DeviceConfig for package window_manager_native_boot [CONTEXT service_id=204 ]
09-24 19:14:55.003 2041 2041 V SettingsProvider: Notifying for 0: content://settings/config/window_manager_native_boot/_boot_Phenotype_flags
09-24 19:14:55.005 2201 5933 I aofg : updateFromConfigurations using legacy put method [CONTEXT service_id=204 ]
09-24 19:14:55.042 3345 6698 I WebViewFactory: Loading com.google.android.webview version 74.0.3729.185 (code 373018518)
09-24 19:14:55.046 3345 6698 I earchbox:searc: The ClassLoaderContext is a special shared library.
09-24 19:14:55.052 3345 6698 I earchbox:searc: The ClassLoaderContext is a special shared library.
09-24 19:14:55.123 2041 2068 E memtrack: Couldn't load memtrack module
09-24 19:14:55.123 2041 2068 W android.os.Debug: failed to get memory consumption info: -1
09-24 19:14:55.128 3345 6698 I cr_LibraryLoader: Time to load native libraries: 4 ms (timestamps 6722-6726)
09-24 19:14:55.136 2041 2068 E memtrack: Couldn't load memtrack module
09-24 19:14:55.136 2041 2068 W android.os.Debug: failed to get memory consumption info: -1
09-24 19:14:55.139 2041 2068 E memtrack: Couldn't load memtrack module
09-24 19:14:55.139 2041 2068 W android.os.Debug: failed to get memory consumption info: -1
09-24 19:14:55.154 2041 2068 E memtrack: Couldn't load memtrack module
09-24 19:14:55.154 2041 2068 W android.os.Debug: failed to get memory consumption info: -1
09-24 19:14:55.159 1780 1780 D Zygote : Forked child process 6703
09-24 19:14:55.172 6703 6703 W webview_servic: Unexpected CPU variant for X86 using defaults: x86
09-24 19:14:55.173 2041 2072 I ActivityManager: Start proc 6703:com.google.android.webview:webview_service/u0a112 for service {com.google.android.webview/org.chromium.android_webview.services.VariationsSeedServer}
09-24 19:14:55.177 3345 6698 I chromium: [INFO:library_loader_hooks.cc(50)] Chromium logging enabled: level = 0, default verbosity = 0
09-24 19:14:55.177 3345 6698 I cr_LibraryLoader: Expected native library version number "74.0.3729.185", actual native library version number "74.0.3729.185"
09-24 19:14:55.184 6703 6703 E webview_servic: Not starting debugger since process cannot load the jdwp agent.
09-24 19:14:55.202 6703 6703 I webview_servic: The ClassLoaderContext is a special shared library.
09-24 19:14:55.203 6703 6703 I webview_servic: The ClassLoaderContext is a special shared library.
09-24 19:14:55.212 6703 6703 I LoadedApk: No resource references to update in package com.google.android.webview
09-24 19:14:55.212 6703 6703 I LoadedApk: No resource references to update in package com.google.android.trichromelibrary
09-24 19:14:55.222 2041 3594 I ActivityManager: Killing 5870:com.google.android.projection.gearhead:projection/u0a102 (adj 985): empty #17
09-24 19:14:55.282 1780 1780 I Zygote : Process 5870 exited due to signal 9 (Killed)
09-24 19:14:55.298 3345 6697 W ExifInterface: Invalid image: ExifInterface got an unsupported image format file(ExifInterface supports JPEG and some RAW image formats only) or a corrupted JPEG file to ExifInterface.
09-24 19:14:55.298 3345 6697 W ExifInterface: java.io.IOException: Invalid byte order: ffff8950
09-24 19:14:55.298 3345 6697 W ExifInterface: at android.media.ExifInterface.readByteOrder(ExifInterface.java:3121)
09-24 19:14:55.298 3345 6697 W ExifInterface: at android.media.ExifInterface.isOrfFormat(ExifInterface.java:2437)
09-24 19:14:55.298 3345 6697 W ExifInterface: at android.media.ExifInterface.getMimeType(ExifInterface.java:2315)
09-24 19:14:55.298 3345 6697 W ExifInterface: at android.media.ExifInterface.loadAttributes(ExifInterface.java:1753)
09-24 19:14:55.298 3345 6697 W ExifInterface: at android.media.ExifInterface.(ExifInterface.java:1447)
09-24 19:14:55.298 3345 6697 W ExifInterface: at com.bumptech.glide.load.d.a.ac.a(SourceFile:4)
09-24 19:14:55.298 3345 6697 W ExifInterface: at com.bumptech.glide.load.f.b(SourceFile:19)
09-24 19:14:55.298 3345 6697 W ExifInterface: at com.bumptech.glide.load.d.a.w.a(SourceFile:31)
09-24 19:14:55.298 3345 6697 W ExifInterface: at com.bumptech.glide.load.d.a.g.a(SourceFile:6)
09-24 19:14:55.298 3345 6697 W ExifInterface: at com.bumptech.glide.load.b.v.a(SourceFile:13)
09-24 19:14:55.298 3345 6697 W ExifInterface: at com.bumptech.glide.load.b.m.h(SourceFile:123)
09-24 19:14:55.298 3345 6697 W ExifInterface: at com.bumptech.glide.load.b.m.a(SourceFile:249)
09-24 19:14:55.298 3345 6697 W ExifInterface: at com.bumptech.glide.load.b.be.a(SourceFile:56)
09-24 19:14:55.298 3345 6697 W ExifInterface: at com.bumptech.glide.load.b.g.a(SourceFile:38)
09-24 19:14:55.298 3345 6697 W ExifInterface: at com.bumptech.glide.load.c.o.a(SourceFile:4)
09-24 19:14:55.298 3345 6697 W ExifInterface: at com.bumptech.glide.load.b.g.a(SourceFile:30)
09-24 19:14:55.298 3345 6697 W ExifInterface: at com.bumptech.glide.load.b.be.a(SourceFile:23)
09-24 19:14:55.298 3345 6697 W ExifInterface: at com.bumptech.glide.load.b.m.e(SourceFile:82)
09-24 19:14:55.298 3345 6697 W ExifInterface: at com.bumptech.glide.load.b.m.run(SourceFile:56)
09-24 19:14:55.298 3345 6697 W ExifInterface: at java.util.concurrent.ThreadPoolExecutor.runWorker(ThreadPoolExecutor.java:1167)
09-24 19:14:55.298 3345 6697 W ExifInterface: at java.util.concurrent.ThreadPoolExecutor$Worker.run(ThreadPoolExecutor.java:641)
09-24 19:14:55.298 3345 6697 W ExifInterface: at java.lang.Thread.run(Thread.java:919)
09-24 19:14:55.298 3345 6697 W ExifInterface: at com.bumptech.glide.load.b.c.d.run(SourceFile:9)
09-24 19:14:55.314 2041 2073 I libprocessgroup: Successfully killed process cgroup uid 10102 pid 5870 in 91ms
09-24 19:14:55.341 2041 3120 W Binder : Outgoing transactions from this process must be FLAG_ONEWAY
09-24 19:14:55.341 2041 3120 W Binder : java.lang.Throwable
09-24 19:14:55.341 2041 3120 W Binder : at android.os.BinderProxy.transact(BinderProxy.java:480)
09-24 19:14:55.341 2041 3120 W Binder : at android.content.ContentProviderProxy.getType(ContentProviderNative.java:456)
09-24 19:14:55.341 2041 3120 W Binder : at com.android.server.am.ActivityManagerService.getProviderMimeType(ActivityManagerService.java:7667)
09-24 19:14:55.341 2041 3120 W Binder : at android.app.IActivityManager$Stub.onTransact(IActivityManager.java:3205)
09-24 19:14:55.341 2041 3120 W Binder : at com.android.server.am.ActivityManagerService.onTransact(ActivityManagerService.java:2741)
09-24 19:14:55.341 2041 3120 W Binder : at android.os.Binder.execTransactInternal(Binder.java:1021)
09-24 19:14:55.341 2041 3120 W Binder : at android.os.Binder.execTransact(Binder.java:994)
09-24 19:14:55.352 2780 3510 D ProtoStore: no cached data
09-24 19:14:55.512 2041 3120 W AppOps : Noting op not finished: uid 10098 pkg com.google.android.gms code 79 time=1727194491122 duration=-1
09-24 19:14:55.513 2041 3120 W AppOps : Noting op not finished: uid 10098 pkg com.google.android.gms code 79 time=1727194495512 duration=0
09-24 19:14:55.520 2201 2678 I Places : ?: Couldn't find platform key file.
09-24 19:14:55.521 2201 4171 I Places : ?: Couldn't find platform key file.
09-24 19:14:55.533 2201 5817 I PlaceInferenceEngine: [anon] Changed inference mode: 0
09-24 19:14:55.545 2201 3337 I Places : ?: Couldn't find platform key file.
09-24 19:14:55.545 2201 2678 I Places : ?: Couldn't find platform key file.
09-24 19:14:55.553 2201 2201 I GeofencerStateMachine: removeGeofences: removeRequest=RemoveGeofencingRequest[REMOVE_BY_PENDING_INTENT pendingIntent=PendingIntent[creatorPackage=com.google.android.gms], packageName=com.google.android.gms]
09-24 19:14:55.667 1796 2449 E GnssHAL_GnssInterface: gnssSvStatusCb: a: input svInfo.flags is 8
09-24 19:14:55.667 1796 2449 E GnssHAL_GnssInterface: gnssSvStatusCb: b: input svInfo.flags is 8
09-24 19:14:55.808 3284 3284 I Finsky : [2] qmi.a(1): No VPA stub found - stopping service
09-24 19:14:55.816 2041 2068 E memtrack: Couldn't load memtrack module
09-24 19:14:55.816 2041 2068 W android.os.Debug: failed to get memory consumption info: -1
09-24 19:14:55.821 2041 2068 E memtrack: Couldn't load memtrack module
09-24 19:14:55.821 2041 2068 W android.os.Debug: failed to get memory consumption info: -1
09-24 19:14:56.066 2041 2068 E memtrack: Couldn't load memtrack module
09-24 19:14:56.066 2041 2068 W android.os.Debug: failed to get memory consumption info: -1
09-24 19:14:56.117 3284 3554 E Finsky : [188] hgw.a(8): Error getting device settings.
09-24 19:14:56.117 3284 3554 E Finsky : network time: 167, HTTP status code: na, exception com.android.volley.ClientError
09-24 19:14:56.117 3284 3554 E Finsky : at ncp.a(Unknown Source:4)
09-24 19:14:56.117 3284 3554 E Finsky : at bfx.b(SourceFile:2)
09-24 19:14:56.117 3284 3554 E Finsky : at cwr.b(SourceFile:6)
09-24 19:14:56.117 3284 3554 E Finsky : at bfr.run(SourceFile:6)
09-24 19:14:56.117 3284 3554 E Finsky : at android.os.Handler.handleCallback(Handler.java:883)
09-24 19:14:56.117 3284 3554 E Finsky : at android.os.Handler.dispatchMessage(Handler.java:100)
09-24 19:14:56.117 3284 3554 E Finsky : at android.os.Looper.loop(Looper.java:214)
09-24 19:14:56.117 3284 3554 E Finsky : at android.app.ActivityThread.main(ActivityThread.java:7356)
09-24 19:14:56.117 3284 3554 E Finsky : at java.lang.reflect.Method.invoke(Native Method)
09-24 19:14:56.117 3284 3554 E Finsky : at com.android.internal.os.RuntimeInit$MethodAndArgsCaller.run(RuntimeInit.java:492)
09-24 19:14:56.117 3284 3554 E Finsky : at com.android.internal.os.ZygoteInit.main(ZygoteInit.java:930)
09-24 19:14:56.118 3284 3554 E Finsky : [188] hgp.a(1): Error while refreshing device settings: network time: 167, HTTP status code: na, exception com.android.volley.ClientError. Retrying.
09-24 19:14:56.118 3284 3554 E Finsky : network time: 167, HTTP status code: na, exception com.android.volley.ClientError
09-24 19:14:56.118 3284 3554 E Finsky : at ncp.a(Unknown Source:4)
09-24 19:14:56.118 3284 3554 E Finsky : at bfx.b(SourceFile:2)
09-24 19:14:56.118 3284 3554 E Finsky : at cwr.b(SourceFile:6)
09-24 19:14:56.118 3284 3554 E Finsky : at bfr.run(SourceFile:6)
09-24 19:14:56.118 3284 3554 E Finsky : at android.os.Handler.handleCallback(Handler.java:883)
09-24 19:14:56.118 3284 3554 E Finsky : at android.os.Handler.dispatchMessage(Handler.java:100)
09-24 19:14:56.118 3284 3554 E Finsky : at android.os.Looper.loop(Looper.java:214)
09-24 19:14:56.118 3284 3554 E Finsky : at android.app.ActivityThread.main(ActivityThread.java:7356)
09-24 19:14:56.118 3284 3554 E Finsky : at java.lang.reflect.Method.invoke(Native Method)
09-24 19:14:56.118 3284 3554 E Finsky : at com.android.internal.os.RuntimeInit$MethodAndArgsCaller.run(RuntimeInit.java:492)
09-24 19:14:56.118 3284 3554 E Finsky : at com.android.internal.os.ZygoteInit.main(ZygoteInit.java:930)
09-24 19:14:56.118 3284 3554 I Finsky : [188] pxa.a(9): jobFinished: 31-305419896. TimeElapsed: 3146ms
09-24 19:14:56.120 3284 3284 I Finsky : [2] pvm.c(3): Job 31-305419896 finished
09-24 19:14:56.120 3284 3284 I Finsky : [2] pvp.handleMessage(84): RunningQueue size: 3, PendingQueue size: 0
09-24 19:14:56.120 3284 3284 I Finsky : [2] pvp.handleMessage(93): Running queue: 10-8 10-53 10-62
09-24 19:14:56.263 1779 2390 I netd : trafficSwapActiveStatsMap() <41.19ms>
09-24 19:14:56.267 1779 2390 I netd : tetherGetStats() <3.59ms>
09-24 19:14:56.290 3284 3620 E Finsky : [195] fnh.a(2): Failed to refresh connectivity profile metrics. Reset metrics.
09-24 19:14:56.302 3284 6532 I Finsky : [263] pxa.a(9): jobFinished: 10-62. TimeElapsed: 3550ms
09-24 19:14:56.303 3284 3284 I Finsky : [2] pvm.c(3): Job 10-62 finished
09-24 19:14:56.303 3284 3284 I Finsky : [2] pvp.handleMessage(84): RunningQueue size: 2, PendingQueue size: 0
09-24 19:14:56.303 3284 3284 I Finsky : [2] pvp.handleMessage(93): Running queue: 10-8 10-53
09-24 19:14:56.398 1780 1780 D Zygote : Forked child process 6731
09-24 19:14:56.400 6731 6731 W ogle.android.g: Unexpected CPU variant for X86 using defaults: x86
09-24 19:14:56.403 6731 6731 E ogle.android.g: Not starting debugger since process cannot load the jdwp agent.
09-24 19:14:56.404 2041 2072 I ActivityManager: Start proc 6731:com.google.android.gm/u0a120 for broadcast {com.google.android.gm/com.google.android.gm.MailIntentReceiver}
09-24 19:14:56.411 3284 3620 I Finsky : [195] fuo.a(5): Data usage storage refresh hygiene job succeeded.
09-24 19:14:56.412 3284 6530 I Finsky : [262] pxa.a(9): jobFinished: 10-53. TimeElapsed: 3671ms
09-24 19:14:56.412 3284 3284 I Finsky : [2] pvm.c(3): Job 10-53 finished
09-24 19:14:56.412 3284 3284 I Finsky : [2] pvp.handleMessage(84): RunningQueue size: 1, PendingQueue size: 0
09-24 19:14:56.412 3284 3284 I Finsky : [2] pvp.handleMessage(93): Running queue: 10-8
09-24 19:14:56.413 6731 6731 I ogle.android.g: The ClassLoaderContext is a special shared library.
09-24 19:14:56.418 6731 6731 I ogle.android.g: The ClassLoaderContext is a special shared library.
09-24 19:14:56.504 6731 6731 W PrimesInit: Primes instant initialization
09-24 19:14:56.504 6731 6758 W Primes : background initialization
09-24 19:14:56.514 6731 6758 I PrimesTesting: GserviceFlagsSupplier.get()
09-24 19:14:56.518 6731 6731 W GAV2 : Thread[main,5,main]: Need to call initialize() and be in fallback mode to start dispatch.
09-24 19:14:56.537 6731 6731 W Gmail : AccountUtils:For b/73513912, load account content://com.android.gmail.ui/account.-2137146394 from MailAppProvider. Is account valid result: 1.
09-24 19:14:56.538 6731 6731 W Gmail : AccountUtils:For b/73513912, load account content://com.google.android.gm.email.provider/account.-437561172?suppress_combined%3Dtrue from MailAppProvider. Is account valid result: 1.
09-24 19:14:56.548 2041 2058 I ActivityManager: Killing 3378:com.google.process.gapps/u0a131 (adj 985): empty #17
09-24 19:14:56.548 2201 2201 W ChimeraUtils: Non Chimera context
09-24 19:14:56.548 2201 2201 W ChimeraUtils: Non Chimera context
09-24 19:14:56.550 2201 2201 W SystemServiceRegistry: No service published for: persistent_data_block
09-24 19:14:56.583 2041 3599 W ActivityManager: Unable to start service Intent { cmp=com.google.android.gm/com.android.email.service.AttachmentService } U=0: not found
09-24 19:14:56.601 2041 2041 V SettingsProvider: Notifying for 0: content://settings/global/upload_apk_enable
09-24 19:14:56.601 3284 3553 W Settings: Setting install_non_market_apps has moved from android.provider.Settings.Global to android.provider.Settings.Secure, returning read-only value.
09-24 19:14:56.602 1780 1780 I Zygote : Process 3378 exited due to signal 9 (Killed)
09-24 19:14:56.635 2538 2538 I SetupWizard: [aym] Pausing wifi scanner.
09-24 19:14:56.635 2041 2073 I libprocessgroup: Successfully killed process cgroup uid 10131 pid 3378 in 86ms
09-24 19:14:56.667 1796 2449 E GnssHAL_GnssInterface: gnssSvStatusCb: a: input svInfo.flags is 8
09-24 19:14:56.667 1796 2449 E GnssHAL_GnssInterface: gnssSvStatusCb: b: input svInfo.flags is 8
09-24 19:14:57.400 2041 3599 I ActivityManager: Killing 5961:com.google.android.videos/u0a121 (adj 985): empty #17
09-24 19:14:57.453 1780 1780 I Zygote : Process 5961 exited due to signal 9 (Killed)
09-24 19:14:57.482 2041 2073 I libprocessgroup: Successfully killed process cgroup uid 10121 pid 5961 in 81ms
09-24 19:14:57.531 3284 3620 I Finsky : [195] uyf.a(11): Device wide non work profile PHA is changed
09-24 19:14:57.533 3284 3674 I Finsky : [205] van.a(4): Cleaning the verify apps datastore
09-24 19:14:57.546 3284 3674 I Finsky : [205] van.a(54): Finished cleaning the verify apps datastore
09-24 19:14:57.556 3284 3284 I Finsky : [2] vam.a(5): Done verifying installed packages
09-24 19:14:57.577 3284 6529 I Finsky : [261] pxa.a(9): jobFinished: 10-8. TimeElapsed: 7127ms
09-24 19:14:57.578 3284 3284 I Finsky : [2] pvm.c(3): Job 10-8 finished
09-24 19:14:57.578 3284 3284 I Finsky : [2] pvp.handleMessage(84): RunningQueue size: 0, PendingQueue size: 0
09-24 19:14:57.578 3284 3284 I Finsky : [2] pvp.handleMessage(88): Waiting on changed job store
09-24 19:14:57.667 1796 2449 E GnssHAL_GnssInterface: gnssSvStatusCb: a: input svInfo.flags is 8
09-24 19:14:57.667 1796 2449 E GnssHAL_GnssInterface: gnssSvStatusCb: b: input svInfo.flags is 8
09-24 19:14:57.885 3284 3646 I Finsky : [204] pxd.b(7): Jobs in database: 1-1337 21-333333333 24-77777777 26-1414141414 31-305419896
09-24 19:14:57.891 3284 3284 I Finsky : [2] pvp.handleMessage(84): RunningQueue size: 0, PendingQueue size: 0
09-24 19:14:57.891 3284 3284 I Finsky : [2] pvp.handleMessage(27): Executor finished
09-24 19:14:57.910 3284 3284 I Finsky : [2] pxd.b(7): Jobs in database: 1-1337 21-333333333 24-77777777 26-1414141414 31-305419896
09-24 19:14:57.918 3284 3284 I Finsky : [2] puk.a(113): ConstraintMapping: 24-77777777, -> L: 0ms, D: 82794779ms, C: false, I: true, N: 0
09-24 19:14:57.918 3284 3284 I Finsky : [2] puk.a(113): ConstraintMapping: 1-1337, 21-333333333, 31-305419896, -> L: 6207ms, D: 50747249ms, C: false, I: false, N: 1
09-24 19:14:57.918 3284 3284 I Finsky : [2] puk.a(113): ConstraintMapping: 26-1414141414, -> L: 894851ms, D: 1794851ms, C: false, I: false, N: 0
09-24 19:14:57.920 3284 3284 I Finsky : [2] com.google.android.finsky.scheduler.JobSchedulerEngine.a(14): Throttling wakeup for job 9000 (expected to run in 0 ms) due to recent wakeup
09-24 19:14:57.920 3284 3284 I Finsky : [2] com.google.android.finsky.scheduler.JobSchedulerEngine.a(4): Scheduling job Id: 9000, L: 30000, D: 82794779, C: false, I: true, N: 0
09-24 19:14:57.921 3284 3284 I Finsky : [2] com.google.android.finsky.scheduler.JobSchedulerEngine.a(14): Throttling wakeup for job 9002 (expected to run in 6207 ms) due to recent wakeup
09-24 19:14:57.922 3284 3284 I Finsky : [2] com.google.android.finsky.scheduler.JobSchedulerEngine.a(4): Scheduling job Id: 9002, L: 30000, D: 50747249, C: false, I: false, N: 1
09-24 19:14:57.923 3284 3284 I Finsky : [2] com.google.android.finsky.scheduler.JobSchedulerEngine.a(4): Scheduling job Id: 9003, L: 894851, D: 1794851, C: false, I: false, N: 0
09-24 19:14:58.586 2041 2068 E memtrack: Couldn't load memtrack module
09-24 19:14:58.587 2041 2068 W android.os.Debug: failed to get memory consumption info: -1
09-24 19:14:58.667 1796 2449 E GnssHAL_GnssInterface: gnssSvStatusCb: a: input svInfo.flags is 8
09-24 19:14:58.667 1796 2449 E GnssHAL_GnssInterface: gnssSvStatusCb: b: input svInfo.flags is 8
09-24 19:14:58.778 6409 6409 I myTag MaAct: Status of onClickListener:
> 09-24 19:14:58.778 6409 6409 I myTag Colors: Status of getColor
> 09-24 19:14:58.778 6409 6409 I myTag Colors: Status of getColor <
09-24 19:14:58.796 6409 6409 I myTag MaAct: Status of onClickListener: <
09-24 19:14:58.798 1786 5754 W audio_hw_generic: Not supplying enough data to HAL, expected position 275234 , only wrote 274976
09-24 19:14:59.491 2041 3402 I ActivityManager: Killing 5913:com.google.android.gms.ui/u0a98 (adj 995): empty #17
09-24 19:14:59.562 1780 1780 I Zygote : Process 5913 exited due to signal 9 (Killed)
09-24 19:14:59.573 2041 2073 I libprocessgroup: Successfully killed process cgroup uid 10098 pid 5913 in 82ms
09-24 19:14:59.667 1796 2449 E GnssHAL_GnssInterface: gnssSvStatusCb: a: input svInfo.flags is 8
09-24 19:14:59.667 1796 2449 E GnssHAL_GnssInterface: gnssSvStatusCb: b: input svInfo.flags is 8
09-24 19:14:59.831 2041 3402 W BroadcastQueue: Background execution not allowed: receiving Intent { act=android.intent.action.DROPBOX_ENTRY_ADDED flg=0x10 (has extras) } to com.google.android.gms/.stats.service.DropBoxEntryAddedReceiver
09-24 19:14:59.832 2041 2071 W BroadcastQueue: Background execution not allowed: receiving Intent { act=android.intent.action.DROPBOX_ENTRY_ADDED flg=0x10 (has extras) } to com.google.android.gms/.chimera.GmsIntentOperationService$PersistentTrustedReceiver
09-24 19:14:59.838 2041 2159 D ConnectivityService: handleLingerComplete for NetworkAgentInfo [MOBILE (LTE) - 100]
09-24 19:14:59.844 1779 2390 I Netd : Destroyed 2 sockets for netId 100 permission=1 in 0.5 ms
09-24 19:14:59.848 1779 2390 I netd : networkSetPermissionForNetwork(100, 1) <4.74ms>
09-24 19:14:59.854 3284 3284 I Finsky : [2] com.google.android.finsky.packagemanager.impl.PackageMonitorReceiverImpl.a(4): PackageMonitor received: android.intent.action.PACKAGE_CHANGED
09-24 19:14:59.864 2518 5907 W MDM : [255] agur.c: Q+ devices does not need device admin.
09-24 19:14:59.870 3284 3284 I Finsky : [2] nju.b(2): Frosting ID looked up on UI thread. Caller should move to a background thread.
09-24 19:14:59.874 3284 3760 I Finsky : [221] njx.run(16): Wrote row to frosting DB: 167
09-24 19:14:59.882 2518 3590 I Icing : doRemovePackageData com.google.android.apps.enterprise.dmagent
09-24 19:14:59.884 2518 4510 I Icing : IndexChimeraService.getServiceInterface callingPackage=com.google.android.gms componentName=AppsCorpus serviceId=36
09-24 19:14:59.884 2518 3698 I Icing : IndexChimeraService.getServiceInterface callingPackage=com.google.android.gms componentName=AppsCorpus serviceId=32
09-24 19:14:59.898 2518 3590 I Icing : Usage reports ok 0, Failed Usage reports 0, indexed 0, rejected 0
09-24 19:14:59.903 2518 3590 I Icing : Usage reports ok 0, Failed Usage reports 0, indexed 0, rejected 0
09-24 19:14:59.912 1779 2390 I netd : trafficSwapActiveStatsMap() <53.60ms>
09-24 19:14:59.913 1779 2390 I netd : tetherGetStats() <0.45ms>
09-24 19:14:59.991 2041 3439 W FastPrintWriter: Write failure
09-24 19:14:59.991 2041 3439 W FastPrintWriter: java.io.IOException: write failed: EPIPE (Broken pipe)
09-24 19:14:59.991 2041 3439 W FastPrintWriter: at libcore.io.IoBridge.write(IoBridge.java:544)
09-24 19:14:59.991 2041 3439 W FastPrintWriter: at java.io.FileOutputStream.write(FileOutputStream.java:392)
09-24 19:14:59.991 2041 3439 W FastPrintWriter: at com.android.internal.util.FastPrintWriter.flushBytesLocked(FastPrintWriter.java:354)
09-24 19:14:59.991 2041 3439 W FastPrintWriter: at com.android.internal.util.FastPrintWriter.flushLocked(FastPrintWriter.java:377)
09-24 19:14:59.991 2041 3439 W FastPrintWriter: at com.android.internal.util.FastPrintWriter.flush(FastPrintWriter.java:412)
09-24 19:14:59.991 2041 3439 W FastPrintWriter: at com.android.server.am.ActivityManagerShellCommand$IntentReceiver.performReceive(ActivityManagerShellCommand.java:691)
09-24 19:14:59.991 2041 3439 W FastPrintWriter: at com.android.server.am.BroadcastQueue.performReceiveLocked(BroadcastQueue.java:609)
09-24 19:14:59.991 2041 3439 W FastPrintWriter: at com.android.server.am.BroadcastQueue.processNextBroadcastLocked(BroadcastQueue.java:1131)
09-24 19:14:59.991 2041 3439 W FastPrintWriter: at com.android.server.am.ActivityManagerService.finishReceiver(ActivityManagerService.java:15677)
09-24 19:14:59.991 2041 3439 W FastPrintWriter: at android.app.IActivityManager$Stub.onTransact(IActivityManager.java:1993)
09-24 19:14:59.991 2041 3439 W FastPrintWriter: at com.android.server.am.ActivityManagerService.onTransact(ActivityManagerService.java:2741)
09-24 19:14:59.991 2041 3439 W FastPrintWriter: at android.os.Binder.execTransactInternal(Binder.java:1021)
09-24 19:14:59.991 2041 3439 W FastPrintWriter: at android.os.Binder.execTransact(Binder.java:994)
09-24 19:14:59.991 2041 3439 W FastPrintWriter: Caused by: android.system.ErrnoException: write failed: EPIPE (Broken pipe)
09-24 19:14:59.991 2041 3439 W FastPrintWriter: at libcore.io.Linux.writeBytes(Native Method)
09-24 19:14:59.991 2041 3439 W FastPrintWriter: at libcore.io.Linux.write(Linux.java:294)
09-24 19:14:59.991 2041 3439 W FastPrintWriter: at libcore.io.ForwardingOs.write(ForwardingOs.java:241)
09-24 19:14:59.991 2041 3439 W FastPrintWriter: at libcore.io.BlockGuardOs.write(BlockGuardOs.java:416)
09-24 19:14:59.991 2041 3439 W FastPrintWriter: at libcore.io.IoBridge.write(IoBridge.java:539)
09-24 19:14:59.991 2041 3439 W FastPrintWriter: ... 12 more
09-24 19:15:00.038 2041 2463 W BroadcastQueue: Background execution not allowed: receiving Intent { act=android.intent.action.DROPBOX_ENTRY_ADDED flg=0x10 (has extras) } to com.google.android.gms/.stats.service.DropBoxEntryAddedReceiver
09-24 19:15:00.039 2041 2071 W BroadcastQueue: Background execution not allowed: receiving Intent { act=android.intent.action.DROPBOX_ENTRY_ADDED flg=0x10 (has extras) } to com.google.android.gms/.chimera.GmsIntentOperationService$PersistentTrustedReceiver
09-24 19:15:00.076 2041 3402 W BroadcastQueue: Permission Denial: broadcasting Intent { act=com.google.android.checkin.CHECKIN_COMPLETE flg=0x1000010 (has extras) } from com.google.android.gms (pid=2518, uid=10098) is not exported from uid 10094 due to receiver com.android.vending/com.google.android.finsky.checkin.CheckinReceiver
09-24 19:15:00.078 2518 6787 I GCM-GMS : Scheduling task to register GMS
09-24 19:15:00.086 2041 3599 W BroadcastQueue: Background execution not allowed: receiving Intent { act=android.intent.action.DROPBOX_ENTRY_ADDED flg=0x10 (has extras) } to com.google.android.gms/.stats.service.DropBoxEntryAddedReceiver
09-24 19:15:00.086 2041 2071 W BroadcastQueue: Background execution not allowed: receiving Intent { act=android.intent.action.DROPBOX_ENTRY_ADDED flg=0x10 (has extras) } to com.google.android.gms/.chimera.GmsIntentOperationService$PersistentTrustedReceiver
09-24 19:15:00.156 2201 2678 W aueq : No gcm id available, rescheduling [CONTEXT service_id=79 ]
09-24 19:15:00.273 6409 6409 I myTag MaAct: Status of onClickListener:
> 09-24 19:15:00.273 6409 6409 I myTag Colors: Status of getColor
> 09-24 19:15:00.273 6409 6409 I myTag Colors: Status of getColor <
09-24 19:15:00.274 6409 6409 I myTag MaAct: Status of onClickListener: <
09-24 19:15:00.286 2201 3470 I NetRec : [64] alff.a: Refreshing scores for 1 networks.
09-24 19:15:00.327 2201 4415 W Conscrypt: Could not set socket write timeout: java.net.SocketException: Socket closed
09-24 19:15:00.332 2201 4415 W Conscrypt: at com.google.android.gms.org.conscrypt.Platform.setSocketWriteTimeout(:com.google.android.gms@17786022@17.7.86 (040700-256199907):2)
09-24 19:15:00.333 2201 4415 W Conscrypt: at com.google.android.gms.org.conscrypt.ConscryptFileDescriptorSocket.setSoWriteTimeout(:com.google.android.gms@17786022@17.7.86 (040700-256199907):2)
09-24 19:15:00.392 2201 4415 W Conscrypt: Could not set socket write timeout: java.net.SocketException: Socket closed
09-24 19:15:00.392 2201 4415 W Conscrypt: at com.google.android.gms.org.conscrypt.Platform.setSocketWriteTimeout(:com.google.android.gms@17786022@17.7.86 (040700-256199907):2)
09-24 19:15:00.392 2201 4415 W Conscrypt: at com.google.android.gms.org.conscrypt.ConscryptFileDescriptorSocket.setSoWriteTimeout(:com.google.android.gms@17786022@17.7.86 (040700-256199907):2)
09-24 19:15:00.490 4345 4365 D eglCodecCommon: setVertexArrayObject: set vao to 0 (0) 0 0
09-24 19:15:00.490 4345 4365 D EGL_emulation: eglCreateContext: 0xe3e1b0e0: maj 3 min 0 rcv 3
09-24 19:15:00.491 4345 4365 D EGL_emulation: eglMakeCurrent: 0xe3e1b0e0: ver 3 0 (tinfo 0xe3e0fd00)
09-24 19:15:00.513 2201 4415 E Volley : [162] BasicNetwork.performRequest: Unexpected response code 404 for https://mobilenetworkscoring-pa.googleapis.com/v1/GetWifiQuality?key=AIzaSyBrlVtd67QvwS_Wz0Do4ZIdOeA6ThtVczU
09-24 19:15:00.513 2201 3470 W NetRec : [64] alff.a: Unexpected exception com.android.volley.ClientError while waiting for score updates (com.android.volley.ClientError). Returning 1.
09-24 19:15:00.514 2201 3470 I NetRec : [64] NetRecChimeraGcmTaskService.a: Still entries pending update, scheduling new refresh_scores_task refresh.
09-24 19:15:00.516 2201 3470 I NetRec : [64] NetRecChimeraGcmTaskService.a: Completed refresh_scores_task score refresh task in 238 ms, returning 1
09-24 19:15:00.667 1796 2449 E GnssHAL_GnssInterface: gnssSvStatusCb: a: input svInfo.flags is 8
09-24 19:15:00.667 1796 2449 E GnssHAL_GnssInterface: gnssSvStatusCb: b: input svInfo.flags is 8
09-24 19:15:00.673 4345 4365 W SystemServiceRegistry: No service published for: persistent_data_block
09-24 19:15:00.904 2518 5081 I Icing : Indexing com.google.android.gms-apps from com.google.android.gms
09-24 19:15:00.910 2518 5081 I Icing : Indexing done com.google.android.gms-apps
09-24 19:15:01.139 2041 3005 W FastPrintWriter: Write failure
09-24 19:15:01.139 2041 3005 W FastPrintWriter: java.io.IOException: write failed: EPIPE (Broken pipe)
09-24 19:15:01.139 2041 3005 W FastPrintWriter: at libcore.io.IoBridge.write(IoBridge.java:544)
09-24 19:15:01.139 2041 3005 W FastPrintWriter: at java.io.FileOutputStream.write(FileOutputStream.java:392)
09-24 19:15:01.139 2041 3005 W FastPrintWriter: at com.android.internal.util.FastPrintWriter.flushBytesLocked(FastPrintWriter.java:354)
09-24 19:15:01.139 2041 3005 W FastPrintWriter: at com.android.internal.util.FastPrintWriter.flushLocked(FastPrintWriter.java:377)
09-24 19:15:01.139 2041 3005 W FastPrintWriter: at com.android.internal.util.FastPrintWriter.flush(FastPrintWriter.java:412)
09-24 19:15:01.139 2041 3005 W FastPrintWriter: at com.android.server.am.ActivityManagerShellCommand$IntentReceiver.performReceive(ActivityManagerShellCommand.java:691)
09-24 19:15:01.139 2041 3005 W FastPrintWriter: at com.android.server.am.BroadcastQueue.performReceiveLocked(BroadcastQueue.java:609)
09-24 19:15:01.139 2041 3005 W FastPrintWriter: at com.android.server.am.BroadcastQueue.processNextBroadcastLocked(BroadcastQueue.java:1131)
09-24 19:15:01.139 2041 3005 W FastPrintWriter: at com.android.server.am.ActivityManagerService.finishReceiver(ActivityManagerService.java:15677)
09-24 19:15:01.139 2041 3005 W FastPrintWriter: at android.app.IActivityManager$Stub.onTransact(IActivityManager.java:1993)
09-24 19:15:01.139 2041 3005 W FastPrintWriter: at com.android.server.am.ActivityManagerService.onTransact(ActivityManagerService.java:2741)
09-24 19:15:01.139 2041 3005 W FastPrintWriter: at android.os.Binder.execTransactInternal(Binder.java:1021)
09-24 19:15:01.139 2041 3005 W FastPrintWriter: at android.os.Binder.execTransact(Binder.java:994)
09-24 19:15:01.139 2041 3005 W FastPrintWriter: Caused by: android.system.ErrnoException: write failed: EPIPE (Broken pipe)
09-24 19:15:01.139 2041 3005 W FastPrintWriter: at libcore.io.Linux.writeBytes(Native Method)
09-24 19:15:01.139 2041 3005 W FastPrintWriter: at libcore.io.Linux.write(Linux.java:294)
09-24 19:15:01.139 2041 3005 W FastPrintWriter: at libcore.io.ForwardingOs.write(ForwardingOs.java:241)
09-24 19:15:01.139 2041 3005 W FastPrintWriter: at libcore.io.BlockGuardOs.write(BlockGuardOs.java:416)
09-24 19:15:01.139 2041 3005 W FastPrintWriter: at libcore.io.IoBridge.write(IoBridge.java:539)
09-24 19:15:01.139 2041 3005 W FastPrintWriter: ... 12 more
09-24 19:15:01.144 2518 6787 I Vision : Details: ocr_x86.zip, ff3dcfd5e3828224849fbeffe1ed2e71a7ad3400
09-24 19:15:01.163 2518 6787 I Vision : Registration status ocr_x86.zip: The download is pending.
09-24 19:15:01.167 2518 6787 I Vision : Download status ocr_x86.zip: The download is pending.
09-24 19:15:01.174 2041 3120 W ActivityManager: Unable to start service Intent { act=com.google.android.c2dm.intent.REGISTRATION pkg=com.google.android.apps.maps } U=0: not found
09-24 19:15:01.180 3284 3284 I Finsky : [2] com.google.android.finsky.packagemanager.impl.PackageMonitorReceiverImpl.a(4): PackageMonitor received: android.intent.action.PACKAGE_CHANGED
09-24 19:15:01.181 2518 6787 I Vision : Details: ocr_x86.zip, ff3dcfd5e3828224849fbeffe1ed2e71a7ad3400
09-24 19:15:01.184 3284 3284 I Finsky : [2] nju.b(2): Frosting ID looked up on UI thread. Caller should move to a background thread.
09-24 19:15:01.185 2518 6785 E MS_DownloadManager: Unsupported Matchstick Download Type:
09-24 19:15:01.186 2518 6785 E MS_DownloadManager: Failed to get download uri for unsupported Matchstick download type:
09-24 19:15:01.194 3284 3760 I Finsky : [221] njx.run(16): Wrote row to frosting DB: 168
09-24 19:15:01.203 3284 3284 I Finsky : [2] com.google.android.finsky.packagemanager.impl.PackageMonitorReceiverImpl.a(4): PackageMonitor received: android.intent.action.PACKAGE_CHANGED
09-24 19:15:01.214 3284 3760 I Finsky : [221] njx.run(16): Wrote row to frosting DB: 169
09-24 19:15:01.216 2518 6787 I Vision : Registration status ocr_x86.zip: The download is pending.
09-24 19:15:01.222 2518 4510 I Icing : IndexChimeraService.getServiceInterface callingPackage=com.google.android.gms componentName=AppsCorpus serviceId=36
09-24 19:15:01.225 2518 3698 I Icing : IndexChimeraService.getServiceInterface callingPackage=com.google.android.gms componentName=AppsCorpus serviceId=32
09-24 19:15:01.225 3284 3284 I Finsky : [2] com.google.android.finsky.packagemanager.impl.PackageMonitorReceiverImpl.a(4): PackageMonitor received: android.intent.action.PACKAGE_CHANGED
09-24 19:15:01.228 3284 3284 I Finsky : [2] nju.b(2): Frosting ID looked up on UI thread. Caller should move to a background thread.
09-24 19:15:01.231 2518 5907 I MS_Utils: version of com.google.android.apps.maps = 1016701040
09-24 19:15:01.234 2518 4511 I Icing : Usage reports ok 0, Failed Usage reports 0, indexed 0, rejected 0
09-24 19:15:01.237 3284 3760 I Finsky : [221] njx.run(16): Wrote row to frosting DB: 170
