09-24 19:15:01.239 3284 3284 I Finsky : [2] com.google.android.finsky.packagemanager.impl.PackageMonitorReceiverImpl.a(4): PackageMonitor received: android.intent.action.PACKAGE_CHANGED
09-24 19:15:01.241 3284 3284 I Finsky : [2] nju.b(2): Frosting ID looked up on UI thread. Caller should move to a background thread.
09-24 19:15:01.245 2518 4511 I Icing : Usage reports ok 0, Failed Usage reports 0, indexed 0, rejected 0
09-24 19:15:01.246 3284 3760 I Finsky : [221] njx.run(16): Wrote row to frosting DB: 171
09-24 19:15:01.246 2518 6787 I Vision : Download status ocr_x86.zip: The download is pending.
09-24 19:15:01.251 3188 6329 V DownloadManager: Deleting /data/data/com.android.providers.downloads/cache/ocr_x86.zip via provider delete
09-24 19:15:01.260 2518 6787 I Vision : Details: ocr_x86.zip, ff3dcfd5e3828224849fbeffe1ed2e71a7ad3400
09-24 19:15:01.275 2518 4510 I Icing : IndexChimeraService.getServiceInterface callingPackage=com.google.android.gms componentName=AppsCorpus serviceId=36
09-24 19:15:01.277 2201 4250 I NetworkScheduler: ignoring stale queue check message
09-24 19:15:01.281 2518 3698 I Icing : IndexChimeraService.getServiceInterface callingPackage=com.google.android.gms componentName=AppsCorpus serviceId=32
09-24 19:15:01.293 2518 3860 I Icing : Usage reports ok 0, Failed Usage reports 0, indexed 0, rejected 0
09-24 19:15:01.298 2518 3860 I Icing : Usage reports ok 0, Failed Usage reports 0, indexed 0, rejected 0
09-24 19:15:01.300 2518 6787 I Vision : Registration status ocr_x86.zip: null
09-24 19:15:01.308 2518 3698 I Icing : IndexChimeraService.getServiceInterface callingPackage=com.google.android.gms componentName=AppsCorpus serviceId=36
09-24 19:15:01.308 2518 4510 I Icing : IndexChimeraService.getServiceInterface callingPackage=com.google.android.gms componentName=AppsCorpus serviceId=32
09-24 19:15:01.311 2518 3860 I Icing : Usage reports ok 0, Failed Usage reports 0, indexed 0, rejected 0
09-24 19:15:01.313 2518 6787 I Vision : Download status ocr_x86.zip: null
09-24 19:15:01.313 2518 6787 I Vision : Finished download ocr_x86.zip
09-24 19:15:01.314 2518 3860 I Icing : Usage reports ok 0, Failed Usage reports 0, indexed 0, rejected 0
09-24 19:15:01.321 2518 4510 I Icing : IndexChimeraService.getServiceInterface callingPackage=com.google.android.gms componentName=AppsCorpus serviceId=36
09-24 19:15:01.321 2518 3698 I Icing : IndexChimeraService.getServiceInterface callingPackage=com.google.android.gms componentName=AppsCorpus serviceId=32
09-24 19:15:01.325 2518 4511 I Icing : Usage reports ok 0, Failed Usage reports 0, indexed 0, rejected 0
09-24 19:15:01.328 2518 6787 I Vision : Unzipping /data/user/0/com.google.android.gms/cache/downloadservice/ocr_x86.zip to /data/user/0/com.google.android.gms/app_vision/ocr
09-24 19:15:01.332 2518 4511 I Icing : Usage reports ok 0, Failed Usage reports 0, indexed 0, rejected 0
09-24 19:15:01.376 6057 6814 E YouTube : Failed to fetch offline library browse
09-24 19:15:01.376 6057 6814 E YouTube : aahl: java.util.concurrent.ExecutionException: xpy: Precondition check failed.
09-24 19:15:01.376 6057 6814 E YouTube : at aajf.a(SourceFile:25)
09-24 19:15:01.376 6057 6814 E YouTube : at dys.a(SourceFile:11)
09-24 19:15:01.376 6057 6814 E YouTube : at wsr.a(SourceFile:7)
09-24 19:15:01.376 6057 6814 E YouTube : at com.google.android.libraries.youtube.common.gcm.YouTubeGcmTaskService.a(SourceFile:18)
09-24 19:15:01.376 6057 6814 E YouTube : at com.google.android.libraries.youtube.common.gcore.gcoreclient.gcm.impl.GcmTaskServiceDelegator.a(SourceFile:11)
09-24 19:15:01.376 6057 6814 E YouTube : at qbk.run(SourceFile:18)
09-24 19:15:01.376 6057 6814 E YouTube : at java.util.concurrent.ThreadPoolExecutor.runWorker(ThreadPoolExecutor.java:1167)
09-24 19:15:01.376 6057 6814 E YouTube : at java.util.concurrent.ThreadPoolExecutor$Worker.run(ThreadPoolExecutor.java:641)
09-24 19:15:01.376 6057 6814 E YouTube : at java.lang.Thread.run(Thread.java:919)
09-24 19:15:01.376 6057 6814 E YouTube : Caused by: java.util.concurrent.ExecutionException: xpy: Precondition check failed.
09-24 19:15:01.376 6057 6814 E YouTube : at anki.b(SourceFile:105)
09-24 19:15:01.376 6057 6814 E YouTube : at anki.get(SourceFile:92)
09-24 19:15:01.376 6057 6814 E YouTube : at aajf.a(SourceFile:24)
09-24 19:15:01.376 6057 6814 E YouTube : ... 8 more
09-24 19:15:01.376 6057 6814 E YouTube : Caused by: xpy: Precondition check failed.
09-24 19:15:01.376 6057 6814 E YouTube : at aagf.a(SourceFile:7)
09-24 19:15:01.376 6057 6814 E YouTube : at xft.a(SourceFile:136)
09-24 19:15:01.376 6057 6814 E YouTube : at xft.a(SourceFile:169)
09-24 19:15:01.376 6057 6814 E YouTube : at xew.run(Unknown Source:1)
09-24 19:15:01.376 6057 6814 E YouTube : at java.util.concurrent.ThreadPoolExecutor.runWorker(ThreadPoolExecutor.java:1167)
09-24 19:15:01.376 6057 6814 E YouTube : at java.util.concurrent.ThreadPoolExecutor$Worker.run(ThreadPoolExecutor.java:641)
09-24 19:15:01.376 6057 6814 E YouTube : at wvf.run(SourceFile:12)
09-24 19:15:01.376 6057 6814 E YouTube : ... 1 more
09-24 19:15:01.376 6057 6814 E YouTube : Caused by: boa
09-24 19:15:01.376 6057 6814 E YouTube : at xft.a(SourceFile:166)
09-24 19:15:01.376 6057 6814 E YouTube : ... 5 more
09-24 19:15:01.409 2201 2678 I NetRec : [50] NetRecChimeraGcmTaskService.a: Running CleanupDatabaseTask GCM task
09-24 19:15:01.410 2201 2678 I NetRec : [50] NetRecChimeraGcmTaskService.a: Removed 0 records from the database
09-24 19:15:01.449 2518 6787 I Vision : Time to download ocr: 13008
09-24 19:15:01.465 1780 1780 D Zygote : Forked child process 6816
09-24 19:15:01.469 6816 6816 W .android.video: Unexpected CPU variant for X86 using defaults: x86
09-24 19:15:01.470 6816 6816 E .android.video: Not starting debugger since process cannot load the jdwp agent.
09-24 19:15:01.471 2041 2072 I ActivityManager: Start proc 6816:com.google.android.videos/u0a121 for service {com.google.android.videos/com.google.android.apps.play.movies.common.service.drm.RefreshLicenseTaskService}
09-24 19:15:01.478 2201 4171 I NetRec : [123] alff.a: Refreshing scores for 1 networks.
09-24 19:15:01.491 6816 6816 D ApplicationLoaders: Returning zygote-cached class loader: /system/framework/android.hidl.base-V1.0-java.jar
09-24 19:15:01.491 6816 6816 D ApplicationLoaders: Returning zygote-cached class loader: /system/framework/android.hidl.manager-V1.0-java.jar
09-24 19:15:01.491 6816 6816 D ApplicationLoaders: Returning zygote-cached class loader: /system/framework/android.hidl.base-V1.0-java.jar
09-24 19:15:01.491 6816 6816 I .android.video: The ClassLoaderContext is a special shared library.
09-24 19:15:01.493 2201 4413 W Conscrypt: Could not set socket write timeout: java.net.SocketException: Socket closed
09-24 19:15:01.494 2201 4413 W Conscrypt: at com.google.android.gms.org.conscrypt.Platform.setSocketWriteTimeout(:com.google.android.gms@17786022@17.7.86 (040700-256199907):2)
09-24 19:15:01.494 2201 4413 W Conscrypt: at com.google.android.gms.org.conscrypt.ConscryptFileDescriptorSocket.setSoWriteTimeout(:com.google.android.gms@17786022@17.7.86 (040700-256199907):2)
09-24 19:15:01.495 6816 6816 I .android.video: The ClassLoaderContext is a special shared library.
09-24 19:15:01.526 2201 4413 W Conscrypt: Could not set socket write timeout: java.net.SocketException: Socket closed
09-24 19:15:01.526 2201 4413 W Conscrypt: at com.google.android.gms.org.conscrypt.Platform.setSocketWriteTimeout(:com.google.android.gms@17786022@17.7.86 (040700-256199907):2)
09-24 19:15:01.526 2201 4413 W Conscrypt: at com.google.android.gms.org.conscrypt.ConscryptFileDescriptorSocket.setSoWriteTimeout(:com.google.android.gms@17786022@17.7.86 (040700-256199907):2)
09-24 19:15:01.587 6816 6816 V MediaRouter: Selecting route: RouteInfo{ name=Phone, description=null, status=null, category=RouteCategory{ name=System types=ROUTE_TYPE_LIVE_AUDIO ROUTE_TYPE_LIVE_VIDEO groupable=false }, supportedTypes=ROUTE_TYPE_LIVE_AUDIO ROUTE_TYPE_LIVE_VIDEO , presentationDisplay=null }
09-24 19:15:01.589 6816 6816 W MediaSessionCompat: Couldn't find a unique registered media button receiver in the given context.
09-24 19:15:01.600 6816 6816 W PrimesInit: Primes instant initialization
09-24 19:15:01.601 6816 6857 W Primes : background initialization
09-24 19:15:01.602 6816 6816 W PlayMovies: VideosInitializer.initializeApp:31 Installer Package: null
09-24 19:15:01.602 6816 6816 W PlayMovies:
09-24 19:15:01.606 6816 6816 V MediaRouter: Selecting route: RouteInfo{ name=Phone, description=null, status=null, category=RouteCategory{ name=System types=ROUTE_TYPE_LIVE_AUDIO ROUTE_TYPE_LIVE_VIDEO groupable=false }, supportedTypes=ROUTE_TYPE_LIVE_AUDIO ROUTE_TYPE_LIVE_VIDEO , presentationDisplay=null }
09-24 19:15:01.607 3284 4379 I Finsky : [229] bez.a(1): Received content filters request from com.google.android.videos
09-24 19:15:01.608 6816 6857 I PrimesTesting: GserviceFlagsSupplier.get()
09-24 19:15:01.609 2041 5915 I WifiService: acquireWifiLock uid=10121 lockMode=3
09-24 19:15:01.616 2041 3279 I WifiService: releaseWifiLock uid=10121
09-24 19:15:01.617 2041 2156 E SupplicantStaIfaceHal: ISupplicantStaIface.setPowerSave failed: {.code = FAILURE_UNKNOWN, .debugMessage = }
09-24 19:15:01.636 2201 4041 I NetRec : [108] alff.a: Refreshing scores for 1 networks.
09-24 19:15:01.644 2201 4413 E Volley : [160] BasicNetwork.performRequest: Unexpected response code 404 for https://mobilenetworkscoring-pa.googleapis.com/v1/GetWifiQuality?key=AIzaSyBrlVtd67QvwS_Wz0Do4ZIdOeA6ThtVczU
09-24 19:15:01.644 2201 4171 W NetRec : [123] alff.a: Unexpected exception com.android.volley.ClientError while waiting for score updates (com.android.volley.ClientError). Returning 1.
09-24 19:15:01.646 2201 4171 I NetRec : [123] NetRecChimeraGcmTaskService.a: Still entries pending update, scheduling new refresh_scores_task refresh.
09-24 19:15:01.647 2201 4171 I NetRec : [123] NetRecChimeraGcmTaskService.a: Completed refresh_scores_task score refresh task in 169 ms, returning 1
09-24 19:15:01.652 2201 4416 W Conscrypt: Could not set socket write timeout: java.net.SocketException: Socket closed
09-24 19:15:01.652 2201 4416 W Conscrypt: at com.google.android.gms.org.conscrypt.Platform.setSocketWriteTimeout(:com.google.android.gms@17786022@17.7.86 (040700-256199907):2)
09-24 19:15:01.652 2201 4416 W Conscrypt: at com.google.android.gms.org.conscrypt.ConscryptFileDescriptorSocket.setSoWriteTimeout(:com.google.android.gms@17786022@17.7.86 (040700-256199907):2)
09-24 19:15:01.668 1796 2449 E GnssHAL_GnssInterface: gnssSvStatusCb: a: input svInfo.flags is 8
09-24 19:15:01.668 1796 2449 E GnssHAL_GnssInterface: gnssSvStatusCb: b: input svInfo.flags is 8
09-24 19:15:01.683 2201 4416 W Conscrypt: Could not set socket write timeout: java.net.SocketException: Socket closed
09-24 19:15:01.683 2201 4416 W Conscrypt: at com.google.android.gms.org.conscrypt.Platform.setSocketWriteTimeout(:com.google.android.gms@17786022@17.7.86 (040700-256199907):2)
09-24 19:15:01.683 2201 4416 W Conscrypt: at com.google.android.gms.org.conscrypt.ConscryptFileDescriptorSocket.setSoWriteTimeout(:com.google.android.gms@17786022@17.7.86 (040700-256199907):2)
09-24 19:15:01.800 2201 4416 E Volley : [163] BasicNetwork.performRequest: Unexpected response code 404 for https://mobilenetworkscoring-pa.googleapis.com/v1/GetWifiQuality?key=AIzaSyBrlVtd67QvwS_Wz0Do4ZIdOeA6ThtVczU
09-24 19:15:01.801 2201 4041 I NetRec : [108] alff.b: Will retry failed rapid_refresh_scores_task task as standard refresh.
09-24 19:15:01.807 2201 4041 W NetRec : [108] alff.a: Unexpected exception com.android.volley.ClientError while waiting for score updates (com.android.volley.ClientError). Returning 2.
09-24 19:15:01.809 2201 4041 I NetRec : [108] NetRecChimeraGcmTaskService.a: Still entries pending update, scheduling new rapid_refresh_scores_task refresh.
09-24 19:15:01.816 2201 4041 I NetRec : [108] NetRecChimeraGcmTaskService.a: Completed rapid_refresh_scores_task score refresh task in 180 ms, returning 2
09-24 19:15:02.252 2518 4511 I Icing : Indexing com.google.android.gms-apps from com.google.android.gms
09-24 19:15:02.267 2041 3280 I ActivityManager: Killing 6545:com.google.android.apps.pixelmigrate/u0a91 (adj 985): empty #17
09-24 19:15:02.302 3345 3475 W LocationOracle: No location history returned by ContextManager
09-24 19:15:02.309 3345 3577 W LocationOracle: No location history returned by ContextManager
09-24 19:15:02.312 3345 3811 E LocalNetworkId: Can not find ARP file or impossible to read file.
09-24 19:15:02.312 3345 3811 E LocalNetworkId: java.io.FileNotFoundException: proc/net/arp: open failed: EACCES (Permission denied)
09-24 19:15:02.312 3345 3811 E LocalNetworkId: at libcore.io.IoBridge.open(IoBridge.java:496)
09-24 19:15:02.312 3345 3811 E LocalNetworkId: at java.io.FileInputStream.(FileInputStream.java:159)
09-24 19:15:02.312 3345 3811 E LocalNetworkId: at java.io.FileReader.(FileReader.java:72)
09-24 19:15:02.312 3345 3811 E LocalNetworkId: at com.google.android.apps.gsa.search.core.google.a.q.b(SourceFile:71)
09-24 19:15:02.312 3345 3811 E LocalNetworkId: at com.google.android.apps.gsa.search.core.google.a.q.a(SourceFile:23)
09-24 19:15:02.312 3345 3811 E LocalNetworkId: at com.google.android.apps.gsa.staticplugins.g.g.a(Unknown Source:1)
09-24 19:15:02.312 3345 3811 E LocalNetworkId: at com.google.android.apps.gsa.v.d.a.d.call(Unknown Source:2)
09-24 19:15:02.312 3345 3811 E LocalNetworkId: at java.util.concurrent.FutureTask.run(FutureTask.java:266)
09-24 19:15:02.312 3345 3811 E LocalNetworkId: at com.google.android.apps.gsa.v.d.a.f.run(SourceFile:16)
09-24 19:15:02.312 3345 3811 E LocalNetworkId: at com.google.android.apps.gsa.v.d.a.n.run(Unknown Source:3)
09-24 19:15:02.312 3345 3811 E LocalNetworkId: at com.google.android.apps.gsa.shared.util.c.b.f.run(Unknown Source:3)
09-24 19:15:02.312 3345 3811 E LocalNetworkId: at com.google.android.apps.gsa.shared.util.c.b.bj.run(SourceFile:3)
09-24 19:15:02.312 3345 3811 E LocalNetworkId: at java.util.concurrent.ThreadPoolExecutor.runWorker(ThreadPoolExecutor.java:1167)
09-24 19:15:02.312 3345 3811 E LocalNetworkId: at java.util.concurrent.ThreadPoolExecutor$Worker.run(ThreadPoolExecutor.java:641)
09-24 19:15:02.312 3345 3811 E LocalNetworkId: at java.lang.Thread.run(Thread.java:919)
09-24 19:15:02.312 3345 3811 E LocalNetworkId: at com.google.android.apps.gsa.shared.util.c.b.m.run(SourceFile:6)
09-24 19:15:02.312 3345 3811 E LocalNetworkId: Caused by: android.system.ErrnoException: open failed: EACCES (Permission denied)
09-24 19:15:02.312 3345 3811 E LocalNetworkId: at libcore.io.Linux.open(Native Method)
09-24 19:15:02.312 3345 3811 E LocalNetworkId: at libcore.io.ForwardingOs.open(ForwardingOs.java:167)
09-24 19:15:02.312 3345 3811 E LocalNetworkId: at libcore.io.BlockGuardOs.open(BlockGuardOs.java:252)
09-24 19:15:02.312 3345 3811 E LocalNetworkId: at libcore.io.ForwardingOs.open(ForwardingOs.java:167)
09-24 19:15:02.312 3345 3811 E LocalNetworkId: at android.app.ActivityThread$AndroidOs.open(ActivityThread.java:7255)
09-24 19:15:02.312 3345 3811 E LocalNetworkId: at libcore.io.IoBridge.open(IoBridge.java:482)
09-24 19:15:02.312 3345 3811 E LocalNetworkId: ... 15 more
09-24 19:15:02.304 3345 3345 W UserFacing6: type=1400 audit(0.0:35): avc: denied { read } for name="arp" dev="proc" ino=4026532044 scontext=u:r:priv_app:s0:c512,c768 tcontext=u:object_r:proc_net:s0 tclass=file permissive=0
09-24 19:15:02.317 3345 3548 W CronetNetworkRqstWrppr: Upload request without a content type.
09-24 19:15:02.322 1780 1780 I Zygote : Process 6545 exited due to signal 9 (Killed)
09-24 19:15:02.324 2518 4511 I Icing : Indexing done com.google.android.gms-apps
09-24 19:15:02.335 2518 4511 I Icing : Indexing com.google.android.gms-apps from com.google.android.gms
09-24 19:15:02.335 2518 4511 I Icing : Indexing done com.google.android.gms-apps
09-24 19:15:02.352 2041 2073 I libprocessgroup: Successfully killed process cgroup uid 10091 pid 6545 in 83ms
09-24 19:15:02.366 3345 3809 W CDHeaderDataHandler: Invalid integer value "" in experiments IDs.
09-24 19:15:02.615 3345 6695 W ExifInterface: Invalid image: ExifInterface got an unsupported image format file(ExifInterface supports JPEG and some RAW image formats only) or a corrupted JPEG file to ExifInterface.
09-24 19:15:02.615 3345 6695 W ExifInterface: java.io.IOException: Invalid byte order: ffff8950
09-24 19:15:02.615 3345 6695 W ExifInterface: at android.media.ExifInterface.readByteOrder(ExifInterface.java:3121)
09-24 19:15:02.615 3345 6695 W ExifInterface: at android.media.ExifInterface.isOrfFormat(ExifInterface.java:2437)
09-24 19:15:02.615 3345 6695 W ExifInterface: at android.media.ExifInterface.getMimeType(ExifInterface.java:2315)
09-24 19:15:02.615 3345 6695 W ExifInterface: at android.media.ExifInterface.loadAttributes(ExifInterface.java:1753)
09-24 19:15:02.615 3345 6695 W ExifInterface: at android.media.ExifInterface.(ExifInterface.java:1447)
09-24 19:15:02.615 3345 6695 W ExifInterface: at com.bumptech.glide.load.d.a.ac.a(SourceFile:4)
09-24 19:15:02.615 3345 6695 W ExifInterface: at com.bumptech.glide.load.f.b(SourceFile:19)
09-24 19:15:02.615 3345 6695 W ExifInterface: at com.bumptech.glide.load.d.a.w.a(SourceFile:31)
09-24 19:15:02.615 3345 6695 W ExifInterface: at com.bumptech.glide.load.d.a.g.a(SourceFile:6)
09-24 19:15:02.615 3345 6695 W ExifInterface: at com.bumptech.glide.load.b.v.a(SourceFile:13)
09-24 19:15:02.615 3345 6695 W ExifInterface: at com.bumptech.glide.load.b.m.h(SourceFile:123)
09-24 19:15:02.615 3345 6695 W ExifInterface: at com.bumptech.glide.load.b.m.a(SourceFile:249)
09-24 19:15:02.615 3345 6695 W ExifInterface: at com.bumptech.glide.load.b.g.a(SourceFile:38)
09-24 19:15:02.615 3345 6695 W ExifInterface: at com.bumptech.glide.load.c.o.a(SourceFile:4)
09-24 19:15:02.615 3345 6695 W ExifInterface: at com.bumptech.glide.load.b.g.a(SourceFile:30)
09-24 19:15:02.615 3345 6695 W ExifInterface: at com.bumptech.glide.load.b.m.e(SourceFile:82)
09-24 19:15:02.615 3345 6695 W ExifInterface: at com.bumptech.glide.load.b.m.run(SourceFile:59)
09-24 19:15:02.615 3345 6695 W ExifInterface: at java.util.concurrent.ThreadPoolExecutor.runWorker(ThreadPoolExecutor.java:1167)
09-24 19:15:02.615 3345 6695 W ExifInterface: at java.util.concurrent.ThreadPoolExecutor$Worker.run(ThreadPoolExecutor.java:641)
09-24 19:15:02.615 3345 6695 W ExifInterface: at java.lang.Thread.run(Thread.java:919)
09-24 19:15:02.615 3345 6695 W ExifInterface: at com.bumptech.glide.load.b.c.d.run(SourceFile:9)
09-24 19:15:02.652 2780 3510 D ProtoStore: no cached data
09-24 19:15:02.668 1796 2449 E GnssHAL_GnssInterface: gnssSvStatusCb: a: input svInfo.flags is 8
09-24 19:15:02.668 1796 2449 E GnssHAL_GnssInterface: gnssSvStatusCb: b: input svInfo.flags is 8
09-24 19:15:02.731 2041 2041 I RoleManagerService: Granting default permissions...
09-24 19:15:02.745 2465 2465 D CarrierSvcBindHelper: No carrier app for: 0
09-24 19:15:02.759 2518 4561 I Icing : IndexChimeraService.getServiceInterface callingPackage=com.google.android.gms componentName=AppsCorpus serviceId=36
09-24 19:15:02.759 2518 3789 I Icing : IndexChimeraService.getServiceInterface callingPackage=com.google.android.gms componentName=AppsCorpus serviceId=32
09-24 19:15:02.764 2465 2465 D CarrierSvcBindHelper: No carrier app for: 0
09-24 19:15:02.784 2518 5081 I Icing : Usage reports ok 0, Failed Usage reports 0, indexed 0, rejected 0
09-24 19:15:02.786 2518 5081 I Icing : updateResources: need to parse acsi{com.google.android.gms}
09-24 19:15:02.791 2041 2068 E system_server: No package ID 7f found for ID 0x7f080281.
09-24 19:15:02.791 2041 2068 E system_server: No package ID 7f found for ID 0x7f19000b.
09-24 19:15:02.791 2041 2142 I InputReader: Reconfiguring input devices. changes=0x00000010
09-24 19:15:02.805 2041 2142 I InputReader: Reconfiguring input devices. changes=0x00000010
09-24 19:15:02.823 2518 4561 I Icing : IndexChimeraService.getServiceInterface callingPackage=com.google.android.gms componentName=AppsCorpus serviceId=36
09-24 19:15:02.824 2518 4561 I Icing : IndexChimeraService.getServiceInterface callingPackage=com.google.android.gms componentName=AppsCorpus serviceId=32
09-24 19:15:02.827 2518 5081 I Icing : Usage reports ok 0, Failed Usage reports 0, indexed 0, rejected 0
09-24 19:15:02.838 2041 2041 I Telecom : DefaultDialerCache: Refreshing default dialer for user 0: now com.android.dialer: CM.CCCR->CM.UECNT->CM.CCCR->CM.UECNT@ADk
09-24 19:15:02.846 2041 2041 I RoleManagerService: Granting default permissions...
09-24 19:15:02.859 2041 2041 I Telecom : DefaultDialerCache: Refreshing default dialer for user 0: now com.android.dialer: CM.CCCR->CM.UECNT->CM.CCCR->CM.UECNT@ADk
09-24 19:15:03.096 2041 2068 I RoleUserState: Wrote roles.xml successfully
09-24 19:15:02.832 2518 5081 I chatty : uid=10098(com.google.android.gms) lowpool[9] identical 1 line
09-24 19:15:02.836 2518 5081 I Icing : Usage reports ok 0, Failed Usage reports 0, indexed 0, rejected 0
09-24 19:15:03.415 1786 1893 W audio_hw_generic: Not supplying enough data to HAL, expected position 680651 , only wrote 478564
09-24 19:15:03.662 2518 6805 W ModuleInitIntentOp: Dropping unexpected action com.google.android.gms.phenotype.COMMITTED
09-24 19:15:03.668 1796 2449 E GnssHAL_GnssInterface: gnssSvStatusCb: a: input svInfo.flags is 8
09-24 19:15:03.668 1796 2449 E GnssHAL_GnssInterface: gnssSvStatusCb: b: input svInfo.flags is 8
09-24 19:15:03.686 2201 3985 I PTCommittedOperation: Receive new configuration for com.google.android.gms.people
09-24 19:15:03.825 2518 4511 I Icing : Indexing com.google.android.gms-apps from com.google.android.gms
09-24 19:15:03.858 2518 4511 I Icing : Indexing done com.google.android.gms-apps
09-24 19:15:04.668 1796 2449 E GnssHAL_GnssInterface: gnssSvStatusCb: a: input svInfo.flags is 8
09-24 19:15:04.668 1796 2449 E GnssHAL_GnssInterface: gnssSvStatusCb: b: input svInfo.flags is 8
09-24 19:15:04.693 2041 2068 E memtrack: Couldn't load memtrack module
09-24 19:15:04.693 2041 2068 W android.os.Debug: failed to get memory consumption info: -1
09-24 19:15:04.697 3284 3284 I Finsky : [2] com.google.android.finsky.download.DownloadBroadcastReceiver.b(1): Intent received at DownloadBroadcastReceiver
09-24 19:15:04.707 3284 3284 I Finsky : [2] hrn.a(5): com.android.vending from 2 to 3.
09-24 19:15:04.707 3284 3284 I Finsky : [2] hry.e(8): com.android.vending: onComplete
09-24 19:15:04.707 2041 2068 E memtrack: Couldn't load memtrack module
09-24 19:15:04.707 2041 2068 W android.os.Debug: failed to get memory consumption info: -1
09-24 19:15:04.707 3284 3284 I Finsky : [2] hry.i(1): Download com.android.vending removed from DownloadQueue
09-24 19:15:04.717 3284 3284 I Finsky : [2] qdx.onPostExecute(10): Self-update ready to be installed, waiting for market to close.
09-24 19:15:05.299 2041 2068 E memtrack: Couldn't load memtrack module
09-24 19:15:05.299 2041 2068 W android.os.Debug: failed to get memory consumption info: -1