09-24 19:14:50.750 3284 3284 I Finsky : [2] pvm.a(22): Running job: 10-11
09-24 19:14:50.751 3284 3284 I Finsky : [2] pvp.handleMessage(84): RunningQueue size: 4, PendingQueue size: 27
09-24 19:14:50.751 3284 3284 I Finsky : [2] pvp.handleMessage(93): Running queue: 10-3 10-8 10-10 10-11
09-24 19:14:50.758 3284 6532 I Finsky : [263] pxa.a(9): jobFinished: 10-10. TimeElapsed: 288ms
09-24 19:14:50.758 3284 3284 I Finsky : [2] pvm.c(3): Job 10-10 finished
09-24 19:14:50.759 3284 3284 I Finsky : [2] pvm.a(22): Running job: 10-12
09-24 19:14:50.759 3284 3284 I Finsky : [2] pvp.handleMessage(84): RunningQueue size: 4, PendingQueue size: 26
09-24 19:14:50.759 3284 3284 I Finsky : [2] pvp.handleMessage(93): Running queue: 10-3 10-8 10-11 10-12
09-24 19:14:50.760 3284 6532 I Finsky : [263] com.google.android.finsky.splitinstallservice.SplitInstallCleanerHygieneJob.a(3): Running split install cleaner
09-24 19:14:50.771 6545 6545 I ps.pixelmigrat: The ClassLoaderContext is a special shared library.
09-24 19:14:50.783 3284 6532 I Finsky : [263] com.google.android.finsky.splitinstallservice.SplitInstallCleanerHygieneJob.a(18): Removed 0 obsolete sessions.
09-24 19:14:50.801 3284 6532 I Finsky : [263] pxa.a(9): jobFinished: 10-11. TimeElapsed: 50ms
09-24 19:14:50.801 3284 3284 I Finsky : [2] pvm.c(3): Job 10-11 finished
09-24 19:14:50.801 3284 3284 I Finsky : [2] pvm.a(22): Running job: 10-14
09-24 19:14:50.801 3284 3284 I Finsky : [2] pvp.handleMessage(84): RunningQueue size: 4, PendingQueue size: 25
09-24 19:14:50.801 3284 3284 I Finsky : [2] pvp.handleMessage(93): Running queue: 10-3 10-8 10-12 10-14
09-24 19:14:50.802 3284 3591 I PlayCommon: [193] adhr.d(23): Preparing logs for uploading
09-24 19:14:50.803 3284 3591 I PlayCommon: [193] adhr.d(216): Connecting to server for timestamp: https://play.googleapis.com/play/log/timestamp
09-24 19:14:50.829 6545 6573 W ps.pixelmigrat: Unsupported class loader
09-24 19:14:50.831 6545 6573 I DynamiteModule: Considering local module com.google.android.gms.flags:3 and remote module com.google.android.gms.flags:3
09-24 19:14:50.831 6545 6573 I DynamiteModule: Selected local version of com.google.android.gms.flags
09-24 19:14:50.852 6545 6573 W DynamiteModule: Local module descriptor class for com.google.android.gms.crash not found.
09-24 19:14:50.857 6545 6573 I DynamiteModule: Considering local module com.google.android.gms.crash:0 and remote module com.google.android.gms.crash:215
09-24 19:14:50.857 6545 6573 I DynamiteModule: Selected remote version of com.google.android.gms.crash, version >= 215
09-24 19:14:50.857 6545 6573 V DynamiteModule: Dynamite loader version >= 2, using loadModule2NoCrashUtils
09-24 19:14:50.859 6509 6537 W native : cpu_feature_guard.cc:35 The TensorFlow library was compiled to use SSE instructions, but these aren't available on your machine.
09-24 19:14:50.859 6509 6537 W native : cpu_feature_guard.cc:35 The TensorFlow library was compiled to use SSE2 instructions, but these aren't available on your machine.
09-24 19:14:50.859 6509 6537 W native : cpu_feature_guard.cc:35 The TensorFlow library was compiled to use SSE3 instructions, but these aren't available on your machine.
09-24 19:14:50.860 6509 6537 W native : commandlineflags.cc:976 Ignoring RegisterValidateFunction() for flag pointer 0xca673c7c: no flag found at that address
09-24 19:14:50.866 2201 3976 I aofg : updateFromConfigurations DeviceConfig for package storage [CONTEXT service_id=204 ]
09-24 19:14:50.866 2041 2041 V SettingsProvider: Notifying for 0: content://settings/config/storage/Phenotype_flags
09-24 19:14:50.872 2041 2041 D StorageManagerService: Isolated storage local flag 0 and remote flag 0 resolved to true
09-24 19:14:50.875 2041 2041 V SettingsProvider: Notifying for 0: content://settings/config/storage/Phenotype_flags
09-24 19:14:50.875 2041 2041 D StorageManagerService: Isolated storage local flag 0 and remote flag 0 resolved to true
09-24 19:14:50.878 6545 6573 I ps.pixelmigrat: The ClassLoaderContext is a special shared library.
09-24 19:14:50.881 6545 6573 I FirebaseCrashApiImpl: FirebaseCrashApiImpl created by ClassLoader dalvik.system.DelegateLastClassLoader[DexPathList[[zip file "/system/product/priv-app/PrebuiltGmsCore/app_chimera/m/PrebuiltGmsCore_DynamiteModulesC.apk"],nativeLibraryDirectories=[/data/user_de/0/com.google.android.gms/app_chimera/m/00000004/n/x86, /system/lib, /system/product/lib]]]
09-24 19:14:50.881 6545 6573 I FirebaseCrash: FirebaseCrash reporting loaded - dwq@24c731
09-24 19:14:50.887 6545 6574 I DynamiteModule: Considering local module com.google.android.gms.flags:3 and remote module com.google.android.gms.flags:3
09-24 19:14:50.887 6545 6574 I DynamiteModule: Selected local version of com.google.android.gms.flags
09-24 19:14:50.887 2041 3593 I ActivityManager: Killing 3893:com.google.android.apps.photos/u0a117 (adj 995): empty #17
09-24 19:14:50.890 6545 6574 W DynamiteModule: Local module descriptor class for com.google.android.gms.crash not found.
09-24 19:14:50.890 5830 5830 D GH.AutoPhenotypeFlags: Refreshing flag-values from Phenotype
09-24 19:14:50.910 6545 6574 I FirebaseCrashApiImpl: FirebaseCrash reporting API initialized
09-24 19:14:50.910 6545 6574 I FirebaseCrash: FirebaseCrash reporting initialized dwq@24c731
09-24 19:14:50.919 6545 6574 W FirebaseCrashAnalytics: Unable to log event, missing Google Analytics for Firebase library
09-24 19:14:50.923 1780 1780 D Zygote : Forked child process 6583
09-24 19:14:50.924 2041 2072 I ActivityManager: Start proc 6583:com.google.android.configupdater/u0a103 for broadcast {com.google.android.configupdater/com.google.android.configupdater.PhenotypeBroadcastReceiver}
09-24 19:14:50.926 6583 6583 W d.configupdate: Unexpected CPU variant for X86 using defaults: x86
09-24 19:14:50.928 6583 6583 E d.configupdate: Not starting debugger since process cannot load the jdwp agent.
09-24 19:14:50.937 6509 6537 W native : commandlineflags.cc:976 Ignoring RegisterValidateFunction() for flag pointer 0xc9caa9ec: no flag found at that address
09-24 19:14:50.954 6583 6583 D ApplicationLoaders: Returning zygote-cached class loader: /system/framework/android.hidl.base-V1.0-java.jar
09-24 19:14:50.954 6583 6583 D ApplicationLoaders: Returning zygote-cached class loader: /system/framework/android.hidl.manager-V1.0-java.jar
09-24 19:14:50.954 6583 6583 D ApplicationLoaders: Returning zygote-cached class loader: /system/framework/android.hidl.base-V1.0-java.jar
09-24 19:14:50.960 6583 6583 I d.configupdate: The ClassLoaderContext is a special shared library.
09-24 19:14:50.976 1780 1780 I Zygote : Process 3893 exited due to signal 9 (Killed)
09-24 19:14:50.978 3284 3591 W PlayCommon: [193] adhr.a(1): No account for auth token provided
09-24 19:14:50.978 3284 3591 I PlayCommon: [193] adhr.d(125): Connecting to server: https://play.googleapis.com/play/log?format=raw&proto_v2=true
09-24 19:14:51.017 2041 2073 I libprocessgroup: Successfully killed process cgroup uid 10117 pid 3893 in 129ms
09-24 19:14:51.024 2041 2041 I RoleManagerService: Granting default permissions...
09-24 19:14:51.044 6509 6537 W native : commandlineflags.cc:976 Ignoring RegisterValidateFunction() for flag pointer 0xc9b9e81c: no flag found at that address
09-24 19:14:51.057 2465 2465 D CarrierSvcBindHelper: No carrier app for: 0
09-24 19:14:51.063 2041 2327 I ActivityManager: Killing 5767:com.google.android.onetimeinitializer/u0a107 (adj 995): empty #17
09-24 19:14:51.074 3284 3591 I PlayCommon: [193] adhr.d(173): Successfully uploaded logs.
09-24 19:14:51.075 3284 6532 I Finsky : [263] pxa.a(9): jobFinished: 10-12. TimeElapsed: 316ms
09-24 19:14:51.075 3284 3284 I Finsky : [2] pvm.c(3): Job 10-12 finished
09-24 19:14:51.076 3284 3284 I Finsky : [2] pvm.a(22): Running job: 10-15
09-24 19:14:51.076 3284 3284 I Finsky : [2] pvp.handleMessage(84): RunningQueue size: 4, PendingQueue size: 24
09-24 19:14:51.076 3284 3284 I Finsky : [2] pvp.handleMessage(93): Running queue: 10-3 10-8 10-14 10-15
09-24 19:14:51.082 3284 6532 I Finsky : [263] pxa.a(9): jobFinished: 10-14. TimeElapsed: 281ms
09-24 19:14:51.082 3284 3284 I Finsky : [2] pvm.c(3): Job 10-14 finished
09-24 19:14:51.083 3284 3284 I Finsky : [2] pvm.a(22): Running job: 10-18
09-24 19:14:51.083 3284 3284 I Finsky : [2] pvp.handleMessage(84): RunningQueue size: 4, PendingQueue size: 23
09-24 19:14:51.083 3284 3284 I Finsky : [2] pvp.handleMessage(93): Running queue: 10-3 10-8 10-15 10-18
09-24 19:14:51.083 3284 6532 I Finsky : [263] pxa.a(9): jobFinished: 10-15. TimeElapsed: 8ms
09-24 19:14:51.084 3284 3284 I Finsky : [2] pvm.c(3): Job 10-15 finished
09-24 19:14:51.084 3284 3284 I Finsky : [2] pvm.a(22): Running job: 10-20
09-24 19:14:51.084 3284 3284 I Finsky : [2] pvp.handleMessage(84): RunningQueue size: 4, PendingQueue size: 22
09-24 19:14:51.084 3284 3284 I Finsky : [2] pvp.handleMessage(93): Running queue: 10-3 10-8 10-18 10-20
09-24 19:14:51.101 2465 2465 D CarrierSvcBindHelper: No carrier app for: 0
09-24 19:14:51.115 2465 2465 D CarrierSvcBindHelper: No carrier app for: 0
09-24 19:14:51.118 3284 6532 I Finsky : [263] pxa.a(9): jobFinished: 10-18. TimeElapsed: 35ms
09-24 19:14:51.119 3284 3284 I Finsky : [2] pvm.c(3): Job 10-18 finished
09-24 19:14:51.119 3284 3284 I Finsky : [2] pvm.a(22): Running job: 10-22
09-24 19:14:51.120 3284 3284 I Finsky : [2] pvp.handleMessage(84): RunningQueue size: 4, PendingQueue size: 21
09-24 19:14:51.121 3284 6532 I Finsky : [263] com.google.android.finsky.setup.DeferredVpaNotificationHygieneJob.a(9): Should show PAI step because required PAIs not yet processed
09-24 19:14:51.126 3284 3284 I Finsky : [2] pvp.handleMessage(93): Running queue: 10-3 10-8 10-20 10-22
09-24 19:14:51.135 2465 2465 D CarrierSvcBindHelper: No carrier app for: 0
09-24 19:14:51.137 3284 3284 I Finsky : [2] com.google.android.finsky.setup.VpaService.onStartCommand(2): VpaService is called for vpaservice://startvpafordeferredsetupnotification (pending launches = 0)
09-24 19:14:51.139 2465 2465 D CarrierSvcBindHelper: No carrier app for: 0
09-24 19:14:51.141 3284 3284 W Finsky : [2] cwl.a(19): For unauth, use getDfeApiNonAuthenticated() instead!
09-24 19:14:51.149 2465 2465 D CarrierSvcBindHelper: No carrier app for: 0
09-24 19:14:51.157 6509 6537 W native : commandlineflags.cc:976 Ignoring RegisterValidateFunction() for flag pointer 0xc99ed85c: no flag found at that address
09-24 19:14:51.172 1780 1780 I Zygote : Process 5767 exited due to signal 9 (Killed)
09-24 19:14:51.178 3284 6532 I Finsky : [263] pxa.a(9): jobFinished: 10-20. TimeElapsed: 93ms
09-24 19:14:51.178 3284 3284 I Finsky : [2] pvm.c(3): Job 10-20 finished
09-24 19:14:51.179 3284 3284 I Finsky : [2] pvm.a(22): Running job: 10-26
09-24 19:14:51.179 2465 2465 D CarrierSvcBindHelper: No carrier app for: 0
09-24 19:14:51.179 3284 3284 I Finsky : [2] pvp.handleMessage(84): RunningQueue size: 4, PendingQueue size: 20
09-24 19:14:51.179 3284 3284 I Finsky : [2] pvp.handleMessage(93): Running queue: 10-3 10-8 10-22 10-26
09-24 19:14:51.182 2041 2073 I libprocessgroup: Successfully killed process cgroup uid 10107 pid 5767 in 118ms
09-24 19:14:51.183 2518 4510 I Icing : IndexChimeraService.getServiceInterface callingPackage=com.google.android.gms componentName=AppsCorpus serviceId=36
09-24 19:14:51.186 2518 3789 I Icing : IndexChimeraService.getServiceInterface callingPackage=com.google.android.gms componentName=AppsCorpus serviceId=32
09-24 19:14:51.192 3284 6532 I Finsky : [263] pxa.a(9): jobFinished: 10-22. TimeElapsed: 73ms
09-24 19:14:51.192 3284 6532 I Finsky : [263] pxa.a(9): jobFinished: 10-22. TimeElapsed: 73ms
09-24 19:14:51.193 3284 3284 I Finsky : [2] pvm.c(3): Job 10-22 finished
09-24 19:14:51.193 3284 6532 I Finsky : [263] pxa.a(9): jobFinished: 10-26. TimeElapsed: 14ms
09-24 19:14:51.193 3284 3284 I Finsky : [2] pvm.c(3): Job 10-26 finished
09-24 19:14:51.193 2465 2465 D CarrierSvcBindHelper: No carrier app for: 0
09-24 19:14:51.193 3284 3284 I Finsky : [2] pvm.a(22): Running job: 10-29
09-24 19:14:51.195 3284 3284 I Finsky : [2] pvm.a(22): Running job: 10-30
09-24 19:14:51.198 3284 3284 I Finsky : [2] pvp.handleMessage(84): RunningQueue size: 4, PendingQueue size: 18
09-24 19:14:51.198 3284 3284 I Finsky : [2] pvp.handleMessage(93): Running queue: 10-3 10-8 10-29 10-30
09-24 19:14:51.198 3284 3284 I Finsky : [2] pvp.handleMessage(94): Running maximum number of jobs: 4
09-24 19:14:51.208 3284 6532 I Finsky : [263] pxa.a(9): jobFinished: 10-29. TimeElapsed: 14ms
09-24 19:14:51.208 3284 3284 I Finsky : [2] pvm.c(3): Job 10-29 finished
09-24 19:14:51.213 2465 2465 D CarrierSvcBindHelper: No carrier app for: 0
09-24 19:14:51.227 3284 6532 I Finsky : [263] pxa.a(9): jobFinished: 10-30. TimeElapsed: 13ms
09-24 19:14:51.228 3284 3284 I Finsky : [2] pvm.a(22): Running job: 10-32
09-24 19:14:51.239 3284 3284 I Finsky : [2] pvp.handleMessage(84): RunningQueue size: 4, PendingQueue size: 17
09-24 19:14:51.243 3284 3284 I Finsky : [2] pvp.handleMessage(93): Running queue: 10-3 10-8 10-30 10-32
09-24 19:14:51.243 3284 3284 I Finsky : [2] pvm.c(3): Job 10-30 finished
09-24 19:14:51.245 3284 3284 I Finsky : [2] pvm.a(22): Running job: 10-33
09-24 19:14:51.252 3284 3284 I Finsky : [2] pvp.handleMessage(84): RunningQueue size: 4, PendingQueue size: 16
09-24 19:14:51.252 3284 3284 I Finsky : [2] pvp.handleMessage(93): Running queue: 10-3 10-8 10-32 10-33
09-24 19:14:51.265 2041 2068 E system_server: No package ID 7f found for ID 0x7f0203f6.
09-24 19:14:51.265 2041 2068 E system_server: No package ID 7f found for ID 0x7f13080c.
09-24 19:14:51.265 2041 2068 E system_server: No package ID 7f found for ID 0x7f0203f8.
09-24 19:14:51.265 2041 2068 E system_server: No package ID 7f found for ID 0x7f13086b.
09-24 19:14:51.265 2041 2068 E system_server: No package ID 7f found for ID 0x7f0203fa.
09-24 19:14:51.265 2041 2068 E system_server: No package ID 7f found for ID 0x7f1308b0.
09-24 19:14:51.271 2780 3481 W QsbUiManager: Doodle is not valid.
09-24 19:14:51.271 2780 3481 W QsbUiManager: Doodle bitmap is not valid.
09-24 19:14:51.290 2518 2948 I MS_Utils: version of com.google.android.apps.maps = 1016701040
09-24 19:14:51.302 2518 5081 I Icing : Usage reports ok 1, Failed Usage reports 0, indexed 0, rejected 0
09-24 19:14:51.312 2041 2142 I InputReader: Reconfiguring input devices. changes=0x00000010
09-24 19:14:51.328 2518 5081 I Icing : Usage reports ok 0, Failed Usage reports 0, indexed 0, rejected 0
09-24 19:14:51.346 2041 2142 I InputReader: Reconfiguring input devices. changes=0x00000010
09-24 19:14:51.361 2041 2041 W Looper : Slow dispatch took 337ms main h=android.app.ActivityThread$H c=android.app.-$$Lambda$LoadedApk$ReceiverDispatcher$Args$_BumDX2UKsnxLVrE6UJsJZkotuA@24ad3f8 m=0
09-24 19:14:51.361 2041 2041 W Looper : Slow delivery took 343ms main h=android.app.ActivityThread$H c=android.app.-$$Lambda$LoadedApk$ReceiverDispatcher$Args$_BumDX2UKsnxLVrE6UJsJZkotuA@4200d1 m=0
09-24 19:14:51.356 2041 2142 I chatty : uid=1000(system) InputReader identical 1 line
09-24 19:14:51.360 2041 2142 I InputReader: Reconfiguring input devices. changes=0x00000010
09-24 19:14:51.364 2041 2054 I system_server: Background concurrent copying GC freed 144171(7472KB) AllocSpace objects, 37(1536KB) LOS objects, 31% free, 13MB/19MB, paused 49us total 342.445ms
09-24 19:14:51.371 2041 2142 I InputReader: Reconfiguring input devices. changes=0x00000010
09-24 19:14:51.396 2518 4510 I Icing : IndexChimeraService.getServiceInterface callingPackage=com.google.android.gms componentName=AppsCorpus serviceId=32
09-24 19:14:51.396 2518 3789 I Icing : IndexChimeraService.getServiceInterface callingPackage=com.google.android.gms componentName=AppsCorpus serviceId=36
09-24 19:14:51.404 1786 1893 W audio_hw_generic: Not supplying enough data to HAL, expected position 411277 , only wrote 274976
09-24 19:14:51.406 2518 5081 I Icing : updateResources: need to parse acsi{com.google.android.gms}
09-24 19:14:51.474 2041 2041 W Looper : Slow dispatch took 102ms main h=android.app.ActivityThread$H c=android.app.-$$Lambda$LoadedApk$ReceiverDispatcher$Args$_BumDX2UKsnxLVrE6UJsJZkotuA@b7dafe9 m=0
09-24 19:14:51.476 2041 2041 I Telecom : DefaultDialerCache: Refreshing default dialer for user 0: now com.android.dialer: CM.CCCR->CM.UECNT->CM.CCCR->CM.UECNT@ADk
09-24 19:14:51.499 3345 3548 W PhenotypeToGsaConfigs: Can't format flag AndroidGsaVelourJars__velour_birthdaydoodle_jar__name to integer.
09-24 19:14:51.499 3345 3548 W PhenotypeToGsaConfigs: Can't format flag AndroidGsaVelourJars__velour_call_jar__name to integer.
09-24 19:14:51.499 3345 3548 W PhenotypeToGsaConfigs: Can't format flag AndroidGsaVelourJars__velour_canvas_jar__name to integer.
09-24 19:14:51.499 3345 3548 W PhenotypeToGsaConfigs: Can't format flag AndroidGsaVelourJars__velour_chkpkg_jar__name to integer.
09-24 19:14:51.499 3345 3548 W PhenotypeToGsaConfigs: Can't format flag AndroidGsaVelourJars__velour_crashtest_jar__name to integer.
09-24 19:14:51.499 3345 3548 W PhenotypeToGsaConfigs: Can't format flag AndroidGsaVelourJars__velour_dining_jar__name to integer.
09-24 19:14:51.499 3345 3548 W PhenotypeToGsaConfigs: Can't format flag AndroidGsaVelourJars__velour_doodle_notifications_jar__name to integer.
09-24 19:14:51.499 3345 3548 W PhenotypeToGsaConfigs: Can't format flag AndroidGsaVelourJars__velour_imageviewer_jar__name to integer.
09-24 19:14:51.499 3345 3548 W PhenotypeToGsaConfigs: Can't format flag AndroidGsaVelourJars__velour_ipa_jar__name to integer.
09-24 19:14:51.499 3345 3548 W PhenotypeToGsaConfigs: Can't format flag AndroidGsaVelourJars__velour_jslocation_jar__name to integer.
09-24 19:14:51.499 3345 3548 W PhenotypeToGsaConfigs: Can't format flag AndroidGsaVelourJars__velour_localintent_jar__name to integer.
09-24 19:14:51.499 3345 3548 W PhenotypeToGsaConfigs: Can't format flag AndroidGsaVelourJars__velour_messaging_jar__name to integer.
09-24 19:14:51.499 3345 3548 W PhenotypeToGsaConfigs: Can't format flag AndroidGsaVelourJars__velour_nativesrp_activity_jar__name to integer.
09-24 19:14:51.499 3345 3548 W PhenotypeToGsaConfigs: Can't format flag AndroidGsaVelourJars__velour_nativesrp_presenter_jar__name to integer.
09-24 19:14:51.499 3345 3548 W PhenotypeToGsaConfigs: Can't format flag AndroidGsaVelourJars__velour_nowcontent_jar__name to integer.
09-24 19:14:51.499 3345 3548 W PhenotypeToGsaConfigs: Can't format flag AndroidGsaVelourJars__velour_recents_activity_jar__name to integer.
09-24 19:14:51.499 3345 3548 W PhenotypeToGsaConfigs: Can't format flag AndroidGsaVelourJars__velour_save_jar__name to integer.
09-24 19:14:51.499 3345 3548 W PhenotypeToGsaConfigs: Can't format flag AndroidGsaVelourJars__velour_searchresults_activity_jar__name to integer.
09-24 19:14:51.499 3345 3548 W PhenotypeToGsaConfigs: Can't format flag AndroidGsaVelourJars__velour_test_jar__name to integer.
09-24 19:14:51.499 3345 3548 W PhenotypeToGsaConfigs: Can't format flag AndroidGsaVelourJars__velour_weather_jar__name to integer.
09-24 19:14:51.499 3345 3548 W PhenotypeToGsaConfigs: Can't format flag bindle_flags__bloblobber_blob to integer.
09-24 19:14:51.499 3345 3548 W PhenotypeToGsaConfigs: Can't format flag bindle_flags__velour_jar to integer.
09-24 19:14:51.579 6545 6545 I Pixelmigrate: [PhenotypeSyncHelper] Phenotype flags updated successfully.
09-24 19:14:51.587 3345 3584 I ModelDownloadListener: Schdedule model download
09-24 19:14:51.589 2518 5081 I Icing : Usage reports ok 0, Failed Usage reports 0, indexed 0, rejected 0
09-24 19:14:51.567 2041 2041 I chatty : uid=1000 system_server identical 7 lines
09-24 19:14:51.577 2041 2041 I Telecom : DefaultDialerCache: Refreshing default dialer for user 0: now com.android.dialer: CM.CCCR->CM.UECNT->CM.CCCR->CM.UECNT@ADk
09-24 19:14:51.597 2041 2041 W Looper : Drained
09-24 19:14:51.598 3345 3345 I BgTaskExecutorImpl: Starting EXCLUSIVE background task UPDATE_HOTWORD_MODELS.
09-24 19:14:51.606 3345 3475 I ModelDownloadController: requestHotwordModelUpdate modelType-OK_HEY_GOOGLE modelLocale-en-US
09-24 19:14:51.606 3345 3475 I ModelDownloadController: #requestHotwordModelDownload
09-24 19:14:51.606 3345 3475 I ModelDownloadController: Model download canceled - previously pending request found
09-24 19:14:51.606 3345 3475 I ModelDownloadController: Model download failed
09-24 19:14:51.607 3345 3463 W SearchServiceCore: Abort, client detached.
09-24 19:14:51.607 3345 3463 I chatty : uid=10104(com.google.android.googlequicksearchbox) EventBus0 identical 1 line
09-24 19:14:51.607 3345 3463 W SearchServiceCore: Abort, client detached.
09-24 19:14:51.611 2518 5081 I Icing : Usage reports ok 0, Failed Usage reports 0, indexed 0, rejected 0
09-24 19:14:51.627 3345 3584 I EngineIdGenerator: Refusing EXCLUSIVE task INTERNAL_PERIODIC_TASK_SYNC, it is already pending. Try again in 348 seconds.
09-24 19:14:51.630 3345 3584 I OpaEligibilityChecker: send OpaEligibilityChange broadcast to CommonBroadcastReceiver
09-24 19:14:51.657 2518 3789 I Icing : IndexChimeraService.getServiceInterface callingPackage=com.google.android.googlequicksearchbox componentName=agsa_icing_connection serviceId=33
09-24 19:14:51.666 1796 2449 E GnssHAL_GnssInterface: gnssSvStatusCb: a: input svInfo.flags is 8
09-24 19:14:51.666 1796 2449 E GnssHAL_GnssInterface: gnssSvStatusCb: b: input svInfo.flags is 8
09-24 19:14:51.669 2518 4510 I Icing : IndexChimeraService.getServiceInterface callingPackage=com.google.android.googlequicksearchbox componentName=agsa_icing_connection serviceId=32
09-24 19:14:51.681 2518 4510 I Icing : IndexChimeraService.getServiceInterface callingPackage=com.google.android.gms componentName=AppsCorpus serviceId=36
09-24 19:14:51.681 2518 3698 I Icing : IndexChimeraService.getServiceInterface callingPackage=com.google.android.gms componentName=AppsCorpus serviceId=32
09-24 19:14:51.700 2041 2068 E system_server: No package ID 7f found for ID 0x7f080281.
09-24 19:14:51.700 2041 2068 E system_server: No package ID 7f found for ID 0x7f19000b.
09-24 19:14:51.705 2518 5081 I Icing : Usage reports ok 0, Failed Usage reports 0, indexed 0, rejected 0
09-24 19:14:51.714 2518 5081 I chatty : uid=10098(com.google.android.gms) lowpool[9] identical 1 line
09-24 19:14:51.720 2518 5081 I Icing : Usage reports ok 0, Failed Usage reports 0, indexed 0, rejected 0
09-24 19:14:51.731 2041 2068 E system_server: No package ID 7f found for ID 0x7f0803a7.
09-24 19:14:51.731 2041 2068 E system_server: No package ID 7f found for ID 0x7f180002.
09-24 19:14:51.731 2041 2068 E system_server: No package ID 7f found for ID 0x7f080445.
09-24 19:14:51.731 2041 2068 E system_server: No package ID 7f found for ID 0x7f180009.
09-24 19:14:51.746 2518 5081 I Icing : Usage reports ok 0, Failed Usage reports 0, indexed 0, rejected 0
09-24 19:14:51.788 2518 3789 I Icing : IndexChimeraService.getServiceInterface callingPackage=com.google.android.gms componentName=AppsCorpus serviceId=32
09-24 19:14:51.791 2518 3698 I Icing : IndexChimeraService.getServiceInterface callingPackage=com.google.android.gms componentName=AppsCorpus serviceId=36
09-24 19:14:51.804 2518 4511 I Icing : Usage reports ok 0, Failed Usage reports 0, indexed 0, rejected 0
09-24 19:14:51.815 2518 4511 I Icing : Usage reports ok 0, Failed Usage reports 0, indexed 0, rejected 0
09-24 19:14:51.821 2518 3698 I Icing : IndexChimeraService.getServiceInterface callingPackage=com.google.android.gms componentName=AppsCorpus serviceId=36
09-24 19:14:51.822 2518 4510 I Icing : IndexChimeraService.getServiceInterface callingPackage=com.google.android.gms componentName=AppsCorpus serviceId=32
09-24 19:14:51.823 2041 2068 E system_server: No package ID 7f found for ID 0x7f020117.
09-24 19:14:51.823 2041 2068 E system_server: No package ID 7f found for ID 0x7f13034f.
09-24 19:14:51.823 2041 2068 E system_server: No package ID 7f found for ID 0x7f13034c.
09-24 19:14:51.823 2041 2068 E system_server: No package ID 7f found for ID 0x7f020119.
09-24 19:14:51.823 2041 2068 E system_server: No package ID 7f found for ID 0x7f130350.
09-24 19:14:51.823 2041 2068 E system_server: No package ID 7f found for ID 0x7f13034d.
09-24 19:14:51.823 2041 2068 E system_server: No package ID 7f found for ID 0x7f02011b.
09-24 19:14:51.823 2041 2068 E system_server: No package ID 7f found for ID 0x7f130351.
09-24 19:14:51.823 2041 2068 E system_server: No package ID 7f found for ID 0x7f13034e.
09-24 19:14:51.832 2518 3860 I Icing : Usage reports ok 0, Failed Usage reports 0, indexed 0, rejected 0
09-24 19:14:51.847 2518 3860 I Icing : Usage reports ok 0, Failed Usage reports 0, indexed 0, rejected 0
09-24 19:14:51.918 2518 3789 I Icing : IndexChimeraService.getServiceInterface callingPackage=com.google.android.gms componentName=AppsCorpus serviceId=36
09-24 19:14:51.918 2518 3698 I Icing : IndexChimeraService.getServiceInterface callingPackage=com.google.android.gms componentName=AppsCorpus serviceId=32
09-24 19:14:51.941 2041 2068 I RoleUserState: Wrote roles.xml successfully
09-24 19:14:51.947 2518 5081 I Icing : Usage reports ok 0, Failed Usage reports 0, indexed 0, rejected 0
09-24 19:14:51.981 2518 5081 I Icing : Usage reports ok 0, Failed Usage reports 0, indexed 0, rejected 0
09-24 19:14:52.001 2518 4510 I Icing : IndexChimeraService.getServiceInterface callingPackage=com.google.android.gms componentName=AppsCorpus serviceId=36
09-24 19:14:52.008 2518 4510 I Icing : IndexChimeraService.getServiceInterface callingPackage=com.google.android.gms componentName=AppsCorpus serviceId=32
09-24 19:14:52.013 1829 1829 I keystore: del USRPKEY_unstable.c7202ece89390c490b1b94d5b71225e1.-7185972945036459149 10098
09-24 19:14:52.013 1829 1829 I keystore: del USRSKEY_unstable.c7202ece89390c490b1b94d5b71225e1.-7185972945036459149 10098
09-24 19:14:52.013 1829 1829 I keystore: del USRCERT_unstable.c7202ece89390c490b1b94d5b71225e1.-7185972945036459149 10098
09-24 19:14:52.013 1829 1829 I keystore: del CACERT_unstable.c7202ece89390c490b1b94d5b71225e1.-7185972945036459149 10098
09-24 19:14:52.016 2518 5081 I Icing : Usage reports ok 0, Failed Usage reports 0, indexed 0, rejected 0
09-24 19:14:52.025 2518 5081 I Icing : Usage reports ok 0, Failed Usage reports 0, indexed 0, rejected 0
09-24 19:14:52.049 3188 6109 D DownloadManager: [3] Finished with status SUCCESS
09-24 19:14:52.054 1829 6624 D DropBoxManager: About to call service->add()
09-24 19:14:52.054 2041 3601 I DropBoxManagerService: add tag=keymaster isTagEnabled=true flags=0x0
09-24 19:14:52.055 1829 6624 D DropBoxManager: service->add returned No error
09-24 19:14:52.056 4879 4879 I BugleRcs: RcsAvailability: updating
09-24 19:14:52.059 4879 6626 I BugleRcs: RcsAvailability: No minimum Cs.apk version is set, not checking Cs.apk version
09-24 19:14:52.063 4879 5065 I BugleRcs: MCCMNC is NOT RCS enabled
09-24 19:14:52.063 4879 5065 I BugleRcs: Prod Fi device disabled - Not a Fi device
09-24 19:14:52.063 4879 6626 I BugleRcs: RcsAvailability: config server url unavailable - Carrier is not RCS enabled
09-24 19:14:52.068 2518 3698 I Icing : IndexChimeraService.getServiceInterface callingPackage=com.google.android.gms componentName=AppsCorpus serviceId=32
09-24 19:14:52.068 2518 4510 I Icing : IndexChimeraService.getServiceInterface callingPackage=com.google.android.gms componentName=AppsCorpus serviceId=36
09-24 19:14:52.085 2518 3860 I Icing : Usage reports ok 0, Failed Usage reports 0, indexed 0, rejected 0
09-24 19:14:52.089 1829 1829 I keystore: del USRPKEY_unstable.c7202ece89390c490b1b94d5b71225e1.-7185972945036459149 10098
09-24 19:14:52.090 1829 1829 I keystore: del USRCERT_unstable.c7202ece89390c490b1b94d5b71225e1.-7185972945036459149 10098
09-24 19:14:52.090 1829 1829 I keystore: del CACERT_unstable.c7202ece89390c490b1b94d5b71225e1.-7185972945036459149 10098
09-24 19:14:52.095 2518 3860 I Icing : Usage reports ok 0, Failed Usage reports 0, indexed 0, rejected 0
09-24 19:14:52.098 2518 3789 I Icing : IndexChimeraService.getServiceInterface callingPackage=com.google.android.gms componentName=AppsCorpus serviceId=36
09-24 19:14:52.098 2518 3698 I Icing : IndexChimeraService.getServiceInterface callingPackage=com.google.android.gms componentName=AppsCorpus serviceId=32
09-24 19:14:52.107 2201 3976 I aofg : updateFromConfigurations DeviceConfig for package system_scheduler [CONTEXT service_id=204 ]
09-24 19:14:52.108 2041 2041 V SettingsProvider: Notifying for 0: content://settings/config/system_scheduler/Phenotype_flags
09-24 19:14:52.111 3284 3284 I Finsky : [2] hry.a(59): com.android.vending: onProgress 53212069/53212069 Status: 200 URI: content://downloads/my_downloads/3.
09-24 19:14:52.123 2518 5081 I Icing : Usage reports ok 0, Failed Usage reports 0, indexed 0, rejected 0
09-24 19:14:52.131 3345 3463 W SearchServiceCore: Abort, client detached.
09-24 19:14:52.131 3345 3463 W SearchServiceCore: Abort, client detached.
09-24 19:14:52.141 1780 1780 D Zygote : Forked child process 6630
09-24 19:14:52.109 2041 2041 V SettingsProvider: Notifying for 0: content://settings/config/system_scheduler/Phenotype_flags
09-24 19:14:52.141 2041 2072 I ActivityManager: Start proc 6630:com.android.keychain/1000 for service {com.android.keychain/com.android.keychain.KeyChainService}
09-24 19:14:52.142 2518 5081 I Icing : Usage reports ok 0, Failed Usage reports 0, indexed 0, rejected 0
09-24 19:14:52.143 5830 6581 D GH.PhenotypeCommitter: Committed Phenotype flags successfully!
09-24 19:14:52.148 6630 6630 W ndroid.keychai: Unexpected CPU variant for X86 using defaults: x86
09-24 19:14:52.157 6630 6630 E ndroid.keychai: Not starting debugger since process cannot load the jdwp agent.
09-24 19:14:52.188 6630 6630 I ndroid.keychai: The ClassLoaderContext is a special shared library.
09-24 19:14:52.213 2041 2054 I system_server: Background concurrent copying GC freed 79547(4745KB) AllocSpace objects, 28(2716KB) LOS objects, 34% free, 11MB/17MB, paused 2.976ms total 104.307ms
09-24 19:14:52.231 4345 4798 W SystemServiceRegistry: No service published for: persistent_data_block
09-24 19:14:52.250 3345 3463 W SearchServiceCore: Abort, client detached.
09-24 19:14:52.255 5830 5830 D GH.SharedServiceConnect: onServiceConnected(ComponentName:ComponentInfo{com.google.android.projection.gearhead/com.google.android.gearhead.service.SharedService}, service:byz@26a4087)
09-24 19:14:52.256 5830 5830 D GH.NotifListenCNameMgr: No set listener, returning default: com.google.android.gearhead.notifications.SharedNotificationListenerManager$ListenerService
09-24 19:14:52.256 5830 5830 D GH.SharedNotifications: Current notification listener: com.google.android.gearhead.notifications.SharedNotificationListenerManager$ListenerService
09-24 19:14:52.256 5830 5830 D GH.NotifListenCNameMgr: No set listener, returning default: com.google.android.gearhead.notifications.SharedNotificationListenerManager$ListenerService
09-24 19:14:52.256 5830 6581 D GH.SharedServiceConnect: Shared service started. [oomAdjSimplification:false, foregroundBound:true, bound:true]
09-24 19:14:52.330 2518 3590 I Icing : Indexing com.google.android.gms-apps from com.google.android.gms
09-24 19:14:52.385 2201 3976 I aofg : updateFromConfigurations DeviceConfig for package systemui [CONTEXT service_id=204 ]
09-24 19:14:52.386 2041 2041 V SettingsProvider: Notifying for 0: content://settings/config/systemui/Phenotype_flags
09-24 19:14:52.394 2224 2224 I FalsingManagerPlugin: xdpi, ydpi: 420.0, 420.0
09-24 19:14:52.394 2224 2224 I FalsingManagerPlugin: width, height: 1080, 2274
09-24 19:14:52.396 2224 2224 I FalsingManagerPlugin: xdpi, ydpi: 420.0, 420.0
09-24 19:14:52.396 2224 2224 I FalsingManagerPlugin: width, height: 1080, 2274
09-24 19:14:52.431 2201 3976 I aofg : updateFromConfigurations DeviceConfig for package telephony [CONTEXT service_id=204 ]
09-24 19:14:52.388 2041 2041 V SettingsProvider: Notifying for 0: content://settings/config/systemui/Phenotype_flags
09-24 19:14:52.431 2041 2041 V SettingsProvider: Notifying for 0: content://settings/config/telephony/Phenotype_flags
09-24 19:14:52.431 2041 2041 V SettingsProvider: Notifying for 0: content://settings/config/telephony/Phenotype_flags
09-24 19:14:52.439 2041 3276 I ActivityManager: Killing 5788:com.google.android.packageinstaller/u0a59 (adj 995): empty #17
09-24 19:14:52.444 2518 3590 I Icing : Indexing done com.google.android.gms-apps
09-24 19:14:52.469 6381 6662 W DynamiteModule: Local module descriptor class for com.google.android.gms.googlecertificates not found.
09-24 19:14:52.471 6172 6172 D PhenotypeUpdateService: onCreate called
09-24 19:14:52.472 6172 6236 D PhenotypeUpdateService: Updating Phenotype configs
09-24 19:14:52.486 4879 4993 I Bugle : BuglePhenotypeBroadcastReceiver.onReceive
09-24 19:14:52.494 1780 1780 I Zygote : Process 5788 exited due to signal 9 (Killed)
09-24 19:14:52.499 3345 3345 I EngineIdGenerator: Refusing EXCLUSIVE task FETCH_CONFIGS_FROM_PHENOTYPE, it is already pending. Try again in 359 seconds.
09-24 19:14:52.499 3345 3345 I BgTaskExecutorImpl: Starting EXCLUSIVE background task FETCH_CONFIGS_FROM_PHENOTYPE.
09-24 19:14:52.501 2720 2720 I PhenotypeUpdate: onReceive() urgent = false
09-24 19:14:52.522 2041 2073 I libprocessgroup: Successfully killed process cgroup uid 10059 pid 5788 in 80ms
09-24 19:14:52.523 6381 6662 I id.apps.tachyo: The ClassLoaderContext is a special shared library.
09-24 19:14:52.528 3284 6530 I Finsky : [262] pxa.a(9): jobFinished: 10-3. TimeElapsed: 2104ms
09-24 19:14:52.529 3284 3284 I Finsky : [2] pvm.c(3): Job 10-3 finished
09-24 19:14:52.529 3284 3284 I Finsky : [2] pvm.a(22): Running job: 10-37
09-24 19:14:52.529 3284 3284 I Finsky : [2] pvp.handleMessage(84): RunningQueue size: 4, PendingQueue size: 15
09-24 19:14:52.529 3284 3284 I Finsky : [2] pvp.handleMessage(93): Running queue: 10-8 10-32 10-33 10-37
09-24 19:14:52.530 3284 6530 I Finsky : [262] pxa.a(9): jobFinished: 10-33. TimeElapsed: 1285ms
09-24 19:14:52.531 3284 3284 I Finsky : [2] pvm.c(3): Job 10-33 finished
09-24 19:14:52.532 3284 3284 I Finsky : [2] pvm.a(22): Running job: 10-38
09-24 19:14:52.533 3284 3284 I Finsky : [2] pvp.handleMessage(84): RunningQueue size: 4, PendingQueue size: 14
09-24 19:14:52.533 3284 3284 I Finsky : [2] pvp.handleMessage(93): Running queue: 10-8 10-32 10-37 10-38
09-24 19:14:52.582 3284 3674 E Finsky : [205] uos.a(4): No installation state for package com.android.egg
09-24 19:14:52.582 3284 3674 E Finsky : [205] uor.run(3): Could not update ApkInfoData row
09-24 19:14:52.614 2518 3590 I Icing : Indexing com.google.android.gms-apps from com.google.android.gms
09-24 19:14:52.614 2518 3590 I Icing : Indexing done com.google.android.gms-apps
09-24 19:14:52.637 3284 3674 E Finsky : [205] uos.a(4): No installation state for package com.google.android.webview
09-24 19:14:52.637 3284 3674 E Finsky : [205] uor.run(3): Could not update ApkInfoData row
09-24 19:14:52.640 3284 3674 E Finsky : [205] uos.a(4): No installation state for package com.android.service.ims
09-24 19:14:52.640 3284 3674 E Finsky : [205] uor.run(3): Could not update ApkInfoData row
09-24 19:14:52.640 3284 6530 I Finsky : [262] pxa.a(9): jobFinished: 10-37. TimeElapsed: 111ms
09-24 19:14:52.641 3284 3284 I Finsky : [2] pvm.c(3): Job 10-37 finished
09-24 19:14:52.641 3284 3284 I Finsky : [2] pvm.a(22): Running job: 10-39
09-24 19:14:52.642 3284 6530 I Finsky : [262] com.google.android.finsky.instantapps.notificationenforcement.hygiene.NotificationEnforcementCleanupHygieneJob.a(4): Instant App notification enforcement cleanup triggered from hygiene.
09-24 19:14:52.644 3284 3284 I Finsky : [2] pvp.handleMessage(84): RunningQueue size: 4, PendingQueue size: 13
09-24 19:14:52.644 3284 3284 I Finsky : [2] pvp.handleMessage(93): Running queue: 10-8 10-32 10-38 10-39
09-24 19:14:52.644 3284 6530 I Finsky : [262] pxa.a(9): jobFinished: 10-38. TimeElapsed: 112ms
09-24 19:14:52.645 3284 3284 I Finsky : [2] pvm.c(3): Job 10-38 finished
09-24 19:14:52.645 3284 3284 I Finsky : [2] pvm.a(22): Running job: 10-41
09-24 19:14:52.646 3284 6530 I Finsky : [262] com.google.android.finsky.installservice.DevTriggeredUpdateHygieneJob.a(2): Running dev-triggered-update hygiene
09-24 19:14:52.647 3284 3284 I Finsky : [2] pvp.handleMessage(84): RunningQueue size: 4, PendingQueue size: 12
09-24 19:14:52.647 3284 3284 I Finsky : [2] pvp.handleMessage(93): Running queue: 10-8 10-32 10-39 10-41
09-24 19:14:52.660 3284 6530 I Finsky : [262] com.google.android.finsky.installservice.DevTriggeredUpdateHygieneJob.a(11): Removed 0 uncompleted downloaded updates.
09-24 19:14:52.660 3284 6530 I Finsky : [262] com.google.android.finsky.installservice.DevTriggeredUpdateHygieneJob.a(18): Removed obsolete update files.
09-24 19:14:52.662 3284 6530 I Finsky : [262] com.google.android.finsky.installservice.DevTriggeredUpdateHygieneJob.a(24): Reset 0 obsolete 'installing' bits.
09-24 19:14:52.666 1796 2449 E GnssHAL_GnssInterface: gnssSvStatusCb: a: input svInfo.flags is 8
09-24 19:14:52.666 1796 2449 E GnssHAL_GnssInterface: gnssSvStatusCb: b: input svInfo.flags is 8
09-24 19:14:52.667 3284 6530 I Finsky : [262] com.google.android.finsky.installservice.DevTriggeredUpdateHygieneJob.a(42): Finished completion of 0 out of 0 dev-triggered updates. Successful: 0. Failed: 0.
09-24 19:14:52.668 3284 6530 I Finsky : [262] pxa.a(9): jobFinished: 10-39. TimeElapsed: 26ms
09-24 19:14:52.668 3284 6530 I Finsky : [262] com.google.android.finsky.instantappsarchiveprefetchhygiene.InstantAppsArchivePrefetchHygieneJob.a(4): Instant Apps archive prefetch triggered from hygiene.
09-24 19:14:52.669 3284 3284 I Finsky : [2] pvm.c(3): Job 10-39 finished
09-24 19:14:52.670 3284 3284 I Finsky : [2] pvm.a(22): Running job: 10-42
09-24 19:14:52.670 3284 3284 I Finsky : [2] pvp.handleMessage(84): RunningQueue size: 4, PendingQueue size: 11
09-24 19:14:52.670 3284 3284 I Finsky : [2] pvp.handleMessage(93): Running queue: 10-8 10-32 10-41 10-42
09-24 19:14:52.672 3284 6530 I Finsky : [262] pxa.a(9): jobFinished: 10-41. TimeElapsed: 25ms
09-24 19:14:52.673 3284 3284 I Finsky : [2] pvm.c(3): Job 10-41 finished
09-24 19:14:52.673 3284 6530 I Finsky : [262] pxa.a(9): jobFinished: 10-42. TimeElapsed: 4ms
09-24 19:14:52.683 3284 3284 I Finsky : [2] pvm.a(22): Running job: 10-44
09-24 19:14:52.684 3284 3284 I Finsky : [2] pvp.handleMessage(84): RunningQueue size: 4, PendingQueue size: 10
09-24 19:14:52.684 3284 3284 I Finsky : [2] pvp.handleMessage(93): Running queue: 10-8 10-32 10-42 10-44
09-24 19:14:52.688 3284 3284 I Finsky : [2] pvm.c(3): Job 10-42 finished
09-24 19:14:52.689 3284 3284 I Finsky : [2] pvm.a(22): Running job: 10-46
09-24 19:14:52.690 3284 3284 I Finsky : [2] pvp.handleMessage(84): RunningQueue size: 4, PendingQueue size: 9
09-24 19:14:52.690 3284 3284 I Finsky : [2] pvp.handleMessage(93): Running queue: 10-8 10-32 10-44 10-46
09-24 19:14:52.705 6172 6670 I Finsky:instant_app_inst: [447] ley.a(10): No eligible accounts. Bail out.
09-24 19:14:52.705 6172 6665 I Finsky:instant_app_inst: [444] com.google.android.finsky.instantapps.dna.ArchivePrefetchService.a(37): InstantApps account missing, skip sync.
09-24 19:14:52.720 3284 6530 I Finsky : [262] pxa.a(9): jobFinished: 10-44. TimeElapsed: 37ms
09-24 19:14:52.721 3284 6530 I Finsky : [262] pxa.a(9): jobFinished: 10-46. TimeElapsed: 31ms
09-24 19:14:52.721 3284 3284 I Finsky : [2] pvm.c(3): Job 10-44 finished
09-24 19:14:52.721 3284 3284 I Finsky : [2] pvm.a(22): Running job: 10-47
09-24 19:14:52.721 3284 3284 I Finsky : [2] pvp.handleMessage(84): RunningQueue size: 4, PendingQueue size: 8
09-24 19:14:52.721 3284 3284 I Finsky : [2] pvp.handleMessage(93): Running queue: 10-8 10-32 10-46 10-47
09-24 19:14:52.724 3284 3284 I Finsky : [2] pvm.c(3): Job 10-46 finished
09-24 19:14:52.725 3284 3284 I Finsky : [2] pvm.a(22): Running job: 10-48
09-24 19:14:52.725 3284 3284 I Finsky : [2] pvp.handleMessage(84): RunningQueue size: 4, PendingQueue size: 7
09-24 19:14:52.725 3284 3284 I Finsky : [2] pvp.handleMessage(93): Running queue: 10-8 10-32 10-47 10-48
09-24 19:14:52.728 3284 6530 I Finsky : [262] pxa.a(9): jobFinished: 10-47. TimeElapsed: 6ms
09-24 19:14:52.729 3284 3284 I Finsky : [2] pvm.c(3): Job 10-47 finished
09-24 19:14:52.729 3284 3284 I Finsky : [2] pvm.a(22): Running job: 10-49
09-24 19:14:52.730 3284 3284 I Finsky : [2] pvp.handleMessage(84): RunningQueue size: 4, PendingQueue size: 6
09-24 19:14:52.730 3284 3284 I Finsky : [2] pvp.handleMessage(93): Running queue: 10-8 10-32 10-48 10-49
09-24 19:14:52.731 3284 6530 I Finsky : [262] com.google.android.finsky.instantapps.hint.AppPreloadHygieneJob.a(4): Instant App hint preload cleanup triggered from hygiene.
09-24 19:14:52.733 3284 6530 I Finsky : [262] pxa.a(9): jobFinished: 10-48. TimeElapsed: 8ms
09-24 19:14:52.733 3284 3284 I Finsky : [2] pvm.c(3): Job 10-48 finished
09-24 19:14:52.733 3284 3284 I Finsky : [2] pvm.a(22): Running job: 10-50
09-24 19:14:52.733 3284 3284 I Finsky : [2] pvp.handleMessage(84): RunningQueue size: 4, PendingQueue size: 5
09-24 19:14:52.733 3284 3284 I Finsky : [2] pvp.handleMessage(93): Running queue: 10-8 10-32 10-49 10-50
09-24 19:14:52.740 3284 6530 I Finsky : [262] com.google.android.finsky.setup.notifiers.LateSimNotificationHygieneJob.a(4): PAI late SIM : don't try in hygiene because not triggerable
09-24 19:14:52.740 3284 6530 I Finsky : [262] pxa.a(9): jobFinished: 10-49. TimeElapsed: 10ms
09-24 19:14:52.740 3284 3284 I Finsky : [2] pvm.c(3): Job 10-49 finished
09-24 19:14:52.740 3284 3284 I Finsky : [2] pvm.a(22): Running job: 10-53
09-24 19:14:52.740 3284 3284 I Finsky : [2] pvp.handleMessage(84): RunningQueue size: 4, PendingQueue size: 4
09-24 19:14:52.740 3284 3284 I Finsky : [2] pvp.handleMessage(93): Running queue: 10-8 10-32 10-50 10-53
09-24 19:14:52.746 3284 6530 I Finsky : [262] pxa.a(9): jobFinished: 10-50. TimeElapsed: 13ms
09-24 19:14:52.747 3284 3284 I Finsky : [2] pvm.c(3): Job 10-50 finished
09-24 19:14:52.747 3284 3284 I Finsky : [2] pvm.a(22): Running job: 10-55
09-24 19:14:52.747 3284 3284 I Finsky : [2] pvp.handleMessage(84): RunningQueue size: 4, PendingQueue size: 3
09-24 19:14:52.747 3284 3284 I Finsky : [2] pvp.handleMessage(93): Running queue: 10-8 10-32 10-53 10-55
09-24 19:14:52.748 6172 6665 I Finsky:instant_app_inst: [444] com.google.android.finsky.instantapps.hint.AppPreloadHygieneService.a(1): AppPreloadHygieneService disabled
09-24 19:14:52.751 3284 6532 I Finsky : [263] pxa.a(9): jobFinished: 10-32. TimeElapsed: 1523ms
09-24 19:14:52.752 3284 3284 I Finsky : [2] pvm.c(3): Job 10-32 finished
09-24 19:14:52.752 3284 6532 I Finsky : [263] pxa.a(9): jobFinished: 10-55. TimeElapsed: 4ms
09-24 19:14:52.752 3284 3284 I Finsky : [2] pvm.a(22): Running job: 10-62
09-24 19:14:52.753 3284 3284 I Finsky : [2] pvp.handleMessage(84): RunningQueue size: 4, PendingQueue size: 2
09-24 19:14:52.753 3284 3284 I Finsky : [2] pvp.handleMessage(93): Running queue: 10-8 10-53 10-55 10-62
09-24 19:14:52.753 3284 3284 I Finsky : [2] pvm.c(3): Job 10-55 finished
09-24 19:14:52.753 3284 3284 I Finsky : [2] pvm.a(22): Running job: 12-1
09-24 19:14:52.753 3284 3284 I Finsky : [2] com.google.android.finsky.contentsync.ContentSyncJob.a(22): ContentSyncJob started
09-24 19:14:52.753 3284 3284 I Finsky : [2] pvp.handleMessage(84): RunningQueue size: 4, PendingQueue size: 1
09-24 19:14:52.753 3284 3284 I Finsky : [2] pvp.handleMessage(93): Running queue: 10-8 10-53 10-62 12-1
09-24 19:14:52.753 2518 3590 I Icing : Indexing com.google.android.gms-apps from com.google.android.gms
09-24 19:14:52.754 2518 3590 I Icing : Indexing done com.google.android.gms-apps
09-24 19:14:52.764 3284 3646 I Finsky : [204] fkx.run(3): Scheduling CountersFlushing.
09-24 19:14:52.822 2518 3590 I Icing : Indexing com.google.android.gms-apps from com.google.android.gms
09-24 19:14:52.827 2518 3590 I Icing : Indexing done com.google.android.gms-apps
09-24 19:14:52.831 2201 3976 I aofg : updateFromConfigurations DeviceConfig for package textclassifier [CONTEXT service_id=204 ]
09-24 19:14:52.832 2041 2041 V SettingsProvider: Notifying for 0: content://settings/config/textclassifier/Phenotype_flags
09-24 19:14:52.848 3345 3548 W PhenotypeToGsaConfigs: Can't format flag AndroidGsaVelourJars__velour_birthdaydoodle_jar__name to integer.
09-24 19:14:52.848 3345 3548 W PhenotypeToGsaConfigs: Can't format flag AndroidGsaVelourJars__velour_call_jar__name to integer.
09-24 19:14:52.848 3345 3548 W PhenotypeToGsaConfigs: Can't format flag AndroidGsaVelourJars__velour_canvas_jar__name to integer.
09-24 19:14:52.848 3345 3548 W PhenotypeToGsaConfigs: Can't format flag AndroidGsaVelourJars__velour_chkpkg_jar__name to integer.
09-24 19:14:52.848 3345 3548 W PhenotypeToGsaConfigs: Can't format flag AndroidGsaVelourJars__velour_crashtest_jar__name to integer.
09-24 19:14:52.848 3345 3548 W PhenotypeToGsaConfigs: Can't format flag AndroidGsaVelourJars__velour_dining_jar__name to integer.
09-24 19:14:52.848 3345 3548 W PhenotypeToGsaConfigs: Can't format flag AndroidGsaVelourJars__velour_doodle_notifications_jar__name to integer.
09-24 19:14:52.848 3345 3548 W PhenotypeToGsaConfigs: Can't format flag AndroidGsaVelourJars__velour_imageviewer_jar__name to integer.
09-24 19:14:52.848 3345 3548 W PhenotypeToGsaConfigs: Can't format flag AndroidGsaVelourJars__velour_ipa_jar__name to integer.
09-24 19:14:52.848 3345 3548 W PhenotypeToGsaConfigs: Can't format flag AndroidGsaVelourJars__velour_jslocation_jar__name to integer.
09-24 19:14:52.848 3345 3548 W PhenotypeToGsaConfigs: Can't format flag AndroidGsaVelourJars__velour_localintent_jar__name to integer.
09-24 19:14:52.848 3345 3548 W PhenotypeToGsaConfigs: Can't format flag AndroidGsaVelourJars__velour_messaging_jar__name to integer.
09-24 19:14:52.848 3345 3548 W PhenotypeToGsaConfigs: Can't format flag AndroidGsaVelourJars__velour_nativesrp_activity_jar__name to integer.
09-24 19:14:52.848 3345 3548 W PhenotypeToGsaConfigs: Can't format flag AndroidGsaVelourJars__velour_nativesrp_presenter_jar__name to integer.
09-24 19:14:52.848 3345 3548 W PhenotypeToGsaConfigs: Can't format flag AndroidGsaVelourJars__velour_nowcontent_jar__name to integer.
09-24 19:14:52.848 3345 3548 W PhenotypeToGsaConfigs: Can't format flag AndroidGsaVelourJars__velour_recents_activity_jar__name to integer.
09-24 19:14:52.848 3345 3548 W PhenotypeToGsaConfigs: Can't format flag AndroidGsaVelourJars__velour_save_jar__name to integer.
09-24 19:14:52.848 3345 3548 W PhenotypeToGsaConfigs: Can't format flag AndroidGsaVelourJars__velour_searchresults_activity_jar__name to integer.
09-24 19:14:52.848 3345 3548 W PhenotypeToGsaConfigs: Can't format flag AndroidGsaVelourJars__velour_test_jar__name to integer.
09-24 19:14:52.848 3345 3548 W PhenotypeToGsaConfigs: Can't format flag AndroidGsaVelourJars__velour_weather_jar__name to integer.
09-24 19:14:52.848 3345 3548 W PhenotypeToGsaConfigs: Can't format flag bindle_flags__bloblobber_blob to integer.
09-24 19:14:52.848 3345 3548 W PhenotypeToGsaConfigs: Can't format flag bindle_flags__velour_jar to integer.
09-24 19:14:52.850 2518 3590 I Icing : Indexing com.google.android.gms-apps from com.google.android.gms
09-24 19:14:52.850 2518 3590 I Icing : Indexing done com.google.android.gms-apps
09-24 19:14:52.886 3345 3584 I ModelDownloadListener: Schdedule model download
09-24 19:14:52.888 3345 3345 I BgTaskExecutorImpl: Starting EXCLUSIVE background task UPDATE_HOTWORD_MODELS.
09-24 19:14:52.891 3345 3589 I ModelDownloadController: requestHotwordModelUpdate modelType-OK_HEY_GOOGLE modelLocale-en-US
09-24 19:14:52.891 3345 3589 I ModelDownloadController: #requestHotwordModelDownload
09-24 19:14:52.891 3345 3589 I ModelDownloadController: Model download canceled - previously pending request found
09-24 19:14:52.891 3345 3589 I ModelDownloadController: Model download failed
09-24 19:14:52.892 3345 3463 W SearchServiceCore: Abort, client detached.
09-24 19:14:52.892 3345 3463 W SearchServiceCore: Abort, client detached.
09-24 19:14:52.895 3345 3584 I EngineIdGenerator: Refusing EXCLUSIVE task INTERNAL_PERIODIC_TASK_SYNC, it is already pending. Try again in 347 seconds.
09-24 19:14:52.895 3345 3584 I OpaEligibilityChecker: send OpaEligibilityChange broadcast to CommonBroadcastReceiver
09-24 19:14:52.907 2518 4561 I Icing : IndexChimeraService.getServiceInterface callingPackage=com.google.android.googlequicksearchbox componentName=agsa_icing_connection serviceId=33
09-24 19:14:52.908 2518 4510 I Icing : IndexChimeraService.getServiceInterface callingPackage=com.google.android.googlequicksearchbox componentName=agsa_icing_connection serviceId=32
09-24 19:14:52.919 2518 5081 I Icing : Usage reports ok 0, Failed Usage reports 0, indexed 0, rejected 0
09-24 19:14:52.924 2518 5081 I Icing : Usage reports ok 0, Failed Usage reports 0, indexed 0, rejected 0
09-24 19:14:52.972 3284 6673 I Finsky : [270] dkm.a(5): Completed 0 account content syncs with 0 successful.
09-24 19:14:52.972 3284 3284 I Finsky : [2] com.google.android.finsky.contentsync.ContentSyncJob.a(20): Installation state replication succeeded.
09-24 19:14:52.972 3284 3284 I Finsky : [2] pxa.a(9): jobFinished: 12-1. TimeElapsed: 219ms
09-24 19:14:52.972 3284 3284 I Finsky : [2] pvm.c(3): Job 12-1 finished
09-24 19:14:52.972 3284 3284 I Finsky : [2] pvm.a(22): Running job: 31-305419896
09-24 19:14:52.973 3284 3284 W Finsky : [2] cwl.a(19): For unauth, use getDfeApiNonAuthenticated() instead!
09-24 19:14:52.973 3284 3284 I Finsky : [2] pvp.handleMessage(84): RunningQueue size: 4, PendingQueue size: 0
09-24 19:14:52.973 3284 3284 I Finsky : [2] pvp.handleMessage(93): Running queue: 10-8 10-53 10-62 31-305419896
09-24 19:14:52.987 2518 5081 I Icing : Indexing com.google.android.gms-apps from com.google.android.gms
09-24 19:14:52.988 2518 5081 I Icing : Indexing done com.google.android.gms-apps
09-24 19:14:53.035 2518 5081 I Icing : Indexing com.google.android.gms-apps from com.google.android.gms
09-24 19:14:53.036 2518 5081 I Icing : Indexing done com.google.android.gms-apps
