09-24 19:14:20.892 2041 2354 W PackageManager: Cannot whitelist unknown permission: android.car.permission.CONTROL_CAR_EXTERIOR_LIGHTS
09-24 19:14:20.892 2041 2354 W PackageManager: Cannot whitelist unknown permission: android.car.permission.CONTROL_CAR_MIRRORS
09-24 19:14:20.892 2041 2354 W PackageManager: Cannot whitelist unknown permission: android.car.permission.CONTROL_CAR_SEATS
09-24 19:14:20.892 2041 2354 W PackageManager: Cannot whitelist unknown permission: android.car.permission.CONTROL_CAR_WINDOWS
09-24 19:14:20.892 2041 2354 W PackageManager: Cannot whitelist unknown permission: com.google.android.permission.ACCESSIBILITY_SCAN_SERVICE
09-24 19:14:20.892 2041 2354 W PackageManager: Cannot whitelist unknown permission: com.google.android.clockwork.settings.SHOW_FACTORY_RESET_CONFIRMATION
09-24 19:14:20.893 2041 2354 W PackageManager: Cannot whitelist unknown permission: com.google.android.wearable.READ_SETTINGS
09-24 19:14:20.893 2041 2354 W PackageManager: Cannot whitelist unknown permission: android.permission.READ_MEDIA_AUDIO
09-24 19:14:20.893 2041 2354 W PackageManager: Cannot whitelist unknown permission: android.permission.READ_MEDIA_IMAGES
09-24 19:14:20.893 2041 2354 W PackageManager: Cannot whitelist unknown permission: android.permission.READ_MEDIA_VIDEO
09-24 19:14:20.893 2041 2354 W PackageManager: Cannot whitelist unknown permission: com.google.android.gms.game.notifications.permission.WRITE
09-24 19:14:20.893 2041 2354 I PackageManager: Un-granting permission android.permission.CAPTURE_VIDEO_OUTPUT from package com.google.android.gms (protectionLevel=2 flags=0xb0cabe45)
09-24 19:14:20.893 2041 2354 I PackageManager: Un-granting permission android.permission.MANAGE_DEVICE_ADMINS from package com.google.android.gms (protectionLevel=2 flags=0xb0cabe45)
09-24 19:14:20.894 2041 2354 I PackageManager: Un-granting permission android.permission.MANAGE_ACTIVITY_STACKS from package com.google.android.gms (protectionLevel=2 flags=0xb0cabe45)
09-24 19:14:20.894 2041 2354 I PackageManager: Un-granting permission android.permission.CAPTURE_SECURE_VIDEO_OUTPUT from package com.google.android.gms (protectionLevel=2 flags=0xb0cabe45)
09-24 19:14:20.896 2041 2203 W PackageManager: Cannot whitelist unknown permission: android.permission.PRE_FACTORY_RESET
09-24 19:14:20.897 2041 2203 W PackageManager: Cannot whitelist unknown permission: android.car.permission.CAR_POWER
09-24 19:14:20.897 2041 2203 W PackageManager: Cannot whitelist unknown permission: com.google.android.wearable.WRITE_SETTINGS
09-24 19:14:20.897 2041 2203 W PackageManager: Cannot whitelist unknown permission: com.felicanetworks.mfc.permission.MFC_ACCESS
09-24 19:14:20.897 2041 2203 W PackageManager: Cannot whitelist unknown permission: com.felicanetworks.mfc.mfi.permission.MFI_ACCESS
09-24 19:14:20.897 2041 2203 W PackageManager: Cannot whitelist unknown permission: com.google.android.hangouts.START_HANGOUT
09-24 19:14:20.897 2041 2203 W PackageManager: Cannot whitelist unknown permission: android.car.permission.CAR_ENERGY
09-24 19:14:20.897 2041 2203 W PackageManager: Cannot whitelist unknown permission: android.car.permission.CAR_ENERGY_PORTS
09-24 19:14:20.897 2041 2203 W PackageManager: Cannot whitelist unknown permission: android.car.permission.CAR_EXTERIOR_LIGHTS
09-24 19:14:20.897 2041 2203 W PackageManager: Cannot whitelist unknown permission: android.car.permission.CAR_INFO
09-24 19:14:20.897 2041 2203 W PackageManager: Cannot whitelist unknown permission: android.car.permission.CAR_MILEAGE
09-24 19:14:20.897 2041 2203 W PackageManager: Cannot whitelist unknown permission: android.car.permission.CAR_TIRES
09-24 19:14:20.897 2041 2203 W PackageManager: Cannot whitelist unknown permission: android.car.permission.CONTROL_CAR_CLIMATE
09-24 19:14:20.897 2041 2203 W PackageManager: Cannot whitelist unknown permission: android.car.permission.CONTROL_CAR_DOORS
09-24 19:14:20.897 2041 2203 W PackageManager: Cannot whitelist unknown permission: android.car.permission.CONTROL_CAR_EXTERIOR_LIGHTS
09-24 19:14:20.897 2041 2203 W PackageManager: Cannot whitelist unknown permission: android.car.permission.CONTROL_CAR_MIRRORS
09-24 19:14:20.897 2041 2203 W PackageManager: Cannot whitelist unknown permission: android.car.permission.CONTROL_CAR_SEATS
09-24 19:14:20.897 2041 2203 W PackageManager: Cannot whitelist unknown permission: android.car.permission.CONTROL_CAR_WINDOWS
09-24 19:14:20.897 2041 2203 W PackageManager: Cannot whitelist unknown permission: com.google.android.permission.ACCESSIBILITY_SCAN_SERVICE
09-24 19:14:20.897 2041 2203 W PackageManager: Cannot whitelist unknown permission: com.google.android.clockwork.settings.SHOW_FACTORY_RESET_CONFIRMATION
09-24 19:14:20.897 2041 2203 W PackageManager: Cannot whitelist unknown permission: com.google.android.wearable.READ_SETTINGS
09-24 19:14:20.898 2041 2203 W PackageManager: Cannot whitelist unknown permission: android.permission.READ_MEDIA_AUDIO
09-24 19:14:20.898 2041 2203 W PackageManager: Cannot whitelist unknown permission: android.permission.READ_MEDIA_IMAGES
09-24 19:14:20.898 2041 2203 W PackageManager: Cannot whitelist unknown permission: android.permission.READ_MEDIA_VIDEO
09-24 19:14:20.898 2041 2203 W PackageManager: Cannot whitelist unknown permission: com.google.android.gms.game.notifications.permission.WRITE
09-24 19:14:20.898 2041 2203 I PackageManager: Un-granting permission android.permission.CAPTURE_VIDEO_OUTPUT from package com.google.android.gms (protectionLevel=2 flags=0xb0cabe45)
09-24 19:14:20.899 2041 2203 I PackageManager: Un-granting permission android.permission.MANAGE_DEVICE_ADMINS from package com.google.android.gms (protectionLevel=2 flags=0xb0cabe45)
09-24 19:14:20.899 2041 2203 I PackageManager: Un-granting permission android.permission.MANAGE_ACTIVITY_STACKS from package com.google.android.gms (protectionLevel=2 flags=0xb0cabe45)
09-24 19:14:20.899 2041 2203 I PackageManager: Un-granting permission android.permission.CAPTURE_SECURE_VIDEO_OUTPUT from package com.google.android.gms (protectionLevel=2 flags=0xb0cabe45)
09-24 19:14:20.901 2041 2327 W PackageManager: Cannot whitelist unknown permission: android.permission.PRE_FACTORY_RESET
09-24 19:14:20.901 2041 2327 W PackageManager: Cannot whitelist unknown permission: android.car.permission.CAR_POWER
09-24 19:14:20.901 2041 2327 W PackageManager: Cannot whitelist unknown permission: com.google.android.wearable.WRITE_SETTINGS
09-24 19:14:20.901 2041 2327 W PackageManager: Cannot whitelist unknown permission: com.felicanetworks.mfc.permission.MFC_ACCESS
09-24 19:14:20.901 2041 2327 W PackageManager: Cannot whitelist unknown permission: com.felicanetworks.mfc.mfi.permission.MFI_ACCESS
09-24 19:14:20.901 2041 2327 W PackageManager: Cannot whitelist unknown permission: com.google.android.hangouts.START_HANGOUT
09-24 19:14:20.901 2041 2327 W PackageManager: Cannot whitelist unknown permission: android.car.permission.CAR_ENERGY
09-24 19:14:20.901 2041 2327 W PackageManager: Cannot whitelist unknown permission: android.car.permission.CAR_ENERGY_PORTS
09-24 19:14:20.901 2041 2327 W PackageManager: Cannot whitelist unknown permission: android.car.permission.CAR_EXTERIOR_LIGHTS
09-24 19:14:20.901 2041 2327 W PackageManager: Cannot whitelist unknown permission: android.car.permission.CAR_INFO
09-24 19:14:20.901 2041 2327 W PackageManager: Cannot whitelist unknown permission: android.car.permission.CAR_MILEAGE
09-24 19:14:20.901 2041 2327 W PackageManager: Cannot whitelist unknown permission: android.car.permission.CAR_TIRES
09-24 19:14:20.901 2041 2327 W PackageManager: Cannot whitelist unknown permission: android.car.permission.CONTROL_CAR_CLIMATE
09-24 19:14:20.901 2041 2327 W PackageManager: Cannot whitelist unknown permission: android.car.permission.CONTROL_CAR_DOORS
09-24 19:14:20.901 2041 2327 W PackageManager: Cannot whitelist unknown permission: android.car.permission.CONTROL_CAR_EXTERIOR_LIGHTS
09-24 19:14:20.901 2041 2327 W PackageManager: Cannot whitelist unknown permission: android.car.permission.CONTROL_CAR_MIRRORS
09-24 19:14:20.901 2041 2327 W PackageManager: Cannot whitelist unknown permission: android.car.permission.CONTROL_CAR_SEATS
09-24 19:14:20.902 2041 2327 W PackageManager: Cannot whitelist unknown permission: android.car.permission.CONTROL_CAR_WINDOWS
09-24 19:14:20.902 2041 2327 W PackageManager: Cannot whitelist unknown permission: com.google.android.permission.ACCESSIBILITY_SCAN_SERVICE
09-24 19:14:20.902 2041 2327 W PackageManager: Cannot whitelist unknown permission: com.google.android.clockwork.settings.SHOW_FACTORY_RESET_CONFIRMATION
09-24 19:14:20.902 2041 2327 W PackageManager: Cannot whitelist unknown permission: com.google.android.wearable.READ_SETTINGS
09-24 19:14:20.902 2041 2327 W PackageManager: Cannot whitelist unknown permission: android.permission.READ_MEDIA_AUDIO
09-24 19:14:20.902 2041 2327 W PackageManager: Cannot whitelist unknown permission: android.permission.READ_MEDIA_IMAGES
09-24 19:14:20.902 2041 2327 W PackageManager: Cannot whitelist unknown permission: android.permission.READ_MEDIA_VIDEO
09-24 19:14:20.902 2041 2327 W PackageManager: Cannot whitelist unknown permission: com.google.android.gms.game.notifications.permission.WRITE
09-24 19:14:20.902 2041 2327 I PackageManager: Un-granting permission android.permission.CAPTURE_VIDEO_OUTPUT from package com.google.android.gms (protectionLevel=2 flags=0xb0cabe45)
09-24 19:14:20.902 2041 2327 I PackageManager: Un-granting permission android.permission.MANAGE_DEVICE_ADMINS from package com.google.android.gms (protectionLevel=2 flags=0xb0cabe45)
09-24 19:14:20.903 2041 2327 I PackageManager: Un-granting permission android.permission.MANAGE_ACTIVITY_STACKS from package com.google.android.gms (protectionLevel=2 flags=0xb0cabe45)
09-24 19:14:20.903 2041 2327 I PackageManager: Un-granting permission android.permission.CAPTURE_SECURE_VIDEO_OUTPUT from package com.google.android.gms (protectionLevel=2 flags=0xb0cabe45)
09-24 19:14:20.905 2041 2120 W PackageManager: Cannot whitelist unknown permission: android.permission.PRE_FACTORY_RESET
09-24 19:14:20.905 2041 2120 W PackageManager: Cannot whitelist unknown permission: android.car.permission.CAR_POWER
09-24 19:14:20.905 2041 2120 W PackageManager: Cannot whitelist unknown permission: com.google.android.wearable.WRITE_SETTINGS
09-24 19:14:20.905 2041 2120 W PackageManager: Cannot whitelist unknown permission: com.felicanetworks.mfc.permission.MFC_ACCESS
09-24 19:14:20.905 2041 2120 W PackageManager: Cannot whitelist unknown permission: com.felicanetworks.mfc.mfi.permission.MFI_ACCESS
09-24 19:14:20.905 2041 2120 W PackageManager: Cannot whitelist unknown permission: com.google.android.hangouts.START_HANGOUT
09-24 19:14:20.906 2041 2120 W PackageManager: Cannot whitelist unknown permission: android.car.permission.CAR_ENERGY
09-24 19:14:20.906 2041 2120 W PackageManager: Cannot whitelist unknown permission: android.car.permission.CAR_ENERGY_PORTS
09-24 19:14:20.906 2041 2120 W PackageManager: Cannot whitelist unknown permission: android.car.permission.CAR_EXTERIOR_LIGHTS
09-24 19:14:20.906 2041 2120 W PackageManager: Cannot whitelist unknown permission: android.car.permission.CAR_INFO
09-24 19:14:20.906 2041 2120 W PackageManager: Cannot whitelist unknown permission: android.car.permission.CAR_MILEAGE
09-24 19:14:20.906 2041 2120 W PackageManager: Cannot whitelist unknown permission: android.car.permission.CAR_TIRES
09-24 19:14:20.906 2041 2120 W PackageManager: Cannot whitelist unknown permission: android.car.permission.CONTROL_CAR_CLIMATE
09-24 19:14:20.906 2041 2120 W PackageManager: Cannot whitelist unknown permission: android.car.permission.CONTROL_CAR_DOORS
09-24 19:14:20.906 2041 2120 W PackageManager: Cannot whitelist unknown permission: android.car.permission.CONTROL_CAR_EXTERIOR_LIGHTS
09-24 19:14:20.906 2041 2120 W PackageManager: Cannot whitelist unknown permission: android.car.permission.CONTROL_CAR_MIRRORS
09-24 19:14:20.906 2041 2120 W PackageManager: Cannot whitelist unknown permission: android.car.permission.CONTROL_CAR_SEATS
09-24 19:14:20.906 2041 2120 W PackageManager: Cannot whitelist unknown permission: android.car.permission.CONTROL_CAR_WINDOWS
09-24 19:14:20.906 2041 2120 W PackageManager: Cannot whitelist unknown permission: com.google.android.permission.ACCESSIBILITY_SCAN_SERVICE
09-24 19:14:20.906 2041 2120 W PackageManager: Cannot whitelist unknown permission: com.google.android.clockwork.settings.SHOW_FACTORY_RESET_CONFIRMATION
09-24 19:14:20.906 2041 2120 W PackageManager: Cannot whitelist unknown permission: com.google.android.wearable.READ_SETTINGS
09-24 19:14:20.906 2041 2120 W PackageManager: Cannot whitelist unknown permission: android.permission.READ_MEDIA_AUDIO
09-24 19:14:20.906 2041 2120 W PackageManager: Cannot whitelist unknown permission: android.permission.READ_MEDIA_IMAGES
09-24 19:14:20.906 2041 2120 W PackageManager: Cannot whitelist unknown permission: android.permission.READ_MEDIA_VIDEO
09-24 19:14:20.906 2041 2120 W PackageManager: Cannot whitelist unknown permission: com.google.android.gms.game.notifications.permission.WRITE
09-24 19:14:20.906 2041 2120 I PackageManager: Un-granting permission android.permission.CAPTURE_VIDEO_OUTPUT from package com.google.android.gms (protectionLevel=2 flags=0xb0cabe45)
09-24 19:14:20.907 2041 2120 I PackageManager: Un-granting permission android.permission.MANAGE_DEVICE_ADMINS from package com.google.android.gms (protectionLevel=2 flags=0xb0cabe45)
09-24 19:14:20.907 2041 2120 I PackageManager: Un-granting permission android.permission.MANAGE_ACTIVITY_STACKS from package com.google.android.gms (protectionLevel=2 flags=0xb0cabe45)
09-24 19:14:20.907 2041 2120 I PackageManager: Un-granting permission android.permission.CAPTURE_SECURE_VIDEO_OUTPUT from package com.google.android.gms (protectionLevel=2 flags=0xb0cabe45)
09-24 19:14:20.915 2041 2327 W PackageManager: Cannot whitelist unknown permission: android.permission.PRE_FACTORY_RESET
09-24 19:14:20.915 2041 2327 W PackageManager: Cannot whitelist unknown permission: android.car.permission.CAR_POWER
09-24 19:14:20.915 2041 2327 W PackageManager: Cannot whitelist unknown permission: com.google.android.wearable.WRITE_SETTINGS
09-24 19:14:20.915 2041 2327 W PackageManager: Cannot whitelist unknown permission: com.felicanetworks.mfc.permission.MFC_ACCESS
09-24 19:14:20.915 2041 2327 W PackageManager: Cannot whitelist unknown permission: com.felicanetworks.mfc.mfi.permission.MFI_ACCESS
09-24 19:14:20.915 2041 2327 W PackageManager: Cannot whitelist unknown permission: com.google.android.hangouts.START_HANGOUT
09-24 19:14:20.915 2041 2327 W PackageManager: Cannot whitelist unknown permission: android.car.permission.CAR_ENERGY
09-24 19:14:20.915 2041 2327 W PackageManager: Cannot whitelist unknown permission: android.car.permission.CAR_ENERGY_PORTS
09-24 19:14:20.915 2041 2327 W PackageManager: Cannot whitelist unknown permission: android.car.permission.CAR_EXTERIOR_LIGHTS
09-24 19:14:20.915 2041 2327 W PackageManager: Cannot whitelist unknown permission: android.car.permission.CAR_INFO
09-24 19:14:20.916 2041 2327 W PackageManager: Cannot whitelist unknown permission: android.car.permission.CAR_MILEAGE
09-24 19:14:20.916 2041 2327 W PackageManager: Cannot whitelist unknown permission: android.car.permission.CAR_TIRES
09-24 19:14:20.916 2041 2327 W PackageManager: Cannot whitelist unknown permission: android.car.permission.CONTROL_CAR_CLIMATE
09-24 19:14:20.916 2041 2327 W PackageManager: Cannot whitelist unknown permission: android.car.permission.CONTROL_CAR_DOORS
09-24 19:14:20.916 2041 2327 W PackageManager: Cannot whitelist unknown permission: android.car.permission.CONTROL_CAR_EXTERIOR_LIGHTS
09-24 19:14:20.916 2041 2327 W PackageManager: Cannot whitelist unknown permission: android.car.permission.CONTROL_CAR_MIRRORS
09-24 19:14:20.916 2041 2327 W PackageManager: Cannot whitelist unknown permission: android.car.permission.CONTROL_CAR_SEATS
09-24 19:14:20.916 2041 2327 W PackageManager: Cannot whitelist unknown permission: android.car.permission.CONTROL_CAR_WINDOWS
09-24 19:14:20.916 2041 2327 W PackageManager: Cannot whitelist unknown permission: com.google.android.permission.ACCESSIBILITY_SCAN_SERVICE
09-24 19:14:20.916 2041 2327 W PackageManager: Cannot whitelist unknown permission: com.google.android.clockwork.settings.SHOW_FACTORY_RESET_CONFIRMATION
09-24 19:14:20.916 2041 2327 W PackageManager: Cannot whitelist unknown permission: com.google.android.wearable.READ_SETTINGS
09-24 19:14:20.916 2041 2327 W PackageManager: Cannot whitelist unknown permission: android.permission.READ_MEDIA_AUDIO
09-24 19:14:20.916 2041 2327 W PackageManager: Cannot whitelist unknown permission: android.permission.READ_MEDIA_IMAGES
09-24 19:14:20.916 2041 2327 W PackageManager: Cannot whitelist unknown permission: android.permission.READ_MEDIA_VIDEO
09-24 19:14:20.916 2041 2327 W PackageManager: Cannot whitelist unknown permission: com.google.android.gms.game.notifications.permission.WRITE
09-24 19:14:20.916 2041 2327 I PackageManager: Un-granting permission android.permission.CAPTURE_VIDEO_OUTPUT from package com.google.android.gms (protectionLevel=2 flags=0xb0cabe45)
09-24 19:14:20.917 2041 2327 I PackageManager: Un-granting permission android.permission.MANAGE_DEVICE_ADMINS from package com.google.android.gms (protectionLevel=2 flags=0xb0cabe45)
09-24 19:14:20.917 2041 2327 I PackageManager: Un-granting permission android.permission.MANAGE_ACTIVITY_STACKS from package com.google.android.gms (protectionLevel=2 flags=0xb0cabe45)
09-24 19:14:20.917 2041 2327 I PackageManager: Un-granting permission android.permission.CAPTURE_SECURE_VIDEO_OUTPUT from package com.google.android.gms (protectionLevel=2 flags=0xb0cabe45)
09-24 19:14:20.920 2041 2203 W PackageManager: Cannot whitelist unknown permission: android.permission.PRE_FACTORY_RESET
09-24 19:14:20.920 2041 2203 W PackageManager: Cannot whitelist unknown permission: android.car.permission.CAR_POWER
09-24 19:14:20.920 2041 2203 W PackageManager: Cannot whitelist unknown permission: com.google.android.wearable.WRITE_SETTINGS
09-24 19:14:20.920 2041 2203 W PackageManager: Cannot whitelist unknown permission: com.felicanetworks.mfc.permission.MFC_ACCESS
09-24 19:14:20.920 2041 2203 W PackageManager: Cannot whitelist unknown permission: com.felicanetworks.mfc.mfi.permission.MFI_ACCESS
09-24 19:14:20.922 2041 2203 W PackageManager: Cannot whitelist unknown permission: com.google.android.hangouts.START_HANGOUT
09-24 19:14:20.922 2041 2203 W PackageManager: Cannot whitelist unknown permission: android.car.permission.CAR_ENERGY
09-24 19:14:20.922 2041 2203 W PackageManager: Cannot whitelist unknown permission: android.car.permission.CAR_ENERGY_PORTS
09-24 19:14:20.922 2041 2203 W PackageManager: Cannot whitelist unknown permission: android.car.permission.CAR_EXTERIOR_LIGHTS
09-24 19:14:20.922 2041 2203 W PackageManager: Cannot whitelist unknown permission: android.car.permission.CAR_INFO
09-24 19:14:20.922 2041 2203 W PackageManager: Cannot whitelist unknown permission: android.car.permission.CAR_MILEAGE
09-24 19:14:20.922 2041 2203 W PackageManager: Cannot whitelist unknown permission: android.car.permission.CAR_TIRES
09-24 19:14:20.922 2041 2203 W PackageManager: Cannot whitelist unknown permission: android.car.permission.CONTROL_CAR_CLIMATE
09-24 19:14:20.922 2041 2203 W PackageManager: Cannot whitelist unknown permission: android.car.permission.CONTROL_CAR_DOORS
09-24 19:14:20.922 2041 2203 W PackageManager: Cannot whitelist unknown permission: android.car.permission.CONTROL_CAR_EXTERIOR_LIGHTS
09-24 19:14:20.922 2041 2203 W PackageManager: Cannot whitelist unknown permission: android.car.permission.CONTROL_CAR_MIRRORS
09-24 19:14:20.922 2041 2203 W PackageManager: Cannot whitelist unknown permission: android.car.permission.CONTROL_CAR_SEATS
09-24 19:14:20.922 2041 2203 W PackageManager: Cannot whitelist unknown permission: android.car.permission.CONTROL_CAR_WINDOWS
09-24 19:14:20.922 2041 2203 W PackageManager: Cannot whitelist unknown permission: com.google.android.permission.ACCESSIBILITY_SCAN_SERVICE
09-24 19:14:20.922 2041 2203 W PackageManager: Cannot whitelist unknown permission: com.google.android.clockwork.settings.SHOW_FACTORY_RESET_CONFIRMATION
09-24 19:14:20.922 2041 2203 W PackageManager: Cannot whitelist unknown permission: com.google.android.wearable.READ_SETTINGS
09-24 19:14:20.922 2041 2203 W PackageManager: Cannot whitelist unknown permission: android.permission.READ_MEDIA_AUDIO
09-24 19:14:20.922 2041 2203 W PackageManager: Cannot whitelist unknown permission: android.permission.READ_MEDIA_IMAGES
09-24 19:14:20.922 2041 2203 W PackageManager: Cannot whitelist unknown permission: android.permission.READ_MEDIA_VIDEO
09-24 19:14:20.922 2041 2203 W PackageManager: Cannot whitelist unknown permission: com.google.android.gms.game.notifications.permission.WRITE
09-24 19:14:20.922 2041 2203 I PackageManager: Un-granting permission android.permission.CAPTURE_VIDEO_OUTPUT from package com.google.android.gms (protectionLevel=2 flags=0xb0cabe45)
09-24 19:14:20.923 2041 2203 I PackageManager: Un-granting permission android.permission.MANAGE_DEVICE_ADMINS from package com.google.android.gms (protectionLevel=2 flags=0xb0cabe45)
09-24 19:14:20.923 2041 2203 I PackageManager: Un-granting permission android.permission.MANAGE_ACTIVITY_STACKS from package com.google.android.gms (protectionLevel=2 flags=0xb0cabe45)
09-24 19:14:20.923 2041 2203 I PackageManager: Un-granting permission android.permission.CAPTURE_SECURE_VIDEO_OUTPUT from package com.google.android.gms (protectionLevel=2 flags=0xb0cabe45)
09-24 19:14:20.955 2041 2120 W PackageManager: Cannot whitelist unknown permission: android.permission.PRE_FACTORY_RESET
09-24 19:14:20.955 2041 2120 W PackageManager: Cannot whitelist unknown permission: android.car.permission.CAR_POWER
09-24 19:14:20.955 2041 2120 W PackageManager: Cannot whitelist unknown permission: com.google.android.wearable.WRITE_SETTINGS
09-24 19:14:20.955 2041 2120 W PackageManager: Cannot whitelist unknown permission: com.felicanetworks.mfc.permission.MFC_ACCESS
09-24 19:14:20.955 2041 2120 W PackageManager: Cannot whitelist unknown permission: com.felicanetworks.mfc.mfi.permission.MFI_ACCESS
09-24 19:14:20.955 2041 2120 W PackageManager: Cannot whitelist unknown permission: com.google.android.hangouts.START_HANGOUT
09-24 19:14:20.955 2041 2120 W PackageManager: Cannot whitelist unknown permission: android.car.permission.CAR_ENERGY
09-24 19:14:20.955 2041 2120 W PackageManager: Cannot whitelist unknown permission: android.car.permission.CAR_ENERGY_PORTS
09-24 19:14:20.955 2041 2120 W PackageManager: Cannot whitelist unknown permission: android.car.permission.CAR_EXTERIOR_LIGHTS
09-24 19:14:20.955 2041 2120 W PackageManager: Cannot whitelist unknown permission: android.car.permission.CAR_INFO
09-24 19:14:20.955 2041 2120 W PackageManager: Cannot whitelist unknown permission: android.car.permission.CAR_MILEAGE
09-24 19:14:20.955 2041 2120 W PackageManager: Cannot whitelist unknown permission: android.car.permission.CAR_TIRES
09-24 19:14:20.955 2041 2120 W PackageManager: Cannot whitelist unknown permission: android.car.permission.CONTROL_CAR_CLIMATE
09-24 19:14:20.955 2041 2120 W PackageManager: Cannot whitelist unknown permission: android.car.permission.CONTROL_CAR_DOORS
09-24 19:14:20.955 2041 2120 W PackageManager: Cannot whitelist unknown permission: android.car.permission.CONTROL_CAR_EXTERIOR_LIGHTS
09-24 19:14:20.955 2041 2120 W PackageManager: Cannot whitelist unknown permission: android.car.permission.CONTROL_CAR_MIRRORS
09-24 19:14:20.955 2041 2120 W PackageManager: Cannot whitelist unknown permission: android.car.permission.CONTROL_CAR_SEATS
09-24 19:14:20.955 2041 2120 W PackageManager: Cannot whitelist unknown permission: android.car.permission.CONTROL_CAR_WINDOWS
09-24 19:14:20.955 2041 2120 W PackageManager: Cannot whitelist unknown permission: com.google.android.permission.ACCESSIBILITY_SCAN_SERVICE
09-24 19:14:20.955 2041 2120 W PackageManager: Cannot whitelist unknown permission: com.google.android.clockwork.settings.SHOW_FACTORY_RESET_CONFIRMATION
09-24 19:14:20.955 2041 2120 W PackageManager: Cannot whitelist unknown permission: com.google.android.wearable.READ_SETTINGS
09-24 19:14:20.955 2041 2120 W PackageManager: Cannot whitelist unknown permission: android.permission.READ_MEDIA_AUDIO
09-24 19:14:20.955 2041 2120 W PackageManager: Cannot whitelist unknown permission: android.permission.READ_MEDIA_IMAGES
09-24 19:14:20.955 2041 2120 W PackageManager: Cannot whitelist unknown permission: android.permission.READ_MEDIA_VIDEO
09-24 19:14:20.955 2041 2120 W PackageManager: Cannot whitelist unknown permission: com.google.android.gms.game.notifications.permission.WRITE
09-24 19:14:20.956 2041 2120 I PackageManager: Un-granting permission android.permission.CAPTURE_VIDEO_OUTPUT from package com.google.android.gms (protectionLevel=2 flags=0xb0cabe45)
09-24 19:14:20.957 2041 2120 I PackageManager: Un-granting permission android.permission.MANAGE_DEVICE_ADMINS from package com.google.android.gms (protectionLevel=2 flags=0xb0cabe45)
09-24 19:14:20.958 2041 2120 I PackageManager: Un-granting permission android.permission.MANAGE_ACTIVITY_STACKS from package com.google.android.gms (protectionLevel=2 flags=0xb0cabe45)
09-24 19:14:20.958 2041 2120 I PackageManager: Un-granting permission android.permission.CAPTURE_SECURE_VIDEO_OUTPUT from package com.google.android.gms (protectionLevel=2 flags=0xb0cabe45)
09-24 19:14:20.984 2041 2120 W PackageManager: Cannot whitelist unknown permission: android.permission.ADD_VOICEMAIL
09-24 19:14:20.984 2041 2120 W PackageManager: Cannot whitelist unknown permission: com.google.android.apps.messaging.services.ACCESS_JIBESERVICE
09-24 19:14:20.985 2041 2120 W PackageManager: Cannot whitelist unknown permission: android.permission.ADD_VOICEMAIL
09-24 19:14:20.985 2041 2120 W PackageManager: Cannot whitelist unknown permission: com.google.android.apps.messaging.services.ACCESS_JIBESERVICE
09-24 19:14:20.986 2041 2203 W PackageManager: Cannot whitelist unknown permission: android.permission.ADD_VOICEMAIL
09-24 19:14:20.986 2041 2203 W PackageManager: Cannot whitelist unknown permission: com.google.android.apps.messaging.services.ACCESS_JIBESERVICE
09-24 19:14:20.988 2041 2203 W PackageManager: Cannot whitelist unknown permission: android.permission.ADD_VOICEMAIL
09-24 19:14:20.988 2041 2203 W PackageManager: Cannot whitelist unknown permission: com.google.android.apps.messaging.services.ACCESS_JIBESERVICE
09-24 19:14:20.989 2041 2203 W PackageManager: Cannot whitelist unknown permission: android.permission.ADD_VOICEMAIL
09-24 19:14:20.989 2041 2203 W PackageManager: Cannot whitelist unknown permission: com.google.android.apps.messaging.services.ACCESS_JIBESERVICE
09-24 19:14:20.997 2041 2120 I PackageManager: Un-granting permission com.google.android.googleapps.permission.GOOGLE_AUTH from package com.google.android.videos (protectionLevel=2 flags=0x30dbbe45)
09-24 19:14:20.999 2041 2120 I PackageManager: Un-granting permission com.google.android.googleapps.permission.GOOGLE_AUTH from package com.google.android.videos (protectionLevel=2 flags=0x30dbbe45)
09-24 19:14:21.003 2041 2203 I PackageManager: Un-granting permission com.google.android.googleapps.permission.GOOGLE_AUTH from package com.google.android.videos (protectionLevel=2 flags=0x30dbbe45)
09-24 19:14:21.004 2041 2203 W PackageManager: Cannot whitelist unknown permission: com.google.android.apps.miphone.aiai.matchmaker.overview.service.BIND_SERVICE
09-24 19:14:21.004 2041 2203 W PackageManager: Cannot whitelist unknown permission: com.google.android.as.allapps.SUGGESTION_CONSUMER
09-24 19:14:21.005 2041 2203 W PackageManager: Cannot whitelist unknown permission: com.google.android.apps.miphone.aiai.matchmaker.overview.service.BIND_SERVICE
09-24 19:14:21.005 2041 2203 W PackageManager: Cannot whitelist unknown permission: com.google.android.as.allapps.SUGGESTION_CONSUMER
09-24 19:14:21.024 2041 2203 I PackageManager: Un-granting permission android.permission.WRITE_MEDIA_STORAGE from package com.google.android.apps.photos (protectionLevel=18 flags=0x38d9be45)
09-24 19:14:21.028 2041 2203 I PackageManager: Un-granting permission android.permission.WRITE_MEDIA_STORAGE from package com.google.android.apps.photos (protectionLevel=18 flags=0x38d9be45)
09-24 19:14:21.062 2041 2203 W PackageManager: Cannot whitelist unknown permission: com.android.launcher.permission.READ_SETTINGS
09-24 19:14:21.062 2041 2203 W PackageManager: Cannot whitelist unknown permission: com.android.launcher.permission.WRITE_SETTINGS
09-24 19:14:21.143 2041 2203 W PackageManager: Cannot whitelist unknown permission: com.android.permission.CONNMO_SETTINGS
09-24 19:14:21.143 2041 2203 W PackageManager: Cannot whitelist unknown permission: com.android.permission.DCMO_SETTINGS
09-24 19:14:21.144 2041 2120 W PackageManager: Cannot whitelist unknown permission: com.android.permission.CONNMO_SETTINGS
09-24 19:14:21.144 2041 2120 W PackageManager: Cannot whitelist unknown permission: com.android.permission.DCMO_SETTINGS
09-24 19:14:21.155 2041 2120 W PackageManager: Cannot whitelist unknown permission: com.android.permission.BIND_TELEPHONY_NETWORK_SERVICE
09-24 19:14:21.156 2041 2120 W PackageManager: Cannot whitelist unknown permission: com.android.permission.BIND_TELEPHONY_NETWORK_SERVICE
09-24 19:14:21.163 2041 2203 W PackageManager: Cannot whitelist unknown permission: com.android.permission.BIND_TELEPHONY_NETWORK_SERVICE
09-24 19:14:21.165 2041 2203 W PackageManager: Cannot whitelist unknown permission: com.android.permission.BIND_TELEPHONY_NETWORK_SERVICE
09-24 19:14:21.244 2041 2203 W PackageManager: Cannot whitelist unknown permission: com.google.restricted_assist_gesture.permission.RESTRICTED_ASSIST_GESTURE_PROVIDER
09-24 19:14:21.244 2041 2203 W PackageManager: Cannot whitelist unknown permission: com.google.android.apps.dreamliner.permission.DREAMLINER_SERVICE
09-24 19:14:21.245 2041 2203 W PackageManager: Cannot whitelist unknown permission: android.car.permission.CONTROL_CAR_CLIMATE
09-24 19:14:21.245 2041 2203 W PackageManager: Cannot whitelist unknown permission: android.car.permission.CAR_DRIVING_STATE
09-24 19:14:21.245 2041 2203 W PackageManager: Cannot whitelist unknown permission: android.car.permission.CAR_CONTROL_AUDIO_VOLUME
09-24 19:14:21.253 2041 2120 W PackageManager: Cannot whitelist unknown permission: com.google.restricted_assist_gesture.permission.RESTRICTED_ASSIST_GESTURE_PROVIDER
09-24 19:14:21.253 2041 2120 W PackageManager: Cannot whitelist unknown permission: com.google.android.apps.dreamliner.permission.DREAMLINER_SERVICE
09-24 19:14:21.253 2041 2120 W PackageManager: Cannot whitelist unknown permission: android.car.permission.CONTROL_CAR_CLIMATE
09-24 19:14:21.253 2041 2120 W PackageManager: Cannot whitelist unknown permission: android.car.permission.CAR_DRIVING_STATE
09-24 19:14:21.253 2041 2120 W PackageManager: Cannot whitelist unknown permission: android.car.permission.CAR_CONTROL_AUDIO_VOLUME
09-24 19:14:21.254 2041 2120 W PackageManager: Cannot whitelist unknown permission: com.google.android.gallery3d.permission.GALLERY_PROVIDER
09-24 19:14:21.254 2041 2120 W PackageManager: Cannot whitelist unknown permission: com.android.gallery3d.permission.GALLERY_PROVIDER
09-24 19:14:21.254 2041 2120 W PackageManager: Cannot whitelist unknown permission: com.google.android.gallery3d.permission.GALLERY_PROVIDER
09-24 19:14:21.254 2041 2120 W PackageManager: Cannot whitelist unknown permission: com.android.gallery3d.permission.GALLERY_PROVIDER
09-24 19:14:21.254 2041 2120 W PackageManager: Cannot whitelist unknown permission: com.google.android.gallery3d.permission.GALLERY_PROVIDER
09-24 19:14:21.254 2041 2120 W PackageManager: Cannot whitelist unknown permission: com.android.gallery3d.permission.GALLERY_PROVIDER
09-24 19:14:21.255 2041 2120 W PackageManager: Cannot whitelist unknown permission: com.google.android.gallery3d.permission.GALLERY_PROVIDER
09-24 19:14:21.255 2041 2120 W PackageManager: Cannot whitelist unknown permission: com.android.gallery3d.permission.GALLERY_PROVIDER
09-24 19:14:21.256 2041 2120 W PackageManager: Cannot whitelist unknown permission: com.google.android.gallery3d.permission.GALLERY_PROVIDER
09-24 19:14:21.256 2041 2120 W PackageManager: Cannot whitelist unknown permission: com.android.gallery3d.permission.GALLERY_PROVIDER
09-24 19:14:21.256 2041 2120 W PackageManager: Cannot whitelist unknown permission: com.google.android.gallery3d.permission.GALLERY_PROVIDER
09-24 19:14:21.256 2041 2120 W PackageManager: Cannot whitelist unknown permission: com.android.gallery3d.permission.GALLERY_PROVIDER
09-24 19:14:21.256 2041 2120 W PackageManager: Cannot whitelist unknown permission: com.google.android.gallery3d.permission.GALLERY_PROVIDER
09-24 19:14:21.256 2041 2120 W PackageManager: Cannot whitelist unknown permission: com.android.gallery3d.permission.GALLERY_PROVIDER
09-24 19:14:21.271 2247 2290 I RuntimePermissionsUpgradeController: Grandfathering SMS and CallLog permissions
09-24 19:14:21.280 2247 2290 I RuntimePermissionsUpgradeController: Grandfathering location background permissions
09-24 19:14:21.281 2247 2290 I RuntimePermissionsUpgradeController: Grandfathering Storage permissions
09-24 19:14:21.290 2247 2290 I RuntimePermissionsUpgradeController: Not expanding location permissions as this is not an upgrade from Android P
09-24 19:14:21.298 1688 1697 D vold : Remounting 10133 as mode default
09-24 19:14:21.303 2041 2041 W SystemServiceManager: Service com.android.server.policy.PermissionPolicyService took 1542 ms in onBootPhase
09-24 19:14:21.303 2041 2041 I SystemServer: StartObservingNativeCrashes
09-24 19:14:21.306 1688 1697 D vold : Remounting 10104 as mode default
09-24 19:14:21.307 2201 2201 E ActivityThread: Failed to find provider info for com.google.android.gsf.gservices
09-24 19:14:21.309 2201 2201 I FileApkMgr: Extracting modules completed
09-24 19:14:21.309 2201 2201 I GmsApplication: Staging modules completed
09-24 19:14:21.309 2201 2201 I GmsApplication: Updating config
09-24 19:14:21.307 2201 2201 E ActivityThread: Failed to find provider info for com.google.android.gsf.gservices
09-24 19:14:21.309 1688 2193 D vold : Remounting 10122 as mode write
09-24 19:14:21.310 2201 2201 E ActivityThread: Failed to find provider info for com.google.android.gsf.gservices
09-24 19:14:21.310 2201 2201 W FileUtils: Failed to set world readable: /data/user_de/0/com.google.android.gms/app_chimera/current_config.fb
09-24 19:14:21.310 2201 2201 E ActivityThread: Failed to find provider info for com.google.android.gsf.gservices
09-24 19:14:21.310 1688 2193 D vold : Remounting 10123 as mode write
09-24 19:14:21.310 2041 2128 I SystemServer: WebViewFactoryPreparation
09-24 19:14:21.311 2041 2128 I WebViewUpdateServiceImpl: One-time migration: enabling com.google.android.webview
09-24 19:14:21.312 1688 1688 D vold : Remounting 10094 as mode write
09-24 19:14:21.312 2041 2041 I SystemServer: StartSystemUI
09-24 19:14:21.316 2224 2224 V SystemUIService: Starting SystemUI services for user 0.
09-24 19:14:21.316 2201 2201 E ActivityThread: Failed to find provider info for com.google.android.gsf.gservices
09-24 19:14:21.317 2201 2201 E ActivityThread: Failed to find provider info for com.google.android.gsf.gservices
09-24 19:14:21.317 1688 2191 D vold : Remounting 10099 as mode default
09-24 19:14:21.317 2041 2041 I SystemServer: MakeNetworkManagementServiceReady
09-24 19:14:21.317 2201 2201 E ChimeraCfgMgr: Failed to read module config: java.io.FileNotFoundException: /data/user_de/0/com.google.android.gms/app_chimera/current_config.fb: open failed: ENOENT (No such file or directory)
09-24 19:14:21.319 2041 2041 I chatty : uid=1000 system_server expire 29 lines
09-24 19:14:21.320 1779 2009 I netd : firewallSetFirewallType(1) <0.03ms>
09-24 19:14:21.324 1688 1695 D vold : Remounting 10116 as mode write
09-24 19:14:21.325 2041 2041 I SystemServer: MakeIpSecServiceReady
09-24 19:14:21.325 1688 2191 D vold : Remounting 10069 as mode default
09-24 19:14:21.326 1688 1688 D vold : Remounting 10126 as mode default
09-24 19:14:21.327 1779 2009 I netd : isAlive() -> {"true"} <0.00ms>
09-24 19:14:21.327 2041 2041 D IpSecService: IpSecService is ready
09-24 19:14:21.327 2041 2041 I SystemServer: MakeNetworkStatsServiceReady
09-24 19:14:21.328 1688 2361 D vold : Remounting 10120 as mode default
09-24 19:14:21.329 1688 1697 D vold : Remounting 10088 as mode default
09-24 19:14:21.330 1688 1695 D vold : Remounting 10118 as mode write
09-24 19:14:21.331 1688 2361 D vold : Remounting 10093 as mode default
09-24 19:14:21.332 1688 1697 D vold : Remounting 10098 as mode write
09-24 19:14:21.333 2041 2153 W NetworkPolicy: setRestrictBackgroundUL: already false
09-24 19:14:21.334 1688 1697 D vold : Found matching PID 2201
09-24 19:14:21.349 2201 2201 E ActivityThread: Failed to find provider info for com.google.android.gsf.gservices
09-24 19:14:21.349 2201 2201 E GservicesValue: Gservices key not whitelisted for directboot access: gms:chimera:dev_module_blacklist
09-24 19:14:21.353 2201 2201 I GmsModuleFndr: Beginning GMS chimera module scan
09-24 19:14:21.355 1780 1780 D Zygote : Forked child process 2364
09-24 19:14:21.355 2224 2224 V MediaRouter: Selecting route: RouteInfo{ name=Phone, description=null, status=null, category=RouteCategory{ name=System types=ROUTE_TYPE_LIVE_AUDIO ROUTE_TYPE_LIVE_VIDEO groupable=false }, supportedTypes=ROUTE_TYPE_LIVE_AUDIO ROUTE_TYPE_LIVE_VIDEO , presentationDisplay=null }
09-24 19:14:21.352 2201 2201 I chatty : uid=10098 com.google.android.gms.persistent identical 4 lines
09-24 19:14:21.353 2201 2201 E ActivityThread: Failed to find provider info for com.google.android.gsf.gservices
09-24 19:14:21.356 2041 2072 I ActivityManager: Start proc 2364:WebViewLoader-x86/1037 [android.webkit.WebViewLibraryLoader$RelroFileCreator] for null
09-24 19:14:21.356 2201 2201 E ChimeraCfgMgr: Failed to read module config: java.io.FileNotFoundException: /data/user_de/0/com.google.android.gms/app_chimera/current_config.fb: open failed: ENOENT (No such file or directory)
09-24 19:14:21.359 2201 2201 E ActivityThread: Failed to find provider info for com.google.android.gsf.gservices
09-24 19:14:21.362 2364 2364 W WebViewLoader-: Unexpected CPU variant for X86 using defaults: x86
09-24 19:14:21.363 2364 2364 E WebViewLoader-: Not starting debugger since process cannot load the jdwp agent.
09-24 19:14:21.376 2201 2201 E ChimeraCfgMgr: Failed to read module config: java.io.FileNotFoundException: /data/user_de/0/com.google.android.gms/app_chimera/current_config.fb: open failed: ENOENT (No such file or directory)
09-24 19:14:21.376 2201 2201 W IntentOperation: Failed to get Chimera config:com.google.android.chimera.config.InvalidConfigException: java.io.FileNotFoundException: /data/user_de/0/com.google.android.gms/app_chimera/current_config.fb: open failed: ENOENT (No such file or directory)
09-24 19:14:21.372 2201 2201 I chatty : uid=10098 com.google.android.gms.persistent identical 4 lines
09-24 19:14:21.372 2201 2201 E ActivityThread: Failed to find provider info for com.google.android.gsf.gservices
09-24 19:14:21.383 1688 1697 D vold : Remounting 10098 as mode write
09-24 19:14:21.384 1688 1697 D vold : Found matching PID 2201
09-24 19:14:21.392 2364 2364 V WebViewLibraryLoader: RelroFileCreator (64bit = false), package: com.google.android.webview library: libmonochrome.so
09-24 19:14:21.395 2364 2364 I WebViewLoader-: The ClassLoaderContext is a special shared library.
09-24 19:14:21.399 2364 2364 I WebViewLoader-: The ClassLoaderContext is a special shared library.
09-24 19:14:21.402 1779 2009 I netd : trafficSwapActiveStatsMap() <72.01ms>
09-24 19:14:21.402 1779 1779 I netd : firewallReplaceUidChain("fw_standby", "false", []) -> {"true"} <66.38ms>
09-24 19:14:21.406 1779 2004 I netd : tetherGetStats() <2.01ms>
09-24 19:14:21.406 2041 2153 I chatty : uid=1000(system) NetworkPolicy expire 5 lines
09-24 19:14:21.407 1779 2004 I netd : firewallEnableChildChain(2, "true") <0.01ms>
09-24 19:14:21.408 1779 1779 I netd : socketDestroy([]) <0.37ms>
09-24 19:14:21.413 2224 2224 I vol.Events: writeEvent collection_started
09-24 19:14:21.417 2224 2392 I OMXClient: IOmx service obtained
09-24 19:14:21.417 1846 2334 I OMXMaster: makeComponentInstance(OMX.google.vorbis.decoder) in android.hardwar process
09-24 19:14:21.419 1779 1779 I netd : bandwidthSetGlobalAlert(2097152) <1.05ms>
09-24 19:14:21.419 2041 2041 I SystemServer: MakeConnectivityServiceReady
09-24 19:14:21.420 2041 2041 D ConnectivityService: requestNetwork for uid/pid:1000/2041 NetworkRequest [ REQUEST id=7, [ Capabilities: INTERNET&NOT_RESTRICTED&TRUSTED&NOT_VPN] ]
09-24 19:14:21.420 1846 2334 E OMXNodeInstance: getConfig(0xecb18f00:google.vorbis.decoder, ConfigAndroidVendorExtension(0x6f100004)) ERROR: Undefined(0x80001001)
09-24 19:14:21.426 1779 1779 I netd : networkSetPermissionForUser(1, [10117,10088]) <0.01ms>
09-24 19:14:21.426 1779 1779 I netd : networkSetPermissionForUser(2, [1027,10116,10118,10119,10055,10121,10122,10123,10125,10126,10127,2000,10130,10131,10133,10072,10074,1000,10089,1001,1002,10093,10094,10095,10096,1073,10098,10099,10100,10102,10103,10104,10106,10042,10046]) <0.01ms>
09-24 19:14:21.426 1779 1779 I netd : trafficSetNetPermForUids(12, [1001,1002,1013,10046,10094,10098,10102]) <0.06ms>
09-24 19:14:21.427 1779 2390 I netd : trafficSetNetPermForUids(4, [1000,1027,1073,2000,10047,10048,10050,10055,10061,10065,10066,10069,10071,10072,10074,10081,10083,10085,10086,10088,10089,10091,10093,10095,10096,10099,10101,10103,10104,10105,10106,10112,10113,10114,10115,10116,10117,10118,10119,10120,10121,10122,10123,10126,10127,10128,10130,10131,10132,10133]) <0.10ms>
09-24 19:14:21.427 1779 2390 I netd : trafficSetNetPermForUids(8, [1041,1047]) <0.02ms>
09-24 19:14:21.428 1779 2390 I netd : trafficSetNetPermForUids(0, [1003,1063,1066,1067,1068,10000,10001,10002,10003,10004,10005,10006,10007,10008,10009,10010,10011,10012,10013,10014,10015,10016,10017,10018,10019,10020,10021,10022,10023,10024,10025,10026,10027,10028,10029,10030,10031,10032,10033,10034,10035,10036,10037,10038,10039,10040,10041,10042,10043,10044,10045,10049,10051,10052,10053,10054,10056,10057,10058,10059,10060,10062,10063,10064,10067,10068,10070,10073,10075,10076,10077,10078,10079,10080,10082,10084,10087,10090,10092,10097,10100,10107,10108,10109,10110,10111,10124,10125]) <0.11ms>
09-24 19:14:21.428 2041 2041 I SystemServer: MakeNetworkPolicyServiceReady
09-24 19:14:21.428 2041 2041 I SystemServer: PhaseThirdPartyAppsCanStart
09-24 19:14:21.428 2041 2041 I SystemServiceManager: Starting phase 600
09-24 19:14:21.430 2041 2041 I ExplicitHealthCheckController: Explicit health checks enabled.
09-24 19:14:21.431 2041 2041 I PackageWatchdog: Syncing state, reason: health check state enabled
09-24 19:14:21.431 2041 2041 I PackageWatchdog: Not pruning observers, elapsed time: 0ms
09-24 19:14:21.431 2041 2041 I PackageWatchdog: Cancelling state sync, nothing to sync
09-24 19:14:21.432 2041 2041 V WallpaperManagerService: bindWallpaperComponentLocked: componentName=null
09-24 19:14:21.432 2041 2041 V WallpaperManagerService: No default component; using image wallpaper
09-24 19:14:21.434 2041 2068 I PackageWatchdog: Saving observer state to file
09-24 19:14:21.456 2041 2041 I StatsCompanionService: Told statsd that StatsCompanionService is alive.
09-24 19:14:21.456 2041 2041 I SystemServer: StartNetworkStack
09-24 19:14:21.457 2041 2041 I SystemServer: MakeLocationServiceReady
09-24 19:14:21.459 1681 1681 I hwservicemanager: getTransport: Cannot find entry android.hardware.gnss@2.0::IGnss/default in either framework or device manifest.
09-24 19:14:21.460 1681 1681 I hwservicemanager: getTransport: Cannot find entry android.hardware.gnss@1.1::IGnss/default in either framework or device manifest.
09-24 19:14:21.464 1780 1780 D Zygote : Forked child process 2401
09-24 19:14:21.500 1688 1697 D vold : Remounting 10089 as mode default
09-24 19:14:21.501 2401 2401 W id.networkstac: Unexpected CPU variant for X86 using defaults: x86
09-24 19:14:21.501 2041 2072 I ActivityManager: Start proc 2401:com.google.android.networkstack/1073 for service {com.google.android.networkstack/com.android.server.NetworkStackService}
09-24 19:14:21.504 1688 1688 D vold : Remounting 10121 as mode default
09-24 19:14:21.505 1688 2361 D vold : Remounting 10117 as mode write
09-24 19:14:21.506 1688 2193 D vold : Remounting 10071 as mode default
09-24 19:14:21.507 1688 2361 D vold : Remounting 10066 as mode default
09-24 19:14:21.508 1688 2193 D vold : Remounting 10091 as mode default
09-24 19:14:21.509 1688 1688 D vold : Remounting 10096 as mode default
09-24 19:14:21.510 1688 2191 D vold : Remounting 1002 as mode write
09-24 19:14:21.512 2401 2401 E id.networkstac: Not starting debugger since process cannot load the jdwp agent.
09-24 19:14:21.518 1780 1780 D Zygote : Forked child process 2421
09-24 19:14:21.521 1688 2191 D vold : Remounting 10130 as mode default
09-24 19:14:21.522 2041 2362 I chatty : uid=1000(system) AsyncTask #1 expire 1 line
09-24 19:14:21.523 1688 1695 D vold : Remounting 10061 as mode default
09-24 19:14:21.525 1688 2361 D vold : Remounting 1001 as mode default
09-24 19:14:21.533 2364 2364 I WebViewLoader-: System.exit called, status: 0
09-24 19:14:21.533 2364 2364 I AndroidRuntime: VM exiting with result code 0, cleanup skipped.
09-24 19:14:21.533 1688 2361 D vold : Found matching PID 1847
09-24 19:14:21.533 1688 2361 W vold : Skipping due to root namespace
09-24 19:14:21.535 1688 1688 D vold : Remounting 1001 as mode default
09-24 19:14:21.535 1688 1688 D vold : Found matching PID 1847
09-24 19:14:21.535 1688 1688 W vold : Skipping due to root namespace
09-24 19:14:21.535 1688 2191 D vold : Remounting 1001 as mode default
09-24 19:14:21.536 1688 2191 D vold : Found matching PID 1847
09-24 19:14:21.536 1688 2191 W vold : Skipping due to root namespace
09-24 19:14:21.536 1688 2193 D vold : Remounting 1001 as mode default
09-24 19:14:21.537 1688 2193 D vold : Found matching PID 1847
09-24 19:14:21.537 1688 2193 W vold : Skipping due to root namespace
09-24 19:14:21.537 1688 1697 D vold : Remounting 1001 as mode default
09-24 19:14:21.537 1688 1697 D vold : Found matching PID 1847
09-24 19:14:21.537 1688 1697 W vold : Skipping due to root namespace
09-24 19:14:21.538 2224 2430 I OMXClient: IOmx service obtained
09-24 19:14:21.538 1688 2193 D vold : Remounting 1001 as mode default
09-24 19:14:21.538 1846 1910 I OMXMaster: makeComponentInstance(OMX.google.vorbis.decoder) in android.hardwar process
09-24 19:14:21.539 1846 1910 E OMXNodeInstance: getConfig(0xeabbe120:google.vorbis.decoder, ConfigAndroidVendorExtension(0x6f100004)) ERROR: Undefined(0x80001001)
09-24 19:14:21.539 1688 2193 D vold : Found matching PID 1847
09-24 19:14:21.539 1688 2193 W vold : Skipping due to root namespace
09-24 19:14:21.539 1688 1688 D vold : Remounting 1001 as mode default
09-24 19:14:21.540 1688 1688 D vold : Found matching PID 1847
09-24 19:14:21.540 1688 1688 W vold : Skipping due to root namespace
09-24 19:14:21.540 1688 2191 D vold : Remounting 10047 as mode default
09-24 19:14:21.541 1688 2427 D vold : Remounting 10046 as mode full
09-24 19:14:21.542 2401 2401 I id.networkstac: The ClassLoaderContext is a special shared library.
09-24 19:14:21.543 1688 1688 D vold : Remounting 10046 as mode full
09-24 19:14:21.544 1688 2191 D vold : Remounting 10046 as mode full
09-24 19:14:21.545 1688 2427 D vold : Remounting 10046 as mode full
09-24 19:14:21.546 2041 2041 D LocationManagerService: Hardware Activity-Recognition not supported.
09-24 19:14:21.546 2041 2354 I ActivityManager: Process WebViewLoader-x86 (pid 2364) has died: psvc PER
09-24 19:14:21.546 1688 2427 D vold : Remounting 10056 as mode full
09-24 19:14:21.547 1688 2427 D vold : Remounting 10128 as mode default
09-24 19:14:21.548 1780 1780 I Zygote : Process 2364 exited cleanly (0)
09-24 19:14:21.549 1688 2427 D vold : Remounting 1027 as mode default
09-24 19:14:21.550 1688 1688 D vold : Remounting 10043 as mode full
09-24 19:14:21.551 1688 1688 D vold : Remounting 10132 as mode default
09-24 19:14:21.553 1688 1688 D vold : Remounting 10114 as mode default
09-24 19:14:21.553 1688 2427 D vold : Remounting 10111 as mode default
09-24 19:14:21.555 1688 1688 D vold : Remounting 1000 as mode full
09-24 19:14:21.555 2041 2073 I chatty : uid=1000(system) ActivityManager expire 1 line
09-24 19:14:21.555 1688 1688 D vold : Found matching PID 1680
09-24 19:14:21.555 1688 1688 W vold : Skipping due to root namespace
09-24 19:14:21.555 1688 1688 D vold : Found matching PID 1681
09-24 19:14:21.555 1688 1688 W vold : Skipping due to root namespace
09-24 19:14:21.555 1688 1688 D vold : Found matching PID 1682
09-24 19:14:21.555 1688 1688 W vold : Skipping due to root namespace
09-24 19:14:21.555 1688 1688 D vold : Found matching PID 1783
09-24 19:14:21.556 1688 1688 W vold : Skipping due to root namespace
09-24 19:14:21.556 1688 1688 D vold : Found matching PID 1784
09-24 19:14:21.556 1688 1688 W vold : Skipping due to root namespace
09-24 19:14:21.556 1688 1688 D vold : Found matching PID 1790
09-24 19:14:21.556 1688 1688 W vold : Skipping due to root namespace
09-24 19:14:21.556 1688 1688 D vold : Found matching PID 1794
09-24 19:14:21.556 1688 1688 W vold : Skipping due to root namespace
09-24 19:14:21.556 1688 1688 D vold : Found matching PID 1797
09-24 19:14:21.556 1688 1688 W vold : Skipping due to root namespace
09-24 19:14:21.556 1688 1688 D vold : Found matching PID 1798
09-24 19:14:21.556 1688 1688 W vold : Skipping due to root namespace
09-24 19:14:21.556 1688 1688 D vold : Found matching PID 1800
09-24 19:14:21.556 1688 1688 W vold : Skipping due to root namespace
