09-24 19:14:37.576 2201 3705 I aohg : Scheduling Phenotype for a PhenotypeSyncImmediately(6, com.google.android.ims.library#com.google.android.apps.messaging) one off with window [1, 2] in seconds [CONTEXT service_id=51 ]
09-24 19:14:37.585 2518 3590 I CheckinCompat: No service .update.SystemUpdateActivity to disable
09-24 19:14:37.587 2518 3590 I CheckinCompat: No service .update.SystemUpdateService$SecretCodeReceiver to disable
09-24 19:14:37.600 4759 4794 I CarrierServices: [294] cut.a: KEY_CONFIG_IMS_PACKAGE_OVERRIDE_STRING: com.google.android.ims
09-24 19:14:37.610 2518 3590 I CheckinCompat: No service .update.SystemUpdateService$Receiver to disable
09-24 19:14:37.634 3188 5221 D DownloadManager: [2] Finished with status SUCCESS
09-24 19:14:37.658 3284 3486 I Finsky : [182] dfn.run(7): Component class com.google.android.finsky.wear.WearSupportService disabled via PackageManager.
09-24 19:14:37.665 1796 2449 E GnssHAL_GnssInterface: gnssSvStatusCb: a: input svInfo.flags is 8
09-24 19:14:37.665 1796 2449 E GnssHAL_GnssInterface: gnssSvStatusCb: b: input svInfo.flags is 8
09-24 19:14:37.683 3284 3486 I Finsky : [182] dfn.run(7): Component class com.google.android.finsky.wear.WearChangeListenerService disabled via PackageManager.
09-24 19:14:37.713 3284 3554 I Finsky : [188] vrs.a(11): Do not start WearSupportService due to Wear service optimization
09-24 19:14:37.718 5163 5271 I DMAgent : Service runs for: 0 accounts
09-24 19:14:37.748 5163 5163 D DMAgent : Device Management Job Scheduler service destroyed.
09-24 19:14:37.767 3284 3620 I Finsky : [195] uws.f(3): Restoring notifications
09-24 19:14:37.772 2518 4669 I Auth : [SupervisedAccountIntentOperation] onHandleIntent(): com.google.android.gms.chimera.container.CONTAINER_UPDATED
09-24 19:14:37.819 2518 2948 I Backup : [CallLogFlagSetter] Not whitelisted for call log backup.
09-24 19:14:37.820 2518 2948 I ChromeSync: [Sync,SyncIntentOperation] Handling the intent: Intent { act=com.google.android.gms.chimera.container.CONTAINER_UPDATED pkg=com.google.android.gms }.
09-24 19:14:37.831 2465 2483 D TelephonyProvider: subIdString = 1 subId = 1
09-24 19:14:37.846 2518 4669 I Auth : [SupervisedAccountIntentOperation] This operation is disabled
09-24 19:14:37.856 2518 4721 I constellation: [periodic_consent_checker] periodic consent checker is disabled.
09-24 19:14:37.924 2518 4583 I ChimeraConfigService: Scheduling checkin every 120 seconds, with flex of 60 seconds
09-24 19:14:38.063 2780 3814 E ActivityThread: Failed to find provider info for com.google.android.apps.wellbeing.api
09-24 19:14:38.098 2518 4583 W DynamiteModule: Local module descriptor class for providerinstaller not found.
09-24 19:14:38.099 2518 4583 W ProviderHelper: Unknown dynamite feature providerinstaller
09-24 19:14:38.099 2518 4583 I DynamiteModule: Considering local module providerinstaller:0 and remote module providerinstaller:0
09-24 19:14:38.099 2518 4583 W ProviderInstaller: Failed to load providerinstaller module: No acceptable module found. Local version is 0 and remote version is 0.
09-24 19:14:38.158 3284 5286 I Finsky : [239] nxt.b(1): Triggered update for experiment package com.google.android.finsky.regular.
09-24 19:14:38.184 4345 4365 D HostConnection: HostConnection::get() New Host Connection established 0xe3e4c0f0, tid 4365
09-24 19:14:38.184 4345 4365 D HostConnection: HostComposition ext ANDROID_EMU_CHECKSUM_HELPER_v1 ANDROID_EMU_dma_v1 ANDROID_EMU_direct_mem ANDROID_EMU_host_composition_v1 ANDROID_EMU_host_composition_v2 ANDROID_EMU_YUV420_888_to_NV21 ANDROID_EMU_YUV_Cache ANDROID_EMU_sync_buffer_data GL_OES_EGL_image_external_essl3 GL_OES_vertex_array_object ANDROID_EMU_host_side_tracing ANDROID_EMU_gles_max_version_3_0
09-24 19:14:38.185 2201 2201 E BluetoothAdapter: Bluetooth binder is null
09-24 19:14:38.185 2201 2201 E BluetoothAdapter: Bluetooth binder is null
09-24 19:14:38.186 4345 4365 D eglCodecCommon: setVertexArrayObject: set vao to 0 (0) 0 0
09-24 19:14:38.186 4345 4365 D EGL_emulation: eglCreateContext: 0xe3e1aa20: maj 3 min 0 rcv 3
09-24 19:14:38.187 4345 4365 D EGL_emulation: eglMakeCurrent: 0xe3e1aa20: ver 3 0 (tinfo 0xe3e0fd00)
09-24 19:14:38.200 2201 2201 E BluetoothAdapter: Bluetooth binder is null
09-24 19:14:38.202 2201 2201 I chatty : uid=10098 com.google.android.gms.persistent identical 2 lines
09-24 19:14:38.202 2201 2201 E BluetoothAdapter: Bluetooth binder is null
09-24 19:14:38.205 2518 4583 W DynamiteModule: Local module descriptor class for providerinstaller not found.
09-24 19:14:38.205 2518 4583 I DynamiteModule: Considering local module providerinstaller:0 and remote module providerinstaller:0
09-24 19:14:38.205 2518 4583 W ProviderInstaller: Failed to load providerinstaller module: No acceptable module found. Local version is 0 and remote version is 0.
09-24 19:14:38.214 4523 4559 I ackageinstalle: Waiting for a blocking GC ProfileSaver
09-24 19:14:38.223 2201 2201 E BluetoothAdapter: Bluetooth binder is null
09-24 19:14:38.224 2201 2201 E BluetoothAdapter: Bluetooth binder is null
09-24 19:14:38.224 4523 4559 I ackageinstalle: WaitForGcToComplete blocked ProfileSaver on ClassLinker for 10.745ms
09-24 19:14:38.245 3284 3620 I Finsky : [195] uws.f(8): Done restoring notifications
09-24 19:14:38.254 2201 2201 E BluetoothAdapter: Bluetooth binder is null
09-24 19:14:38.260 2201 2201 I chatty : uid=10098 com.google.android.gms.persistent identical 2 lines
09-24 19:14:38.260 2201 2201 E BluetoothAdapter: Bluetooth binder is null
09-24 19:14:38.302 3284 3284 I Finsky : [2] qkk.run(4): Detected restoreservicev2://recovery not needed, will not run
09-24 19:14:38.321 2518 3767 I FontsContentProvider: Fetch {Noto Color Emoji Compat, wdth 100.0, wght 400, ital 0.0, bestEffort false} end status Status{statusCode=SUCCESS, resolution=null}
09-24 19:14:38.323 2518 2536 I FontsContentProvider: Fetch {Noto Color Emoji Compat, wdth 100.0, wght 400, ital 0.0, bestEffort false} end status Status{statusCode=SUCCESS, resolution=null}
09-24 19:14:38.330 2518 3698 I CheckinRequestProcessor: Gmscore running on device, checkin will use Gmscore context
09-24 19:14:38.330 2518 3698 I CheckinRequestBuilder: Checkin reason type: 8 attempt count: 2
09-24 19:14:38.331 2518 4583 W DynamiteModule: Local module descriptor class for providerinstaller not found.
09-24 19:14:38.331 2518 4583 I DynamiteModule: Considering local module providerinstaller:0 and remote module providerinstaller:0
09-24 19:14:38.331 2518 4583 W ProviderInstaller: Failed to load providerinstaller module: No acceptable module found. Local version is 0 and remote version is 0.
09-24 19:14:38.335 2518 2532 I gle.android.gm: Background young concurrent copying GC freed 72242(4664KB) AllocSpace objects, 21(1060KB) LOS objects, 35% free, 8102KB/12MB, paused 15.240ms total 237.736ms
09-24 19:14:38.343 2518 3767 I FontsContentProvider: Pulling font file for id = 2, cache size = 3
09-24 19:14:38.349 2518 4583 W DynamiteModule: Local module descriptor class for providerinstaller not found.
09-24 19:14:38.349 2518 4583 I DynamiteModule: Considering local module providerinstaller:0 and remote module providerinstaller:0
09-24 19:14:38.349 2518 4583 W ProviderInstaller: Failed to load providerinstaller module: No acceptable module found. Local version is 0 and remote version is 0.
09-24 19:14:38.352 2518 2536 I FontsContentProvider: Pulling font file for id = 3, cache size = 3
09-24 19:14:38.355 2518 4583 W DynamiteModule: Local module descriptor class for providerinstaller not found.
09-24 19:14:38.355 2518 4583 I DynamiteModule: Considering local module providerinstaller:0 and remote module providerinstaller:0
09-24 19:14:38.355 2518 4583 W ProviderInstaller: Failed to load providerinstaller module: No acceptable module found. Local version is 0 and remote version is 0.
09-24 19:14:38.365 2518 2536 I FontsContentProvider: Pulling font file for id = 2, cache size = 3
09-24 19:14:38.376 2518 3767 I FontsContentProvider: Pulling font file for id = 3, cache size = 3
09-24 19:14:38.392 2518 2668 I aohg : Cancel all previously scheduled polling [CONTEXT service_id=51 ]
09-24 19:14:38.393 2518 2668 I aohg : Scheduling Phenotype for first execution 7581 seconds from now (1727194478393) [CONTEXT service_id=51 ]
09-24 19:14:38.397 2518 4583 W DynamiteModule: Local module descriptor class for providerinstaller not found.
09-24 19:14:38.397 2518 4583 I DynamiteModule: Considering local module providerinstaller:0 and remote module providerinstaller:0
09-24 19:14:38.397 2518 4583 W ProviderInstaller: Failed to load providerinstaller module: No acceptable module found. Local version is 0 and remote version is 0.
09-24 19:14:38.413 2518 4583 W DynamiteModule: Local module descriptor class for providerinstaller not found.
09-24 19:14:38.413 2518 4583 I DynamiteModule: Considering local module providerinstaller:0 and remote module providerinstaller:0
09-24 19:14:38.413 2518 4583 W ProviderInstaller: Failed to load providerinstaller module: No acceptable module found. Local version is 0 and remote version is 0.
09-24 19:14:38.427 2518 4583 W DynamiteModule: Local module descriptor class for providerinstaller not found.
09-24 19:14:38.427 2518 4583 I DynamiteModule: Considering local module providerinstaller:0 and remote module providerinstaller:0
09-24 19:14:38.427 2518 4583 W ProviderInstaller: Failed to load providerinstaller module: No acceptable module found. Local version is 0 and remote version is 0.
09-24 19:14:38.428 2518 2668 I Auth : [AuthManaged,AuthManagedModuleInitIntentOperation] enabling com.google.android.gms.auth.managed.ui.EmmActivity
09-24 19:14:38.428 2518 2668 I Auth : [AuthManaged,AuthManagedModuleInitIntentOperation] enabling com.google.android.gms.auth.managed.ui.PhoneskyDpcInstallActivity
09-24 19:14:38.449 2518 2668 I Auth : [AuthManaged,AuthManagedModuleInitIntentOperation] disabling com.google.android.gms.auth.managed.ui.SettingsSecurityDeviceOwnerActivity
09-24 19:14:38.457 2518 4583 I GmsModuleFndr: Beginning GMS chimera module scan
09-24 19:14:38.458 3284 3404 D PhenotypeDbHelper: Enabled write-ahead logging
09-24 19:14:38.485 4345 4365 W SystemServiceRegistry: No service published for: persistent_data_block
09-24 19:14:38.486 3284 3404 D GetExperimentTokensOper: Clearing ExperimentTokensCache
09-24 19:14:38.497 2201 4170 W Conscrypt: Could not set socket write timeout: java.net.SocketException: Socket closed
09-24 19:14:38.497 2201 4170 W Conscrypt: at com.google.android.gms.org.conscrypt.Platform.setSocketWriteTimeout(:com.google.android.gms@17786022@17.7.86 (040700-256199907):2)
09-24 19:14:38.497 2201 4170 W Conscrypt: at com.google.android.gms.org.conscrypt.ConscryptFileDescriptorSocket.setSoWriteTimeout(:com.google.android.gms@17786022@17.7.86 (040700-256199907):2)
09-24 19:14:38.535 3284 3404 D HeterodyneSyncer: Heterodyne Request: # agfs@65b5349
09-24 19:14:38.539 4345 4490 D HostConnection: HostConnection::get() New Host Connection established 0xe0959490, tid 4490
09-24 19:14:38.539 4345 4490 D HostConnection: HostComposition ext ANDROID_EMU_CHECKSUM_HELPER_v1 ANDROID_EMU_dma_v1 ANDROID_EMU_direct_mem ANDROID_EMU_host_composition_v1 ANDROID_EMU_host_composition_v2 ANDROID_EMU_YUV420_888_to_NV21 ANDROID_EMU_YUV_Cache ANDROID_EMU_sync_buffer_data GL_OES_EGL_image_external_essl3 GL_OES_vertex_array_object ANDROID_EMU_host_side_tracing ANDROID_EMU_gles_max_version_3_0
09-24 19:14:38.541 3284 3404 D ApacheHttpTransport: Contacting Heterodyne at https://www.googleapis.com/experimentsandconfigs/v1/getExperimentsAndConfigs?r=12&c=128
09-24 19:14:38.541 4345 4490 D eglCodecCommon: setVertexArrayObject: set vao to 0 (0) 0 0
09-24 19:14:38.541 4345 4490 D EGL_emulation: eglCreateContext: 0xf72549e0: maj 3 min 0 rcv 3
09-24 19:14:38.541 4345 4490 D EGL_emulation: eglMakeCurrent: 0xf72549e0: ver 3 0 (tinfo 0xe094cc90)
09-24 19:14:38.549 4879 5075 E Bugle : SyncCursorPair: failed to query local or remote message counts
09-24 19:14:38.549 4879 5075 E Bugle : java.lang.NullPointerException
09-24 19:14:38.549 4879 5075 E Bugle : at java.util.Objects.requireNonNull(Objects.java:203)
09-24 19:14:38.549 4879 5075 E Bugle : at java.util.Arrays$ArrayList.(Arrays.java:3738)
09-24 19:14:38.549 4879 5075 E Bugle : at java.util.Arrays.asList(Arrays.java:3725)
09-24 19:14:38.549 4879 5075 E Bugle : at dua.a(SourceFile:22)
09-24 19:14:38.549 4879 5075 E Bugle : at dua.a(SourceFile:17)
09-24 19:14:38.549 4879 5075 E Bugle : at com.google.android.apps.messaging.shared.datamodel.action.SyncMessagesAction.processBackgroundResponse(SourceFile:364)
09-24 19:14:38.549 4879 5075 E Bugle : at com.google.android.apps.messaging.shared.datamodel.action.common.Action.processBackgroundWorkResponse(SourceFile:74)
09-24 19:14:38.549 4879 5075 E Bugle : at dyk.a(SourceFile:3)
09-24 19:14:38.549 4879 5075 E Bugle : at dxy.run(SourceFile:18)
09-24 19:14:38.549 4879 5075 E Bugle : at java.util.concurrent.ThreadPoolExecutor.runWorker(ThreadPoolExecutor.java:1167)
09-24 19:14:38.549 4879 5075 E Bugle : at java.util.concurrent.ThreadPoolExecutor$Worker.run(ThreadPoolExecutor.java:641)
09-24 19:14:38.549 4879 5075 E Bugle : at java.lang.Thread.run(Thread.java:919)
09-24 19:14:38.549 4879 5075 I BugleDataModel: SyncMessagesAction: All messages now in sync
09-24 19:14:38.549 4879 5075 I Bugle : SyncManager: setting full sync. inProgress: false, before: true
09-24 19:14:38.555 5196 5259 D libEGL : loaded /vendor/lib/egl/libEGL_emulation.so
09-24 19:14:38.555 2201 4170 W Conscrypt: Could not set socket write timeout: java.net.SocketException: Socket closed
09-24 19:14:38.556 2201 4170 W Conscrypt: at com.google.android.gms.org.conscrypt.Platform.setSocketWriteTimeout(:com.google.android.gms@17786022@17.7.86 (040700-256199907):2)
09-24 19:14:38.556 2201 4170 W Conscrypt: at com.google.android.gms.org.conscrypt.ConscryptFileDescriptorSocket.setSoWriteTimeout(:com.google.android.gms@17786022@17.7.86 (040700-256199907):2)
09-24 19:14:38.556 5196 5259 D libEGL : loaded /vendor/lib/egl/libGLESv1_CM_emulation.so
09-24 19:14:38.556 5196 5259 D libEGL : loaded /vendor/lib/egl/libGLESv2_emulation.so
09-24 19:14:38.573 2518 2668 I ChromeSync: [Sync,SyncIntentOperation] Handling the intent: Intent { act=com.google.android.chimera.IntentOperation.NEW_MODULE (has extras) }.
09-24 19:14:38.575 2518 2668 D CAR.SETUP: onInitRuntimeState: Intent { act=com.google.android.chimera.IntentOperation.NEW_MODULE (has extras) }
09-24 19:14:38.584 2518 2534 W System : A resource failed to call end.
09-24 19:14:38.584 5196 5259 D HostConnection: HostConnection::get() New Host Connection established 0xe0958720, tid 5259
09-24 19:14:38.586 2518 2668 I CAR.SETUP: update Car DrivingMode components to false
09-24 19:14:38.587 2518 2668 I AutofillModuleInitInten: AutofillModuleInitIntentOperation onInitRuntimeState(12) [CONTEXT service_id=177 ]
09-24 19:14:38.599 3284 3404 I RequestAddCookies: Cookie store not available in HTTP context
09-24 19:14:38.610 5196 5259 D HostConnection: HostComposition ext ANDROID_EMU_CHECKSUM_HELPER_v1 ANDROID_EMU_dma_v1 ANDROID_EMU_direct_mem ANDROID_EMU_host_composition_v1 ANDROID_EMU_host_composition_v2 ANDROID_EMU_YUV420_888_to_NV21 ANDROID_EMU_YUV_Cache ANDROID_EMU_sync_buffer_data GL_OES_EGL_image_external_essl3 GL_OES_vertex_array_object ANDROID_EMU_host_side_tracing ANDROID_EMU_gles_max_version_3_0
09-24 19:14:38.612 2518 2668 W ChimeraUtils: Non Chimera context
09-24 19:14:38.612 2518 2668 W ChimeraUtils: Non Chimera context
09-24 19:14:38.632 2518 2668 I Fido : [FidoInitIntentOperation] Initializing Fido module, InitRuntimeState=12
09-24 19:14:38.634 3284 3404 I ResponseProcessCookies: Cookie store not available in HTTP context
09-24 19:14:38.641 4879 4976 I FA : App measurement is starting up, version: 14711
09-24 19:14:38.641 4879 4976 I FA : To enable debug logging run: adb shell setprop log.tag.FA VERBOSE
09-24 19:14:38.641 4879 4976 I FA : To enable faster debug mode event logging run:
09-24 19:14:38.641 4879 4976 I FA : adb shell setprop debug.firebase.analytics.app com.google.android.apps.messaging
09-24 19:14:38.653 5196 5259 D eglCodecCommon: setVertexArrayObject: set vao to 0 (0) 0 0
09-24 19:14:38.653 5196 5259 D EGL_emulation: eglCreateContext: 0xf7253660: maj 3 min 0 rcv 3
09-24 19:14:38.654 5196 5259 D EGL_emulation: eglMakeCurrent: 0xf7253660: ver 3 0 (tinfo 0xf727dd20)
09-24 19:14:38.665 1796 2449 E GnssHAL_GnssInterface: gnssSvStatusCb: a: input svInfo.flags is 8
09-24 19:14:38.665 1796 2449 E GnssHAL_GnssInterface: gnssSvStatusCb: b: input svInfo.flags is 8
09-24 19:14:38.671 2518 2668 W MDM : [75] agur.c: Q+ devices does not need device admin.
09-24 19:14:38.674 3284 3404 D HeterodyneSyncer: Heterodyne Response: # agfv@8eef5c87
09-24 19:14:38.674 3284 3404 D HeterodyneSyncer: 5: 1726666004
09-24 19:14:38.676 5196 5300 E BluetoothAdapter: Bluetooth binder is null
09-24 19:14:38.676 3284 3404 D HeterodyneSyncer: update last fetch to 1727192400
09-24 19:14:38.684 3284 3404 D HeterodyneSyncer: update experiment token: com.google.android.finsky.regular, 81526700,
09-24 19:14:38.686 3284 3404 D HeterodyneSyncer: update application tag, changed: com.google.android.finsky.regular, 81526700, , 0
09-24 19:14:38.686 3284 3404 D HeterodyneSyncer: Clearing partition: 0
09-24 19:14:38.686 3284 3404 D HeterodyneSyncer: updateFlag: com.google.android.finsky.regular, 81526700, 0, , AccountsChanged__accounts_changed_hygiene_throttling_enabled
09-24 19:14:38.687 3284 3404 D HeterodyneSyncer: updateFlag: com.google.android.finsky.regular, 81526700, 0, , AccountsChanged__enable_google_account_change_broadcast
09-24 19:14:38.687 3284 3404 D HeterodyneSyncer: updateFlag: com.google.android.finsky.regular, 81526700, 0, , AccountsChanged__min_accounts_changed_hygiene_window_millis
09-24 19:14:38.687 3284 3404 D HeterodyneSyncer: updateFlag: com.google.android.finsky.regular, 81526700, 0, , AlleyOopRedirectPaidAppToDetails__enable_redirecting_paid_app_to_details
09-24 19:14:38.687 3284 3404 D HeterodyneSyncer: updateFlag: com.google.android.finsky.regular, 81526700, 0, , AlleyOopV3Whitelisting__enable_overlay_test_app
09-24 19:14:38.687 3284 3404 D HeterodyneSyncer: updateFlag: com.google.android.finsky.regular, 81526700, 0, , AppContentServiceContentFetcherSettings__get_home_stream_timeout_in_millis
09-24 19:14:38.687 3284 3404 D HeterodyneSyncer: updateFlag: com.google.android.finsky.regular, 81526700, 0, , AppContentServiceContentFetcherSettings__package_name_map
09-24 19:14:38.687 3284 3404 D HeterodyneSyncer: updateFlag: com.google.android.finsky.regular, 81526700, 0, , AppEngageServiceSettings__third_party_content_provider_allowlist
09-24 19:14:38.687 3284 3404 D HeterodyneSyncer: updateFlag: com.google.android.finsky.regular, 81526700, 0, , AppHeroCard__respect_instant_app_launch_key
09-24 19:14:38.687 3284 3404 D HeterodyneSyncer: updateFlag: com.google.android.finsky.regular, 81526700, 0, , AssistCardsDismissal__persist_assist_cards_dismiss
09-24 19:14:38.687 3284 3404 D HeterodyneSyncer: updateFlag: com.google.android.finsky.regular, 81526700, 0, , AutoUpdate__auto_update_v2_enable_kiosk
09-24 19:14:38.687 3284 3404 D HeterodyneSyncer: updateFlag: com.google.android.finsky.regular, 81526700, 0, , AutoUpdate__auto_update_v2_enable_rapid
09-24 19:14:38.687 3284 3404 D HeterodyneSyncer: updateFlag: com.google.android.finsky.regular, 81526700, 0, , AutoUpdate__enable_gmscore_idle_relaxation_v2
09-24 19:14:38.687 3284 3404 D HeterodyneSyncer: updateFlag: com.google.android.finsky.regular, 81526700, 0, , AutoUpdate__enable_used_stale_apps_reporting
09-24 19:14:38.687 3284 3404 D HeterodyneSyncer: updateFlag: com.google.android.finsky.regular, 81526700, 0, , AutoUpdate__skip_gmscore_canary_check
09-24 19:14:38.687 3284 3404 D HeterodyneSyncer: updateFlag: com.google.android.finsky.regular, 81526700, 0, , AutoUpdate__update_aia_supervisor_on_wifi
09-24 19:14:38.688 3284 3404 D HeterodyneSyncer: updateFlag: com.google.android.finsky.regular, 81526700, 0, , AvoidBulkCancelNetworkRequests__avoid_bulk_cancel_deep_links_and_details_requests
09-24 19:14:38.690 3284 3404 D HeterodyneSyncer: updateFlag: com.google.android.finsky.regular, 81526700, 0, , AvoidBulkCancelNetworkRequests__avoid_bulk_cancel_dfe_requests
09-24 19:14:38.690 3284 3404 D HeterodyneSyncer: updateFlag: com.google.android.finsky.regular, 81526700, 0, , AvoidBulkCancelNetworkRequests__avoid_bulk_cancel_image_requests
09-24 19:14:38.690 3284 3404 D HeterodyneSyncer: updateFlag: com.google.android.finsky.regular, 81526700, 0, , CacheOptimizations__enable_cache_pruning
09-24 19:14:38.690 3284 3404 D HeterodyneSyncer: updateFlag: com.google.android.finsky.regular, 81526700, 0, , CrosLauncher__enable_cros_launcher_search_prototype
09-24 19:14:38.691 3284 3404 D HeterodyneSyncer: updateFlag: com.google.android.finsky.regular, 81526700, 0, , DataSubscription__use_is_network_roaming
09-24 19:14:38.691 3284 3404 D HeterodyneSyncer: updateFlag: com.google.android.finsky.regular, 81526700, 0, , DataSubscription__use_subscription_info
09-24 19:14:38.691 3284 3404 D HeterodyneSyncer: updateFlag: com.google.android.finsky.regular, 81526700, 0, , DataSubscription__use_subscription_info_changed_listener
09-24 19:14:38.691 3284 3404 D HeterodyneSyncer: updateFlag: com.google.android.finsky.regular, 81526700, 0, , DataUsage__enable_installed_apps_data_usage_storage
09-24 19:14:38.691 3284 3404 D HeterodyneSyncer: updateFlag: com.google.android.finsky.regular, 81526700, 0, , DataUsage__phonesky_data_usage_stats_max_history_millis
09-24 19:14:38.691 3284 3404 D HeterodyneSyncer: updateFlag: com.google.android.finsky.regular, 81526700, 0, , DataUsage__phonesky_data_usage_stats_min_interval_millis
09-24 19:14:38.691 3284 3404 D HeterodyneSyncer: updateFlag: com.google.android.finsky.regular, 81526700, 0, , DeepLink__main_activity_ldl_logging
09-24 19:14:38.692 3284 3404 D HeterodyneSyncer: updateFlag: com.google.android.finsky.regular, 81526700, 0, , DeepLinksDiversion__divert_regular_market_deep_links_to_alley_oop
09-24 19:14:38.692 3284 3404 D HeterodyneSyncer: updateFlag: com.google.android.finsky.regular, 81526700, 0, , DependencyInjection__use_stream_component
09-24 19:14:38.692 3284 3404 D HeterodyneSyncer: updateFlag: com.google.android.finsky.regular, 81526700, 0, , DetailPageLogging__enable_detail_page_load_end_new_computation
09-24 19:14:38.692 3284 3404 D HeterodyneSyncer: updateFlag: com.google.android.finsky.regular, 81526700, 0, , DevTriggeredUpdates__dev_triggered_updates_package_controller
09-24 19:14:38.692 3284 3404 D HeterodyneSyncer: updateFlag: com.google.android.finsky.regular, 81526700, 0, , DeviceAppInfo__log_device_app_info_in_session_data
09-24 19:14:38.692 3284 3404 D HeterodyneSyncer: updateFlag: com.google.android.finsky.regular, 81526700, 0, , DeviceConfig__enable_cancel_device_config_requests
09-24 19:14:38.692 3284 3404 D HeterodyneSyncer: updateFlag: com.google.android.finsky.regular, 81526700, 0, , DeviceConfig__enable_firebase_id
09-24 19:14:38.692 3284 3404 D HeterodyneSyncer: updateFlag: com.google.android.finsky.regular, 81526700, 0, , DeviceConfig__enable_firebase_service
09-24 19:14:38.692 3284 3404 D HeterodyneSyncer: updateFlag: com.google.android.finsky.regular, 81526700, 0, , DeviceConfig__enable_managing_app_device_admin
09-24 19:14:38.692 3284 3404 D HeterodyneSyncer: updateFlag: com.google.android.finsky.regular, 81526700, 0, , DeviceConfig__remove_is_token_required
09-24 19:14:38.692 3284 3404 D HeterodyneSyncer: updateFlag: com.google.android.finsky.regular, 81526700, 0, , DeviceConnectivityProfile__enable_connectivity_profile_logging
09-24 19:14:38.692 3284 3404 D HeterodyneSyncer: updateFlag: com.google.android.finsky.regular, 81526700, 0, , DeviceConnectivityProfile__enable_connectivity_profile_refresh
09-24 19:14:38.692 3284 3404 D HeterodyneSyncer: updateFlag: com.google.android.finsky.regular, 81526700, 0, , DeviceSettings__enable_device_settings
09-24 19:14:38.693 3284 3404 D HeterodyneSyncer: updateFlag: com.google.android.finsky.regular, 81526700, 0, , DeviceSetup__late_sim_pai_notification
09-24 19:14:38.693 3284 3404 D HeterodyneSyncer: updateFlag: com.google.android.finsky.regular, 81526700, 0, , DialogBuilder__kill_switch_refresh_retains_visibility_tag
09-24 19:14:38.703 3284 3404 D HeterodyneSyncer: updateFlag: com.google.android.finsky.regular, 81526700, 0, , DynamicSplitsCodegen__check_app_ownership_on_playcore_install
09-24 19:14:38.703 3284 3404 D HeterodyneSyncer: updateFlag: com.google.android.finsky.regular, 81526700, 0, , DynamicSplits__blocking_marker_read_timeout
09-24 19:14:38.703 3284 3404 D HeterodyneSyncer: updateFlag: com.google.android.finsky.regular, 81526700, 0, , DynamicSplits__dynamic_split_permanent_uninstall
09-24 19:14:38.703 3284 3404 D HeterodyneSyncer: updateFlag: com.google.android.finsky.regular, 81526700, 0, , DynamicSplits__dynamic_splits_offline_check
09-24 19:14:38.703 3284 3404 D HeterodyneSyncer: updateFlag: com.google.android.finsky.regular, 81526700, 0, , EcChoice__allow_back_to_return_home
09-24 19:14:38.703 3284 3404 D HeterodyneSyncer: updateFlag: com.google.android.finsky.regular, 81526700, 0, , EcChoice__show_guidance_page_web_view
09-24 19:14:38.703 3284 3404 D HeterodyneSyncer: updateFlag: com.google.android.finsky.regular, 81526700, 0, , EcChoice__show_no_thanks_on_cta
09-24 19:14:38.703 3284 3404 D HeterodyneSyncer: updateFlag: com.google.android.finsky.regular, 81526700, 0, , EnableWorkManagerAllegro__is_enabled
09-24 19:14:38.703 3284 3404 D HeterodyneSyncer: updateFlag: com.google.android.finsky.regular, 81526700, 0, , EnterpriseClientPolicySync__allow_enterprise_installs_before_run_final_hold
09-24 19:14:38.703 3284 3404 D HeterodyneSyncer: updateFlag: com.google.android.finsky.regular, 81526700, 0, , EnterpriseClientPolicySync__request_token_config_before_client_policy_sync
09-24 19:14:38.703 3284 3404 D HeterodyneSyncer: updateFlag: com.google.android.finsky.regular, 81526700, 0, , EnterpriseClientPolicySync__trigger_on_account_added
09-24 19:14:38.703 3284 3404 D HeterodyneSyncer: updateFlag: com.google.android.finsky.regular, 81526700, 0, , EnterpriseClientPolicySync__trigger_on_managing_app_changed
09-24 19:14:38.703 3284 3404 D HeterodyneSyncer: updateFlag: com.google.android.finsky.regular, 81526700, 0, , EnterpriseClientPolicySync__wait_for_user_settings
09-24 19:14:38.704 3284 3404 D HeterodyneSyncer: updateFlag: com.google.android.finsky.regular, 81526700, 0, , FastAppReinstall__enable_hiding_card_when_user_restored_apps
09-24 19:14:38.704 3284 3404 D HeterodyneSyncer: updateFlag: com.google.android.finsky.regular, 81526700, 0, , GooglePlayProtect__enable_per_source_installation_consent
09-24 19:14:38.704 3284 3404 D HeterodyneSyncer: updateFlag: com.google.android.finsky.regular, 81526700, 0, , GooglePlayProtect__enable_play_protect_snackbar
09-24 19:14:38.704 3284 3404 D HeterodyneSyncer: updateFlag: com.google.android.finsky.regular, 81526700, 0, , GooglePlayProtect__migrate_to_verifier_clearcut_log
09-24 19:14:38.704 3284 3404 D HeterodyneSyncer: updateFlag: com.google.android.finsky.regular, 81526700, 0, , Hygiene__hygiene_task_execution_whitelist
09-24 19:14:38.704 3284 3404 D HeterodyneSyncer: updateFlag: com.google.android.finsky.regular, 81526700, 0, , Hygiene__hygiene_task_filter_whitelist
09-24 19:14:38.704 3284 3404 D HeterodyneSyncer: updateFlag: com.google.android.finsky.regular, 81526700, 0, , Hygiene__isolate_hygiene_from_gcm_notifications
09-24 19:14:38.704 3284 3404 D HeterodyneSyncer: updateFlag: com.google.android.finsky.regular, 81526700, 0, , Hygiene__skip_accounts_changed_hygiene_throttling
09-24 19:14:38.704 3284 3404 D HeterodyneSyncer: updateFlag: com.google.android.finsky.regular, 81526700, 0, , Hygiene__traffic_percent_at_wall_time_to_jitter
09-24 19:14:38.704 3284 3404 D HeterodyneSyncer: updateFlag: com.google.android.finsky.regular, 81526700, 0, , Hygiene__use_not_roaming_for_content_sync
09-24 19:14:38.705 3284 3404 D HeterodyneSyncer: updateFlag: com.google.android.finsky.regular, 81526700, 0, , IconUniformity__enable_legacy_treatment
09-24 19:14:38.705 3284 3404 D HeterodyneSyncer: updateFlag: com.google.android.finsky.regular, 81526700, 0, , IconUniformity__enable_vx_treatment
09-24 19:14:38.705 3284 3404 D HeterodyneSyncer: updateFlag: com.google.android.finsky.regular, 81526700, 0, , ImageLogging__enable_image_latency_logging
09-24 19:14:38.705 3284 3404 D HeterodyneSyncer: updateFlag: com.google.android.finsky.regular, 81526700, 0, , ImageOptimizations__dont_preload_images_within_visible_range
09-24 19:14:38.705 3284 3404 D HeterodyneSyncer: updateFlag: com.google.android.finsky.regular, 81526700, 0, , ImmersiveAdsBanner__enable_counting_button_click_as_card_click
09-24 19:14:38.705 3284 3404 D HeterodyneSyncer: updateFlag: com.google.android.finsky.regular, 81526700, 0, , ImmersiveAdsBanner__enable_hide_immersive_banner_action_button
09-24 19:14:38.705 3284 3404 D HeterodyneSyncer: updateFlag: com.google.android.finsky.regular, 81526700, 0, , InAppBilling__enable_ack_purchase
09-24 19:14:38.705 3284 3404 D HeterodyneSyncer: updateFlag: com.google.android.finsky.regular, 81526700, 0, , InAppBilling__enable_ack_purchase_logging
09-24 19:14:38.705 3284 3404 D HeterodyneSyncer: updateFlag: com.google.android.finsky.regular, 81526700, 0, , InAppBilling__enable_debug_messages
09-24 19:14:38.705 3284 3404 D HeterodyneSyncer: updateFlag: com.google.android.finsky.regular, 81526700, 0, , InAppBilling__enable_pending_purchases
09-24 19:14:38.705 3284 3404 D HeterodyneSyncer: updateFlag: com.google.android.finsky.regular, 81526700, 0, , InAppBilling__read_response_code_from_iab_error
09-24 19:14:38.705 3284 3404 D HeterodyneSyncer: updateFlag: com.google.android.finsky.regular, 81526700, 0, , InstallAttribution__enable_pai_inform_install_atrribution
09-24 19:14:38.705 3284 3404 D HeterodyneSyncer: updateFlag: com.google.android.finsky.regular, 81526700, 0, , InstallSource__enable_install_source_listener
09-24 19:14:38.705 3284 3404 D HeterodyneSyncer: updateFlag: com.google.android.finsky.regular, 81526700, 0, , InstallSource__enable_install_source_on_content_sync
09-24 19:14:38.706 3284 3404 D HeterodyneSyncer: updateFlag: com.google.android.finsky.regular, 81526700, 0, , InstallerCodegen__enable_file_by_file_recursive
09-24 19:14:38.706 3284 3404 D HeterodyneSyncer: updateFlag: com.google.android.finsky.regular, 81526700, 0, , InstallerCodegen__enable_install_time_split_check
09-24 19:14:38.706 3284 3404 D HeterodyneSyncer: updateFlag: com.google.android.finsky.regular, 81526700, 0, , Installer__enable_install_tracer
09-24 19:14:38.706 3284 3404 D HeterodyneSyncer: updateFlag: com.google.android.finsky.regular, 81526700, 0, , InstantAppsAccountManagement__enable_sync_instant_apps_account_with_phonesky_account
09-24 19:14:38.706 3284 3404 D HeterodyneSyncer: updateFlag: com.google.android.finsky.regular, 81526700, 0, , InstantAppsFlavors__read_flavor_id_from_launch_api_request
09-24 19:14:38.706 3284 3404 D HeterodyneSyncer: updateFlag: com.google.android.finsky.regular, 81526700, 0, , InstantAppsOneClickInstall__always_use_quick_install_experience
09-24 19:14:38.706 3284 3404 D HeterodyneSyncer: updateFlag: com.google.android.finsky.regular, 81526700, 0, , InstantAppsOneClickInstall__enable_instant_apps_one_click_install
09-24 19:14:38.706 3284 3404 D HeterodyneSyncer: updateFlag: com.google.android.finsky.regular, 81526700, 0, , InstantAppsTryNowVisibility__enable_instant_apps_launch_button_for_users_on_holdback
09-24 19:14:38.706 3284 3404 D HeterodyneSyncer: updateFlag: com.google.android.finsky.regular, 81526700, 0, , InternalSharing__check_sideloading_policy_instead_of_admin_policy
09-24 19:14:38.706 3284 3404 D HeterodyneSyncer: updateFlag: com.google.android.finsky.regular, 81526700, 0, , InternalSharing__enable_internal_sharing
09-24 19:14:38.706 3284 3404 D HeterodyneSyncer: updateFlag: com.google.android.finsky.regular, 81526700, 0, , InternalSharing__enable_margins_on_title_module_visdre
09-24 19:14:38.706 3284 3404 D HeterodyneSyncer: updateFlag: com.google.android.finsky.regular, 81526700, 0, , InternalSharing__show_deferred_actions_in_details_page
09-24 19:14:38.706 3284 3404 D HeterodyneSyncer: updateFlag: com.google.android.finsky.regular, 81526700, 0, , InternalSharing__show_installed_modules_in_details_page
09-24 19:14:38.706 3284 3404 D HeterodyneSyncer: updateFlag: com.google.android.finsky.regular, 81526700, 0, , InternalSharing__support_internal_sharing_in_show_app_info
09-24 19:14:38.706 3284 3404 D HeterodyneSyncer: updateFlag: com.google.android.finsky.regular, 81526700, 0, , LargeDownloadWarning__no_large_download_warning_on_wifi
09-24 19:14:38.706 3284 3404 D HeterodyneSyncer: updateFlag: com.google.android.finsky.regular, 81526700, 0, , LibraryModule__db_disk_image_malformed_treatment
09-24 19:14:38.707 3284 3404 D HeterodyneSyncer: updateFlag: com.google.android.finsky.regular, 81526700, 0, , Loyalty__enable_lottie_on_loyalty_home
09-24 19:14:38.707 3284 3404 D HeterodyneSyncer: updateFlag: com.google.android.finsky.regular, 81526700, 0, , Loyalty__enable_lottie_on_purchase_dialog
09-24 19:14:38.707 3284 3404 D HeterodyneSyncer: updateFlag: com.google.android.finsky.regular, 81526700, 0, , NativeBrotliCompression__native_brotli_compressed_fbf_patches_targeting_conroller
09-24 19:14:38.707 3284 3404 D HeterodyneSyncer: updateFlag: com.google.android.finsky.regular, 81526700, 0, , Notifications__enable_adding_delete_intent_for_all_notifications
09-24 19:14:38.708 3284 3404 D HeterodyneSyncer: updateFlag: com.google.android.finsky.regular, 81526700, 0, , Notifications__enable_adding_impression_details_to_notification_extras
09-24 19:14:38.708 3284 3404 D HeterodyneSyncer: updateFlag: com.google.android.finsky.regular, 81526700, 0, , Notifications__enable_deletion_logging_for_all_notifications
09-24 19:14:38.708 3284 3404 D HeterodyneSyncer: updateFlag: com.google.android.finsky.regular, 81526700, 0, , Notifications__enable_excluding_notification_updates
09-24 19:14:38.708 3284 3404 D HeterodyneSyncer: updateFlag: com.google.android.finsky.regular, 81526700, 0, , Notifications__enable_impression_logging_for_all_notifications
09-24 19:14:38.708 3284 3404 D HeterodyneSyncer: updateFlag: com.google.android.finsky.regular, 81526700, 0, , Notifications__enable_notification_click_logging_in_main_activity
09-24 19:14:38.708 3284 3404 D HeterodyneSyncer: updateFlag: com.google.android.finsky.regular, 81526700, 0, , Notifications__enable_notification_click_logging_in_package_verification
09-24 19:14:38.709 3284 3404 D HeterodyneSyncer: updateFlag: com.google.android.finsky.regular, 81526700, 0, , Oauth2__use_oauth2_for_dfe_requests
09-24 19:14:38.709 3284 3404 D HeterodyneSyncer: updateFlag: com.google.android.finsky.regular, 81526700, 0, , Oauth2__use_oauth2_for_odyssey_requests
09-24 19:14:38.709 3284 3404 D HeterodyneSyncer: updateFlag: com.google.android.finsky.regular, 81526700, 0, , OfflineInstall__enable_offline_install
09-24 19:14:38.709 3284 3404 D HeterodyneSyncer: updateFlag: com.google.android.finsky.regular, 81526700, 0, , P2pAppUpdates__enable_app_updates_api_for_files_go
09-24 19:14:38.719 3284 3404 D HeterodyneSyncer: updateFlag: com.google.android.finsky.regular, 81526700, 0, , P2p__enable_frosted_apk_copy_to_internal_storage
09-24 19:14:38.719 3284 3404 D HeterodyneSyncer: updateFlag: com.google.android.finsky.regular, 81526700, 0, , PartialAuth__enable_partial_auth_auto_update
09-24 19:14:38.720 3284 3404 D HeterodyneSyncer: updateFlag: com.google.android.finsky.regular, 81526700, 0, , PartialAuth__enable_partial_auth_my_apps
09-24 19:14:38.720 3284 3404 D HeterodyneSyncer: updateFlag: com.google.android.finsky.regular, 81526700, 0, , PhoneskyScheduler__firebase_jobdispatcher_max_sdk
09-24 19:14:38.720 3284 3404 D HeterodyneSyncer: updateFlag: com.google.android.finsky.regular, 81526700, 0, , PhoneskyScheduler__jobscheduler_min_sdk
09-24 19:14:38.720 3284 3404 D HeterodyneSyncer: updateFlag: com.google.android.finsky.regular, 81526700, 0, , PhoneskyScheduler__killswitch_scheduler_logging_v0
09-24 19:14:38.720 3284 3404 D HeterodyneSyncer: updateFlag: com.google.android.finsky.regular, 81526700, 0, , PhoneskyScheduler__killswitch_scheduler_logging_v1
09-24 19:14:38.720 3284 3404 D HeterodyneSyncer: updateFlag: com.google.android.finsky.regular, 81526700, 0, , PhoneskyScheduler__no_real_network_backoff_ms
09-24 19:14:38.720 3284 3404 D HeterodyneSyncer: updateFlag: com.google.android.finsky.regular, 81526700, 0, , PhoneskyScheduler__scheduler_job_blacklist
09-24 19:14:38.721 3284 3404 D HeterodyneSyncer: updateFlag: com.google.android.finsky.regular, 81526700, 0, , PhoneskyScheduler__scheduler_job_logging_v2
09-24 19:14:38.721 2201 2201 I Wear_Controller: Wear requires a companion app to be installed.
09-24 19:14:38.721 2201 2201 I WearableService: onCreate: Wearable Services not starting. Wear is not available on this device.
09-24 19:14:38.723 2201 3628 W WearableService: onGetService: Wear is not available on this device.
09-24 19:14:38.727 3284 3404 D HeterodyneSyncer: updateFlag: com.google.android.finsky.regular, 81526700, 0, , PhoneskyScheduler__scheduler_logging_v2
09-24 19:14:38.727 3284 3404 D HeterodyneSyncer: updateFlag: com.google.android.finsky.regular, 81526700, 0, , PhoneskySetup__enable_install_holdoff_recovery_delay
09-24 19:14:38.728 2518 4791 E MDM : [181] agur.a: Couldn't connect to Google API client: rem{statusCode=API_UNAVAILABLE, resolution=null, message=null}
09-24 19:14:38.728 3284 3404 D HeterodyneSyncer: updateFlag: com.google.android.finsky.regular, 81526700, 0, , PreregistrationStatusApi__disabled_preregistration_status_packages
09-24 19:14:38.728 3284 3404 D HeterodyneSyncer: updateFlag: com.google.android.finsky.regular, 81526700, 0, , PreregistrationStatusApi__enable_preregistration_status_provider
09-24 19:14:38.729 3284 3404 D HeterodyneSyncer: updateFlag: com.google.android.finsky.regular, 81526700, 0, , PreregistrationStatusApi__preregistration_status_package_controller
09-24 19:14:38.729 3284 3404 D HeterodyneSyncer: updateFlag: com.google.android.finsky.regular, 81526700, 0, , PromotionCampaignDetailsPage__CdpClientControlledTerms
09-24 19:14:38.729 3284 3404 D HeterodyneSyncer: updateFlag: com.google.android.finsky.regular, 81526700, 0, , RecyclerView__force_recycling_in_transient_state_horizontal_cluster
09-24 19:14:38.729 3284 3404 D HeterodyneSyncer: updateFlag: com.google.android.finsky.regular, 81526700, 0, , RecyclerView__force_recycling_in_transient_state_top_charts
09-24 19:14:38.730 3284 3404 D HeterodyneSyncer: updateFlag: com.google.android.finsky.regular, 81526700, 0, , ReinstallDialog__enable_reinstall_hygiene_job
09-24 19:14:38.730 3284 3404 D HeterodyneSyncer: updateFlag: com.google.android.finsky.regular, 81526700, 0, , RoutineHygiene__hygiene_tasks_window_fix
09-24 19:14:38.730 3284 3404 D HeterodyneSyncer: updateFlag: com.google.android.finsky.regular, 81526700, 0, , RoutineHygiene__regenerate_hygiene_seed
09-24 19:14:38.730 3284 3404 D HeterodyneSyncer: updateFlag: com.google.android.finsky.regular, 81526700, 0, , RpcStack__enable_flag_b_122324481
09-24 19:14:38.730 3284 3404 D HeterodyneSyncer: updateFlag: com.google.android.finsky.regular, 81526700, 0, , ScionReporting__enable_scion_subscription_reporting
09-24 19:14:38.730 3284 3404 D HeterodyneSyncer: updateFlag: com.google.android.finsky.regular, 81526700, 0, , SdkLibraries__killswitch_split_metadata_merging_experiment
09-24 19:14:38.731 3284 3404 D HeterodyneSyncer: updateFlag: com.google.android.finsky.regular, 81526700, 0, , SelfUpdate__enable_flexible_self_update
09-24 19:14:38.731 3284 3404 D HeterodyneSyncer: updateFlag: com.google.android.finsky.regular, 81526700, 0, , SelfUpdate__flexible_self_update_lifecycle_step_ms
09-24 19:14:38.731 3284 3404 D HeterodyneSyncer: updateFlag: com.google.android.finsky.regular, 81526700, 0, , SelfUpdate__flexible_self_update_maximum_require_charging_ms
09-24 19:14:38.731 3284 3404 D HeterodyneSyncer: updateFlag: com.google.android.finsky.regular, 81526700, 0, , SelfUpdate__flexible_self_update_maximum_require_idle_ms
09-24 19:14:38.731 3284 3404 D HeterodyneSyncer: updateFlag: com.google.android.finsky.regular, 81526700, 0, , SelfUpdate__flexible_self_update_maximum_require_wifi_ms
09-24 19:14:38.735 2518 4721 I TelephonySpam: TelephonySpamInit - onModuleUpdated TelephonySpam module initialized
09-24 19:14:38.735 2518 4721 I TelephonySpam: SpamListSync - scheduleSyncTasks
09-24 19:14:38.735 2518 4721 I TelephonySpam: SpamListSync - schedulePeriodicTask
09-24 19:14:38.739 3284 3404 D HeterodyneSyncer: updateFlag: com.google.android.finsky.regular, 81526700, 0, , SelfUpdate__use_package_installer_for_self_update_v2
09-24 19:14:38.739 3284 3404 D HeterodyneSyncer: updateFlag: com.google.android.finsky.regular, 81526700, 0, , TabbedBrowseFragmentBrowseData__normalize_browse_data_handling
09-24 19:14:38.739 3284 3404 D HeterodyneSyncer: updateFlag: com.google.android.finsky.regular, 81526700, 0, , TesterApi__enable_testing_program_writes_to_installerdatastore
09-24 19:14:38.739 3284 3404 D HeterodyneSyncer: updateFlag: com.google.android.finsky.regular, 81526700, 0, , TubeskyAccountContentProvider__enable_account_content_provider
09-24 19:14:38.739 3284 3404 D HeterodyneSyncer: updateFlag: com.google.android.finsky.regular, 81526700, 0, , Unicorn__enable_unicorn_account_identification
09-24 19:14:38.739 3284 3404 D HeterodyneSyncer: updateFlag: com.google.android.finsky.regular, 81526700, 0, , Unicorn__enable_unicorn_arc_provider
09-24 19:14:38.739 3284 3404 D HeterodyneSyncer: updateFlag: com.google.android.finsky.regular, 81526700, 0, , UninstallManager__get_uninstall_recommendations
09-24 19:14:38.740 3284 3404 D HeterodyneSyncer: updateFlag: com.google.android.finsky.regular, 81526700, 0, , UninstallManager__get_uninstall_recommendations_in_popup
09-24 19:14:38.740 3284 3404 D HeterodyneSyncer: updateFlag: com.google.android.finsky.regular, 81526700, 0, , UninstallManager__uninstall_manager_preselect
09-24 19:14:38.740 3284 3404 D HeterodyneSyncer: updateFlag: com.google.android.finsky.regular, 81526700, 0, , UserLanguages__user_language_additional_per_app
09-24 19:14:38.740 3284 3404 D HeterodyneSyncer: updateFlag: com.google.android.finsky.regular, 81526700, 0, , UserLanguages__user_language_api_allow_iso
09-24 19:14:38.740 3284 3404 D HeterodyneSyncer: updateFlag: com.google.android.finsky.regular, 81526700, 0, , UserLanguages__user_language_change_early_install
09-24 19:14:38.740 3284 3404 D HeterodyneSyncer: updateFlag: com.google.android.finsky.regular, 81526700, 0, , UserlistClearControl__allow_userlist_clear_control
09-24 19:14:38.740 3284 3404 D HeterodyneSyncer: updateFlag: com.google.android.finsky.regular, 81526700, 0, , WearSupport__kill_switch_foreground_wear_update
09-24 19:14:38.740 3284 3404 D HeterodyneSyncer: updateFlag: com.google.android.finsky.regular, 81526700, 0, , WearSupport__kill_switch_wear_service
09-24 19:14:38.740 3284 3404 D HeterodyneSyncer: updateFlag: com.google.android.finsky.regular, 81526700, 0, , ZeroPrefixRecentSearchSuggestion__zero_prefix_recent_search_suggestion_count
09-24 19:14:38.741 3284 3404 D HeterodyneSyncer: update application tag, changed: com.google.android.finsky.regular, 81526700, , 1
09-24 19:14:38.741 3284 3404 D HeterodyneSyncer: Clearing partition: 1
09-24 19:14:38.741 3284 3404 D HeterodyneSyncer: updateFlag: com.google.android.finsky.regular, 81526700, 1, , Checkin__disable_checkin_receiver
09-24 19:14:38.741 3284 3404 D HeterodyneSyncer: updateFlag: com.google.android.finsky.regular, 81526700, 1, , SystemUpdate__enable_manual_update_flow
09-24 19:14:38.742 3284 3404 D HeterodyneSyncer: update application tag, changed: com.google.android.finsky.regular, 81526700, , 2
09-24 19:14:38.742 3284 3404 D HeterodyneSyncer: Clearing partition: 2
09-24 19:14:38.742 3284 3404 D HeterodyneSyncer: updateFlag: com.google.android.finsky.regular, 81526700, 2, , AutoUpdate__battery_relaxation_threshold_ms
09-24 19:14:38.742 3284 3404 D HeterodyneSyncer: updateFlag: com.google.android.finsky.regular, 81526700, 2, , AutoUpdate__enable_gmscore_wifi_charger_relaxation
09-24 19:14:38.742 3284 3404 D HeterodyneSyncer: updateFlag: com.google.android.finsky.regular, 81526700, 2, , AutoUpdate__gmscore_wifi_charger_relaxation_threshold_ms
09-24 19:14:38.742 3284 3404 D HeterodyneSyncer: updateFlag: com.google.android.finsky.regular, 81526700, 2, , AutoUpdate__minimum_auto_update_battery_level
09-24 19:14:38.742 3284 3404 W HeterodyneSyncer: Value type not set for flag , ignoring
09-24 19:14:38.742 3284 3404 D HeterodyneSyncer: updateFlag: com.google.android.finsky.regular, 81526700, 2, , ClientStats__enable_counters_meta_logging
09-24 19:14:38.743 3284 3404 D HeterodyneSyncer: updateFlag: com.google.android.finsky.regular, 81526700, 2, , ForeverExperiments__enable_hiding_download_count_in_details_title
09-24 19:14:38.743 3284 3404 D HeterodyneSyncer: updateFlag: com.google.android.finsky.regular, 81526700, 2, , InAppPurchaseReporting__log_in_app_item_purchase_to_gmp
09-24 19:14:38.743 3284 3404 D HeterodyneSyncer: updateFlag: com.google.android.finsky.regular, 81526700, 2, , InAppPurchaseReporting__report_in_app_item_purchase_to_gmp
09-24 19:14:38.743 3284 3404 D HeterodyneSyncer: updateFlag: com.google.android.finsky.regular, 81526700, 2, , InAppPurchaseReporting__report_in_app_item_purchase_to_gmp_measurement
09-24 19:14:38.743 3284 3404 D HeterodyneSyncer: updateFlag: com.google.android.finsky.regular, 81526700, 2, , InAppPurchaseReporting__report_in_app_item_purchase_to_gmp_via_rads
09-24 19:14:38.743 3284 3404 D HeterodyneSyncer: updateFlag: com.google.android.finsky.regular, 81526700, 2, , InfoArch2__condense_jpkr_subnav
09-24 19:14:38.743 3284 3404 D HeterodyneSyncer: updateFlag: com.google.android.finsky.regular, 81526700, 2, , InstantAppsTryNowVisibility__enable_instant_apps_launch_button_on_mdp
09-24 19:14:38.744 3284 3404 D HeterodyneSyncer: updateFlag: com.google.android.finsky.regular, 81526700, 2, , PlayPass__details_page_extension_reminder_triggering_period
09-24 19:14:38.744 3284 3404 D HeterodyneSyncer: updateFlag: com.google.android.finsky.regular, 81526700, 2, , TestColorTheme__transparent_background
09-24 19:14:38.744 3284 3404 D HeterodyneSyncer: updateFlag: com.google.android.finsky.regular, 81526700, 2, , UnicornCodegen__send_app_install_info_on_free_purchase
09-24 19:14:38.751 3284 3404 D HeterodyneSyncer: update application tag, changed: com.google.android.finsky.regular, 81526700, , 3
09-24 19:14:38.751 3284 3404 D HeterodyneSyncer: Clearing partition: 3
09-24 19:14:38.751 3284 3404 D HeterodyneSyncer: updateFlag: com.google.android.finsky.regular, 81526700, 3, , AcceleratorCache__enable_download_from_accelerator
09-24 19:14:38.751 3284 3404 D HeterodyneSyncer: updateFlag: com.google.android.finsky.regular, 81526700, 3, , AccountInstallState__enable_account_install_state
09-24 19:14:38.751 3284 3404 D HeterodyneSyncer: updateFlag: com.google.android.finsky.regular, 81526700, 3, , AccountsCache__cache_all_accounts
09-24 19:14:38.751 3284 3404 D HeterodyneSyncer: updateFlag: com.google.android.finsky.regular, 81526700, 3, , AlleyOopAllowlist__allowed_packages
09-24 19:14:38.752 3284 3404 D HeterodyneSyncer: updateFlag: com.google.android.finsky.regular, 81526700, 3, , AlleyOopAllowlist__allowed_target_calling_pairs
09-24 19:14:38.752 3284 3404 D HeterodyneSyncer: updateFlag: com.google.android.finsky.regular, 81526700, 3, , AlleyOopAllowlist__allowed_target_packages
09-24 19:14:38.752 3284 3404 D HeterodyneSyncer: updateFlag: com.google.android.finsky.regular, 81526700, 3, , AlleyOopAllowlist__enable_overlay_test_app
09-24 19:14:38.752 3284 3404 D HeterodyneSyncer: updateFlag: com.google.android.finsky.regular, 81526700, 3, , AlleyOopAllowlist__first_party_caller_packages_post_purchase_sponsor_cluster
09-24 19:14:38.752 3284 3404 D HeterodyneSyncer: updateFlag: com.google.android.finsky.regular, 81526700, 3, , AlleyOopDeprecateV1__approve_whitelist
09-24 19:14:38.752 3284 3404 D HeterodyneSyncer: updateFlag: com.google.android.finsky.regular, 81526700, 3, , AlleyOopDeprecateV1__enable
09-24 19:14:38.752 3284 3404 D HeterodyneSyncer: updateFlag: com.google.android.finsky.regular, 81526700, 3, , AlleyOopDeprecateV1__package_allowlist
09-24 19:14:38.752 3284 3404 D HeterodyneSyncer: updateFlag: com.google.android.finsky.regular, 81526700, 3, , AlleyOopDeprecateV1__redirect_allowlist
09-24 19:14:38.752 3284 3404 D HeterodyneSyncer: updateFlag: com.google.android.finsky.regular, 81526700, 3, , AlleyOopDeprecateV1__redirect_whitelist
09-24 19:14:38.753 3284 3404 D HeterodyneSyncer: updateFlag: com.google.android.finsky.regular, 81526700, 3, , AlleyOopDiversion__hsdp_spring_animation_stiffness
09-24 19:14:38.753 3284 3404 D HeterodyneSyncer: updateFlag: com.google.android.finsky.regular, 81526700, 3, , AlleyOopRedirectPaidAppToDetails__allow_paid_apps_calling_package_allowlist
09-24 19:14:38.753 3284 3404 D HeterodyneSyncer: updateFlag: com.google.android.finsky.regular, 81526700, 3, , AlleyOopRedirectPaidAppToDetails__allow_paid_apps_calling_package_whitelist
09-24 19:14:38.753 3284 3404 D HeterodyneSyncer: updateFlag: com.google.android.finsky.regular, 81526700, 3, , AlleyOopV3Holdback__redirect_to_details
09-24 19:14:38.753 3284 3404 D HeterodyneSyncer: updateFlag: com.google.android.finsky.regular, 81526700, 3, , AlleyOopV3Whitelisting__first_party_caller_packages_post_purchase_sponsor_cluster
09-24 19:14:38.753 3284 3404 D HeterodyneSyncer: updateFlag: com.google.android.finsky.regular, 81526700, 3, , AlleyOopV3Whitelisting__whitelisted_packages
09-24 19:14:38.753 3284 3404 D HeterodyneSyncer: updateFlag: com.google.android.finsky.regular, 81526700, 3, , AlleyOopV3Whitelisting__whitelisted_target_calling_pairs
