09-24 19:14:45.189 2518 3789 W Conscrypt: at com.google.android.gms.org.conscrypt.Platform.setSocketWriteTimeout(:com.google.android.gms@17786022@17.7.86 (040700-256199907):2)
09-24 19:14:45.189 2518 3789 W Conscrypt: at com.google.android.gms.org.conscrypt.ConscryptFileDescriptorSocket.setSoWriteTimeout(:com.google.android.gms@17786022@17.7.86 (040700-256199907):2)
09-24 19:14:45.200 6057 6086 D ApplicationLoaders: Returning zygote-cached class loader: /system/framework/android.hidl.base-V1.0-java.jar
09-24 19:14:45.200 6057 6086 D ApplicationLoaders: Returning zygote-cached class loader: /system/framework/android.hidl.manager-V1.0-java.jar
09-24 19:14:45.200 6057 6086 D ApplicationLoaders: Returning zygote-cached class loader: /system/framework/android.hidl.base-V1.0-java.jar
09-24 19:14:45.209 2201 3703 I aohg : Scheduling Phenotype for a PhenotypeSyncImmediately(6, com.google.android.platform.intelligence_attention) one off with window [1, 2] in seconds [CONTEXT service_id=51 ]
09-24 19:14:45.223 3188 6109 D DownloadManager: [3] Starting
09-24 19:14:45.228 6057 6086 I android.youtub: The ClassLoaderContext is a special shared library.
09-24 19:14:45.229 2041 2338 D ConnectivityService: requestNetwork for uid/pid:10133/6057 NetworkRequest [ TRACK_DEFAULT id=23, [ Capabilities: INTERNET&NOT_RESTRICTED&TRUSTED Uid: 10133] ]
09-24 19:14:45.233 2041 2156 D WifiNetworkFactory: got request NetworkRequest [ TRACK_DEFAULT id=23, [ Capabilities: INTERNET&NOT_RESTRICTED&TRUSTED Uid: 10133] ] with score 60 and serial -1
09-24 19:14:45.233 2041 2156 D UntrustedWifiNetworkFactory: got request NetworkRequest [ TRACK_DEFAULT id=23, [ Capabilities: INTERNET&NOT_RESTRICTED&TRUSTED Uid: 10133] ] with score 60 and serial -1
09-24 19:14:45.235 2465 2465 D PhoneSwitcherNetworkRequstListener: got request NetworkRequest [ TRACK_DEFAULT id=23, [ Capabilities: INTERNET&NOT_RESTRICTED&TRUSTED Uid: 10133] ] with score 60 and serial -1
09-24 19:14:45.243 3284 3284 I Finsky : [2] hsd.onPostExecute(3): Enqueued com.android.vending as content://downloads/my_downloads/3
09-24 19:14:45.243 3284 3284 I Finsky : [2] hrn.a(5): com.android.vending from 1 to 2.
09-24 19:14:45.243 3284 3284 I Finsky : [2] hry.g(8): com.android.vending: onStart
09-24 19:14:45.247 2201 3703 I aohg : Scheduling Phenotype for a PhenotypeSyncImmediately(6, com.google.android.platform.intelligence_bubbles) one off with window [1, 2] in seconds [CONTEXT service_id=51 ]
09-24 19:14:45.249 3188 6109 D NetworkSecurityConfig: No Network Security Config specified, using platform default
09-24 19:14:45.250 3188 6109 D NetworkSecurityConfig: No Network Security Config specified, using platform default
09-24 19:14:45.264 2518 3789 W Conscrypt: Could not set socket write timeout: java.net.SocketException: Socket closed
09-24 19:14:45.264 2518 3789 W Conscrypt: at com.google.android.gms.org.conscrypt.Platform.setSocketWriteTimeout(:com.google.android.gms@17786022@17.7.86 (040700-256199907):2)
09-24 19:14:45.264 2518 3789 W Conscrypt: at com.google.android.gms.org.conscrypt.ConscryptFileDescriptorSocket.setSoWriteTimeout(:com.google.android.gms@17786022@17.7.86 (040700-256199907):2)
09-24 19:14:45.270 2201 3703 I aohg : Scheduling Phenotype for a PhenotypeSyncImmediately(6, com.google.android.platform.intelligence_notification_assistant) one off with window [1, 2] in seconds [CONTEXT service_id=51 ]
09-24 19:14:45.279 6057 6089 E GEL_DELAYED_EVENT_DEBUG: Failed delayed event dispatch, no dispatchers.
09-24 19:14:45.282 2201 3918 I aohg : Scheduling Phenotype for a PhenotypeSyncImmediately(6, com.google.android.platform.intelligence_screen_understanding) one off with window [1, 2] in seconds [CONTEXT service_id=51 ]
09-24 19:14:45.291 6057 6086 I android.youtub: The ClassLoaderContext is a special shared library.
09-24 19:14:45.323 3284 3625 E Volley : [200] bgs.a: Unexpected response code 404 for https://play-fe.googleapis.com/fdfe/deviceSettings
09-24 19:14:45.324 3284 3625 W Finsky : [200] cxp.a(9): IOException while manually unzipping request.
09-24 19:14:45.325 3284 3553 E Finsky : [187] hgw.a(8): Error getting device settings.
09-24 19:14:45.325 3284 3553 E Finsky : network time: 157, HTTP status code: na, exception com.android.volley.ClientError
09-24 19:14:45.325 3284 3553 E Finsky : at ncp.a(Unknown Source:4)
09-24 19:14:45.325 3284 3553 E Finsky : at bfx.b(SourceFile:2)
09-24 19:14:45.325 3284 3553 E Finsky : at cwr.b(SourceFile:6)
09-24 19:14:45.325 3284 3553 E Finsky : at bfr.run(SourceFile:6)
09-24 19:14:45.325 3284 3553 E Finsky : at android.os.Handler.handleCallback(Handler.java:883)
09-24 19:14:45.325 3284 3553 E Finsky : at android.os.Handler.dispatchMessage(Handler.java:100)
09-24 19:14:45.325 3284 3553 E Finsky : at android.os.Looper.loop(Looper.java:214)
09-24 19:14:45.325 3284 3553 E Finsky : at android.app.ActivityThread.main(ActivityThread.java:7356)
09-24 19:14:45.325 3284 3553 E Finsky : at java.lang.reflect.Method.invoke(Native Method)
09-24 19:14:45.325 3284 3553 E Finsky : at com.android.internal.os.RuntimeInit$MethodAndArgsCaller.run(RuntimeInit.java:492)
09-24 19:14:45.325 3284 3553 E Finsky : at com.android.internal.os.ZygoteInit.main(ZygoteInit.java:930)
09-24 19:14:45.325 3284 3553 E Finsky : [187] hgp.a(1): Error while refreshing device settings: network time: 157, HTTP status code: na, exception com.android.volley.ClientError. Retrying.
09-24 19:14:45.325 3284 3553 E Finsky : network time: 157, HTTP status code: na, exception com.android.volley.ClientError
09-24 19:14:45.325 3284 3553 E Finsky : at ncp.a(Unknown Source:4)
09-24 19:14:45.325 3284 3553 E Finsky : at bfx.b(SourceFile:2)
09-24 19:14:45.325 3284 3553 E Finsky : at cwr.b(SourceFile:6)
09-24 19:14:45.325 3284 3553 E Finsky : at bfr.run(SourceFile:6)
09-24 19:14:45.325 3284 3553 E Finsky : at android.os.Handler.handleCallback(Handler.java:883)
09-24 19:14:45.325 3284 3553 E Finsky : at android.os.Handler.dispatchMessage(Handler.java:100)
09-24 19:14:45.325 3284 3553 E Finsky : at android.os.Looper.loop(Looper.java:214)
09-24 19:14:45.325 3284 3553 E Finsky : at android.app.ActivityThread.main(ActivityThread.java:7356)
09-24 19:14:45.325 3284 3553 E Finsky : at java.lang.reflect.Method.invoke(Native Method)
09-24 19:14:45.325 3284 3553 E Finsky : at com.android.internal.os.RuntimeInit$MethodAndArgsCaller.run(RuntimeInit.java:492)
09-24 19:14:45.325 3284 3553 E Finsky : at com.android.internal.os.ZygoteInit.main(ZygoteInit.java:930)
09-24 19:14:45.325 3284 3553 I Finsky : [187] pxa.a(9): jobFinished: 31-305419896. TimeElapsed: 160ms
09-24 19:14:45.326 3284 3284 I Finsky : [2] pvm.c(3): Job 31-305419896 finished
09-24 19:14:45.326 3284 3284 I Finsky : [2] pvp.handleMessage(84): RunningQueue size: 0, PendingQueue size: 0
09-24 19:14:45.326 3284 3284 I Finsky : [2] pvp.handleMessage(88): Waiting on changed job store
09-24 19:14:45.330 2201 3918 I aohg : Scheduling Phenotype for a PhenotypeSyncImmediately(6, com.google.android.platform.intelligence_text) one off with window [1, 2] in seconds [CONTEXT service_id=51 ]
09-24 19:14:45.375 2518 5081 I Icing : Indexing com.google.android.gms-apps from com.google.android.gms
09-24 19:14:45.376 2518 5081 I Icing : Indexing done com.google.android.gms-apps
09-24 19:14:45.402 2518 3789 I CheckinRequestProcessor: updateCheckinIdTokenFileFromResponse, Reading existing AID
09-24 19:14:45.407 2518 3789 I CheckinRequestProcessor: CheckinNowTaskTag : Checkin Succeeded: https://android.clients.google.com/checkin (fragment #1):
09-24 19:14:45.414 2041 3593 W ActivityManager: stopServiceToken startId 5 is last, but have 2 remaining args
09-24 19:14:45.435 6057 6086 I android.youtub: The ClassLoaderContext is a special shared library.
09-24 19:14:45.493 6057 6086 W android.youtub: Unsupported class loader
09-24 19:14:45.526 3284 3284 I Finsky : [2] hry.a(59): com.android.vending: onProgress 0/53212069 Status: 192 URI: content://downloads/my_downloads/3.
09-24 19:14:45.544 6057 6086 I DynamiteModule: Considering local module com.google.android.gms.ads.dynamite:0 and remote module com.google.android.gms.ads.dynamite:20160
09-24 19:14:45.544 6057 6086 I DynamiteModule: Selected remote version of com.google.android.gms.ads.dynamite, version >= 20160
09-24 19:14:45.605 6057 6057 W YT.MDX.addf: CastAppId for type 0 not found. Defaulting to mainCastAppId.
09-24 19:14:45.611 6057 6057 V MediaRouter: Selecting route: RouteInfo{ name=Phone, description=null, status=null, category=RouteCategory{ name=System types=ROUTE_TYPE_LIVE_AUDIO ROUTE_TYPE_LIVE_VIDEO groupable=false }, supportedTypes=ROUTE_TYPE_LIVE_AUDIO ROUTE_TYPE_LIVE_VIDEO , presentationDisplay=null }
09-24 19:14:45.612 6057 6086 I android.youtub: The ClassLoaderContext is a special shared library.
09-24 19:14:45.616 6057 6088 V NativeCrypto: Registering com/google/android/gms/org/conscrypt/NativeCrypto's 284 native methods...
09-24 19:14:45.626 6057 6057 W YT.MDX.addf: CastAppId for type 0 not found. Defaulting to mainCastAppId.
09-24 19:14:45.627 6057 6057 V MediaRouter: Selecting route: RouteInfo{ name=Phone, description=null, status=null, category=RouteCategory{ name=System types=ROUTE_TYPE_LIVE_AUDIO ROUTE_TYPE_LIVE_VIDEO groupable=false }, supportedTypes=ROUTE_TYPE_LIVE_AUDIO ROUTE_TYPE_LIVE_VIDEO , presentationDisplay=null }
09-24 19:14:45.628 2041 3277 I ActivityManager: Finished processing BOOT_COMPLETED for u0
09-24 19:14:45.628 6057 6163 D NetworkSecurityConfig: Using Network Security Config from resource network_security_config debugBuild: false
09-24 19:14:45.628 2041 3277 W BroadcastQueue: Background execution not allowed: receiving Intent { act=android.net.conn.NETWORK_CONDITIONS_MEASURED flg=0x10 (has extras) } to com.google.android.gms/.chimera.GmsIntentOperationService$PersistentTrustedReceiver
09-24 19:14:45.629 2041 3277 I ActivityManager: Killing 5196:com.google.android.apps.maps/u0a114 (adj 995): empty #17
09-24 19:14:45.636 6057 6088 I ProviderInstaller: Installed default security provider GmsCore_OpenSSL
09-24 19:14:45.637 2041 3277 W BroadcastQueue: Background execution not allowed: receiving Intent { act=android.intent.action.USER_PRESENT flg=0x24200010 } to com.google.android.gms/.auth.setup.devicesignals.LockScreenReceiver
09-24 19:14:45.637 2041 2071 W BroadcastQueue: Background execution not allowed: receiving Intent { act=android.intent.action.USER_PRESENT flg=0x24200010 } to com.google.android.gms/.trustagent.UserPresentBroadcastReceiver
09-24 19:14:45.637 2041 2071 W BroadcastQueue: Background execution not allowed: receiving Intent { act=android.intent.action.USER_PRESENT flg=0x24200010 } to com.google.android.gms/.chimera.GmsIntentOperationService$PersistentTrustedReceiver
09-24 19:14:45.638 6057 6086 D DynamitePackage: Instantiated singleton DynamitePackage.
09-24 19:14:45.638 6057 6086 D DynamitePackage: Instantiating com.google.android.gms.ads.adshield.ChimeraAdShieldCreatorImpl
09-24 19:14:45.639 3345 3345 I BgTaskExecutorImpl: Starting EXCLUSIVE background task FETCH_CONFIGS_FROM_PHENOTYPE.
09-24 19:14:45.650 1779 6167 E ResolverController: No valid NAT64 prefix (101, /0)
09-24 19:14:45.655 1780 1780 D Zygote : Forked child process 6172
09-24 19:14:45.656 2518 5081 I Icing : Indexing com.google.android.gms-apps from com.google.android.gms
09-24 19:14:45.657 2518 5081 I Icing : Indexing done com.google.android.gms-apps
09-24 19:14:45.660 2041 2072 I ActivityManager: Start proc 6172:com.android.vending:instant_app_installer/u0a94 for broadcast {com.android.vending/com.google.android.finsky.instantapps.PhenotypeUpdateReceiver}
09-24 19:14:45.664 6172 6172 W t_app_installe: Unexpected CPU variant for X86 using defaults: x86
09-24 19:14:45.666 1796 2449 E GnssHAL_GnssInterface: gnssSvStatusCb: a: input svInfo.flags is 8
09-24 19:14:45.666 1796 2449 E GnssHAL_GnssInterface: gnssSvStatusCb: b: input svInfo.flags is 8
09-24 19:14:45.672 6172 6172 E t_app_installe: Not starting debugger since process cannot load the jdwp agent.
09-24 19:14:45.680 2201 3703 I aohg : Scheduling Phenotype for a PhenotypeSyncImmediately(6, com.google.android.platform.netd_native) one off with window [1, 2] in seconds [CONTEXT service_id=51 ]
09-24 19:14:45.690 2041 2068 E memtrack: Couldn't load memtrack module
09-24 19:14:45.690 2041 2068 W android.os.Debug: failed to get memory consumption info: -1
09-24 19:14:45.704 6172 6172 D ApplicationLoaders: Returning zygote-cached class loader: /system/framework/android.hidl.base-V1.0-java.jar
09-24 19:14:45.704 6172 6172 D ApplicationLoaders: Returning zygote-cached class loader: /system/framework/android.hidl.manager-V1.0-java.jar
09-24 19:14:45.704 6172 6172 D ApplicationLoaders: Returning zygote-cached class loader: /system/framework/android.hidl.base-V1.0-java.jar
09-24 19:14:45.706 1780 1780 I Zygote : Process 5196 exited due to signal 9 (Killed)
09-24 19:14:45.706 6172 6172 I t_app_installe: The ClassLoaderContext is a special shared library.
09-24 19:14:45.713 6172 6172 I t_app_installe: The ClassLoaderContext is a special shared library.
09-24 19:14:45.717 2041 2073 I libprocessgroup: Successfully killed process cgroup uid 10114 pid 5196 in 88ms
09-24 19:14:45.760 5619 5638 I droid.deskcloc: Waiting for a blocking GC ProfileSaver
09-24 19:14:45.785 2518 5081 I Icing : Indexing com.google.android.gms-apps from com.google.android.gms
09-24 19:14:45.786 2518 5081 I Icing : Indexing done com.google.android.gms-apps
09-24 19:14:45.787 5619 5638 I droid.deskcloc: WaitForGcToComplete blocked ProfileSaver on ClassLinker for 27.094ms
09-24 19:14:45.791 2041 2068 E memtrack: Couldn't load memtrack module
09-24 19:14:45.791 2041 2068 W android.os.Debug: failed to get memory consumption info: -1
09-24 19:14:45.868 6172 6172 D PhenotypeUpdateService: onCreate called
09-24 19:14:45.872 1780 1780 D Zygote : Forked child process 6228
09-24 19:14:45.876 2041 2072 I ActivityManager: Start proc 6228:com.google.android.apps.docs/u0a132 for broadcast {com.google.android.apps.docs/com.google.android.libraries.internal.growth.growthkit.internal.experiments.impl.PhenotypeBroadcastReceiver}
09-24 19:14:45.878 6228 6228 W droid.apps.doc: Unexpected CPU variant for X86 using defaults: x86
09-24 19:14:45.881 6172 6236 D PhenotypeUpdateService: Updating Phenotype configs
09-24 19:14:45.883 6228 6228 E droid.apps.doc: Not starting debugger since process cannot load the jdwp agent.
09-24 19:14:45.886 2201 3703 I aohg : Scheduling Phenotype for a PhenotypeSyncImmediately(6, com.google.android.platform.notification_assistant) one off with window [1, 2] in seconds [CONTEXT service_id=51 ]
09-24 19:14:45.894 5652 5673 I ogle.android.g: Waiting for a blocking GC ProfileSaver
09-24 19:14:45.899 5652 5673 I ogle.android.g: WaitForGcToComplete blocked ProfileSaver on ClassLinker for 5.241ms
09-24 19:14:45.912 6228 6228 I droid.apps.doc: The ClassLoaderContext is a special shared library.
09-24 19:14:45.915 3345 3475 W PhenotypeToGsaConfigs: Can't format flag AndroidGsaVelourJars__velour_birthdaydoodle_jar__name to integer.
09-24 19:14:45.915 3345 3475 W PhenotypeToGsaConfigs: Can't format flag AndroidGsaVelourJars__velour_call_jar__name to integer.
09-24 19:14:45.915 3345 3475 W PhenotypeToGsaConfigs: Can't format flag AndroidGsaVelourJars__velour_canvas_jar__name to integer.
09-24 19:14:45.915 3345 3475 W PhenotypeToGsaConfigs: Can't format flag AndroidGsaVelourJars__velour_chkpkg_jar__name to integer.
09-24 19:14:45.915 3345 3475 W PhenotypeToGsaConfigs: Can't format flag AndroidGsaVelourJars__velour_crashtest_jar__name to integer.
09-24 19:14:45.915 3345 3475 W PhenotypeToGsaConfigs: Can't format flag AndroidGsaVelourJars__velour_dining_jar__name to integer.
09-24 19:14:45.915 3345 3475 W PhenotypeToGsaConfigs: Can't format flag AndroidGsaVelourJars__velour_doodle_notifications_jar__name to integer.
09-24 19:14:45.915 3345 3475 W PhenotypeToGsaConfigs: Can't format flag AndroidGsaVelourJars__velour_imageviewer_jar__name to integer.
09-24 19:14:45.915 3345 3475 W PhenotypeToGsaConfigs: Can't format flag AndroidGsaVelourJars__velour_ipa_jar__name to integer.
09-24 19:14:45.915 3345 3475 W PhenotypeToGsaConfigs: Can't format flag AndroidGsaVelourJars__velour_jslocation_jar__name to integer.
09-24 19:14:45.915 3345 3475 W PhenotypeToGsaConfigs: Can't format flag AndroidGsaVelourJars__velour_localintent_jar__name to integer.
09-24 19:14:45.915 3345 3475 W PhenotypeToGsaConfigs: Can't format flag AndroidGsaVelourJars__velour_messaging_jar__name to integer.
09-24 19:14:45.915 3345 3475 W PhenotypeToGsaConfigs: Can't format flag AndroidGsaVelourJars__velour_nativesrp_activity_jar__name to integer.
09-24 19:14:45.915 3345 3475 W PhenotypeToGsaConfigs: Can't format flag AndroidGsaVelourJars__velour_nativesrp_presenter_jar__name to integer.
09-24 19:14:45.915 3345 3475 W PhenotypeToGsaConfigs: Can't format flag AndroidGsaVelourJars__velour_nowcontent_jar__name to integer.
09-24 19:14:45.915 3345 3475 W PhenotypeToGsaConfigs: Can't format flag AndroidGsaVelourJars__velour_recents_activity_jar__name to integer.
09-24 19:14:45.915 3345 3475 W PhenotypeToGsaConfigs: Can't format flag AndroidGsaVelourJars__velour_save_jar__name to integer.
09-24 19:14:45.915 3345 3475 W PhenotypeToGsaConfigs: Can't format flag AndroidGsaVelourJars__velour_searchresults_activity_jar__name to integer.
09-24 19:14:45.915 3345 3475 W PhenotypeToGsaConfigs: Can't format flag AndroidGsaVelourJars__velour_test_jar__name to integer.
09-24 19:14:45.915 3345 3475 W PhenotypeToGsaConfigs: Can't format flag AndroidGsaVelourJars__velour_weather_jar__name to integer.
09-24 19:14:45.915 3345 3475 W PhenotypeToGsaConfigs: Can't format flag bindle_flags__bloblobber_blob to integer.
09-24 19:14:45.915 3345 3475 W PhenotypeToGsaConfigs: Can't format flag bindle_flags__velour_jar to integer.
09-24 19:14:45.923 6228 6228 I droid.apps.doc: The ClassLoaderContext is a special shared library.
09-24 19:14:45.948 2201 3918 I aohg : Scheduling Phenotype for a PhenotypeSyncImmediately(6, com.google.android.platform.package_manager_service) one off with window [1, 2] in seconds [CONTEXT service_id=51 ]
09-24 19:14:45.962 2041 2068 E memtrack: Couldn't load memtrack module
09-24 19:14:45.962 2041 2068 W android.os.Debug: failed to get memory consumption info: -1
09-24 19:14:45.978 2201 3703 I aohg : Scheduling Phenotype for a PhenotypeSyncImmediately(6, com.google.android.platform.privacy) one off with window [1, 2] in seconds [CONTEXT service_id=51 ]
09-24 19:14:45.988 6228 6259 I GAv4 : Google Analytics 17.7.78 is starting up. To enable debug logging on a device run:
09-24 19:14:45.988 6228 6259 I GAv4 : adb shell setprop log.tag.GAv4 DEBUG
09-24 19:14:45.988 6228 6259 I GAv4 : adb logcat -s GAv4
09-24 19:14:45.997 2201 3703 I aohg : Scheduling Phenotype for a PhenotypeSyncImmediately(6, com.google.android.platform.runtime) one off with window [1, 2] in seconds [CONTEXT service_id=51 ]
09-24 19:14:46.001 3345 3589 E BluetoothAdapter: Bluetooth binder is null
09-24 19:14:46.006 6228 6263 W GAv4 : CampaignTrackingReceiver is not registered, not exported or is disabled. Installation campaign tracking is not possible. See http://goo.gl/8Rd3yj for instructions.
09-24 19:14:46.016 3345 3589 I ModelDownloadListener: Schdedule model download
09-24 19:14:46.019 3345 3345 I BgTaskExecutorImpl: Starting EXCLUSIVE background task UPDATE_HOTWORD_MODELS.
09-24 19:14:46.021 3345 3577 I ModelDownloadController: requestHotwordModelUpdate modelType-OK_HEY_GOOGLE modelLocale-en-US
09-24 19:14:46.025 3345 3577 I ModelDownloadController: #requestHotwordModelDownload
09-24 19:14:46.025 3345 3577 I ModelDownloadController: Model download canceled - previously pending request found
09-24 19:14:46.025 3345 3577 I ModelDownloadController: Model download failed
09-24 19:14:46.035 3345 3589 I EngineIdGenerator: Refusing EXCLUSIVE task INTERNAL_PERIODIC_TASK_SYNC, it is already pending. Try again in 354 seconds.
09-24 19:14:46.036 3345 3589 I OpaEligibilityChecker: send OpaEligibilityChange broadcast to CommonBroadcastReceiver
09-24 19:14:46.051 2518 4561 I Icing : IndexChimeraService.getServiceInterface callingPackage=com.google.android.googlequicksearchbox componentName=agsa_icing_connection serviceId=33
09-24 19:14:46.052 2518 3789 I Icing : IndexChimeraService.getServiceInterface callingPackage=com.google.android.googlequicksearchbox componentName=agsa_icing_connection serviceId=32
09-24 19:14:46.060 2518 3421 I Icing : Usage reports ok 0, Failed Usage reports 0, indexed 0, rejected 0
09-24 19:14:46.064 2518 3421 I Icing : Usage reports ok 0, Failed Usage reports 0, indexed 0, rejected 0
09-24 19:14:46.115 2201 3918 I aohg : Scheduling Phenotype for a PhenotypeSyncImmediately(6, com.google.android.platform.runtime_native) one off with window [1, 2] in seconds [CONTEXT service_id=51 ]
09-24 19:14:46.121 6228 6228 W PrimesInit: Primes instant initialization
09-24 19:14:46.121 6228 6268 W Primes : background initialization
09-24 19:14:46.128 6228 6228 W FieldDefinition: [main] Ignoring isIndexed constraint as field also has uniqueness constraint (on just this field, and therefore SQLite will have to create an index on that. For field: czz$a@64a1396
09-24 19:14:46.150 2201 2201 W ChimeraUtils: Non Chimera context
09-24 19:14:46.150 2201 2201 W ChimeraUtils: Non Chimera context
09-24 19:14:46.167 6228 6228 E DocsApplication: [main] No default account found during application creation.
09-24 19:14:46.170 6228 6228 W ComponentDiscovery: Application info not found.
09-24 19:14:46.170 6228 6228 W ComponentDiscovery: Could not retrieve metadata, returning empty list of registrars.
09-24 19:14:46.176 2041 3402 I ActivityManager: Killing 5324:com.google.android.apps.messaging:rcs/u0a122 (adj 995): empty #17
09-24 19:14:46.181 2720 2720 I PhenotypeUpdate: onReceive() urgent = false
09-24 19:14:46.183 2201 2201 W ChimeraUtils: Non Chimera context
09-24 19:14:46.183 2041 3402 W BroadcastQueue: Background execution not allowed: receiving Intent { act=android.intent.action.DROPBOX_ENTRY_ADDED flg=0x10 (has extras) } to com.google.android.gms/.stats.service.DropBoxEntryAddedReceiver
09-24 19:14:46.184 2041 2071 W BroadcastQueue: Background execution not allowed: receiving Intent { act=android.intent.action.DROPBOX_ENTRY_ADDED flg=0x10 (has extras) } to com.google.android.gms/.chimera.GmsIntentOperationService$PersistentTrustedReceiver
09-24 19:14:46.183 2201 2201 W ChimeraUtils: Non Chimera context
09-24 19:14:46.184 2201 2201 W SystemServiceRegistry: No service published for: persistent_data_block
09-24 19:14:46.191 1780 1780 D Zygote : Forked child process 6286
09-24 19:14:46.193 6286 6286 W .android.diale: Unexpected CPU variant for X86 using defaults: x86
09-24 19:14:46.196 6286 6286 E .android.diale: Not starting debugger since process cannot load the jdwp agent.
09-24 19:14:46.201 2041 3402 I ActivityManager: Start proc 6286:com.android.dialer/u0a93 for broadcast {com.android.dialer/com.android.voicemail.impl.scheduling.TaskReceiver}
09-24 19:14:46.211 6286 6286 D ApplicationLoaders: Returning zygote-cached class loader: /system/framework/android.hidl.base-V1.0-java.jar
09-24 19:14:46.211 6286 6286 D ApplicationLoaders: Returning zygote-cached class loader: /system/framework/android.hidl.manager-V1.0-java.jar
09-24 19:14:46.211 6286 6286 D ApplicationLoaders: Returning zygote-cached class loader: /system/framework/android.hidl.base-V1.0-java.jar
09-24 19:14:46.212 6286 6286 I .android.diale: The ClassLoaderContext is a special shared library.
09-24 19:14:46.223 6286 6286 I .android.diale: The ClassLoaderContext is a special shared library.
09-24 19:14:46.242 1780 1780 I Zygote : Process 5324 exited due to signal 9 (Killed)
09-24 19:14:46.252 6057 6132 E FirebaseInstanceId: Token retrieval failed: INVALID_SENDER
09-24 19:14:46.253 2041 2073 I libprocessgroup: Successfully killed process cgroup uid 10122 pid 5324 in 77ms
09-24 19:14:46.283 2201 3703 I aohg : Scheduling Phenotype for a PhenotypeSyncImmediately(6, com.google.android.platform.storage) one off with window [1, 2] in seconds [CONTEXT service_id=51 ]
09-24 19:14:46.292 6286 6286 I Dialer : DialerExecutorModule.newThread - creating low priority thread
09-24 19:14:46.295 6286 6286 I Dialer : CallLogConfigImpl.schedulePollingJob - scheduling
09-24 19:14:46.297 2201 3918 E aofp : Phenotype API error. Event # bybz@ed5e1300, EventCode: 32 [CONTEXT service_id=51 ]
09-24 19:14:46.297 2201 3918 E aofp : aoeg: 29503
09-24 19:14:46.297 2201 3918 E aofp : at aogv.b(:com.google.android.gms@17786022@17.7.86 (040700-256199907):15)
09-24 19:14:46.297 2201 3918 E aofp : at aofp.a(:com.google.android.gms@17786022@17.7.86 (040700-256199907):92)
09-24 19:14:46.297 2201 3918 E aofp : at aofp.a(:com.google.android.gms@17786022@17.7.86 (040700-256199907):79)
09-24 19:14:46.297 2201 3918 E aofp : at aale.run(:com.google.android.gms@17786022@17.7.86 (040700-256199907):19)
09-24 19:14:46.297 2201 3918 E aofp : at bkdz.run(:com.google.android.gms@17786022@17.7.86 (040700-256199907):2)
09-24 19:14:46.297 2201 3918 E aofp : at squ.b(:com.google.android.gms@17786022@17.7.86 (040700-256199907):37)
09-24 19:14:46.297 2201 3918 E aofp : at squ.run(:com.google.android.gms@17786022@17.7.86 (040700-256199907):18)
09-24 19:14:46.297 2201 3918 E aofp : at java.util.concurrent.ThreadPoolExecutor.runWorker(ThreadPoolExecutor.java:1167)
09-24 19:14:46.297 2201 3918 E aofp : at java.util.concurrent.ThreadPoolExecutor$Worker.run(ThreadPoolExecutor.java:641)
09-24 19:14:46.297 2201 3918 E aofp : at swz.run(Unknown Source:7)
09-24 19:14:46.297 2201 3918 E aofp : at java.lang.Thread.run(Thread.java:919)
09-24 19:14:46.297 2201 3918 E AsyncOperation: serviceID=51, operation=SetAppSpecificPropertiesOperationCall
09-24 19:14:46.297 2201 3918 E AsyncOperation: OperationException[Status{statusCode=unknown status code: 29503, resolution=null}]
09-24 19:14:46.297 2201 3918 E AsyncOperation: at aofp.a(:com.google.android.gms@17786022@17.7.86 (040700-256199907):100)
09-24 19:14:46.297 2201 3918 E AsyncOperation: at aofp.a(:com.google.android.gms@17786022@17.7.86 (040700-256199907):79)
09-24 19:14:46.297 2201 3918 E AsyncOperation: at aale.run(:com.google.android.gms@17786022@17.7.86 (040700-256199907):19)
09-24 19:14:46.297 2201 3918 E AsyncOperation: at bkdz.run(:com.google.android.gms@17786022@17.7.86 (040700-256199907):2)
09-24 19:14:46.297 2201 3918 E AsyncOperation: at squ.b(:com.google.android.gms@17786022@17.7.86 (040700-256199907):37)
09-24 19:14:46.297 2201 3918 E AsyncOperation: at squ.run(:com.google.android.gms@17786022@17.7.86 (040700-256199907):18)
09-24 19:14:46.297 2201 3918 E AsyncOperation: at java.util.concurrent.ThreadPoolExecutor.runWorker(ThreadPoolExecutor.java:1167)
09-24 19:14:46.297 2201 3918 E AsyncOperation: at java.util.concurrent.ThreadPoolExecutor$Worker.run(ThreadPoolExecutor.java:641)
09-24 19:14:46.297 2201 3918 E AsyncOperation: at swz.run(Unknown Source:7)
09-24 19:14:46.297 2201 3918 E AsyncOperation: at java.lang.Thread.run(Thread.java:919)
09-24 19:14:46.298 6286 6286 I Dialer : DialerApplication.initializeAnnotatedCallLog - framework not enabled
09-24 19:14:46.302 6286 6286 I Dialer : VvmTaskReceiver - task received
09-24 19:14:46.302 6286 6286 I Dialer : VvmTaskReceiver - scheduling new job
09-24 19:14:46.303 2041 3402 I ActivityManager: Killing 5365:com.google.android.apps.tachyon/u0a88 (adj 995): empty #17
09-24 19:14:46.303 6286 6286 I Dialer : TaskSchedulerJobService - scheduling job with 1 tasks
09-24 19:14:46.309 6286 6286 I Dialer : TaskSchedulerJobService - running job instantly.
09-24 19:14:46.310 6286 6286 I Dialer : TaskSchedulerJobService - job 0 scheduled
09-24 19:14:46.313 6286 6286 I Dialer : TaskSchedulerJobService - starting 0
09-24 19:14:46.314 6286 6286 I Dialer : VvmTaskExecutor - onStartJob
09-24 19:14:46.314 6286 6286 I Dialer : Task.createTask - create task:com.android.voicemail.impl.ActivationTask
09-24 19:14:46.316 6286 6313 I Dialer : VvmTaskExecutor - executing task com.android.voicemail.impl.ActivationTask@a3c1663
09-24 19:14:46.320 6286 6313 I Dialer : PreOMigrationHandler - migrating ComponentInfo{com.android.phone/com.android.services.telephony.TelephonyConnectionService}, ***, UserHandle{0}
09-24 19:14:46.320 6286 6313 I Dialer : PreOMigrationHandler.migrateSettings - migrating settings
09-24 19:14:46.334 2876 2876 I ContactsPerf: VoicemailContentProvider.onCreate start
09-24 19:14:46.338 2876 2876 I ContactsPerf: VoicemailContentProvider.onCreate finish
09-24 19:14:46.358 2041 2068 E memtrack: Couldn't load memtrack module
09-24 19:14:46.358 2041 2068 W android.os.Debug: failed to get memory consumption info: -1
09-24 19:14:46.382 1780 1780 I Zygote : Process 5365 exited due to signal 9 (Killed)
09-24 19:14:46.405 2876 3321 I VoicemailNotifier: receivers for android.intent.action.PROVIDER_CHANGED :[]
09-24 19:14:46.408 2876 3321 I VoicemailNotifier: receivers for android.intent.action.PROVIDER_CHANGED :[]
09-24 19:14:46.410 6286 6313 I Dialer : VvmActivationTask - VVM content provider configured - vvm_type_cvvm
09-24 19:14:46.410 6286 6313 I Dialer : OmtpVvmCarrierCfgHlpr - OmtpEvent:CONFIG_ACTIVATING
09-24 19:14:46.416 2876 3321 I VoicemailNotifier: receivers for android.intent.action.PROVIDER_CHANGED :[]
09-24 19:14:46.417 2465 2484 I LocationAccessPolicy: Allowing com.android.dialer fine because it doesn't target API 29 yet. Please fix this app. Called from getServiceStateForSubscriber
09-24 19:14:46.418 2465 2484 I LocationAccessPolicy: Allowing com.android.dialer coarse because it doesn't target API 29 yet. Please fix this app. Called from getServiceStateForSubscriber
09-24 19:14:46.422 2041 2073 I libprocessgroup: Successfully killed process cgroup uid 10088 pid 5365 in 118ms
09-24 19:14:46.435 2201 3703 I aohg : Scheduling Phenotype for a PhenotypeSyncImmediately(6, com.google.android.platform.system_scheduler) one off with window [1, 2] in seconds [CONTEXT service_id=51 ]
09-24 19:14:46.529 2201 3703 I aohg : Scheduling Phenotype for a PhenotypeSyncImmediately(6, com.google.android.platform.systemui) one off with window [1, 2] in seconds [CONTEXT service_id=51 ]
09-24 19:14:46.644 2041 3611 I WifiService: startScan uid=10095
09-24 19:14:46.666 1796 2449 E GnssHAL_GnssInterface: gnssSvStatusCb: a: input svInfo.flags is 8
09-24 19:14:46.666 1796 2449 E GnssHAL_GnssInterface: gnssSvStatusCb: b: input svInfo.flags is 8
09-24 19:14:46.688 2201 3918 I aohg : Scheduling Phenotype for a PhenotypeSyncImmediately(6, com.google.android.platform.telephony) one off with window [1, 2] in seconds [CONTEXT service_id=51 ]
09-24 19:14:46.713 2201 3703 I aohg : Scheduling Phenotype for a PhenotypeSyncImmediately(6, com.google.android.platform.textclassifier) one off with window [1, 2] in seconds [CONTEXT service_id=51 ]
09-24 19:14:46.746 2201 3703 I aohg : Scheduling Phenotype for a PhenotypeSyncImmediately(6, com.google.android.platform.activity_manager_native_boot) one off with window [1, 2] in seconds [CONTEXT service_id=51 ]
09-24 19:14:46.785 2201 3703 I aohg : Scheduling Phenotype for a PhenotypeSyncImmediately(6, com.google.android.platform.input_native_boot) one off with window [1, 2] in seconds [CONTEXT service_id=51 ]
09-24 19:14:46.794 2201 3703 I aohg : Scheduling Phenotype for a PhenotypeSyncImmediately(6, com.google.android.platform.rollback_boot) one off with window [1, 2] in seconds [CONTEXT service_id=51 ]
09-24 19:14:46.827 2201 3703 I aohg : Scheduling Phenotype for a PhenotypeSyncImmediately(6, com.google.android.platform.runtime_native_boot) one off with window [1, 2] in seconds [CONTEXT service_id=51 ]
09-24 19:14:46.834 2201 3703 I aohg : Scheduling Phenotype for a PhenotypeSyncImmediately(6, com.google.android.platform.storage_native_boot) one off with window [1, 2] in seconds [CONTEXT service_id=51 ]
09-24 19:14:46.925 2201 3918 I aohg : Scheduling Phenotype for a PhenotypeSyncImmediately(6, com.google.android.platform.window_manager_native_boot) one off with window [1, 2] in seconds [CONTEXT service_id=51 ]
09-24 19:14:47.064 2224 2445 D EGL_emulation: eglMakeCurrent: 0xe3e1aba0: ver 3 0 (tinfo 0xe3e0f6e0)
09-24 19:14:47.245 2224 2445 I chatty : uid=10100(com.android.systemui) RenderThread identical 5 lines
09-24 19:14:47.247 2224 2445 D EGL_emulation: eglMakeCurrent: 0xe3e1aba0: ver 3 0 (tinfo 0xe3e0f6e0)
09-24 19:14:47.252 2201 3976 I aofg : updateFromConfigurations DeviceConfig for package activity_manager [CONTEXT service_id=204 ]
09-24 19:14:47.256 2041 2041 V SettingsProvider: Notifying for 0: content://settings/config/activity_manager/Phenotype_flags
09-24 19:14:47.413 2201 3976 I aofg : updateFromConfigurations DeviceConfig for package app_compat [CONTEXT service_id=204 ]
09-24 19:14:47.256 2041 2041 V SettingsProvider: Notifying for 0: content://settings/config/activity_manager/Phenotype_flags
09-24 19:14:47.413 2041 2041 V SettingsProvider: Notifying for 0: content://settings/config/app_compat/Phenotype_flags
09-24 19:14:47.512 2201 3976 I aofg : updateFromConfigurations DeviceConfig for package autofill [CONTEXT service_id=204 ]
09-24 19:14:47.415 2041 2041 V SettingsProvider: Notifying for 0: content://settings/config/app_compat/Phenotype_flags
09-24 19:14:47.513 2041 2041 V SettingsProvider: Notifying for 0: content://settings/config/autofill/Phenotype_flags
09-24 19:14:47.514 2041 2041 I AutofillManagerService: Ignoring change on Phenotype_flags
09-24 19:14:47.514 2041 2041 V SettingsProvider: Notifying for 0: content://settings/config/autofill/Phenotype_flags
09-24 19:14:47.514 2041 2041 I AutofillManagerService: Ignoring change on Phenotype_flags
09-24 19:14:47.546 2201 3976 I aofg : updateFromConfigurations DeviceConfig for package backup_service [CONTEXT service_id=204 ]
09-24 19:14:47.546 2041 2041 V SettingsProvider: Notifying for 0: content://settings/config/backup_service/Phenotype_flags
09-24 19:14:47.553 2201 3976 I aofg : updateFromConfigurations DeviceConfig for package configuration [CONTEXT service_id=204 ]
09-24 19:14:47.546 2041 2041 V SettingsProvider: Notifying for 0: content://settings/config/backup_service/Phenotype_flags
09-24 19:14:47.554 2041 2041 V SettingsProvider: Notifying for 0: content://settings/config/configuration/Phenotype_flags
09-24 19:14:47.612 2518 3590 I CheckinCompat: No service .update.SystemUpdateService to disable
09-24 19:14:47.612 2518 3590 I CheckinCompat: No service .checkin.EventLogService to disable
09-24 19:14:47.612 2518 3590 I CheckinCompat: No service .checkin.EventLogService$Receiver to disable
09-24 19:14:47.612 2518 3590 I CheckinCompat: Done disabling old GoogleServicesFramework version
09-24 19:14:47.651 2201 3976 I aofg : updateFromConfigurations DeviceConfig for package connectivity [CONTEXT service_id=204 ]
09-24 19:14:47.554 2041 2041 V SettingsProvider: Notifying for 0: content://settings/config/configuration/Phenotype_flags
09-24 19:14:47.652 2041 2041 V SettingsProvider: Notifying for 0: content://settings/config/connectivity/Phenotype_flags
09-24 19:14:47.652 2041 2041 V SettingsProvider: Notifying for 0: content://settings/config/connectivity/Phenotype_flags
09-24 19:14:47.658 2041 3611 W BroadcastQueue: Background execution not allowed: receiving Intent { act=android.intent.action.DROPBOX_ENTRY_ADDED flg=0x10 (has extras) } to com.google.android.gms/.stats.service.DropBoxEntryAddedReceiver
09-24 19:14:47.658 2041 2071 W BroadcastQueue: Background execution not allowed: receiving Intent { act=android.intent.action.DROPBOX_ENTRY_ADDED flg=0x10 (has extras) } to com.google.android.gms/.chimera.GmsIntentOperationService$PersistentTrustedReceiver
09-24 19:14:47.665 3284 3284 I Finsky : [2] com.google.android.finsky.packagemanager.impl.PackageMonitorReceiverImpl.a(4): PackageMonitor received: android.intent.action.PACKAGE_CHANGED
09-24 19:14:47.666 1796 2449 E GnssHAL_GnssInterface: gnssSvStatusCb: a: input svInfo.flags is 8
09-24 19:14:47.666 1796 2449 E GnssHAL_GnssInterface: gnssSvStatusCb: b: input svInfo.flags is 8
09-24 19:14:47.672 3284 3284 I Finsky : [2] nju.b(2): Frosting ID looked up on UI thread. Caller should move to a background thread.
09-24 19:14:47.680 2518 3421 I Icing : doRemovePackageData com.android.nfc
09-24 19:14:47.684 3284 3760 I Finsky : [221] njx.run(16): Wrote row to frosting DB: 166
09-24 19:14:47.688 2518 4561 I Icing : IndexChimeraService.getServiceInterface callingPackage=com.google.android.gms componentName=AppsCorpus serviceId=36
09-24 19:14:47.689 2041 2203 W BroadcastQueue: Background execution not allowed: receiving Intent { act=android.server.checkin.CHECKIN flg=0x10 } to com.google.android.gms/.checkin.CheckinServiceTriggerReceiver
09-24 19:14:47.690 6286 6286 I Dialer : VvmTaskReceiver - task received
09-24 19:14:47.690 6286 6286 I Dialer : VvmTaskReceiver - TaskExecutor already running
09-24 19:14:47.690 2518 4510 I Icing : IndexChimeraService.getServiceInterface callingPackage=com.google.android.gms componentName=AppsCorpus serviceId=32
09-24 19:14:47.690 6286 6286 I Dialer : Task.createTask - create task:com.android.voicemail.impl.ActivationTask
09-24 19:14:47.690 6286 6286 I Dialer : TaskQueue.add - duplicated task added
09-24 19:14:47.690 6286 6286 I Dialer : VvmTaskExecutor - com.android.voicemail.impl.ActivationTask@6d3eedb added
09-24 19:14:47.710 2518 3860 I Icing : Usage reports ok 0, Failed Usage reports 0, indexed 0, rejected 0
09-24 19:14:47.720 2518 3860 I Icing : Usage reports ok 0, Failed Usage reports 0, indexed 0, rejected 0
09-24 19:14:47.732 2518 2665 I Vision : Supported ABIS: [x86]
09-24 19:14:47.750 2518 4583 I GmsModuleFndr: Beginning GMS chimera module scan
09-24 19:14:47.757 3345 3345 I BgTaskExecutorImpl: Starting NONEXCLUSIVE background task UPDATE_GSERVICES_CONFIG.
09-24 19:14:47.758 2201 5700 I NetRec : [241] alcm.b: onConfigChanged()
09-24 19:14:47.759 3345 3475 I GservicesUpdateTask: Updating Gservices keys
09-24 19:14:47.769 2201 5700 I GCoreUlr: Starting service, intent=Intent { act=com.google.android.location.reporting.ACTION_UPDATE_WORLD cmp=com.google.android.gms/com.google.android.location.reporting.service.DispatchingService (has extras) }, extras=Bundle[{receiverAction=com.google.gservices.intent.action.GSERVICES_CHANGED}]
09-24 19:14:47.784 2201 2201 E BluetoothAdapter: Bluetooth binder is null
09-24 19:14:47.798 2041 2120 W ActivityManager: Unable to start service Intent { cmp=com.google.android.gms/.analytics.service.RefreshEnabledStateService } U=0: not found
09-24 19:14:47.799 2518 4721 W ChimeraUtils: Non Chimera context
09-24 19:14:47.799 2518 4721 W ChimeraUtils: Non Chimera context
09-24 19:14:47.800 2518 2948 D CAR.SETUP: Received GService flag change intent.
09-24 19:14:47.800 2518 2948 I CAR.SETUP: update Car DrivingMode components to false
09-24 19:14:47.800 2201 3337 I GCoreUlr: WorldUpdater received intent Intent { act=com.google.android.location.reporting.ACTION_UPDATE_WORLD cmp=com.google.android.gms/com.google.android.location.reporting.service.DispatchingService (has extras) } with receiverAction com.google.gservices.intent.action.GSERVICES_CHANGED
09-24 19:14:47.804 2041 2041 V SettingsProvider: Notifying for 0: content://settings/system/gearhead:driving_mode_settings_enabled
09-24 19:14:47.805 2518 4721 I ChromeSync: [Sync,SyncIntentOperation] Handling the intent: Intent { act=com.google.gservices.intent.action.GSERVICES_CHANGED flg=0x1000010 cmp=com.google.android.gms/.chimera.GmsIntentOperationService$PersistentInternalReceiver }.
09-24 19:14:47.807 2201 4171 I GCoreUlr: Successfully sent flags updated to controllers.
09-24 19:14:47.810 2518 4669 W DynamiteModule: Local module descriptor class for providerinstaller not found.
09-24 19:14:47.811 2518 4669 I DynamiteModule: Considering local module providerinstaller:0 and remote module providerinstaller:0
09-24 19:14:47.811 2518 4669 W ProviderInstaller: Failed to load providerinstaller module: No acceptable module found. Local version is 0 and remote version is 0.
09-24 19:14:47.817 2201 3337 I GCoreUlr: WorldUpdater:com.google.gservices.intent.action.GSERVICES_CHANGED: Ensuring that reporting is stopped because of reasons: (no Google accounts)
09-24 19:14:47.818 2518 4669 W DynamiteModule: Local module descriptor class for providerinstaller not found.
09-24 19:14:47.818 2518 4669 I DynamiteModule: Considering local module providerinstaller:0 and remote module providerinstaller:0
09-24 19:14:47.818 2518 4669 W ProviderInstaller: Failed to load providerinstaller module: No acceptable module found. Local version is 0 and remote version is 0.
09-24 19:14:47.821 2201 2201 I GeofencerStateMachine: sendQueryLocationOptIn
09-24 19:14:47.828 2224 2445 D EGL_emulation: eglMakeCurrent: 0xe3e1aba0: ver 3 0 (tinfo 0xe3e0f6e0)
09-24 19:14:47.831 2518 4721 I MobileDataHub: Scheduling periodic tasks
09-24 19:14:47.831 2518 4721 W MobileDataHub: [Service] appsupload-periodic periodic task disabled
09-24 19:14:47.834 2201 2201 I GeofencerStateMachine: sendQueryLocationOptIn
09-24 19:14:47.858 2201 3337 I GCoreUlr: Unbound from all signal providers.
09-24 19:14:47.858 2201 4171 I GCoreUlr: Successfully accounts update
09-24 19:14:47.862 2201 2201 I GeofencerStateMachine: sendQueryLocationOptIn
09-24 19:14:47.867 2201 3337 I GCoreUlr: DispatchingService ignoring Intent { act=android.net.wifi.WIFI_STATE_CHANGED flg=0x4000010 (has extras) } because ULR inactive
09-24 19:14:47.871 2201 2201 I GCoreUlr: Unbound from all signal providers.
09-24 19:14:47.871 2201 3337 I GCoreUlr: Successfully accounts update
09-24 19:14:47.871 2201 2201 I GCoreUlr: Stopping handler for UlrDispSvcFast
09-24 19:14:47.879 2518 2948 I MS_Utils: version of com.google.android.apps.maps = 1016701040
09-24 19:14:47.885 2201 2201 I GeofencerStateMachine: sendQueryLocationOptIn
09-24 19:14:47.888 2518 4669 W DynamiteModule: Local module descriptor class for providerinstaller not found.
09-24 19:14:47.889 2518 4669 I DynamiteModule: Considering local module providerinstaller:0 and remote module providerinstaller:0
09-24 19:14:47.889 2518 4669 W ProviderInstaller: Failed to load providerinstaller module: No acceptable module found. Local version is 0 and remote version is 0.
09-24 19:14:47.892 2518 4725 I UdcContextInitChimeraSe: Scheduling context registration change job.
09-24 19:14:47.895 2201 2201 I GeofencerStateMachine: sendQueryLocationOptIn
09-24 19:14:47.896 2518 2948 I SystemUpdate: [Installation,ReceiverIntentOperation] Received intent: Intent { act=com.google.gservices.intent.action.GSERVICES_CHANGED flg=0x1000010 cmp=com.google.android.gms/.chimera.GmsIntentOperationService$PersistentInternalReceiver }.
09-24 19:14:47.900 2518 4789 I SystemUpdate: [Execution,InstallationEventIntentOperation] Handling event of type 2.
09-24 19:14:47.902 2518 4725 I SystemUpdate: [Execution,InstallationIntentOperation] Received intent: Intent { act=com.google.android.gms.update.INSTALL_UPDATE cat=[targeted_intent_op_prefix:.update.execution.InstallationIntentOperation] cmp=com.google.android.gms/.chimera.GmsIntentOperationService }.
09-24 19:14:47.902 2518 4669 W DynamiteModule: Local module descriptor class for providerinstaller not found.
09-24 19:14:47.902 2518 4669 I DynamiteModule: Considering local module providerinstaller:0 and remote module providerinstaller:0
09-24 19:14:47.902 2518 4669 W ProviderInstaller: Failed to load providerinstaller module: No acceptable module found. Local version is 0 and remote version is 0.
09-24 19:14:47.903 2518 4725 I SystemUpdate: [Execution,ExecutionManager] Action finished-execution executed for 0.00 seconds.
09-24 19:14:47.909 2518 4669 W DynamiteModule: Local module descriptor class for providerinstaller not found.
09-24 19:14:47.909 2518 4669 I DynamiteModule: Considering local module providerinstaller:0 and remote module providerinstaller:0
09-24 19:14:47.909 2518 4669 W ProviderInstaller: Failed to load providerinstaller module: No acceptable module found. Local version is 0 and remote version is 0.
09-24 19:14:47.911 2201 2201 I GeofencerStateMachine: sendQueryLocationOptIn
09-24 19:14:47.922 2518 4669 W DynamiteModule: Local module descriptor class for providerinstaller not found.
09-24 19:14:47.922 2518 4669 I DynamiteModule: Considering local module providerinstaller:0 and remote module providerinstaller:0
09-24 19:14:47.922 2518 4669 W ProviderInstaller: Failed to load providerinstaller module: No acceptable module found. Local version is 0 and remote version is 0.
09-24 19:14:47.924 3057 3057 V MultiDisplayServiceReceiver: startService
09-24 19:14:47.926 3057 3057 W ContextImpl: Calling a method in the system process without a qualified user: android.app.ContextImpl.startService:1570 android.content.ContextWrapper.startService:669 android.content.ContextWrapper.startService:669 com.android.emulator.multidisplay.MultiDisplayServiceReceiver.onReceive:33 android.app.ActivityThread.handleReceiver:3788
09-24 19:14:47.932 3057 6331 I android_emulator_multidisplay_JNI: multidisplay pipe connected!!!
09-24 19:14:47.932 3057 6331 D MultiDisplayService: received 1
09-24 19:14:47.932 3057 6331 D MultiDisplayService: received 0
09-24 19:14:47.932 3057 6331 D MultiDisplayService: received 1080
09-24 19:14:47.932 3057 6331 D MultiDisplayService: received 2400
09-24 19:14:47.932 3057 6331 D MultiDisplayService: received 0
09-24 19:14:47.932 3057 6331 D MultiDisplayService: received 0
09-24 19:14:47.932 3057 6331 E MultiDisplayService: invalid parameters for add/modify display
09-24 19:14:47.933 2518 4669 W DynamiteModule: Local module descriptor class for providerinstaller not found.
09-24 19:14:47.933 2518 4669 I DynamiteModule: Considering local module providerinstaller:0 and remote module providerinstaller:0
09-24 19:14:47.933 2518 4669 W ProviderInstaller: Failed to load providerinstaller module: No acceptable module found. Local version is 0 and remote version is 0.
09-24 19:14:47.934 2041 5915 W FastPrintWriter: Write failure
09-24 19:14:47.934 2041 5915 W FastPrintWriter: java.io.IOException: write failed: EPIPE (Broken pipe)
09-24 19:14:47.934 2041 5915 W FastPrintWriter: at libcore.io.IoBridge.write(IoBridge.java:544)
09-24 19:14:47.934 2041 5915 W FastPrintWriter: at java.io.FileOutputStream.write(FileOutputStream.java:392)
09-24 19:14:47.934 2041 5915 W FastPrintWriter: at com.android.internal.util.FastPrintWriter.flushBytesLocked(FastPrintWriter.java:354)
09-24 19:14:47.934 2041 5915 W FastPrintWriter: at com.android.internal.util.FastPrintWriter.flushLocked(FastPrintWriter.java:377)
09-24 19:14:47.934 2041 5915 W FastPrintWriter: at com.android.internal.util.FastPrintWriter.flush(FastPrintWriter.java:412)
09-24 19:14:47.934 2041 5915 W FastPrintWriter: at com.android.server.am.ActivityManagerShellCommand$IntentReceiver.performReceive(ActivityManagerShellCommand.java:691)
09-24 19:14:47.934 2041 5915 W FastPrintWriter: at com.android.server.am.BroadcastQueue.performReceiveLocked(BroadcastQueue.java:609)
09-24 19:14:47.934 2041 5915 W FastPrintWriter: at com.android.server.am.BroadcastQueue.processNextBroadcastLocked(BroadcastQueue.java:1131)
09-24 19:14:47.934 2041 5915 W FastPrintWriter: at com.android.server.am.ActivityManagerService.finishReceiver(ActivityManagerService.java:15677)
09-24 19:14:47.934 2041 5915 W FastPrintWriter: at android.app.IActivityManager$Stub.onTransact(IActivityManager.java:1993)
09-24 19:14:47.934 2041 5915 W FastPrintWriter: at com.android.server.am.ActivityManagerService.onTransact(ActivityManagerService.java:2741)
09-24 19:14:47.934 2041 5915 W FastPrintWriter: at android.os.Binder.execTransactInternal(Binder.java:1021)
09-24 19:14:47.934 2041 5915 W FastPrintWriter: at android.os.Binder.execTransact(Binder.java:994)
09-24 19:14:47.934 2041 5915 W FastPrintWriter: Caused by: android.system.ErrnoException: write failed: EPIPE (Broken pipe)
09-24 19:14:47.934 2041 5915 W FastPrintWriter: at libcore.io.Linux.writeBytes(Native Method)
09-24 19:14:47.934 2041 5915 W FastPrintWriter: at libcore.io.Linux.write(Linux.java:294)
09-24 19:14:47.934 2041 5915 W FastPrintWriter: at libcore.io.ForwardingOs.write(ForwardingOs.java:241)
09-24 19:14:47.934 2041 5915 W FastPrintWriter: at libcore.io.BlockGuardOs.write(BlockGuardOs.java:416)
09-24 19:14:47.934 2041 5915 W FastPrintWriter: at libcore.io.IoBridge.write(IoBridge.java:539)
09-24 19:14:47.934 2041 5915 W FastPrintWriter: ... 12 more
09-24 19:14:47.934 2041 5915 W BroadcastQueue: Permission Denial: broadcasting Intent { act=com.google.android.checkin.CHECKIN_COMPLETE flg=0x1000010 (has extras) } from com.google.android.gms (pid=2518, uid=10098) is not exported from uid 10094 due to receiver com.android.vending/com.google.android.finsky.checkin.CheckinReceiver
09-24 19:14:47.938 2518 4789 I GCM-GMS : Scheduling task to register GMS
09-24 19:14:47.944 2518 4669 W DynamiteModule: Local module descriptor class for providerinstaller not found.
09-24 19:14:47.944 2518 4669 I DynamiteModule: Considering local module providerinstaller:0 and remote module providerinstaller:0
09-24 19:14:47.944 2518 4669 W ProviderInstaller: Failed to load providerinstaller module: No acceptable module found. Local version is 0 and remote version is 0.
09-24 19:14:47.950 1780 1780 D Zygote : Forked child process 6333
09-24 19:14:47.955 2041 2072 I ActivityManager: Start proc 6333:com.google.android.apps.maps/u0a114 for broadcast {com.google.android.apps.maps/com.google.android.apps.gmm.ugc.ataplace.AtAPlaceService}
09-24 19:14:47.956 6333 6333 W droid.apps.map: Unexpected CPU variant for X86 using defaults: x86
09-24 19:14:47.965 2518 4669 I GmsModuleFndr: Beginning GMS chimera module scan
09-24 19:14:47.966 6333 6333 E droid.apps.map: Not starting debugger since process cannot load the jdwp agent.
09-24 19:14:47.975 2518 4583 I OcrModelUpStIntentOp: Updating ocr activity enabled=true (phenotypeFlag=true, lowRamDevice=false, prereqCheck=true)
