09-24 19:14:47.976 2041 5674 I ActivityManager: Killing 5553:com.google.android.apps.wallpaper/u0a96 (adj 995): empty #17
09-24 19:14:47.985 6333 6333 I droid.apps.map: The ClassLoaderContext is a special shared library.
09-24 19:14:47.989 2518 4583 I OcrModelUpStIntentOp: Downloading text recognizer
09-24 19:14:47.991 6333 6333 I droid.apps.map: The ClassLoaderContext is a special shared library.
09-24 19:14:48.021 2201 3703 I aohg : Scheduling Phenotype for a PhenotypeSyncImmediately(6, com.google.android.gms.checkin.binary) one off with window [1, 2] in seconds [CONTEXT service_id=51 ]
09-24 19:14:48.023 2201 6355 I CheckinUtil: Classify the device as Phone.
09-24 19:14:48.026 2201 3976 I aofg : updateFromConfigurations DeviceConfig for package content_capture [CONTEXT service_id=204 ]
09-24 19:14:48.027 2041 2041 V SettingsProvider: Notifying for 0: content://settings/config/content_capture/Phenotype_flags
09-24 19:14:48.032 1780 1780 I Zygote : Process 5553 exited due to signal 9 (Killed)
09-24 19:14:48.041 2201 3976 I aofg : updateFromConfigurations DeviceConfig for package device_personalization_services [CONTEXT service_id=204 ]
09-24 19:14:48.028 2041 2041 V SettingsProvider: Notifying for 0: content://settings/config/content_capture/Phenotype_flags
09-24 19:14:48.043 2041 2041 V SettingsProvider: Notifying for 0: content://settings/config/device_personalization_services/Phenotype_flags
09-24 19:14:48.052 2041 2073 I libprocessgroup: Successfully killed process cgroup uid 10096 pid 5553 in 75ms
09-24 19:14:48.054 6333 6363 D libEGL : Emulator has host GPU support, qemu.gles is set to 1.
09-24 19:14:48.054 6333 6363 W libc : Unable to set property "qemu.gles" to "1": connection failed; errno=13 (Permission denied)
09-24 19:14:48.044 6333 6333 W DefaultPool4: type=1400 audit(0.0:32): avc: denied { write } for name="property_service" dev="tmpfs" ino=7739 scontext=u:r:untrusted_app:s0:c114,c256,c512,c768 tcontext=u:object_r:property_socket:s0 tclass=sock_file permissive=0
09-24 19:14:48.061 2201 3976 I aofg : updateFromConfigurations DeviceConfig for package game_driver [CONTEXT service_id=204 ]
09-24 19:14:48.043 2041 2041 V SettingsProvider: Notifying for 0: content://settings/config/device_personalization_services/Phenotype_flags
09-24 19:14:48.062 2041 2041 V SettingsProvider: Notifying for 0: content://settings/config/game_driver/Phenotype_flags
09-24 19:14:48.072 2201 3976 I aofg : updateFromConfigurations DeviceConfig for package intelligence_attention [CONTEXT service_id=204 ]
09-24 19:14:48.062 2041 2041 V SettingsProvider: Notifying for 0: content://settings/config/game_driver/Phenotype_flags
09-24 19:14:48.073 2041 2041 V SettingsProvider: Notifying for 0: content://settings/config/intelligence_attention/Phenotype_flags
09-24 19:14:48.080 2201 3976 I aofg : updateFromConfigurations DeviceConfig for package intelligence_bubbles [CONTEXT service_id=204 ]
09-24 19:14:48.073 2041 2041 V SettingsProvider: Notifying for 0: content://settings/config/intelligence_attention/Phenotype_flags
09-24 19:14:48.080 2041 2041 V SettingsProvider: Notifying for 0: content://settings/config/intelligence_bubbles/Phenotype_flags
09-24 19:14:48.089 2201 6355 W Conscrypt: Could not set socket write timeout: java.net.SocketException: Socket closed
09-24 19:14:48.089 2201 6355 W Conscrypt: at com.google.android.gms.org.conscrypt.Platform.setSocketWriteTimeout(:com.google.android.gms@17786022@17.7.86 (040700-256199907):2)
09-24 19:14:48.089 2201 6355 W Conscrypt: at com.google.android.gms.org.conscrypt.ConscryptFileDescriptorSocket.setSoWriteTimeout(:com.google.android.gms@17786022@17.7.86 (040700-256199907):2)
09-24 19:14:48.093 2201 3976 I aofg : updateFromConfigurations DeviceConfig for package intelligence_notification_assistant [CONTEXT service_id=204 ]
09-24 19:14:48.081 2041 2041 V SettingsProvider: Notifying for 0: content://settings/config/intelligence_bubbles/Phenotype_flags
09-24 19:14:48.094 2041 2041 V SettingsProvider: Notifying for 0: content://settings/config/intelligence_notification_assistant/Phenotype_flags
09-24 19:14:48.102 2201 3976 I aofg : updateFromConfigurations DeviceConfig for package intelligence_screen_understanding [CONTEXT service_id=204 ]
09-24 19:14:48.095 2041 2041 V SettingsProvider: Notifying for 0: content://settings/config/intelligence_notification_assistant/Phenotype_flags
09-24 19:14:48.103 2041 2041 V SettingsProvider: Notifying for 0: content://settings/config/intelligence_screen_understanding/Phenotype_flags
09-24 19:14:48.127 2201 3976 I aofg : updateFromConfigurations DeviceConfig for package intelligence_text [CONTEXT service_id=204 ]
09-24 19:14:48.103 2041 2041 V SettingsProvider: Notifying for 0: content://settings/config/intelligence_screen_understanding/Phenotype_flags
09-24 19:14:48.127 2041 2041 V SettingsProvider: Notifying for 0: content://settings/config/intelligence_text/Phenotype_flags
09-24 19:14:48.130 6333 6363 D libEGL : loaded /vendor/lib/egl/libEGL_emulation.so
09-24 19:14:48.132 6333 6363 D libEGL : loaded /vendor/lib/egl/libGLESv1_CM_emulation.so
09-24 19:14:48.134 6333 6363 D libEGL : loaded /vendor/lib/egl/libGLESv2_emulation.so
09-24 19:14:48.127 2041 2041 V SettingsProvider: Notifying for 0: content://settings/config/intelligence_text/Phenotype_flags
09-24 19:14:48.149 2041 5915 I ActivityManager: Killing 5577:com.google.android.configupdater/u0a103 (adj 995): empty #17
09-24 19:14:48.154 2518 4583 W DownloadServiceState: No pending download found for id 2
09-24 19:14:48.156 6333 6363 D HostConnection: HostConnection::get() New Host Connection established 0xe3e75690, tid 6363
09-24 19:14:48.157 6333 6363 D HostConnection: HostComposition ext ANDROID_EMU_CHECKSUM_HELPER_v1 ANDROID_EMU_dma_v1 ANDROID_EMU_direct_mem ANDROID_EMU_host_composition_v1 ANDROID_EMU_host_composition_v2 ANDROID_EMU_YUV420_888_to_NV21 ANDROID_EMU_YUV_Cache ANDROID_EMU_sync_buffer_data GL_OES_EGL_image_external_essl3 GL_OES_vertex_array_object ANDROID_EMU_host_side_tracing ANDROID_EMU_gles_max_version_3_0
09-24 19:14:48.160 6333 6363 D eglCodecCommon: setVertexArrayObject: set vao to 0 (0) 0 0
09-24 19:14:48.160 6333 6363 D EGL_emulation: eglCreateContext: 0xe3e1aa20: maj 3 min 0 rcv 3
09-24 19:14:48.160 6333 6363 D EGL_emulation: eglMakeCurrent: 0xe3e1aa20: ver 3 0 (tinfo 0xe3e0f7d0)
09-24 19:14:48.164 6333 6378 E BluetoothAdapter: Bluetooth binder is null
09-24 19:14:48.167 1780 1780 D Zygote : Forked child process 6381
09-24 19:14:48.170 6381 6381 W id.apps.tachyo: Unexpected CPU variant for X86 using defaults: x86
09-24 19:14:48.174 2041 2072 I ActivityManager: Start proc 6381:com.google.android.apps.tachyon/u0a88 for broadcast {com.google.android.apps.tachyon/com.google.android.apps.tachyon.InstallReceiver}
09-24 19:14:48.175 6381 6381 E id.apps.tachyo: Not starting debugger since process cannot load the jdwp agent.
09-24 19:14:48.183 6381 6381 D ApplicationLoaders: Returning zygote-cached class loader: /system/framework/android.hidl.base-V1.0-java.jar
09-24 19:14:48.183 6381 6381 D ApplicationLoaders: Returning zygote-cached class loader: /system/framework/android.hidl.manager-V1.0-java.jar
09-24 19:14:48.183 6381 6381 D ApplicationLoaders: Returning zygote-cached class loader: /system/framework/android.hidl.base-V1.0-java.jar
09-24 19:14:48.184 2201 4374 I GeofencerStateMachine: removeGeofences: removeRequest=RemoveGeofencingRequest[REMOVE_BY_IDS Ids=[atn_geofence_request_id], packageName=com.google.android.apps.maps]
09-24 19:14:48.185 6381 6381 I id.apps.tachyo: The ClassLoaderContext is a special shared library.
09-24 19:14:48.192 1780 1780 I Zygote : Process 5577 exited due to signal 9 (Killed)
09-24 19:14:48.208 2201 6355 W Conscrypt: Could not set socket write timeout: java.net.SocketException: Socket closed
09-24 19:14:48.208 2201 6355 W Conscrypt: at com.google.android.gms.org.conscrypt.Platform.setSocketWriteTimeout(:com.google.android.gms@17786022@17.7.86 (040700-256199907):2)
09-24 19:14:48.208 2201 6355 W Conscrypt: at com.google.android.gms.org.conscrypt.ConscryptFileDescriptorSocket.setSoWriteTimeout(:com.google.android.gms@17786022@17.7.86 (040700-256199907):2)
09-24 19:14:48.217 2201 3976 I aofg : updateFromConfigurations DeviceConfig for package netd_native [CONTEXT service_id=204 ]
09-24 19:14:48.217 2041 2041 V SettingsProvider: Notifying for 0: content://settings/config/netd_native/Phenotype_flags
09-24 19:14:48.232 2041 2073 I libprocessgroup: Successfully killed process cgroup uid 10103 pid 5577 in 82ms
09-24 19:14:48.234 2201 3976 I aofg : updateFromConfigurations DeviceConfig for package notification_assistant [CONTEXT service_id=204 ]
09-24 19:14:48.218 2041 2041 V SettingsProvider: Notifying for 0: content://settings/config/netd_native/Phenotype_flags
09-24 19:14:48.235 2041 2041 V SettingsProvider: Notifying for 0: content://settings/config/notification_assistant/Phenotype_flags
09-24 19:14:48.243 2041 2041 V SettingsProvider: Notifying for 0: content://settings/config/notification_assistant/Phenotype_flags
09-24 19:14:48.245 2041 3402 I ActivityTaskManager: START u0 {act=android.intent.action.MAIN cat=[android.intent.category.LAUNCHER] flg=0x10200000 cmp=com.example.qtquickview_java/.MainActivity bnds=[641,1260][843,1596]} from uid 10090
09-24 19:14:48.252 6381 6381 W PrimesInit: Primes instant initialization
09-24 19:14:48.254 6381 6405 W Primes : background initialization
09-24 19:14:48.264 2041 5674 W InputReader: Device has associated, but no associated display id.
09-24 19:14:48.264 2041 5674 I chatty : uid=1000(system) Binder:2041_1D identical 8 lines
09-24 19:14:48.264 2041 5674 W InputReader: Device has associated, but no associated display id.
09-24 19:14:48.272 1786 5754 W audio_hw_generic: Not supplying enough data to HAL, expected position 136833 , only wrote 136827
09-24 19:14:48.273 2041 2064 E system_server: Invalid ID 0x00000000.
09-24 19:14:48.282 1780 1780 D Zygote : Forked child process 6409
09-24 19:14:48.289 2041 2072 I ActivityManager: Start proc 6409:com.example.qtquickview_java/u0a134 for activity {com.example.qtquickview_java/com.example.qtquickview_java.MainActivity}
09-24 19:14:48.301 6409 6409 I tquickview_jav: Late-enabling -Xcheck:jni
09-24 19:14:48.315 2041 2041 W ActivityManager: Unable to start service Intent { act=android.service.appprediction.AppPredictionService cmp=com.google.android.as/com.google.android.apps.miphone.aiai.app.AiAiPredictionService } U=0: not found
09-24 19:14:48.315 2041 2041 W RemoteAppPredictionService: could not bind to Intent { act=android.service.appprediction.AppPredictionService cmp=com.google.android.as/com.google.android.apps.miphone.aiai.app.AiAiPredictionService } using flags 67108865
09-24 19:14:48.323 1797 1831 D gralloc_ranchu: gralloc_alloc: Creating ashmem region of size 10371072
09-24 19:14:48.337 2201 3976 I aofg : updateFromConfigurations DeviceConfig for package package_manager_service [CONTEXT service_id=204 ]
09-24 19:14:48.340 2041 2041 V SettingsProvider: Notifying for 0: content://settings/config/package_manager_service/Phenotype_flags
09-24 19:14:48.379 6409 6409 E tquickview_jav: Unknown bits set in runtime_flags: 0x8000
09-24 19:14:48.379 6409 6409 W tquickview_jav: Unexpected CPU variant for X86 using defaults: x86
09-24 19:14:48.437 2518 5907 I Vision : Details: ocr_x86.zip, ff3dcfd5e3828224849fbeffe1ed2e71a7ad3400
09-24 19:14:48.440 2041 5915 W InputReader: Device has associated, but no associated display id.
09-24 19:14:48.451 2041 5915 I chatty : uid=1000(system) Binder:2041_1E identical 28 lines
09-24 19:14:48.451 2041 5915 W InputReader: Device has associated, but no associated display id.
09-24 19:14:48.461 2041 2064 W InputReader: Device has associated, but no associated display id.
09-24 19:14:48.461 2041 2064 I chatty : uid=1000(system) android.anim identical 8 lines
09-24 19:14:48.461 2041 2064 W InputReader: Device has associated, but no associated display id.
09-24 19:14:48.472 3345 3463 I MicroDetector: Keeping mic open: false
09-24 19:14:48.473 3345 3548 I DeviceStateChecker: DeviceStateChecker cancelled
09-24 19:14:48.473 3345 3813 I MicroRecognitionRunner: Stopping hotword detection.
09-24 19:14:48.474 3345 3811 I AudioController: internalShutdown
09-24 19:14:48.508 6381 6381 I org.webrtc.Logging: NativeLibrary: Loading native library: jingle_peerconnection_so
09-24 19:14:48.508 6381 6381 I org.webrtc.Logging: PeerConnectionFactory: PeerConnectionFactory was initialized without an injected Loggable. Any existing Loggable will be deleted.
09-24 19:14:48.523 3345 3811 I MicrophoneInputStream: mic_close SR : 16000 CC : 16 SO : 1999
09-24 19:14:48.523 3345 3811 E AudioSource: Stop listening is called on already closed AudioSource
09-24 19:14:48.524 3345 3584 I MicroRecognitionRunner: Detection finished
09-24 19:14:48.536 6381 6405 I PrimesTesting: GserviceFlagsSupplier.get()
09-24 19:14:48.537 2201 4171 I NetRec : [123] alff.a: Refreshing scores for 1 networks.
09-24 19:14:48.537 2201 3337 I NetRec : [56] alff.a: Refreshing scores for 1 networks.
09-24 19:14:48.549 2518 5907 I Vision : Registration status ocr_x86.zip: The download is pending.
09-24 19:14:48.590 6381 6406 D EventBus: No subscribers registered for event class gzh
09-24 19:14:48.590 6381 6406 D EventBus: No subscribers registered for event class sfa
09-24 19:14:48.636 3188 6452 D DownloadManager: [4] Starting
09-24 19:14:48.638 2518 5907 I Vision : Download status ocr_x86.zip: The download is in progress.
09-24 19:14:48.645 2518 5907 I Vision : Details: ocr_x86.zip, ff3dcfd5e3828224849fbeffe1ed2e71a7ad3400
09-24 19:14:48.666 1796 2449 E GnssHAL_GnssInterface: gnssSvStatusCb: a: input svInfo.flags is 8
09-24 19:14:48.666 1796 2449 E GnssHAL_GnssInterface: gnssSvStatusCb: b: input svInfo.flags is 8
09-24 19:14:48.688 2518 5907 I Vision : Registration status ocr_x86.zip: The download is in progress.
09-24 19:14:48.698 1813 1913 E SurfaceFlinger: ro.sf.lcd_density must be defined as a build property
09-24 19:14:48.698 1813 1913 E SurfaceFlinger: ro.sf.lcd_density must be defined as a build property
09-24 19:14:48.700 6409 6474 D libEGL : Emulator has host GPU support, qemu.gles is set to 1.
09-24 19:14:48.700 6409 6474 W libc : Unable to set property "qemu.gles" to "1": connection failed; errno=13 (Permission denied)
09-24 19:14:48.708 6409 6474 D libEGL : loaded /vendor/lib/egl/libEGL_emulation.so
09-24 19:14:48.709 6409 6474 D libEGL : loaded /vendor/lib/egl/libGLESv1_CM_emulation.so
09-24 19:14:48.710 6409 6474 D libEGL : loaded /vendor/lib/egl/libGLESv2_emulation.so
09-24 19:14:48.754 6409 6409 I myTag Colors: Status of Colors
> 09-24 19:14:48.755 6409 6409 I myTag Colors: Status of Colors <
09-24 19:14:48.772 6409 6409 D AppCompatDelegate: Checking for metadata for AppLocalesMetadataHolderService : Service not found
09-24 19:14:48.806 5870 5889 I head:projectio: Waiting for a blocking GC ProfileSaver
09-24 19:14:48.684 6409 6409 W RenderThread: type=1400 audit(0.0:33): avc: denied { write } for name="property_service" dev="tmpfs" ino=7739 scontext=u:r:untrusted_app:s0:c134,c256,c512,c768 tcontext=u:object_r:property_socket:s0 tclass=sock_file permissive=0
09-24 19:14:48.822 2224 2445 D EGL_emulation: eglMakeCurrent: 0xe3e1aba0: ver 3 0 (tinfo 0xe3e0f6e0)
09-24 19:14:48.841 2518 3860 I Icing : Indexing com.google.android.gms-apps from com.google.android.gms
09-24 19:14:48.842 6409 6409 I myTag MaAct: Status of onCreate:
> 09-24 19:14:48.850 2224 2445 D EGL_emulation: eglMakeCurrent: 0xe3e1aba0: ver 3 0 (tinfo 0xe3e0f6e0)
09-24 19:14:48.870 2518 3860 I Icing : Indexing done com.google.android.gms-apps
09-24 19:14:48.340 2041 2041 V SettingsProvider: Notifying for 0: content://settings/config/package_manager_service/Phenotype_flags
09-24 19:14:48.874 2041 2120 I ActivityManager: Killing 5619:com.google.android.deskclock/u0a126 (adj 995): empty #17
09-24 19:14:48.898 6409 6409 W tquickview_jav: Accessing hidden method Landroid/view/View;->computeFitSystemWindows(Landroid/graphics/Rect;Landroid/graphics/Rect;)Z (greylist, reflection, allowed)
09-24 19:14:48.899 6409 6409 W tquickview_jav: Accessing hidden method Landroid/view/ViewGroup;->makeOptionalFitsSystemWindows()V (greylist, reflection, allowed)
09-24 19:14:48.899 2224 2445 D EGL_emulation: eglMakeCurrent: 0xe3e1aba0: ver 3 0 (tinfo 0xe3e0f6e0)
09-24 19:14:48.909 2518 5907 I Vision : Download status ocr_x86.zip: The download is in progress.
09-24 19:14:48.909 2518 5907 I Vision : Checking for download completion for 100507 -- ocr
09-24 19:14:48.911 3188 6452 D NetworkSecurityConfig: Using Network Security Config from resource network_security_config debugBuild: false
09-24 19:14:48.933 2224 2445 D EGL_emulation: eglMakeCurrent: 0xe3e1aba0: ver 3 0 (tinfo 0xe3e0f6e0)
09-24 19:14:48.972 6409 6409 W tquickview_jav: Accessing hidden method Landroid/view/Window;->getInsetsController()Landroid/view/WindowInsetsController; (blacklist, linking, denied)
09-24 19:14:48.973 2041 3439 D WificondControl: Scan result ready event
09-24 19:14:48.974 1798 2958 W EmuHWC2 : validate: layer 15 CompositionType 1, fallback
09-24 19:14:48.983 2224 2445 D EGL_emulation: eglMakeCurrent: 0xe3e1aba0: ver 3 0 (tinfo 0xe3e0f6e0)
09-24 19:14:48.989 3188 6452 D NetworkSecurityConfig: Using Network Security Config from resource network_security_config debugBuild: false
09-24 19:14:48.995 1780 1780 I Zygote : Process 5619 exited due to signal 9 (Killed)
09-24 19:14:48.998 2224 2445 D EGL_emulation: eglMakeCurrent: 0xe3e1aba0: ver 3 0 (tinfo 0xe3e0f6e0)
09-24 19:14:49.002 2041 2073 I libprocessgroup: Successfully killed process cgroup uid 10126 pid 5619 in 127ms
09-24 19:14:49.025 3345 3715 D EGL_emulation: eglMakeCurrent: 0xec079600: ver 3 0 (tinfo 0xc81450d0)
09-24 19:14:49.036 2201 3976 I aofg : updateFromConfigurations DeviceConfig for package privacy [CONTEXT service_id=204 ]
09-24 19:14:49.036 2201 4416 W Conscrypt: Could not set socket write timeout: java.net.SocketException: Socket closed
09-24 19:14:49.036 2041 2041 V SettingsProvider: Notifying for 0: content://settings/config/privacy/Phenotype_flags
09-24 19:14:49.039 2201 4416 W Conscrypt: at com.google.android.gms.org.conscrypt.Platform.setSocketWriteTimeout(:com.google.android.gms@17786022@17.7.86 (040700-256199907):2)
09-24 19:14:49.039 2201 4416 W Conscrypt: at com.google.android.gms.org.conscrypt.ConscryptFileDescriptorSocket.setSoWriteTimeout(:com.google.android.gms@17786022@17.7.86 (040700-256199907):2)
09-24 19:14:49.052 2201 4414 W Conscrypt: Could not set socket write timeout: java.net.SocketException: Socket closed
09-24 19:14:49.053 2201 4414 W Conscrypt: at com.google.android.gms.org.conscrypt.Platform.setSocketWriteTimeout(:com.google.android.gms@17786022@17.7.86 (040700-256199907):2)
09-24 19:14:49.053 2201 4414 W Conscrypt: at com.google.android.gms.org.conscrypt.ConscryptFileDescriptorSocket.setSoWriteTimeout(:com.google.android.gms@17786022@17.7.86 (040700-256199907):2)
09-24 19:14:49.101 1813 1813 E Layer : [Surface(name=AppWindowToken{275c90f token=Token{257be6e ActivityRecord{662c1e9 u0 com.example.qtquickview_java/.MainActivity t7}}})/@0x2faa264 - animation-leash#0] No local sync point found
09-24 19:14:49.101 1813 1813 E Layer : [Surface(name=AppWindowToken{bb794c6 token=Token{88d1aa1 ActivityRecord{fedf308 u0 com.google.android.apps.nexuslauncher/.NexusLauncherActivity t5}}})/@0xdfbec09 - animation-leash#0] No local sync point found
09-24 19:14:49.117 1813 1813 E Layer : [Surface(name=AppWindowToken{275c90f token=Token{257be6e ActivityRecord{662c1e9 u0 com.example.qtquickview_java/.MainActivity t7}}})/@0x2faa264 - animation-leash#0] No local sync point found
09-24 19:14:49.117 1813 1813 E Layer : [Surface(name=AppWindowToken{bb794c6 token=Token{88d1aa1 ActivityRecord{fedf308 u0 com.google.android.apps.nexuslauncher/.NexusLauncherActivity t5}}})/@0xdfbec09 - animation-leash#0] No local sync point found
09-24 19:14:49.145 2224 2445 D EGL_emulation: eglMakeCurrent: 0xe3e1aba0: ver 3 0 (tinfo 0xe3e0f6e0)
09-24 19:14:49.152 2224 2445 I chatty : uid=10100(com.android.systemui) RenderThread identical 1 line
09-24 19:14:49.154 2224 2445 D EGL_emulation: eglMakeCurrent: 0xe3e1aba0: ver 3 0 (tinfo 0xe3e0f6e0)
09-24 19:14:49.161 2201 4416 W Conscrypt: Could not set socket write timeout: java.net.SocketException: Socket closed
09-24 19:14:49.161 2201 4416 W Conscrypt: at com.google.android.gms.org.conscrypt.Platform.setSocketWriteTimeout(:com.google.android.gms@17786022@17.7.86 (040700-256199907):2)
09-24 19:14:49.161 2201 4416 W Conscrypt: at com.google.android.gms.org.conscrypt.ConscryptFileDescriptorSocket.setSoWriteTimeout(:com.google.android.gms@17786022@17.7.86 (040700-256199907):2)
09-24 19:14:49.176 2780 3374 D EGL_emulation: eglMakeCurrent: 0xe3e1a300: ver 3 0 (tinfo 0xe3e0fa50)
09-24 19:14:49.177 6409 6485 I QtCore : Start
09-24 19:14:49.180 2201 4414 W Conscrypt: Could not set socket write timeout: java.net.SocketException: Socket closed
09-24 19:14:49.180 2201 4414 W Conscrypt: at com.google.android.gms.org.conscrypt.Platform.setSocketWriteTimeout(:com.google.android.gms@17786022@17.7.86 (040700-256199907):2)
09-24 19:14:49.180 2201 4414 W Conscrypt: at com.google.android.gms.org.conscrypt.ConscryptFileDescriptorSocket.setSoWriteTimeout(:com.google.android.gms@17786022@17.7.86 (040700-256199907):2)
09-24 19:14:49.271 6409 6485 I Qt : qt started
09-24 19:14:49.273 6409 6409 W tquickview_jav: Accessing hidden method Landroid/content/ContextWrapper;->getDisplay()Landroid/view/Display; (greylist, linking, allowed)
09-24 19:14:49.277 6409 6409 I myTag MaAct: Status of handleOrientationChanges:
> 09-24 19:14:49.278 6409 6409 I myTag MaAct: Status of handleOrientationChanges: <
09-24 19:14:49.278 6409 6409 I myTag MaAct: Status of onCreate: <
09-24 19:14:49.282 2201 4416 E Volley : [163] BasicNetwork.performRequest: Unexpected response code 404 for https://mobilenetworkscoring-pa.googleapis.com/v1/GetWifiQuality?key=AIzaSyBrlVtd67QvwS_Wz0Do4ZIdOeA6ThtVczU
09-24 19:14:49.290 2201 4171 I NetRec : [123] alff.b: Will retry failed rapid_refresh_scores_task task as standard refresh.
09-24 19:14:49.297 2201 3976 I aofg : updateFromConfigurations DeviceConfig for package runtime [CONTEXT service_id=204 ]
09-24 19:14:49.041 2041 2041 V SettingsProvider: Notifying for 0: content://settings/config/privacy/Phenotype_flags
09-24 19:14:49.298 2041 2041 V SettingsProvider: Notifying for 0: content://settings/config/runtime/Phenotype_flags
09-24 19:14:49.299 6409 6485 D HostConnection: HostConnection::get() New Host Connection established 0xe3e4c500, tid 6485
09-24 19:14:49.305 2201 4171 W NetRec : [123] alff.a: Unexpected exception com.android.volley.ClientError while waiting for score updates (com.android.volley.ClientError). Returning 2.
09-24 19:14:49.308 6409 6485 D HostConnection: HostComposition ext ANDROID_EMU_CHECKSUM_HELPER_v1 ANDROID_EMU_dma_v1 ANDROID_EMU_direct_mem ANDROID_EMU_host_composition_v1 ANDROID_EMU_host_composition_v2 ANDROID_EMU_YUV420_888_to_NV21 ANDROID_EMU_YUV_Cache ANDROID_EMU_sync_buffer_data GL_OES_EGL_image_external_essl3 GL_OES_vertex_array_object ANDROID_EMU_host_side_tracing ANDROID_EMU_gles_max_version_3_0
09-24 19:14:49.323 2201 4414 E Volley : [161] BasicNetwork.performRequest: Unexpected response code 404 for https://mobilenetworkscoring-pa.googleapis.com/v1/GetWifiQuality?key=AIzaSyBrlVtd67QvwS_Wz0Do4ZIdOeA6ThtVczU
09-24 19:14:49.323 2201 3337 W NetRec : [56] alff.a: Unexpected exception com.android.volley.ClientError while waiting for score updates (com.android.volley.ClientError). Returning 1.
09-24 19:14:49.333 6409 6485 W libqtquickview_x86.so: No interface with className org/qtproject/qt/android/QtAccessibilityInterface has been registered.
09-24 19:14:49.347 2224 2445 D EGL_emulation: eglMakeCurrent: 0xe3e1aba0: ver 3 0 (tinfo 0xe3e0f6e0)
09-24 19:14:49.349 2224 2445 D EGL_emulation: eglMakeCurrent: 0xe3e1aba0: ver 3 0 (tinfo 0xe3e0f6e0)
09-24 19:14:49.351 2201 4171 I NetRec : [123] NetRecChimeraGcmTaskService.a: Still entries pending update, scheduling new rapid_refresh_scores_task refresh.
09-24 19:14:49.355 2201 3337 I NetRec : [56] NetRecChimeraGcmTaskService.a: Still entries pending update, scheduling new refresh_scores_task refresh.
09-24 19:14:49.368 2201 3337 I NetRec : [56] NetRecChimeraGcmTaskService.a: Completed refresh_scores_task score refresh task in 875 ms, returning 1
09-24 19:14:49.377 6409 6472 D HostConnection: HostConnection::get() New Host Connection established 0xe0957fa0, tid 6472
09-24 19:14:49.378 6409 6472 D HostConnection: HostComposition ext ANDROID_EMU_CHECKSUM_HELPER_v1 ANDROID_EMU_dma_v1 ANDROID_EMU_direct_mem ANDROID_EMU_host_composition_v1 ANDROID_EMU_host_composition_v2 ANDROID_EMU_YUV420_888_to_NV21 ANDROID_EMU_YUV_Cache ANDROID_EMU_sync_buffer_data GL_OES_EGL_image_external_essl3 GL_OES_vertex_array_object ANDROID_EMU_host_side_tracing ANDROID_EMU_gles_max_version_3_0
09-24 19:14:49.381 2201 4171 I NetRec : [123] NetRecChimeraGcmTaskService.a: Completed rapid_refresh_scores_task score refresh task in 877 ms, returning 2
09-24 19:14:49.387 6409 6472 D eglCodecCommon: setVertexArrayObject: set vao to 0 (0) 0 0
09-24 19:14:49.387 6409 6472 D EGL_emulation: eglCreateContext: 0xe09680c0: maj 3 min 0 rcv 3
09-24 19:14:49.388 6409 6472 D EGL_emulation: eglMakeCurrent: 0xe09680c0: ver 3 0 (tinfo 0xe09aacc0)
09-24 19:14:49.414 2224 2445 D EGL_emulation: eglMakeCurrent: 0xe3e1aba0: ver 3 0 (tinfo 0xe3e0f6e0)
09-24 19:14:49.414 1797 1831 D gralloc_ranchu: gralloc_alloc: Creating ashmem region of size 10371072
09-24 19:14:49.418 2224 2445 D EGL_emulation: eglMakeCurrent: 0xe3e1aba0: ver 3 0 (tinfo 0xe3e0f6e0)
09-24 19:14:49.418 1681 1681 I hwservicemanager: getTransport: Cannot find entry android.hardware.graphics.mapper@3.0::IMapper/default in either framework or device manifest.
09-24 19:14:49.418 6409 6472 W Gralloc3: mapper 3.x is not supported
09-24 19:14:49.424 6409 6472 D HostConnection: createUnique: call
09-24 19:14:49.424 6409 6472 D HostConnection: HostConnection::get() New Host Connection established 0xcc3e7ee0, tid 6472
09-24 19:14:49.427 6409 6472 D HostConnection: HostComposition ext ANDROID_EMU_CHECKSUM_HELPER_v1 ANDROID_EMU_dma_v1 ANDROID_EMU_direct_mem ANDROID_EMU_host_composition_v1 ANDROID_EMU_host_composition_v2 ANDROID_EMU_YUV420_888_to_NV21 ANDROID_EMU_YUV_Cache ANDROID_EMU_sync_buffer_data GL_OES_EGL_image_external_essl3 GL_OES_vertex_array_object ANDROID_EMU_host_side_tracing ANDROID_EMU_gles_max_version_3_0
09-24 19:14:49.427 6409 6472 D eglCodecCommon: allocate: Ask for block of size 0x1000
09-24 19:14:49.427 6409 6472 D eglCodecCommon: allocate: ioctl allocate returned offset 0x3ffff4000 size 0x2000
09-24 19:14:49.431 1797 1831 D gralloc_ranchu: gralloc_alloc: Creating ashmem region of size 10371072
09-24 19:14:49.432 1797 1831 D gralloc_ranchu: gralloc_alloc: Creating ashmem region of size 10371072
09-24 19:14:49.465 6409 6472 D EGL_emulation: eglMakeCurrent: 0xe09680c0: ver 3 0 (tinfo 0xe09aacc0)
09-24 19:14:49.466 2224 2445 D EGL_emulation: eglMakeCurrent: 0xe3e1aba0: ver 3 0 (tinfo 0xe3e0f6e0)
09-24 19:14:49.467 6409 6472 D eglCodecCommon: setVertexArrayObject: set vao to 0 (0) 1 0
09-24 19:14:49.470 2224 2445 D EGL_emulation: eglMakeCurrent: 0xe3e1aba0: ver 3 0 (tinfo 0xe3e0f6e0)
09-24 19:14:49.482 6228 6269 W DynamiteModule: Local module descriptor class for providerinstaller not found.
09-24 19:14:49.502 2224 2445 D EGL_emulation: eglMakeCurrent: 0xe3e1aba0: ver 3 0 (tinfo 0xe3e0f6e0)
09-24 19:14:49.506 2224 2445 D EGL_emulation: eglMakeCurrent: 0xe3e1aba0: ver 3 0 (tinfo 0xe3e0f6e0)
09-24 19:14:49.522 6381 6465 I FA : App measurement is starting up, version: 18079
09-24 19:14:49.522 6381 6465 I FA : To enable debug logging run: adb shell setprop log.tag.FA VERBOSE
09-24 19:14:49.522 6381 6465 I FA : To enable faster debug mode event logging run:
09-24 19:14:49.522 6381 6465 I FA : adb shell setprop debug.firebase.analytics.app com.google.android.apps.tachyon
09-24 19:14:49.523 2201 4374 W ProviderHelper: Unknown dynamite feature providerinstaller
09-24 19:14:49.530 6381 6465 E FA : AppMeasurementReceiver not registered/enabled
09-24 19:14:49.530 6381 6465 E FA : AppMeasurementService not registered/enabled
09-24 19:14:49.530 6381 6465 E FA : Uploading is not possible. App measurement disabled
09-24 19:14:49.532 6228 6269 W ProviderInstaller: Failed to load providerinstaller module: No acceptable module found. Local version is 0 and remote version is 0.
09-24 19:14:49.551 6228 6269 D ApplicationLoaders: Returning zygote-cached class loader: /system/framework/android.hidl.base-V1.0-java.jar
09-24 19:14:49.551 6228 6269 D ApplicationLoaders: Returning zygote-cached class loader: /system/framework/android.hidl.manager-V1.0-java.jar
09-24 19:14:49.551 6228 6269 D ApplicationLoaders: Returning zygote-cached class loader: /system/framework/android.hidl.base-V1.0-java.jar
09-24 19:14:49.567 6228 6269 I droid.apps.doc: The ClassLoaderContext is a special shared library.
09-24 19:14:49.577 6228 6269 I chatty : uid=10132(com.google.android.apps.docs) TaskSchedulerLo identical 1 line
09-24 19:14:49.582 6228 6269 I droid.apps.doc: The ClassLoaderContext is a special shared library.
09-24 19:14:49.666 1796 2449 E GnssHAL_GnssInterface: gnssSvStatusCb: a: input svInfo.flags is 8
09-24 19:14:49.666 1796 2449 E GnssHAL_GnssInterface: gnssSvStatusCb: b: input svInfo.flags is 8
09-24 19:14:49.686 6228 6269 V NativeCrypto: Registering com/google/android/gms/org/conscrypt/NativeCrypto's 284 native methods...
09-24 19:14:49.298 2041 2041 V SettingsProvider: Notifying for 0: content://settings/config/runtime/Phenotype_flags
09-24 19:14:49.729 2041 3594 I ActivityManager: Killing 5681:com.android.chrome/u0a113 (adj 995): empty #17
09-24 19:14:49.803 2041 3593 W ActivityManager: Background start not allowed: service Intent { cmp=com.google.android.apps.messaging/.shared.datamodel.action.execution.ActionExecutorImpl$EmptyService } to com.google.android.apps.messaging/.shared.datamodel.action.execution.ActionExecutorImpl$EmptyService from pid=4879 uid=10122 pkg=com.google.android.apps.messaging startFg?=false
09-24 19:14:49.817 4879 5075 I BugleNotifications: RefreshStatefulNotificationsAction: Refreshing message notifications: for incoming messages = true , for failures = false , isSilent = true , isQuickReply = false , isSmartReplyUpdate = false , conversation{id:null}
09-24 19:14:49.820 2224 2445 D EGL_emulation: eglMakeCurrent: 0xe3e1aba0: ver 3 0 (tinfo 0xe3e0f6e0)
09-24 19:14:49.822 2224 2445 D EGL_emulation: eglMakeCurrent: 0xe3e1aba0: ver 3 0 (tinfo 0xe3e0f6e0)
09-24 19:14:49.826 1780 1780 I Zygote : Process 5681 exited due to signal 9 (Killed)
09-24 19:14:49.834 2518 5907 I Authzen : [DeviceStateSyncManager] Device state updated successfully.
09-24 19:14:49.853 2224 2445 D EGL_emulation: eglMakeCurrent: 0xe3e1aba0: ver 3 0 (tinfo 0xe3e0f6e0)
09-24 19:14:49.855 2224 2445 D EGL_emulation: eglMakeCurrent: 0xe3e1aba0: ver 3 0 (tinfo 0xe3e0f6e0)
09-24 19:14:49.863 2041 2073 I libprocessgroup: Successfully killed process cgroup uid 10113 pid 5681 in 130ms
09-24 19:14:49.871 2224 2445 D EGL_emulation: eglMakeCurrent: 0xe3e1aba0: ver 3 0 (tinfo 0xe3e0f6e0)
09-24 19:14:49.879 2041 3439 W ActivityManager: Background start not allowed: service Intent { cmp=com.google.android.apps.messaging/.shared.datamodel.action.execution.ActionExecutorImpl$EmptyService } to com.google.android.apps.messaging/.shared.datamodel.action.execution.ActionExecutorImpl$EmptyService from pid=4879 uid=10122 pkg=com.google.android.apps.messaging startFg?=false
09-24 19:14:49.873 2224 2445 D EGL_emulation: eglMakeCurrent: 0xe3e1aba0: ver 3 0 (tinfo 0xe3e0f6e0)
09-24 19:14:49.925 2518 5907 I GmsModuleFndr: Beginning GMS chimera module scan
09-24 19:14:49.935 2201 5700 I GCoreUlr: Starting service, intent=Intent { act=com.google.android.location.reporting.ACTION_UPDATE_WORLD cmp=com.google.android.gms/com.google.android.location.reporting.service.DispatchingService (has extras) }, extras=Bundle[{receiverAction=com.google.gservices.intent.action.GSERVICES_CHANGED}]
09-24 19:14:49.937 2201 5702 I NetRec : [243] alcm.b: onConfigChanged()
09-24 19:14:49.941 3345 3345 I BgTaskExecutorImpl: Starting NONEXCLUSIVE background task UPDATE_GSERVICES_CONFIG.
09-24 19:14:49.944 3345 3548 I GservicesUpdateTask: Updating Gservices keys
09-24 19:14:49.951 2201 2201 E BluetoothAdapter: Bluetooth binder is null
09-24 19:14:49.959 2201 4170 I GCoreUlr: WorldUpdater received intent Intent { act=com.google.android.location.reporting.ACTION_UPDATE_WORLD cmp=com.google.android.gms/com.google.android.location.reporting.service.DispatchingService (has extras) } with receiverAction com.google.gservices.intent.action.GSERVICES_CHANGED
09-24 19:14:49.977 2041 3611 W ActivityManager: Unable to start service Intent { cmp=com.google.android.gms/.analytics.service.RefreshEnabledStateService } U=0: not found
09-24 19:14:49.978 2518 4583 W ChimeraUtils: Non Chimera context
09-24 19:14:49.978 2518 4583 W ChimeraUtils: Non Chimera context
09-24 19:14:49.978 2518 4721 D CAR.SETUP: Received GService flag change intent.
09-24 19:14:49.978 2518 4721 I CAR.SETUP: update Car DrivingMode components to false
09-24 19:14:49.978 2518 4669 I ChromeSync: [Sync,SyncIntentOperation] Handling the intent: Intent { act=com.google.gservices.intent.action.GSERVICES_CHANGED flg=0x1000010 cmp=com.google.android.gms/.chimera.GmsIntentOperationService$PersistentInternalReceiver }.
09-24 19:14:49.987 2518 4669 I MobileDataHub: Scheduling periodic tasks
09-24 19:14:49.988 2518 4669 W MobileDataHub: [Service] appsupload-periodic periodic task disabled
09-24 19:14:49.996 2518 4583 I OcrModelUpStIntentOp: Updating ocr activity enabled=true (phenotypeFlag=true, lowRamDevice=false, prereqCheck=true)
09-24 19:14:49.997 2518 4584 I MS_Utils: version of com.google.android.apps.maps = 1016701040
09-24 19:14:50.005 2518 4669 I UdcContextInitChimeraSe: Scheduling context registration change job.
09-24 19:14:50.008 2518 4669 I SystemUpdate: [Installation,ReceiverIntentOperation] Received intent: Intent { act=com.google.gservices.intent.action.GSERVICES_CHANGED flg=0x1000010 cmp=com.google.android.gms/.chimera.GmsIntentOperationService$PersistentInternalReceiver }.
09-24 19:14:50.021 2518 4725 W DynamiteModule: Local module descriptor class for providerinstaller not found.
09-24 19:14:50.021 2518 4725 I DynamiteModule: Considering local module providerinstaller:0 and remote module providerinstaller:0
09-24 19:14:50.021 2518 4725 W ProviderInstaller: Failed to load providerinstaller module: No acceptable module found. Local version is 0 and remote version is 0.
09-24 19:14:50.029 2518 4669 I SystemUpdate: [Execution,InstallationEventIntentOperation] Handling event of type 2.
09-24 19:14:50.033 2518 5907 I SystemUpdate: [Execution,InstallationIntentOperation] Received intent: Intent { act=com.google.android.gms.update.INSTALL_UPDATE cat=[targeted_intent_op_prefix:.update.execution.InstallationIntentOperation] cmp=com.google.android.gms/.chimera.GmsIntentOperationService }.
09-24 19:14:50.036 2518 5907 I SystemUpdate: [Execution,ExecutionManager] Action finished-execution executed for 0.00 seconds.
09-24 19:14:50.037 2201 2678 I GCoreUlr: Successfully sent flags updated to controllers.
09-24 19:14:50.037 2201 2201 I GeofencerStateMachine: sendQueryLocationOptIn
09-24 19:14:50.037 2201 4170 I GCoreUlr: WorldUpdater:com.google.gservices.intent.action.GSERVICES_CHANGED: Ensuring that reporting is stopped because of reasons: (no Google accounts)
09-24 19:14:50.051 2518 4725 W DynamiteModule: Local module descriptor class for providerinstaller not found.
09-24 19:14:50.051 2518 4725 I DynamiteModule: Considering local module providerinstaller:0 and remote module providerinstaller:0
09-24 19:14:50.051 2518 4725 W ProviderInstaller: Failed to load providerinstaller module: No acceptable module found. Local version is 0 and remote version is 0.
09-24 19:14:50.051 2201 2201 I GeofencerStateMachine: sendQueryLocationOptIn
09-24 19:14:50.057 2201 4170 I GCoreUlr: Unbound from all signal providers.
09-24 19:14:50.058 2201 2678 I GCoreUlr: Successfully accounts update
09-24 19:14:50.063 2201 2201 I GeofencerStateMachine: sendQueryLocationOptIn
09-24 19:14:50.067 2201 2201 I GeofencerStateMachine: sendQueryLocationOptIn
09-24 19:14:50.089 2518 4583 I OcrModelUpStIntentOp: Downloading text recognizer
09-24 19:14:50.094 2201 2201 I GCoreUlr: Unbound from all signal providers.
09-24 19:14:50.094 2201 2201 I GCoreUlr: Stopping handler for UlrDispSvcFast
09-24 19:14:50.095 2201 2678 I GCoreUlr: Successfully accounts update
09-24 19:14:50.097 2201 4170 I GCoreUlr: DispatchingService ignoring Intent { act=android.net.wifi.WIFI_STATE_CHANGED flg=0x4000010 (has extras) } because ULR inactive
09-24 19:14:50.100 2518 4725 W DynamiteModule: Local module descriptor class for providerinstaller not found.
09-24 19:14:50.100 2518 4725 I DynamiteModule: Considering local module providerinstaller:0 and remote module providerinstaller:0
09-24 19:14:50.100 2518 4725 W ProviderInstaller: Failed to load providerinstaller module: No acceptable module found. Local version is 0 and remote version is 0.
09-24 19:14:50.102 2201 3976 I aofg : updateFromConfigurations DeviceConfig for package runtime_native [CONTEXT service_id=204 ]
09-24 19:14:50.104 2201 2201 I GeofencerStateMachine: sendQueryLocationOptIn
09-24 19:14:50.104 6057 6076 I android.youtub: Waiting for a blocking GC ProfileSaver
09-24 19:14:50.104 2041 2041 V SettingsProvider: Notifying for 0: content://settings/config/runtime_native/Phenotype_flags
09-24 19:14:50.113 2518 4725 W DynamiteModule: Local module descriptor class for providerinstaller not found.
09-24 19:14:50.113 2518 4725 I DynamiteModule: Considering local module providerinstaller:0 and remote module providerinstaller:0
09-24 19:14:50.113 2518 4725 W ProviderInstaller: Failed to load providerinstaller module: No acceptable module found. Local version is 0 and remote version is 0.
09-24 19:14:50.121 6057 6076 I android.youtub: WaitForGcToComplete blocked ProfileSaver on ClassLinker for 17.351ms
09-24 19:14:50.109 2041 2041 V SettingsProvider: Notifying for 0: content://settings/config/runtime_native/Phenotype_flags
09-24 19:14:50.132 2041 3439 I ActivityManager: Killing 5652:com.google.android.gm/u0a120 (adj 995): empty #17
09-24 19:14:50.135 2518 2532 I gle.android.gm: Background concurrent copying GC freed 72379(3870KB) AllocSpace objects, 46(2308KB) LOS objects, 46% free, 7069KB/12MB, paused 22us total 126.473ms
09-24 19:14:50.140 6228 6269 D NetworkSecurityConfig: Using Network Security Config from resource network_security_config debugBuild: false
09-24 19:14:50.149 6409 6472 I OpenGLRenderer: Davey! duration=803ms; Flags=1, IntendedVsync=40932055547, Vsync=40932055547, OldestInputEvent=9223372036854775807, NewestInputEvent=0, HandleInputStart=40932737207, AnimationStart=40932758740, PerformTraversalsStart=40932760468, DrawStart=41028919987, SyncQueued=41051855141, SyncStart=41063342654, IssueDrawCommandsStart=41063523993, SwapBuffers=41676720023, FrameCompleted=41747411504, DequeueBufferDuration=328000, QueueBufferDuration=1246000,
09-24 19:14:50.155 2041 2068 I ActivityTaskManager: Displayed com.example.qtquickview_java/.MainActivity: +1s908ms
09-24 19:14:50.157 2518 4725 W DynamiteModule: Local module descriptor class for providerinstaller not found.
09-24 19:14:50.157 2518 4725 I DynamiteModule: Considering local module providerinstaller:0 and remote module providerinstaller:0
09-24 19:14:50.157 2518 4725 W ProviderInstaller: Failed to load providerinstaller module: No acceptable module found. Local version is 0 and remote version is 0.
09-24 19:14:50.159 2201 2201 I GeofencerStateMachine: sendQueryLocationOptIn
09-24 19:14:50.167 6409 6409 I Choreographer: Skipped 48 frames! The application may be doing too much work on its main thread.
09-24 19:14:50.180 6409 6409 I myTag MaAct: Status of QtQuickView: READY>
09-24 19:14:50.181 6409 6409 W tquickview_jav: Accessing hidden method Ljava/lang/Void;->()V (greylist, JNI, allowed)
09-24 19:14:50.181 6409 6409 I myTag MaAct: Status of QtQuickView: READY<
09-24 19:14:50.189 2518 4725 W DynamiteModule: Local module descriptor class for providerinstaller not found.
09-24 19:14:50.189 2518 4725 I DynamiteModule: Considering local module providerinstaller:0 and remote module providerinstaller:0
09-24 19:14:50.189 2518 4725 W ProviderInstaller: Failed to load providerinstaller module: No acceptable module found. Local version is 0 and remote version is 0.
09-24 19:14:50.209 2518 4725 W DynamiteModule: Local module descriptor class for providerinstaller not found.
09-24 19:14:50.209 2518 4725 I DynamiteModule: Considering local module providerinstaller:0 and remote module providerinstaller:0
09-24 19:14:50.209 2518 4725 W ProviderInstaller: Failed to load providerinstaller module: No acceptable module found. Local version is 0 and remote version is 0.
09-24 19:14:50.212 2041 3593 W BroadcastQueue: Permission Denial: broadcasting Intent { act=com.google.android.checkin.CHECKIN_COMPLETE flg=0x1000010 (has extras) } from com.google.android.gms (pid=2518, uid=10098) is not exported from uid 10094 due to receiver com.android.vending/com.google.android.finsky.checkin.CheckinReceiver
09-24 19:14:50.218 6228 6269 I ProviderInstaller: Installed default security provider GmsCore_OpenSSL
09-24 19:14:50.221 2518 4583 I GCM-GMS : Scheduling task to register GMS
09-24 19:14:50.222 6409 6472 I OpenGLRenderer: Davey! duration=870ms; Flags=0, IntendedVsync=40948845659, Vsync=41748845627, OldestInputEvent=9223372036854775807, NewestInputEvent=0, HandleInputStart=41765519938, AnimationStart=41765565181, PerformTraversalsStart=41765824801, DrawStart=41767374282, SyncQueued=41767782749, SyncStart=41768242668, IssueDrawCommandsStart=41768299495, SwapBuffers=41770569494, FrameCompleted=41820118308, DequeueBufferDuration=92000, QueueBufferDuration=162000,
09-24 19:14:50.222 1780 1780 I Zygote : Process 5652 exited due to signal 9 (Killed)
09-24 19:14:50.228 2518 4725 W DynamiteModule: Local module descriptor class for providerinstaller not found.
09-24 19:14:50.228 2518 4725 I DynamiteModule: Considering local module providerinstaller:0 and remote module providerinstaller:0
09-24 19:14:50.228 2518 4725 W ProviderInstaller: Failed to load providerinstaller module: No acceptable module found. Local version is 0 and remote version is 0.
09-24 19:14:50.256 6172 6172 D PhenotypeUpdateService: onCreate called
09-24 19:14:50.258 6172 6236 D PhenotypeUpdateService: Updating Phenotype configs
09-24 19:14:50.262 2518 4725 I GmsModuleFndr: Beginning GMS chimera module scan
09-24 19:14:50.276 2041 2073 I libprocessgroup: Successfully killed process cgroup uid 10120 pid 5652 in 143ms
09-24 19:14:50.311 3284 3646 I Finsky : [204] pxd.b(7): Jobs in database: 1-1337 10-1 10-3 10-4 10-6 10-8 10-10 10-11 10-12 10-14 10-15 10-18 10-20 10-22 10-26 10-29 10-30 10-32 10-33 10-37 10-38 10-39 10-41 10-42 10-44 10-46 10-47 10-48 10-49 10-50 10-53 10-55 10-62 12-1 21-333333333 31-305419896
09-24 19:14:50.374 1780 1780 D Zygote : Forked child process 6509
09-24 19:14:50.380 2041 2072 I ActivityManager: Start proc 6509:com.google.android.apps.messaging:rcs/u0a122 for broadcast {com.google.android.apps.messaging/com.google.android.ims.library.phenotype.PhenotypeConfigurationReceiver}
09-24 19:14:50.386 3345 3813 I PBSessionCacheImpl: Deleted sessionId[85991421513] from persistence.
09-24 19:14:50.389 1813 1813 W SurfaceFlinger: couldn't log to binary event log: overflow.
09-24 19:14:50.394 6509 6509 W s.messaging:rc: Unexpected CPU variant for X86 using defaults: x86
09-24 19:14:50.403 6509 6509 E s.messaging:rc: Not starting debugger since process cannot load the jdwp agent.
09-24 19:14:50.419 3284 3284 I Finsky : [2] pvm.a(22): Running job: 10-1
09-24 19:14:50.424 2201 2219 I .gms.persisten: Background concurrent copying GC freed 94036(4700KB) AllocSpace objects, 17(852KB) LOS objects, 44% free, 7661KB/13MB, paused 41.773ms total 370.965ms
09-24 19:14:50.424 3284 3284 I Finsky : [2] pvm.a(22): Running job: 10-3
09-24 19:14:50.427 3284 3284 I Finsky : [2] pvm.a(22): Running job: 10-4
09-24 19:14:50.431 3284 3284 I Finsky : [2] pvm.a(22): Running job: 10-6
09-24 19:14:50.432 3284 3284 I Finsky : [2] pvp.handleMessage(84): RunningQueue size: 4, PendingQueue size: 30
09-24 19:14:50.432 3284 3284 I Finsky : [2] pvp.handleMessage(93): Running queue: 10-1 10-3 10-4 10-6
09-24 19:14:50.436 3345 3463 W SearchServiceCore: Abort, client detached.
09-24 19:14:50.438 3188 6452 D DownloadManager: [4] Finished with status SUCCESS
09-24 19:14:50.447 3284 6532 I Finsky : [263] pxa.a(9): jobFinished: 10-4. TimeElapsed: 20ms
09-24 19:14:50.448 3284 3284 I Finsky : [2] pvm.c(3): Job 10-4 finished
09-24 19:14:50.450 3284 6532 W Finsky : [263] cwl.a(19): For unauth, use getDfeApiNonAuthenticated() instead!
09-24 19:14:50.451 3284 3284 I Finsky : [2] pvm.a(22): Running job: 10-8
09-24 19:14:50.451 3284 3284 I Finsky : [2] pvp.handleMessage(84): RunningQueue size: 4, PendingQueue size: 29
09-24 19:14:50.452 3284 3284 I Finsky : [2] pvp.handleMessage(93): Running queue: 10-1 10-3 10-6 10-8
09-24 19:14:50.454 3284 6529 W Settings: Setting install_non_market_apps has moved from android.provider.Settings.Global to android.provider.Settings.Secure, returning read-only value.
09-24 19:14:50.454 6509 6509 D ApplicationLoaders: Returning zygote-cached class loader: /system/framework/android.hidl.base-V1.0-java.jar
09-24 19:14:50.454 6509 6509 D ApplicationLoaders: Returning zygote-cached class loader: /system/framework/android.hidl.manager-V1.0-java.jar
09-24 19:14:50.454 6509 6509 D ApplicationLoaders: Returning zygote-cached class loader: /system/framework/android.hidl.base-V1.0-java.jar
09-24 19:14:50.455 6509 6509 I s.messaging:rc: The ClassLoaderContext is a special shared library.
09-24 19:14:50.457 3284 6529 W Settings: Setting download_manager_max_bytes_over_mobile has moved from android.provider.Settings.Secure to android.provider.Settings.Global.
09-24 19:14:50.461 3284 6529 E Finsky : [261] com.google.android.finsky.sessionstats.SessionAndStorageStatsLoggerHygieneJob.a(52): No account, unable to use UdcClient
09-24 19:14:50.461 3284 6529 I Finsky : [261] com.google.android.finsky.sessionstats.SessionAndStorageStatsLoggerHygieneJob.a(54): Device Information privacy flag is unchecked
09-24 19:14:50.469 3284 6529 I Finsky : [261] pxa.a(9): jobFinished: 10-1. TimeElapsed: 51ms
09-24 19:14:50.469 3284 3284 I Finsky : [2] pvm.c(3): Job 10-1 finished
09-24 19:14:50.470 3284 3284 I Finsky : [2] pvm.a(22): Running job: 10-10
09-24 19:14:50.470 6509 6509 I s.messaging:rc: The ClassLoaderContext is a special shared library.
09-24 19:14:50.475 3284 3284 I Finsky : [2] pvp.handleMessage(84): RunningQueue size: 4, PendingQueue size: 28
09-24 19:14:50.475 3284 3284 I Finsky : [2] pvp.handleMessage(93): Running queue: 10-3 10-6 10-8 10-10
09-24 19:14:50.486 3284 3486 I Finsky : [182] uzh.a(69): Verifying installed packages
09-24 19:14:50.521 6509 6509 I MultiDex: VM with version 2.1.0 has multidex support
09-24 19:14:50.521 6509 6509 I MultiDex: install
09-24 19:14:50.521 6509 6509 I MultiDex: VM has multidex support, MultiDex support library is disabled.
09-24 19:14:50.563 2041 2041 V SettingsProvider: Notifying for 0: content://settings/global/package_verifier_user_consent
09-24 19:14:50.570 2224 2445 D EGL_emulation: eglMakeCurrent: 0xe3e1aba0: ver 3 0 (tinfo 0xe3e0f6e0)
09-24 19:14:50.636 2224 2445 I chatty : uid=10100(com.android.systemui) RenderThread identical 8 lines
09-24 19:14:50.639 2224 2445 D EGL_emulation: eglMakeCurrent: 0xe3e1aba0: ver 3 0 (tinfo 0xe3e0f6e0)
09-24 19:14:50.642 6509 6536 I Bugle : GServicesValues:
09-24 19:14:50.642 6509 6536 I Bugle : bugle_enable_primes_crash_metrics: true
09-24 19:14:50.642 6509 6536 I Bugle : bugle_max_telemetry_upload_retries: 10
09-24 19:14:50.642 6509 6536 I Bugle : bugle_sticker_set_list_version: 3
09-24 19:14:50.645 6509 6509 W BugleStartup: StartupHandler: ContentProvider startup tasks did not execute before Application onCreate(), executed in onApplicationCreated().
09-24 19:14:50.651 6509 6509 I Bugle : BugleApplicationBase: Bugle version: 4.1.067 (ettin_rc12_alldpi.x86.phone)
09-24 19:14:50.658 4879 4993 I Bugle : BuglePhenotypeBroadcastReceiver.onReceive
09-24 19:14:50.666 1796 2449 E GnssHAL_GnssInterface: gnssSvStatusCb: a: input svInfo.flags is 8
09-24 19:14:50.666 1796 2449 E GnssHAL_GnssInterface: gnssSvStatusCb: b: input svInfo.flags is 8
09-24 19:14:50.671 2224 2445 D EGL_emulation: eglMakeCurrent: 0xe3e1aba0: ver 3 0 (tinfo 0xe3e0f6e0)
09-24 19:14:50.723 3345 3345 I EngineIdGenerator: Refusing EXCLUSIVE task FETCH_CONFIGS_FROM_PHENOTYPE, it is already pending. Try again in 359 seconds.
09-24 19:14:50.733 3345 3345 I BgTaskExecutorImpl: Starting EXCLUSIVE background task FETCH_CONFIGS_FROM_PHENOTYPE.
09-24 19:14:50.735 1780 1780 D Zygote : Forked child process 6545
09-24 19:14:50.564 2041 2041 V SettingsProvider: Notifying for 0: content://settings/global/package_verifier_user_consent
09-24 19:14:50.737 2041 2072 I ActivityManager: Start proc 6545:com.google.android.apps.pixelmigrate/u0a91 for broadcast {com.google.android.apps.pixelmigrate/com.google.android.apps.pixelmigrate.component.PhenotypeUpdateReceiver}
09-24 19:14:50.740 6545 6545 W ps.pixelmigrat: Unexpected CPU variant for X86 using defaults: x86
09-24 19:14:50.746 6545 6545 E ps.pixelmigrat: Not starting debugger since process cannot load the jdwp agent.
09-24 19:14:50.748 3284 3284 I Finsky : [2] heq.a(1): Device configuration updated successfully.
09-24 19:14:50.749 3284 6532 I Finsky : [263] pxa.a(9): jobFinished: 10-6. TimeElapsed: 317ms
09-24 19:14:50.749 3284 3284 I Finsky : [2] pvm.c(3): Job 10-6 finished
