09-24 19:14:22.604 2518 2518 E ActivityThread: Failed to find provider info for com.google.android.gsf.gservices
09-24 19:14:22.606 2201 2602 I NativeLibraryUtils: Extraction to /data/user_de/0/com.google.android.gms/app_extracted_libs/x86/libinertial-anchor-jni.so false
09-24 19:14:22.607 2518 2518 I chatty : uid=10098(com.google.android.gms) identical 5 lines
09-24 19:14:22.608 2518 2518 E ActivityThread: Failed to find provider info for com.google.android.gsf.gservices
09-24 19:14:22.608 2201 2201 E ActivityThread: Failed to find provider info for com.google.android.gsf.gservices
09-24 19:14:22.608 2518 2518 E ActivityThread: Failed to find provider info for com.google.android.gsf.gservices
09-24 19:14:22.614 2201 2602 I NativeLibraryUtils: Extraction to /data/user_de/0/com.google.android.gms/app_extracted_libs/x86/libjgcastservice.so false
09-24 19:14:22.619 2201 2602 I NativeLibraryUtils: Extraction to /data/user_de/0/com.google.android.gms/app_extracted_libs/x86/libjingle_peerconnection_so.so false
09-24 19:14:22.618 2518 2518 I chatty : uid=10098(com.google.android.gms) identical 26 lines
09-24 19:14:22.618 2518 2518 E ActivityThread: Failed to find provider info for com.google.android.gsf.gservices
09-24 19:14:22.623 2201 2201 E ActivityThread: Failed to find provider info for com.google.android.gsf.gservices
09-24 19:14:22.623 2201 2201 E ActivityThread: Failed to find provider info for com.google.android.gsf.gservices
09-24 19:14:22.625 2041 2058 W BroadcastQueue: Background execution not allowed: receiving Intent { act=android.location.PROVIDERS_CHANGED flg=0x10 (has extras) } to com.google.android.gms/.chimera.GmsIntentOperationService$PersistentTrustedReceiver
09-24 19:14:22.625 2629 2629 E ndroid.setting: Not starting debugger since process cannot load the jdwp agent.
09-24 19:14:22.626 2041 2041 V SettingsProvider: Notifying for 0: content://settings/system/radio.data.stall.recovery.action
09-24 19:14:22.626 2518 2518 E ActivityThread: Failed to find provider info for com.google.android.gsf.gservices
09-24 19:14:22.628 2518 2518 W Primes : Primes not initialized, returning default (no-op) Primes instance which will ignore all calls. Please call Primes.initialize(...) before using any Primes API.
09-24 19:14:22.633 2201 2602 I NativeLibraryUtils: Extraction to /data/user_de/0/com.google.android.gms/app_extracted_libs/x86/libleveldbjni.so false
09-24 19:14:22.630 2518 2518 I chatty : uid=10098(com.google.android.gms) identical 11 lines
09-24 19:14:22.630 2518 2518 E ActivityThread: Failed to find provider info for com.google.android.gsf.gservices
09-24 19:14:22.633 2041 2071 W BroadcastQueue: Background execution not allowed: receiving Intent { act=android.location.PROVIDERS_CHANGED flg=0x10 (has extras) } to com.google.android.gms/.chimera.GmsIntentOperationService$PersistentTrustedReceiver
09-24 19:14:22.634 2041 2071 I chatty : uid=1000(system) ActivityManager identical 3 lines
09-24 19:14:22.638 2041 2071 W BroadcastQueue: Background execution not allowed: receiving Intent { act=android.location.PROVIDERS_CHANGED flg=0x10 (has extras) } to com.google.android.gms/.chimera.GmsIntentOperationService$PersistentTrustedReceiver
09-24 19:14:22.638 2041 2060 W LocationProviderProxy: Odd, no component found for service com.android.location.service.v3.NetworkLocationProvider
09-24 19:14:22.638 2041 2060 W GeocoderProxy: Odd, no component found for service com.android.location.service.GeocodeProvider
09-24 19:14:22.638 2041 2060 W GeofenceProxy: Odd, no component found for service com.android.location.service.GeofenceProvider
09-24 19:14:22.638 2041 2071 W BroadcastQueue: Background execution not allowed: receiving Intent { act=android.location.PROVIDERS_CHANGED flg=0x10 (has extras) } to com.google.android.gms/.chimera.GmsIntentOperationService$PersistentTrustedReceiver
09-24 19:14:22.638 2041 2060 W ActivityRecognitionProxy: Odd, no component found for service com.android.location.service.ActivityRecognitionProvider
09-24 19:14:22.638 2041 2071 W BroadcastQueue: Background execution not allowed: receiving Intent { act=android.location.PROVIDERS_CHANGED flg=0x10 (has extras) } to com.google.android.gms/.chimera.GmsIntentOperationService$PersistentTrustedReceiver
09-24 19:14:22.638 2041 2071 W BroadcastQueue: Background execution not allowed: receiving Intent { act=android.location.PROVIDERS_CHANGED flg=0x10 (has extras) } to com.google.android.gms/.chimera.GmsIntentOperationService$PersistentTrustedReceiver
09-24 19:14:22.639 2518 2518 E ActivityThread: Failed to find provider info for com.google.android.gsf.gservices
09-24 19:14:22.639 2041 2041 V NotificationListeners: enabling notification listener for 0: ComponentInfo{com.google.android.apps.restore/com.google.android.apps.pixelmigrate.component.NotificationConsolidatorService}
09-24 19:14:22.639 2041 2041 V NotificationListeners: binding: Intent { act=android.service.notification.NotificationListenerService cmp=com.google.android.apps.restore/com.google.android.apps.pixelmigrate.component.NotificationConsolidatorService (has extras) }
09-24 19:14:22.640 2201 2602 I NativeLibraryUtils: Extraction to /data/user_de/0/com.google.android.gms/app_extracted_libs/x86/libsslwrapper_jni.so false
09-24 19:14:22.642 2201 2602 I NativeLibraryUtils: Extraction to /data/user_de/0/com.google.android.gms/app_extracted_libs/x86/libvcdiffjni.so false
09-24 19:14:22.642 2041 2041 W ActivityManager: Unable to start service Intent { act=android.service.notification.NotificationListenerService cmp=com.google.android.apps.restore/com.google.android.apps.pixelmigrate.component.NotificationConsolidatorService } U=0: not found
09-24 19:14:22.642 2041 2041 W NotificationListeners: Unable to bind notification listener service: Intent { act=android.service.notification.NotificationListenerService cmp=com.google.android.apps.restore/com.google.android.apps.pixelmigrate.component.NotificationConsolidatorService (has extras) } in user 0
09-24 19:14:22.642 2041 2041 V NotificationListeners: enabling notification listener for 0: ComponentInfo{com.google.android.apps.nexuslauncher/com.android.launcher3.notification.NotificationListener}
09-24 19:14:22.642 2041 2041 V NotificationListeners: binding: Intent { act=android.service.notification.NotificationListenerService cmp=com.google.android.apps.nexuslauncher/com.android.launcher3.notification.NotificationListener (has extras) }
09-24 19:14:22.642 2041 2041 W ActivityManager: Unable to start service Intent { act=android.service.notification.NotificationListenerService cmp=com.google.android.apps.nexuslauncher/com.android.launcher3.notification.NotificationListener } U=0: not found
09-24 19:14:22.642 2041 2041 W NotificationListeners: Unable to bind notification listener service: Intent { act=android.service.notification.NotificationListenerService cmp=com.google.android.apps.nexuslauncher/com.android.launcher3.notification.NotificationListener (has extras) } in user 0
09-24 19:14:22.642 2041 2041 V NotificationAssistants: enabling notification assistant for 0: ComponentInfo{com.google.android.ext.services/android.ext.services.notification.Assistant}
09-24 19:14:22.642 2041 2041 V NotificationAssistants: Not registering ComponentInfo{com.google.android.ext.services/android.ext.services.notification.Assistant} is already bound
09-24 19:14:22.647 2201 2613 I DynamiteModule: Considering local module com.google.android.gms.googlecertificates:4 and remote module com.google.android.gms.googlecertificates:4
09-24 19:14:22.647 2201 2613 I DynamiteModule: Selected local version of com.google.android.gms.googlecertificates
09-24 19:14:22.647 2201 2602 I NativeLibraryUtils: Extraction to /data/user_de/0/com.google.android.gms/app_extracted_libs/x86/libwearable-selector.so false
09-24 19:14:22.658 1786 1786 W DeviceHAL: Error from HAL Device in function set_mic_mute: Function not implemented
09-24 19:14:22.658 2518 2518 E ActivityThread: Failed to find provider info for com.google.android.gsf.gservices
09-24 19:14:22.659 2201 2653 E ActivityThread: Failed to find provider info for com.google.android.gsf.gservices
09-24 19:14:22.660 2201 2653 I chatty : uid=10098(com.google.android.gms) [efu] operation identical 3 lines
09-24 19:14:22.662 2201 2653 E ActivityThread: Failed to find provider info for com.google.android.gsf.gservices
09-24 19:14:22.662 2041 2041 I ContentSuggestionsManagerService: Updating for user 0: disabled=false
09-24 19:14:22.662 2041 2041 E ContentSuggestionsPerUserService: Bad service name: com.google.android.as/com.google.android.apps.miphone.aiai.app.AiAiContentSuggestionsService
09-24 19:14:22.662 2041 2041 I AutofillManagerService: Updating for user 0: disabled=false
09-24 19:14:22.662 2041 2041 E AutofillManagerServiceImpl: Bad service name: com.google.android.gms/.autofill.service.AutofillService
09-24 19:14:22.662 2041 2041 E AutofillManagerServiceImpl: Bad service name: com.google.android.gms/.autofill.service.AutofillService
09-24 19:14:22.662 2201 2653 E ActivityThread: Failed to find provider info for com.google.android.gsf.gservices
09-24 19:14:22.663 2201 2653 I chatty : uid=10098(com.google.android.gms) [efu] operation identical 2 lines
09-24 19:14:22.663 2201 2653 E ActivityThread: Failed to find provider info for com.google.android.gsf.gservices
09-24 19:14:22.663 2041 2041 W BroadcastQueue: Background execution not allowed: receiving Intent { act=android.intent.action.ACTION_POWER_DISCONNECTED flg=0x4000010 (has extras) } to com.google.android.gms/.chimera.GmsIntentOperationService$PersistentTrustedReceiver
09-24 19:14:22.664 2041 2071 W BroadcastQueue: Background execution not allowed: receiving Intent { act=android.location.PROVIDERS_CHANGED flg=0x10 (has extras) } to com.google.android.gms/.chimera.GmsIntentOperationService$PersistentTrustedReceiver
09-24 19:14:22.664 2041 2071 W BroadcastQueue: Background execution not allowed: receiving Intent { act=android.location.PROVIDERS_CHANGED flg=0x10 (has extras) } to com.google.android.gms/.chimera.GmsIntentOperationService$PersistentTrustedReceiver
09-24 19:14:22.664 2041 2071 W BroadcastQueue: Background execution not allowed: receiving Intent { act=android.location.MODE_CHANGED flg=0x10 } to com.google.android.gms/.chimera.GmsIntentOperationService$PersistentTrustedReceiver
09-24 19:14:22.664 2041 2071 W BroadcastQueue: Background execution not allowed: receiving Intent { act=com.google.android.chimera.MODULE_CONFIGURATION_CHANGED flg=0x10 (has extras) } to com.google.android.gms/.chimera.GmsIntentOperationService$PersistentInternalReceiver
09-24 19:14:22.664 2629 2629 I ndroid.setting: The ClassLoaderContext is a special shared library.
09-24 19:14:22.665 2201 2653 E ActivityThread: Failed to find provider info for com.google.android.gsf.gservices
09-24 19:14:22.666 2629 2629 I ndroid.setting: The ClassLoaderContext is a special shared library.
09-24 19:14:22.669 1796 2449 E GnssHAL_GnssInterface: gnssSvStatusCb: a: input svInfo.flags is 8
09-24 19:14:22.669 1796 2449 E GnssHAL_GnssInterface: gnssSvStatusCb: b: input svInfo.flags is 8
09-24 19:14:22.679 2041 2617 W BroadcastQueue: Background execution not allowed: receiving Intent { act=android.location.PROVIDERS_CHANGED flg=0x10 (has extras) } to com.google.android.gms/.chimera.GmsIntentOperationService$PersistentTrustedReceiver
09-24 19:14:22.679 2518 2665 E ActivityThread: Failed to find provider info for com.google.android.gsf.gservices
09-24 19:14:22.679 2041 2071 W BroadcastQueue: Background execution not allowed: receiving Intent { act=android.os.UpdateLock.UPDATE_LOCK_CHANGED flg=0x4000010 (has extras) } to com.google.android.gms/.chimera.GmsIntentOperationService$PersistentTrustedReceiver
09-24 19:14:22.679 2041 2071 W BroadcastQueue: Permission Denial: broadcasting Intent { act=com.google.android.gsf.settings.GoogleLocationSettings.UPDATE_LOCATION_SETTINGS flg=0x10 } from com.google.android.setupwizard (pid=2538, uid=10095) is not exported from uid 10098 due to receiver com.google.android.gms/.chimera.GmsIntentOperationService$PersistentInternalReceiver
09-24 19:14:22.680 2041 2071 W BroadcastQueue: Background execution not allowed: receiving Intent { act=android.os.UpdateLock.UPDATE_LOCK_CHANGED flg=0x4000010 (has extras) } to com.google.android.gms/.chimera.GmsIntentOperationService$PersistentTrustedReceiver
09-24 19:14:22.680 2041 2068 I RoleUserState: Wrote roles.xml successfully
09-24 19:14:22.680 2518 2665 E ActivityThread: Failed to find provider info for com.google.android.gsf.gservices
09-24 19:14:22.682 2518 2665 I chatty : uid=10098(com.google.android.gms) [efu] operation identical 3 lines
09-24 19:14:22.682 2518 2665 E ActivityThread: Failed to find provider info for com.google.android.gsf.gservices
09-24 19:14:22.699 2518 2670 E ActivityThread: Failed to find provider info for com.google.android.gsf.gservices
09-24 19:14:22.701 1797 1935 D gralloc_ranchu: gralloc_alloc: Creating ashmem region of size 274432
09-24 19:14:22.704 1813 2145 E SurfaceFlinger: ro.sf.lcd_density must be defined as a build property
09-24 19:14:22.704 1813 2145 E SurfaceFlinger: ro.sf.lcd_density must be defined as a build property
09-24 19:14:22.705 2629 2673 D libEGL : Emulator has host GPU support, qemu.gles is set to 1.
09-24 19:14:22.713 2629 2673 W libc : Unable to set property "qemu.gles" to "1": error code: 0x18
09-24 19:14:22.702 2518 2670 E ActivityThread: Failed to find provider info for com.google.android.gsf.gservices
09-24 19:14:22.715 2518 2668 E ActivityThread: Failed to find provider info for com.google.android.gsf.gservices
09-24 19:14:22.715 2518 2668 E ActivityThread: Failed to find provider info for com.google.android.gsf.gservices
09-24 19:14:22.726 2465 2465 I SystemConfig: Adding association: com.google.android.as <- com.android.providers.contacts
09-24 19:14:22.726 2465 2465 I SystemConfig: Adding association: com.google.android.as <- com.android.providers.media
09-24 19:14:22.726 2465 2465 I SystemConfig: Adding association: com.google.android.as <- com.android.providers.telephony
09-24 19:14:22.726 2465 2465 I SystemConfig: Adding association: com.google.android.as <- com.android.systemui
09-24 19:14:22.726 2465 2465 I SystemConfig: Adding association: com.google.android.as <- com.google.android.gms
09-24 19:14:22.726 2465 2465 I SystemConfig: Adding association: com.google.android.as <- com.google.android.gsf
09-24 19:14:22.734 2629 2673 D libEGL : loaded /vendor/lib/egl/libEGL_emulation.so
09-24 19:14:22.735 2518 2670 E ActivityThread: Failed to find provider info for com.google.android.gsf.gservices
09-24 19:14:22.735 2629 2673 D libEGL : loaded /vendor/lib/egl/libGLESv1_CM_emulation.so
09-24 19:14:22.736 2629 2673 D libEGL : loaded /vendor/lib/egl/libGLESv2_emulation.so
09-24 19:14:22.735 2518 2670 I chatty : uid=10098(com.google.android.gms) [efu] idle identical 1 line
09-24 19:14:22.738 2518 2670 E ActivityThread: Failed to find provider info for com.google.android.gsf.gservices
09-24 19:14:22.750 2465 2465 W SystemConfig: No directory /product_services/etc/sysconfig, skipping
09-24 19:14:22.750 2465 2465 W SystemConfig: No directory /product_services/etc/permissions, skipping
09-24 19:14:22.754 2518 2670 E ActivityThread: Failed to find provider info for com.google.android.gsf.gservices
09-24 19:14:22.756 1797 1935 D gralloc_ranchu: gralloc_alloc: Creating ashmem region of size 274432
09-24 19:14:22.757 2629 2671 D HostConnection: HostConnection::get() New Host Connection established 0xe3e49050, tid 2671
09-24 19:14:22.757 1797 1935 D gralloc_ranchu: gralloc_alloc: Creating ashmem region of size 274432
09-24 19:14:22.754 2518 2670 I chatty : uid=10098(com.google.android.gms) [efu] idle identical 1 line
09-24 19:14:22.755 2518 2670 E ActivityThread: Failed to find provider info for com.google.android.gsf.gservices
09-24 19:14:22.758 2201 2613 E ActivityThread: Failed to find provider info for com.google.android.gsf.gservices
09-24 19:14:22.758 2465 2465 D PhoneSwitcherNetworkRequstListener: Registering NetworkFactory
09-24 19:14:22.758 2041 2159 D ConnectivityService: Got NetworkFactory Messenger for PhoneSwitcherNetworkRequstListener
09-24 19:14:22.760 2201 2613 E ActivityThread: Failed to find provider info for com.google.android.gsf.gservices
09-24 19:14:22.762 2041 2159 D ConnectivityService: Got NetworkFactory Messenger for TelephonyNetworkFactory[0]
09-24 19:14:22.765 2629 2671 D HostConnection: HostComposition ext ANDROID_EMU_CHECKSUM_HELPER_v1 ANDROID_EMU_dma_v1 ANDROID_EMU_direct_mem ANDROID_EMU_host_composition_v1 ANDROID_EMU_host_composition_v2 ANDROID_EMU_YUV420_888_to_NV21 ANDROID_EMU_YUV_Cache ANDROID_EMU_sync_buffer_data GL_OES_EGL_image_external_essl3 GL_OES_vertex_array_object ANDROID_EMU_host_side_tracing ANDROID_EMU_gles_max_version_3_0
09-24 19:14:22.769 2465 2465 D CarrierConfigLoader: CarrierConfigLoader has started
09-24 19:14:22.769 2465 2465 E BluetoothAdapter: Bluetooth binder is null
09-24 19:14:22.771 2201 2613 E ActivityThread: Failed to find provider info for com.google.android.gsf.gservices
09-24 19:14:22.771 2518 2670 E ActivityThread: Failed to find provider info for com.google.android.gsf.gservices
09-24 19:14:22.771 2201 2613 E ActivityThread: Failed to find provider info for com.google.android.gsf.gservices
09-24 19:14:22.771 2224 2454 E ActivityThread: Failed to find provider info for com.android.contacts
09-24 19:14:22.772 2518 2670 E ActivityThread: Failed to find provider info for com.google.android.gsf.gservices
09-24 19:14:22.779 2224 2224 D StatusBar: disable disable2
09-24 19:14:22.772 2518 2670 I chatty : uid=10098(com.google.android.gms) [efu] idle identical 1 line
09-24 19:14:22.773 2518 2670 E ActivityThread: Failed to find provider info for com.google.android.gsf.gservices
09-24 19:14:22.777 2465 2679 E ActivityThread: Failed to find provider info for com.android.contacts
09-24 19:14:22.782 2465 2679 W CallerInfoCache: cursor is null
09-24 19:14:22.790 2224 2445 D EGL_emulation: eglMakeCurrent: 0xe3e1aba0: ver 3 0 (tinfo 0xe3e0f6e0)
09-24 19:14:22.791 2629 2671 D eglCodecCommon: setVertexArrayObject: set vao to 0 (0) 0 0
09-24 19:14:22.791 2629 2671 D EGL_emulation: eglCreateContext: 0xe3e1a120: maj 3 min 0 rcv 3
09-24 19:14:22.792 2629 2671 D EGL_emulation: eglMakeCurrent: 0xe3e1a120: ver 3 0 (tinfo 0xe3e0f310)
09-24 19:14:22.800 1797 1935 D gralloc_ranchu: gralloc_alloc: Creating ashmem region of size 10371072
09-24 19:14:22.803 1813 2145 D HostConnection: HostConnection::get() New Host Connection established 0xe9a19610, tid 2145
09-24 19:14:22.803 1681 1681 I hwservicemanager: getTransport: Cannot find entry android.hardware.graphics.mapper@3.0::IMapper/default in either framework or device manifest.
09-24 19:14:22.803 2629 2671 W Gralloc3: mapper 3.x is not supported
09-24 19:14:22.804 1813 2145 D HostConnection: HostComposition ext ANDROID_EMU_CHECKSUM_HELPER_v1 ANDROID_EMU_dma_v1 ANDROID_EMU_direct_mem ANDROID_EMU_host_composition_v1 ANDROID_EMU_host_composition_v2 ANDROID_EMU_YUV420_888_to_NV21 ANDROID_EMU_YUV_Cache ANDROID_EMU_sync_buffer_data GL_OES_EGL_image_external_essl3 GL_OES_vertex_array_object ANDROID_EMU_host_side_tracing ANDROID_EMU_gles_max_version_3_0
09-24 19:14:22.804 2629 2671 D HostConnection: createUnique: call
09-24 19:14:22.808 2224 2445 I OpenGLRenderer: Davey! duration=1138ms; Flags=1, IntendedVsync=13249683340, Vsync=13866349982, OldestInputEvent=9223372036854775807, NewestInputEvent=0, HandleInputStart=13877849466, AnimationStart=13877889118, PerformTraversalsStart=13877954832, DrawStart=14379056625, SyncQueued=14379123690, SyncStart=14397068498, IssueDrawCommandsStart=14397902507, SwapBuffers=14398157632, FrameCompleted=14406034404, DequeueBufferDuration=39000, QueueBufferDuration=1675000,
09-24 19:14:22.810 1681 1681 I hwservicemanager: getTransport: Cannot find entry android.hardware.radio.config@1.1::IRadioConfig/default in either framework or device manifest.
09-24 19:14:22.810 1681 1681 I hwservicemanager: getTransport: Cannot find entry android.hardware.radio.config@1.0::IRadioConfig/default in either framework or device manifest.
09-24 19:14:22.810 2224 2224 D Tonal : Tonal Palette - index: 10. Main color: ffe590b7
09-24 19:14:22.810 2224 2224 D Tonal : Colors: ff060104, ff1b0613, ff2f0b23, ff481135, ff671850, ff861f5d, ffa42773, ffbe4d91, ffd85a9e, ffde73aa, ffe590b7, ffefb9d1, fff5d6e5
09-24 19:14:22.810 2224 2224 D Tonal : Gradients:
09-24 19:14:22.810 2224 2224 D Tonal : Normal GradientColors(ffe590b7, ffe590b7)
09-24 19:14:22.810 2224 2224 D Tonal : Dark GradientColors(ff481135, ff481135)
09-24 19:14:22.810 2224 2224 D Tonal : Extra dark: GradientColors(ff2f0b23, ff2f0b23)
09-24 19:14:22.810 2224 2224 D Tonal : Tonal Palette - index: 10. Main color: ffe590b7
09-24 19:14:22.810 2224 2224 D Tonal : Colors: ff060104, ff1b0613, ff2f0b23, ff481135, ff671850, ff861f5d, ffa42773, ffbe4d91, ffd85a9e, ffde73aa, ffe590b7, ffefb9d1, fff5d6e5
09-24 19:14:22.810 2224 2224 D Tonal : Gradients:
09-24 19:14:22.810 2224 2224 D Tonal : Normal GradientColors(ffe590b7, ffe590b7)
09-24 19:14:22.810 2224 2224 D Tonal : Dark GradientColors(ff481135, ff481135)
09-24 19:14:22.810 2224 2224 D Tonal : Extra dark: GradientColors(ff2f0b23, ff2f0b23)
09-24 19:14:22.816 2629 2671 D HostConnection: HostConnection::get() New Host Connection established 0xe3e49190, tid 2671
09-24 19:14:22.822 2629 2671 D HostConnection: HostComposition ext ANDROID_EMU_CHECKSUM_HELPER_v1 ANDROID_EMU_dma_v1 ANDROID_EMU_direct_mem ANDROID_EMU_host_composition_v1 ANDROID_EMU_host_composition_v2 ANDROID_EMU_YUV420_888_to_NV21 ANDROID_EMU_YUV_Cache ANDROID_EMU_sync_buffer_data GL_OES_EGL_image_external_essl3 GL_OES_vertex_array_object ANDROID_EMU_host_side_tracing ANDROID_EMU_gles_max_version_3_0
09-24 19:14:22.822 2629 2671 D eglCodecCommon: allocate: Ask for block of size 0x1000
09-24 19:14:22.822 2629 2671 D eglCodecCommon: allocate: ioctl allocate returned offset 0x3ffff4000 size 0x2000
09-24 19:14:22.824 1797 1935 D gralloc_ranchu: gralloc_alloc: Creating ashmem region of size 10371072
09-24 19:14:22.826 1797 1935 D gralloc_ranchu: gralloc_alloc: Creating ashmem region of size 10371072
09-24 19:14:22.837 2629 2671 D EGL_emulation: eglMakeCurrent: 0xe3e1a120: ver 3 0 (tinfo 0xe3e0f310)
09-24 19:14:22.848 2224 2239 I ndroid.systemu: NativeAlloc concurrent copying GC freed 22112(1581KB) AllocSpace objects, 4(208KB) LOS objects, 49% free, 3626KB/7252KB, paused 20us total 180.846ms
09-24 19:14:22.849 2201 2613 E ActivityThread: Failed to find provider info for com.google.android.gsf.gservices
09-24 19:14:22.851 2041 2041 D ConditionProviders.SCP: onReceive android.intent.action.TIMEZONE_CHANGED
09-24 19:14:22.851 2041 2041 D ConditionProviders.SCP: evaluateSubscriptionLocked cal=ScheduleCalendar[mDays={1, 2, 3, 4, 5, 6, 7}, mSchedule=ScheduleInfo{days=[1, 2, 3, 4, 5, 6, 7], startHour=22, startMinute=0, endHour=7, endMinute=0, exitAtAlarm=true, nextAlarm=Thu Jan 01 02:00:00 GMT+02:00 1970 (0)}], now=Tue Sep 24 19:14:22 GMT+03:00 2024 (1727194462851), nextUserAlarmTime=Thu Jan 01 02:00:00 GMT+02:00 1970 (0)
09-24 19:14:22.851 2041 2041 D ConditionProviders.SCP: notifyCondition condition://android/schedule?days=1.2.3.4.5.6.7&start=22.0&end=7.0&exitAtAlarm=true STATE_FALSE reason=!meetsSchedule
09-24 19:14:22.851 2041 2041 D ConditionProviders.SCP: Scheduling evaluate for Tue Sep 24 22:00:00 GMT+03:00 2024 (1727204400000), in +2h45m37s149ms, now=Tue Sep 24 19:14:22 GMT+03:00 2024 (1727194462851)
09-24 19:14:22.852 2041 2165 E ActivityThread: Failed to find provider info for com.android.calendar
09-24 19:14:22.852 2041 2165 E ActivityThread: Failed to find provider info for com.android.calendar
09-24 19:14:22.856 2041 2463 D timedetector.SimpleTimeDetectorStrategy: adjustAndSetDeviceSystemClock: Not setting system clock. New time and system clock are close enough. elapsedRealtimeMillis=14453 newTime=TimestampedValue{mReferenceTimeMillis=7112, mValue=1727194455000} reason=New time signal systemClockUpdateThreshold=2000 absTimeDifference=515
09-24 19:14:22.858 1780 1780 D Zygote : Forked child process 2683
09-24 19:14:22.860 2629 2671 D eglCodecCommon: setVertexArrayObject: set vao to 0 (0) 1 0
09-24 19:14:22.864 2041 2072 I ActivityManager: Start proc 2683:com.google.android.deskclock/u0a126 for broadcast {com.google.android.deskclock/com.android.deskclock.AlarmInitReceiver}
09-24 19:14:22.866 2683 2683 W droid.deskcloc: Unexpected CPU variant for X86 using defaults: x86
09-24 19:14:22.889 2683 2683 E droid.deskcloc: Not starting debugger since process cannot load the jdwp agent.
09-24 19:14:22.899 1681 1681 I hwservicemanager: getTransport: Cannot find entry android.hardware.radio.config@1.1::IRadioConfig/default in either framework or device manifest.
09-24 19:14:22.899 1681 1681 I hwservicemanager: getTransport: Cannot find entry android.hardware.radio.config@1.0::IRadioConfig/default in either framework or device manifest.
09-24 19:14:22.900 2041 2058 D ConnectivityService: requestNetwork for uid/pid:1001/2465 NetworkRequest [ TRACK_DEFAULT id=15, [ Capabilities: INTERNET&NOT_RESTRICTED&TRUSTED Uid: 1001] ]
09-24 19:14:22.900 1681 1681 I hwservicemanager: getTransport: Cannot find entry android.hardware.radio.config@1.1::IRadioConfig/default in either framework or device manifest.
09-24 19:14:22.901 1681 1681 I hwservicemanager: getTransport: Cannot find entry android.hardware.radio.config@1.0::IRadioConfig/default in either framework or device manifest.
09-24 19:14:22.901 2465 2465 D PhoneSwitcherNetworkRequstListener: got request NetworkRequest [ TRACK_DEFAULT id=9, [ Capabilities: INTERNET&NOT_RESTRICTED&TRUSTED Uid: 1000] ] with score 0 and serial -1
09-24 19:14:22.901 2465 2465 D PhoneSwitcherNetworkRequstListener: got request NetworkRequest [ REQUEST id=1, [ Capabilities: INTERNET&NOT_RESTRICTED&TRUSTED&NOT_VPN] ] with score 0 and serial -1
09-24 19:14:22.901 2465 2465 D PhoneSwitcherNetworkRequstListener: got request NetworkRequest [ TRACK_DEFAULT id=12, [ Capabilities: INTERNET&NOT_RESTRICTED&TRUSTED Uid: 10100] ] with score 0 and serial -1
09-24 19:14:22.901 2465 2465 D PhoneSwitcherNetworkRequstListener: got request NetworkRequest [ REQUEST id=7, [ Capabilities: INTERNET&NOT_RESTRICTED&TRUSTED&NOT_VPN] ] with score 0 and serial -1
09-24 19:14:22.901 2465 2465 D PhoneSwitcherNetworkRequstListener: got request NetworkRequest [ BACKGROUND_REQUEST id=2, [ Transports: CELLULAR Capabilities: INTERNET&NOT_RESTRICTED&TRUSTED&NOT_VPN] ] with score 0 and serial -1
09-24 19:14:22.901 2465 2465 D TelephonyDebugService: TelephonyDebugService()
09-24 19:14:22.907 2465 2465 D CarrierConfigLoader: mHandler: 12 phoneId: 0
09-24 19:14:22.907 2465 2465 D CarrierConfigLoader: Build fingerprint changed. old: null new: google/sdk_gphone_x86/generic_x86:10/QSR1.190920.001/5891938:user/release-keys
09-24 19:14:22.909 2201 2682 E ActivityThread: Failed to find provider info for com.google.android.gsf.gservices
09-24 19:14:22.917 2683 2683 D ApplicationLoaders: Returning zygote-cached class loader: /system/framework/android.hidl.base-V1.0-java.jar
09-24 19:14:22.917 2683 2683 D ApplicationLoaders: Returning zygote-cached class loader: /system/framework/android.hidl.manager-V1.0-java.jar
09-24 19:14:22.917 2683 2683 D ApplicationLoaders: Returning zygote-cached class loader: /system/framework/android.hidl.base-V1.0-java.jar
09-24 19:14:22.919 2683 2683 I droid.deskcloc: The ClassLoaderContext is a special shared library.
09-24 19:14:22.925 2683 2683 W ContextImpl: Failed to ensure /data/user/0/com.google.android.deskclock/cache: mkdir failed: ENOENT (No such file or directory)
09-24 19:14:22.925 2683 2683 W ContextImpl: Failed to update user.inode_cache: stat failed: ENOENT (No such file or directory)
09-24 19:14:22.947 2683 2683 W ContextImpl: Failed to ensure /data/user/0/com.google.android.deskclock/shared_prefs: mkdir failed: ENOENT (No such file or directory)
09-24 19:14:22.970 2683 2683 W PrimesInit: Primes instant initialization
09-24 19:14:22.971 2683 2683 I GAv4 : Google Analytics 11.0.11 is starting up. To enable debug logging on a device run:
09-24 19:14:22.971 2683 2683 I GAv4 : adb shell setprop log.tag.GAv4 DEBUG
09-24 19:14:22.971 2683 2683 I GAv4 : adb logcat -s GAv4
09-24 19:14:22.971 2683 2683 W ContextImpl: Failed to ensure /data/user/0/com.google.android.deskclock/shared_prefs: mkdir failed: ENOENT (No such file or directory)
09-24 19:14:22.973 2683 2710 W Primes : background initialization
09-24 19:14:22.982 2224 2224 I OpaEnabledReceiver: Dispatching OPA eligble = false; AGSA = true; OPA enabled = false
09-24 19:14:22.915 2201 2682 I chatty : uid=10098(com.google.android.gms) GoogleApiHandle identical 4 lines
09-24 19:14:22.915 2201 2682 E ActivityThread: Failed to find provider info for com.google.android.gsf.gservices
09-24 19:14:22.986 2683 2710 E ActivityThread: Failed to find provider info for com.google.android.gsf.gservices
09-24 19:14:22.987 2683 2710 W ContextImpl: Failed to ensure /data/user/0/com.google.android.deskclock/shared_prefs: mkdir failed: ENOENT (No such file or directory)
09-24 19:14:22.993 2683 2710 W Primes : Primes failed to initialized in the background
09-24 19:14:22.993 2683 2710 W Primes : java.lang.IllegalStateException: SharedPreferences in credential encrypted storage are not available until after user is unlocked
09-24 19:14:22.993 2683 2710 W Primes : at android.app.ContextImpl.getSharedPreferences(ContextImpl.java:458)
09-24 19:14:22.993 2683 2710 W Primes : at android.app.ContextImpl.getSharedPreferences(ContextImpl.java:443)
09-24 19:14:22.993 2683 2710 W Primes : at android.content.ContextWrapper.getSharedPreferences(ContextWrapper.java:178)
09-24 19:14:22.993 2683 2710 W Primes : at csh.a(PG:4)
09-24 19:14:22.993 2683 2710 W Primes : at csa.run(PG:18)
09-24 19:14:22.993 2683 2710 W Primes : at crz.run(PG:4)
09-24 19:14:22.993 2683 2710 W Primes : at java.util.concurrent.Executors$RunnableAdapter.call(Executors.java:462)
09-24 19:14:22.993 2683 2710 W Primes : at java.util.concurrent.FutureTask.run(FutureTask.java:266)
09-24 19:14:22.993 2683 2710 W Primes : at java.util.concurrent.ThreadPoolExecutor.runWorker(ThreadPoolExecutor.java:1167)
09-24 19:14:22.993 2683 2710 W Primes : at java.util.concurrent.ThreadPoolExecutor$Worker.run(ThreadPoolExecutor.java:641)
09-24 19:14:22.993 2683 2710 W Primes : at csx.run(PG:5)
09-24 19:14:22.993 2683 2710 W Primes : at java.lang.Thread.run(Thread.java:919)
09-24 19:14:23.005 2465 2465 D PhoneSwitcherNetworkRequstListener: got request NetworkRequest [ TRACK_DEFAULT id=15, [ Capabilities: INTERNET&NOT_RESTRICTED&TRUSTED Uid: 1001] ] with score 0 and serial 0
09-24 19:14:23.011 1779 2390 I netd : bandwidthSetGlobalAlert(2097152) <0.12ms>
09-24 19:14:23.014 1779 2390 I netd : bandwidthSetGlobalAlert(2097152) <0.04ms>
09-24 19:14:23.015 2041 2058 I WifiService: WifiService trying to set country code to us
09-24 19:14:23.016 2683 2683 I AlarmClock: AlarmInitReceiver android.intent.action.TIMEZONE_CHANGED
09-24 19:14:23.017 2465 2465 D ServiceStateProvider: subId=-1
09-24 19:14:23.018 2683 2716 W ContextImpl: Failed to ensure /data/user/0/com.google.android.deskclock/databases: mkdir failed: ENOENT (No such file or directory)
09-24 19:14:23.018 2224 2224 V StatusBar: mStatusBarWindow: com.android.systemui.statusbar.phone.StatusBarWindowView{bd3a575 V.E...... ......ID 0,0-1080,63} canPanelBeCollapsed(): false
09-24 19:14:23.023 2041 2463 W ActivityManager: Unable to start service Intent { act=com.google.android.gms.tapandpay.service.BIND pkg=com.google.android.gms } U=0: not found
09-24 19:14:23.023 2041 2463 W ActivityManager: Unbind failed: could not find connection for android.os.BinderProxy@a7b25bc
09-24 19:14:23.023 2224 2715 E GmsClient: unable to connect to service: com.google.android.gms.tapandpay.service.BIND on com.google.android.gms
09-24 19:14:23.030 2465 2465 I TelecomFramework: : onSubscriptionsChanged - update accounts
09-24 19:14:23.030 2465 2465 I TelecomFramework: TelecomAccountRegistry: setupAccounts: Found 1 phones. Attempting to register.
09-24 19:14:23.030 2465 2465 I TelecomFramework: TelecomAccountRegistry: setupAccounts: Phone with subscription id -1
09-24 19:14:23.030 2465 2465 I TelecomFramework: TelecomAccountRegistry: setupAccounts: adding default
09-24 19:14:23.030 2465 2465 E PhoneInterfaceManager: [PhoneIntfMgr] getIccId: No UICC
09-24 19:14:23.030 2465 2465 E PhoneInterfaceManager: [PhoneIntfMgr] isRttSupported: no Phone found. Invalid subId:-1
09-24 19:14:23.033 2041 2463 I Telecom : PhoneAccountRegistrar: New phone account registered: [[ ] PhoneAccount: ComponentInfo{com.android.phone/com.android.services.telephony.TelephonyConnectionService}, ***, UserHandle{0} Capabilities: CallProvider MultiUser PlaceEmerg SimSub Audio Routes: BESW Schemes: tel voicemail Extras: Bundle[{android.telecom.extra.SUPPORTS_VIDEO_CALLING_FALLBACK=true}] GroupId: ***]: TSI.rPA@AAY
09-24 19:14:23.035 2041 2463 I Telecom : CallsManager: Sending phone-account ComponentInfo{com.android.phone/com.android.services.telephony.TelephonyConnectionService}, ***, UserHandle{0} registered intent as user: TSI.rPA@AAY
09-24 19:14:23.035 2041 2463 I Telecom : CallsManager: Sending phone-account registered intent to default dialer: TSI.rPA@AAY
09-24 19:14:23.036 2465 2465 I TelecomFramework: AccountEntry: Registered phoneAccount: [[ ] PhoneAccount: ComponentInfo{com.android.phone/com.android.services.telephony.TelephonyConnectionService}, ***, UserHandle{0} Capabilities: CallProvider MultiUser PlaceEmerg SimSub Audio Routes: BESW Schemes: tel voicemail Extras: Bundle[{android.telecom.extra.SUPPORTS_VIDEO_CALLING_FALLBACK=true}] GroupId: ***] with handle: ComponentInfo{com.android.phone/com.android.services.telephony.TelephonyConnectionService}, ***, UserHandle{0}
09-24 19:14:23.036 2465 2465 I TelecomFramework: PstnIncomingCallNotifier: Registering: Handler (com.android.internal.telephony.GsmCdmaPhone) {25cbaa4}
09-24 19:14:23.037 2465 2465 D MultiSimSettingController: onSubscriptionsChanged
09-24 19:14:23.037 2465 2465 I TelecomFramework: : onSubscriptionsChanged - update accounts
09-24 19:14:23.037 2465 2465 I TelecomFramework: PstnIncomingCallNotifier: Unregistering: Handler (com.android.internal.telephony.GsmCdmaPhone) {25cbaa4}
09-24 19:14:23.037 2465 2465 I TelecomFramework: TelecomAccountRegistry: setupAccounts: Found 1 phones. Attempting to register.
09-24 19:14:23.037 2465 2465 I TelecomFramework: TelecomAccountRegistry: setupAccounts: Phone with subscription id -1
09-24 19:14:23.037 2465 2465 I TelecomFramework: TelecomAccountRegistry: setupAccounts: adding default
09-24 19:14:23.037 2465 2465 E PhoneInterfaceManager: [PhoneIntfMgr] getIccId: No UICC
09-24 19:14:23.037 2465 2465 E PhoneInterfaceManager: [PhoneIntfMgr] isRttSupported: no Phone found. Invalid subId:-1
09-24 19:14:23.038 2041 2463 I Telecom : PhoneAccountRegistrar: Modify account: [ComponentInfo{com.android.phone/com.android.services.telephony.TelephonyConnectionService}, ***, UserHandle{0}]: TSI.rPA@AAk
09-24 19:14:23.039 2041 2463 I Telecom : CallsManager: handlePhoneAccountChanged: phoneAccount=[[X] PhoneAccount: ComponentInfo{com.android.phone/com.android.services.telephony.TelephonyConnectionService}, ***, UserHandle{0} Capabilities: CallProvider MultiUser PlaceEmerg SimSub Audio Routes: BESW Schemes: tel voicemail Extras: Bundle[{android.telecom.extra.SUPPORTS_VIDEO_CALLING_FALLBACK=true}] GroupId: ***]: TSI.rPA@AAk
09-24 19:14:23.039 2465 2465 I TelecomFramework: AccountEntry: Registered phoneAccount: [[ ] PhoneAccount: ComponentInfo{com.android.phone/com.android.services.telephony.TelephonyConnectionService}, ***, UserHandle{0} Capabilities: CallProvider MultiUser PlaceEmerg SimSub Audio Routes: BESW Schemes: tel voicemail Extras: Bundle[{android.telecom.extra.SUPPORTS_VIDEO_CALLING_FALLBACK=true}] GroupId: ***] with handle: ComponentInfo{com.android.phone/com.android.services.telephony.TelephonyConnectionService}, ***, UserHandle{0}
09-24 19:14:23.040 2465 2465 I TelecomFramework: PstnIncomingCallNotifier: Registering: Handler (com.android.internal.telephony.GsmCdmaPhone) {25cbaa4}
09-24 19:14:23.040 2465 2465 D MultiSimSettingController: onSubscriptionsChanged
09-24 19:14:23.040 2465 2465 W PhoneGlobals: Can't get phone with sub id = -1
09-24 19:14:23.078 2224 2312 D HostConnection: HostConnection::get() New Host Connection established 0xca584e40, tid 2312
09-24 19:14:23.086 2465 2465 D IntentBroadcaster: Broadcasting and adding intent for rebroadcast: android.intent.action.SIM_STATE_CHANGED READY for slotId 0
09-24 19:14:23.088 2465 2465 I TelecomFramework: PstnPhoneCapabilitiesNotifier: handleVideoCapabilitesChanged. Video capability - false
09-24 19:14:23.088 2465 2465 E PhoneInterfaceManager: [PhoneIntfMgr] getIccId: No UICC
09-24 19:14:23.088 2465 2465 E PhoneInterfaceManager: [PhoneIntfMgr] isRttSupported: no Phone found. Invalid subId:-1
09-24 19:14:23.089 1780 1780 D Zygote : Forked child process 2720
09-24 19:14:23.091 2224 2312 D HostConnection: HostComposition ext ANDROID_EMU_CHECKSUM_HELPER_v1 ANDROID_EMU_dma_v1 ANDROID_EMU_direct_mem ANDROID_EMU_host_composition_v1 ANDROID_EMU_host_composition_v2 ANDROID_EMU_YUV420_888_to_NV21 ANDROID_EMU_YUV_Cache ANDROID_EMU_sync_buffer_data GL_OES_EGL_image_external_essl3 GL_OES_vertex_array_object ANDROID_EMU_host_side_tracing ANDROID_EMU_gles_max_version_3_0
09-24 19:14:23.088 2465 2465 I TelecomFramework: PstnPhoneCapabilitiesNotifier: handleVideoCapabilitesChanged. Video capability - false
09-24 19:14:23.091 2041 2617 I Telecom : PhoneAccountRegistrar: Modify account: [ComponentInfo{com.android.phone/com.android.services.telephony.TelephonyConnectionService}, ***, UserHandle{0}]: TSI.rPA@AAw
09-24 19:14:23.092 2041 2617 I Telecom : CallsManager: handlePhoneAccountChanged: phoneAccount=[[X] PhoneAccount: ComponentInfo{com.android.phone/com.android.services.telephony.TelephonyConnectionService}, ***, UserHandle{0} Capabilities: CallProvider MultiUser PlaceEmerg SimSub Audio Routes: BESW Schemes: tel voicemail Extras: Bundle[{android.telecom.extra.SUPPORTS_VIDEO_CALLING_FALLBACK=true}] GroupId: ***]: TSI.rPA@AAw
09-24 19:14:23.092 2224 2312 D eglCodecCommon: setVertexArrayObject: set vao to 0 (0) 0 0
09-24 19:14:23.092 2224 2312 D EGL_emulation: eglCreateContext: 0xe096adc0: maj 3 min 0 rcv 3
09-24 19:14:23.094 2041 2072 I ActivityManager: Start proc 2720:com.google.android.inputmethod.latin/u0a130 for service {com.google.android.inputmethod.latin/com.android.inputmethod.latin.LatinIME}
09-24 19:14:23.094 2683 2716 I AlarmClock: Alarms table created
09-24 19:14:23.094 2683 2716 I AlarmClock: Alarm instance table created
09-24 19:14:23.094 2683 2716 I AlarmClock: Inserted sample alarms
09-24 19:14:23.097 1797 1935 D gralloc_ranchu: gralloc_alloc: Creating ashmem region of size 5095424
09-24 19:14:23.105 2720 2720 W putmethod.lati: Unexpected CPU variant for X86 using defaults: x86
09-24 19:14:23.108 2224 2224 I Choreographer: Skipped 49 frames! The application may be doing too much work on its main thread.
09-24 19:14:23.116 2720 2720 E putmethod.lati: Not starting debugger since process cannot load the jdwp agent.
09-24 19:14:23.120 2224 2312 D EGL_emulation: eglMakeCurrent: 0xe096adc0: ver 3 0 (tinfo 0xec016d00)
09-24 19:14:23.124 1813 2672 D HostConnection: HostConnection::get() New Host Connection established 0xe0ea19a0, tid 2672
09-24 19:14:23.131 1813 2672 D HostConnection: HostComposition ext ANDROID_EMU_CHECKSUM_HELPER_v1 ANDROID_EMU_dma_v1 ANDROID_EMU_direct_mem ANDROID_EMU_host_composition_v1 ANDROID_EMU_host_composition_v2 ANDROID_EMU_YUV420_888_to_NV21 ANDROID_EMU_YUV_Cache ANDROID_EMU_sync_buffer_data GL_OES_EGL_image_external_essl3 GL_OES_vertex_array_object ANDROID_EMU_host_side_tracing ANDROID_EMU_gles_max_version_3_0
09-24 19:14:23.131 2683 2716 I AlarmClock: Connected Dock: null
09-24 19:14:23.133 2683 2716 I AlarmClock: Removing AlarmClockInfo
09-24 19:14:23.133 2041 2068 I chatty : uid=1000(system) android.bg expire 1 line
09-24 19:14:23.142 2041 2153 I chatty : uid=1000(system) NetworkPolicy expire 22 lines
09-24 19:14:23.143 1779 2390 I netd : bandwidthSetGlobalAlert(2097152) <0.09ms>
09-24 19:14:23.173 2720 2720 D ApplicationLoaders: Returning zygote-cached class loader: /system/framework/android.hidl.base-V1.0-java.jar
09-24 19:14:23.173 2720 2720 D ApplicationLoaders: Returning zygote-cached class loader: /system/framework/android.hidl.manager-V1.0-java.jar
09-24 19:14:23.173 2720 2720 D ApplicationLoaders: Returning zygote-cached class loader: /system/framework/android.hidl.base-V1.0-java.jar
09-24 19:14:23.183 2224 2445 D eglCodecCommon: setVertexArrayObject: set vao to 0 (0) 1 0
09-24 19:14:23.207 2465 2465 D ServiceStateProvider: subId=-1
09-24 19:14:23.208 1780 1780 D Zygote : Forked child process 2742
09-24 19:14:23.226 2224 2224 D StatusBar: disable disable2
09-24 19:14:23.226 2465 2465 I TelecomFramework: : onSubscriptionsChanged - update accounts
09-24 19:14:23.226 2465 2465 I TelecomFramework: PstnIncomingCallNotifier: Unregistering: Handler (com.android.internal.telephony.GsmCdmaPhone) {25cbaa4}
09-24 19:14:23.226 2465 2465 I TelecomFramework: TelecomAccountRegistry: setupAccounts: Found 1 phones. Attempting to register.
09-24 19:14:23.226 2465 2465 I TelecomFramework: TelecomAccountRegistry: setupAccounts: Phone with subscription id -1
09-24 19:14:23.226 2465 2465 I TelecomFramework: TelecomAccountRegistry: setupAccounts: adding default
09-24 19:14:23.226 2465 2465 E PhoneInterfaceManager: [PhoneIntfMgr] getIccId: No UICC
09-24 19:14:23.227 2465 2465 E PhoneInterfaceManager: [PhoneIntfMgr] isRttSupported: no Phone found. Invalid subId:-1
09-24 19:14:23.236 2041 2591 I Telecom : PhoneAccountRegistrar: Modify account: [ComponentInfo{com.android.phone/com.android.services.telephony.TelephonyConnectionService}, ***, UserHandle{0}]: TSI.rPA@AA0
09-24 19:14:23.237 2041 2591 I Telecom : CallsManager: handlePhoneAccountChanged: phoneAccount=[[X] PhoneAccount: ComponentInfo{com.android.phone/com.android.services.telephony.TelephonyConnectionService}, ***, UserHandle{0} Capabilities: CallProvider MultiUser PlaceEmerg SimSub Audio Routes: BESW Schemes: tel voicemail Extras: Bundle[{android.telecom.extra.SUPPORTS_VIDEO_CALLING_FALLBACK=true}] GroupId: ***]: TSI.rPA@AA0
09-24 19:14:23.237 2465 2465 I TelecomFramework: AccountEntry: Registered phoneAccount: [[ ] PhoneAccount: ComponentInfo{com.android.phone/com.android.services.telephony.TelephonyConnectionService}, ***, UserHandle{0} Capabilities: CallProvider MultiUser PlaceEmerg SimSub Audio Routes: BESW Schemes: tel voicemail Extras: Bundle[{android.telecom.extra.SUPPORTS_VIDEO_CALLING_FALLBACK=true}] GroupId: ***] with handle: ComponentInfo{com.android.phone/com.android.services.telephony.TelephonyConnectionService}, ***, UserHandle{0}
09-24 19:14:23.237 2465 2465 I TelecomFramework: PstnIncomingCallNotifier: Registering: Handler (com.android.internal.telephony.GsmCdmaPhone) {25cbaa4}
09-24 19:14:23.239 2465 2465 D MultiSimSettingController: onSubscriptionsChanged
09-24 19:14:23.241 2742 2742 W oadcastreceive: Unexpected CPU variant for X86 using defaults: x86
09-24 19:14:23.245 2720 2720 I putmethod.lati: The ClassLoaderContext is a special shared library.
09-24 19:14:23.259 2720 2720 W ContextImpl: Failed to ensure /data/user/0/com.google.android.inputmethod.latin/cache: mkdir failed: ENOENT (No such file or directory)
09-24 19:14:23.259 2720 2720 W ContextImpl: Failed to update user.inode_cache: stat failed: ENOENT (No such file or directory)
09-24 19:14:23.260 2041 2072 W ActivityManager: Slow operation: 107ms so far, now at startProcess: returned from zygote!
09-24 19:14:23.260 2041 2072 W ActivityManager: Slow operation: 107ms so far, now at startProcess: done updating battery stats
09-24 19:14:23.260 2041 2072 W ActivityManager: Slow operation: 107ms so far, now at startProcess: building log message
09-24 19:14:23.260 2041 2072 I ActivityManager: Start proc 2742:com.android.cellbroadcastreceiver/u0a57 for broadcast {com.android.cellbroadcastreceiver/com.android.cellbroadcastreceiver.CellBroadcastReceiver}
09-24 19:14:23.260 2041 2072 W ActivityManager: Slow operation: 107ms so far, now at startProcess: starting to update pids map
09-24 19:14:23.260 2041 2072 W ActivityManager: Slow operation: 107ms so far, now at startProcess: done updating pids map
09-24 19:14:23.264 2742 2742 E oadcastreceive: Not starting debugger since process cannot load the jdwp agent.
09-24 19:14:23.271 2224 2239 I ndroid.systemu: NativeAlloc concurrent copying GC freed 10914(1022KB) AllocSpace objects, 33(852KB) LOS objects, 49% free, 4514KB/9029KB, paused 20us total 192.688ms
09-24 19:14:23.283 2465 2465 W PhoneGlobals: Can't get phone with sub id = -1
09-24 19:14:23.293 2465 2465 D MccTable: updateMccMncConfiguration mccmnc='310260
09-24 19:14:23.293 2465 2465 D MccTable: updateMccMncConfiguration: mcc=310, mnc=260
09-24 19:14:23.293 2465 2465 D MccTable: updateMccMncConfiguration updateConfig config={0.0 310mcc260mnc ?localeList ?layoutDir ?swdp ?wdp ?hdp ?density ?lsize ?long ?ldr ?wideColorGamut ?orien ?uimode ?night ?touch ?keyb/?/? ?nav/? winConfig={ mBounds=Rect(0, 0 - 0, 0) mAppBounds=null mWindowingMode=undefined mDisplayWindowingMode=undefined mActivityType=undefined mAlwaysOnTop=undefined mRotation=undefined}}
09-24 19:14:23.301 2041 2591 I ActivityTaskManager: Config changes=3 {1.0 310mcc260mnc [en_US] ldltr sw411dp w411dp h842dp 420dpi nrml long port finger qwerty/v/v dpad/v winConfig={ mBounds=Rect(0, 0 - 1080, 2400) mAppBounds=Rect(0, 0 - 1080, 2274) mWindowingMode=fullscreen mDisplayWindowingMode=fullscreen mActivityType=undefined mAlwaysOnTop=undefined mRotation=ROTATION_0} s.6}
09-24 19:14:23.312 2041 2591 I ActivityTaskManager: Override config changes=3 {1.0 310mcc260mnc [en_US] ldltr sw411dp w411dp h842dp 420dpi nrml long port finger qwerty/v/v dpad/v winConfig={ mBounds=Rect(0, 0 - 1080, 2400) mAppBounds=Rect(0, 0 - 1080, 2274) mWindowingMode=fullscreen mDisplayWindowingMode=fullscreen mActivityType=undefined mAlwaysOnTop=undefined mRotation=ROTATION_0} s.6} for displayId=0
09-24 19:14:23.319 2041 2054 I chatty : uid=1000(system) HeapTaskDaemon expire 1 line
09-24 19:14:23.329 2742 2742 I oadcastreceive: The ClassLoaderContext is a special shared library.
09-24 19:14:23.330 2041 2041 V SettingsProvider: Notifying for 0: content://settings/global/audio_safe_volume_state
09-24 19:14:23.335 2465 2465 I TelecomFramework: PstnPhoneCapabilitiesNotifier: handleVideoCapabilitesChanged. Video capability - false
09-24 19:14:23.336 2465 2465 E PhoneInterfaceManager: [PhoneIntfMgr] getIccId: No UICC
09-24 19:14:23.337 2465 2465 E PhoneInterfaceManager: [PhoneIntfMgr] isRttSupported: no Phone found. Invalid subId:-1
09-24 19:14:23.366 2041 2617 I Telecom : PhoneAccountRegistrar: Modify account: [ComponentInfo{com.android.phone/com.android.services.telephony.TelephonyConnectionService}, ***, UserHandle{0}]: TSI.rPA@ABA
09-24 19:14:23.366 2041 2617 I Telecom : CallsManager: handlePhoneAccountChanged: phoneAccount=[[X] PhoneAccount: ComponentInfo{com.android.phone/com.android.services.telephony.TelephonyConnectionService}, ***, UserHandle{0} Capabilities: CallProvider MultiUser PlaceEmerg SimSub Audio Routes: BESW Schemes: tel voicemail Extras: Bundle[{android.telecom.extra.SUPPORTS_VIDEO_CALLING_FALLBACK=true}] GroupId: ***]: TSI.rPA@ABA
09-24 19:14:23.474 2742 2742 D CellBroadcastReceiver: onReceive Intent { act=android.intent.action.SERVICE_STATE flg=0x1000010 cmp=com.android.cellbroadcastreceiver/.CellBroadcastReceiver (has extras) }
09-24 19:14:23.495 2465 2465 D MultiSimSettingController: onSubscriptionsChanged
09-24 19:14:23.518 2465 2465 I TelecomFramework: : onSubscriptionsChanged - update accounts
09-24 19:14:23.518 2465 2465 I TelecomFramework: PstnIncomingCallNotifier: Unregistering: Handler (com.android.internal.telephony.GsmCdmaPhone) {25cbaa4}
09-24 19:14:23.518 2465 2465 I TelecomFramework: TelecomAccountRegistry: setupAccounts: Found 1 phones. Attempting to register.
09-24 19:14:23.518 2465 2465 I TelecomFramework: TelecomAccountRegistry: setupAccounts: Phone with subscription id -1
09-24 19:14:23.518 2465 2465 I TelecomFramework: TelecomAccountRegistry: setupAccounts: adding default
09-24 19:14:23.522 1797 1935 D gralloc_ranchu: gralloc_alloc: Creating ashmem region of size 5095424
09-24 19:14:23.529 2465 2465 E PhoneInterfaceManager: [PhoneIntfMgr] getIccId: No UICC
09-24 19:14:23.530 2465 2465 E PhoneInterfaceManager: [PhoneIntfMgr] isRttSupported: no Phone found. Invalid subId:-1
09-24 19:14:23.536 1779 2390 I netd : bandwidthSetGlobalAlert(2097152) <0.08ms>
09-24 19:14:23.537 2041 2617 I Telecom : PhoneAccountRegistrar: Modify account: [ComponentInfo{com.android.phone/com.android.services.telephony.TelephonyConnectionService}, ***, UserHandle{0}(addr: tel:************ -> tel:)(subAddr: tel:************ -> tel:)]: TSI.rPA@ABE
09-24 19:14:23.538 2041 2617 I Telecom : CallsManager: handlePhoneAccountChanged: phoneAccount=[[X] PhoneAccount: ComponentInfo{com.android.phone/com.android.services.telephony.TelephonyConnectionService}, ***, UserHandle{0} Capabilities: CallProvider MultiUser PlaceEmerg SimSub Audio Routes: BESW Schemes: tel voicemail Extras: Bundle[{android.telecom.extra.SUPPORTS_VIDEO_CALLING_FALLBACK=true}] GroupId: ***]: TSI.rPA@ABE
09-24 19:14:23.538 2465 2465 I TelecomFramework: AccountEntry: Registered phoneAccount: [[ ] PhoneAccount: ComponentInfo{com.android.phone/com.android.services.telephony.TelephonyConnectionService}, ***, UserHandle{0} Capabilities: CallProvider MultiUser PlaceEmerg SimSub Audio Routes: BESW Schemes: tel voicemail Extras: Bundle[{android.telecom.extra.SUPPORTS_VIDEO_CALLING_FALLBACK=true}] GroupId: ***] with handle: ComponentInfo{com.android.phone/com.android.services.telephony.TelephonyConnectionService}, ***, UserHandle{0}
