09-24 19:14:38.892 2041 2072 I ActivityManager: Start proc 5324:com.google.android.apps.messaging:rcs/u0a122 for broadcast {com.google.android.apps.messaging/com.google.android.ims.receiver.AutoStartReceiver}
09-24 19:14:38.897 5324 5324 W s.messaging:rc: Unexpected CPU variant for X86 using defaults: x86
09-24 19:14:38.900 3284 5286 I Finsky : [239] nxq.a(7): Writing flags config, size 1.
09-24 19:14:38.900 3284 5286 I Finsky : [239] nxq.a(7): Started writing experiment flags into file [3iTZK60-XSU6ycLHV1Pe7j2ByDQ].
09-24 19:14:38.901 3284 5286 I Finsky : [239] nxq.a(26): Finished writing experiment flags into file [3iTZK60-XSU6ycLHV1Pe7j2ByDQ].
09-24 19:14:38.901 3284 5286 I Finsky : [239] nxt.b(19): Successfully applied new configurations for package com.google.android.finsky.regular.
09-24 19:14:38.902 3284 5285 I Finsky : [238] nxt.b(1): Triggered update for experiment package com.google.android.finsky.stable.
09-24 19:14:38.909 3284 3404 D GetExperimentTokensOper: Clearing ExperimentTokensCache
09-24 19:14:38.916 4345 4490 W SystemServiceRegistry: No service published for: persistent_data_block
09-24 19:14:38.919 3284 3404 D HeterodyneSyncer: Heterodyne Request: # agfs@65a14ba2
09-24 19:14:38.920 3284 3404 D ApacheHttpTransport: Contacting Heterodyne at https://www.googleapis.com/experimentsandconfigs/v1/getExperimentsAndConfigs?r=13&c=128
09-24 19:14:38.920 3284 3404 I RequestAddCookies: Cookie store not available in HTTP context
09-24 19:14:38.921 5324 5324 E s.messaging:rc: Not starting debugger since process cannot load the jdwp agent.
09-24 19:14:38.930 5324 5324 D ApplicationLoaders: Returning zygote-cached class loader: /system/framework/android.hidl.base-V1.0-java.jar
09-24 19:14:38.930 5324 5324 D ApplicationLoaders: Returning zygote-cached class loader: /system/framework/android.hidl.manager-V1.0-java.jar
09-24 19:14:38.930 5324 5324 D ApplicationLoaders: Returning zygote-cached class loader: /system/framework/android.hidl.base-V1.0-java.jar
09-24 19:14:38.931 5324 5324 I s.messaging:rc: The ClassLoaderContext is a special shared library.
09-24 19:14:38.944 5324 5324 I s.messaging:rc: The ClassLoaderContext is a special shared library.
09-24 19:14:38.949 5324 5324 I MultiDex: VM with version 2.1.0 has multidex support
09-24 19:14:38.949 5324 5324 I MultiDex: install
09-24 19:14:38.949 5324 5324 I MultiDex: VM has multidex support, MultiDex support library is disabled.
09-24 19:14:38.966 1779 5346 E ResolverController: No valid NAT64 prefix (101, /0)
09-24 19:14:38.966 3284 3404 I ResponseProcessCookies: Cookie store not available in HTTP context
09-24 19:14:38.969 1779 5347 E ResolverController: No valid NAT64 prefix (101, /0)
09-24 19:14:38.970 3284 3404 D HeterodyneSyncer: Heterodyne Response: # agfv@1bb6ff5d
09-24 19:14:38.970 3284 3404 D HeterodyneSyncer: 5: 1726666004
09-24 19:14:38.971 2518 3698 I CheckinUtil: Classify the device as Phone.
09-24 19:14:38.971 2201 2219 I .gms.persisten: Background young concurrent copying GC freed 57141(3503KB) AllocSpace objects, 10(740KB) LOS objects, 18% free, 9850KB/11MB, paused 14.819ms total 205.630ms
09-24 19:14:38.972 3284 3404 D HeterodyneSyncer: update last fetch to 1727192400
09-24 19:14:38.979 2518 3698 I CheckinConnFactory: Get token from PseudonymousIdApi: 517=paiRIWhIXTghtyHqprIJ5oJdbzefmKazuwqAIPpTy0_8LloE-lSpRGsr2y4JnmUBQPeeA-Ajp-Hf8hPPv9-hoB8TGCus6gay2B8CSt7LzQv-bhemXWQW9TiEq7mYVIQeV14-WyfKLu39767T1sHsRWGqHm14pblu5SKqKWOnmqdXnv8YFtHBfuq-UmwDtX-1ZxGuvUo2_xl6
09-24 19:14:38.980 2518 3698 I CheckinRequestProcessor: set cookie as: NID=517=paiRIWhIXTghtyHqprIJ5oJdbzefmKazuwqAIPpTy0_8LloE-lSpRGsr2y4JnmUBQPeeA-Ajp-Hf8hPPv9-hoB8TGCus6gay2B8CSt7LzQv-bhemXWQW9TiEq7mYVIQeV14-WyfKLu39767T1sHsRWGqHm14pblu5SKqKWOnmqdXnv8YFtHBfuq-UmwDtX-1ZxGuvUo2_xl6
09-24 19:14:38.980 3284 3404 D HeterodyneSyncer: Update request tag - changed
09-24 19:14:38.980 3284 3404 D HeterodyneSyncer: update experiment token: com.google.android.finsky.stable, 81526700,
09-24 19:14:38.981 3284 3404 D HeterodyneSyncer: update application tag, changed: com.google.android.finsky.stable, 81526700, , 0
09-24 19:14:38.981 3284 3404 D HeterodyneSyncer: Clearing partition: 0
09-24 19:14:38.981 3284 3404 D HeterodyneSyncer: updateFlag: com.google.android.finsky.stable, 81526700, 0, , AutoUpdate__enable_atomic_install_cancel_oversample
09-24 19:14:38.982 3284 3404 D HeterodyneSyncer: updateFlag: com.google.android.finsky.stable, 81526700, 0, , AutoUpdate__enable_atomic_install_content_sync_stable
09-24 19:14:38.982 3284 3404 D HeterodyneSyncer: updateFlag: com.google.android.finsky.stable, 81526700, 0, , AutoUpdate__enable_atomic_install_organic_reboot_stable
09-24 19:14:38.982 3284 3404 D HeterodyneSyncer: updateFlag: com.google.android.finsky.stable, 81526700, 0, , AutoUpdate__enable_battery_relaxation
09-24 19:14:38.982 3284 3404 D HeterodyneSyncer: updateFlag: com.google.android.finsky.stable, 81526700, 0, , CacheAndSync__enable_cache_and_sync
09-24 19:14:38.982 3284 3404 D HeterodyneSyncer: updateFlag: com.google.android.finsky.stable, 81526700, 0, , CacheAndSync__enable_cache_and_sync_images
09-24 19:14:38.982 3284 3404 D HeterodyneSyncer: updateFlag: com.google.android.finsky.stable, 81526700, 0, , D30Vx__enable_actionbar_gifting
09-24 19:14:38.982 3284 3404 D HeterodyneSyncer: updateFlag: com.google.android.finsky.stable, 81526700, 0, , D30Vx__enable_d30_for_vx
09-24 19:14:38.982 3284 3404 D HeterodyneSyncer: updateFlag: com.google.android.finsky.stable, 81526700, 0, , DiskBasedCacheV2__enable_disk_based_cache_v2
09-24 19:14:38.982 3284 3404 D HeterodyneSyncer: updateFlag: com.google.android.finsky.stable, 81526700, 0, , EnableBadgeRedesign__enable_exposure_notification_badge
09-24 19:14:38.982 3284 3404 D HeterodyneSyncer: updateFlag: com.google.android.finsky.stable, 81526700, 0, , GooglePlayProtect__enable_new_gpp_security_summary_in_my_apps
09-24 19:14:38.982 3284 3404 D HeterodyneSyncer: updateFlag: com.google.android.finsky.stable, 81526700, 0, , ImageOptimizations__use_cached_larger_image
09-24 19:14:38.982 3284 3404 D HeterodyneSyncer: updateFlag: com.google.android.finsky.stable, 81526700, 0, , ImageOptimizations__use_custom_image_decoding
09-24 19:14:38.982 3284 3404 D HeterodyneSyncer: updateFlag: com.google.android.finsky.stable, 81526700, 0, , Installer__enable_installer_installable_check
09-24 19:14:38.982 3284 3404 D HeterodyneSyncer: updateFlag: com.google.android.finsky.stable, 81526700, 0, , Installer__install_flow_logging_redesign
09-24 19:14:38.982 3284 3404 D HeterodyneSyncer: updateFlag: com.google.android.finsky.stable, 81526700, 0, , Installer__installer_start_delay_ms
09-24 19:14:38.982 3284 3404 D HeterodyneSyncer: updateFlag: com.google.android.finsky.stable, 81526700, 0, , Installer__override_constraints_for_same_reason
09-24 19:14:38.982 3284 3404 D HeterodyneSyncer: updateFlag: com.google.android.finsky.stable, 81526700, 0, , LiveOps__enable_empty_stream_page
09-24 19:14:38.982 3284 3404 D HeterodyneSyncer: updateFlag: com.google.android.finsky.stable, 81526700, 0, , LiveOps__enable_event_details_page
09-24 19:14:38.982 3284 3404 D HeterodyneSyncer: updateFlag: com.google.android.finsky.stable, 81526700, 0, , NativeBrotliCompression__native_brotli_compressed_fbf_patches_targeting_controller
09-24 19:14:38.982 3284 3404 D HeterodyneSyncer: updateFlag: com.google.android.finsky.stable, 81526700, 0, , NetworkOptimizations__enable_dns_cache_warmup
09-24 19:14:38.982 3284 3404 D HeterodyneSyncer: updateFlag: com.google.android.finsky.stable, 81526700, 0, , NetworkOptimizations__enable_dns_cache_warmup_for_image_domains
09-24 19:14:38.983 3284 3404 D HeterodyneSyncer: updateFlag: com.google.android.finsky.stable, 81526700, 0, , NetworkOptimizations__enable_dns_cache_warmup_logging
09-24 19:14:38.983 3284 3404 D HeterodyneSyncer: updateFlag: com.google.android.finsky.stable, 81526700, 0, , NetworkOptimizations__enable_network_error_logging
09-24 19:14:38.983 3284 3404 D HeterodyneSyncer: updateFlag: com.google.android.finsky.stable, 81526700, 0, , NetworkOptimizations__enable_quic_connection_options
09-24 19:14:38.983 5324 5351 I Bugle : GServicesValues:
09-24 19:14:38.983 5324 5351 I Bugle : bugle_enable_primes_crash_metrics: true
09-24 19:14:38.983 5324 5351 I Bugle : bugle_max_telemetry_upload_retries: 10
09-24 19:14:38.983 5324 5351 I Bugle : bugle_sticker_set_list_version: 3
09-24 19:14:38.983 3284 3404 D HeterodyneSyncer: updateFlag: com.google.android.finsky.stable, 81526700, 0, , NetworkOptimizations__enable_quic_hint_for_image_domains
09-24 19:14:38.983 3284 3404 D HeterodyneSyncer: updateFlag: com.google.android.finsky.stable, 81526700, 0, , NetworkOptimizations__enable_quic_idle_connection_timeout
09-24 19:14:38.983 3284 3404 D HeterodyneSyncer: updateFlag: com.google.android.finsky.stable, 81526700, 0, , NetworkOptimizations__enable_stale_dns
09-24 19:14:38.983 3284 3404 D HeterodyneSyncer: updateFlag: com.google.android.finsky.stable, 81526700, 0, , ProfileInception__aot_compilation_killswitch
09-24 19:14:38.983 3284 3404 D HeterodyneSyncer: updateFlag: com.google.android.finsky.stable, 81526700, 0, , ProfileInception__enabled_versions
09-24 19:14:38.983 3284 3404 D HeterodyneSyncer: updateFlag: com.google.android.finsky.stable, 81526700, 0, , ReviewAcquisition__enable_review_acquisition_redesign
09-24 19:14:38.983 3284 3404 D HeterodyneSyncer: updateFlag: com.google.android.finsky.stable, 81526700, 0, , ReviewCache__enable_persistent_review_cache
09-24 19:14:38.983 3284 3404 D HeterodyneSyncer: updateFlag: com.google.android.finsky.stable, 81526700, 0, , ReviewConsumption__enable_review_consumption_redesign
09-24 19:14:38.983 3284 3404 D HeterodyneSyncer: updateFlag: com.google.android.finsky.stable, 81526700, 0, , ReviewConsumption__enable_review_consumption_redesign_for_vx
09-24 19:14:38.983 3284 3404 D HeterodyneSyncer: updateFlag: com.google.android.finsky.stable, 81526700, 0, , ReviewConsumption__review_consumption_redesign_no_op
09-24 19:14:38.983 3284 3404 D HeterodyneSyncer: updateFlag: com.google.android.finsky.stable, 81526700, 0, , SelfUpdate__enable_self_update_v2
09-24 19:14:38.983 3284 3404 D HeterodyneSyncer: updateFlag: com.google.android.finsky.stable, 81526700, 0, , SingletonViewPool__enable_singleton_view_pool
09-24 19:14:38.983 3284 3404 D HeterodyneSyncer: updateFlag: com.google.android.finsky.stable, 81526700, 0, , StickyTab__sticky_tab_reset_value
09-24 19:14:38.983 3284 3404 D HeterodyneSyncer: updateFlag: com.google.android.finsky.stable, 81526700, 0, , WearHygieneOptimization__enable_wear_hygiene_optimization
09-24 19:14:38.984 5324 5324 W BugleStartup: StartupHandler: ContentProvider startup tasks did not execute before Application onCreate(), executed in onApplicationCreated().
09-24 19:14:38.984 1779 5352 E ResolverController: No valid NAT64 prefix (101, /0)
09-24 19:14:38.984 5324 5324 I Bugle : BugleApplicationBase: Bugle version: 4.1.067 (ettin_rc12_alldpi.x86.phone)
09-24 19:14:38.985 3284 3404 D HeterodyneSyncer: update application tag, changed: com.google.android.finsky.stable, 81526700, , 2
09-24 19:14:38.985 3284 3404 D HeterodyneSyncer: Clearing partition: 2
09-24 19:14:38.985 3284 3404 D HeterodyneSyncer: updateFlag: com.google.android.finsky.stable, 81526700, 2, , JankLogging__enable_jank_logging
09-24 19:14:38.985 3284 3404 D HeterodyneSyncer: updateFlag: com.google.android.finsky.stable, 81526700, 2, , PrimesLogging__enable_memory_logging
09-24 19:14:38.985 3284 3404 D HeterodyneSyncer: updateFlag: com.google.android.finsky.stable, 81526700, 2, , PrimesLogging__enable_package_stats_logging
09-24 19:14:38.985 3284 3404 D HeterodyneSyncer: update application tag, changed: com.google.android.finsky.stable, 81526700, , 3
09-24 19:14:38.985 3284 3404 D HeterodyneSyncer: Clearing partition: 3
09-24 19:14:38.985 3284 3404 D HeterodyneSyncer: updateFlag: com.google.android.finsky.stable, 81526700, 3, , AlleyOopOnItemModelStable__custom_detailed_page_app_id_exclusion_list
09-24 19:14:38.985 3284 3404 D HeterodyneSyncer: updateFlag: com.google.android.finsky.stable, 81526700, 3, , AutoUpdate__battery_relax_battery_percent_budget
09-24 19:14:38.985 3284 3404 D HeterodyneSyncer: updateFlag: com.google.android.finsky.stable, 81526700, 3, , AutoUpdate__battery_relax_num_apps_budget
09-24 19:14:38.985 3284 3404 D HeterodyneSyncer: updateFlag: com.google.android.finsky.stable, 81526700, 3, , AutoUpdate__enable_atomic_install_auto_update_stable
09-24 19:14:38.985 3284 3404 D HeterodyneSyncer: updateFlag: com.google.android.finsky.stable, 81526700, 3, , AutoUpdate__enable_atomic_install_high_priority_update_stable
09-24 19:14:38.985 3284 3404 D HeterodyneSyncer: updateFlag: com.google.android.finsky.stable, 81526700, 3, , Billing__direct_purchase_api_caller_allowlist_for_apps
09-24 19:14:38.985 3284 3404 D HeterodyneSyncer: updateFlag: com.google.android.finsky.stable, 81526700, 3, , Billing__enable_subscription_instrument_update
09-24 19:14:38.986 3284 3404 D HeterodyneSyncer: updateFlag: com.google.android.finsky.stable, 81526700, 3, , Billing__enable_third_party_direct_purchases
09-24 19:14:38.986 3284 3404 D HeterodyneSyncer: updateFlag: com.google.android.finsky.stable, 81526700, 3, , Billing__enable_third_party_subscription_instrument_update
09-24 19:14:38.986 3284 3404 D HeterodyneSyncer: updateFlag: com.google.android.finsky.stable, 81526700, 3, , BooksExperiments__enable_orson_search_result_format_labels_exp
09-24 19:14:38.986 3284 3404 D HeterodyneSyncer: updateFlag: com.google.android.finsky.stable, 81526700, 3, , BooksExperiments__enable_sample_control
09-24 19:14:38.986 3284 3404 D HeterodyneSyncer: updateFlag: com.google.android.finsky.stable, 81526700, 3, , CrossFormFactorInstall__enable_filter_device_without_installation_details
09-24 19:14:38.986 3284 3404 D HeterodyneSyncer: updateFlag: com.google.android.finsky.stable, 81526700, 3, , DeepLinkDetailsPage__last_pop_with_item_model_to_persistent_nav_id_override
09-24 19:14:38.986 3284 3404 D HeterodyneSyncer: updateFlag: com.google.android.finsky.stable, 81526700, 3, , DeepLinkDetailsPage__use_toc_default_persistent_nav_id_for_last_pop_with_item_model
09-24 19:14:38.986 3284 3404 D HeterodyneSyncer: updateFlag: com.google.android.finsky.stable, 81526700, 3, , DocKeyedCache__enable_item_cache_clearing
09-24 19:14:38.986 3284 3404 D HeterodyneSyncer: updateFlag: com.google.android.finsky.stable, 81526700, 3, , DocKeyedCache__item_cache_size_in_mb
09-24 19:14:38.986 3284 3404 D HeterodyneSyncer: updateFlag: com.google.android.finsky.stable, 81526700, 3, , DownloadService__enable_better_locking
09-24 19:14:38.986 3284 3404 D HeterodyneSyncer: updateFlag: com.google.android.finsky.stable, 81526700, 3, , Downloadbuddy__unopened_threshold_duration_minutes
09-24 19:14:38.986 3284 3404 D HeterodyneSyncer: updateFlag: com.google.android.finsky.stable, 81526700, 3, , EnableBadgeRedesign__content_rating_learn_more_url_param
09-24 19:14:38.986 3284 3404 D HeterodyneSyncer: updateFlag: com.google.android.finsky.stable, 81526700, 3, , EnableBadgeRedesign__enable_new_game_discover_tag
09-24 19:14:38.986 3284 3404 D HeterodyneSyncer: updateFlag: com.google.android.finsky.stable, 81526700, 3, , EnableBadgeRedesign__enable_preregistration_discover_tag
09-24 19:14:38.986 3284 3404 D HeterodyneSyncer: updateFlag: com.google.android.finsky.stable, 81526700, 3, , EnableBadgeRedesign__exposure_notification_badge_image_url
09-24 19:14:38.986 3284 3404 D HeterodyneSyncer: updateFlag: com.google.android.finsky.stable, 81526700, 3, , EnableBadgeRedesign__new_game_cutoff_days
09-24 19:14:38.986 3284 3404 D HeterodyneSyncer: updateFlag: com.google.android.finsky.stable, 81526700, 3, , EnableBadgeRedesign__show_apk_size_badge
09-24 19:14:38.986 3284 3404 D HeterodyneSyncer: updateFlag: com.google.android.finsky.stable, 81526700, 3, , FlexibleContentCluster__enable_fife_in_app_comic_card
09-24 19:14:38.986 3284 3404 D HeterodyneSyncer: updateFlag: com.google.android.finsky.stable, 81526700, 3, , FlexibleContentCluster__enable_neutral_scrim_color_for_app_moments
09-24 19:14:38.986 3284 3404 D HeterodyneSyncer: updateFlag: com.google.android.finsky.stable, 81526700, 3, , FlexibleContentCluster__enable_theme_color_editorial_article_cards
09-24 19:14:38.986 3284 3404 D HeterodyneSyncer: updateFlag: com.google.android.finsky.stable, 81526700, 3, , GetItemsContext__enable_get_items_context_for_details_page
09-24 19:14:38.986 3284 3404 D HeterodyneSyncer: updateFlag: com.google.android.finsky.stable, 81526700, 3, , GooglePlayProtect__enable_gpp_home_in_phonesky
09-24 19:14:38.986 3284 3404 D HeterodyneSyncer: updateFlag: com.google.android.finsky.stable, 81526700, 3, , InstallApi__enable_arc_direct_push_install
09-24 19:14:38.986 3284 3404 D HeterodyneSyncer: updateFlag: com.google.android.finsky.stable, 81526700, 3, , Installer__support_atomic_installs
09-24 19:14:38.986 3284 3404 D HeterodyneSyncer: updateFlag: com.google.android.finsky.stable, 81526700, 3, , Installer__support_install_existing_package_async
09-24 19:14:38.986 3284 3404 D HeterodyneSyncer: updateFlag: com.google.android.finsky.stable, 81526700, 3, , JpkrHomepageRedesign__enable_jpkr_homepage_redesign_v1
09-24 19:14:38.986 3284 3404 D HeterodyneSyncer: updateFlag: com.google.android.finsky.stable, 81526700, 3, , MoviesExperiments__enabled_primetime_k2
09-24 19:14:38.986 3284 3404 D HeterodyneSyncer: updateFlag: com.google.android.finsky.stable, 81526700, 3, , NetworkOptimizations__enable_async_dns
09-24 19:14:38.986 3284 3404 D HeterodyneSyncer: updateFlag: com.google.android.finsky.stable, 81526700, 3, , NetworkOptimizations__image_domains_for_network_optimization
09-24 19:14:38.986 3284 3404 D HeterodyneSyncer: updateFlag: com.google.android.finsky.stable, 81526700, 3, , PhoneskyDeviceTier__device_tier
09-24 19:14:38.986 3284 3404 D HeterodyneSyncer: updateFlag: com.google.android.finsky.stable, 81526700, 3, , PlayPrewarm__is_enabled
09-24 19:14:38.986 3284 3404 D HeterodyneSyncer: updateFlag: com.google.android.finsky.stable, 81526700, 3, , PlayPrewarm__use_main_looper_in_unbind_timer
09-24 19:14:38.986 3284 3404 D HeterodyneSyncer: updateFlag: com.google.android.finsky.stable, 81526700, 3, , PlayShield__enable_ad_shield_client_instantiation_fix
09-24 19:14:38.986 3284 3404 D HeterodyneSyncer: updateFlag: com.google.android.finsky.stable, 81526700, 3, , PolicyTesting__enable_bool_flag
09-24 19:14:38.987 3284 3404 D HeterodyneSyncer: updateFlag: com.google.android.finsky.stable, 81526700, 3, , PolicyTesting__test_int_flag
09-24 19:14:38.987 3284 3404 D HeterodyneSyncer: updateFlag: com.google.android.finsky.stable, 81526700, 3, , PolicyTesting__test_string_flag
09-24 19:14:38.987 3284 3404 D HeterodyneSyncer: updateFlag: com.google.android.finsky.stable, 81526700, 3, , PrimesLogging__enable_battery_stats_logging
09-24 19:14:38.987 3284 3404 D HeterodyneSyncer: updateFlag: com.google.android.finsky.stable, 81526700, 3, , PrimesLogging__primes_logging_bool_param
09-24 19:14:38.987 3284 3404 D HeterodyneSyncer: updateFlag: com.google.android.finsky.stable, 81526700, 3, , PrivateFeedback__enable_private_feedback_redesign
09-24 19:14:38.987 3284 3404 D HeterodyneSyncer: updateFlag: com.google.android.finsky.stable, 81526700, 3, , ReEngagementAds__enable_multi_layout_cluster
09-24 19:14:38.987 3284 3404 D HeterodyneSyncer: updateFlag: com.google.android.finsky.stable, 81526700, 3, , ReleaseNotesIntegration__test_bool_flag
09-24 19:14:38.987 3284 3404 D HeterodyneSyncer: updateFlag: com.google.android.finsky.stable, 81526700, 3, , ReleaseNotesIntegration__test_int_flag
09-24 19:14:38.987 3284 3404 D HeterodyneSyncer: updateFlag: com.google.android.finsky.stable, 81526700, 3, , ReleaseNotesIntegration__test_string_flag
09-24 19:14:38.987 3284 3404 D HeterodyneSyncer: updateFlag: com.google.android.finsky.stable, 81526700, 3, , RequestQos__enable_latency_tolerant_qos_endpoints
09-24 19:14:38.987 3284 3404 D HeterodyneSyncer: updateFlag: com.google.android.finsky.stable, 81526700, 3, , ReviewCache__enable_persistent_review_cache_for_dp
09-24 19:14:38.987 3284 3404 D HeterodyneSyncer: updateFlag: com.google.android.finsky.stable, 81526700, 3, , SettingsPage__legal_notice_menu_url
09-24 19:14:38.987 3284 3404 D HeterodyneSyncer: updateFlag: com.google.android.finsky.stable, 81526700, 3, , SharedCacheClearing__unique_id
09-24 19:14:38.987 3284 3404 D HeterodyneSyncer: updateFlag: com.google.android.finsky.stable, 81526700, 3, , TestNetwork__use_dfe_v2
09-24 19:14:38.987 3284 3404 D HeterodyneSyncer: updateFlag: com.google.android.finsky.stable, 81526700, 3, , TestingPrograms__disable_share_for_pre_release_app
09-24 19:14:38.987 3284 3404 D HeterodyneSyncer: updateFlag: com.google.android.finsky.stable, 81526700, 3, , TestingPrograms__enable_closed_testing_program_details_page
09-24 19:14:38.987 3284 3404 D HeterodyneSyncer: updateFlag: com.google.android.finsky.stable, 81526700, 3, , TestingPrograms__enable_internal_testing_program_details_page
09-24 19:14:38.987 3284 3404 D HeterodyneSyncer: updateFlag: com.google.android.finsky.stable, 81526700, 3, , TestingPrograms__enable_showing_beta_module_for_unowned_app
09-24 19:14:38.987 3284 3404 D HeterodyneSyncer: updateFlag: com.google.android.finsky.stable, 81526700, 3, , ToolbarFramework__enable_toolbar_framework
09-24 19:14:38.987 3284 3404 D HeterodyneSyncer: updateFlag: com.google.android.finsky.stable, 81526700, 3, , TopCharts__enforce_peeking_on_inline_top_charts
09-24 19:14:38.987 3284 3404 D HeterodyneSyncer: updateFlag: com.google.android.finsky.stable, 81526700, 3, , ToyFeature__is_enabled
09-24 19:14:38.987 3284 3404 D HeterodyneSyncer: updateFlag: com.google.android.finsky.stable, 81526700, 3, , UnauthStableFeatures__send_additional_headers_for_unauth_requests
09-24 19:14:38.987 3284 3404 D HeterodyneSyncer: updateFlag: com.google.android.finsky.stable, 81526700, 3, , VisRefresh__enable_apps_ads_auto_scroll
09-24 19:14:38.987 3284 3404 D HeterodyneSyncer: updateFlag: com.google.android.finsky.stable, 81526700, 3, , VisRefresh__enable_apps_ads_auto_scroll_delay
09-24 19:14:38.987 3284 3404 D HeterodyneSyncer: updateFlag: com.google.android.finsky.stable, 81526700, 3, , VisRefresh__enable_delay_post_install_ads_display
09-24 19:14:38.992 2201 4171 W Conscrypt: Could not set socket write timeout: java.net.SocketException: Socket closed
09-24 19:14:38.992 2201 4171 W Conscrypt: at com.google.android.gms.org.conscrypt.Platform.setSocketWriteTimeout(:com.google.android.gms@17786022@17.7.86 (040700-256199907):2)
09-24 19:14:38.992 2201 4171 W Conscrypt: at com.google.android.gms.org.conscrypt.ConscryptFileDescriptorSocket.setSoWriteTimeout(:com.google.android.gms@17786022@17.7.86 (040700-256199907):2)
09-24 19:14:38.993 2201 3337 W Conscrypt: Could not set socket write timeout: java.net.SocketException: Socket closed
09-24 19:14:38.993 2201 3337 W Conscrypt: at com.google.android.gms.org.conscrypt.Platform.setSocketWriteTimeout(:com.google.android.gms@17786022@17.7.86 (040700-256199907):2)
09-24 19:14:38.993 2201 3337 W Conscrypt: at com.google.android.gms.org.conscrypt.ConscryptFileDescriptorSocket.setSoWriteTimeout(:com.google.android.gms@17786022@17.7.86 (040700-256199907):2)
09-24 19:14:38.994 2041 2338 I ActivityManager: Killing 3834:com.android.vending:instant_app_installer/u0a94 (adj 985): empty #17
09-24 19:14:38.994 3284 3404 D HeterodyneConfigVersion: clearing HeterodyneConfigVersionCache
09-24 19:14:38.995 3284 3404 D HeterodyneSyncer: retaining committed user:
09-24 19:14:38.998 2518 3698 W Conscrypt: Could not set socket write timeout: java.net.SocketException: Socket closed
09-24 19:14:38.998 2518 3698 W Conscrypt: at com.google.android.gms.org.conscrypt.Platform.setSocketWriteTimeout(:com.google.android.gms@17786022@17.7.86 (040700-256199907):2)
09-24 19:14:38.998 2518 3698 W Conscrypt: at com.google.android.gms.org.conscrypt.ConscryptFileDescriptorSocket.setSoWriteTimeout(:com.google.android.gms@17786022@17.7.86 (040700-256199907):2)
09-24 19:14:39.000 3284 3404 D GetConfigurationSnapsho: getFullConfigurations
09-24 19:14:39.004 3284 3404 D GetConfigurationSnapsho: byFlagStorageType, addSet = Flag(AlleyOopOnItemModelStable__custom_detailed_page_app_id_exclusion_list, 'Chdjb20ua2luZy5jYW5keWNydXNoc2FnYQoKY29tLmV0ZXJubwoYY29tLmJ5anVzLnRoZWxlYXJuaW5nYXBwChVjb20uY29udGV4dGxvZ2ljLndpc2g', 5, 0), Flag(AutoUpdate__battery_relax_battery_percent_budget, 5.0, 3, 0), Flag(AutoUpdate__battery_relax_num_apps_budget, 10, 1, 0), Flag(AutoUpdate__enable_atomic_install_auto_update_stable, true, 2, 0), Flag(AutoUpdate__enable_atomic_install_cancel_oversample, true, 2, 0), Flag(AutoUpdate__enable_atomic_install_content_sync_stable, false, 2, 0), Flag(AutoUpdate__enable_atomic_install_high_priority_update_stable, true, 2, 0), Flag(AutoUpdate__enable_atomic_install_organic_reboot_stable, true, 2, 0), Flag(AutoUpdate__enable_battery_relaxation, true, 2, 0), Flag(Billing__direct_purchase_api_caller_allowlist_for_apps, 'Chpjb20uZ29vZ2xlLmFuZHJvaWQudnIuaG9tZQoqY29tLmdvb2dsZS5hbmRyb2lkLmFwcHMuZW50ZXJwcmlzZS5kbWFnZW50CiZjb20uZ29vZ2xlLmFuZHJvaWQucHJvamVjdGlvbi5nZWFyaGVhZAoWY29tLmdvb2dsZS5hbmRyb2lkLmdtcw', 5, 0), Flag(Billing__enable_subscription_instrument_update, true, 2, 0), Flag(Billing__enable_third_party_direct_purchases, false, 2, 0), Flag(Billing__enable_third_party_subscription_instrument_update, false, 2, 0), Flag(BooksExperiments__enable_orson_search_result_format_labels_exp, true, 2, 0), Flag(BooksExperiments__enable_sample_control, true, 2, 0), Flag(CacheAndSync__enable_cache_and_sync, true, 2, 0), Flag(CacheAndSync__enable_cache_and_sync_images, false, 2, 0), Flag(CrossFormFactorInstall__enable_filter_device_without_installation_details, true, 2, 0), Flag(D30Vx__enable_actionbar_gifting, true, 2, 0), Flag(D30Vx__enable_d30_for_vx, true, 2, 0), Flag(DeepLinkDetailsPage__last_pop_with_item_model_to_persistent_nav_id_override, 0, 1, 0), Flag(DeepLinkDetailsPage__use_toc_default_persistent_nav_id_for_last_pop_with_item_model, false, 2, 0), Flag(DiskBasedCacheV2__enable_disk_based_cache_v2, true, 2, 0), Flag(DocKeyedCache__enable_item_cache_clearing, false, 2, 0), Flag(DocKeyedCache__item_cache_size_in_mb, 3, 1, 0), Flag(DownloadService__enable_better_locking, true, 2, 0), Flag(Downloadbuddy__unopened_threshold_duration_minutes, 2880, 1, 0), Flag(EnableBadgeRedesign__content_rating_learn_more_url_param, 'p=appgame_ratings', 4, 0), Flag(EnableBadgeRedesign__enable_exposure_notification_badge, true, 2, 0), Flag(EnableBadgeRedesign__enable_new_game_discover_tag, false, 2, 0), Flag(EnableBadgeRedesign__enable_preregistration_discover_tag, true, 2, 0), Flag(EnableBadgeRedesign__exposure_notification_badge_image_url, ' https://lh3.googleusercontent.com/8movmxLp367aYJzk_zkq4wlbVFNtaW816hPYTf-lWAfE-Ef4Kyf6ZfdaxTl0aadLrT4IXzZMHkq-Vi4wYA', 4, 0), Flag(EnableBadgeRedesign__new_game_cutoff_days, 60, 1, 0), Flag(EnableBadgeRedesign__show_apk_size_badge, false, 2, 0), Flag(FlexibleContentCluster__enable_fife_in_app_comic_card, false, 2, 0), Flag(FlexibleContentCluster__enable_neutral_scrim_color_for_app_moments, false, 2, 0), Flag(FlexibleContentCluster__enable_theme_color_editorial_article_cards, false, 2, 0), Flag(GetItemsContext__enable_get_items_context_for_details_page, false, 2, 0), Flag(GooglePlayProtect__enable_gpp_home_in_phonesky, true, 2, 0), Flag(GooglePlayProtect__enable_new_gpp_security_summary_in_my_apps, true, 2, 0), Flag(ImageOptimizations__use_cached_larger_image, true, 2, 0), Flag(ImageOptimizations__use_custom_image_decoding, true, 2, 0), Flag(InstallApi__enable_arc_direct_push_install, true, 2, 0), Flag(Installer__enable_installer_installable_check, true, 2, 0), Flag(Installer__install_flow_logging_redesign, true, 2, 0), Flag(Installer__installer_start_delay_ms, 0, 1, 0), Flag(Installer__override_constraints_for_same_reason, true, 2, 0), Flag(Installer__support_atomic_installs, true, 2, 0), Flag(Installer__support_install_existing_package_async, false, 2, 0), Flag(JankLogging__enable_jank_logging, false, 2, 0), Flag(JpkrHomepageRedesign__enable_jpkr_homepage_redesign_v1, false, 2, 0), Flag(LiveOps__enable_empty
09-24 19:14:39.004 3284 3404 D GetConfigurationSnapsho: _stream_page, true, 2, 0), Flag(LiveOps__enable_event_details_page, true, 2, 0), Flag(MoviesExperiments__enabled_primetime_k2, false, 2, 0), Flag(NativeBrotliCompression__native_brotli_compressed_fbf_patches_targeting_controller, false, 2, 0), Flag(NetworkOptimizations__enable_async_dns, false, 2, 0), Flag(NetworkOptimizations__enable_dns_cache_warmup, true, 2, 0), Flag(NetworkOptimizations__enable_dns_cache_warmup_for_image_domains, true, 2, 0), Flag(NetworkOptimizations__enable_dns_cache_warmup_logging, true, 2, 0), Flag(NetworkOptimizations__enable_network_error_logging, true, 2, 0), Flag(NetworkOptimizations__enable_quic_connection_options, true, 2, 0), Flag(NetworkOptimizations__enable_quic_hint_for_image_domains, true, 2, 0), Flag(NetworkOptimizations__enable_quic_idle_connection_timeout, true, 2, 0), Flag(NetworkOptimizations__enable_stale_dns, true, 2, 0), Flag(NetworkOptimizations__image_domains_for_network_optimization, 'Ch1wbGF5LWxoLmdvb2dsZXVzZXJjb250ZW50LmNvbQ', 5, 0), Flag(PhoneskyDeviceTier__device_tier, 0, 1, 0), Flag(PlayPrewarm__is_enabled, false, 2, 0), Flag(PlayPrewarm__use_main_looper_in_unbind_timer, true, 2, 0), Flag(PlayShield__enable_ad_shield_client_instantiation_fix, true, 2, 0), Flag(PolicyTesting__enable_bool_flag, false, 2, 0), Flag(PolicyTesting__test_int_flag, 0, 1, 0), Flag(PolicyTesting__test_string_flag, '', 4, 0), Flag(PrimesLogging__enable_battery_stats_logging, false, 2, 0), Flag(PrimesLogging__enable_memory_logging, false, 2, 0), Flag(PrimesLogging__enable_package_stats_logging, false, 2, 0), Flag(PrimesLogging__primes_logging_bool_param, false, 2, 0), Flag(PrivateFeedback__enable_private_feedback_redesign, true, 2, 0), Flag(ProfileInception__aot_compilation_killswitch, false, 2, 0), Flag(ProfileInception__enabled_versions, '', 4, 0), Flag(ReEngagementAds__enable_multi_layout_cluster, true, 2, 0), Flag(ReleaseNotesIntegration__test_bool_flag, true, 2, 0), Flag(ReleaseNotesIntegration__test_int_flag, 0, 1, 0), Flag(ReleaseNotesIntegration__test_string_flag, '', 4, 0), Flag(RequestQos__enable_latency_tolerant_qos_endpoints, 'apps/contentSync,accountSync,autoUpdate,bulkDetails,bulkPrefetch,delivery,ees/bulkAcquire,getPrefetchRecommendations,replicateLibrary,fdfe/getPlayArtProfileConfig,fdfe/uploadPlayArtProfile,selfUpdate,getItems', 4, 0), Flag(ReviewAcquisition__enable_review_acquisition_redesign, true, 2, 0), Flag(ReviewCache__enable_persistent_review_cache, false, 2, 0), Flag(ReviewCache__enable_persistent_review_cache_for_dp, true, 2, 0), Flag(ReviewConsumption__enable_review_consumption_redesign, true, 2, 0), Flag(ReviewConsumption__enable_review_consumption_redesign_for_vx, true, 2, 0), Flag(ReviewConsumption__review_consumption_redesign_no_op, false, 2, 0), Flag(SelfUpdate__enable_self_update_v2, true, 2, 0), Flag(SettingsPage__legal_notice_menu_url, 'https://support.google.com/googleplay/?p=about_play', 4, 0), Flag(SharedCacheClearing__unique_id, 0, 1, 0), Flag(SingletonViewPool__enable_singleton_view_pool, true, 2, 0), Flag(StickyTab__sticky_tab_reset_value, 268101556, 1, 0), Flag(TestNetwork__use_dfe_v2, false, 2, 0), Flag(TestingPrograms__disable_share_for_pre_release_app, true, 2, 0), Flag(TestingPrograms__enable_closed_testing_program_details_page, true, 2, 0), Flag(TestingPrograms__enable_internal_testing_program_details_page, true, 2, 0), Flag(TestingPrograms__enable_showing_beta_module_for_unowned_app, true, 2, 0), Flag(ToolbarFramework__enable_toolbar_framework, false, 2, 0), Flag(TopCharts__enforce_peeking_on_inline_top_charts, false, 2, 0), Flag(ToyFeature__is_enabled, false, 2, 0), Flag(UnauthStableFeatures__send_additional_headers_for_unauth_requests, false, 2, 0), Flag(VisRefresh__enable_apps_ads_auto_scroll, false, 2, 0), Flag(VisRefresh__enable_apps_ads_auto_scroll_delay, false, 2, 0), Flag(VisRefresh__enable_delay_post_install_ads_display, false, 2, 0), Flag(WearHygieneOptimization__enable_wear_hygiene_optimization, true, 2, 0)
09-24 19:14:39.004 3284 3404 D GetConfigurationSnapsho: byFlagStorageType, deleteSet =
09-24 19:14:39.011 4879 4879 I BugleRcs: RcsAvailability: updating
09-24 19:14:39.011 4879 4943 I BugleRcs: RcsAvailability: No minimum Cs.apk version is set, not checking Cs.apk version
09-24 19:14:39.013 4879 5065 I BugleRcs: MCCMNC is NOT RCS enabled
09-24 19:14:39.013 4879 5065 I BugleRcs: Prod Fi device disabled - Not a Fi device
09-24 19:14:39.013 4879 4943 I BugleRcs: RcsAvailability: config server url unavailable - Carrier is not RCS enabled
09-24 19:14:39.024 3284 3404 D GetExperimentTokensOper: Clearing ExperimentTokensCache
09-24 19:14:39.027 3284 5285 I Finsky : [238] nxq.a(7): Writing flags config, size 1.
09-24 19:14:39.028 3284 5285 I Finsky : [238] nxq.a(7): Started writing experiment flags into file [44O8VQCEUzya29uefFMIdRuUEpA].
09-24 19:14:39.028 3284 5285 I Finsky : [238] nxq.a(26): Finished writing experiment flags into file [44O8VQCEUzya29uefFMIdRuUEpA].
09-24 19:14:39.028 3284 5285 I Finsky : [238] nxt.b(19): Successfully applied new configurations for package com.google.android.finsky.stable.
09-24 19:14:39.042 1780 1780 I Zygote : Process 3834 exited due to signal 9 (Killed)
09-24 19:14:39.055 1780 1780 D Zygote : Forked child process 5365
09-24 19:14:39.060 2041 2072 I ActivityManager: Start proc 5365:com.google.android.apps.tachyon/u0a88 for broadcast {com.google.android.apps.tachyon/com.google.android.apps.tachyon.common.applifecycle.BootReceiver}
09-24 19:14:39.065 4345 4582 D HostConnection: HostConnection::get() New Host Connection established 0xe095a480, tid 4582
09-24 19:14:39.066 4345 4582 D HostConnection: HostComposition ext ANDROID_EMU_CHECKSUM_HELPER_v1 ANDROID_EMU_dma_v1 ANDROID_EMU_direct_mem ANDROID_EMU_host_composition_v1 ANDROID_EMU_host_composition_v2 ANDROID_EMU_YUV420_888_to_NV21 ANDROID_EMU_YUV_Cache ANDROID_EMU_sync_buffer_data GL_OES_EGL_image_external_essl3 GL_OES_vertex_array_object ANDROID_EMU_host_side_tracing ANDROID_EMU_gles_max_version_3_0
09-24 19:14:39.067 4345 4582 D eglCodecCommon: setVertexArrayObject: set vao to 0 (0) 0 0
09-24 19:14:39.067 4345 4582 D EGL_emulation: eglCreateContext: 0xf7254980: maj 3 min 0 rcv 3
09-24 19:14:39.068 4345 4582 D EGL_emulation: eglMakeCurrent: 0xf7254980: ver 3 0 (tinfo 0xe0a11390)
09-24 19:14:39.068 5324 5353 W native : cpu_feature_guard.cc:35 The TensorFlow library was compiled to use SSE instructions, but these aren't available on your machine.
09-24 19:14:39.068 5324 5353 W native : cpu_feature_guard.cc:35 The TensorFlow library was compiled to use SSE2 instructions, but these aren't available on your machine.
09-24 19:14:39.068 5324 5353 W native : cpu_feature_guard.cc:35 The TensorFlow library was compiled to use SSE3 instructions, but these aren't available on your machine.
09-24 19:14:39.068 5324 5353 W native : commandlineflags.cc:976 Ignoring RegisterValidateFunction() for flag pointer 0xca4b3c7c: no flag found at that address
09-24 19:14:39.072 2041 2073 I libprocessgroup: Successfully killed process cgroup uid 10094 pid 3834 in 77ms
09-24 19:14:39.073 5365 5365 W id.apps.tachyo: Unexpected CPU variant for X86 using defaults: x86
09-24 19:14:39.077 2201 4171 W Conscrypt: Could not set socket write timeout: java.net.SocketException: Socket closed
09-24 19:14:39.077 2201 4171 W Conscrypt: at com.google.android.gms.org.conscrypt.Platform.setSocketWriteTimeout(:com.google.android.gms@17786022@17.7.86 (040700-256199907):2)
09-24 19:14:39.077 2201 4171 W Conscrypt: at com.google.android.gms.org.conscrypt.ConscryptFileDescriptorSocket.setSoWriteTimeout(:com.google.android.gms@17786022@17.7.86 (040700-256199907):2)
09-24 19:14:39.080 5365 5365 E id.apps.tachyo: Not starting debugger since process cannot load the jdwp agent.
09-24 19:14:39.081 2518 3860 I Icing : Indexing com.google.android.gms-contacts_contact_id from com.google.android.gms
09-24 19:14:39.090 5365 5365 D ApplicationLoaders: Returning zygote-cached class loader: /system/framework/android.hidl.base-V1.0-java.jar
09-24 19:14:39.090 5365 5365 D ApplicationLoaders: Returning zygote-cached class loader: /system/framework/android.hidl.manager-V1.0-java.jar
09-24 19:14:39.090 5365 5365 D ApplicationLoaders: Returning zygote-cached class loader: /system/framework/android.hidl.base-V1.0-java.jar
09-24 19:14:39.090 2518 3698 W Conscrypt: Could not set socket write timeout: java.net.SocketException: Socket closed
09-24 19:14:39.090 2518 3698 W Conscrypt: at com.google.android.gms.org.conscrypt.Platform.setSocketWriteTimeout(:com.google.android.gms@17786022@17.7.86 (040700-256199907):2)
09-24 19:14:39.090 2518 3698 W Conscrypt: at com.google.android.gms.org.conscrypt.ConscryptFileDescriptorSocket.setSoWriteTimeout(:com.google.android.gms@17786022@17.7.86 (040700-256199907):2)
09-24 19:14:39.091 2201 3337 W Conscrypt: Could not set socket write timeout: java.net.SocketException: Socket closed
09-24 19:14:39.091 2201 3337 W Conscrypt: at com.google.android.gms.org.conscrypt.Platform.setSocketWriteTimeout(:com.google.android.gms@17786022@17.7.86 (040700-256199907):2)
09-24 19:14:39.091 2201 3337 W Conscrypt: at com.google.android.gms.org.conscrypt.ConscryptFileDescriptorSocket.setSoWriteTimeout(:com.google.android.gms@17786022@17.7.86 (040700-256199907):2)
09-24 19:14:39.093 4879 5076 W InstanceID: Instance ID SDK is deprecated, com.google.android.apps.messaging should update to use Firebase Instance ID
09-24 19:14:39.097 5365 5365 I id.apps.tachyo: The ClassLoaderContext is a special shared library.
09-24 19:14:39.106 2518 3860 I Icing : Indexing done com.google.android.gms-contacts_contact_id
09-24 19:14:39.106 2518 3860 I Icing : Indexing com.google.android.gms-emails_data_id from com.google.android.gms
09-24 19:14:39.111 2518 3860 I Icing : Indexing done com.google.android.gms-emails_data_id
09-24 19:14:39.122 2201 2704 W Conscrypt: Could not set socket write timeout: java.net.SocketException: Socket closed
09-24 19:14:39.123 2201 2704 W Conscrypt: at com.google.android.gms.org.conscrypt.Platform.setSocketWriteTimeout(:com.google.android.gms@17786022@17.7.86 (040700-256199907):2)
09-24 19:14:39.123 2201 2704 W Conscrypt: at com.google.android.gms.org.conscrypt.ConscryptFileDescriptorSocket.setSoWriteTimeout(:com.google.android.gms@17786022@17.7.86 (040700-256199907):2)
09-24 19:14:39.124 2518 3860 I Icing : Indexing com.google.android.gms-phones_data_id from com.google.android.gms
09-24 19:14:39.128 2518 3860 I Icing : Indexing done com.google.android.gms-phones_data_id
09-24 19:14:39.129 2518 3860 I Icing : Indexing com.google.android.gms-postals_data_id from com.google.android.gms
09-24 19:14:39.131 2518 3860 I Icing : Indexing done com.google.android.gms-postals_data_id
09-24 19:14:39.133 2518 3860 I Icing : Post-init done
09-24 19:14:39.143 5324 5353 W native : commandlineflags.cc:976 Ignoring RegisterValidateFunction() for flag pointer 0xc9caf9ec: no flag found at that address
09-24 19:14:39.173 5365 5365 W PrimesInit: Primes instant initialization
09-24 19:14:39.178 5365 5387 W Primes : background initialization
09-24 19:14:39.193 2201 2704 W Conscrypt: Could not set socket write timeout: java.net.SocketException: Socket closed
09-24 19:14:39.193 2201 2704 W Conscrypt: at com.google.android.gms.org.conscrypt.Platform.setSocketWriteTimeout(:com.google.android.gms@17786022@17.7.86 (040700-256199907):2)
09-24 19:14:39.193 2201 2704 W Conscrypt: at com.google.android.gms.org.conscrypt.ConscryptFileDescriptorSocket.setSoWriteTimeout(:com.google.android.gms@17786022@17.7.86 (040700-256199907):2)
09-24 19:14:39.194 5365 5387 I PrimesTesting: GserviceFlagsSupplier.get()
09-24 19:14:39.224 5324 5353 W native : commandlineflags.cc:976 Ignoring RegisterValidateFunction() for flag pointer 0xc9b8181c: no flag found at that address
09-24 19:14:39.264 2201 3918 I aohg : Scheduling Phenotype for a PhenotypeSyncImmediately(6, com.google.android.apps.maps) one off with window [1, 2] in seconds [CONTEXT service_id=51 ]
09-24 19:14:39.267 2201 3521 E aofp : Phenotype API error. Event # bybz@f1f86376, EventCode: 32 [CONTEXT service_id=51 ]
09-24 19:14:39.267 2201 3521 E aofp : aoeg: 29503
09-24 19:14:39.267 2201 3521 E aofp : at aogv.b(:com.google.android.gms@17786022@17.7.86 (040700-256199907):15)
09-24 19:14:39.267 2201 3521 E aofp : at aofp.a(:com.google.android.gms@17786022@17.7.86 (040700-256199907):92)
09-24 19:14:39.267 2201 3521 E aofp : at aofp.a(:com.google.android.gms@17786022@17.7.86 (040700-256199907):79)
09-24 19:14:39.267 2201 3521 E aofp : at aale.run(:com.google.android.gms@17786022@17.7.86 (040700-256199907):19)
09-24 19:14:39.267 2201 3521 E aofp : at bkdz.run(:com.google.android.gms@17786022@17.7.86 (040700-256199907):2)
09-24 19:14:39.267 2201 3521 E aofp : at squ.b(:com.google.android.gms@17786022@17.7.86 (040700-256199907):37)
09-24 19:14:39.267 2201 3521 E aofp : at squ.run(:com.google.android.gms@17786022@17.7.86 (040700-256199907):21)
09-24 19:14:39.267 2201 3521 E aofp : at java.util.concurrent.ThreadPoolExecutor.runWorker(ThreadPoolExecutor.java:1167)
09-24 19:14:39.267 2201 3521 E aofp : at java.util.concurrent.ThreadPoolExecutor$Worker.run(ThreadPoolExecutor.java:641)
09-24 19:14:39.267 2201 3521 E aofp : at swz.run(Unknown Source:7)
09-24 19:14:39.267 2201 3521 E aofp : at java.lang.Thread.run(Thread.java:919)
09-24 19:14:39.267 2201 3521 E AsyncOperation: serviceID=51, operation=SetAppSpecificPropertiesOperationCall
09-24 19:14:39.267 2201 3521 E AsyncOperation: OperationException[Status{statusCode=unknown status code: 29503, resolution=null}]
09-24 19:14:39.267 2201 3521 E AsyncOperation: at aofp.a(:com.google.android.gms@17786022@17.7.86 (040700-256199907):100)
09-24 19:14:39.267 2201 3521 E AsyncOperation: at aofp.a(:com.google.android.gms@17786022@17.7.86 (040700-256199907):79)
09-24 19:14:39.267 2201 3521 E AsyncOperation: at aale.run(:com.google.android.gms@17786022@17.7.86 (040700-256199907):19)
09-24 19:14:39.267 2201 3521 E AsyncOperation: at bkdz.run(:com.google.android.gms@17786022@17.7.86 (040700-256199907):2)
09-24 19:14:39.267 2201 3521 E AsyncOperation: at squ.b(:com.google.android.gms@17786022@17.7.86 (040700-256199907):37)
09-24 19:14:39.267 2201 3521 E AsyncOperation: at squ.run(:com.google.android.gms@17786022@17.7.86 (040700-256199907):21)
09-24 19:14:39.267 2201 3521 E AsyncOperation: at java.util.concurrent.ThreadPoolExecutor.runWorker(ThreadPoolExecutor.java:1167)
09-24 19:14:39.267 2201 3521 E AsyncOperation: at java.util.concurrent.ThreadPoolExecutor$Worker.run(ThreadPoolExecutor.java:641)
09-24 19:14:39.267 2201 3521 E AsyncOperation: at swz.run(Unknown Source:7)
09-24 19:14:39.267 2201 3521 E AsyncOperation: at java.lang.Thread.run(Thread.java:919)
09-24 19:14:39.271 2518 3698 I CheckinResponseProcess: From server: 1515 gservices [full]
09-24 19:14:39.305 5324 5353 W native : commandlineflags.cc:976 Ignoring RegisterValidateFunction() for flag pointer 0xc99ef85c: no flag found at that address
09-24 19:14:39.306 4345 4582 W SystemServiceRegistry: No service published for: persistent_data_block
09-24 19:14:39.321 2518 4583 I Ads : Parental control value is stale. Refreshing.
09-24 19:14:39.325 3284 3284 I Finsky : [2] jql.a(1): Scheduling NO_RECENT_SUCCESS in onApplicationCreate
09-24 19:14:39.325 2518 4583 I Ads : Initialized AdMob in container 17.7.86 (040700-256199907)
09-24 19:14:39.341 3284 3344 I Finsky : [173] bez.a(1): Received content filters request from sharedUserId=com.google.uid.shared:10098
09-24 19:14:39.342 5365 5365 I org.webrtc.Logging: NativeLibrary: Loading native library: jingle_peerconnection_so
09-24 19:14:39.344 5365 5365 I org.webrtc.Logging: PeerConnectionFactory: PeerConnectionFactory was initialized without an injected Loggable. Any existing Loggable will be deleted.
09-24 19:14:39.345 2518 5399 I Ads : Successfully received play store parental controls the result.
09-24 19:14:39.362 1779 2390 I netd : trafficSwapActiveStatsMap() <45.97ms>
09-24 19:14:39.365 1779 2390 I netd : tetherGetStats() <0.90ms>
09-24 19:14:39.374 2518 4583 I MobileDataHub: Scheduling periodic tasks
09-24 19:14:39.386 3203 3831 I GservicesProvider: main update completed
09-24 19:14:39.416 2518 3698 I CheckinRequestProcessor: RunRequestQueueTaskTag : Checkin Succeeded: https://android.clients.google.com/checkin (fragment #1):
09-24 19:14:39.422 4879 5424 I Bugle : ApnsOta: OTA version -1
09-24 19:14:39.423 4879 5076 I ShortcutBadger: Checking if platform supports badge counters, attempt 1/3.
09-24 19:14:39.424 4879 5076 I ShortcutBadger: Checking if platform supports badge counters, attempt 2/3.
09-24 19:14:39.424 4879 5076 I ShortcutBadger: Checking if platform supports badge counters, attempt 3/3.
09-24 19:14:39.425 4879 5076 W ShortcutBadger: Badge counter seems not supported in this platform: unable to resolve intent: Intent { act=android.intent.action.BADGE_COUNT_UPDATE (has extras) }
09-24 19:14:39.428 2518 3860 I Icing : Usage reports ok 3, Failed Usage reports 0, indexed 0, rejected 0
09-24 19:14:39.428 5365 5388 D EventBus: No subscribers registered for event class gzh
09-24 19:14:39.428 5365 5388 D EventBus: No subscribers registered for event class sfa
09-24 19:14:39.429 4759 4759 I CarrierServices: [2] cum.e: Carrier Services GServices flags:
09-24 19:14:39.429 4759 4759 I CarrierServices: carrier_services_security_flags_ec_api_white_listed_packages: com.google.android.apps.messaging,com.google.android.dialer,com.google.android.ims.client.sampleapp,com.android.contacts,com.lge.rcscall,com.android.incallui,com.huawei.incallui.appfeature.rcsfeature
09-24 19:14:39.429 4759 4759 I CarrierServices: carrier_services_security_flags_ec_api_white_listed_signatures: B28C3EDB665DF32686224DF800F603E9959BBE4E,0980A12BE993528C19107BC21AD811478C63CEFC,B38FA7B5ECFAEC44620A020752B07E063B3120A8,203997BC46B8792DC9747ABD230569071F9A0439,EDA6413C3E3A95492114FE07CD953AD897E40D1A,760EBB9F4200B3DFB1B817B40FF0563A3C150D39,5B368CFF2DA2686996BC95EAC190EAA4F5630FE5,01D845B26B688D8EF647205A5944E9407E52E06E,27196E386B875E76ADF700E7EA84E4C6EEE33DFA,1CDD04F1E4A732BB0352FDFAEE26D2315526DF85,025D5212BF3B5F5CDA6117A518721D70A94D84E0
09-24 19:14:39.429 4759 4759 I CarrierServices: carrier_services_security_flags_test_service_white_listed_packages: com.google.android.ims.mobly.snippets
09-24 19:14:39.429 4759 4759 I CarrierServices: carrier_services_security_flags_test_service_white_listed_signatures: AE41481F52E0F58DF2806D5A38EB3DBCA5AE02B0,E165542B31953CC282AA4EF2F4D5F07F7663A2A2
09-24 19:14:39.429 4759 4759 I CarrierServices: carrier_services_security_flags_white_listed_packages: com.google.android.apps.messaging,com.google.android.dialer,com.google.android.ims.client.sampleapp,com.android.contacts,com.lge.rcscall,com.android.incallui,com.huawei.incallui.appfeature.rcsfeature
09-24 19:14:39.429 4759 4759 I CarrierServices: carrier_services_security_flags_white_listed_signatures: B28C3EDB665DF32686224DF800F603E9959BBE4E,0980A12BE993528C19107BC21AD811478C63CEFC,B38FA7B5ECFAEC44620A020752B07E063B3120A8,203997BC46B8792DC9747ABD230569071F9A0439,EDA6413C3E3A95492114FE07CD953AD897E40D1A,760EBB9F4200B3DFB1B817B40FF0563A3C150D39,5B368CFF2DA2686996BC95EAC190EAA4F5630FE5,01D845B26B688D8EF647205A5944E9407E52E06E,27196E386B875E76ADF700E7EA84E4C6EEE33DFA,1CDD04F1E4A732BB0352FDFAEE26D2315526DF85,025D5212BF3B5F5CDA6117A518721D70A94D84E0
09-24 19:14:39.429 4759 4759 I CarrierServices: carrier_services_sip_flags_should_use_tycho_version_for_sip_header: true
09-24 19:14:39.429 4759 4759 I CarrierServices: carrier_services_video_share_disabled_user_agent_substrings: SM-G930,SM-G935,SM-A320
09-24 19:14:39.429 4759 4759 I CarrierServices: ====================
09-24 19:14:39.450 4759 4808 D CarrierServices: log_saver already enabled
09-24 19:14:39.467 4759 4808 I CarrierServices: [297] cut.a: KEY_CONFIG_IMS_PACKAGE_OVERRIDE_STRING: com.google.android.ims
09-24 19:14:39.478 2538 2538 I SetupWizard: [baa] Rechecking condition. CheckinTask result=21021
09-24 19:14:39.478 2538 2538 I SetupWizard: [baa] Checking Android ID
09-24 19:14:39.482 2538 2538 I SetupWizard: [baa] Last checkin fingerprint=google/sdk_gphone_x86/generic_x86:10/QSR1.190920.001/5891938:user/release-keys
09-24 19:14:39.482 2538 2538 I SetupWizard: [baa] Checkin complete
09-24 19:14:39.496 5365 5446 W DynamiteModule: Local module descriptor class for com.google.android.gms.googlecertificates not found.
09-24 19:14:39.498 5365 5388 W JobInfo : Requested flex +5m0s0ms for job 569992263 is too small; raising to +1h12m0s0ms
09-24 19:14:39.498 5365 5388 W JobInfo : Requested flex +6h0m0s0ms for job 655856396 is too small; raising to +8h24m0s0ms
09-24 19:14:39.499 5365 5388 W JobInfo : Requested flex +5m0s0ms for job 542687723 is too small; raising to +36m0s0ms
09-24 19:14:39.501 5365 5388 W JobInfo : Requested flex +5m0s0ms for job 1281347259 is too small; raising to +8h24m0s0ms
09-24 19:14:39.502 2518 3642 I Icing : MaintenanceDriver: Registering all GCM Tasks.
09-24 19:14:39.502 5365 5388 W JobInfo : Requested flex +5m0s0ms for job 880638128 is too small; raising to +1h12m0s0ms
09-24 19:14:39.504 5365 5386 W JobInfo : Requested flex +5m0s0ms for job 569992263 is too small; raising to +1h12m0s0ms
09-24 19:14:39.506 1780 1780 D Zygote : Forked child process 5448
09-24 19:14:39.509 5365 5386 W JobInfo : Requested flex +6h0m0s0ms for job 655856396 is too small; raising to +8h24m0s0ms
09-24 19:14:39.509 2041 2072 I ActivityManager: Start proc 5448:com.google.android.gms:car/u0a98 for service {com.google.android.gms/com.google.android.gms.chimera.CarBoundBrokerService}
09-24 19:14:39.511 5365 5386 W JobInfo : Requested flex +5m0s0ms for job 542687723 is too small; raising to +36m0s0ms
