09-24 19:14:21.556 1688 1688 D vold : Found matching PID 1801
09-24 19:14:21.556 1688 1688 W vold : Skipping due to root namespace
09-24 19:14:21.556 1688 1688 D vold : Found matching PID 1802
09-24 19:14:21.556 1688 1688 W vold : Skipping due to root namespace
09-24 19:14:21.556 1688 1688 D vold : Found matching PID 1804
09-24 19:14:21.556 1688 1688 W vold : Skipping due to root namespace
09-24 19:14:21.556 1688 1688 D vold : Found matching PID 1813
09-24 19:14:21.556 1688 1688 W vold : Skipping due to root namespace
09-24 19:14:21.556 1688 1688 D vold : Found matching PID 1825
09-24 19:14:21.556 1688 1688 W vold : Skipping due to root namespace
09-24 19:14:21.556 1688 1688 D vold : Found matching PID 1853
09-24 19:14:21.556 1688 1688 W vold : Skipping due to root namespace
09-24 19:14:21.556 1688 1688 D vold : Found matching PID 1858
09-24 19:14:21.556 1688 1688 W vold : Skipping due to root namespace
09-24 19:14:21.556 1688 1688 D vold : Found matching PID 2041
09-24 19:14:21.558 2041 2041 I SystemServer: MakeCountryDetectionServiceReady
09-24 19:14:21.558 2041 2041 I SystemServer: MakeNetworkTimeUpdateReady
09-24 19:14:21.558 2421 2421 I WebViewZygoteInit: Starting WebViewZygoteInit
09-24 19:14:21.560 2041 2041 D ConnectivityService: requestNetwork for uid/pid:1000/2041 NetworkRequest [ TRACK_DEFAULT id=9, [ Capabilities: INTERNET&NOT_RESTRICTED&TRUSTED Uid: 1000] ]
09-24 19:14:21.560 2041 2041 I SystemServer: MakeInputManagerServiceReady
09-24 19:14:21.560 2041 2041 I SystemServer: MakeTelephonyRegistryReady
09-24 19:14:21.561 2041 2041 I SystemServer: MakeMediaRouterServiceReady
09-24 19:14:21.561 2041 2041 I SystemServer: MakeMmsServiceReady
09-24 19:14:21.561 2041 2041 I MmsServiceBroker: Delay connecting to MmsService until an API is called
09-24 19:14:21.561 2041 2041 I SystemServer: IncidentDaemonReady
09-24 19:14:21.561 2041 2041 I ActivityManager: Current user:0
09-24 19:14:21.561 2041 2041 I SystemServiceManager: Calling onStartUser u0
09-24 19:14:21.564 2041 2041 I RoleManagerService: Migrating android.app.role.SMS, legacy holders: [com.google.android.apps.messaging]
09-24 19:14:21.564 2041 2041 I RoleUserState: Added new role: android.app.role.SMS
09-24 19:14:21.569 2041 2041 I RoleManagerService: Granting default permissions...
09-24 19:14:21.597 2224 2393 E vol.VolumeDialogControl: isCaptionsServiceEnabled failed to check for captions component
09-24 19:14:21.597 2224 2393 E vol.VolumeDialogControl: java.lang.IllegalArgumentException: Unknown component: ComponentInfo{com.google.android.as/com.google.android.apps.miphone.aiai.captions.CaptionsService}
09-24 19:14:21.597 2224 2393 E vol.VolumeDialogControl: at android.os.Parcel.createException(Parcel.java:2075)
09-24 19:14:21.597 2224 2393 E vol.VolumeDialogControl: at android.os.Parcel.readException(Parcel.java:2039)
09-24 19:14:21.597 2224 2393 E vol.VolumeDialogControl: at android.os.Parcel.readException(Parcel.java:1987)
09-24 19:14:21.597 2224 2393 E vol.VolumeDialogControl: at android.content.pm.IPackageManager$Stub$Proxy.getComponentEnabledSetting(IPackageManager.java:7365)
09-24 19:14:21.597 2224 2393 E vol.VolumeDialogControl: at android.app.ApplicationPackageManager.getComponentEnabledSetting(ApplicationPackageManager.java:2563)
09-24 19:14:21.597 2224 2393 E vol.VolumeDialogControl: at com.android.systemui.volume.VolumeDialogControllerImpl.onGetCaptionsComponentStateW(VolumeDialogControllerImpl.java:414)
09-24 19:14:21.597 2224 2393 E vol.VolumeDialogControl: at com.android.systemui.volume.VolumeDialogControllerImpl.access$1800(VolumeDialogControllerImpl.java:83)
09-24 19:14:21.597 2224 2393 E vol.VolumeDialogControl: at com.android.systemui.volume.VolumeDialogControllerImpl$W.handleMessage(VolumeDialogControllerImpl.java:800)
09-24 19:14:21.597 2224 2393 E vol.VolumeDialogControl: at android.os.Handler.dispatchMessage(Handler.java:107)
09-24 19:14:21.597 2224 2393 E vol.VolumeDialogControl: at android.os.Looper.loop(Looper.java:214)
09-24 19:14:21.597 2224 2393 E vol.VolumeDialogControl: at android.os.HandlerThread.run(HandlerThread.java:67)
09-24 19:14:21.597 2224 2393 E vol.VolumeDialogControl: Caused by: android.os.RemoteException: Remote stack trace:
09-24 19:14:21.597 2224 2393 E vol.VolumeDialogControl: at com.android.server.pm.Settings.getComponentEnabledSettingLPr(Settings.java:4258)
09-24 19:14:21.597 2224 2393 E vol.VolumeDialogControl: at com.android.server.pm.PackageManagerService.getComponentEnabledSetting(PackageManagerService.java:21520)
09-24 19:14:21.597 2224 2393 E vol.VolumeDialogControl: at android.content.pm.IPackageManager$Stub.onTransact(IPackageManager.java:3489)
09-24 19:14:21.597 2224 2393 E vol.VolumeDialogControl: at com.android.server.pm.PackageManagerService.onTransact(PackageManagerService.java:4014)
09-24 19:14:21.597 2224 2393 E vol.VolumeDialogControl: at android.os.Binder.execTransactInternal(Binder.java:1021)
09-24 19:14:21.597 2224 2393 E vol.VolumeDialogControl:
09-24 19:14:21.597 2224 2393 I vol.Events: writeEvent level_changed STREAM_VOICE_CALL 1
09-24 19:14:21.598 2224 2393 I vol.Events: writeEvent level_changed STREAM_SYSTEM 5
09-24 19:14:21.598 2224 2393 I vol.Events: writeEvent level_changed STREAM_RING 5
09-24 19:14:21.598 2224 2393 I vol.Events: writeEvent level_changed STREAM_MUSIC 5
09-24 19:14:21.599 2224 2393 I vol.Events: writeEvent level_changed STREAM_ALARM 6
09-24 19:14:21.599 2224 2393 I vol.Events: writeEvent level_changed STREAM_BLUETOOTH_SCO 7
09-24 19:14:21.606 2224 2393 I vol.Events: writeEvent external_ringer_mode_changed normal
09-24 19:14:21.606 2224 2393 I vol.Events: writeEvent zen_mode_config_changed [disallowAlarms=false disallowMedia=false disallowSystem=true disallowRinger=false]
09-24 19:14:21.613 1688 2427 D vold : Remounting 1000 as mode full
09-24 19:14:21.614 1688 2427 D vold : Found matching PID 1680
09-24 19:14:21.614 1688 2427 W vold : Skipping due to root namespace
09-24 19:14:21.614 1688 2427 D vold : Found matching PID 1681
09-24 19:14:21.614 1688 2427 W vold : Skipping due to root namespace
09-24 19:14:21.614 1688 2427 D vold : Found matching PID 1682
09-24 19:14:21.614 1688 2427 W vold : Skipping due to root namespace
09-24 19:14:21.614 2421 2421 I WebViewZygoteInit: Beginning application preload for com.google.android.webview
09-24 19:14:21.614 1688 2427 D vold : Found matching PID 1783
09-24 19:14:21.614 1688 2427 W vold : Skipping due to root namespace
09-24 19:14:21.614 1688 2427 D vold : Found matching PID 1784
09-24 19:14:21.614 1688 2427 W vold : Skipping due to root namespace
09-24 19:14:21.614 1688 2427 D vold : Found matching PID 1790
09-24 19:14:21.614 1688 2427 W vold : Skipping due to root namespace
09-24 19:14:21.614 1688 2427 D vold : Found matching PID 1794
09-24 19:14:21.614 1688 2427 W vold : Skipping due to root namespace
09-24 19:14:21.614 1688 2427 D vold : Found matching PID 1797
09-24 19:14:21.614 1688 2427 W vold : Skipping due to root namespace
09-24 19:14:21.614 1688 2427 D vold : Found matching PID 1798
09-24 19:14:21.614 1688 2427 W vold : Skipping due to root namespace
09-24 19:14:21.614 1688 2427 D vold : Found matching PID 1800
09-24 19:14:21.614 1688 2427 W vold : Skipping due to root namespace
09-24 19:14:21.614 1688 2427 D vold : Found matching PID 1801
09-24 19:14:21.614 1688 2427 W vold : Skipping due to root namespace
09-24 19:14:21.614 1688 2427 D vold : Found matching PID 1802
09-24 19:14:21.614 1688 2427 W vold : Skipping due to root namespace
09-24 19:14:21.614 1688 2427 D vold : Found matching PID 1804
09-24 19:14:21.614 1688 2427 W vold : Skipping due to root namespace
09-24 19:14:21.614 1688 2427 D vold : Found matching PID 1813
09-24 19:14:21.614 1688 2427 W vold : Skipping due to root namespace
09-24 19:14:21.614 1688 2427 D vold : Found matching PID 1825
09-24 19:14:21.614 1688 2427 W vold : Skipping due to root namespace
09-24 19:14:21.615 1688 2427 D vold : Found matching PID 1853
09-24 19:14:21.615 1688 2427 W vold : Skipping due to root namespace
09-24 19:14:21.615 1688 2427 D vold : Found matching PID 1858
09-24 19:14:21.615 1688 2427 W vold : Skipping due to root namespace
09-24 19:14:21.615 1688 2427 D vold : Found matching PID 2041
09-24 19:14:21.615 2421 2421 I webview_zygote: The ClassLoaderContext is a special shared library.
09-24 19:14:21.616 2421 2421 I webview_zygote: The ClassLoaderContext is a special shared library.
09-24 19:14:21.617 1779 2390 W ServiceManager: Permission failure: android.permission.NETWORK_STACK from uid=1073 pid=2401
09-24 19:14:21.617 1779 2390 I netd : registerUnsolicitedEventListener() <0.26ms>
09-24 19:14:21.620 2224 2441 I OMXClient: IOmx service obtained
09-24 19:14:21.621 1846 2263 I OMXMaster: makeComponentInstance(OMX.google.vorbis.decoder) in android.hardwar process
09-24 19:14:21.621 1846 2263 E OMXNodeInstance: getConfig(0xeabbe120:google.vorbis.decoder, ConfigAndroidVendorExtension(0x6f100004)) ERROR: Undefined(0x80001001)
09-24 19:14:21.623 1813 1913 I chatty : uid=1000(system) Binder:1813_2 expire 1 line
09-24 19:14:21.624 1813 1913 E SurfaceFlinger: ro.sf.lcd_density must be defined as a build property
09-24 19:14:21.646 2421 2421 I WebViewZygoteInit: Application preload done
09-24 19:14:21.646 2041 2060 W Looper : Slow dispatch took 214ms android.fg h=android.os.Handler c=com.android.server.wallpaper.-$$Lambda$WallpaperManagerService$xeJGAwCI8tssclwKFf8jMsYdoKQ@7aa0499 m=0
09-24 19:14:21.647 2224 2224 I FalsingManagerPlugin: xdpi, ydpi: 420.0, 420.0
09-24 19:14:21.647 2224 2224 I FalsingManagerPlugin: width, height: 1080, 2274
09-24 19:14:21.648 2041 2060 I chatty : uid=1000(system) android.fg expire 23 lines
09-24 19:14:21.648 1796 1796 I GnssHAL_GnssInterface: getExtensionXtra: GnssXtra interface not implemented by HAL
09-24 19:14:21.648 1796 1796 I GnssHAL_GnssInterface: getExtensionAGnssRil: GnssRil interface not implemented by HAL
09-24 19:14:21.648 1796 1796 E GnssHAL_GnssInterface: getExtensionAGnss: AGnss interface not implemented by HAL
09-24 19:14:21.648 1796 1796 I GnssHAL_GnssInterface: getExtensionGnssNavigationMessage: GnssNavigationMessage interface not implemented by HAL
09-24 19:14:21.648 1796 1796 E GnssHAL_GnssInterface: getExtensionGnssMeasurement: GnssMeasurement interface not implemented by HAL
09-24 19:14:21.648 1796 1796 I GnssHAL_GnssInterface: getExtensionGnssDebug: GnssDebug interface not implemented by HAL
09-24 19:14:21.648 1796 1796 I GnssHAL_GnssInterface: getExtensionGnssNi: GnssNi interface not implemented by HAL
09-24 19:14:21.648 1796 1796 E GnssHAL_GnssInterface: getExtensionGnssConfiguration: GnssConfiguration interface not implemented by HAL
09-24 19:14:21.648 1796 1796 E GnssHAL_GnssInterface: getExtensionGnssGeofencing: GnssGeofencing interface not implemented by HAL
09-24 19:14:21.648 1796 1796 E GnssHAL_GnssInterface: gnss flp hw_get_module failed: -2
09-24 19:14:21.648 1796 1796 E GnssHAL_GnssInterface: getExtensionGnssBatching: GnssBatching interface is not implemented by HAL
09-24 19:14:21.648 1796 1796 E GnssHAL_GnssInterface: calling setCallback
09-24 19:14:21.651 1796 2447 E GnssHAL_GnssInterface: gnssSvStatusCb: a: input svInfo.flags is 8
09-24 19:14:21.651 1796 2447 E GnssHAL_GnssInterface: gnssSvStatusCb: b: input svInfo.flags is 8
09-24 19:14:21.657 1796 1796 E GnssHAL_GnssInterface: calling setCallback
09-24 19:14:21.657 1796 1796 W GnssHAL_GnssInterface: setCallback called more than once. Unexpected unless test.
09-24 19:14:21.658 2041 2060 W LocationProviderProxy: Odd, no component found for service com.android.location.service.v3.NetworkLocationProvider
09-24 19:14:21.663 1796 2449 E GnssHAL_GnssInterface: gnssSvStatusCb: a: input svInfo.flags is 8
09-24 19:14:21.663 1796 2449 E GnssHAL_GnssInterface: gnssSvStatusCb: b: input svInfo.flags is 8
09-24 19:14:21.663 1688 1688 D vold : Remounting 1000 as mode full
09-24 19:14:21.664 1688 1688 D vold : Found matching PID 1680
09-24 19:14:21.664 1688 1688 W vold : Skipping due to root namespace
09-24 19:14:21.664 1688 1688 D vold : Found matching PID 1681
09-24 19:14:21.664 1688 1688 W vold : Skipping due to root namespace
09-24 19:14:21.664 1688 1688 D vold : Found matching PID 1682
09-24 19:14:21.664 1688 1688 W vold : Skipping due to root namespace
09-24 19:14:21.664 1688 1688 D vold : Found matching PID 1783
09-24 19:14:21.664 1688 1688 W vold : Skipping due to root namespace
09-24 19:14:21.664 1688 1688 D vold : Found matching PID 1784
09-24 19:14:21.664 1688 1688 W vold : Skipping due to root namespace
09-24 19:14:21.664 1688 1688 D vold : Found matching PID 1790
09-24 19:14:21.664 1688 1688 W vold : Skipping due to root namespace
09-24 19:14:21.664 1688 1688 D vold : Found matching PID 1794
09-24 19:14:21.664 1688 1688 W vold : Skipping due to root namespace
09-24 19:14:21.664 1688 1688 D vold : Found matching PID 1797
09-24 19:14:21.664 1688 1688 W vold : Skipping due to root namespace
09-24 19:14:21.664 1688 1688 D vold : Found matching PID 1798
09-24 19:14:21.664 1688 1688 W vold : Skipping due to root namespace
09-24 19:14:21.664 1688 1688 D vold : Found matching PID 1800
09-24 19:14:21.664 1688 1688 W vold : Skipping due to root namespace
09-24 19:14:21.664 1688 1688 D vold : Found matching PID 1801
09-24 19:14:21.664 1688 1688 W vold : Skipping due to root namespace
09-24 19:14:21.664 1688 1688 D vold : Found matching PID 1802
09-24 19:14:21.665 1688 1688 W vold : Skipping due to root namespace
09-24 19:14:21.665 1688 1688 D vold : Found matching PID 1804
09-24 19:14:21.665 1688 1688 W vold : Skipping due to root namespace
09-24 19:14:21.665 1688 1688 D vold : Found matching PID 1813
09-24 19:14:21.665 1688 1688 W vold : Skipping due to root namespace
09-24 19:14:21.666 1688 1688 D vold : Found matching PID 1825
09-24 19:14:21.666 1688 1688 W vold : Skipping due to root namespace
09-24 19:14:21.666 1688 1688 D vold : Found matching PID 1853
09-24 19:14:21.666 1688 1688 W vold : Skipping due to root namespace
09-24 19:14:21.666 1688 1688 D vold : Found matching PID 1858
09-24 19:14:21.666 1688 1688 W vold : Skipping due to root namespace
09-24 19:14:21.666 1688 1688 D vold : Found matching PID 2041
09-24 19:14:21.668 2041 2060 W GeocoderProxy: Odd, no component found for service com.android.location.service.GeocodeProvider
09-24 19:14:21.669 2041 2060 W GeofenceProxy: Odd, no component found for service com.android.location.service.GeofenceProvider
09-24 19:14:21.675 2041 2060 W ActivityRecognitionProxy: Odd, no component found for service com.android.location.service.ActivityRecognitionProvider
09-24 19:14:21.677 2224 2224 V WifiManager: registerTrafficStateCallback: callback=com.android.systemui.statusbar.policy.WifiSignalController$WifiTrafficStateCallback@1ed4618, handler=null
09-24 19:14:21.680 2041 2203 D ConnectivityService: requestNetwork for uid/pid:10100/2224 NetworkRequest [ TRACK_DEFAULT id=12, [ Capabilities: INTERNET&NOT_RESTRICTED&TRUSTED Uid: 10100] ]
09-24 19:14:21.687 2224 2224 E ActivityThread: Failed to find provider info for com.google.android.apps.turbo.estimated_time_remaining
09-24 19:14:21.691 2041 2327 I RoleUserState: Added new role: android.app.role.CALL_SCREENING
09-24 19:14:21.691 2041 2327 I RoleUserState: Added new role: android.app.role.DIALER
09-24 19:14:21.691 2041 2327 I RoleUserState: Added new role: android.app.role.HOME
09-24 19:14:21.691 2041 2327 I RoleUserState: Added new role: android.app.role.ASSISTANT
09-24 19:14:21.691 2041 2327 I RoleUserState: Added new role: android.app.role.EMERGENCY
09-24 19:14:21.691 2041 2327 I RoleUserState: Added new role: android.app.role.CALL_REDIRECTION
09-24 19:14:21.691 2041 2327 I RoleUserState: Added new role: android.app.role.BROWSER
09-24 19:14:21.723 2247 2453 I RoleControllerServiceImpl: Adding package as default/fallback role holder, package: com.android.dialer, role: android.app.role.DIALER
09-24 19:14:21.738 1688 2361 D vold : Remounting 1000 as mode full
09-24 19:14:21.739 1688 2361 D vold : Found matching PID 1680
09-24 19:14:21.739 1688 2361 W vold : Skipping due to root namespace
09-24 19:14:21.739 1688 2361 D vold : Found matching PID 1681
09-24 19:14:21.739 1688 2361 W vold : Skipping due to root namespace
09-24 19:14:21.739 1688 2361 D vold : Found matching PID 1682
09-24 19:14:21.739 1688 2361 W vold : Skipping due to root namespace
09-24 19:14:21.739 1688 2361 D vold : Found matching PID 1783
09-24 19:14:21.739 1688 2361 W vold : Skipping due to root namespace
09-24 19:14:21.739 1688 2361 D vold : Found matching PID 1784
09-24 19:14:21.739 1688 2361 W vold : Skipping due to root namespace
09-24 19:14:21.739 1688 2361 D vold : Found matching PID 1790
09-24 19:14:21.739 1688 2361 W vold : Skipping due to root namespace
09-24 19:14:21.739 1688 2361 D vold : Found matching PID 1794
09-24 19:14:21.739 1688 2361 W vold : Skipping due to root namespace
09-24 19:14:21.739 1688 2361 D vold : Found matching PID 1797
09-24 19:14:21.739 1688 2361 W vold : Skipping due to root namespace
09-24 19:14:21.739 1688 2361 D vold : Found matching PID 1798
09-24 19:14:21.739 1688 2361 W vold : Skipping due to root namespace
09-24 19:14:21.739 1688 2361 D vold : Found matching PID 1800
09-24 19:14:21.739 1688 2361 W vold : Skipping due to root namespace
09-24 19:14:21.739 1688 2361 D vold : Found matching PID 1801
09-24 19:14:21.739 1688 2361 W vold : Skipping due to root namespace
09-24 19:14:21.739 1688 2361 D vold : Found matching PID 1802
09-24 19:14:21.739 1688 2361 W vold : Skipping due to root namespace
09-24 19:14:21.739 1688 2361 D vold : Found matching PID 1804
09-24 19:14:21.739 1688 2361 W vold : Skipping due to root namespace
09-24 19:14:21.739 1688 2361 D vold : Found matching PID 1813
09-24 19:14:21.739 1688 2361 W vold : Skipping due to root namespace
09-24 19:14:21.739 1688 2361 D vold : Found matching PID 1825
09-24 19:14:21.740 1688 2361 W vold : Skipping due to root namespace
09-24 19:14:21.740 1688 2361 D vold : Found matching PID 1853
09-24 19:14:21.740 1688 2361 W vold : Skipping due to root namespace
09-24 19:14:21.740 1688 2361 D vold : Found matching PID 1858
09-24 19:14:21.740 1688 2361 W vold : Skipping due to root namespace
09-24 19:14:21.740 1688 2361 D vold : Found matching PID 2041
09-24 19:14:21.741 2041 2054 I chatty : uid=1000(system) HeapTaskDaemon expire 2 lines
09-24 19:14:21.745 2247 2453 I RoleControllerServiceImpl: Adding package as default/fallback role holder, package: com.google.android.setupwizard, role: android.app.role.HOME
09-24 19:14:21.750 2041 2327 I PackageManager: Result set changed, dropping preferred activity for Intent { act=android.intent.action.MAIN cat=[android.intent.category.HOME,android.intent.category.DEFAULT] } type null
09-24 19:14:21.761 2224 2224 D StatusBar: disable disable2
09-24 19:14:21.762 2041 2327 I StatusBarManagerService: registerStatusBar bar=com.android.internal.statusbar.IStatusBar$Stub$Proxy@f2e2ace
09-24 19:14:21.770 2247 2453 I RoleControllerServiceImpl: Adding package as default/fallback role holder, package: com.google.android.googlequicksearchbox, role: android.app.role.ASSISTANT
09-24 19:14:21.775 2247 2453 I RoleControllerServiceImpl: Adding package as default/fallback role holder, package: com.android.emergency, role: android.app.role.EMERGENCY
09-24 19:14:21.777 2247 2453 I RoleControllerServiceImpl: Adding package as default/fallback role holder, package: com.android.chrome, role: android.app.role.BROWSER
09-24 19:14:21.782 1688 2427 D vold : Remounting 1000 as mode full
09-24 19:14:21.783 1688 2427 D vold : Found matching PID 1680
09-24 19:14:21.783 1688 2427 W vold : Skipping due to root namespace
09-24 19:14:21.783 1688 2427 D vold : Found matching PID 1681
09-24 19:14:21.783 1688 2427 W vold : Skipping due to root namespace
09-24 19:14:21.783 1688 2427 D vold : Found matching PID 1682
09-24 19:14:21.783 1688 2427 W vold : Skipping due to root namespace
09-24 19:14:21.783 1688 2427 D vold : Found matching PID 1783
09-24 19:14:21.783 1688 2427 W vold : Skipping due to root namespace
09-24 19:14:21.783 1688 2427 D vold : Found matching PID 1784
09-24 19:14:21.783 1688 2427 W vold : Skipping due to root namespace
09-24 19:14:21.783 1688 2427 D vold : Found matching PID 1790
09-24 19:14:21.783 1688 2427 W vold : Skipping due to root namespace
09-24 19:14:21.783 1688 2427 D vold : Found matching PID 1794
09-24 19:14:21.783 1688 2427 W vold : Skipping due to root namespace
09-24 19:14:21.783 1688 2427 D vold : Found matching PID 1797
09-24 19:14:21.783 1688 2427 W vold : Skipping due to root namespace
09-24 19:14:21.783 1688 2427 D vold : Found matching PID 1798
09-24 19:14:21.783 1688 2427 W vold : Skipping due to root namespace
09-24 19:14:21.783 1688 2427 D vold : Found matching PID 1800
09-24 19:14:21.783 1688 2427 W vold : Skipping due to root namespace
09-24 19:14:21.783 1688 2427 D vold : Found matching PID 1801
09-24 19:14:21.783 1688 2427 W vold : Skipping due to root namespace
09-24 19:14:21.783 1688 2427 D vold : Found matching PID 1802
09-24 19:14:21.783 1688 2427 W vold : Skipping due to root namespace
09-24 19:14:21.783 1688 2427 D vold : Found matching PID 1804
09-24 19:14:21.783 1688 2427 W vold : Skipping due to root namespace
09-24 19:14:21.783 1688 2427 D vold : Found matching PID 1813
09-24 19:14:21.783 1688 2427 W vold : Skipping due to root namespace
09-24 19:14:21.783 1688 2427 D vold : Found matching PID 1825
09-24 19:14:21.783 1688 2427 W vold : Skipping due to root namespace
09-24 19:14:21.783 1688 2427 D vold : Found matching PID 1853
09-24 19:14:21.783 1688 2427 W vold : Skipping due to root namespace
09-24 19:14:21.783 1688 2427 D vold : Found matching PID 1858
09-24 19:14:21.783 1688 2427 W vold : Skipping due to root namespace
09-24 19:14:21.783 1688 2427 D vold : Found matching PID 2041
09-24 19:14:21.813 2041 2068 I RoleUserState: Wrote roles.xml successfully
09-24 19:14:21.844 1688 2361 D vold : Remounting 1000 as mode full
09-24 19:14:21.844 1688 2361 D vold : Found matching PID 1680
09-24 19:14:21.844 1688 2361 W vold : Skipping due to root namespace
09-24 19:14:21.844 1688 2361 D vold : Found matching PID 1681
09-24 19:14:21.844 1688 2361 W vold : Skipping due to root namespace
09-24 19:14:21.844 1688 2361 D vold : Found matching PID 1682
09-24 19:14:21.844 1688 2361 W vold : Skipping due to root namespace
09-24 19:14:21.845 1688 2361 D vold : Found matching PID 1783
09-24 19:14:21.845 1688 2361 W vold : Skipping due to root namespace
09-24 19:14:21.845 1688 2361 D vold : Found matching PID 1784
09-24 19:14:21.845 1688 2361 W vold : Skipping due to root namespace
09-24 19:14:21.845 1688 2361 D vold : Found matching PID 1790
09-24 19:14:21.845 1688 2361 W vold : Skipping due to root namespace
09-24 19:14:21.845 1688 2361 D vold : Found matching PID 1794
09-24 19:14:21.845 1688 2361 W vold : Skipping due to root namespace
09-24 19:14:21.845 1688 2361 D vold : Found matching PID 1797
09-24 19:14:21.845 1688 2361 W vold : Skipping due to root namespace
09-24 19:14:21.845 1688 2361 D vold : Found matching PID 1798
09-24 19:14:21.845 1688 2361 W vold : Skipping due to root namespace
09-24 19:14:21.845 1688 2361 D vold : Found matching PID 1800
09-24 19:14:21.845 1688 2361 W vold : Skipping due to root namespace
09-24 19:14:21.845 1688 2361 D vold : Found matching PID 1801
09-24 19:14:21.845 1688 2361 W vold : Skipping due to root namespace
09-24 19:14:21.845 1688 2361 D vold : Found matching PID 1802
09-24 19:14:21.845 1688 2361 W vold : Skipping due to root namespace
09-24 19:14:21.845 1688 2361 D vold : Found matching PID 1804
09-24 19:14:21.845 1688 2361 W vold : Skipping due to root namespace
09-24 19:14:21.845 1688 2361 D vold : Found matching PID 1813
09-24 19:14:21.845 1688 2361 W vold : Skipping due to root namespace
09-24 19:14:21.845 1688 2361 D vold : Found matching PID 1825
09-24 19:14:21.845 1688 2361 W vold : Skipping due to root namespace
09-24 19:14:21.846 1688 2361 D vold : Found matching PID 1853
09-24 19:14:21.846 1688 2361 W vold : Skipping due to root namespace
09-24 19:14:21.846 1688 2361 D vold : Found matching PID 1858
09-24 19:14:21.846 1688 2361 W vold : Skipping due to root namespace
09-24 19:14:21.846 1688 2361 D vold : Found matching PID 2041
09-24 19:14:21.883 1688 2427 D vold : Remounting 1000 as mode full
09-24 19:14:21.883 1688 2427 D vold : Found matching PID 1680
09-24 19:14:21.883 1688 2427 W vold : Skipping due to root namespace
09-24 19:14:21.883 1688 2427 D vold : Found matching PID 1681
09-24 19:14:21.883 1688 2427 W vold : Skipping due to root namespace
09-24 19:14:21.883 1688 2427 D vold : Found matching PID 1682
09-24 19:14:21.883 1688 2427 W vold : Skipping due to root namespace
09-24 19:14:21.883 1688 2427 D vold : Found matching PID 1783
09-24 19:14:21.883 1688 2427 W vold : Skipping due to root namespace
09-24 19:14:21.883 1688 2427 D vold : Found matching PID 1784
09-24 19:14:21.883 1688 2427 W vold : Skipping due to root namespace
09-24 19:14:21.883 1688 2427 D vold : Found matching PID 1790
09-24 19:14:21.883 1688 2427 W vold : Skipping due to root namespace
09-24 19:14:21.883 1688 2427 D vold : Found matching PID 1794
09-24 19:14:21.883 1688 2427 W vold : Skipping due to root namespace
09-24 19:14:21.883 1688 2427 D vold : Found matching PID 1797
09-24 19:14:21.883 1688 2427 W vold : Skipping due to root namespace
09-24 19:14:21.883 1688 2427 D vold : Found matching PID 1798
09-24 19:14:21.883 1688 2427 W vold : Skipping due to root namespace
09-24 19:14:21.883 1688 2427 D vold : Found matching PID 1800
09-24 19:14:21.883 1688 2427 W vold : Skipping due to root namespace
09-24 19:14:21.883 1688 2427 D vold : Found matching PID 1801
09-24 19:14:21.883 1688 2427 W vold : Skipping due to root namespace
09-24 19:14:21.883 1688 2427 D vold : Found matching PID 1802
09-24 19:14:21.883 1688 2427 W vold : Skipping due to root namespace
09-24 19:14:21.883 1688 2427 D vold : Found matching PID 1804
09-24 19:14:21.883 1688 2427 W vold : Skipping due to root namespace
09-24 19:14:21.883 1688 2427 D vold : Found matching PID 1813
09-24 19:14:21.884 1688 2427 W vold : Skipping due to root namespace
09-24 19:14:21.884 1688 2427 D vold : Found matching PID 1825
09-24 19:14:21.884 1688 2427 W vold : Skipping due to root namespace
09-24 19:14:21.884 1688 2427 D vold : Found matching PID 1853
09-24 19:14:21.884 1688 2427 W vold : Skipping due to root namespace
09-24 19:14:21.884 1688 2427 D vold : Found matching PID 1858
09-24 19:14:21.884 1688 2427 W vold : Skipping due to root namespace
09-24 19:14:21.884 1688 2427 D vold : Found matching PID 2041
09-24 19:14:21.905 2224 2224 I CameraManagerGlobal: Connecting to camera service
09-24 19:14:21.914 2041 2041 W SystemServiceManager: Service com.android.server.role.RoleManagerService took 352 ms in onStartUser
09-24 19:14:21.915 2041 2041 I ActivityTaskManager: START u0 {act=android.intent.action.MAIN cat=[android.intent.category.HOME] flg=0x10000100 cmp=com.android.settings/.CryptKeeper} from uid 0
09-24 19:14:21.921 2041 2041 I ActivityTaskManager: Loaded persisted task ids for user 0
09-24 19:14:21.925 1780 1780 D Zygote : Forked child process 2465
09-24 19:14:21.927 1688 2361 D vold : Remounting 1000 as mode full
09-24 19:14:21.928 1688 2361 D vold : Found matching PID 1680
09-24 19:14:21.928 1688 2361 W vold : Skipping due to root namespace
09-24 19:14:21.928 1688 2361 D vold : Found matching PID 1681
09-24 19:14:21.928 1688 2361 W vold : Skipping due to root namespace
09-24 19:14:21.928 1688 2361 D vold : Found matching PID 1682
09-24 19:14:21.928 1688 2361 W vold : Skipping due to root namespace
09-24 19:14:21.928 1688 2361 D vold : Found matching PID 1783
09-24 19:14:21.928 1688 2361 W vold : Skipping due to root namespace
09-24 19:14:21.928 1688 2361 D vold : Found matching PID 1784
09-24 19:14:21.928 1688 2361 W vold : Skipping due to root namespace
09-24 19:14:21.928 1688 2361 D vold : Found matching PID 1790
09-24 19:14:21.929 1688 2361 W vold : Skipping due to root namespace
09-24 19:14:21.929 1688 2361 D vold : Found matching PID 1794
09-24 19:14:21.929 1688 2361 W vold : Skipping due to root namespace
09-24 19:14:21.929 1688 2361 D vold : Found matching PID 1797
09-24 19:14:21.929 1688 2361 W vold : Skipping due to root namespace
09-24 19:14:21.929 1688 2361 D vold : Found matching PID 1798
09-24 19:14:21.929 1688 2361 W vold : Skipping due to root namespace
09-24 19:14:21.929 1688 2361 D vold : Found matching PID 1800
09-24 19:14:21.929 1688 2361 W vold : Skipping due to root namespace
09-24 19:14:21.929 1688 2361 D vold : Found matching PID 1801
09-24 19:14:21.929 1688 2361 W vold : Skipping due to root namespace
09-24 19:14:21.929 1688 2361 D vold : Found matching PID 1802
09-24 19:14:21.929 1688 2361 W vold : Skipping due to root namespace
09-24 19:14:21.929 1688 2361 D vold : Found matching PID 1804
09-24 19:14:21.929 1688 2361 W vold : Skipping due to root namespace
09-24 19:14:21.929 1688 2361 D vold : Found matching PID 1813
09-24 19:14:21.929 1688 2361 W vold : Skipping due to root namespace
09-24 19:14:21.929 1688 2361 D vold : Found matching PID 1825
09-24 19:14:21.929 1688 2361 W vold : Skipping due to root namespace
09-24 19:14:21.929 1688 2361 D vold : Found matching PID 1853
09-24 19:14:21.929 1688 2361 W vold : Skipping due to root namespace
09-24 19:14:21.929 1688 2361 D vold : Found matching PID 1858
09-24 19:14:21.929 1688 2361 W vold : Skipping due to root namespace
09-24 19:14:21.929 1688 2361 D vold : Found matching PID 2041
09-24 19:14:21.935 2465 2465 W m.android.phon: Unexpected CPU variant for X86 using defaults: x86
09-24 19:14:21.941 2465 2465 E m.android.phon: Not starting debugger since process cannot load the jdwp agent.
09-24 19:14:21.963 1975 1975 E hostapd : Using interface wlan1 with hwaddr 02:15:b2:00:01:00 and ssid "AndroidWifi"
09-24 19:14:21.963 1975 1975 I hostapd : wlan1: interface state HT_SCAN->ENABLED
09-24 19:14:21.963 1975 1975 I hostapd : wlan1: AP-ENABLED
09-24 19:14:21.967 2041 2072 W ActivityManager: Slow operation: 53ms so far, now at startProcess: done updating battery stats
09-24 19:14:21.967 2041 2072 W ActivityManager: Slow operation: 53ms so far, now at startProcess: building log message
09-24 19:14:21.967 2041 2072 I ActivityManager: Start proc 2465:com.android.phone/1001 for added application com.android.phone
09-24 19:14:21.967 2041 2072 W ActivityManager: Slow operation: 53ms so far, now at startProcess: starting to update pids map
09-24 19:14:21.968 2041 2041 D SystemServerInitThreadPool: Shutdown successful
09-24 19:14:21.968 2041 2072 W ActivityManager: Slow operation: 54ms so far, now at startProcess: done updating pids map
09-24 19:14:21.975 2041 2041 W Looper : Slow delivery took 4241ms main h=android.app.ActivityThread$H c=null m=156
09-24 19:14:21.979 1780 1780 D Zygote : Forked child process 2485
09-24 19:14:21.980 2041 2072 I ActivityManager: Start proc 2485:com.android.settings:CryptKeeper/1000 for activity {com.android.settings/com.android.settings.CryptKeeper}
09-24 19:14:21.980 2465 2465 I m.android.phon: The ClassLoaderContext is a special shared library.
09-24 19:14:21.983 1688 2427 D vold : Remounting 1000 as mode full
09-24 19:14:21.984 2041 2041 V SettingsProvider: Notifying for 0: content://settings/global/network_watchlist_last_report_time
09-24 19:14:21.984 1688 2427 D vold : Found matching PID 1680
09-24 19:14:21.984 1688 2427 W vold : Skipping due to root namespace
09-24 19:14:21.984 1688 2427 D vold : Found matching PID 1681
09-24 19:14:21.984 1688 2427 W vold : Skipping due to root namespace
09-24 19:14:21.984 1688 2427 D vold : Found matching PID 1682
09-24 19:14:21.984 1688 2427 W vold : Skipping due to root namespace
09-24 19:14:21.985 1688 2427 D vold : Found matching PID 1783
09-24 19:14:21.985 1688 2427 W vold : Skipping due to root namespace
09-24 19:14:21.985 1688 2427 D vold : Found matching PID 1784
09-24 19:14:21.985 1688 2427 W vold : Skipping due to root namespace
09-24 19:14:21.985 1688 2427 D vold : Found matching PID 1790
09-24 19:14:21.985 1688 2427 W vold : Skipping due to root namespace
09-24 19:14:21.985 1688 2427 D vold : Found matching PID 1794
09-24 19:14:21.985 1688 2427 W vold : Skipping due to root namespace
09-24 19:14:21.985 1688 2427 D vold : Found matching PID 1797
09-24 19:14:21.985 1688 2427 W vold : Skipping due to root namespace
09-24 19:14:21.985 1688 2427 D vold : Found matching PID 1798
09-24 19:14:21.985 1688 2427 W vold : Skipping due to root namespace
09-24 19:14:21.985 1688 2427 D vold : Found matching PID 1800
09-24 19:14:21.985 1688 2427 W vold : Skipping due to root namespace
09-24 19:14:21.985 1688 2427 D vold : Found matching PID 1801
09-24 19:14:21.985 1688 2427 W vold : Skipping due to root namespace
09-24 19:14:21.985 1688 2427 D vold : Found matching PID 1802
09-24 19:14:21.985 1688 2427 W vold : Skipping due to root namespace
09-24 19:14:21.985 1688 2427 D vold : Found matching PID 1804
09-24 19:14:21.985 1688 2427 W vold : Skipping due to root namespace
09-24 19:14:21.985 1688 2427 D vold : Found matching PID 1813
09-24 19:14:21.985 1688 2427 W vold : Skipping due to root namespace
09-24 19:14:21.985 1688 2427 D vold : Found matching PID 1825
09-24 19:14:21.985 1688 2427 W vold : Skipping due to root namespace
09-24 19:14:21.985 1688 2427 D vold : Found matching PID 1853
09-24 19:14:21.985 1688 2427 W vold : Skipping due to root namespace
09-24 19:14:21.985 1688 2427 D vold : Found matching PID 1858
09-24 19:14:21.985 1688 2427 W vold : Skipping due to root namespace
09-24 19:14:21.985 1688 2427 D vold : Found matching PID 2041
09-24 19:14:21.991 2041 2041 D ConditionProviders.SCP: onConnected
09-24 19:14:21.991 2041 2041 V SettingsProvider: Notifying for 0: content://settings/global/zen_mode
09-24 19:14:21.991 2041 2041 V SettingsProvider: Notifying for 0: content://settings/secure/enabled_notification_listeners
09-24 19:14:21.991 2041 2041 V SettingsProvider: Notifying for 0: content://settings/secure/enabled_notification_assistant
09-24 19:14:21.991 2041 2041 V SettingsProvider: Notifying for 0: content://settings/secure/enabled_notification_policy_access_packages
09-24 19:14:21.991 2041 2041 V SettingsProvider: Notifying for 0: content://settings/system/mode_ringer_streams_affected
09-24 19:14:21.991 2041 2041 V SettingsProvider: Notifying for 0: content://settings/secure/assistant
09-24 19:14:21.991 2041 2041 V SettingsProvider: Notifying for 0: content://settings/secure/voice_interaction_service
09-24 19:14:21.991 2041 2041 V SettingsProvider: Notifying for 0: content://settings/secure/voice_recognition_service
09-24 19:14:21.991 2041 2041 V FingerprintService: starting client EnumerateClient(android) cookie: 0/0
09-24 19:14:21.987 2465 2465 I m.android.phon: The ClassLoaderContext is a special shared library.
09-24 19:14:21.992 1858 1858 D FingerprintHal: ----------------> fingerprint_enumerate ----------------->
09-24 19:14:21.992 1858 1858 D android.hardware.biometrics.fingerprint@2.1-service: onEnumerate(fid=0, gid=0, rem=0)
09-24 19:14:21.992 2041 2041 V SettingsProvider: Notifying for 0: content://settings/secure/lock_screen_owner_info_enabled
09-24 19:14:21.993 2041 2041 V SettingsProvider: Notifying for 0: content://settings/global/zen_mode_ringer_level
09-24 19:14:21.993 2041 2041 D ConditionProviders: Subscribing to condition://android/event?userId=-10000&calendar=&reply=1 with ComponentInfo{android/com.android.server.notification.EventConditionProvider}
09-24 19:14:21.993 2041 2041 D ConditionProviders: Subscribing to condition://android/schedule?days=1.2.3.4.5.6.7&start=22.0&end=7.0&exitAtAlarm=true with ComponentInfo{android/com.android.server.notification.ScheduleConditionProvider}
09-24 19:14:21.993 2041 2041 V SettingsProvider: Notifying for 0: content://settings/secure/location_mode
09-24 19:14:21.993 2041 2041 V SettingsProvider: Notifying for 0: content://settings/global/location_global_kill_switch
09-24 19:14:21.994 2041 2041 V SettingsProvider: Notifying for 0: content://settings/secure/voice_interaction_service
09-24 19:14:21.994 2041 2041 V SettingsProvider: Notifying for 0: content://settings/secure/voice_recognition_service
09-24 19:14:21.997 2485 2485 W ngs:CryptKeepe: Unexpected CPU variant for X86 using defaults: x86
09-24 19:14:22.004 2465 2465 I m.android.phon: The ClassLoaderContext is a special shared library.
09-24 19:14:22.005 2485 2485 E ngs:CryptKeepe: Not starting debugger since process cannot load the jdwp agent.
09-24 19:14:22.008 2465 2465 D CarrierProvider: onCreate
09-24 19:14:22.010 2465 2465 D CarrierIdProvider: onCreate
09-24 19:14:22.010 2465 2465 D CarrierIdDatabaseHelper: CarrierIdDatabaseHelper: 5
09-24 19:14:22.010 2201 2201 E ActivityThread: Failed to find provider info for com.google.android.gsf.gservices
09-24 19:14:22.011 2041 2058 I chatty : uid=1000(system) Binder:2041_1 expire 25 lines
09-24 19:14:22.011 2201 2201 E ConfigFileUtils: Failed to read config file: /data/user_de/0/com.google.android.gms/app_chimera/current_modules_init.pb: open failed: ENOENT (No such file or directory)
09-24 19:14:22.016 2224 2224 D StatusBar: mUserSetupObserver - DeviceProvisionedListener called for user 0
09-24 19:14:22.016 2224 2224 D StatusBar: mUserSetupObserver - DeviceProvisionedListener called for user 0
09-24 19:14:22.016 2224 2445 D OpenGLRenderer: profile bars disabled
09-24 19:14:22.016 2224 2445 D OpenGLRenderer: ambientRatio = 1.50
09-24 19:14:22.032 2465 2465 D CarrierIdDatabaseHelper: onCreate
09-24 19:14:22.032 2224 2224 E BluetoothAdapter: Bluetooth binder is null
09-24 19:14:22.035 2485 2485 I ngs:CryptKeepe: The ClassLoaderContext is a special shared library.
09-24 19:14:22.038 2485 2485 I ngs:CryptKeepe: The ClassLoaderContext is a special shared library.
09-24 19:14:22.039 2224 2224 W TelecomManager: Telecom Service not found.
09-24 19:14:22.044 2224 2224 V WifiManager: registerSoftApCallback: callback=com.android.systemui.statusbar.policy.HotspotControllerImpl@e13aa6e, handler=Handler (android.os.Handler) {b61450f}
09-24 19:14:22.047 2465 2465 D CarrierIdProvider: update database from pb file
09-24 19:14:22.011 2201 2201 E ActivityThread: Failed to find provider info for com.google.android.gsf.gservices
09-24 19:14:22.051 2041 2506 I Telecom : BluetoothRouteManager: getBluetoothAudioConnectedDevice: no service available.
09-24 19:14:22.052 2224 2454 I SecurityController: failed to get CA certs
09-24 19:14:22.052 2224 2454 I SecurityController: java.lang.AssertionError: could not bind to KeyChainService
09-24 19:14:22.052 2224 2454 I SecurityController: at android.security.KeyChain.bindAsUser(KeyChain.java:814)
09-24 19:14:22.052 2224 2454 I SecurityController: at com.android.systemui.statusbar.policy.SecurityControllerImpl$CACertLoader.doInBackground(SecurityControllerImpl.java:415)
09-24 19:14:22.052 2224 2454 I SecurityController: at com.android.systemui.statusbar.policy.SecurityControllerImpl$CACertLoader.doInBackground(SecurityControllerImpl.java:411)
09-24 19:14:22.052 2224 2454 I SecurityController: at android.os.AsyncTask$3.call(AsyncTask.java:378)
09-24 19:14:22.052 2224 2454 I SecurityController: at java.util.concurrent.FutureTask.run(FutureTask.java:266)
09-24 19:14:22.052 2224 2454 I SecurityController: at android.os.AsyncTask$SerialExecutor$1.run(AsyncTask.java:289)
09-24 19:14:22.052 2224 2454 I SecurityController: at java.util.concurrent.ThreadPoolExecutor.runWorker(ThreadPoolExecutor.java:1167)
09-24 19:14:22.052 2224 2454 I SecurityController: at java.util.concurrent.ThreadPoolExecutor$Worker.run(ThreadPoolExecutor.java:641)
09-24 19:14:22.052 2224 2454 I SecurityController: at java.lang.Thread.run(Thread.java:919)
09-24 19:14:22.053 1688 2427 D vold : Found matching PID 2485
09-24 19:14:22.064 2465 2465 E CarrierIdProvider: read carrier list from ota pb failure: java.io.FileNotFoundException: /data/misc/carrierid/carrier_list.pb: open failed: ENOENT (No such file or directory)
09-24 19:14:22.064 2465 2465 D CarrierIdProvider: latest version: 16777227 need update: true
09-24 19:14:22.069 2041 2041 I Telecom : SystemStateHelper: Registering car mode receiver: android.content.IntentFilter@1ca8a37: TS.init@AAA
09-24 19:14:22.072 2224 2224 E libc : Access denied finding property "ro.vendor.aware_available"
09-24 19:14:22.073 1813 1913 E SurfaceFlinger: ro.sf.lcd_density must be defined as a build property
09-24 19:14:22.075 2224 2383 E ActivityThread: Failed to find provider info for com.android.contacts
09-24 19:14:22.073 1813 1913 E SurfaceFlinger: ro.sf.lcd_density must be defined as a build property
09-24 19:14:22.077 2485 2513 D libEGL : Emulator has host GPU support, qemu.gles is set to 1.
09-24 19:14:22.078 2485 2485 D CryptKeeper: Disabling component ComponentInfo{com.android.settings/com.android.settings.CryptKeeper}
09-24 19:14:22.089 2041 2058 I ActivityTaskManager: START u0 {act=android.intent.action.MAIN cat=[android.intent.category.HOME] flg=0x10000100 cmp=com.google.android.setupwizard/.SetupWizardActivity} from uid 0
09-24 19:14:22.093 2485 2513 W libc : Unable to set property "qemu.gles" to "1": error code: 0x18
09-24 19:14:22.094 2224 2224 D StorageNotification: Notifying about private volume: VolumeInfo{private}:
09-24 19:14:22.094 2224 2224 D StorageNotification: type=PRIVATE diskId=null partGuid=null mountFlags=0 mountUserId=-10000
09-24 19:14:22.094 2224 2224 D StorageNotification: state=MOUNTED
09-24 19:14:22.094 2224 2224 D StorageNotification: fsType=null fsUuid=null fsLabel=null
09-24 19:14:22.094 2224 2224 D StorageNotification: path=/data internalPath=null
09-24 19:14:22.096 2485 2513 D libEGL : loaded /vendor/lib/egl/libEGL_emulation.so
09-24 19:14:22.097 2485 2513 D libEGL : loaded /vendor/lib/egl/libGLESv1_CM_emulation.so
09-24 19:14:22.100 2485 2513 D libEGL : loaded /vendor/lib/egl/libGLESv2_emulation.so
09-24 19:14:22.105 2041 2514 I Telecom : Logging.Events: Non-call EVENT: AUDIO_ROUTE, Entering state QuiescentSpeakerRoute
09-24 19:14:22.105 2041 2514 I Telecom : BluetoothRouteManager: getBluetoothAudioConnectedDevice: no service available.
09-24 19:14:22.110 2041 2515 I Telecom : CallAudioModeStateMachine: Message received: null.: TS.init->CAMSM.pM_1@AAA
09-24 19:14:22.111 2201 2201 I ChmraDebugLogger: [46]
09-24 19:14:22.112 2041 2041 I Telecom : MissedCallNotifierImpl: reloadFromDatabase: Boot not yet complete -- call log db may not be available. Deferring loading until boot complete for user 0: TS.init@AAA
09-24 19:14:22.113 2201 2201 I GmsApplication: Updating config completed
09-24 19:14:22.044 2224 2224 W ndroid.systemui: type=1400 audit(0.0:8): avc: denied { read } for name="u:object_r:vendor_default_prop:s0" dev="tmpfs" ino=7726 scontext=u:r:platform_app:s0:c512,c768 tcontext=u:object_r:vendor_default_prop:s0 tclass=file permissive=0
09-24 19:14:22.113 2201 2201 E ActivityThread: Failed to find provider info for com.google.android.gsf.gservices
09-24 19:14:22.116 1780 1780 D Zygote : Forked child process 2518
09-24 19:14:22.114 2201 2201 E ActivityThread: Failed to find provider info for com.google.android.gsf.gservices
09-24 19:14:22.119 2041 2072 I ActivityManager: Start proc 2518:com.google.android.gms/u0a98 for service {com.google.android.gms/com.google.android.gms.chimera.GmsIntentOperationService}
09-24 19:14:22.120 2041 2041 I Telecom : Class: TelecomSystem.INSTANCE being set
09-24 19:14:22.121 2041 2041 W Looper : Slow dispatch took 106ms main h=android.app.ActivityThread$H c=null m=121
09-24 19:14:22.122 2041 2041 I RoleManagerService: Granting default permissions...
09-24 19:14:22.128 2201 2201 W DynamiteModule: Local module descriptor class for providerinstaller not found.
09-24 19:14:22.131 2518 2518 W gle.android.gm: Unexpected CPU variant for X86 using defaults: x86
09-24 19:14:22.133 1688 2361 D vold : Remounting 1000 as mode full
09-24 19:14:22.133 1688 2361 D vold : Found matching PID 1680
09-24 19:14:22.133 1688 2361 W vold : Skipping due to root namespace
09-24 19:14:22.133 1688 2361 D vold : Found matching PID 1681
09-24 19:14:22.133 1688 2361 W vold : Skipping due to root namespace
09-24 19:14:22.133 1688 2361 D vold : Found matching PID 1682
09-24 19:14:22.133 1688 2361 W vold : Skipping due to root namespace
09-24 19:14:22.134 1688 2361 D vold : Found matching PID 1783
09-24 19:14:22.134 1688 2361 W vold : Skipping due to root namespace
09-24 19:14:22.134 1688 2361 D vold : Found matching PID 1784
09-24 19:14:22.134 1688 2361 W vold : Skipping due to root namespace
09-24 19:14:22.134 1688 2361 D vold : Found matching PID 1790
09-24 19:14:22.134 1688 2361 W vold : Skipping due to root namespace
09-24 19:14:22.134 1688 2361 D vold : Found matching PID 1794
09-24 19:14:22.134 1688 2361 W vold : Skipping due to root namespace
09-24 19:14:22.134 1688 2361 D vold : Found matching PID 1797
09-24 19:14:22.134 1688 2361 W vold : Skipping due to root namespace
09-24 19:14:22.134 1688 2361 D vold : Found matching PID 1798
09-24 19:14:22.134 1688 2361 W vold : Skipping due to root namespace
09-24 19:14:22.134 1688 2361 D vold : Found matching PID 1800
09-24 19:14:22.134 1688 2361 W vold : Skipping due to root namespace
09-24 19:14:22.134 1688 2361 D vold : Found matching PID 1801
09-24 19:14:22.134 1688 2361 W vold : Skipping due to root namespace
09-24 19:14:22.134 1688 2361 D vold : Found matching PID 1802
09-24 19:14:22.134 1688 2361 W vold : Skipping due to root namespace
09-24 19:14:22.134 1688 2361 D vold : Found matching PID 1804
09-24 19:14:22.134 1688 2361 W vold : Skipping due to root namespace
09-24 19:14:22.134 1688 2361 D vold : Found matching PID 1813
09-24 19:14:22.134 1688 2361 W vold : Skipping due to root namespace
09-24 19:14:22.134 1688 2361 D vold : Found matching PID 1825
09-24 19:14:22.134 1688 2361 W vold : Skipping due to root namespace
09-24 19:14:22.134 1688 2361 D vold : Found matching PID 1853
09-24 19:14:22.134 1688 2361 W vold : Skipping due to root namespace
09-24 19:14:22.134 1688 2361 D vold : Found matching PID 1858
09-24 19:14:22.134 1688 2361 W vold : Skipping due to root namespace
09-24 19:14:22.135 1688 2361 D vold : Found matching PID 2041
09-24 19:14:22.138 2201 2201 W ProviderHelper: Unknown dynamite feature providerinstaller
09-24 19:14:22.139 2201 2201 E ActivityThread: Failed to find provider info for com.google.android.gsf.gservices
09-24 19:14:22.139 2201 2201 I DynamiteModule: Considering local module providerinstaller:0 and remote module providerinstaller:0
09-24 19:14:22.139 2201 2201 W ProviderInstaller: Failed to load providerinstaller module: No acceptable module found. Local version is 0 and remote version is 0.
09-24 19:14:22.148 2518 2518 E gle.android.gm: Not starting debugger since process cannot load the jdwp agent.
09-24 19:14:22.159 2201 2201 V NativeCrypto: Registering com/google/android/gms/org/conscrypt/NativeCrypto's 284 native methods...
09-24 19:14:22.168 1780 1780 D Zygote : Forked child process 2538
09-24 19:14:22.139 2201 2201 E ActivityThread: Failed to find provider info for com.google.android.gsf.gservices
09-24 19:14:22.168 2041 2072 W ActivityManager: Slow operation: 68ms so far, now at startProcess: returned from zygote!
09-24 19:14:22.168 2041 2072 W ActivityManager: Slow operation: 68ms so far, now at startProcess: done updating battery stats
09-24 19:14:22.170 2041 2072 W ActivityManager: Slow operation: 69ms so far, now at startProcess: building log message
09-24 19:14:22.170 2041 2072 I ActivityManager: Start proc 2538:com.google.android.setupwizard/u0a95 for activity {com.google.android.setupwizard/com.google.android.setupwizard.SetupWizardActivity}
09-24 19:14:22.170 2041 2072 W ActivityManager: Slow operation: 69ms so far, now at startProcess: starting to update pids map
09-24 19:14:22.170 2041 2072 W ActivityManager: Slow operation: 69ms so far, now at startProcess: done updating pids map
09-24 19:14:22.170 2041 2041 I RoleManagerService: Granting default permissions...
09-24 19:14:22.173 1688 2361 D vold : Found matching PID 2485
09-24 19:14:22.173 2465 2465 D CarrierIdProvider: update database from pb. inserted rows = 2260
09-24 19:14:22.173 2465 2465 D CarrierIdProvider: update version number: 100000b relative version: 11
09-24 19:14:22.180 2041 2041 D StorageManagerService: Isolated storage local flag 0 and remote flag 0 resolved to true
09-24 19:14:22.180 2224 2384 W ndroid.systemu: Unsupported class loader
09-24 19:14:22.182 2538 2538 W oid.setupwizar: Unexpected CPU variant for X86 using defaults: x86
09-24 19:14:22.184 2041 2041 V SettingsProvider: Notifying for 0: content://settings/global/isolated_storage_remote
09-24 19:14:22.187 2538 2538 E oid.setupwizar: Not starting debugger since process cannot load the jdwp agent.
09-24 19:14:22.188 2041 2041 I RoleManagerService: Granting default permissions...
09-24 19:14:22.191 2041 2463 I chatty : uid=1000(system) Binder:2041_8 expire 18 lines
09-24 19:14:22.197 2518 2518 D ApplicationLoaders: Returning zygote-cached class loader: /system/framework/android.hidl.base-V1.0-java.jar
09-24 19:14:22.197 2518 2518 D ApplicationLoaders: Returning zygote-cached class loader: /system/framework/android.hidl.manager-V1.0-java.jar
09-24 19:14:22.197 2518 2518 D ApplicationLoaders: Returning zygote-cached class loader: /system/framework/android.hidl.base-V1.0-java.jar
09-24 19:14:22.198 2224 2384 W ndroid.systemu: Skipping duplicate class check due to unsupported classloader
09-24 19:14:22.198 2518 2518 I gle.android.gm: The ClassLoaderContext is a special shared library.
09-24 19:14:22.200 2518 2518 I chatty : uid=10098(com.google.android.gms) identical 1 line
09-24 19:14:22.203 2518 2518 I gle.android.gm: The ClassLoaderContext is a special shared library.
09-24 19:14:22.206 2465 2465 D TelephonyProvider: onCreate: build id changed from to QSR1.190920.001
09-24 19:14:22.207 2201 2201 D NetworkSecurityConfig: Using Network Security Config from resource network_security_config debugBuild: false
