--------- beginning of system
09-24 19:14:14.519 1688 1688 I vold : Vold 3.0 (the awakening) firing up
09-24 19:14:14.519 1688 1688 D vold : Detected support for: ext4 f2fs vfat
09-24 19:14:14.522 1688 1688 D vold : Found unmanaged dm device named vendor
09-24 19:14:14.522 1688 1688 D vold : Found unmanaged dm device named system
09-24 19:14:14.522 1688 1688 D vold : Found unmanaged dm device named system-verity
09-24 19:14:14.522 1688 1688 W vold : Failed to LOOP_GET_STATUS64 /dev/block/loop3: No such device or address
09-24 19:14:14.522 1688 1688 W vold : Failed to LOOP_GET_STATUS64 /dev/block/loop6: No such device or address
09-24 19:14:14.522 1688 1688 W vold : Failed to LOOP_GET_STATUS64 /dev/block/loop4: No such device or address
09-24 19:14:14.522 1688 1688 W vold : Failed to LOOP_GET_STATUS64 /dev/block/loop1: No such device or address
09-24 19:14:14.522 1688 1688 W vold : Failed to LOOP_GET_STATUS64 /dev/block/loop0: No such device or address
09-24 19:14:14.522 1688 1688 W vold : Failed to LOOP_GET_STATUS64 /dev/block/loop2: No such device or address
09-24 19:14:14.522 1688 1688 W vold : Failed to LOOP_GET_STATUS64 /dev/block/loop5: No such device or address
09-24 19:14:14.522 1688 1688 W vold : Failed to LOOP_GET_STATUS64 /dev/block/loop7: No such device or address
09-24 19:14:14.522 1688 1688 I vold : Skip mounting partition: /product
09-24 19:14:14.522 1688 1688 I vold : Skip mounting partition: /product_services
09-24 19:14:14.523 1688 1688 D vold : VoldNativeService::start() completed OK
09-24 19:14:14.655 1688 1696 I vold : Found disk at /devices/pci0000:00/0000:00:08.0/virtio5/block/vdf but delaying scan due to secure keyguard
09-24 19:14:14.697 1688 1688 I vold : fscrypt_initialize_global_de
09-24 19:14:14.697 1688 1688 I vold : Creating new key in /data/unencrypted/key
09-24 19:14:14.718 1688 1688 I vold : List of Keymaster HALs found:
09-24 19:14:14.718 1688 1688 I vold : Keymaster HAL #1: SoftwareKeymasterDevice from Google SecurityLevel: SOFTWARE HAL: android.hardware.keymaster@3.0::IKeymasterDevice/default
09-24 19:14:14.718 1688 1688 I vold : Using SoftwareKeymasterDevice from Google for encryption. Security level: SOFTWARE, HAL: android.hardware.keymaster@3.0::IKeymasterDevice/default
09-24 19:14:14.718 1688 1688 D vold : Creating key that doesn't need auth token
09-24 19:14:14.722 1688 1688 D vold : Created key: /data/unencrypted/key
09-24 19:14:14.722 1688 1688 D vold : Added key 829655842 (ext4:2e427ab89466e15b) to keyring 946394907 in process 1688
09-24 19:14:14.722 1688 1688 D vold : Added key 793326200 (f2fs:2e427ab89466e15b) to keyring 946394907 in process 1688
09-24 19:14:14.722 1688 1688 D vold : Added key 493864097 (fscrypt:2e427ab89466e15b) to keyring 946394907 in process 1688
09-24 19:14:14.723 1688 1688 I vold : Wrote system DE key reference to:/data/unencrypted/ref
09-24 19:14:14.814 1688 1688 D vold : fscrypt_init_user0
09-24 19:14:14.814 1688 1688 D vold : Preparing: /data/misc/vold/user_keys
09-24 19:14:14.814 1688 1688 D vold : Preparing: /data/misc/vold/user_keys/ce
09-24 19:14:14.814 1688 1688 D vold : Preparing: /data/misc/vold/user_keys/de
09-24 19:14:14.814 1688 1688 D vold : Preparing: /data/misc/vold/user_keys/ce/0
09-24 19:14:14.814 1688 1688 D vold : Skipping non-key .
09-24 19:14:14.814 1688 1688 D vold : Skipping non-key ..
09-24 19:14:14.819 1688 1688 I vold : List of Keymaster HALs found:
09-24 19:14:14.819 1688 1688 I vold : Keymaster HAL #1: SoftwareKeymasterDevice from Google SecurityLevel: SOFTWARE HAL: android.hardware.keymaster@3.0::IKeymasterDevice/default
09-24 19:14:14.819 1688 1688 I vold : Using SoftwareKeymasterDevice from Google for encryption. Security level: SOFTWARE, HAL: android.hardware.keymaster@3.0::IKeymasterDevice/default
09-24 19:14:14.819 1688 1688 D vold : Creating key that doesn't need auth token
09-24 19:14:14.821 1688 1688 D vold : Created key: /data/misc/vold/user_keys/ce/0/current
09-24 19:14:14.824 1688 1688 I vold : List of Keymaster HALs found:
09-24 19:14:14.824 1688 1688 I vold : Keymaster HAL #1: SoftwareKeymasterDevice from Google SecurityLevel: SOFTWARE HAL: android.hardware.keymaster@3.0::IKeymasterDevice/default
09-24 19:14:14.824 1688 1688 I vold : Using SoftwareKeymasterDevice from Google for encryption. Security level: SOFTWARE, HAL: android.hardware.keymaster@3.0::IKeymasterDevice/default
09-24 19:14:14.824 1688 1688 D vold : Creating key that doesn't need auth token
09-24 19:14:14.825 1688 1688 D vold : Created key: /data/misc/vold/user_keys/de/0
09-24 19:14:14.825 1688 1688 D vold : Added key 755570352 (ext4:1b802886cfb4b262) to keyring 946394907 in process 1688
09-24 19:14:14.825 1688 1688 D vold : Added key 977228624 (f2fs:1b802886cfb4b262) to keyring 946394907 in process 1688
09-24 19:14:14.825 1688 1688 D vold : Added key 372736941 (fscrypt:1b802886cfb4b262) to keyring 946394907 in process 1688
09-24 19:14:14.825 1688 1688 D vold : Added key 86377415 (ext4:5b8462e8b5cedf60) to keyring 946394907 in process 1688
09-24 19:14:14.825 1688 1688 D vold : Added key 639734645 (f2fs:5b8462e8b5cedf60) to keyring 946394907 in process 1688
09-24 19:14:14.825 1688 1688 D vold : Added key 689008439 (fscrypt:5b8462e8b5cedf60) to keyring 946394907 in process 1688
09-24 19:14:14.825 1688 1688 D vold : Created keys for user 0
09-24 19:14:14.825 1688 1688 D vold : Skipping non-de-key .
09-24 19:14:14.825 1688 1688 D vold : Skipping non-de-key ..
09-24 19:14:14.825 1688 1688 D vold : fscrypt_prepare_user_storage for volume null, user 0, serial 0, flags 1
09-24 19:14:14.825 1688 1688 D vold : Preparing: /data/system/users/0
09-24 19:14:14.825 1688 1688 D vold : Preparing: /data/misc/profiles/cur/0
09-24 19:14:14.826 1688 1688 D vold : Preparing: /data/system_de/0
09-24 19:14:14.826 1688 1688 D vold : Preparing: /data/misc_de/0
09-24 19:14:14.826 1688 1688 D vold : Preparing: /data/vendor_de/0
09-24 19:14:14.826 1688 1688 D vold : Preparing: /data/user_de/0
09-24 19:14:14.826 1688 1688 I vold : Policy for /data/system_de/0 set to 1b802886cfb4b262 modes 1/4
09-24 19:14:14.826 1688 1688 I vold : Policy for /data/misc_de/0 set to 1b802886cfb4b262 modes 1/4
09-24 19:14:14.826 1688 1688 I vold : Policy for /data/vendor_de/0 set to 1b802886cfb4b262 modes 1/4
09-24 19:14:14.826 1688 1688 I vold : Policy for /data/user_de/0 set to 1b802886cfb4b262 modes 1/4
09-24 19:14:14.826 1688 1688 D vold : /system/bin/vold_prepare_subdirs
09-24 19:14:14.826 1688 1688 D vold : prepare
09-24 19:14:14.826 1688 1688 D vold :
09-24 19:14:14.826 1688 1688 D vold : 0
09-24 19:14:14.826 1688 1688 D vold : 1
09-24 19:14:15.115 1827 1827 I installd: installd firing up
09-24 19:14:15.115 1827 1827 D installd: Assuming that device has multi-user storage layout; upgrade no longer supported
09-24 19:14:15.115 1827 1827 D installd: Upgrading to /data/misc/user directories
09-24 19:14:15.163 1845 1845 I wificond: wificond is starting up...
09-24 19:14:15.191 1805 1805 I android.hardware.wifi@1.0-service: Wifi Hal is booting up...
09-24 19:14:15.191 1805 1805 I ServiceManagement: Registered android.hardware.wifi@1.3::IWifi/default (start delay of 209ms) --------- beginning of main
09-24 19:14:15.276 1846 1846 I MediaCodecsXmlParser: limit: sample-rate-ranges = 8000
09-24 19:14:15.276 1846 1846 I MediaCodecsXmlParser: limit: bitrate-range = 13000
09-24 19:14:15.276 1846 1846 D MediaCodecsXmlParser: parsing /vendor/etc/media_codecs_google_video.xml...
09-24 19:14:15.276 1846 1846 I MediaCodecsXmlParser: limit: size-range = 2x2-352x288
09-24 19:14:15.276 1846 1846 I MediaCodecsXmlParser: limit: alignment = 2x2
09-24 19:14:15.276 1846 1846 I MediaCodecsXmlParser: limit: block-size = 16x16
09-24 19:14:15.276 1846 1846 I MediaCodecsXmlParser: limit: blocks-per-second-range = 12-11880
09-24 19:14:15.276 1846 1846 I MediaCodecsXmlParser: limit: bitrate-range = 1-384000
09-24 19:14:15.276 1846 1846 I MediaCodecsXmlParser: limit: performance-point-1920x1080-range = 30-30
09-24 19:14:15.276 1846 1846 I MediaCodecsXmlParser: limit: feature-adaptive-playback = 0
09-24 19:14:15.276 1846 1846 I MediaCodecsXmlParser: limit: size-range = 2x2-352x288
09-24 19:14:15.276 1846 1846 I MediaCodecsXmlParser: limit: alignment = 2x2
09-24 19:14:15.276 1846 1846 I MediaCodecsXmlParser: limit: bitrate-range = 1-384000
09-24 19:14:15.276 1846 1846 I MediaCodecsXmlParser: limit: performance-point-1920x1080-range = 30-30
09-24 19:14:15.276 1846 1846 I MediaCodecsXmlParser: limit: feature-adaptive-playback = 0
09-24 19:14:15.276 1846 1846 I MediaCodecsXmlParser: limit: size-range = 16x16-1920x1088
09-24 19:14:15.276 1846 1846 I MediaCodecsXmlParser: limit: alignment = 2x2
09-24 19:14:15.276 1846 1846 I MediaCodecsXmlParser: limit: block-size = 16x16
09-24 19:14:15.276 1846 1846 I MediaCodecsXmlParser: limit: blocks-per-second-range = 1-244800
09-24 19:14:15.276 1846 1846 I MediaCodecsXmlParser: limit: bitrate-range = 1-12000000
09-24 19:14:15.276 1846 1846 I MediaCodecsXmlParser: limit: performance-point-1920x1080-range = 30-30
09-24 19:14:15.276 1846 1846 I MediaCodecsXmlParser: limit: feature-adaptive-playback = 0
09-24 19:14:15.276 1846 1846 I MediaCodecsXmlParser: limit: size-range = 2x2-2048x2048
09-24 19:14:15.276 1846 1846 I MediaCodecsXmlParser: limit: alignment = 2x2
09-24 19:14:15.276 1846 1846 I MediaCodecsXmlParser: limit: block-size = 8x8
09-24 19:14:15.276 1846 1846 I MediaCodecsXmlParser: limit: block-count-range = 1-139264
09-24 19:14:15.276 1846 1846 I MediaCodecsXmlParser: limit: blocks-per-second-range = 1-2000000
09-24 19:14:15.276 1846 1846 I MediaCodecsXmlParser: limit: bitrate-range = 1-10000000
09-24 19:14:15.276 1846 1846 I MediaCodecsXmlParser: limit: performance-point-1920x1080-range = 30-30
09-24 19:14:15.276 1846 1846 I MediaCodecsXmlParser: limit: feature-adaptive-playback = 0
09-24 19:14:15.276 1846 1846 I MediaCodecsXmlParser: limit: size-range = 2x2-2048x2048
09-24 19:14:15.276 1846 1846 I MediaCodecsXmlParser: limit: alignment = 2x2
09-24 19:14:15.276 1846 1846 I MediaCodecsXmlParser: limit: block-size = 16x16
09-24 19:14:15.276 1846 1846 I MediaCodecsXmlParser: limit: blocks-per-second-range = 1-1000000
09-24 19:14:15.276 1846 1846 I MediaCodecsXmlParser: limit: bitrate-range = 1-40000000
09-24 19:14:15.276 1846 1846 I MediaCodecsXmlParser: limit: performance-point-1920x1080-range = 30-30
09-24 19:14:15.276 1846 1846 I MediaCodecsXmlParser: limit: feature-adaptive-playback = 0
09-24 19:14:15.276 1846 1846 I MediaCodecsXmlParser: limit: size-range = 2x2-2048x2048
09-24 19:14:15.276 1846 1846 I MediaCodecsXmlParser: limit: alignment = 2x2
09-24 19:14:15.276 1846 1846 I MediaCodecsXmlParser: limit: block-size = 16x16
09-24 19:14:15.276 1846 1846 I MediaCodecsXmlParser: limit: blocks-per-second-range = 1-500000
09-24 19:14:15.276 1846 1846 I MediaCodecsXmlParser: limit: bitrate-range = 1-40000000
09-24 19:14:15.276 1846 1846 I MediaCodecsXmlParser: limit: performance-point-1920x1080-range = 30-30
09-24 19:14:15.276 1846 1846 I MediaCodecsXmlParser: limit: feature-adaptive-playback = 0
09-24 19:14:15.276 1846 1846 I MediaCodecsXmlParser: limit: size-range = 176x144-176x144
09-24 19:14:15.276 1846 1846 I MediaCodecsXmlParser: limit: alignment = 16x16
09-24 19:14:15.276 1846 1846 I MediaCodecsXmlParser: limit: bitrate-range = 1-128000
09-24 19:14:15.276 1846 1846 I MediaCodecsXmlParser: limit: size-range = 16x16-1920x1088
09-24 19:14:15.276 1846 1846 I MediaCodecsXmlParser: limit: alignment = 2x2
09-24 19:14:15.276 1846 1846 I MediaCodecsXmlParser: limit: block-size = 16x16
09-24 19:14:15.276 1846 1846 I MediaCodecsXmlParser: limit: blocks-per-second-range = 1-244800
09-24 19:14:15.276 1846 1846 I MediaCodecsXmlParser: limit: bitrate-range = 1-20000000
09-24 19:14:15.276 1846 1846 I MediaCodecsXmlParser: limit: feature-intra-refresh = 0
09-24 19:14:15.276 1846 1846 I MediaCodecsXmlParser: limit: size-range = 16x16-176x144
09-24 19:14:15.276 1846 1846 I MediaCodecsXmlParser: limit: alignment = 16x16
09-24 19:14:15.276 1846 1846 I MediaCodecsXmlParser: limit: block-size = 16x16
09-24 19:14:15.276 1846 1846 I MediaCodecsXmlParser: limit: blocks-per-second-range = 12-1485
09-24 19:14:15.276 1846 1846 I MediaCodecsXmlParser: limit: bitrate-range = 1-64000
09-24 19:14:15.276 1846 1846 I MediaCodecsXmlParser: limit: size-range = 2x2-2048x2048
09-24 19:14:15.276 1846 1846 I MediaCodecsXmlParser: limit: alignment = 2x2
09-24 19:14:15.276 1846 1846 I MediaCodecsXmlParser: limit: bitrate-range = 1-40000000
09-24 19:14:15.277 1846 1846 I MediaCodecsXmlParser: limit: feature-bitrate-modes = VBR,CBR
09-24 19:14:15.277 1846 1846 D MediaCodecsXmlParser: parsing /vendor/etc/media_codecs_performance.xml...
09-24 19:14:15.277 1846 1846 I MediaCodecsXmlParser: limit: measured-frame-rate-176x144-range = 849-1008
09-24 19:14:15.277 1846 1846 I MediaCodecsXmlParser: limit: measured-frame-rate-320x240-range = 496-629
09-24 19:14:15.277 1846 1846 I MediaCodecsXmlParser: limit: measured-frame-rate-720x480-range = 197-203
09-24 19:14:15.277 1846 1846 I MediaCodecsXmlParser: limit: measured-frame-rate-1280x720-range = 93-97
09-24 19:14:15.277 1846 1846 I MediaCodecsXmlParser: limit: measured-frame-rate-1920x1080-range = 45-47
09-24 19:14:15.277 1846 1846 I MediaCodecsXmlParser: limit: measured-frame-rate-176x144-range = 881-1142
09-24 19:14:15.277 1846 1846 I MediaCodecsXmlParser: limit: measured-frame-rate-320x180-range = 249-285
09-24 19:14:15.277 1846 1846 I MediaCodecsXmlParser: limit: measured-frame-rate-640x360-range = 104-115
09-24 19:14:15.277 1846 1846 I MediaCodecsXmlParser: limit: measured-frame-rate-1280x720-range = 34-35
09-24 19:14:15.277 1846 1846 I MediaCodecsXmlParser: limit: measured-frame-rate-1920x1080-range = 26-29
09-24 19:14:15.277 1846 1846 I MediaCodecsXmlParser: limit: measured-frame-rate-176x144-range = 1246-1390
09-24 19:14:15.277 1846 1846 I MediaCodecsXmlParser: limit: measured-frame-rate-320x240-range = 299-629
09-24 19:14:15.277 1846 1846 I MediaCodecsXmlParser: limit: measured-frame-rate-720x480-range = 215-250
09-24 19:14:15.277 1846 1846 I MediaCodecsXmlParser: limit: measured-frame-rate-1280x720-range = 75-85
09-24 19:14:15.277 1846 1846 I MediaCodecsXmlParser: limit: measured-frame-rate-1920x1080-range = 31-34
09-24 19:14:15.277 1846 1846 I MediaCodecsXmlParser: limit: measured-frame-rate-352x288-range = 754-817
09-24 19:14:15.277 1846 1846 I MediaCodecsXmlParser: limit: measured-frame-rate-640x360-range = 323-394
09-24 19:14:15.277 1846 1846 I MediaCodecsXmlParser: limit: measured-frame-rate-720x480-range = 349-372
09-24 19:14:15.277 1846 1846 I MediaCodecsXmlParser: limit: measured-frame-rate-1280x720-range = 144-157
09-24 19:14:15.277 1846 1846 I MediaCodecsXmlParser: limit: measured-frame-rate-1920x1080-range = 74-85
09-24 19:14:15.277 1846 1846 I MediaCodecsXmlParser: limit: measured-frame-rate-176x144-range = 1439-1625
09-24 19:14:15.277 1846 1846 I MediaCodecsXmlParser: limit: measured-frame-rate-320x180-range = 1129-1261
09-24 19:14:15.277 1846 1846 I MediaCodecsXmlParser: limit: measured-frame-rate-640x360-range = 471-525
09-24 19:14:15.277 1846 1846 I MediaCodecsXmlParser: limit: measured-frame-rate-1280x720-range = 126-145
09-24 19:14:15.277 1846 1846 I MediaCodecsXmlParser: limit: measured-frame-rate-1920x1080-range = 48-51
09-24 19:14:15.277 1846 1846 I MediaCodecsXmlParser: limit: measured-frame-rate-320x180-range = 968-1101
09-24 19:14:15.277 1846 1846 I MediaCodecsXmlParser: limit: measured-frame-rate-640x360-range = 291-338
09-24 19:14:15.277 1846 1846 I MediaCodecsXmlParser: limit: measured-frame-rate-1280x720-range = 280-400
09-24 19:14:15.277 1846 1846 I MediaCodecsXmlParser: limit: measured-frame-rate-1920x1080-range = 178-240
09-24 19:14:15.277 1846 1846 D MediaCodecsXmlParser: Cannot find /data/misc/media/media_codecs_profiling_results.xml
09-24 19:14:15.278 1846 1846 I ServiceManagement: Registered android.hardware.media.omx@1.0::IOmx/default (start delay of 186ms)
09-24 19:14:15.278 1846 1846 I ServiceManagement: Removing namespace from process name android.hardware.media.omx@1.0-service to omx@1.0-service.
09-24 19:14:15.278 1846 1846 I media.codec: IOmx HAL service created.
09-24 19:14:15.278 1846 1846 D MediaCodecsXmlParser: parsing /vendor/etc/media_codecs.xml...
09-24 19:14:15.278 1780 1780 I zygote : option[0]=-Xzygote
09-24 19:14:15.278 1780 1780 I zygote : option[1]=exit
09-24 19:14:15.278 1780 1780 I zygote : option[2]=vfprintf
09-24 19:14:15.278 1780 1780 I zygote : option[3]=sensitiveThread
09-24 19:14:15.278 1780 1780 I zygote : option[4]=-verbose:gc
09-24 19:14:15.278 1780 1780 I zygote : option[5]=-Xms4m
09-24 19:14:15.278 1780 1780 I zygote : option[6]=-Xmx512m
09-24 19:14:15.278 1780 1780 I zygote : option[7]=-Xusejit:true
09-24 19:14:15.278 1780 1780 I zygote : option[8]=-Xjitsaveprofilinginfo
09-24 19:14:15.278 1780 1780 I zygote : option[9]=-XjdwpOptions:suspend=n,server=y
09-24 19:14:15.278 1780 1780 I zygote : option[10]=-XjdwpProvider:default
09-24 19:14:15.278 1780 1780 I zygote : option[11]=-Ximage-compiler-option
09-24 19:14:15.278 1780 1780 I zygote : option[12]=--runtime-arg
09-24 19:14:15.278 1780 1780 I zygote : option[13]=-Ximage-compiler-option
09-24 19:14:15.278 1780 1780 I zygote : option[14]=-Xms64m
09-24 19:14:15.278 1780 1780 I zygote : option[15]=-Ximage-compiler-option
09-24 19:14:15.278 1780 1780 I zygote : option[16]=--runtime-arg
09-24 19:14:15.278 1780 1780 I zygote : option[17]=-Ximage-compiler-option
09-24 19:14:15.278 1780 1780 I zygote : option[18]=-Xmx64m
09-24 19:14:15.278 1780 1780 I zygote : option[19]=-Ximage-compiler-option
09-24 19:14:15.278 1780 1780 I zygote : option[20]=--profile-file=/system/etc/boot-image.prof
09-24 19:14:15.278 1780 1780 I zygote : option[21]=-Ximage-compiler-option
09-24 19:14:15.278 1780 1780 I zygote : option[22]=--compiler-filter=speed-profile
09-24 19:14:15.278 1780 1780 I zygote : option[23]=-Xcompiler-option
09-24 19:14:15.278 1780 1780 I zygote : option[24]=--runtime-arg
09-24 19:14:15.278 1780 1780 I zygote : option[25]=-Xcompiler-option
09-24 19:14:15.278 1780 1780 I zygote : option[26]=-Xms64m
09-24 19:14:15.278 1780 1780 I zygote : option[27]=-Xcompiler-option
09-24 19:14:15.278 1780 1780 I zygote : option[28]=--runtime-arg
09-24 19:14:15.278 1780 1780 I zygote : option[29]=-Xcompiler-option
09-24 19:14:15.278 1780 1780 I zygote : option[30]=-Xmx512m
09-24 19:14:15.278 1780 1780 I zygote : option[31]=-Ximage-compiler-option
09-24 19:14:15.278 1780 1780 I zygote : option[32]=--instruction-set-variant=x86
09-24 19:14:15.278 1780 1780 I zygote : option[33]=-Xcompiler-option
09-24 19:14:15.278 1780 1780 I zygote : option[34]=--instruction-set-variant=x86
09-24 19:14:15.278 1780 1780 I zygote : option[35]=-Ximage-compiler-option
09-24 19:14:15.278 1780 1780 I zygote : option[36]=--instruction-set-features=default
09-24 19:14:15.278 1780 1780 I zygote : option[37]=-Xcompiler-option
09-24 19:14:15.278 1780 1780 I zygote : option[38]=--instruction-set-features=default
09-24 19:14:15.278 1780 1780 I zygote : option[39]=-Duser.locale=en-US
09-24 19:14:15.278 1780 1780 I zygote : option[40]=--cpu-abilist=x86
09-24 19:14:15.278 1780 1780 I zygote : option[41]=-Xcompiler-option
09-24 19:14:15.278 1780 1780 I zygote : option[42]=--generate-mini-debug-info
09-24 19:14:15.278 1780 1780 I zygote : option[43]=-Xfingerprint:google/sdk_gphone_x86/generic_x86:10/QSR1.190920.001/5891938:user/release-keys
09-24 19:14:15.279 1846 1846 D MediaCodecsXmlParser: parsing /vendor/etc/media_codecs_google_audio.xml...
09-24 19:14:15.280 1813 1813 I SurfaceFlinger: Using HWComposer service: 'default'
09-24 19:14:15.280 1813 1813 I SurfaceFlinger: SurfaceFlinger is starting
09-24 19:14:15.280 1681 1681 I hwservicemanager: getTransport: Cannot find entry android.hardware.configstore@1.1::ISurfaceFlingerConfigs/default in either framework or device manifest.
09-24 19:14:15.280 1813 1813 I SurfaceFlinger: Treble testing override: 'false'
09-24 19:14:15.280 1846 1846 I MediaCodecsXmlParser: limit: max-channel-count = 2
09-24 19:14:15.280 1846 1846 I MediaCodecsXmlParser: limit: sample-rate-ranges = 8000,11025,12000,16000,22050,24000,32000,44100,48000
09-24 19:14:15.280 1846 1846 I MediaCodecsXmlParser: limit: bitrate-range = 8000-320000
09-24 19:14:15.280 1846 1846 I MediaCodecsXmlParser: limit: max-channel-count = 1
09-24 19:14:15.280 1846 1846 I MediaCodecsXmlParser: limit: sample-rate-ranges = 8000
09-24 19:14:15.280 1846 1846 I MediaCodecsXmlParser: limit: bitrate-range = 4750-12200
09-24 19:14:15.280 1846 1846 I MediaCodecsXmlParser: limit: max-channel-count = 1
09-24 19:14:15.280 1846 1846 I MediaCodecsXmlParser: limit: sample-rate-ranges = 16000
09-24 19:14:15.280 1846 1846 I MediaCodecsXmlParser: limit: bitrate-range = 6600-23850
09-24 19:14:15.280 1846 1846 I MediaCodecsXmlParser: limit: max-channel-count = 8
09-24 19:14:15.280 1846 1846 I MediaCodecsXmlParser: limit: sample-rate-ranges = 7350,8000,11025,12000,16000,22050,24000,32000,44100,48000
09-24 19:14:15.280 1846 1846 I MediaCodecsXmlParser: limit: bitrate-range = 8000-960000
09-24 19:14:15.280 1846 1846 I MediaCodecsXmlParser: limit: max-channel-count = 1
09-24 19:14:15.280 1846 1846 I MediaCodecsXmlParser: limit: sample-rate-ranges = 8000-48000
09-24 19:14:15.280 1846 1846 I MediaCodecsXmlParser: limit: bitrate-range = 64000
09-24 19:14:15.280 1846 1846 I MediaCodecsXmlParser: limit: max-channel-count = 1
09-24 19:14:15.280 1846 1846 I MediaCodecsXmlParser: limit: sample-rate-ranges = 8000-48000
09-24 19:14:15.280 1846 1846 I MediaCodecsXmlParser: limit: bitrate-range = 64000
09-24 19:14:15.280 1846 1846 I MediaCodecsXmlParser: limit: max-channel-count = 8
09-24 19:14:15.280 1846 1846 I MediaCodecsXmlParser: limit: sample-rate-ranges = 8000-96000
09-24 19:14:15.280 1846 1846 I MediaCodecsXmlParser: limit: bitrate-range = 32000-500000
09-24 19:14:15.280 1846 1846 I MediaCodecsXmlParser: limit: max-channel-count = 8
09-24 19:14:15.280 1846 1846 I MediaCodecsXmlParser: limit: sample-rate-ranges = 48000
09-24 19:14:15.280 1846 1846 I MediaCodecsXmlParser: limit: bitrate-range = 6000-510000
09-24 19:14:15.280 1846 1846 I MediaCodecsXmlParser: limit: max-channel-count = 8
09-24 19:14:15.280 1846 1846 I MediaCodecsXmlParser: limit: sample-rate-ranges = 8000-192000
09-24 19:14:15.280 1846 1846 I MediaCodecsXmlParser: limit: bitrate-range = 1-10000000
09-24 19:14:15.280 1846 1846 I MediaCodecsXmlParser: limit: max-channel-count = 8
09-24 19:14:15.280 1846 1846 I MediaCodecsXmlParser: limit: sample-rate-ranges = 1-655350
09-24 19:14:15.280 1846 1846 I MediaCodecsXmlParser: limit: bitrate-range = 1-21000000
09-24 19:14:15.280 1846 1846 I MediaCodecsXmlParser: limit: max-channel-count = 6
09-24 19:14:15.280 1846 1846 I MediaCodecsXmlParser: limit: sample-rate-ranges = 8000,11025,12000,16000,22050,24000,32000,44100,48000
09-24 19:14:15.280 1846 1846 I MediaCodecsXmlParser: limit: bitrate-range = 8000-960000
09-24 19:14:15.280 1846 1846 I MediaCodecsXmlParser: limit: max-channel-count = 1
09-24 19:14:15.280 1846 1846 I MediaCodecsXmlParser: limit: sample-rate-ranges = 8000
09-24 19:14:15.280 1846 1846 I MediaCodecsXmlParser: limit: bitrate-range = 4750-12200
09-24 19:14:15.280 1846 1846 I MediaCodecsXmlParser: limit: feature-bitrate-modes = CBR
09-24 19:14:15.280 1846 1846 I MediaCodecsXmlParser: limit: max-channel-count = 1
09-24 19:14:15.280 1846 1846 I MediaCodecsXmlParser: limit: sample-rate-ranges = 16000
09-24 19:14:15.280 1846 1846 I MediaCodecsXmlParser: limit: bitrate-range = 6600-23850
09-24 19:14:15.280 1846 1846 I MediaCodecsXmlParser: limit: feature-bitrate-modes = CBR
09-24 19:14:15.280 1846 1846 I MediaCodecsXmlParser: limit: max-channel-count = 2
09-24 19:14:15.280 1846 1846 I MediaCodecsXmlParser: limit: sample-rate-ranges = 1-655350
09-24 19:14:15.280 1846 1846 I MediaCodecsXmlParser: limit: bitrate-range = 1-21000000
09-24 19:14:15.280 1846 1846 I MediaCodecsXmlParser: limit: complexity-default = 5
09-24 19:14:15.280 1846 1846 I MediaCodecsXmlParser: limit: complexity-range = 0-8
09-24 19:14:15.280 1846 1846 I MediaCodecsXmlParser: limit: feature-bitrate-modes = CQ
09-24 19:14:15.280 1846 1846 D MediaCodecsXmlParser: parsing /vendor/etc/media_codecs_google_telephony.xml...
09-24 19:14:15.280 1846 1846 I MediaCodecsXmlParser: limit: max-channel-count = 1
09-24 19:14:15.280 1846 1846 I MediaCodecsXmlParser: limit: sample-rate-ranges = 8000
09-24 19:14:15.280 1846 1846 I MediaCodecsXmlParser: limit: bitrate-range = 13000
09-24 19:14:15.280 1846 1846 D MediaCodecsXmlParser: parsing /vendor/etc/media_codecs_google_video.xml...
09-24 19:14:15.280 1846 1846 I MediaCodecsXmlParser: limit: size-range = 2x2-352x288
09-24 19:14:15.280 1846 1846 I MediaCodecsXmlParser: limit: alignment = 2x2
09-24 19:14:15.280 1846 1846 I MediaCodecsXmlParser: limit: block-size = 16x16
09-24 19:14:15.280 1846 1846 I MediaCodecsXmlParser: limit: blocks-per-second-range = 12-11880
09-24 19:14:15.280 1846 1846 I MediaCodecsXmlParser: limit: bitrate-range = 1-384000
09-24 19:14:15.280 1846 1846 I MediaCodecsXmlParser: limit: performance-point-1920x1080-range = 30-30
09-24 19:14:15.280 1846 1846 I MediaCodecsXmlParser: limit: feature-adaptive-playback = 0
09-24 19:14:15.280 1846 1846 I MediaCodecsXmlParser: limit: size-range = 2x2-352x288
09-24 19:14:15.280 1846 1846 I MediaCodecsXmlParser: limit: alignment = 2x2
09-24 19:14:15.280 1846 1846 I MediaCodecsXmlParser: limit: bitrate-range = 1-384000
09-24 19:14:15.280 1846 1846 I MediaCodecsXmlParser: limit: performance-point-1920x1080-range = 30-30
09-24 19:14:15.280 1846 1846 I MediaCodecsXmlParser: limit: feature-adaptive-playback = 0
09-24 19:14:15.280 1846 1846 I MediaCodecsXmlParser: limit: size-range = 16x16-1920x1088
09-24 19:14:15.280 1846 1846 I MediaCodecsXmlParser: limit: alignment = 2x2
09-24 19:14:15.280 1846 1846 I MediaCodecsXmlParser: limit: block-size = 16x16
09-24 19:14:15.280 1846 1846 I MediaCodecsXmlParser: limit: blocks-per-second-range = 1-244800
09-24 19:14:15.280 1846 1846 I MediaCodecsXmlParser: limit: bitrate-range = 1-12000000
09-24 19:14:15.280 1846 1846 I MediaCodecsXmlParser: limit: performance-point-1920x1080-range = 30-30
09-24 19:14:15.280 1846 1846 I MediaCodecsXmlParser: limit: feature-adaptive-playback = 0
09-24 19:14:15.280 1846 1846 I MediaCodecsXmlParser: limit: size-range = 2x2-2048x2048
09-24 19:14:15.280 1846 1846 I MediaCodecsXmlParser: limit: alignment = 2x2
09-24 19:14:15.280 1846 1846 I MediaCodecsXmlParser: limit: block-size = 8x8
09-24 19:14:15.280 1846 1846 I MediaCodecsXmlParser: limit: block-count-range = 1-139264
09-24 19:14:15.280 1846 1846 I MediaCodecsXmlParser: limit: blocks-per-second-range = 1-2000000
09-24 19:14:15.280 1846 1846 I MediaCodecsXmlParser: limit: bitrate-range = 1-10000000
09-24 19:14:15.280 1846 1846 I MediaCodecsXmlParser: limit: performance-point-1920x1080-range = 30-30
09-24 19:14:15.280 1846 1846 I MediaCodecsXmlParser: limit: feature-adaptive-playback = 0
09-24 19:14:15.280 1846 1846 I MediaCodecsXmlParser: limit: size-range = 2x2-2048x2048
09-24 19:14:15.280 1846 1846 I MediaCodecsXmlParser: limit: alignment = 2x2
09-24 19:14:15.280 1846 1846 I MediaCodecsXmlParser: limit: block-size = 16x16
09-24 19:14:15.280 1846 1846 I MediaCodecsXmlParser: limit: blocks-per-second-range = 1-1000000
09-24 19:14:15.280 1846 1846 I MediaCodecsXmlParser: limit: bitrate-range = 1-40000000
09-24 19:14:15.280 1846 1846 I MediaCodecsXmlParser: limit: performance-point-1920x1080-range = 30-30
09-24 19:14:15.280 1846 1846 I MediaCodecsXmlParser: limit: feature-adaptive-playback = 0
09-24 19:14:15.280 1846 1846 I MediaCodecsXmlParser: limit: size-range = 2x2-2048x2048
09-24 19:14:15.280 1846 1846 I MediaCodecsXmlParser: limit: alignment = 2x2
09-24 19:14:15.280 1846 1846 I MediaCodecsXmlParser: limit: block-size = 16x16
09-24 19:14:15.280 1846 1846 I MediaCodecsXmlParser: limit: blocks-per-second-range = 1-500000
09-24 19:14:15.280 1846 1846 I MediaCodecsXmlParser: limit: bitrate-range = 1-40000000
09-24 19:14:15.282 1813 1813 I SurfaceFlinger: SurfaceFlinger's main thread ready to run. Initializing graphics H/W...
09-24 19:14:15.282 1813 1813 I SurfaceFlinger: Phase offset NS: 1000000
09-24 19:14:15.283 1813 1916 W SurfaceFlinger: Ignoring VSYNC request while display is disconnected
09-24 19:14:15.283 1813 1916 W SurfaceFlinger: Ignoring VSYNC request while display is disconnected
09-24 19:14:15.283 1813 1917 W SurfaceFlinger: Ignoring VSYNC request while display is disconnected
09-24 19:14:15.283 1813 1917 W SurfaceFlinger: Ignoring VSYNC request while display is disconnected
09-24 19:14:15.283 1813 1813 D RenderEngine: RenderEngine GLES Backend
09-24 19:14:15.283 1813 1813 D libEGL : Emulator has host GPU support, qemu.gles is set to 1.
09-24 19:14:15.283 1846 1846 I MediaCodecsXmlParser: limit: performance-point-1920x1080-range = 30-30
09-24 19:14:15.283 1846 1846 I MediaCodecsXmlParser: limit: feature-adaptive-playback = 0
09-24 19:14:15.283 1846 1846 I MediaCodecsXmlParser: limit: size-range = 176x144-176x144
09-24 19:14:15.283 1846 1846 I MediaCodecsXmlParser: limit: alignment = 16x16
09-24 19:14:15.283 1846 1846 I MediaCodecsXmlParser: limit: bitrate-range = 1-128000
09-24 19:14:15.283 1846 1846 I MediaCodecsXmlParser: limit: size-range = 16x16-1920x1088
09-24 19:14:15.283 1846 1846 I MediaCodecsXmlParser: limit: alignment = 2x2
09-24 19:14:15.283 1846 1846 I MediaCodecsXmlParser: limit: block-size = 16x16
09-24 19:14:15.283 1846 1846 I MediaCodecsXmlParser: limit: blocks-per-second-range = 1-244800
09-24 19:14:15.283 1846 1846 I MediaCodecsXmlParser: limit: bitrate-range = 1-20000000
09-24 19:14:15.283 1846 1846 I MediaCodecsXmlParser: limit: feature-intra-refresh = 0
09-24 19:14:15.283 1846 1846 I MediaCodecsXmlParser: limit: size-range = 16x16-176x144
09-24 19:14:15.283 1846 1846 I MediaCodecsXmlParser: limit: alignment = 16x16
09-24 19:14:15.283 1846 1846 I MediaCodecsXmlParser: limit: block-size = 16x16
09-24 19:14:15.283 1846 1846 I MediaCodecsXmlParser: limit: blocks-per-second-range = 12-1485
09-24 19:14:15.283 1846 1846 I MediaCodecsXmlParser: limit: bitrate-range = 1-64000
09-24 19:14:15.283 1846 1846 I MediaCodecsXmlParser: limit: size-range = 2x2-2048x2048
09-24 19:14:15.283 1846 1846 I MediaCodecsXmlParser: limit: alignment = 2x2
09-24 19:14:15.283 1846 1846 I MediaCodecsXmlParser: limit: bitrate-range = 1-40000000
09-24 19:14:15.283 1846 1846 I MediaCodecsXmlParser: limit: feature-bitrate-modes = VBR,CBR
09-24 19:14:15.283 1846 1846 D MediaCodecsXmlParser: parsing /vendor/etc/media_codecs_performance.xml...
09-24 19:14:15.283 1846 1846 I MediaCodecsXmlParser: limit: measured-frame-rate-176x144-range = 849-1008
09-24 19:14:15.283 1846 1846 I MediaCodecsXmlParser: limit: measured-frame-rate-320x240-range = 496-629
09-24 19:14:15.283 1846 1846 I MediaCodecsXmlParser: limit: measured-frame-rate-720x480-range = 197-203
09-24 19:14:15.283 1846 1846 I MediaCodecsXmlParser: limit: measured-frame-rate-1280x720-range = 93-97
09-24 19:14:15.283 1846 1846 I MediaCodecsXmlParser: limit: measured-frame-rate-1920x1080-range = 45-47
09-24 19:14:15.283 1846 1846 I MediaCodecsXmlParser: limit: measured-frame-rate-176x144-range = 881-1142
09-24 19:14:15.283 1846 1846 I MediaCodecsXmlParser: limit: measured-frame-rate-320x180-range = 249-285
09-24 19:14:15.283 1846 1846 I MediaCodecsXmlParser: limit: measured-frame-rate-640x360-range = 104-115
09-24 19:14:15.283 1846 1846 I MediaCodecsXmlParser: limit: measured-frame-rate-1280x720-range = 34-35
09-24 19:14:15.283 1846 1846 I MediaCodecsXmlParser: limit: measured-frame-rate-1920x1080-range = 26-29
09-24 19:14:15.283 1846 1846 I MediaCodecsXmlParser: limit: measured-frame-rate-176x144-range = 1246-1390
09-24 19:14:15.283 1846 1846 I MediaCodecsXmlParser: limit: measured-frame-rate-320x240-range = 299-629
09-24 19:14:15.283 1846 1846 I MediaCodecsXmlParser: limit: measured-frame-rate-720x480-range = 215-250
09-24 19:14:15.283 1846 1846 I MediaCodecsXmlParser: limit: measured-frame-rate-1280x720-range = 75-85
09-24 19:14:15.283 1846 1846 I MediaCodecsXmlParser: limit: measured-frame-rate-1920x1080-range = 31-34
09-24 19:14:15.283 1846 1846 I MediaCodecsXmlParser: limit: measured-frame-rate-352x288-range = 754-817
09-24 19:14:15.283 1846 1846 I MediaCodecsXmlParser: limit: measured-frame-rate-640x360-range = 323-394
09-24 19:14:15.284 1846 1846 I MediaCodecsXmlParser: limit: measured-frame-rate-720x480-range = 349-372
09-24 19:14:15.284 1846 1846 I MediaCodecsXmlParser: limit: measured-frame-rate-1280x720-range = 144-157
09-24 19:14:15.284 1846 1846 I MediaCodecsXmlParser: limit: measured-frame-rate-1920x1080-range = 74-85
09-24 19:14:15.284 1846 1846 I MediaCodecsXmlParser: limit: measured-frame-rate-176x144-range = 1439-1625
09-24 19:14:15.284 1846 1846 I MediaCodecsXmlParser: limit: measured-frame-rate-320x180-range = 1129-1261
09-24 19:14:15.284 1846 1846 I MediaCodecsXmlParser: limit: measured-frame-rate-640x360-range = 471-525
09-24 19:14:15.284 1846 1846 I MediaCodecsXmlParser: limit: measured-frame-rate-1280x720-range = 126-145
09-24 19:14:15.284 1846 1846 I MediaCodecsXmlParser: limit: measured-frame-rate-1920x1080-range = 48-51
09-24 19:14:15.284 1846 1846 I MediaCodecsXmlParser: limit: measured-frame-rate-320x180-range = 968-1101
09-24 19:14:15.284 1846 1846 I MediaCodecsXmlParser: limit: measured-frame-rate-640x360-range = 291-338
09-24 19:14:15.284 1846 1846 I MediaCodecsXmlParser: limit: measured-frame-rate-1280x720-range = 280-400
09-24 19:14:15.284 1846 1846 I MediaCodecsXmlParser: limit: measured-frame-rate-1920x1080-range = 178-240
09-24 19:14:15.284 1846 1846 D MediaCodecsXmlParser: Cannot find /data/misc/media/media_codecs_profiling_results.xml
09-24 19:14:15.284 1846 1846 I ServiceManagement: Registered android.hardware.media.omx@1.0::IOmxStore/default (start delay of 192ms)
09-24 19:14:15.284 1846 1846 I ServiceManagement: Removing namespace from process name android.hardware.media.omx@1.0-service to omx@1.0-service.
09-24 19:14:15.289 1813 1813 D libEGL : loaded /vendor/lib/egl/libEGL_emulation.so
09-24 19:14:15.290 1813 1813 D libEGL : loaded /vendor/lib/egl/libGLESv1_CM_emulation.so
09-24 19:14:15.292 1813 1813 D libEGL : loaded /vendor/lib/egl/libGLESv2_emulation.so
09-24 19:14:15.299 1813 1813 D HostConnection: HostConnection::get() New Host Connection established 0xe9a167d0, tid 1813
09-24 19:14:15.308 1813 1813 D HostConnection: HostComposition ext ANDROID_EMU_CHECKSUM_HELPER_v1 ANDROID_EMU_dma_v1 ANDROID_EMU_direct_mem ANDROID_EMU_host_composition_v1 ANDROID_EMU_host_composition_v2 ANDROID_EMU_YUV420_888_to_NV21 ANDROID_EMU_YUV_Cache ANDROID_EMU_sync_buffer_data GL_OES_EGL_image_external_essl3 GL_OES_vertex_array_object ANDROID_EMU_host_side_tracing ANDROID_EMU_gles_max_version_3_0
09-24 19:14:15.309 1813 1813 I RenderEngine: EGL information:
09-24 19:14:15.309 1813 1813 I RenderEngine: vendor : Android
09-24 19:14:15.309 1813 1813 I RenderEngine: version : 1.4 Android META-EGL
09-24 19:14:15.309 1813 1813 I RenderEngine: extensions: EGL_KHR_get_all_proc_addresses EGL_ANDROID_presentation_time EGL_KHR_swap_buffers_with_damage EGL_ANDROID_get_native_client_buffer EGL_ANDROID_front_buffer_auto_refresh EGL_ANDROID_get_frame_timestamps EGL_EXT_surface_SMPTE2086_metadata EGL_EXT_surface_CTA861_3_metadata EGL_KHR_image EGL_KHR_image_base EGL_KHR_gl_texture_2D_image EGL_KHR_fence_sync EGL_KHR_create_context EGL_ANDROID_image_native_buffer EGL_ANDROID_recordable
09-24 19:14:15.309 1813 1813 I RenderEngine: Client API: OpenGL_ES
09-24 19:14:15.309 1813 1813 I RenderEngine: EGLSurface: 8-8-8-8, config=0x4
09-24 19:14:15.309 1821 1821 I cameraserver: ServiceManager: 0xf1606b80
09-24 19:14:15.309 1821 1821 I CameraService: CameraService started (pid=1821)
09-24 19:14:15.309 1821 1821 I CameraService: CameraService process starting
09-24 19:14:15.309 1821 1821 W BatteryNotifier: batterystats service unavailable!
09-24 19:14:15.309 1821 1821 W BatteryNotifier: batterystats service unavailable!
09-24 19:14:15.310 1813 1813 D eglCodecCommon: setVertexArrayObject: set vao to 0 (0) 0 0
09-24 19:14:15.310 1813 1813 D EGL_emulation: eglCreateContext: 0xe9a12c00: maj 3 min 0 rcv 3
09-24 19:14:15.310 1821 1821 I CameraProviderManager: Connecting to new camera provider: legacy/0, isRemote? 1
09-24 19:14:15.310 1821 1821 I CameraProviderManager: Enumerating new camera device: device@3.3/legacy/0
09-24 19:14:15.310 1813 1813 D EGL_emulation: eglMakeCurrent: 0xe9a12c00: ver 3 0 (tinfo 0xe9a05820)
09-24 19:14:15.311 1821 1821 E CameraProviderManager: DeviceInfo3: Converted ICameraDevice instance to nullptr
09-24 19:14:15.311 1821 1821 I CameraProviderManager: Enumerating new camera device: device@3.3/legacy/1
09-24 19:14:15.311 1821 1821 E CameraProviderManager: DeviceInfo3: Converted ICameraDevice instance to nullptr
09-24 19:14:15.311 1821 1821 I CameraProviderManager: Camera provider legacy/0 ready with 2 camera devices
09-24 19:14:15.311 1681 1681 I hwservicemanager: getTransport: Cannot find entry android.hardware.camera.provider@2.4::ICameraProvider/external/0 in either framework or device manifest.
09-24 19:14:15.312 1821 1821 I CameraHardwareInterface: Opening camera 1
09-24 19:14:15.312 1821 1821 E CameraHardwareInterface: initialize: openSession failed! No such file or directory (-2)
09-24 19:14:15.312 1821 1821 E CameraFlashlight: connectCameraDevice: initializing camera 1 failed
09-24 19:14:15.312 1821 1821 I CameraHardwareInterface: Destroying camera 1
09-24 19:14:15.312 1821 1821 E CameraFlashlight: findFlashUnits: failed to check if camera 1 has a flash unit. No such file or directory (-2)
09-24 19:14:15.312 1821 1821 I CameraHardwareInterface: Opening camera 0
09-24 19:14:15.312 1821 1821 E CameraHardwareInterface: initialize: openSession failed! No such file or directory (-2)
09-24 19:14:15.312 1821 1821 E CameraFlashlight: connectCameraDevice: initializing camera 0 failed
09-24 19:14:15.312 1821 1821 I CameraHardwareInterface: Destroying camera 0
09-24 19:14:15.312 1821 1821 E CameraFlashlight: findFlashUnits: failed to check if camera 0 has a flash unit. No such file or directory (-2)
09-24 19:14:15.312 1821 1821 I CameraService: onDeviceStatusChanged: Status changed for cameraId=1, newStatus=1
09-24 19:14:15.312 1821 1821 I CameraService: onDeviceStatusChanged: Unknown camera ID 1, a new camera is added
09-24 19:14:15.312 1821 1821 I CameraService: onDeviceStatusChanged: Status changed for cameraId=0, newStatus=1
09-24 19:14:15.312 1821 1821 I CameraService: onDeviceStatusChanged: Unknown camera ID 0, a new camera is added
09-24 19:14:15.312 1821 1821 I : Waiting for activity service
09-24 19:14:15.314 1813 1813 I RenderEngine: OpenGL ES informations:
09-24 19:14:15.314 1813 1813 I RenderEngine: vendor : Google (Google Inc.)
09-24 19:14:15.314 1813 1813 I RenderEngine: renderer : Android Emulator OpenGL ES Translator (Google SwiftShader)
09-24 19:14:15.314 1813 1813 I RenderEngine: version : OpenGL ES 3.0 (OpenGL ES 3.0 SwiftShader 4.0.0.1)
09-24 19:14:15.314 1813 1813 I RenderEngine: extensions: GL_EXT_debug_marker GL_EXT_robustness GL_OES_EGL_sync GL_OES_EGL_image GL_OES_EGL_image_external GL_OES_depth24 GL_OES_depth32 GL_OES_element_index_uint GL_OES_texture_float GL_OES_texture_float_linear GL_OES_compressed_paletted_texture GL_OES_compressed_ETC1_RGB8_texture GL_OES_depth_texture GL_OES_texture_half_float GL_OES_texture_half_float_linear GL_OES_packed_depth_stencil GL_OES_vertex_half_float GL_OES_standard_derivatives GL_OES_texture_npot GL_OES_rgb8_rgba8 GL_EXT_color_buffer_float GL_EXT_color_buffer_half_float GL_EXT_texture_format_BGRA8888 GL_APPLE_texture_format_BGRA8888 ANDROID_EMU_CHECKSUM_HELPER_v1 ANDROID_EMU_dma_v1 ANDROID_EMU_direct_mem ANDROID_EMU_host_composition_v1 ANDROID_EMU_host_composition_v2 ANDROID_EMU_YUV420_888_to_NV21 ANDROID_EMU_YUV_Cache ANDROID_EMU_sync_buffer_data GL_OES_EGL_image_external_essl3 GL_OES_vertex_array_object ANDROID_EMU_host_side_tracing ANDROID_EMU_gles_max_version_3_0
09-24 19:14:15.314 1813 1813 I RenderEngine: GL_MAX_TEXTURE_SIZE = 8192
09-24 19:14:15.314 1813 1813 I RenderEngine: GL_MAX_VIEWPORT_DIMS = 8192
09-24 19:14:15.315 1821 1927 W CameraProviderManager: addProviderLocked: Camera provider HAL with name 'legacy/0' already registered
09-24 19:14:15.316 1681 1681 I hwservicemanager: getTransport: Cannot find entry android.hardware.graphics.mapper@3.0::IMapper/default in either framework or device manifest.
09-24 19:14:15.316 1798 1798 D ComposerHal: failed to get mapper 3.0 service, falling back to mapper 2.0
09-24 19:14:15.320 1813 1813 I HWComposer: Switching to legacy multi-display mode
09-24 19:14:15.321 1681 1681 I hwservicemanager: getTransport: Cannot find entry android.hardware.graphics.mapper@3.0::IMapper/default in either framework or device manifest.
09-24 19:14:15.321 1813 1813 W Gralloc3: mapper 3.x is not supported
09-24 19:14:15.324 1681 1681 I hwservicemanager: getTransport: Cannot find entry android.hardware.graphics.allocator@3.0::IAllocator/default in either framework or device manifest.
09-24 19:14:15.324 1813 1813 W Gralloc3: allocator 3.x is not supported
09-24 19:14:15.330 1841 1841 I mediaserver: ServiceManager: 0xf4906ca0
09-24 19:14:15.333 1797 1831 D HostConnection: HostComposition ext ANDROID_EMU_CHECKSUM_HELPER_v1 ANDROID_EMU_dma_v1 ANDROID_EMU_direct_mem ANDROID_EMU_host_composition_v1 ANDROID_EMU_host_composition_v2 ANDROID_EMU_YUV420_888_to_NV21 ANDROID_EMU_YUV_Cache ANDROID_EMU_sync_buffer_data GL_OES_EGL_image_external_essl3 GL_OES_vertex_array_object ANDROID_EMU_host_side_tracing ANDROID_EMU_gles_max_version_3_0
09-24 19:14:15.333 1797 1831 D gralloc_ranchu: gralloc_alloc: Creating ashmem region of size 10371072
09-24 19:14:15.334 1797 1831 D eglCodecCommon: allocate: Ask for block of size 0x1000
09-24 19:14:15.334 1797 1831 D eglCodecCommon: allocate: ioctl allocate returned offset 0x3ffffe000 size 0x2000
09-24 19:14:15.334 1813 1813 D HostConnection: createUnique: call
09-24 19:14:15.334 1813 1813 D HostConnection: HostConnection::get() New Host Connection established 0xe9a17ef0, tid 1813
09-24 19:14:15.334 1813 1813 D HostConnection: HostComposition ext ANDROID_EMU_CHECKSUM_HELPER_v1 ANDROID_EMU_dma_v1 ANDROID_EMU_direct_mem ANDROID_EMU_host_composition_v1 ANDROID_EMU_host_composition_v2 ANDROID_EMU_YUV420_888_to_NV21 ANDROID_EMU_YUV_Cache ANDROID_EMU_sync_buffer_data GL_OES_EGL_image_external_essl3 GL_OES_vertex_array_object ANDROID_EMU_host_side_tracing ANDROID_EMU_gles_max_version_3_0
09-24 19:14:15.334 1813 1813 D eglCodecCommon: allocate: Ask for block of size 0x1000
09-24 19:14:15.334 1813 1813 D eglCodecCommon: allocate: ioctl allocate returned offset 0x3ffffc000 size 0x2000
09-24 19:14:15.335 1797 1797 D gralloc_ranchu: gralloc_alloc: Creating ashmem region of size 10371072
09-24 19:14:15.335 1797 1831 D gralloc_ranchu: gralloc_alloc: Creating ashmem region of size 10371072
09-24 19:14:15.343 1841 1841 W BatteryNotifier: batterystats service unavailable!
09-24 19:14:15.345 1834 1834 E MediaExtractorFactory: couldn't opendir(/system/lib/extractors)
09-24 19:14:15.346 1852 1852 I /apex/com.android.media.swcodec/bin/mediaswcodec: media swcodec service starting
09-24 19:14:15.346 1852 1852 W /apex/com.android.media.swcodec/bin/mediaswcodec: Could not read additional policy file '/vendor/etc/seccomp_policy/mediaswcodec.policy'
09-24 19:14:15.346 1852 1852 W /apex/com.android.media.swcodec/bin/mediaswcodec: libminijail[1852]: failed to get path of fd 4: No such file or directory
09-24 19:14:15.346 1852 1852 W /apex/com.android.media.swcodec/bin/mediaswcodec: libminijail[1852]: allowing syscall: socketcall
09-24 19:14:15.346 1852 1852 W /apex/com.android.media.swcodec/bin/mediaswcodec: libminijail[1852]: allowing syscall: writev
09-24 19:14:15.346 1852 1852 W /apex/com.android.media.swcodec/bin/mediaswcodec: libminijail[1852]: allowing syscall: fcntl64
09-24 19:14:15.346 1852 1852 W /apex/com.android.media.swcodec/bin/mediaswcodec: libminijail[1852]: allowing syscall: clock_gettime
09-24 19:14:15.346 1852 1852 W /apex/com.android.media.swcodec/bin/mediaswcodec: libminijail[1852]: compile_file: (34): nonexistent syscall 'newfstatat'
09-24 19:14:15.346 1852 1852 W /apex/com.android.media.swcodec/bin/mediaswcodec: libminijail[1852]: logging seccomp filter failures
09-24 19:14:15.347 1852 1852 I CodecServiceRegistrant: Creating software Codec2 service...
09-24 19:14:15.348 1852 1852 I ServiceManagement: Registered android.hardware.media.c2@1.0::IComponentStore/software (start delay of 246ms)
09-24 19:14:15.349 1852 1852 I CodecServiceRegistrant: Software Codec2 service created.
09-24 19:14:15.371 1844 1905 I ServiceManager: Waiting for service 'package_native' on '/dev/binder'...
09-24 19:14:15.401 1810 1810 I FastMixerState: sMaxFastTracks = 8
09-24 19:14:15.403 1810 1810 V MediaUtils: physMem: 2091245568
09-24 19:14:15.403 1810 1810 V MediaUtils: requested limit: 418249100
09-24 19:14:15.403 1810 1810 I libc : malloc_limit: Allocation limit enabled, max size 418249100 bytes
09-24 19:14:15.403 1810 1810 I audioserver: ServiceManager: 0xf4762b80
09-24 19:14:15.403 1810 1810 W BatteryNotifier: batterystats service unavailable!
09-24 19:14:15.403 1681 1681 I hwservicemanager: getTransport: Cannot find entry android.hardware.audio@5.0::IDevicesFactory/default in either framework or device manifest.
09-24 19:14:15.404 1681 1681 I hwservicemanager: getTransport: Cannot find entry android.hardware.audio@4.0::IDevicesFactory/msd in either framework or device manifest.
09-24 19:14:15.404 1681 1681 I hwservicemanager: getTransport: Cannot find entry android.hardware.audio.effect@5.0::IEffectsFactory/default in either framework or device manifest.
09-24 19:14:15.405 1810 1810 I AudioFlinger: Using default 3000 mSec as standby time.
09-24 19:14:15.410 1810 1810 E APM::Serializer: deserialize: Could not parse /odm/etc/audio_policy_configuration.xml document.
09-24 19:14:15.412 1810 1810 E APM::AudioPolicyEngine/Config: parse: Could not parse document /vendor/etc/audio_policy_engine_configuration.xml
09-24 19:14:15.412 1810 1810 W APM::AudioPolicyEngine/Base: loadAudioPolicyEngineConfig: No configuration found, using default matching phone experience.
09-24 19:14:15.412 1810 1810 E APM::AudioPolicyEngine/Config: parseLegacyVolumeFile: Could not parse document /odm/etc/audio_policy_configuration.xml
09-24 19:14:15.415 1786 1786 D audio_hw_generic: Emulator host-side ALSA audio emulation detected.
09-24 19:14:15.415 1786 1786 D audio_hw_generic: mixer 0 name Master Playback Volume
09-24 19:14:15.415 1786 1786 D audio_hw_generic: set ctl 0 to 100
09-24 19:14:15.415 1786 1786 D audio_hw_generic: set ctl 1 to 100
09-24 19:14:15.415 1786 1786 D audio_hw_generic: mixer 1 name Master Playback Switch
09-24 19:14:15.415 1786 1786 D audio_hw_generic: set ctl 0 to 1
09-24 19:14:15.415 1786 1786 D audio_hw_generic: set ctl 1 to 1
09-24 19:14:15.415 1786 1786 D audio_hw_generic: mixer 2 name Capture Volume
09-24 19:14:15.415 1786 1786 D audio_hw_generic: set ctl 0 to 100
09-24 19:14:15.415 1786 1786 D audio_hw_generic: set ctl 1 to 100
09-24 19:14:15.415 1786 1786 D audio_hw_generic: mixer 3 name Capture Switch
09-24 19:14:15.415 1786 1786 D audio_hw_generic: set ctl 0 to 1
09-24 19:14:15.415 1786 1786 D audio_hw_generic: set ctl 1 to 1
09-24 19:14:15.415 1786 1786 D audio_hw_generic: mixer 4 name Line Phantom Jack
09-24 19:14:15.415 1786 1786 D audio_hw_generic: mixer 5 name Line Out Phantom Jack
09-24 19:14:15.415 1786 1786 D audio_hw_generic: mixer 6 name Playback Channel Map
09-24 19:14:15.415 1786 1786 D audio_hw_generic: mixer 7 name Capture Channel Map
09-24 19:14:15.415 1786 1786 W DeviceHAL: Error from HAL Device in function get_master_volume: Function not implemented
09-24 19:14:15.415 1786 1786 W DeviceHAL: Error from HAL Device in function get_master_mute: Function not implemented
09-24 19:14:15.415 1786 1786 W DeviceHAL: Error from HAL Device in function set_master_volume: Function not implemented
09-24 19:14:15.415 1786 1786 W DeviceHAL: Error from HAL Device in function set_master_mute: Function not implemented
09-24 19:14:15.415 1810 1810 I AudioFlinger: loadHwModule() Loaded primary audio interface, handle 10
09-24 19:14:15.415 1810 1810 I AudioFlinger: openOutput() this 0xf4798000, module 10 Device 0x2, SamplingRate 44100, Format 0x000001, Channels 0x3, flags 0x2
09-24 19:14:15.416 1810 1810 W AudioFlinger: HAL output buffer size is 661 frames but AudioMixer requires multiples of 16 frames
09-24 19:14:15.416 1810 1810 I AudioFlinger: HAL output buffer size 661 frames, normal sink buffer size 1056 frames
09-24 19:14:15.417 1681 1681 I hwservicemanager: getTransport: Cannot find entry android.hardware.audio.effect@5.0::IEffectsFactory/default in either framework or device manifest.
09-24 19:14:15.420 1813 1813 D RenderEngine: shader cache generated - 48 shaders in 83.940178 ms
09-24 19:14:15.421 1810 1810 I BufferProvider: found effect "Multichannel Downmix To Stereo" from The Android Open Source Project
09-24 19:14:15.421 1813 1813 I ServiceManagement: Registered android.frameworks.displayservice@1.0::IDisplayService/default (start delay of 428ms)
09-24 19:14:15.421 1813 1813 D SurfaceFlinger: Setting power mode 2 on display 0
09-24 19:14:15.421 1810 1810 I AudioFlinger: Using module 10 as the primary audio interface
09-24 19:14:15.421 1813 1813 D SurfaceFlinger: Finished setting power mode 2 on display 0
09-24 19:14:15.421 1810 1955 I AudioFlinger: AudioFlinger's thread 0xf47fb6c0 tid=1955 ready to run
09-24 19:14:15.421 1810 1955 W AudioFlinger: no wake lock to update, system not ready yet
09-24 19:14:15.421 1810 1955 W AudioFlinger: no wake lock to update, system not ready yet
09-24 19:14:15.422 1810 1810 V APM_AudioPolicyManager: checkAndSetVolume cannot set volume group 3 volume with force use = 0 for comm
09-24 19:14:15.423 1810 1810 W AudioFlinger: moveEffects() bad srcOutput 0
