09-24 19:14:35.443 4879 4993 I Bugle : Carrier configs loaded: Bundle[{carrier_volte_provisioned_bool=false, disable_charge_indication_bool=false, support_tdscdma_bool=false, httpSocketTimeout=60000, call_redirection_service_component_name_string=null, carrier_wfc_supports_wifi_only_bool=true, carrier_default_actions_on_default_network_available_string_array=[false: 7, true: 8], operator_selection_expand_bool=true, disable_cdma_activation_code_bool=false, simplified_network_settings_bool=false, support_tdscdma_roaming_networks_string_array=null, gps.lpp_profile=0, call_barring_visibility_bool=false, gps.es_extension_sec=0, enable_apps_string_array=null, carrier_default_wfc_ims_roaming_enabled_bool=true, cdma_nonroaming_networks_string_array=null, aliasMinChars=2, wfc_data_spn_format_idx_int=0, hide_sim_lock_settings_bool=false, drop_video_call_when_answering_audio_call_bool=false, ci_action_on_sys_update_bool=false, convert_cdma_caller_id_mmi_codes_while_roaming_on_3gpp_bool=false, support_enhanced_call_blocking_bool=true, vvm_port_number_int=1808, carrier_default_wfc_ims_enabled_bool=false, dial_string_replace_string_array=null, opportunistic_network_entry_threshold_bandwidth_int=1024, gsm_nonroaming_networks_string_array=null, hide_ims_apn_bool=false, vvm_destination_number_string=122, dtmf_type_enabled_bool=false, allow_video_calling_fallback_bool=true, config_ims_package_override_string=com.google.android.ims, only_auto_select_in_home_network=false, smsToMmsTextThreshold=-1, disable_severe_when_extreme_disabled_bool=true, force_home_network_bool=false, spdi_override_string_array=null, show_wfc_location_privacy_policy_bool=false, gps.supl_es=1, enableSMSDeliveryReports=true, auto_retry_enabled_bool=false, opportunistic_network_entry_threshold_rssnr_int=45, play_call_recording_tone_bool=false, carrier_force_disable_etws_cmas_test_bool=false, call_waiting_service_class_int=1, allow_emergency_video_calls_bool=false, csp_enabled_bool=false, default_sim_call_manager_string=, wifi.passpoint_profiles_string_array=null, carrier_app_required_during_setup_bool=false, call_forwarding_blocks_while_roaming_string_array=null, emergency_notification_delay_int=-1, support_video_conference_call_bool=false, ims_dtmf_tone_delay_int=0, show_signal_strength_in_sim_status_bool=true, data_rapid_notification_bool=true, carrier_instant_lettering_escaped_chars_string=, carrier_default_wfc_ims_roaming_mode_int=2, editable_wfc_mode_bool=true, support_direct_fdn_dialing_bool=false, carrier_ut_provisioning_required_bool=false, carrier_wifi_string_array=null, treat_downgraded_video_calls_as_video_calls_bool=false, wifi_calls_can_be_hd_audio=true, support_downgrade_vt_to_audio_bool=true, cdma_enhanced_roaming_indicator_for_home_network_int_array=[1], notify_handover_video_from_lte_to_wifi_bool=false, use_otasp_for_provisioning_bool=false, always_play_remote_hold_tone_bool=false, opportunistic_network_data_switch_hysteresis_time_long=10000, maxMessageTextSize=-1, duration_blocking_disabled_after_emergency_int=7200, carrier_metered_roaming_apn_types_strings=[default, mms, dun, supl], additional_settings_call_waiting_visibility_bool=true, show_video_call_charges_alert_dialog_bool=false, carrier_network_service_wlan_package_override_string=, show_apn_setting_cdma_bool=false, use_usim_bool=false, carrier_instant_lettering_length_limit_int=64, operator_name_filter_pattern_string=, carrier_instant_lettering_invalid_chars_string=, carrier_setup_app_string=, editable_wfc_roaming_mode_bool=false, supportMmsContentDisposition=true, support_manage_ims_conference_call_bool=true, opportunistic_network_exit_threshold_rssnr_int=10, allow_non_emergency_calls_in_ecm_bool=true, allow_cdma_eri_bool=false, carrier_data_service_wlan_package_override_string=, show_carrier_data_icon_pattern_string=, use_rcs_presence_bool=false, config_telephony_use_own_number_for_voicemail_bool=false, cdma_dtmf_tone_delay_int=100, editable_voicemail_number_bool=false, carrier_data_call_apn_retry_after_disconnect_long=10000, filtered_cnap_names_string_array=null, enabledTransID=false, aliasEna
09-24 19:14:35.447 4759 4956 I WebRtcAudioEffects: [000:145] [4956] canUseAcousticEchoCanceler: false
09-24 19:14:35.447 4759 4956 I WebRtcAudioEffects: [000:145] [4956] canUseNoiseSuppressor: false
09-24 19:14:35.448 4759 4956 W WebRtcAudioManager: [000:145] [4956] AAudio support is currently disabled on all devices!
09-24 19:14:35.448 4759 4956 I audio_manager.cc: [000:146] [4956] (line 276): OnCacheAudioParameters: hardware_aec: 0, hardware_agc: 0, hardware_ns: 0, low_latency_output: 0, low_latency_input: 0, pro_audio: 0, a_audio: 0, sample_rate: 44100, output_channels: 1, input_channels: 1, output_buffer_size: 2116, input_buffer_size: 1344
09-24 19:14:35.448 4759 4956 I WebRtcAudioManager: [000:146] [4956] Android SDK: 29, Release: 10, Brand: google, Device: generic_x86, Id: QSR1.190920.001, Hardware: ranchu, Manufacturer: Google, Model: Android SDK built for x86, Product: sdk_gphone_x86
09-24 19:14:35.449 1786 1893 W DeviceHAL: Error from HAL Device in function get_mic_mute: Function not implemented
09-24 19:14:35.449 4759 4956 I WebRtcAudioManager: [000:147] [4956] Audio State: audio mode: MODE_NORMAL, has mic: true, mic muted: false, music active: false, speakerphone: false, BT SCO: false
09-24 19:14:35.450 4759 4956 I WebRtcAudioManager: [000:147] [4956] Audio State:
09-24 19:14:35.450 4759 4956 I WebRtcAudioManager: [000:147] [4956] fixed volume=false
09-24 19:14:35.450 3188 4896 D NetworkSecurityConfig: No Network Security Config specified, using platform default
09-24 19:14:35.450 4759 4956 I WebRtcAudioManager: [000:148] [4956] STREAM_VOICE_CALL: volume=1, max=5, muted=false
09-24 19:14:35.452 4759 4956 I WebRtcAudioManager: [000:149] [4956] STREAM_MUSIC: volume=5, max=15, muted=false
09-24 19:14:35.452 4759 4956 I WebRtcAudioManager: [000:150] [4956] STREAM_RING: volume=5, max=7, muted=false
09-24 19:14:35.453 4759 4956 I WebRtcAudioManager: [000:151] [4956] STREAM_ALARM: volume=6, max=7, muted=false
09-24 19:14:35.453 4759 4956 I WebRtcAudioManager: [000:151] [4956] STREAM_NOTIFICATION: volume=5, max=7, muted=false
09-24 19:14:35.453 4759 4956 I WebRtcAudioManager: [000:151] [4956] STREAM_SYSTEM: volume=5, max=7, muted=false
09-24 19:14:35.460 4759 4956 I WebRtcAudioManager: [000:157] [4956] Audio Devices:
09-24 19:14:35.460 4759 4956 I WebRtcAudioManager: [000:158] [4956] TYPE_BUILTIN_SPEAKER(out): id=2
09-24 19:14:35.460 4759 4956 I WebRtcAudioManager: [000:158] [4956] TYPE_BUILTIN_MIC(in): channels=[1], encodings=[2], sample rates=[8000, 16000], id=5
09-24 19:14:35.460 4759 4956 I jvm_android.cc: [000:158] [4956] (line 97): GlobalRef::ctor
09-24 19:14:35.460 4759 4956 I audio_manager.cc: [000:158] [4956] (line 36): JavaAudioManager::ctor
09-24 19:14:35.460 4759 4956 I WebRtcAudioManager: [000:158] [4956] Android SDK built for x86 is blacklisted for OpenSL ES usage!
09-24 19:14:35.460 4759 4956 I WebRtcAudioManager: [000:158] [4956] Android SDK built for x86 is blacklisted for OpenSL ES usage!
09-24 19:14:35.460 4759 4956 I jvm_android.cc: [000:158] [4956] (line 72): JvmThreadConnector::ctor
09-24 19:14:35.460 4759 4956 I jvm_android.cc: [000:158] [4956] (line 262): JVM::environment
09-24 19:14:35.460 4759 4956 I jvm_android.cc: [000:158] [4956] (line 184): JNIEnvironment::ctor
09-24 19:14:35.460 4759 4956 I audio_track_jni.cc: [000:158] [4956] (line 73): ctor
09-24 19:14:35.460 4759 4956 I jvm_android.cc: [000:158] [4956] (line 196): JNIEnvironment::RegisterNatives: org/webrtc/voiceengine/WebRtcAudioTrack
09-24 19:14:35.460 4759 4956 I jvm_android.cc: [000:158] [4956] (line 134): NativeRegistration::ctor
09-24 19:14:35.460 4759 4956 I jvm_android.cc: [000:158] [4956] (line 146): NativeRegistration::NewObject
09-24 19:14:35.460 4759 4956 I WebRtcAudioTrack: [000:158] [4956] ctor@[name=Thread-5, id=319]
09-24 19:14:35.460 4759 4956 I jvm_android.cc: [000:158] [4956] (line 97): GlobalRef::ctor
09-24 19:14:35.460 4759 4956 I jvm_android.cc: [000:158] [4956] (line 72): JvmThreadConnector::ctor
09-24 19:14:35.460 4759 4956 I jvm_android.cc: [000:158] [4956] (line 262): JVM::environment
09-24 19:14:35.460 4759 4956 I jvm_android.cc: [000:158] [4956] (line 184): JNIEnvironment::ctor
09-24 19:14:35.460 4759 4956 I audio_record_jni.cc: [000:158] [4956] (line 96): ctor
09-24 19:14:35.460 4759 4956 I jvm_android.cc: [000:158] [4956] (line 196): JNIEnvironment::RegisterNatives: org/webrtc/voiceengine/WebRtcAudioRecord
09-24 19:14:35.460 4759 4956 I jvm_android.cc: [000:158] [4956] (line 134): NativeRegistration::ctor
09-24 19:14:35.460 4759 4956 I jvm_android.cc: [000:158] [4956] (line 146): NativeRegistration::NewObject
09-24 19:14:35.460 4759 4956 I WebRtcAudioRecord: [000:158] [4956] ctor@[name=Thread-5, id=319]
09-24 19:14:35.460 4759 4956 I WebRtcAudioEffects: [000:158] [4956] ctor@[name=Thread-5, id=319]
09-24 19:14:35.460 4759 4956 I jvm_android.cc: [000:158] [4956] (line 97): GlobalRef::ctor
09-24 19:14:35.460 4759 4956 I audio_device_template.h: [000:158] [4956] (line 42): AudioDeviceTemplate
09-24 19:14:35.460 4759 4956 I audio_manager.cc: [000:158] [4956] (line 93): SetActiveAudioLayer: 5
09-24 19:14:35.460 4759 4956 I audio_manager.cc: [000:158] [4956] (line 106): delay_estimate_in_milliseconds: 150
09-24 19:14:35.460 4759 4956 I audio_device_impl.cc: [000:158] [4956] (line 306): AttachAudioBuffer
09-24 19:14:35.460 4759 4956 I audio_device_template.h: [000:158] [4956] (line 371): AttachAudioBuffer
09-24 19:14:35.460 4759 4956 I audio_track_jni.cc: [000:158] [4956] (line 196): AttachAudioBuffer
09-24 19:14:35.460 4759 4956 I audio_track_jni.cc: [000:158] [4956] (line 200): SetPlayoutSampleRate(44100)
09-24 19:14:35.460 4759 4956 I audio_device_buffer.cc: [000:158] [4956] (line 184): SetPlayoutSampleRate(44100)
09-24 19:14:35.460 4759 4956 I audio_track_jni.cc: [000:158] [4956] (line 203): SetPlayoutChannels(1)
09-24 19:14:35.460 4759 4956 I audio_device_buffer.cc: [000:158] [4956] (line 204): SetPlayoutChannels(1)
09-24 19:14:35.460 4759 4956 I audio_record_jni.cc: [000:158] [4956] (line 198): AttachAudioBuffer
09-24 19:14:35.460 4759 4956 I audio_record_jni.cc: [000:158] [4956] (line 202): SetRecordingSampleRate(44100)
09-24 19:14:35.460 4759 4956 I audio_device_buffer.cc: [000:158] [4956] (line 178): SetRecordingSampleRate(44100)
09-24 19:14:35.460 4759 4956 I audio_record_jni.cc: [000:158] [4956] (line 205): SetRecordingChannels(1)
09-24 19:14:35.460 4759 4956 I audio_device_buffer.cc: [000:158] [4956] (line 198): SetRecordingChannels(1)
09-24 19:14:35.460 4759 4956 I audio_record_jni.cc: [000:158] [4956] (line 210): total_delay_in_milliseconds: 150
09-24 19:14:35.460 4759 4956 I audio_device_impl.cc: [000:158] [4956] (line 326): Init
09-24 19:14:35.460 4759 4956 I audio_device_template.h: [000:158] [4956] (line 57): Init
09-24 19:14:35.460 4759 4956 I audio_manager.cc: [000:158] [4956] (line 152): Init
09-24 19:14:35.460 4759 4956 I WebRtcAudioManager: [000:158] [4956] init@[name=Thread-5, id=319]
09-24 19:14:35.460 4759 4956 I WebRtcAudioManager: [000:158] [4956] audio mode is: MODE_NORMAL
09-24 19:14:35.461 4759 4956 I audio_track_jni.cc: [000:158] [4956] (line 101): Init
09-24 19:14:35.461 4759 4956 I audio_record_jni.cc: [000:158] [4956] (line 124): Init
09-24 19:14:35.461 4759 4956 I audio_device_impl.cc: [000:158] [4956] (line 670): SetPlayoutDevice(0)
09-24 19:14:35.461 4759 4956 I audio_device_template.h: [000:158] [4956] (line 120): SetPlayoutDevice
09-24 19:14:35.461 4759 4956 I audio_device_impl.cc: [000:158] [4956] (line 359): InitSpeaker
09-24 19:14:35.461 4759 4956 I audio_device_template.h: [000:158] [4956] (line 219): InitSpeaker
09-24 19:14:35.461 4759 4956 I audio_device_impl.cc: [000:158] [4956] (line 574): StereoPlayoutIsAvailable
09-24 19:14:35.461 4759 4956 I audio_device_template.h: [000:158] [4956] (line 321): StereoPlayoutIsAvailable
09-24 19:14:35.461 4759 4956 I audio_device_impl.cc: [000:158] [4956] (line 581): output: 0
09-24 19:14:35.461 4759 4956 I audio_device_impl.cc: [000:158] [4956] (line 586): SetStereoPlayout(0)
09-24 19:14:35.461 4759 4956 I audio_device_template.h: [000:158] [4956] (line 155): PlayoutIsInitialized
09-24 19:14:35.461 4759 4956 I audio_device_template.h: [000:158] [4956] (line 327): SetStereoPlayout
09-24 19:14:35.461 4759 4956 I audio_device_buffer.cc: [000:158] [4956] (line 204): SetPlayoutChannels(1)
09-24 19:14:35.461 4759 4956 I audio_device_impl.cc: [000:158] [4956] (line 732): SetRecordingDevice(0)
09-24 19:14:35.461 4759 4956 I audio_device_template.h: [000:158] [4956] (line 133): SetRecordingDevice
09-24 19:14:35.461 4759 4956 I audio_device_impl.cc: [000:158] [4956] (line 365): InitMicrophone
09-24 19:14:35.461 4759 4956 I audio_device_template.h: [000:158] [4956] (line 229): InitMicrophone
09-24 19:14:35.461 4759 4956 I audio_device_impl.cc: [000:158] [4956] (line 528): StereoRecordingIsAvailable
09-24 19:14:35.461 4759 4956 I audio_device_template.h: [000:158] [4956] (line 342): StereoRecordingIsAvailable
09-24 19:14:35.461 4759 4956 I audio_device_impl.cc: [000:158] [4956] (line 535): output: 0
09-24 19:14:35.461 4759 4956 I audio_device_impl.cc: [000:158] [4956] (line 540): SetStereoRecording(0)
09-24 19:14:35.461 4759 4956 I audio_device_template.h: [000:158] [4956] (line 171): RecordingIsInitialized
09-24 19:14:35.461 4759 4956 I audio_device_template.h: [000:158] [4956] (line 348): SetStereoRecording
09-24 19:14:35.461 4759 4956 I audio_device_buffer.cc: [000:158] [4956] (line 198): SetRecordingChannels(1)
09-24 19:14:35.467 4759 4956 I audio_device_impl.cc: [000:165] [4956] (line 845): RegisterAudioCallback
09-24 19:14:35.467 4759 4956 I audio_device_buffer.cc: [000:165] [4956] (line 79): RegisterAudioCallback
09-24 19:14:35.467 4759 4956 I webrtc_voice_engine.cc: [000:165] [4956] (line 313): WebRtcVoiceEngine::ApplyOptions: AudioOptions {aec: 1, agc: 1, ns: 1, hf: 1, swap: 0, audio_jitter_buffer_max_packets: 50, audio_jitter_buffer_fast_accelerate: 0, audio_jitter_buffer_min_delay_ms: 0, audio_jitter_buffer_enable_rtx_handling: 0, typing: 1, experimental_agc: 0, extended_filter_aec: 0, delay_agnostic_aec: 0, experimental_ns: 0, residual_echo_detector: 1, }
09-24 19:14:35.467 4759 4956 I webrtc_voice_engine.cc: [000:165] [4956] (line 386): Disable AGC according to field trial.
09-24 19:14:35.467 4759 4956 I audio_device_impl.cc: [000:165] [4956] (line 861): BuiltInAECIsAvailable
09-24 19:14:35.467 4759 4956 I audio_device_template.h: [000:165] [4956] (line 389): BuiltInAECIsAvailable
09-24 19:14:35.467 4759 4956 I audio_device_impl.cc: [000:165] [4956] (line 864): output: 0
09-24 19:14:35.468 4759 4956 I audio_processing_impl.cc: [000:165] [4956] (line 697): Highpass filter activated: 0
09-24 19:14:35.468 4759 4956 I audio_processing_impl.cc: [000:165] [4956] (line 711): Gain Controller 2 activated: 0
09-24 19:14:35.468 4759 4956 I audio_processing_impl.cc: [000:165] [4956] (line 713): Pre-amplifier activated: 0
09-24 19:14:35.468 4759 4956 I apm_helpers.cc: [000:165] [4956] (line 90): Echo control set to 1 with mode 1
09-24 19:14:35.468 4759 4956 I audio_device_impl.cc: [000:165] [4956] (line 877): BuiltInAGCIsAvailable
09-24 19:14:35.468 4759 4956 I audio_device_template.h: [000:165] [4956] (line 405): BuiltInAGCIsAvailable
09-24 19:14:35.468 4759 4956 I audio_device_impl.cc: [000:165] [4956] (line 880): output: 0
09-24 19:14:35.468 4759 4956 I apm_helpers.cc: [000:165] [4956] (line 79): AGC set to 0 with mode 2
09-24 19:14:35.468 4759 4956 I audio_device_impl.cc: [000:165] [4956] (line 893): BuiltInNSIsAvailable
09-24 19:14:35.468 4759 4956 I audio_device_template.h: [000:166] [4956] (line 421): BuiltInNSIsAvailable
09-24 19:14:35.468 4759 4956 I audio_device_impl.cc: [000:166] [4956] (line 896): output: 0
09-24 19:14:35.468 4759 4956 I audio_processing_impl.cc: [000:166] [4956] (line 697): Highpass filter activated: 0
09-24 19:14:35.468 4759 4956 I audio_processing_impl.cc: [000:166] [4956] (line 711): Gain Controller 2 activated: 0
09-24 19:14:35.468 4759 4956 I audio_processing_impl.cc: [000:166] [4956] (line 713): Pre-amplifier activated: 0
09-24 19:14:35.468 4759 4956 I audio_processing_impl.cc: [000:166] [4956] (line 697): Highpass filter activated: 0
09-24 19:14:35.468 4759 4956 I audio_processing_impl.cc: [000:166] [4956] (line 711): Gain Controller 2 activated: 0
09-24 19:14:35.468 4759 4956 I audio_processing_impl.cc: [000:166] [4956] (line 713): Pre-amplifier activated: 0
09-24 19:14:35.468 4759 4956 I apm_helpers.cc: [000:166] [4956] (line 104): NS set to 1
09-24 19:14:35.468 4759 4956 I webrtc_voice_engine.cc: [000:166] [4956] (line 469): Stereo swapping enabled? 0
09-24 19:14:35.468 4759 4956 I webrtc_voice_engine.cc: [000:166] [4956] (line 474): NetEq capacity is 50
09-24 19:14:35.468 4759 4956 I webrtc_voice_engine.cc: [000:166] [4956] (line 480): NetEq fast mode? 0
09-24 19:14:35.468 4759 4956 I webrtc_voice_engine.cc: [000:166] [4956] (line 486): NetEq minimum delay is 0
09-24 19:14:35.468 4759 4956 I webrtc_voice_engine.cc: [000:166] [4956] (line 492): NetEq handle reordered packets? 0
09-24 19:14:35.468 4759 4956 I webrtc_voice_engine.cc: [000:166] [4956] (line 503): Delay agnostic aec is enabled? 0
09-24 19:14:35.468 4759 4956 I webrtc_voice_engine.cc: [000:166] [4956] (line 513): Extended filter aec is enabled? 0
09-24 19:14:35.468 4759 4956 I webrtc_voice_engine.cc: [000:166] [4956] (line 523): Experimental ns is enabled? 0
09-24 19:14:35.468 4759 4956 I webrtc_voice_engine.cc: [000:166] [4956] (line 539): Typing detection is enabled? 0
09-24 19:14:35.468 4759 4956 I audio_processing_impl.cc: [000:166] [4956] (line 697): Highpass filter activated: 1
09-24 19:14:35.468 4759 4956 I audio_processing_impl.cc: [000:166] [4956] (line 711): Gain Controller 2 activated: 0
09-24 19:14:35.468 4759 4956 I audio_processing_impl.cc: [000:166] [4956] (line 713): Pre-amplifier activated: 0
09-24 19:14:35.468 4759 4956 I message_queue.cc: [000:166] [4956] (line 518): Message took 123ms to dispatch. Posted from: Init@third_party/webrtc/files/stable/webrtc/pc/channel_manager.cc:135
09-24 19:14:35.468 4759 4957 I message_queue.cc: [000:166] [4957] (line 518): Message took 150ms to dispatch. Posted from: CreateModularPeerConnectionFactory@third_party/webrtc/files/stable/webrtc/pc/peer_connection_factory.cc:102
09-24 19:14:35.469 4759 4905 I WebRtcAudioTrack: [000:166] [4905] Set extended error callback
09-24 19:14:35.469 4759 4905 I WebRtcAudioRecord: [000:166] [4905] Set error callback
09-24 19:14:35.469 4759 4955 I PeerConnectionFactory: [000:166] [4955] onNetworkThreadReady
09-24 19:14:35.469 4759 4957 I PeerConnectionFactory: [000:167] [4957] onSignalingThreadReady
09-24 19:14:35.469 4759 4956 I PeerConnectionFactory: [000:167] [4956] onWorkerThreadReady
09-24 19:14:35.471 2041 3276 I ActivityManager: Killing 3528:com.android.keychain/1000 (adj 985): empty #17
09-24 19:14:35.471 4759 4905 I CarrierServices: [315] dbh.run: schedule local logs cleanup job service
09-24 19:14:35.473 2041 2120 W DynamicSystemService: gsiservice died; reconnecting
09-24 19:14:35.473 1680 1680 I ServiceManager: service 'gsiservice' died
09-24 19:14:35.481 1780 1780 D Zygote : Forked child process 5003
09-24 19:14:35.484 2041 2072 I ActivityManager: Start proc 5003:com.android.nfc/1027 for broadcast {com.android.nfc/com.android.nfc.NfcBootCompletedReceiver}
09-24 19:14:35.490 5003 5003 W com.android.nf: Unexpected CPU variant for X86 using defaults: x86
09-24 19:14:35.502 5003 5003 E com.android.nf: Not starting debugger since process cannot load the jdwp agent.
09-24 19:14:35.504 2518 2518 I CastSocket: 29 >= 18. Adding new CastClientAuthKeyManager.
09-24 19:14:35.509 4879 4904 W RcsProvisioning: Failed to read configuration: /data/user/0/com.google.android.apps.messaging/files/rcsconfig: open failed: ENOENT (No such file or directory)
09-24 19:14:35.509 4879 4904 W RcsProvisioning: java.io.FileNotFoundException: /data/user/0/com.google.android.apps.messaging/files/rcsconfig: open failed: ENOENT (No such file or directory)
09-24 19:14:35.509 4879 4904 W RcsProvisioning: at libcore.io.IoBridge.open(IoBridge.java:496)
09-24 19:14:35.509 4879 4904 W RcsProvisioning: at java.io.FileInputStream.(FileInputStream.java:159)
09-24 19:14:35.509 4879 4904 W RcsProvisioning: at android.app.ContextImpl.openFileInput(ContextImpl.java:600)
09-24 19:14:35.509 4879 4904 W RcsProvisioning: at android.content.ContextWrapper.openFileInput(ContextWrapper.java:206)
09-24 19:14:35.509 4879 4904 W RcsProvisioning: at opj.a(SourceFile:1)
09-24 19:14:35.509 4879 4904 W RcsProvisioning: at oal.a(SourceFile:4)
09-24 19:14:35.509 4879 4904 W RcsProvisioning: at com.google.android.ims.provisioning.RcsConfigurationManager.a(SourceFile:6)
09-24 19:14:35.509 4879 4904 W RcsProvisioning: at odm.buildToken(SourceFile:10)
09-24 19:14:35.509 4879 4904 W RcsProvisioning: at com.google.android.apps.messaging.rcsmigration.RcsStateProvider.buildRcsState(SourceFile:57)
09-24 19:14:35.509 4879 4904 W RcsProvisioning: at com.google.android.apps.messaging.rcsmigration.RcsStateProvider.getRcsState(SourceFile:6)
09-24 19:14:35.509 4879 4904 W RcsProvisioning: at com.google.android.ims.rcsmigration.IRcsStateProvider$Stub.dispatchTransaction(SourceFile:6)
09-24 19:14:35.509 4879 4904 W RcsProvisioning: at com.google.android.aidl.BaseStub.onTransact(SourceFile:11)
09-24 19:14:35.509 4879 4904 W RcsProvisioning: at android.os.Binder.execTransactInternal(Binder.java:1021)
09-24 19:14:35.509 4879 4904 W RcsProvisioning: at android.os.Binder.execTransact(Binder.java:994)
09-24 19:14:35.509 4879 4904 W RcsProvisioning: Caused by: android.system.ErrnoException: open failed: ENOENT (No such file or directory)
09-24 19:14:35.509 4879 4904 W RcsProvisioning: at libcore.io.Linux.open(Native Method)
09-24 19:14:35.509 4879 4904 W RcsProvisioning: at libcore.io.ForwardingOs.open(ForwardingOs.java:167)
09-24 19:14:35.509 4879 4904 W RcsProvisioning: at libcore.io.BlockGuardOs.open(BlockGuardOs.java:252)
09-24 19:14:35.509 4879 4904 W RcsProvisioning: at libcore.io.ForwardingOs.open(ForwardingOs.java:167)
09-24 19:14:35.509 4879 4904 W RcsProvisioning: at android.app.ActivityThread$AndroidOs.open(ActivityThread.java:7255)
09-24 19:14:35.509 4879 4904 W RcsProvisioning: at libcore.io.IoBridge.open(IoBridge.java:482)
09-24 19:14:35.509 4879 4904 W RcsProvisioning: ... 13 more
09-24 19:14:35.523 1780 1780 I Zygote : Process 3528 exited due to signal 9 (Killed)
09-24 19:14:35.537 5003 5003 I com.android.nf: The ClassLoaderContext is a special shared library.
09-24 19:14:35.544 4879 4949 W native : cpu_feature_guard.cc:35 The TensorFlow library was compiled to use SSE instructions, but these aren't available on your machine.
09-24 19:14:35.544 4879 4949 W native : cpu_feature_guard.cc:35 The TensorFlow library was compiled to use SSE2 instructions, but these aren't available on your machine.
09-24 19:14:35.544 4879 4949 W native : cpu_feature_guard.cc:35 The TensorFlow library was compiled to use SSE3 instructions, but these aren't available on your machine.
09-24 19:14:35.545 4879 4949 W native : commandlineflags.cc:976 Ignoring RegisterValidateFunction() for flag pointer 0xc9d32c7c: no flag found at that address
09-24 19:14:35.555 2041 2073 I libprocessgroup: Successfully killed process cgroup uid 1000 pid 3528 in 84ms
09-24 19:14:35.557 4879 4949 W native : commandlineflags.cc:976 Ignoring RegisterValidateFunction() for flag pointer 0xc9e6f9ec: no flag found at that address
09-24 19:14:35.585 2041 2354 I WifiService: startScan uid=10098
09-24 19:14:35.586 4879 4949 W native : commandlineflags.cc:976 Ignoring RegisterValidateFunction() for flag pointer 0xc921681c: no flag found at that address
09-24 19:14:35.602 2518 2948 I rcs : [RcsModuleInitIntentOperation] Setting persistent service enabled
09-24 19:14:35.606 2041 2084 I ActivityManager: Killing 5003:com.android.nfc/1027 (adj 0): change com.android.nfc
09-24 19:14:35.618 4345 4408 D eglCodecCommon: setVertexArrayObject: set vao to 0 (0) 0 0
09-24 19:14:35.618 4345 4408 D EGL_emulation: eglCreateContext: 0xf7253fc0: maj 3 min 0 rcv 3
09-24 19:14:35.619 4345 4408 D EGL_emulation: eglMakeCurrent: 0xf7253fc0: ver 3 0 (tinfo 0xebfe70d0)
09-24 19:14:35.619 3816 4027 V NativeCrypto: Registering com/google/android/gms/org/conscrypt/NativeCrypto's 284 native methods...
09-24 19:14:35.636 2041 2041 I RoleManagerService: Granting default permissions...
09-24 19:14:35.643 1780 1780 D Zygote : Forked child process 5032
09-24 19:14:35.644 2041 2142 I InputReader: Reconfiguring input devices. changes=0x00000010
09-24 19:14:35.644 2041 2072 I ActivityManager: Start proc 5032:com.android.omadm.service/u0a106 for broadcast {com.android.omadm.service/com.android.omadm.service.DMIntentReceiver}
09-24 19:14:35.647 2201 2201 I ChimeraSrvcProxy: com.google.android.gms.chimera.PersistentBoundBrokerService returning NullBinder for action com.google.android.gms.ipa.mediastoreindexer.PERSISTENT_START
09-24 19:14:35.647 4879 4949 W native : commandlineflags.cc:976 Ignoring RegisterValidateFunction() for flag pointer 0xc906f85c: no flag found at that address
09-24 19:14:35.649 5032 5032 W d.omadm.servic: Unexpected CPU variant for X86 using defaults: x86
09-24 19:14:35.656 2201 2201 I ChimeraSrvcProxy: com.google.android.gms.chimera.PersistentBoundBrokerService returning NullBinder for action com.google.android.gms.ipa.smsindexer.PERSISTENT_START
09-24 19:14:35.660 4581 4581 I myTag MaAct: Status of QtQuickView: READY>
09-24 19:14:35.661 4581 4581 W tquickview_jav: Accessing hidden method Ljava/lang/Void;->()V (greylist, JNI, allowed)
09-24 19:14:35.661 4581 4581 I myTag MaAct: Status of QtQuickView: READY<
09-24 19:14:35.664 1796 2449 E GnssHAL_GnssInterface: gnssSvStatusCb: a: input svInfo.flags is 8
09-24 19:14:35.664 1796 2449 E GnssHAL_GnssInterface: gnssSvStatusCb: b: input svInfo.flags is 8
09-24 19:14:35.669 2041 2041 I Telecom : DefaultDialerCache: Refreshing default dialer for user 0: now com.android.dialer: CM.CCCR->CM.UECNT->CM.CCCR->CM.UECNT@ADk
09-24 19:14:35.681 2041 2041 V SettingsProvider: Notifying for 0: content://settings/secure/autofill_user_data_max_category_count
09-24 19:14:35.683 2041 2073 I libprocessgroup: Successfully killed process cgroup uid 1027 pid 5003 in 76ms
09-24 19:14:35.684 1780 1780 I Zygote : Process 5003 exited due to signal 9 (Killed)
09-24 19:14:35.684 2041 2054 I system_server: Background young concurrent copying GC freed 133876(6141KB) AllocSpace objects, 21(724KB) LOS objects, 28% free, 13MB/18MB, paused 1.231ms total 120.331ms
09-24 19:14:35.688 2518 2532 I gle.android.gm: Background concurrent copying GC freed 114184(6440KB) AllocSpace objects, 28(1440KB) LOS objects, 47% free, 6731KB/12MB, paused 24.580ms total 472.110ms
09-24 19:14:35.688 2041 2041 V SettingsProvider: Notifying for 0: content://settings/secure/skip_gesture
09-24 19:14:35.694 4879 4952 I BugleRcsEngine: [306] oil.a: Initializing SimStateTracker
09-24 19:14:35.695 4879 4952 I Bugle : Upgrading shared prefs from -1 to 2
09-24 19:14:35.699 2518 4695 I UdcContextInitChimeraSe: Scheduling context registration change job.
09-24 19:14:35.701 2465 2465 D CarrierSvcBindHelper: No carrier app for: 0
09-24 19:14:35.702 4879 4952 I BugleBackup: Registering preference change listener for "buglesub_1".
09-24 19:14:35.702 2518 2518 V MediaRouter: Selecting route: RouteInfo{ name=Phone, description=null, status=null, category=RouteCategory{ name=System types=ROUTE_TYPE_LIVE_AUDIO ROUTE_TYPE_LIVE_VIDEO groupable=false }, supportedTypes=ROUTE_TYPE_LIVE_AUDIO ROUTE_TYPE_LIVE_VIDEO , presentationDisplay=null }
09-24 19:14:35.706 2518 2518 I MediaRouter: Found default route: MediaRouter.RouteInfo{ uniqueId=android/aux:DEFAULT_ROUTE, name=Phone, description=null, iconUri=null, enabled=true, connectionState=0, canDisconnect=false, playbackType=0, playbackStream=3, deviceType=0, volumeHandling=1, volume=5, volumeMax=15, presentationDisplayId=-1, extras=null, settingsIntent=null, providerPackageName=android }
09-24 19:14:35.706 2518 2518 I MediaRouter: Unselecting the current route because it is no longer selectable: null
09-24 19:14:35.710 2518 2948 I SystemUpdate: [Execution,InstallationIntentOperation] Received intent: Intent { act=com.google.android.gms.update.INSTALL_UPDATE cat=[targeted_intent_op_prefix:.update.execution.InstallationIntentOperation] cmp=com.google.android.gms/.chimera.GmsIntentOperationService }.
09-24 19:14:35.712 4879 4993 I BugleRcsEngine: [322] oil.c: Processing an intent
09-24 19:14:35.715 4879 4993 I BugleRcsEngine: [322] oil.handleSimState: SIM state LOADED
09-24 19:14:35.721 5032 5032 E d.omadm.servic: Not starting debugger since process cannot load the jdwp agent.
09-24 19:14:35.722 4581 4688 D eglCodecCommon: setVertexArrayObject: set vao to 0 (0) 0 0
09-24 19:14:35.722 4581 4688 D EGL_emulation: eglCreateContext: 0xebfd2f80: maj 3 min 0 rcv 3
09-24 19:14:35.724 4879 4952 W Bugle : BuglePhoneNumberUtils: canonicalizeMccMnc: invalid mccmnc. mcc: null, mnc: null
09-24 19:14:35.727 2518 4561 I Icing : IndexChimeraService.getServiceInterface callingPackage=com.google.android.gms componentName=AppsCorpus serviceId=36
09-24 19:14:35.729 4879 4952 I Bugle : Carrier configs loaded: Bundle[{carrier_volte_provisioned_bool=false, disable_charge_indication_bool=false, support_tdscdma_bool=false, httpSocketTimeout=60000, call_redirection_service_component_name_string=null, carrier_wfc_supports_wifi_only_bool=true, carrier_default_actions_on_default_network_available_string_array=[false: 7, true: 8], operator_selection_expand_bool=true, disable_cdma_activation_code_bool=false, simplified_network_settings_bool=false, support_tdscdma_roaming_networks_string_array=null, gps.lpp_profile=0, call_barring_visibility_bool=false, gps.es_extension_sec=0, enable_apps_string_array=null, carrier_default_wfc_ims_roaming_enabled_bool=true, cdma_nonroaming_networks_string_array=null, aliasMinChars=2, wfc_data_spn_format_idx_int=0, hide_sim_lock_settings_bool=false, drop_video_call_when_answering_audio_call_bool=false, ci_action_on_sys_update_bool=false, convert_cdma_caller_id_mmi_codes_while_roaming_on_3gpp_bool=false, support_enhanced_call_blocking_bool=true, vvm_port_number_int=1808, carrier_default_wfc_ims_enabled_bool=false, dial_string_replace_string_array=null, opportunistic_network_entry_threshold_bandwidth_int=1024, gsm_nonroaming_networks_string_array=null, hide_ims_apn_bool=false, vvm_destination_number_string=122, dtmf_type_enabled_bool=false, allow_video_calling_fallback_bool=true, config_ims_package_override_string=com.google.android.ims, only_auto_select_in_home_network=false, smsToMmsTextThreshold=-1, disable_severe_when_extreme_disabled_bool=true, force_home_network_bool=false, spdi_override_string_array=null, show_wfc_location_privacy_policy_bool=false, gps.supl_es=1, enableSMSDeliveryReports=true, auto_retry_enabled_bool=false, opportunistic_network_entry_threshold_rssnr_int=45, play_call_recording_tone_bool=false, carrier_force_disable_etws_cmas_test_bool=false, call_waiting_service_class_int=1, allow_emergency_video_calls_bool=false, csp_enabled_bool=false, default_sim_call_manager_string=, wifi.passpoint_profiles_string_array=null, carrier_app_required_during_setup_bool=false, call_forwarding_blocks_while_roaming_string_array=null, emergency_notification_delay_int=-1, support_video_conference_call_bool=false, ims_dtmf_tone_delay_int=0, show_signal_strength_in_sim_status_bool=true, data_rapid_notification_bool=true, carrier_instant_lettering_escaped_chars_string=, carrier_default_wfc_ims_roaming_mode_int=2, editable_wfc_mode_bool=true, support_direct_fdn_dialing_bool=false, carrier_ut_provisioning_required_bool=false, carrier_wifi_string_array=null, treat_downgraded_video_calls_as_video_calls_bool=false, wifi_calls_can_be_hd_audio=true, support_downgrade_vt_to_audio_bool=true, cdma_enhanced_roaming_indicator_for_home_network_int_array=[1], notify_handover_video_from_lte_to_wifi_bool=false, use_otasp_for_provisioning_bool=false, always_play_remote_hold_tone_bool=false, opportunistic_network_data_switch_hysteresis_time_long=10000, maxMessageTextSize=-1, duration_blocking_disabled_after_emergency_int=7200, carrier_metered_roaming_apn_types_strings=[default, mms, dun, supl], additional_settings_call_waiting_visibility_bool=true, show_video_call_charges_alert_dialog_bool=false, carrier_network_service_wlan_package_override_string=, show_apn_setting_cdma_bool=false, use_usim_bool=false, carrier_instant_lettering_length_limit_int=64, operator_name_filter_pattern_string=, carrier_instant_lettering_invalid_chars_string=, carrier_setup_app_string=, editable_wfc_roaming_mode_bool=false, supportMmsContentDisposition=true, support_manage_ims_conference_call_bool=true, opportunistic_network_exit_threshold_rssnr_int=10, allow_non_emergency_calls_in_ecm_bool=true, allow_cdma_eri_bool=false, carrier_data_service_wlan_package_override_string=, show_carrier_data_icon_pattern_string=, use_rcs_presence_bool=false, config_telephony_use_own_number_for_voicemail_bool=false, cdma_dtmf_tone_delay_int=100, editable_voicemail_number_bool=false, carrier_data_call_apn_retry_after_disconnect_long=10000, filtered_cnap_names_string_array=null, enabledTransID=false, aliasEna
09-24 19:14:35.730 2518 3789 I Icing : IndexChimeraService.getServiceInterface callingPackage=com.google.android.gms componentName=AppsCorpus serviceId=32
09-24 19:14:35.732 4581 4688 D EGL_emulation: eglMakeCurrent: 0xebfd2f80: ver 3 0 (tinfo 0xe09bed90)
09-24 19:14:35.741 4581 5057 D HostConnection: HostConnection::get() New Host Connection established 0xe0959c60, tid 5057
09-24 19:14:35.741 4581 5057 D HostConnection: HostComposition ext ANDROID_EMU_CHECKSUM_HELPER_v1 ANDROID_EMU_dma_v1 ANDROID_EMU_direct_mem ANDROID_EMU_host_composition_v1 ANDROID_EMU_host_composition_v2 ANDROID_EMU_YUV420_888_to_NV21 ANDROID_EMU_YUV_Cache ANDROID_EMU_sync_buffer_data GL_OES_EGL_image_external_essl3 GL_OES_vertex_array_object ANDROID_EMU_host_side_tracing ANDROID_EMU_gles_max_version_3_0
09-24 19:14:35.743 2518 4583 I PeopleDatabaseHelper: cleanUpNonGplusAccounts done.
09-24 19:14:35.743 2518 4583 I PeopleSearchIndexManage: ICU version changed from unknown to 63.2
09-24 19:14:35.745 5032 5032 D ApplicationLoaders: Returning zygote-cached class loader: /system/framework/android.hidl.base-V1.0-java.jar
09-24 19:14:35.745 5032 5032 D ApplicationLoaders: Returning zygote-cached class loader: /system/framework/android.hidl.manager-V1.0-java.jar
09-24 19:14:35.745 5032 5032 D ApplicationLoaders: Returning zygote-cached class loader: /system/framework/android.hidl.base-V1.0-java.jar
09-24 19:14:35.748 4759 4808 I CarrierServices: [297] cpr.c: Updated SIM info: currentSimId: [4vfUjdK1ylI-cxPPS6D26oMLYoE]; imsi: [zSrOMA1mh9Q6-7rLJrQ5Pkv1PBs]; rawMsisdn: [S91Pkp86EGIlPk5Ja6-6C9-123U]; formattedMsisdn: ; mccmnc: [GMS5WK9CKM8_bx5id3TvJ4VbDjI] isFiDevice: false;
09-24 19:14:35.748 4759 4808 I CarrierServices: [297] cpr.c: First update of the SIM info.
09-24 19:14:35.749 4759 4808 I CarrierServices: [297] cpr.a: Broadcasting Intent { act=com.google.android.ims.SIM_LOADED (has extras) }
09-24 19:14:35.755 5032 5032 I d.omadm.servic: The ClassLoaderContext is a special shared library.
09-24 19:14:35.764 5032 5032 D DMIntentReceiver: action intent: android.intent.action.BOOT_COMPLETED, subId: 1
09-24 19:14:35.764 5032 5032 D DMIntentReceiver: Ignoring Intent.ACTION_BOOT_COMPLETED
09-24 19:14:35.769 4581 5057 D eglCodecCommon: setVertexArrayObject: set vao to 0 (0) 0 0
09-24 19:14:35.769 4581 5057 D EGL_emulation: eglCreateContext: 0xebfd8120: maj 3 min 0 rcv 3
09-24 19:14:35.777 4581 5057 D EGL_emulation: eglMakeCurrent: 0xebfd8120: ver 3 0 (tinfo 0xebfff350)
09-24 19:14:35.795 4879 4952 I Bugle : ApnsOta: OTA version -1
09-24 19:14:35.796 4879 4879 I BugleRcs: RcsAvailability: updating
09-24 19:14:35.796 2041 2059 I ActivityManager: Killing 3406:com.android.printspooler/u0a78 (adj 985): empty #17
09-24 19:14:35.796 2518 2948 I SystemUpdate: [Control,InstallationControl] Installation progress updated to (0x000, -1.000).
09-24 19:14:35.797 2041 2041 V SettingsProvider: Notifying for 0: content://settings/secure/config_update_certificate
09-24 19:14:35.801 2041 2041 V SettingsProvider: Notifying for 0: content://settings/secure/print_service_search_uri
09-24 19:14:35.803 2518 4583 I PeopleSearchIndexManage: Rebuilding index...
09-24 19:14:35.804 2465 2465 I m.android.phon: The ClassLoaderContext is a special shared library.
09-24 19:14:35.807 1681 1681 I hwservicemanager: getTransport: Cannot find entry android.hardware.graphics.allocator@3.0::IAllocator/default in either framework or device manifest.
09-24 19:14:35.807 4581 5057 W Gralloc3: allocator 3.x is not supported
09-24 19:14:35.815 1797 1935 D gralloc_ranchu: gralloc_alloc: Creating ashmem region of size 4460544
09-24 19:14:35.816 4581 5057 D EGL_emulation: eglMakeCurrent: 0xebfd8120: ver 3 0 (tinfo 0xebfff350)
09-24 19:14:35.818 2201 2201 I rcs : [RcsBindingManager] Checking if we should rebind to previous service. Attempt 0
09-24 19:14:35.818 2201 2201 I rcs : [RcsBindingManager] No valid settings for binding.
09-24 19:14:35.829 2518 4583 I PeopleASM: Rebuilding autocomplete index...
09-24 19:14:35.835 2518 4583 I PeopleSearchIndexManage: Rebuilding index done.
09-24 19:14:35.839 4879 4952 I Bugle : AvatarRefreshStartupTask: M2 enabled for the first time, refreshing conversation avatars
09-24 19:14:35.846 2041 3120 I SystemUpdateManagerService: No existing info file /data/system/system-update-info.xml
09-24 19:14:35.852 1780 1780 I Zygote : Process 3406 exited due to signal 9 (Killed)
09-24 19:14:35.868 4879 4904 W RcsProvisioning: Failed to read configuration: /data/user/0/com.google.android.apps.messaging/files/rcsconfig: open failed: ENOENT (No such file or directory)
09-24 19:14:35.868 4879 4904 W RcsProvisioning: java.io.FileNotFoundException: /data/user/0/com.google.android.apps.messaging/files/rcsconfig: open failed: ENOENT (No such file or directory)
09-24 19:14:35.868 4879 4904 W RcsProvisioning: at libcore.io.IoBridge.open(IoBridge.java:496)
09-24 19:14:35.868 4879 4904 W RcsProvisioning: at java.io.FileInputStream.(FileInputStream.java:159)
09-24 19:14:35.868 4879 4904 W RcsProvisioning: at android.app.ContextImpl.openFileInput(ContextImpl.java:600)
09-24 19:14:35.868 4879 4904 W RcsProvisioning: at android.content.ContextWrapper.openFileInput(ContextWrapper.java:206)
09-24 19:14:35.868 4879 4904 W RcsProvisioning: at opj.a(SourceFile:1)
09-24 19:14:35.868 4879 4904 W RcsProvisioning: at oal.a(SourceFile:4)
09-24 19:14:35.868 4879 4904 W RcsProvisioning: at com.google.android.ims.provisioning.RcsConfigurationManager.a(SourceFile:6)
09-24 19:14:35.868 4879 4904 W RcsProvisioning: at odm.buildConferencesFileName(SourceFile:57)
09-24 19:14:35.868 4879 4904 W RcsProvisioning: at odm.getConferences(SourceFile:49)
09-24 19:14:35.868 4879 4904 W RcsProvisioning: at odm.buildFiles(SourceFile:6)
09-24 19:14:35.868 4879 4904 W RcsProvisioning: at com.google.android.apps.messaging.rcsmigration.RcsStateProvider.buildRcsState(SourceFile:63)
09-24 19:14:35.868 4879 4904 W RcsProvisioning: at com.google.android.apps.messaging.rcsmigration.RcsStateProvider.getRcsState(SourceFile:6)
09-24 19:14:35.868 4879 4904 W RcsProvisioning: at com.google.android.ims.rcsmigration.IRcsStateProvider$Stub.dispatchTransaction(SourceFile:6)
09-24 19:14:35.868 4879 4904 W RcsProvisioning: at com.google.android.aidl.BaseStub.onTransact(SourceFile:11)
09-24 19:14:35.868 4879 4904 W RcsProvisioning: at android.os.Binder.execTransactInternal(Binder.java:1021)
09-24 19:14:35.868 4879 4904 W RcsProvisioning: at android.os.Binder.execTransact(Binder.java:994)
09-24 19:14:35.868 4879 4904 W RcsProvisioning: Caused by: android.system.ErrnoException: open failed: ENOENT (No such file or directory)
09-24 19:14:35.868 4879 4904 W RcsProvisioning: at libcore.io.Linux.open(Native Method)
09-24 19:14:35.868 4879 4904 W RcsProvisioning: at libcore.io.ForwardingOs.open(ForwardingOs.java:167)
09-24 19:14:35.868 4879 4904 W RcsProvisioning: at libcore.io.BlockGuardOs.open(BlockGuardOs.java:252)
09-24 19:14:35.868 4879 4904 W RcsProvisioning: at libcore.io.ForwardingOs.open(ForwardingOs.java:167)
09-24 19:14:35.868 4879 4904 W RcsProvisioning: at android.app.ActivityThread$AndroidOs.open(ActivityThread.java:7255)
09-24 19:14:35.868 4879 4904 W RcsProvisioning: at libcore.io.IoBridge.open(IoBridge.java:482)
09-24 19:14:35.868 4879 4904 W RcsProvisioning: ... 15 more
09-24 19:14:35.872 2041 2073 I libprocessgroup: Successfully killed process cgroup uid 10078 pid 3406 in 75ms
09-24 19:14:35.878 2041 2041 V SettingsProvider: Notifying for 0: content://settings/secure/autofill_service_search_uri
09-24 19:14:35.883 2465 2465 I VvmSimStateTracker: android.intent.action.BOOT_COMPLETED
09-24 19:14:35.890 4879 4949 I BugleDataModel: SelfParticipantsData: insertSelfParticipant. participantId: 1, selfParticipantId: 1, subId: -1
09-24 19:14:35.890 4879 4949 W BugleDataModel: DataModelImpl: Rebuilt databases: resetting related state.
09-24 19:14:35.894 2465 2465 I VvmSimStateTracker: Service connected on ComponentInfo{com.android.phone/com.android.services.telephony.TelephonyConnectionService}, ***, UserHandle{0}
09-24 19:14:35.901 4879 4949 I Bugle : SyncManager: setting full sync. inProgress: true, before: false
09-24 19:14:35.906 2465 2465 I RemoteVvmTaskManager: Binding to ComponentInfo{com.android.dialer/com.android.voicemail.impl.OmtpService}
09-24 19:14:35.911 2041 2041 V SettingsProvider: Notifying for 0: content://settings/secure/facelock_detection_threshold
09-24 19:14:35.911 4616 4616 I Dialer : VvmOmtpService - onCellServiceConnected
09-24 19:14:35.913 2041 2058 W ActivityManager: Background start not allowed: service Intent { cmp=com.google.android.apps.messaging/.shared.datamodel.action.execution.ActionExecutorImpl$EmptyService } to com.google.android.apps.messaging/.shared.datamodel.action.execution.ActionExecutorImpl$EmptyService from pid=4879 uid=10122 pkg=com.google.android.apps.messaging startFg?=false
09-24 19:14:35.913 4879 4879 W BugleDataModel: ActionExecutorImpl: Action started execution, but we can't guarantee it will complete, the app may be killed. Action: class com.google.android.apps.messaging.shared.datamodel.action.SyncMessagesAction-SyncMessagesAction:26897008
09-24 19:14:35.913 4879 4879 W BugleDataModel: java.lang.IllegalStateException: Not allowed to start service Intent { cmp=com.google.android.apps.messaging/.shared.datamodel.action.execution.ActionExecutorImpl$EmptyService }: app is in background uid UidRecord{ce9d2da u0a122 RCVR idle procs:1 seq(0,0,0)}
09-24 19:14:35.913 4879 4879 W BugleDataModel: at android.app.ContextImpl.startServiceCommon(ContextImpl.java:1616)
09-24 19:14:35.913 4879 4879 W BugleDataModel: at android.app.ContextImpl.startService(ContextImpl.java:1571)
09-24 19:14:35.913 4879 4879 W BugleDataModel: at android.content.ContextWrapper.startService(ContextWrapper.java:669)
09-24 19:14:35.913 4879 4879 W BugleDataModel: at com.google.android.apps.messaging.shared.datamodel.action.execution.ActionExecutorImpl.e(SourceFile:107)
09-24 19:14:35.913 4879 4879 W BugleDataModel: at com.google.android.apps.messaging.shared.datamodel.action.execution.ActionExecutorImpl.a(SourceFile:19)
09-24 19:14:35.913 4879 4879 W BugleDataModel: at com.google.android.apps.messaging.shared.datamodel.action.execution.ActionExecutorImpl.a(SourceFile:16)
09-24 19:14:35.913 4879 4879 W BugleDataModel: at dya.c(SourceFile:12)
09-24 19:14:35.913 4879 4879 W BugleDataModel: at dyb.run(Unknown Source:2)
09-24 19:14:35.913 4879 4879 W BugleDataModel: at android.os.Handler.handleCallback(Handler.java:883)
09-24 19:14:35.913 4879 4879 W BugleDataModel: at android.os.Handler.dispatchMessage(Handler.java:100)
09-24 19:14:35.913 4879 4879 W BugleDataModel: at android.os.Looper.loop(Looper.java:214)
09-24 19:14:35.913 4879 4879 W BugleDataModel: at android.app.ActivityThread.main(ActivityThread.java:7356)
09-24 19:14:35.913 4879 4879 W BugleDataModel: at java.lang.reflect.Method.invoke(Native Method)
09-24 19:14:35.913 4879 4879 W BugleDataModel: at com.android.internal.os.RuntimeInit$MethodAndArgsCaller.run(RuntimeInit.java:492)
09-24 19:14:35.913 4879 4879 W BugleDataModel: at com.android.internal.os.ZygoteInit.main(ZygoteInit.java:930)
09-24 19:14:35.919 4879 5076 I BugleDataModel: SyncMessagesAction: Starting batch for messages. lowerBoundTimeMillis: -1, upperBoundTimeMillis: 1727194470910, maxMessagesToUpdate: 80, maxMessagesToScan: 4000
09-24 19:14:35.921 4879 4993 I BugleRcsEngine: [322] oil.updateSimInfo: SIM changed: true. current id: [4vfUjdK1ylI-cxPPS6D26oMLYoE]; stored id: ; isFiDevice: false
09-24 19:14:35.925 2518 3789 I Icing : IndexChimeraService.getServiceInterface callingPackage=com.google.android.apps.messaging componentName=null serviceId=32
09-24 19:14:35.927 2041 2041 V SettingsProvider: Notifying for 0: content://settings/secure/pubkey_blacklist
09-24 19:14:35.939 2041 2041 V SettingsProvider: Notifying for 0: content://settings/secure/serial_blacklist
09-24 19:14:35.940 2041 5082 I CertBlacklister: Certificate blacklist changed, updating...
09-24 19:14:35.940 2041 5078 I CertBlacklister: Certificate blacklist changed, updating...
09-24 19:14:35.941 2041 5082 I CertBlacklister: Certificate blacklist updated
09-24 19:14:35.942 2041 5078 I CertBlacklister: Certificate blacklist updated
09-24 19:14:35.956 3188 3188 D DownloadManager: onStopJob id=1, reason=0
09-24 19:14:35.959 2041 2041 V SettingsProvider: Notifying for 0: content://settings/secure/facelock_liveliness_recognition_threshold
09-24 19:14:35.969 4879 4904 E BugleRcsEngine: [301] odm.getFile: File not found.: /data/user/0/com.google.android.apps.messaging/files/httpft_pending: open failed: ENOENT (No such file or directory)
09-24 19:14:35.969 4879 4904 E BugleRcsEngine: libcore.io.IoBridge.open(IoBridge.java:496)
09-24 19:14:35.969 4879 4904 E BugleRcsEngine: java.io.FileInputStream.(FileInputStream.java:159)
09-24 19:14:35.969 4879 4904 E BugleRcsEngine: android.app.ContextImpl.openFileInput(ContextImpl.java:600)
09-24 19:14:35.969 4879 4904 E BugleRcsEngine: android.content.ContextWrapper.openFileInput(ContextWrapper.java:206)
09-24 19:14:35.969 4879 4904 E BugleRcsEngine: odm.getFile(SourceFile:51)
09-24 19:14:35.969 4879 4904 E BugleRcsEngine: odm.buildFiles(SourceFile:7)
09-24 19:14:35.969 4879 4904 E BugleRcsEngine: com.google.android.apps.messaging.rcsmigration.RcsStateProvider.buildRcsState(SourceFile:63)
09-24 19:14:35.969 4879 4904 E BugleRcsEngine: com.google.android.apps.messaging.rcsmigration.RcsStateProvider.getRcsState(SourceFile:6)
09-24 19:14:35.969 4879 4904 E BugleRcsEngine: com.google.android.ims.rcsmigration.IRcsStateProvider$Stub.dispatchTransaction(SourceFile:6)
09-24 19:14:35.969 4879 4904 E BugleRcsEngine: com.google.android.aidl.BaseStub.onTransact(SourceFile:11)
09-24 19:14:35.969 4879 4904 E BugleRcsEngine: android.os.Binder.execTransactInternal(Binder.java:1021)
09-24 19:14:35.969 4879 4904 E BugleRcsEngine: android.os.Binder.execTransact(Binder.java:994)
09-24 19:14:35.974 4759 4794 I CarrierServices: [294] bqb.doInBackground: Saving RCS State
09-24 19:14:35.975 2201 4171 E GCM : Missing checkin config file
09-24 19:14:35.975 2201 4171 W GCM : GCM FAILED TO INITIALIZE - missing checkin
09-24 19:14:35.981 2041 2058 I ActivityManager: Killing 3816:com.google.android.apps.docs/u0a132 (adj 985): empty #17
09-24 19:14:35.993 2518 2948 I SystemUpdate: [Execution,ExecutionManager] Action pending executed for 0.22 seconds.
09-24 19:14:35.994 2041 2041 V SettingsProvider: Notifying for 0: content://settings/secure/silence_gesture
09-24 19:14:35.996 3188 5091 D DownloadManager: [1] Starting
09-24 19:14:35.998 2518 2948 I SystemUpdate: [Execution,ExecutionManager] Action finished-execution executed for 0.00 seconds.
09-24 19:14:35.999 2518 2948 I SystemUpdate: [Execution,InstallationIntentOperation] Received intent: Intent { act=com.google.android.gms.update.INSTALL_UPDATE cat=[targeted_intent_op_prefix:.update.execution.InstallationIntentOperation] cmp=com.google.android.gms/.chimera.GmsIntentOperationService }.
09-24 19:14:35.999 2201 3918 I aohg : Scheduling Phenotype for a PhenotypeSyncImmediately(6, com.google.android.libraries.internal.growth.growthkit#com.google.android.apps.messaging) one off with window [1, 2] in seconds [CONTEXT service_id=51 ]
09-24 19:14:35.999 2518 2948 I SystemUpdate: [Execution,ExecutionManager] Action finished-execution executed for 0.00 seconds.
09-24 19:14:36.009 2518 2518 V MediaRouter: Selecting route: RouteInfo{ name=Phone, description=null, status=null, category=RouteCategory{ name=System types=ROUTE_TYPE_LIVE_AUDIO ROUTE_TYPE_LIVE_VIDEO groupable=false }, supportedTypes=ROUTE_TYPE_LIVE_AUDIO ROUTE_TYPE_LIVE_VIDEO , presentationDisplay=null }
09-24 19:14:36.013 2041 3279 I ActivityManager: Killing 3926:com.android.localtransport/1000 (adj 985): empty #17
09-24 19:14:36.018 2465 2465 I m.android.phon: The ClassLoaderContext is a special shared library.
09-24 19:14:36.032 2041 2041 V SettingsProvider: Notifying for 0: content://settings/secure/autofill_field_classification
09-24 19:14:36.033 2201 4171 E GCM : Missing checkin config file
09-24 19:14:36.033 2201 4171 W GCM : GCM FAILED TO INITIALIZE - missing checkin
09-24 19:14:36.034 4879 4972 E FirebaseInstanceId: Token retrieval failed: AUTHENTICATION_FAILED
09-24 19:14:36.035 4879 5065 E Bugle : BugleFirebaseInstanceIDManagerImpl: Failed to refresh firebase instance ID
09-24 19:14:36.035 4879 5065 E Bugle : java.io.IOException: AUTHENTICATION_FAILED
09-24 19:14:36.035 4879 5065 E Bugle : at umo.a(SourceFile:10)
09-24 19:14:36.035 4879 5065 E Bugle : at mnl.run(SourceFile:8)
