09-24 19:14:24.761 2224 2224 V KeyguardUpdateMonitor: SubInfo:{id=1, iccId=890141032[****] simSlotIndex=0 carrierId=1 displayName=T-Mobile carrierName=Android nameSource=3 iconTint=-16746133 mNumber=[****] dataRoaming=0 iconBitmap=android.graphics.Bitmap@f606530 mcc 310 mnc 260mCountryIso=us isEmbedded false accessRules null cardString=890141032[****] cardId=-1 isOpportunistic false mGroupUUID=null mIsGroupDisabled=false profileClass=-1 ehplmns = null hplmns = null subscriptionType=0 mGroupOwner=null}
09-24 19:14:24.762 2224 2224 V KeyguardUpdateMonitor: onSubscriptionInfoChanged()
09-24 19:14:24.762 2224 2224 V KeyguardUpdateMonitor: SubInfo:{id=1, iccId=890141032[****] simSlotIndex=0 carrierId=1 displayName=T-Mobile carrierName=Android nameSource=3 iconTint=-16746133 mNumber=[****] dataRoaming=0 iconBitmap=android.graphics.Bitmap@dffe5a9 mcc 310 mnc 260mCountryIso=us isEmbedded false accessRules null cardString=890141032[****] cardId=-1 isOpportunistic false mGroupUUID=null mIsGroupDisabled=false profileClass=-1 ehplmns = null hplmns = null subscriptionType=0 mGroupOwner=null}
09-24 19:14:24.763 2224 2224 W System : ClassLoader referenced unknown path:
09-24 19:14:24.790 2041 2063 W SystemServiceManager: Service com.android.server.trust.TrustManagerService took 68 ms in onBootPhase
09-24 19:14:24.790 2041 2041 V SettingsProvider: Notifying for 0: content://settings/secure/trust_agents_initialized
09-24 19:14:24.794 1829 2915 D DropBoxManager: About to call service->add()
09-24 19:14:24.794 2041 2203 I DropBoxManagerService: add tag=keymaster isTagEnabled=true flags=0x0
09-24 19:14:24.795 1829 2915 D DropBoxManager: service->add returned No error
09-24 19:14:24.802 1780 1780 D Zygote : Forked child process 2920
09-24 19:14:24.805 2920 2920 W id.ext.service: Unexpected CPU variant for X86 using defaults: x86
09-24 19:14:24.808 2920 2920 E id.ext.service: Not starting debugger since process cannot load the jdwp agent.
09-24 19:14:24.824 2224 2445 D EGL_emulation: eglMakeCurrent: 0xe3e1aba0: ver 3 0 (tinfo 0xe3e0f6e0)
09-24 19:14:24.891 2041 2063 D ActivityManager: Finishing user boot 0
09-24 19:14:24.892 2041 2063 I ActivityManager: User 0 state changed from BOOTING to RUNNING_LOCKED
09-24 19:14:24.892 2041 2063 D StorageManagerService: unlockUserKey: 0
09-24 19:14:24.893 1688 2427 D vold : fscrypt_unlock_user_key 0 serial=0 token_present=0
09-24 19:14:24.893 1688 2427 W vold : Tried to unlock already-unlocked key for user 0
09-24 19:14:24.893 2041 2063 D ActivityManager: Started unlocking user 0
09-24 19:14:24.893 2041 2063 D ActivityManager: Unlocking user 0 progress 0
09-24 19:14:24.893 2041 2063 D ActivityManager: Unlocking user 0 progress 5
09-24 19:14:24.852 2224 2445 D EGL_emulation: eglMakeCurrent: 0xe3e1aba0: ver 3 0 (tinfo 0xe3e0f6e0)
09-24 19:14:24.893 2041 2072 W ActivityManager: Slow operation: 103ms so far, now at startProcess: done updating battery stats
09-24 19:14:24.893 2041 2072 W ActivityManager: Slow operation: 103ms so far, now at startProcess: building log message
09-24 19:14:24.893 2041 2072 I ActivityManager: Start proc 2920:com.google.android.ext.services/u0a53 for on-hold
09-24 19:14:24.893 2041 2159 D ConnectivityService: Got NetworkFactory Messenger for WifiNetworkFactory
09-24 19:14:24.893 2041 2072 W ActivityManager: Slow operation: 103ms so far, now at startProcess: starting to update pids map
09-24 19:14:24.893 2041 2159 D ConnectivityService: Got NetworkFactory Messenger for UntrustedWifiNetworkFactory
09-24 19:14:24.896 2041 2072 W ActivityManager: Slow operation: 106ms so far, now at startProcess: done updating pids map
09-24 19:14:24.900 2683 2683 I AlarmClock: AlarmInitReceiver android.intent.action.LOCKED_BOOT_COMPLETED
09-24 19:14:24.903 2041 2063 D ColorDisplayService: setUp: currentUser=0
09-24 19:14:24.906 2041 2063 I WindowManager: Using new display size: 1080x2400
09-24 19:14:24.906 2041 2041 V SettingsProvider: Notifying for 0: content://settings/global/display_size_forced
09-24 19:14:24.921 2920 2920 I id.ext.service: The ClassLoaderContext is a special shared library.
09-24 19:14:24.955 2683 2940 I AlarmClock: Connected Dock: null
09-24 19:14:24.955 2683 2940 I AlarmClock: Removing AlarmClockInfo
09-24 19:14:24.989 2041 2041 V NotificationAssistants: 0 notification assistant service connected: ComponentInfo{com.google.android.ext.services/android.ext.services.notification.Assistant}
09-24 19:14:24.990 2041 2041 I ExplicitHealthCheckController: Explicit health check service is connected ComponentInfo{com.google.android.ext.services/android.ext.services.watchdog.ExplicitHealthCheckServiceImpl}
09-24 19:14:24.990 2041 2041 I ExplicitHealthCheckController: Service initialized, syncing requests
09-24 19:14:24.991 2041 2041 D PackageWatchdog: Getting all observed packages pending health checks
09-24 19:14:24.991 2041 2041 I PackageWatchdog: Syncing health check requests for packages: {}
09-24 19:14:24.991 2041 2041 D ExplicitHealthCheckController: Getting health check supported packages
09-24 19:14:25.000 2041 2203 I ExplicitHealthCheckController: Explicit health check supported packages [PackageConfig{com.google.android.networkstack, 3600000}]
09-24 19:14:25.000 2041 2203 D PackageWatchdog: Received supported packages [PackageConfig{com.google.android.networkstack, 3600000}]
09-24 19:14:25.000 2041 2203 D ExplicitHealthCheckController: Getting health check requested packages
09-24 19:14:25.000 2920 2944 D ExtAssistant: File doesn't exist or isn't readable yet
09-24 19:14:25.009 2041 2338 I ExplicitHealthCheckController: Explicit health check requested packages []
09-24 19:14:25.009 2041 2338 I ExplicitHealthCheckController: No more health check requests, unbinding...
09-24 19:14:25.010 2041 2338 I ExplicitHealthCheckController: Explicit health check service is unbound
09-24 19:14:25.015 2941 2941 I bootstat: Service started: /system/bin/bootstat --record_boot_complete --record_boot_reason --record_time_since_factory_reset -l
09-24 19:14:25.016 2941 2941 E bootstat: Failed to read /data/misc/bootstat/last_boot_time_utc: No such file or directory
09-24 19:14:25.016 2941 2941 E bootstat: Failed to parse boot time record: /data/misc/bootstat/last_boot_time_utc
09-24 19:14:25.016 2941 2941 E bootstat: Failed to read /data/misc/bootstat/build_date: No such file or directory
09-24 19:14:25.016 2941 2941 E bootstat: Failed to parse boot time record: /data/misc/bootstat/build_date
09-24 19:14:25.016 2941 2941 I bootstat: Canonical boot reason: reboot,factory_reset
09-24 19:14:25.021 2518 2670 E GservicesValue: Gservices key not whitelisted for directboot access: gms:chimera:dev_module_blacklist
09-24 19:14:25.022 2518 2670 I GmsModuleFndr: Beginning GMS chimera module scan
09-24 19:14:25.067 2518 2668 E ActivityThread: Failed to find provider info for com.google.android.gsf.gservices
09-24 19:14:25.067 2041 2068 I chatty : uid=1000(system) android.bg expire 171 lines
09-24 19:14:25.074 2518 2668 W DynamiteModule: Local module descriptor class for providerinstaller not found.
09-24 19:14:25.074 2518 2668 I DynamiteModule: Considering local module providerinstaller:0 and remote module providerinstaller:0
09-24 19:14:25.068 2518 2668 I chatty : uid=10098(com.google.android.gms) L_UPDATE_ACTION identical 2 lines
09-24 19:14:25.068 2518 2668 E ActivityThread: Failed to find provider info for com.google.android.gsf.gservices
09-24 19:14:25.074 2518 2948 E ActivityThread: Failed to find provider info for com.google.android.gsf.gservices
09-24 19:14:25.074 2518 2668 W ProviderInstaller: Failed to load providerinstaller module: No acceptable module found. Local version is 0 and remote version is 0.
09-24 19:14:25.076 2518 2670 E ActivityThread: Failed to find provider info for com.google.android.gsf.gservices
09-24 19:14:25.076 2518 2948 E ActivityThread: Failed to find provider info for com.google.android.gsf.gservices
09-24 19:14:25.076 2518 2670 E ActivityThread: Failed to find provider info for com.google.android.gsf.gservices
09-24 19:14:25.085 2518 2668 I DynamiteModule: Considering local module com.google.android.gms.googlecertificates:4 and remote module com.google.android.gms.googlecertificates:4
09-24 19:14:25.085 2518 2668 I DynamiteModule: Selected local version of com.google.android.gms.googlecertificates
09-24 19:14:25.093 2518 2668 W DynamiteModule: Local module descriptor class for providerinstaller not found.
09-24 19:14:25.093 2518 2668 W ProviderHelper: Unknown dynamite feature providerinstaller
09-24 19:14:25.093 2518 2668 I DynamiteModule: Considering local module providerinstaller:0 and remote module providerinstaller:0
09-24 19:14:25.093 2518 2668 W ProviderInstaller: Failed to load providerinstaller module: No acceptable module found. Local version is 0 and remote version is 0.
09-24 19:14:25.107 2941 2941 E bootstat: Failed to read /data/misc/bootstat/post_decrypt_time_elapsed: No such file or directory
09-24 19:14:25.107 2941 2941 E bootstat: Failed to parse boot time record: /data/misc/bootstat/post_decrypt_time_elapsed
09-24 19:14:25.139 2518 2668 W DynamiteModule: Local module descriptor class for providerinstaller not found.
09-24 19:14:25.140 2518 2668 I DynamiteModule: Considering local module providerinstaller:0 and remote module providerinstaller:0
09-24 19:14:25.140 2518 2668 W ProviderInstaller: Failed to load providerinstaller module: No acceptable module found. Local version is 0 and remote version is 0.
09-24 19:14:25.153 2518 2668 W DynamiteModule: Local module descriptor class for providerinstaller not found.
09-24 19:14:25.154 2518 2668 I DynamiteModule: Considering local module providerinstaller:0 and remote module providerinstaller:0
09-24 19:14:25.154 2518 2668 W ProviderInstaller: Failed to load providerinstaller module: No acceptable module found. Local version is 0 and remote version is 0.
09-24 19:14:25.156 2941 2941 E bootstat: Failed to read /data/misc/bootstat/factory_reset: No such file or directory
09-24 19:14:25.156 2941 2941 E bootstat: Failed to parse boot time record: /data/misc/bootstat/factory_reset
09-24 19:14:25.160 2518 2668 W DynamiteModule: Local module descriptor class for providerinstaller not found.
09-24 19:14:25.160 2518 2668 I DynamiteModule: Considering local module providerinstaller:0 and remote module providerinstaller:0
09-24 19:14:25.160 2518 2668 W ProviderInstaller: Failed to load providerinstaller module: No acceptable module found. Local version is 0 and remote version is 0.
09-24 19:14:25.179 2518 2668 W DynamiteModule: Local module descriptor class for providerinstaller not found.
09-24 19:14:25.179 2518 2668 I DynamiteModule: Considering local module providerinstaller:0 and remote module providerinstaller:0
09-24 19:14:25.179 2518 2668 W ProviderInstaller: Failed to load providerinstaller module: No acceptable module found. Local version is 0 and remote version is 0.
09-24 19:14:25.186 2518 2668 W DynamiteModule: Local module descriptor class for providerinstaller not found.
09-24 19:14:25.186 2518 2668 I DynamiteModule: Considering local module providerinstaller:0 and remote module providerinstaller:0
09-24 19:14:25.186 2518 2668 W ProviderInstaller: Failed to load providerinstaller module: No acceptable module found. Local version is 0 and remote version is 0.
09-24 19:14:25.195 2518 2668 W DynamiteModule: Local module descriptor class for providerinstaller not found.
09-24 19:14:25.195 2518 2668 I DynamiteModule: Considering local module providerinstaller:0 and remote module providerinstaller:0
09-24 19:14:25.195 2518 2668 W ProviderInstaller: Failed to load providerinstaller module: No acceptable module found. Local version is 0 and remote version is 0.
09-24 19:14:25.202 1688 2193 D vold : Recognized experimental block major ID 253 as virtio-blk (emulator's virtual SD card device)
09-24 19:14:25.203 1688 2193 D vold : /system/bin/sgdisk
09-24 19:14:25.203 1688 2193 D vold : --android-dump
09-24 19:14:25.203 1688 2193 D vold : /dev/block/vold/disk:253,80
09-24 19:14:25.211 2518 2668 E GservicesValue: Gservices key not whitelisted for directboot access: gms:chimera:dev_module_blacklist
09-24 19:14:25.212 2518 2668 I GmsModuleFndr: Beginning GMS chimera module scan
09-24 19:14:25.219 1688 2193 D vold : DISK mbr
09-24 19:14:25.219 1688 2193 D vold :
09-24 19:14:25.219 1688 2193 W vold : disk:253,80 has unknown partition table; trying entire device
09-24 19:14:25.219 1688 2193 D vold : /system/bin/blkid
09-24 19:14:25.219 1688 2193 D vold : -c
09-24 19:14:25.219 1688 2193 D vold : /dev/null
09-24 19:14:25.219 1688 2193 D vold : -s
09-24 19:14:25.219 1688 2193 D vold : TYPE
09-24 19:14:25.219 1688 2193 D vold : -s
09-24 19:14:25.219 1688 2193 D vold : UUID
09-24 19:14:25.219 1688 2193 D vold : -s
09-24 19:14:25.219 1688 2193 D vold : LABEL
09-24 19:14:25.219 1688 2193 D vold : /dev/block/vold/disk:253,80
09-24 19:14:25.227 1688 2193 D vold : /dev/block/vold/disk:253,80: LABEL="SDCARD" UUID="17F3-2B18" TYPE="vfat"
09-24 19:14:25.227 1688 2193 D vold :
09-24 19:14:25.228 1688 2193 D vold : Waiting for FUSE to spin up...
09-24 19:14:25.229 2041 2060 W Looper : Slow dispatch took 505ms android.fg h=com.android.server.usb.UsbDeviceManager$UsbHandlerLegacy c=null m=4
09-24 19:14:25.230 2041 2060 W Looper : Slow delivery took 505ms android.fg h=com.android.server.adb.AdbDebuggingManager$AdbDebuggingHandler c=null m=2
09-24 19:14:25.230 1688 2361 D vold : fscrypt_prepare_user_storage for volume null, user 0, serial 0, flags 2
09-24 19:14:25.230 1688 2361 D vold : Preparing: /data/system_ce/0
09-24 19:14:25.230 1688 2361 D vold : Preparing: /data/misc_ce/0
09-24 19:14:25.231 1688 2361 D vold : Preparing: /data/vendor_ce/0
09-24 19:14:25.231 1688 2361 D vold : Preparing: /data/media/0
09-24 19:14:25.231 1688 2361 D vold : Preparing: /data/data
09-24 19:14:25.232 1688 2361 I vold : Policy for /data/system_ce/0 set to 5b8462e8b5cedf60 modes 1/4
09-24 19:14:25.232 1688 2361 I vold : Policy for /data/misc_ce/0 set to 5b8462e8b5cedf60 modes 1/4
09-24 19:14:25.233 1688 2361 I vold : Policy for /data/vendor_ce/0 set to 5b8462e8b5cedf60 modes 1/4
09-24 19:14:25.233 1688 2361 I vold : Policy for /data/media/0 set to 5b8462e8b5cedf60 modes 1/4
09-24 19:14:25.233 1688 2361 I vold : Policy for /data/data set to 5b8462e8b5cedf60 modes 1/4
09-24 19:14:25.233 1688 2361 D vold : Starting restorecon of /data/system_ce/0
09-24 19:14:25.236 2952 2952 W sdcard : Device explicitly enabled sdcardfs
09-24 19:14:25.236 1688 2361 D vold : Finished restorecon of /data/system_ce/0
09-24 19:14:25.236 1688 2361 D vold : Starting restorecon of /data/vendor_ce/0
09-24 19:14:25.248 1688 2361 D vold : Finished restorecon of /data/vendor_ce/0
09-24 19:14:25.248 1688 2361 D vold : Starting restorecon of /data/misc_ce/0
09-24 19:14:25.250 1688 2361 D vold : Finished restorecon of /data/misc_ce/0
09-24 19:14:25.250 1688 2361 D vold : /system/bin/vold_prepare_subdirs
09-24 19:14:25.250 1688 2361 D vold : prepare
09-24 19:14:25.250 1688 2361 D vold :
09-24 19:14:25.250 1688 2361 D vold : 0
09-24 19:14:25.250 1688 2361 D vold : 2
09-24 19:14:25.261 2956 2956 D vold_prepare_subdirs: Setting up mode 700 uid 0 gid 0 context u:object_r:vold_data_file:s0 on path: /data/misc_ce/0/vold
09-24 19:14:25.261 2956 2956 D vold_prepare_subdirs: Setting up mode 700 uid 0 gid 0 context u:object_r:storaged_data_file:s0 on path: /data/misc_ce/0/storaged
09-24 19:14:25.261 2956 2956 D vold_prepare_subdirs: Setting up mode 700 uid 0 gid 0 context u:object_r:rollback_data_file:s0 on path: /data/misc_ce/0/rollback
09-24 19:14:25.261 2956 2956 D vold_prepare_subdirs: Setting up mode 700 uid 1000 gid 1000 context u:object_r:backup_data_file:s0 on path: /data/system_ce/0/backup
09-24 19:14:25.262 2956 2956 D vold_prepare_subdirs: Setting up mode 700 uid 1000 gid 1000 context u:object_r:backup_data_file:s0 on path: /data/system_ce/0/backup_stage
09-24 19:14:25.262 2956 2956 D vold_prepare_subdirs: Setting up mode 700 uid 1000 gid 1000 context u:object_r:face_vendor_data_file:s0 on path: /data/vendor_ce/0/facedata
09-24 19:14:25.263 2041 2060 V UserDataPreparer: Found /data/user/0 with serial number 0
09-24 19:14:25.263 2041 2060 V UserDataPreparer: Found /data/system_ce/0 with serial number -1
09-24 19:14:25.263 2041 2060 D UserDataPreparer: Serial number missing on /data/system_ce/0; assuming current is valid
09-24 19:14:25.263 2041 2060 D UserDataPreparer: Setting property: sys.user.0.ce_available=true
09-24 19:14:25.264 2041 2060 V PackageManager: reconcileAppsData for null u0 0x2 migrateAppData=true
09-24 19:14:25.266 2041 2041 V SettingsProvider: Notifying for 0: content://settings/system/user_rotation
09-24 19:14:25.280 1688 2193 D vold : /system/bin/blkid
09-24 19:14:25.280 1688 2193 D vold : -c
09-24 19:14:25.280 1688 2193 D vold : /dev/null
09-24 19:14:25.280 1688 2193 D vold : -s
09-24 19:14:25.280 1688 2193 D vold : TYPE
09-24 19:14:25.280 1688 2193 D vold : -s
09-24 19:14:25.280 1688 2193 D vold : UUID
09-24 19:14:25.280 1688 2193 D vold : -s
09-24 19:14:25.280 1688 2193 D vold : LABEL
09-24 19:14:25.280 1688 2193 D vold : /dev/block/vold/public:253,80
09-24 19:14:25.301 1688 2193 D vold : /dev/block/vold/public:253,80: LABEL="SDCARD" UUID="17F3-2B18" TYPE="vfat"
09-24 19:14:25.301 1688 2193 D vold :
09-24 19:14:25.301 1688 2193 D vold : /system/bin/fsck_msdos
09-24 19:14:25.301 1688 2193 D vold : -p
09-24 19:14:25.301 1688 2193 D vold : -f
09-24 19:14:25.301 1688 2193 D vold : -y
09-24 19:14:25.301 1688 2193 D vold : /dev/block/vold/public:253,80
09-24 19:14:25.344 1688 2193 D vold : /dev/block/vold/public:253,80: 2 files, 522224 free (261112 clusters)
09-24 19:14:25.344 1688 2193 D vold :
09-24 19:14:25.344 1688 2193 I vold : Filesystem check completed OK
09-24 19:14:25.347 1688 2193 D vold : Waiting for FUSE to spin up...
09-24 19:14:25.351 2963 2963 W sdcard : Device explicitly enabled sdcardfs
09-24 19:14:25.501 2041 2060 V PackageManager: reconcileAppsData finished 165 packages
09-24 19:14:25.501 2041 2060 I ActivityManager: User 0 state changed from RUNNING_LOCKED to RUNNING_UNLOCKING
09-24 19:14:25.501 2041 2060 D ActivityManager: Unlocking user 0 progress 20
09-24 19:14:25.501 2041 2060 W Looper : Slow dispatch took 272ms android.fg h=android.os.Handler c=com.android.server.am.-$$Lambda$UserController$stQk1028ON105v_u-VMykVjcxLk@c212f74 m=0
09-24 19:14:25.501 2041 2060 W Looper : Drained
09-24 19:14:25.501 2041 2071 I SystemServiceManager: Calling onUnlockUser u0
09-24 19:14:25.502 2041 2071 I LaunchParamsPersister: Didn't find launch param folder for user 0
09-24 19:14:25.502 2041 2071 D StorageManagerService: onUnlockUser 0
09-24 19:14:25.502 1688 2193 D vold : Linking /storage/emulated/0 to /mnt/user/0/primary
09-24 19:14:25.503 1827 1859 D installd: Found quota mount /dev/block/vdc at /data
09-24 19:14:25.503 1827 1859 D installd: Found storage mount /data/media at /mnt/runtime/default/emulated
09-24 19:14:25.503 1827 1859 D installd: Found storage mount /mnt/media_rw/17F3-2B18 at /mnt/runtime/default/17F3-2B18
09-24 19:14:25.503 1827 2960 D installd: Found quota mount /dev/block/vdc at /data
09-24 19:14:25.504 2041 2071 W ActivityManager: Unable to start service Intent { act=android.service.systemcaptions.SystemCaptionsManagerService cmp=com.google.android.as/com.google.android.apps.miphone.aiai.captions.SystemCaptionsManagerService } U=0: not found
09-24 19:14:25.504 2041 2071 W RemoteSystemCaptionsManagerService: Could not bind to Intent { act=android.service.systemcaptions.SystemCaptionsManagerService cmp=com.google.android.as/com.google.android.apps.miphone.aiai.captions.SystemCaptionsManagerService } with flags 67108865
09-24 19:14:25.504 2041 2071 E SystemCaptionsManagerPerUserService: Bad service name: com.google.android.as/com.google.android.apps.miphone.aiai.captions.SystemCaptionsManagerService
09-24 19:14:25.504 2041 2071 E AppPredictionPerUserService: Bad service name: com.google.android.as/com.google.android.apps.miphone.aiai.app.AiAiPredictionService
09-24 19:14:25.504 2041 2071 E ContentSuggestionsPerUserService: Bad service name: com.google.android.as/com.google.android.apps.miphone.aiai.app.AiAiContentSuggestionsService
09-24 19:14:25.506 1827 2960 D installd: Found storage mount /data/media at /mnt/runtime/default/emulated
09-24 19:14:25.506 1827 2960 D installd: Found storage mount /mnt/media_rw/17F3-2B18 at /mnt/runtime/default/17F3-2B18
09-24 19:14:25.530 2041 2071 I chatty : uid=1000(system) ActivityManager expire 102 lines
09-24 19:14:25.532 2041 2156 I chatty : uid=1000(system) ClientModeImpl expire 3 lines
09-24 19:14:25.535 2041 2174 I BackupManagerService: Starting service for user: 0
09-24 19:14:25.536 2041 2174 V BackupManagerService: Starting with transport com.google.android.gms/.backup.BackupTransportService
09-24 19:14:25.537 2041 2174 D BackupManagerService: Started thread backup-0 for user 0
09-24 19:14:25.540 2041 2071 E AutofillManagerServiceImpl: Bad service name: com.google.android.gms/.autofill.service.AutofillService
09-24 19:14:25.540 2041 2071 E AutofillManagerServiceImpl: Bad service name: com.google.android.gms/.autofill.service.AutofillService
09-24 19:14:25.540 2041 2060 I ActivityTaskManager: Loading recents for user 0 into memory.
09-24 19:14:25.540 2041 2060 E TaskPersister: restoreTasksForUserLocked: Unable to list files from /data/system_ce/0/recent_tasks
09-24 19:14:25.541 2041 2071 I ActivityManager: User 0 state changed from RUNNING_UNLOCKING to RUNNING_UNLOCKED
09-24 19:14:25.541 2041 2071 D SystemServerTiming: SystemUserUnlock took to complete: 648ms
09-24 19:14:25.547 1780 1780 D Zygote : Forked child process 2971
09-24 19:14:25.550 2041 2072 I ActivityManager: Start proc 2971:com.google.android.googlequicksearchbox:interactor/u0a104 for service {com.google.android.googlequicksearchbox/com.google.android.voiceinteraction.GsaVoiceInteractionService}
09-24 19:14:25.554 2971 2971 W hbox:interacto: Unexpected CPU variant for X86 using defaults: x86
09-24 19:14:25.572 2971 2971 E hbox:interacto: Not starting debugger since process cannot load the jdwp agent.
09-24 19:14:25.572 2041 2041 W InputMethodManagerService: Illegal subtype state: old subtype = null, new subtype = android.view.inputmethod.InputMethodSubtype@70bfcd7e
09-24 19:14:25.581 2041 2969 I chatty : uid=1000 system_server expire 34 lines
09-24 19:14:25.582 1780 1780 D Zygote : Forked child process 2988
09-24 19:14:25.586 2041 2071 I PreBootBroadcaster: Pre-boot of {com.android.documentsui/com.android.documentsui.PreBootReceiver} for user 0
09-24 19:14:25.588 2465 2465 D CarrierSvcBindHelper: Received android.intent.action.USER_UNLOCKED
09-24 19:14:25.588 2629 2629 D FallbackHome: User unlocked and real home found; let's go!
09-24 19:14:25.592 2041 2059 I ActivityTaskManager: START u0 {act=android.intent.action.MAIN cat=[android.intent.category.HOME] flg=0x10000100 cmp=com.google.android.sdksetup/.DefaultActivity} from uid 0
09-24 19:14:25.597 2465 2465 D CarrierSvcBindHelper: No carrier app for: 0
09-24 19:14:25.597 2465 2465 D IntentBroadcaster: Rebroadcasting intent android.intent.action.SIM_STATE_CHANGED LOADED for slotId 0
09-24 19:14:25.612 2988 2988 W com.android.se: Unexpected CPU variant for X86 using defaults: x86
09-24 19:14:25.625 2465 2997 D MmsSmsDatabaseHelper: onCreate: Creating all SMS-MMS tables.
09-24 19:14:25.635 2041 2059 I chatty : uid=1000(system) Binder:2041_2 expire 10 lines
09-24 19:14:25.638 2041 2064 I chatty : uid=1000(system) android.anim expire 3 lines
09-24 19:14:25.645 2041 2041 V SettingsProvider: Notifying for 0: content://settings/secure/selected_spell_checker
09-24 19:14:25.652 2988 2988 E com.android.se: Not starting debugger since process cannot load the jdwp agent.
09-24 19:14:25.663 1796 2449 E GnssHAL_GnssInterface: gnssSvStatusCb: a: input svInfo.flags is 8
09-24 19:14:25.663 1796 2449 E GnssHAL_GnssInterface: gnssSvStatusCb: b: input svInfo.flags is 8
09-24 19:14:25.686 2041 2072 W ActivityManager: Slow operation: 137ms so far, now at startProcess: done updating battery stats
09-24 19:14:25.686 2041 2072 W ActivityManager: Slow operation: 137ms so far, now at startProcess: building log message
09-24 19:14:25.686 2041 2072 I ActivityManager: Start proc 2988:com.android.se/1068 for added application com.android.se
09-24 19:14:25.686 2041 2072 W ActivityManager: Slow operation: 137ms so far, now at startProcess: starting to update pids map
09-24 19:14:25.686 2041 2072 W ActivityManager: Slow operation: 137ms so far, now at startProcess: done updating pids map
09-24 19:14:25.687 2041 2072 W ActivityManager: Slow operation: 137ms so far, now at startProcess: asking zygote to start proc
09-24 19:14:25.687 2041 2041 V SettingsProvider: Notifying for 0: content://settings/secure/selected_spell_checker_subtype
09-24 19:14:25.687 2971 2971 D ApplicationLoaders: Returning zygote-cached class loader: /system/framework/android.hidl.base-V1.0-java.jar
09-24 19:14:25.687 2971 2971 D ApplicationLoaders: Returning zygote-cached class loader: /system/framework/android.hidl.manager-V1.0-java.jar
09-24 19:14:25.687 2971 2971 D ApplicationLoaders: Returning zygote-cached class loader: /system/framework/android.hidl.base-V1.0-java.jar
09-24 19:14:25.688 2971 2971 I hbox:interacto: The ClassLoaderContext is a special shared library.
09-24 19:14:25.692 2041 2041 V SettingsProvider: Notifying for 0: content://settings/secure/input_methods_subtype_history
09-24 19:14:25.692 2041 2041 V SettingsProvider: Notifying for 0: content://settings/secure/selected_input_method_subtype
09-24 19:14:25.692 2041 2041 V SettingsProvider: Notifying for 0: content://settings/secure/default_input_method
09-24 19:14:25.693 2224 2224 D StorageNotification: Notifying about public volume: VolumeInfo{public:253,80}:
09-24 19:14:25.693 2224 2224 D StorageNotification: type=PUBLIC diskId=disk:253,80 partGuid= mountFlags=VISIBLE mountUserId=0
09-24 19:14:25.693 2224 2224 D StorageNotification: state=UNMOUNTED
09-24 19:14:25.693 2224 2224 D StorageNotification: fsType=null fsUuid=null fsLabel=null
09-24 19:14:25.693 2224 2224 D StorageNotification: path=null internalPath=null
09-24 19:14:25.699 2041 2063 I chatty : uid=1000(system) android.display expire 10 lines
09-24 19:14:25.699 2041 2041 V SettingsProvider: Notifying for 0: content://settings/secure/enabled_input_methods
09-24 19:14:25.699 2041 2041 V SettingsProvider: Notifying for 0: content://settings/secure/enabled_input_methods
09-24 19:14:25.699 2041 2041 V SettingsProvider: Notifying for 0: content://settings/secure/default_input_method
09-24 19:14:25.706 2224 2224 D StorageNotification: Notifying about public volume: VolumeInfo{public:253,80}:
09-24 19:14:25.706 2224 2224 D StorageNotification: type=PUBLIC diskId=disk:253,80 partGuid= mountFlags=VISIBLE mountUserId=0
09-24 19:14:25.706 2224 2224 D StorageNotification: state=CHECKING
09-24 19:14:25.706 2224 2224 D StorageNotification: fsType=null fsUuid=null fsLabel=null
09-24 19:14:25.706 2224 2224 D StorageNotification: path=null internalPath=null
09-24 19:14:25.708 2224 2224 D StorageNotification: Notifying about public volume: VolumeInfo{public:253,80}:
09-24 19:14:25.708 2224 2224 D StorageNotification: type=PUBLIC diskId=disk:253,80 partGuid= mountFlags=VISIBLE mountUserId=0
09-24 19:14:25.708 2224 2224 D StorageNotification: state=MOUNTED
09-24 19:14:25.708 2224 2224 D StorageNotification: fsType=vfat fsUuid=17F3-2B18 fsLabel=SDCARD
09-24 19:14:25.708 2224 2224 D StorageNotification: path=/storage/17F3-2B18 internalPath=/mnt/media_rw/17F3-2B18
09-24 19:14:25.715 2041 2327 D CountryDetector: The first listener is added
09-24 19:14:25.715 2876 2876 I ContactsDatabaseHelper: updateUseStrictPhoneNumberComparison: US
09-24 19:14:25.717 2988 2988 I com.android.se: The ClassLoaderContext is a special shared library.
09-24 19:14:25.721 1780 1780 D Zygote : Forked child process 3033
09-24 19:14:25.722 2041 2072 W ActivityManager: Slow operation: 173ms so far, now at startProcess: returned from zygote!
09-24 19:14:25.724 2041 2072 W ActivityManager: Slow operation: 175ms so far, now at startProcess: done updating battery stats
09-24 19:14:25.724 2041 2072 W ActivityManager: Slow operation: 175ms so far, now at startProcess: building log message
09-24 19:14:25.724 2041 2072 I ActivityManager: Start proc 3033:com.android.ims.rcsservice/1001 for added application com.android.ims.rcsservice
09-24 19:14:25.724 2041 2072 W ActivityManager: Slow operation: 175ms so far, now at startProcess: starting to update pids map
09-24 19:14:25.731 2971 2971 I hbox:interacto: The ClassLoaderContext is a special shared library.
09-24 19:14:25.737 2720 2720 I TransientFileCleaner: Deleting 0 files
09-24 19:14:25.752 2041 2072 W ActivityManager: Slow operation: 175ms so far, now at startProcess: done updating pids map
09-24 19:14:25.752 2041 2072 W ActivityManager: Slow operation: 202ms so far, now at startProcess: asking zygote to start proc
09-24 19:14:25.754 1797 1935 D gralloc_ranchu: gralloc_alloc: Creating ashmem region of size 10371072
09-24 19:14:25.760 2041 2041 V NotificationAssistants: disabling notification assistant for user 0: ComponentInfo{com.google.android.ext.services/android.ext.services.notification.Assistant}
09-24 19:14:25.760 1681 1681 I hwservicemanager: getTransport: Cannot find entry android.hardware.graphics.mapper@3.0::IMapper/default in either framework or device manifest.
09-24 19:14:25.760 2041 2041 D NotificationListeners: Removing active service ComponentInfo{com.google.android.ext.services/android.ext.services.notification.Assistant}
09-24 19:14:25.762 2041 2041 V NotificationAssistants: enabling notification assistant for 0: ComponentInfo{com.google.android.ext.services/android.ext.services.notification.Assistant}
09-24 19:14:25.765 2988 2988 I SecureElementService: main onCreate
09-24 19:14:25.766 1681 1681 I hwservicemanager: getTransport: Cannot find entry android.hardware.secure_element@1.1::ISecureElement/eSE1 in either framework or device manifest.
09-24 19:14:25.766 2988 2988 D SecureElement-Terminal-eSE1: SE Hal V1.1 is not supported
09-24 19:14:25.766 1681 1681 I hwservicemanager: getTransport: Cannot find entry android.hardware.secure_element@1.0::ISecureElement/eSE1 in either framework or device manifest.
09-24 19:14:25.766 2988 2988 I SecureElementService: No HAL implementation for eSE1
09-24 19:14:25.766 3046 3046 I migrate_legacy_obb_data: No legacy obb data to migrate.
09-24 19:14:25.767 1681 1681 I hwservicemanager: getTransport: Cannot find entry android.hardware.secure_element@1.1::ISecureElement/SIM1 in either framework or device manifest.
09-24 19:14:25.767 2988 2988 D SecureElement-Terminal-SIM1: SE Hal V1.1 is not supported
09-24 19:14:25.767 1681 1681 I hwservicemanager: getTransport: Cannot find entry android.hardware.secure_element@1.0::ISecureElement/SIM1 in either framework or device manifest.
09-24 19:14:25.767 2988 2988 I SecureElementService: No HAL implementation for SIM1
09-24 19:14:25.768 3033 3033 W .ims.rcsservic: Unexpected CPU variant for X86 using defaults: x86
09-24 19:14:25.769 2041 2041 V NotificationAssistants: binding: Intent { act=android.service.notification.NotificationAssistantService cmp=com.google.android.ext.services/android.ext.services.notification.Assistant (has extras) }
09-24 19:14:25.769 2041 2144 D StorageManagerService: Volume public:253,80 broadcasting mounted to UserHandle{0}
09-24 19:14:25.770 1780 1780 D Zygote : Forked child process 3057
09-24 19:14:25.770 2041 2072 W ActivityManager: Slow operation: 221ms so far, now at startProcess: returned from zygote!
09-24 19:14:25.771 2041 2072 W ActivityManager: Slow operation: 221ms so far, now at startProcess: done updating battery stats
09-24 19:14:25.771 2041 2072 W ActivityManager: Slow operation: 221ms so far, now at startProcess: building log message
09-24 19:14:25.771 2041 2072 I ActivityManager: Start proc 3057:com.android.emulator.multidisplay/1000 for added application com.android.emulator.multidisplay
09-24 19:14:25.771 2041 2072 W ActivityManager: Slow operation: 221ms so far, now at startProcess: starting to update pids map
09-24 19:14:25.771 2041 2072 W ActivityManager: Slow operation: 222ms so far, now at startProcess: done updating pids map
09-24 19:14:25.771 2041 2072 W ActivityManager: Slow operation: 184ms so far, now at startProcess: asking zygote to start proc
09-24 19:14:25.772 2720 2768 I LauncherIconVisibility: doUpdate() : Visible = false
09-24 19:14:25.772 2720 2720 I AndroidIME: device protected preferences are migrated
09-24 19:14:25.776 2720 2720 I CrashDetection: App upgrade detected, clearing counters
09-24 19:14:25.781 2876 3043 I ContactsDatabaseHelper: Bootstrapping database contacts2.db version: 1400
09-24 19:14:25.795 3033 3033 E .ims.rcsservic: Not starting debugger since process cannot load the jdwp agent.
09-24 19:14:25.798 2041 2144 D StorageManagerService: Volume emulated broadcasting mounted to UserHandle{0}
09-24 19:14:25.798 2720 2720 I UrgentSignal: getInstance(): Creating UrgentSignalsProcessor instance
09-24 19:14:25.799 2041 2041 V NotificationListeners: enabling notification listener for 0: ComponentInfo{com.google.android.apps.restore/com.google.android.apps.pixelmigrate.component.NotificationConsolidatorService}
09-24 19:14:25.799 2876 2876 D StrictMode: StrictMode policy violation; ~duration=82 ms: android.os.strictmode.DiskWriteViolation
09-24 19:14:25.799 2876 2876 D StrictMode: at android.os.StrictMode$AndroidBlockGuardPolicy.onWriteToDisk(StrictMode.java:1512)
09-24 19:14:25.799 2876 2876 D StrictMode: at libcore.io.BlockGuardOs.mkdir(BlockGuardOs.java:233)
09-24 19:14:25.799 2876 2876 D StrictMode: at libcore.io.ForwardingOs.mkdir(ForwardingOs.java:157)
09-24 19:14:25.799 2876 2876 D StrictMode: at android.system.Os.mkdir(Os.java:375)
09-24 19:14:25.799 2876 2876 D StrictMode: at android.app.ContextImpl.ensurePrivateDirExists(ContextImpl.java:648)
09-24 19:14:25.799 2876 2876 D StrictMode: at android.app.ContextImpl.ensurePrivateDirExists(ContextImpl.java:636)
09-24 19:14:25.799 2876 2876 D StrictMode: at android.app.ContextImpl.getPreferencesDir(ContextImpl.java:592)
09-24 19:14:25.799 2876 2876 D StrictMode: at android.app.ContextImpl.getSharedPreferencesPath(ContextImpl.java:787)
09-24 19:14:25.799 2876 2876 D StrictMode: at android.app.ContextImpl.getSharedPreferences(ContextImpl.java:439)
09-24 19:14:25.799 2876 2876 D StrictMode: at android.preference.PreferenceManager.getDefaultSharedPreferences(PreferenceManager.java:545)
09-24 19:14:25.799 2876 2876 D StrictMode: at com.android.providers.contacts.FastScrollingIndexCache.getInstance(FastScrollingIndexCache.java:95)
09-24 19:14:25.799 2876 2876 D StrictMode: at com.android.providers.contacts.ContactsProvider2.initialize(ContactsProvider2.java:1529)
09-24 19:14:25.799 2876 2876 D StrictMode: at com.android.providers.contacts.ContactsProvider2.onCreate(ContactsProvider2.java:1504)
09-24 19:14:25.799 2876 2876 D StrictMode: at android.content.ContentProvider.attachInfo(ContentProvider.java:2092)
09-24 19:14:25.799 2876 2876 D StrictMode: at android.content.ContentProvider.attachInfo(ContentProvider.java:2066)
09-24 19:14:25.799 2876 2876 D StrictMode: at android.app.ActivityThread.installProvider(ActivityThread.java:6983)
09-24 19:14:25.799 2876 2876 D StrictMode: at android.app.ActivityThread.installContentProviders(ActivityThread.java:6528)
09-24 19:14:25.799 2876 2876 D StrictMode: at android.app.ActivityThread.handleInstallProvider(ActivityThread.java:3643)
09-24 19:14:25.799 2876 2876 D StrictMode: at android.app.ActivityThread$H.handleMessage(ActivityThread.java:1978)
09-24 19:14:25.799 2876 2876 D StrictMode: at android.os.Handler.dispatchMessage(Handler.java:107)
09-24 19:14:25.799 2876 2876 D StrictMode: at android.os.Looper.loop(Looper.java:214)
09-24 19:14:25.799 2876 2876 D StrictMode: at android.app.ActivityThread.main(ActivityThread.java:7356)
09-24 19:14:25.799 2876 2876 D StrictMode: at java.lang.reflect.Method.invoke(Native Method)
09-24 19:14:25.799 2876 2876 D StrictMode: at com.android.internal.os.RuntimeInit$MethodAndArgsCaller.run(RuntimeInit.java:492)
09-24 19:14:25.799 2876 2876 D StrictMode: at com.android.internal.os.ZygoteInit.main(ZygoteInit.java:930)
09-24 19:14:25.799 2876 2876 D StrictMode: StrictMode policy violation; ~duration=82 ms: android.os.strictmode.DiskWriteViolation
09-24 19:14:25.799 2876 2876 D StrictMode: at android.os.StrictMode$AndroidBlockGuardPolicy.onWriteToDisk(StrictMode.java:1512)
09-24 19:14:25.799 2876 2876 D StrictMode: at libcore.io.BlockGuardOs.chmod(BlockGuardOs.java:76)
09-24 19:14:25.799 2876 2876 D StrictMode: at libcore.io.ForwardingOs.chmod(ForwardingOs.java:86)
09-24 19:14:25.799 2876 2876 D StrictMode: at android.system.Os.chmod(Os.java:98)
09-24 19:14:25.799 2876 2876 D StrictMode: at android.app.ContextImpl.ensurePrivateDirExists(ContextImpl.java:649)
09-24 19:14:25.799 2876 2876 D StrictMode: at android.app.ContextImpl.ensurePrivateDirExists(ContextImpl.java:636)
09-24 19:14:25.799 2876 2876 D StrictMode: at android.app.ContextImpl.getPreferencesDir(ContextImpl.java:592)
09-24 19:14:25.799 2876 2876 D StrictMode: at android.app.ContextImpl.getSharedPreferencesPath(ContextImpl.java:787)
09-24 19:14:25.799 2876 2876 D StrictMode: at android.app.ContextImpl.getSharedPreferences(ContextImpl.java:439)
09-24 19:14:25.799 2876 2876 D StrictMode: at android.preference.PreferenceManager.getDefaultSharedPreferences(PreferenceManager.java:545)
09-24 19:14:25.799 2876 2876 D StrictMode: at com.android.providers.contacts.FastScrollingIndexCache.getInstance(FastScrollingIndexCache.java:95)
09-24 19:14:25.799 2876 2876 D StrictMode: at com.android.providers.contacts.ContactsProvider2.initialize(ContactsProvider2.java:1529)
09-24 19:14:25.799 2876 2876 D StrictMode: at com.android.providers.contacts.ContactsProvider2.onCreate(ContactsProvider2.java:1504)
09-24 19:14:25.799 2876 2876 D StrictMode: at android.content.ContentProvider.attachInfo(ContentProvider.java:2092)
09-24 19:14:25.799 2876 2876 D StrictMode: at android.content.ContentProvider.attachInfo(ContentProvider.java:2066)
09-24 19:14:25.799 2876 2876 D StrictMode: at android.app.ActivityThread.installProvider(ActivityThread.java:6983)
09-24 19:14:25.799 2876 2876 D StrictMode: at android.app.ActivityThread.installContentProviders(ActivityThread.java:6528)
09-24 19:14:25.799 2876 2876 D StrictMode: at android.app.ActivityThread.handleInstallProvider(ActivityThread.java:3643)
09-24 19:14:25.799 2876 2876 D StrictMode: at android.app.ActivityThread$H.handleMessage(ActivityThread.java:1978)
09-24 19:14:25.799 2876 2876 D StrictMode: at android.os.Handler.dispatchMessage(Handler.java:107)
09-24 19:14:25.799 2876 2876 D StrictMode: at android.os.Looper.loop(Looper.java:214)
09-24 19:14:25.799 2876 2876 D StrictMode: at android.app.ActivityThread.main(ActivityThread.java:7356)
09-24 19:14:25.799 2876 2876 D StrictMode: at java.lang.reflect.Method.invoke(Native Method)
09-24 19:14:25.799 2876 2876 D StrictMode: at com.android.internal.os.RuntimeInit$MethodAndArgsCaller.run(RuntimeInit.java:492)
09-24 19:14:25.799 2876 2876 D StrictMode: at com.android.internal.os.ZygoteInit.main(ZygoteInit.java:930)
09-24 19:14:25.800 2041 2041 V NotificationListeners: binding: Intent { act=android.service.notification.NotificationListenerService cmp=com.google.android.apps.restore/com.google.android.apps.pixelmigrate.component.NotificationConsolidatorService (has extras) }
09-24 19:14:25.802 2041 2060 D UsbDeviceManager: Clear notification
09-24 19:14:25.806 1780 1780 D Zygote : Forked child process 3075
09-24 19:14:25.807 2041 2072 W ActivityManager: Slow operation: 220ms so far, now at startProcess: returned from zygote!
09-24 19:14:25.808 2041 2041 V NotificationListeners: enabling notification listener for 0: ComponentInfo{com.google.android.apps.nexuslauncher/com.android.launcher3.notification.NotificationListener}
09-24 19:14:25.809 2041 2041 V NotificationListeners: binding: Intent { act=android.service.notification.NotificationListenerService cmp=com.google.android.apps.nexuslauncher/com.android.launcher3.notification.NotificationListener (has extras) }
09-24 19:14:25.809 3075 3075 W oid.documentsu: Unexpected CPU variant for X86 using defaults: x86
09-24 19:14:25.809 2041 2174 I chatty : uid=1000(system) backup expire 1 line
09-24 19:14:25.810 2041 2041 I chatty : uid=1000 system_server expire 1 line
09-24 19:14:25.810 2041 2072 W ActivityManager: Slow operation: 223ms so far, now at startProcess: done updating battery stats
09-24 19:14:25.810 2041 2072 W ActivityManager: Slow operation: 223ms so far, now at startProcess: building log message
09-24 19:14:25.811 3057 3057 W or.multidispla: Unexpected CPU variant for X86 using defaults: x86
09-24 19:14:25.811 2041 2072 I ActivityManager: Start proc 3075:com.android.documentsui/u0a49 for broadcast {com.android.documentsui/com.android.documentsui.PreBootReceiver}
09-24 19:14:25.811 2041 2072 W ActivityManager: Slow operation: 224ms so far, now at startProcess: starting to update pids map
09-24 19:14:25.811 2041 2072 W ActivityManager: Slow operation: 224ms so far, now at startProcess: done updating pids map
09-24 19:14:25.811 2041 2072 W ActivityManager: Slow operation: 174ms so far, now at startProcess: asking zygote to start proc
09-24 19:14:25.812 2041 2969 I chatty : uid=1000 system_server expire 7 lines
09-24 19:14:25.813 3075 3075 E oid.documentsu: Not starting debugger since process cannot load the jdwp agent.
09-24 19:14:25.814 3057 3057 E or.multidispla: Not starting debugger since process cannot load the jdwp agent.
09-24 19:14:25.814 2465 2478 I m.android.phon: Background concurrent copying GC freed 54383(4963KB) AllocSpace objects, 24(924KB) LOS objects, 49% free, 2595KB/5190KB, paused 14us total 101.012ms
09-24 19:14:25.821 2720 2720 E putmethod.lati: No implementation found for boolean com.google.android.apps.inputmethod.libs.trainingcache.tiresias.TiresiasNativePipe.nativeInit() (tried Java_com_google_android_apps_inputmethod_libs_trainingcache_tiresias_TiresiasNativePipe_nativeInit and Java_com_google_android_apps_inputmethod_libs_trainingcache_tiresias_TiresiasNativePipe_nativeInit__)
09-24 19:14:25.824 3033 3033 I .ims.rcsservic: The ClassLoaderContext is a special shared library.
09-24 19:14:25.833 2720 2720 W ExecutorUtils: createScheduledThreadPoolExecutor(): name[PhenotypeExpConfig] exceeds limit
09-24 19:14:25.833 2041 2041 I chatty : uid=1000 system_server expire 1 line
09-24 19:14:25.834 2041 2174 E BackupPasswordManager: Unable to read backup pw version
09-24 19:14:25.834 2971 2971 I MultiDex: VM with version 2.1.0 has multidex support
09-24 19:14:25.835 2971 2971 I MultiDex: install
09-24 19:14:25.835 2971 2971 I MultiDex: VM has multidex support, MultiDex support library is disabled.
09-24 19:14:25.835 2971 2971 I InteractorInitializer: Initialized process com.google.android.googlequicksearchbox:interactor
09-24 19:14:25.837 1780 1780 D Zygote : Forked child process 3107
09-24 19:14:25.840 2041 2072 W ActivityManager: Slow operation: 203ms so far, now at startProcess: returned from zygote!
09-24 19:14:25.846 2041 2174 E BackupPasswordManager: Unable to read saved backup pw hash
09-24 19:14:25.846 3107 3107 W android.smspus: Unexpected CPU variant for X86 using defaults: x86
09-24 19:14:25.846 2720 2720 I PhenotypeExpConfig: refreshConfiguration() : Force = true : UpdateAvailable = true : Age = 28786574 minutes : MaxAge = 720 minutes
09-24 19:14:25.848 2720 2720 I DictSuperpacksManager: onEnabledInputMethodEntriesChanged
09-24 19:14:25.850 2041 2064 I chatty : uid=1000(system) android.anim expire 6 lines
09-24 19:14:25.858 2876 3043 I ContactsProviderV1: Bootstrapping database legacy support
09-24 19:14:25.863 2041 2072 W ActivityManager: Slow operation: 226ms so far, now at startProcess: done updating battery stats
09-24 19:14:25.863 2041 2072 W ActivityManager: Slow operation: 226ms so far, now at startProcess: building log message
09-24 19:14:25.863 2041 2072 I ActivityManager: Start proc 3107:com.android.smspush/u0a82 for service {com.android.smspush/com.android.smspush.WapPushManager}
09-24 19:14:25.863 2041 2072 W ActivityManager: Slow operation: 226ms so far, now at startProcess: starting to update pids map
09-24 19:14:25.863 2041 2072 W ActivityManager: Slow operation: 226ms so far, now at startProcess: done updating pids map
09-24 19:14:25.863 2041 2072 W ActivityManager: Slow operation: 176ms so far, now at startProcess: asking zygote to start proc
09-24 19:14:25.870 2876 2876 I ContactsPerf: VoicemailContentProvider.onCreate start
09-24 19:14:25.871 2720 3113 I PhenotypeIme: RegisterTask.registerWithPhenotype() : com.google.android.inputmethod.latin : 26800411
09-24 19:14:25.873 3075 3075 D ApplicationLoaders: Returning zygote-cached class loader: /system/framework/android.hidl.base-V1.0-java.jar
09-24 19:14:25.873 3075 3075 D ApplicationLoaders: Returning zygote-cached class loader: /system/framework/android.hidl.manager-V1.0-java.jar
09-24 19:14:25.873 3075 3075 D ApplicationLoaders: Returning zygote-cached class loader: /system/framework/android.hidl.base-V1.0-java.jar
09-24 19:14:25.874 3075 3075 I oid.documentsu: The ClassLoaderContext is a special shared library.
09-24 19:14:25.879 3033 3033 I .ims.rcsservic: The ClassLoaderContext is a special shared library.
09-24 19:14:25.879 1797 1935 D gralloc_ranchu: gralloc_alloc: Creating ashmem region of size 28672
09-24 19:14:25.883 1797 1935 I chatty : uid=1000(system) HwBinder:1797_2 identical 2 lines
09-24 19:14:25.885 1797 1935 D gralloc_ranchu: gralloc_alloc: Creating ashmem region of size 28672
09-24 19:14:25.895 2876 3043 D ContactsDatabaseHelper: WAL enabled for contacts2.db: true
09-24 19:14:25.919 3107 3107 E android.smspus: Not starting debugger since process cannot load the jdwp agent.
09-24 19:14:25.919 2041 2064 D eglCodecCommon: allocate: ioctl allocate returned offset 0x3ff60f000 size 0x9e5000
09-24 19:14:25.923 1797 1831 D gralloc_ranchu: gralloc_alloc: Creating ashmem region of size 28672
09-24 19:14:25.924 1797 1831 D gralloc_ranchu: gralloc_alloc: Creating ashmem region of size 28672
09-24 19:14:25.924 3057 3057 I or.multidispla: The ClassLoaderContext is a special shared library.
09-24 19:14:25.925 2224 2445 D EGL_emulation: eglMakeCurrent: 0xe3e1aba0: ver 3 0 (tinfo 0xe3e0f6e0)
09-24 19:14:25.932 2720 3133 I JapaneseMozcExtension: onCreateServiceInternal()
09-24 19:14:25.943 1780 1780 D Zygote : Forked child process 3142
09-24 19:14:25.946 2876 2876 I ContactsPerf: VoicemailContentProvider.onCreate finish
09-24 19:14:25.957 2876 3073 I CallLogDatabaseHelper: Migrating from old tables...
09-24 19:14:25.957 2876 3073 I CallLogDatabaseHelper: Source tables don't exist.
09-24 19:14:25.962 3107 3107 I android.smspus: The ClassLoaderContext is a special shared library.
09-24 19:14:25.966 3142 3142 W ndroid.sdksetu: Unexpected CPU variant for X86 using defaults: x86
09-24 19:14:25.967 2041 2072 W ActivityManager: Slow operation: 279ms so far, now at startProcess: returned from zygote!
09-24 19:14:25.967 2041 2072 W ActivityManager: Slow operation: 279ms so far, now at startProcess: done updating battery stats
09-24 19:14:25.971 2041 2072 W ActivityManager: Slow operation: 283ms so far, now at startProcess: building log message
09-24 19:14:25.971 2041 2072 I ActivityManager: Start proc 3142:com.google.android.sdksetup/u0a58 for activity {com.google.android.sdksetup/com.google.android.sdksetup.DefaultActivity}
09-24 19:14:25.971 2041 2072 W ActivityManager: Slow operation: 283ms so far, now at startProcess: starting to update pids map
09-24 19:14:25.983 2041 2174 V BackupManagerService: No ancestral data
09-24 19:14:25.988 2041 2969 E system_server: No package ID 7f found for ID 0x7f020223.
09-24 19:14:25.988 2041 2969 E system_server: No package ID 7f found for ID 0x7f1101c7.
09-24 19:14:25.988 2041 2969 E system_server: No package ID 7f found for ID 0x7f1101c4.
09-24 19:14:25.988 2041 2969 E system_server: No package ID 7f found for ID 0x7f1101c4.
09-24 19:14:25.988 2041 2969 E system_server: No package ID 7f found for ID 0x7f020225.
09-24 19:14:25.988 2041 2969 E system_server: No package ID 7f found for ID 0x7f1101c5.
09-24 19:14:25.988 2041 2969 E system_server: No package ID 7f found for ID 0x7f1101c2.
09-24 19:14:25.988 2041 2969 E system_server: No package ID 7f found for ID 0x7f1101c2.
09-24 19:14:25.988 2041 2969 E system_server: No package ID 7f found for ID 0x7f020227.
09-24 19:14:25.988 2041 2969 E system_server: No package ID 7f found for ID 0x7f1101c6.
09-24 19:14:25.988 2041 2969 E system_server: No package ID 7f found for ID 0x7f1101c3.
09-24 19:14:25.988 2041 2969 E system_server: No package ID 7f found for ID 0x7f1101c3.
09-24 19:14:25.990 2041 2969 E system_server: No package ID 7f found for ID 0x7f02009c.
09-24 19:14:25.990 2041 2969 E system_server: No package ID 7f found for ID 0x7f12023d.
09-24 19:14:25.990 2041 2072 W ActivityManager: Slow operation: 303ms so far, now at startProcess: done updating pids map
09-24 19:14:25.990 2041 2072 W ActivityManager: Slow operation: 182ms so far, now at startProcess: asking zygote to start proc
09-24 19:14:25.993 2720 2720 I ConfigNotification: Get device mode by ui mode:1 and smallestScreenWidthDp:411
09-24 19:14:25.996 2041 2041 W Looper : Slow delivery took 224ms main h=android.app.ActivityThread$H c=android.app.-$$Lambda$LoadedApk$ReceiverDispatcher$Args$_BumDX2UKsnxLVrE6UJsJZkotuA@d2c8fcd m=0
09-24 19:14:25.996 2041 2041 W Looper : Slow dispatch took 186ms main h=android.app.ActivityThread$H c=android.app.-$$Lambda$LoadedApk$ReceiverDispatcher$Args$_BumDX2UKsnxLVrE6UJsJZkotuA@d2c8fcd m=0
09-24 19:14:25.993 2720 2720 I chatty : uid=10130(com.google.android.inputmethod.latin) identical 1 line
09-24 19:14:25.993 2720 2720 I ConfigNotification: Get device mode by ui mode:1 and smallestScreenWidthDp:411
