09-24 19:14:24.198 1779 2390 I netd : networkAddInterface(100, "radio0") <3.01ms>
09-24 19:14:24.198 1779 2390 I netd : interfaceSetMtu("radio0", 1500) <0.21ms>
09-24 19:14:24.199 1779 2390 I netd : networkAddRoute(100, "radio0", "fe80::/64", "") <0.14ms>
09-24 19:14:24.199 1779 2390 I netd : networkAddRoute(100, "radio0", "10.0.2.0/24", "") <0.06ms>
09-24 19:14:24.199 1779 2390 I netd : networkAddRoute(100, "radio0", "fec0::/64", "") <0.06ms>
09-24 19:14:24.199 1779 2390 E Netd : Error adding route ::/0 -> fe80::2 radio0 to table 1010: File exists
09-24 19:14:24.199 1779 2390 I netd : networkAddRoute(100, "radio0", "::/0", "fe80::2") <0.09ms>
09-24 19:14:24.200 1779 2390 I netd : networkAddRoute(100, "radio0", "0.0.0.0/0", "10.0.2.2") <0.05ms>
09-24 19:14:24.200 2041 2159 D ConnectivityService: Setting DNS servers for network 100 to [/10.0.2.3]
09-24 19:14:24.200 2041 2159 D DnsManager: setDnsConfigurationForNetwork(100, [10.0.2.3], [], 1800, 25, 8, 64, 0, 0, , [10.0.2.3])
09-24 19:14:24.200 1779 2390 I netd : DnsResolverService::setResolverConfiguration(100, [10.0.2.3], [], 1800, 25, 8, 64, 0, 0, [10.0.2.3], []) -> (0) (0.04ms)
09-24 19:14:24.200 1779 2390 I netd : setResolverConfiguration() <0.07ms>
09-24 19:14:24.201 2041 2159 I chatty : uid=1000(system) ConnectivitySer expire 9 lines
09-24 19:14:24.201 2465 2465 D TelephonyProvider: subIdString = 1 subId = 1
09-24 19:14:24.201 2465 2465 D TelephonyProvider: setPreferredApnId: apn_id1:1
09-24 19:14:24.202 2465 2465 D TelephonyProvider: setPreferredApnId: explicit_set_called1:true
09-24 19:14:24.202 2465 2465 D TelephonyProvider: setPreferredApn: _id 1 subId 1
09-24 19:14:24.202 2465 2465 D TelephonyProvider: setPreferredApn: apn_set_id1:0
09-24 19:14:24.202 2465 2465 D TelephonyProvider: setPreferredApn: mnc1:260
09-24 19:14:24.202 2465 2465 D TelephonyProvider: setPreferredApn: mmsc1:http://mms.msg.eng.t-mobile.com/mms/wapenc
09-24 19:14:24.202 2465 2465 D TelephonyProvider: setPreferredApn: mmsport1:
09-24 19:14:24.202 2465 2465 D TelephonyProvider: setPreferredApn: mvno_match_data1:
09-24 19:14:24.202 2465 2465 D TelephonyProvider: setPreferredApn: numeric1:310260
09-24 19:14:24.202 2465 2465 D TelephonyProvider: setPreferredApn: owned_by1:1
09-24 19:14:24.202 2465 2465 D TelephonyProvider: setPreferredApn: mcc1:310
09-24 19:14:24.202 2465 2465 D TelephonyProvider: setPreferredApn: carrier_enabled1:1
09-24 19:14:24.202 2465 2465 D TelephonyProvider: setPreferredApn: carrier_id1:-1
09-24 19:14:24.202 2465 2465 D TelephonyProvider: setPreferredApn: proxy1:
09-24 19:14:24.202 2465 2465 D TelephonyProvider: setPreferredApn: protocol1:IP
09-24 19:14:24.202 2465 2465 D TelephonyProvider: setPreferredApn: port1:
09-24 19:14:24.202 2465 2465 D TelephonyProvider: setPreferredApn: profile_id1:0
09-24 19:14:24.202 2465 2465 D TelephonyProvider: setPreferredApn: roaming_protocol1:IP
09-24 19:14:24.202 2465 2465 D TelephonyProvider: setPreferredApn: bearer1:0
09-24 19:14:24.202 2465 2465 D TelephonyProvider: setPreferredApn: mvno_type1:
09-24 19:14:24.202 2465 2465 D TelephonyProvider: setPreferredApn: apn1:epc.tmobile.com
09-24 19:14:24.202 2465 2465 D TelephonyProvider: setPreferredApn: user_editable1:1
09-24 19:14:24.202 2465 2465 D TelephonyProvider: setPreferredApn: mmsproxy1:
09-24 19:14:24.202 2465 2465 D TelephonyProvider: setPreferredApn: version1:2686976
09-24 19:14:24.204 2839 2862 I Dialer : BlockedNumbersAutoMigrator - not attempting auto-migrate: device is locked
09-24 19:14:24.208 2839 2839 I Dialer : DialerApplication.initializeAnnotatedCallLog - framework not enabled
09-24 19:14:24.209 2839 2864 W ContextImpl: Failed to ensure /data/user/0/com.android.dialer/cache: mkdir failed: ENOENT (No such file or directory)
09-24 19:14:24.209 2839 2864 W ContextImpl: Failed to update user.inode_cache: stat failed: ENOENT (No such file or directory)
09-24 19:14:24.211 2839 2839 I Dialer : NotificationChannelManager.initChannels - doing an expensive initialization of all notification channels
09-24 19:14:24.211 2839 2839 I Dialer : NotificationChannelManager.initChannels - desired channel IDs: {phone_ongoing_call, phone_incoming_call, phone_voicemail, phone_missed_call, phone_default}
09-24 19:14:24.211 2839 2839 I Dialer : NotificationChannelManager.initChannels - existing channel IDs: {}
09-24 19:14:24.212 2465 2465 D CarrierConfigLoader: save config to xml, packagename: com.android.carrierconfig phoneId: 0
09-24 19:14:24.212 2465 2465 D CarrierConfigLoader: mHandler: 5 phoneId: 0
09-24 19:14:24.213 2465 2677 D IccSmsInterfaceManager: [IccSmsInterfaceManager] Failed to add cdma broadcast channels range 4097 to 4097
09-24 19:14:24.213 2465 2677 D IccSmsInterfaceManager: [IccSmsInterfaceManager] Calling setGsmBroadcastConfig with 1 configurations
09-24 19:14:24.216 2465 2677 D IccSmsInterfaceManager: [IccSmsInterfaceManager] Failed to add GSM cell broadcast channels range 4384 to 4385
09-24 19:14:24.218 2465 2677 D IccSmsInterfaceManager: [IccSmsInterfaceManager] Calling setGsmBroadcastConfig with 1 configurations
09-24 19:14:24.221 1779 2861 W DnsTlsSocket: SSL_connect error 5, errno=111
09-24 19:14:24.223 2839 2839 I Dialer : LegacyVoicemailNotificationReceiver.onReceive - received legacy voicemail notification
09-24 19:14:24.224 2839 2839 I Dialer : LegacyVoicemailNotificationReceiver.onReceive - isRefresh: false
09-24 19:14:24.224 2465 2465 D CarrierConfigLoader: mHandler: 16 phoneId: 0
09-24 19:14:24.225 2465 2677 D IccSmsInterfaceManager: [IccSmsInterfaceManager] Failed to add GSM cell broadcast channels range 4373 to 4378
09-24 19:14:24.225 2839 2839 I Dialer : LegacyVoicemailNotificationReceiver.onReceive - clearing notification
09-24 19:14:24.225 2839 2839 I Dialer : LegacyVoicemailNotifier.cancelNotification - enter
09-24 19:14:24.226 2465 2465 D CarrierConfigLoader: Broadcast CARRIER_CONFIG_CHANGED for phone 0
09-24 19:14:24.226 2465 2677 D IccSmsInterfaceManager: [IccSmsInterfaceManager] Calling setCdmaBroadcastConfig with 1 configurations
09-24 19:14:24.227 2465 2465 D CarrierKeyDownloadManager: Carrier Config changed: android.telephony.action.CARRIER_CONFIG_CHANGED
09-24 19:14:24.232 2041 2153 I chatty : uid=1000(system) NetworkPolicy expire 10 lines
09-24 19:14:24.236 2041 2060 I chatty : uid=1000(system) android.fg expire 2 lines
09-24 19:14:24.237 2465 2771 I CarrierInfoManager: using values for mnc, mcc: 260,310
09-24 19:14:24.240 2465 2465 I TelecomFramework: : Carrier-config changed, checking for phone account updates.
09-24 19:14:24.240 2839 2839 I Dialer : LegacyVoicemailNotificationReceiver.onReceive - received legacy voicemail notification
09-24 19:14:24.240 2839 2839 I Dialer : LegacyVoicemailNotificationReceiver.onReceive - isRefresh: true
09-24 19:14:24.240 2839 2839 I Dialer : LegacyVoicemailNotificationReceiver.onReceive - clearing notification
09-24 19:14:24.240 2839 2839 I Dialer : LegacyVoicemailNotifier.cancelNotification - enter
09-24 19:14:24.243 2839 2839 I Dialer : LegacyVoicemailNotificationReceiver.onReceive - received legacy voicemail notification
09-24 19:14:24.243 2839 2839 I Dialer : LegacyVoicemailNotificationReceiver.onReceive - isRefresh: true
09-24 19:14:24.243 2839 2839 I Dialer : LegacyVoicemailNotificationReceiver.onReceive - clearing notification
09-24 19:14:24.243 2839 2839 I Dialer : LegacyVoicemailNotifier.cancelNotification - enter
09-24 19:14:24.245 2839 2839 I Dialer : LegacyVoicemailNotificationReceiver.onReceive - received legacy voicemail notification
09-24 19:14:24.245 2839 2839 I Dialer : LegacyVoicemailNotificationReceiver.onReceive - isRefresh: true
09-24 19:14:24.245 2839 2839 I Dialer : LegacyVoicemailNotificationReceiver.onReceive - clearing notification
09-24 19:14:24.245 2839 2839 I Dialer : LegacyVoicemailNotifier.cancelNotification - enter
09-24 19:14:24.254 1779 2390 I netd : trafficSwapActiveStatsMap() <52.85ms>
09-24 19:14:24.255 1779 2390 I netd : tetherGetStats() <0.22ms>
09-24 19:14:24.256 2839 2839 I Dialer : LegacyVoicemailNotificationReceiver.onReceive - received legacy voicemail notification
09-24 19:14:24.256 2839 2839 I Dialer : LegacyVoicemailNotificationReceiver.onReceive - isRefresh: true
09-24 19:14:24.256 2839 2839 I Dialer : LegacyVoicemailNotificationReceiver.onReceive - clearing notification
09-24 19:14:24.256 2839 2839 I Dialer : LegacyVoicemailNotifier.cancelNotification - enter
09-24 19:14:24.256 2839 2839 I Dialer : LegacyVoicemailNotificationReceiver.onReceive - received legacy voicemail notification
09-24 19:14:24.256 2839 2839 I Dialer : LegacyVoicemailNotificationReceiver.onReceive - isRefresh: false
09-24 19:14:24.256 2839 2839 I Dialer : LegacyVoicemailNotificationReceiver.onReceive - clearing notification
09-24 19:14:24.256 2839 2839 I Dialer : LegacyVoicemailNotifier.cancelNotification - enter
09-24 19:14:24.257 2742 2742 D CellBroadcastReceiver: onReceive Intent { act=android.telephony.action.CARRIER_CONFIG_CHANGED flg=0x15000010 cmp=com.android.cellbroadcastreceiver/.CellBroadcastReceiver (has extras) }
09-24 19:14:24.257 2742 2742 D CellBroadcastReceiver: initializeSharedPreference
09-24 19:14:24.269 1779 2390 I netd : idletimerAddInterface("radio0", 10, "0") <7.44ms>
09-24 19:14:24.272 2041 2159 D ConnectivityService: Switching to new default network: NetworkAgentInfo{ ni{[type: MOBILE[LTE], state: CONNECTED/CONNECTED, reason: connected, extra: epc.tmobile.com, failover: false, available: true, roaming: false]} network{100} nethandle{432902426637} lp{{InterfaceName: radio0 LinkAddresses: [ fe80::6099:adff:fe57:c82f/64,10.0.2.15/24,fec0::6099:adff:fe57:c82f/64,fec0::bc21:78c7:4fab:bf03/64 ] DnsAddresses: [ /10.0.2.3 ] Domains: null MTU: 1500 TcpBufferSizes: 524288,1048576,2097152,262144,524288,1048576 Routes: [ ::/0 -> fe80::2 radio0,0.0.0.0/0 -> 10.0.2.2 radio0,fe80::/64 -> :: radio0,10.0.2.0/24 -> 0.0.0.0 radio0,fec0::/64 -> :: radio0 ]}} nc{[ Transports: CELLULAR Capabilities: MMS&SUPL&DUN&FOTA&IMS&CBS&INTERNET&NOT_RESTRICTED&TRUSTED&NOT_VPN&NOT_ROAMING&FOREGROUND&NOT_CONGESTED&NOT_SUSPENDED LinkUpBandwidth>=51200Kbps LinkDnBandwidth>=102400Kbps Specifier: <1>]} Score{10} everValidated{false} lastValidated{false} created{true} lingering{false} explicitlySelected{false} acceptUnvalidated{false} everCaptivePortalDetected{false} lastCaptivePortalDetected{false} captivePortalValidationPending{false} partialConnectivity{false} acceptPartialConnectivity{false} clat{mBaseIface: null, mIface: null, mState: IDLE} }
09-24 19:14:24.272 1779 2390 I netd : networkSetDefault(100) <0.21ms>
09-24 19:14:24.274 1779 2390 I netd : bandwidthSetInterfaceQuota("radio0", 9223372036854775807) <0.91ms>
09-24 19:14:24.275 1779 2390 I netd : bandwidthSetGlobalAlert(2097152) <0.16ms>
09-24 19:14:24.277 2465 2771 D CarrierInfoManager: No rows found for keyType: 2
09-24 19:14:24.278 2465 2465 I TelecomFramework: AccountEntry: reRegisterPstnPhoneAccount: subId: 1 - no change
09-24 19:14:24.278 1779 2390 I netd : setTcpRWmemorySize("524288 1048576 2097152", "262144 524288 1048576") <0.15ms>
09-24 19:14:24.282 2465 2465 D CarrierKeyDownloadManager: Carrier not enabled or invalid values
09-24 19:14:24.282 2465 2465 D CarrierKeyDownloadManager: Cleaning up existing renewal alarms
09-24 19:14:24.284 2465 2677 D IccSmsInterfaceManager: [IccSmsInterfaceManager] Failed to add cdma broadcast channels range 4098 to 4098
09-24 19:14:24.285 2465 2677 D IccSmsInterfaceManager: [IccSmsInterfaceManager] Calling setGsmBroadcastConfig with 1 configurations
09-24 19:14:24.285 2041 2041 I Telecom : PhoneAccountRegistrar: getSimCallManager: SimCallManager for subId 1 queried, returning: null: TSI.gSCMFU@ADg
09-24 19:14:24.286 2742 2742 D CellBroadcastReceiver: Default interval 0 did not change.
09-24 19:14:24.286 2742 2742 D CellBroadcastReceiver: Start Cell Broadcast configuration.
09-24 19:14:24.291 1780 1780 D Zygote : Forked child process 2876
09-24 19:14:24.296 2876 2876 W d.process.acor: Unexpected CPU variant for X86 using defaults: x86
09-24 19:14:24.297 2041 2063 W WindowManager: Window freeze timeout expired.
09-24 19:14:24.297 2041 2072 I ActivityManager: Start proc 2876:android.process.acore/u0a41 for content provider {com.android.providers.blockednumber/com.android.providers.blockednumber.BlockedNumberProvider}
09-24 19:14:24.297 2041 2063 W WindowManager: Force clearing orientation change: Window{84fc490 u0 NavigationBar0}
09-24 19:14:24.297 2041 2063 W WindowManager: Force clearing orientation change: Window{86331c6 u0 StatusBar}
09-24 19:14:24.300 2876 2876 E d.process.acor: Not starting debugger since process cannot load the jdwp agent.
09-24 19:14:24.309 2465 2465 D TelephonyProvider: subIdString = 1 subId = 1
09-24 19:14:24.310 2876 2876 I d.process.acor: The ClassLoaderContext is a special shared library.
09-24 19:14:24.317 2876 2876 I d.process.acor: The ClassLoaderContext is a special shared library.
09-24 19:14:24.318 2465 2465 D OtaspSimStateReceiver: Received intent: android.telephony.action.CARRIER_CONFIG_CHANGED
09-24 19:14:24.318 2465 2677 D IccSmsInterfaceManager: [IccSmsInterfaceManager] Failed to add GSM cell broadcast channels range 4386 to 4391
09-24 19:14:24.319 2465 2465 D OtaspSimStateReceiver: otasp activation not needed: no supported carrier
09-24 19:14:24.321 2465 2677 D IccSmsInterfaceManager: [IccSmsInterfaceManager] Calling setGsmBroadcastConfig with 1 configurations
09-24 19:14:24.321 2465 2465 D CallNotifier: updatePhoneStateListeners: update CF notifications.
09-24 19:14:24.321 2465 2465 I NotificationMgr: updateCfi: subId= 1, visible=N
09-24 19:14:24.322 2465 2465 I NotificationMgr: updateMwi(): subId 1 update to false
09-24 19:14:24.322 2465 2465 D MultiSimSettingController: onSubscriptionsChanged
09-24 19:14:24.322 2465 2465 D MultiSimSettingController: updateDefaults
09-24 19:14:24.322 2465 2465 D MultiSimSettingController: [updateDefaultValues] change: 0
09-24 19:14:24.322 2465 2465 I TelecomFramework: : onSubscriptionsChanged - update accounts
09-24 19:14:24.322 2465 2465 I TelecomFramework: PstnIncomingCallNotifier: Unregistering: Handler (com.android.internal.telephony.GsmCdmaPhone) {25cbaa4}
09-24 19:14:24.322 2465 2465 I TelecomFramework: TelecomAccountRegistry: setupAccounts: Found 1 phones. Attempting to register.
09-24 19:14:24.323 2465 2465 I TelecomFramework: TelecomAccountRegistry: setupAccounts: Phone with subscription id 1
09-24 19:14:24.325 2041 2120 I Telecom : PhoneAccountRegistrar: Modify account: [ComponentInfo{com.android.phone/com.android.services.telephony.TelephonyConnectionService}, ***, UserHandle{0}]: TSI.rPA@ADo
09-24 19:14:24.325 2041 2120 I Telecom : CallsManager: handlePhoneAccountChanged: phoneAccount=[[X] PhoneAccount: ComponentInfo{com.android.phone/com.android.services.telephony.TelephonyConnectionService}, ***, UserHandle{0} Capabilities: CallProvider MultiUser PlaceEmerg SimSub Audio Routes: BESW Schemes: tel voicemail Extras: Bundle[{android.telecom.extra.SUPPORTS_VIDEO_CALLING_FALLBACK=true}] GroupId: ***]: TSI.rPA@ADo
09-24 19:14:24.326 2465 2465 I TelecomFramework: AccountEntry: Registered phoneAccount: [[ ] PhoneAccount: ComponentInfo{com.android.phone/com.android.services.telephony.TelephonyConnectionService}, ***, UserHandle{0} Capabilities: CallProvider MultiUser PlaceEmerg SimSub Audio Routes: BESW Schemes: tel voicemail Extras: Bundle[{android.telecom.extra.SUPPORTS_VIDEO_CALLING_FALLBACK=true}] GroupId: ***] with handle: ComponentInfo{com.android.phone/com.android.services.telephony.TelephonyConnectionService}, ***, UserHandle{0}
09-24 19:14:24.326 2465 2465 I TelecomFramework: PstnIncomingCallNotifier: Registering: Handler (com.android.internal.telephony.GsmCdmaPhone) {25cbaa4}
09-24 19:14:24.327 2465 2465 I VvmSimStateTracker: android.telephony.action.CARRIER_CONFIG_CHANGED
09-24 19:14:24.327 2465 2465 I TelecomFramework: PstnPhoneCapabilitiesNotifier: handleVideoCapabilitesChanged. Video capability - false
09-24 19:14:24.328 2839 2839 I Dialer : LegacyVoicemailNotificationReceiver.onReceive - received legacy voicemail notification
09-24 19:14:24.328 2839 2839 I Dialer : LegacyVoicemailNotificationReceiver.onReceive - isRefresh: true
09-24 19:14:24.328 2839 2839 I Dialer : LegacyVoicemailNotificationReceiver.onReceive - clearing notification
09-24 19:14:24.328 2839 2839 I Dialer : LegacyVoicemailNotifier.cancelNotification - enter
09-24 19:14:24.333 2401 2871 D NetworkMonitor/100: PROBE_DNS www.google.com 48ms OK 216.58.209.164,2a00:1450:4026:802::2004
09-24 19:14:24.337 2401 2871 D NetworkSecurityConfig: No Network Security Config specified, using platform default
09-24 19:14:24.342 2041 2591 I Telecom : PhoneAccountRegistrar: Modify account: [ComponentInfo{com.android.phone/com.android.services.telephony.TelephonyConnectionService}, ***, UserHandle{0}]: TSI.rPA@AD0
09-24 19:14:24.343 2041 2591 I Telecom : CallsManager: handlePhoneAccountChanged: phoneAccount=[[X] PhoneAccount: ComponentInfo{com.android.phone/com.android.services.telephony.TelephonyConnectionService}, ***, UserHandle{0} Capabilities: CallProvider MultiUser PlaceEmerg SimSub Audio Routes: BESW Schemes: tel voicemail Extras: Bundle[{android.telecom.extra.SUPPORTS_VIDEO_CALLING_FALLBACK=true}] GroupId: ***]: TSI.rPA@AD0
09-24 19:14:24.343 2465 2677 D IccSmsInterfaceManager: [IccSmsInterfaceManager] Failed to add GSM cell broadcast channels range 4379 to 4379
09-24 19:14:24.344 2465 2677 D IccSmsInterfaceManager: [IccSmsInterfaceManager] Calling setCdmaBroadcastConfig with 1 configurations
09-24 19:14:24.345 2465 2677 D IccSmsInterfaceManager: [IccSmsInterfaceManager] Failed to add cdma broadcast channels range 4099 to 4099
09-24 19:14:24.345 2465 2677 D IccSmsInterfaceManager: [IccSmsInterfaceManager] Calling setGsmBroadcastConfig with 1 configurations
09-24 19:14:24.345 2465 2677 D IccSmsInterfaceManager: [IccSmsInterfaceManager] Failed to add GSM cell broadcast channels range 4392 to 4392
09-24 19:14:24.348 2465 2677 D IccSmsInterfaceManager: [IccSmsInterfaceManager] Failed to remove GSM cell broadcast channels range 4380 to 4380
09-24 19:14:24.348 2465 2677 D IccSmsInterfaceManager: [IccSmsInterfaceManager] Failed to remove cdma broadcast channels range 4100 to 4100
09-24 19:14:24.348 2465 2677 D IccSmsInterfaceManager: [IccSmsInterfaceManager] Failed to remove GSM cell broadcast channels range 4393 to 4393
09-24 19:14:24.349 2465 2677 D IccSmsInterfaceManager: [IccSmsInterfaceManager] Failed to remove GSM cell broadcast channels range 4381 to 4381
09-24 19:14:24.350 2465 2677 D IccSmsInterfaceManager: [IccSmsInterfaceManager] Failed to remove GSM cell broadcast channels range 4394 to 4394
09-24 19:14:24.351 2465 2677 D IccSmsInterfaceManager: [IccSmsInterfaceManager] Failed to remove GSM cell broadcast channels range 4382 to 4382
09-24 19:14:24.351 2465 2677 D IccSmsInterfaceManager: [IccSmsInterfaceManager] Failed to remove GSM cell broadcast channels range 4395 to 4395
09-24 19:14:24.353 2465 2677 D IccSmsInterfaceManager: [IccSmsInterfaceManager] Calling setGsmBroadcastConfig with 1 configurations
09-24 19:14:24.356 1779 2390 I netd : trafficSwapActiveStatsMap() <62.80ms>
09-24 19:14:24.357 1779 2390 I netd : tetherGetStats() <0.33ms>
09-24 19:14:24.359 2465 2677 D IccSmsInterfaceManager: [IccSmsInterfaceManager] Failed to add GSM cell broadcast channels range 4352 to 4354
09-24 19:14:24.359 2041 2440 I chatty : uid=1000(system) NetworkTimeUpda expire 2 lines
09-24 19:14:24.360 2041 2159 D ConnectivityService: Sending CONNECTED broadcast for type 0 NetworkAgentInfo [MOBILE (LTE) - 100] isDefaultNetwork=true
09-24 19:14:24.362 2465 2677 D IccSmsInterfaceManager: [IccSmsInterfaceManager] Calling setGsmBroadcastConfig with 1 configurations
09-24 19:14:24.362 2401 2872 D NetworkMonitor/100: PROBE_DNS connectivitycheck.gstatic.com 79ms OK 216.58.210.163,2a00:1450:4026:808::2003
09-24 19:14:24.363 2465 2669 W ConnectivityManager.CallbackHandler: callback not found for CALLBACK_PRECHECK message
09-24 19:14:24.363 2465 2677 D IccSmsInterfaceManager: [IccSmsInterfaceManager] Failed to add GSM cell broadcast channels range 4356 to 4356
09-24 19:14:24.364 2041 2041 I SyncManager: Loaded persisted syncs: 0 periodic syncs, 0 oneshot syncs, 9 total system server jobs, JobStats: FirstLoad: 0/0/0 LastSave: -1/-1/-1
09-24 19:14:24.370 2041 2159 D ConnectivityService: releasing NetworkRequest [ TRACK_DEFAULT id=15, [ Capabilities: INTERNET&NOT_RESTRICTED&TRUSTED Uid: 1001] ] (release request)
09-24 19:14:24.370 2041 2159 D ConnectivityService: NetworkAgentInfo [MOBILE (LTE) - 100] EVENT_NETWORK_INFO_CHANGED, going from CONNECTED to CONNECTED
09-24 19:14:24.371 2041 2152 I chatty : uid=1000(system) NetworkStats expire 2 lines
09-24 19:14:24.372 1779 2390 I netd : bandwidthRemoveInterfaceQuota("radio0") <0.84ms>
09-24 19:14:24.373 2465 2677 D IccSmsInterfaceManager: [IccSmsInterfaceManager] Failed to remove GSM cell broadcast channels range 4355 to 4355
09-24 19:14:24.377 2465 2677 D IccSmsInterfaceManager: [IccSmsInterfaceManager] Calling setGsmBroadcastConfig with 1 configurations
09-24 19:14:24.380 1779 2390 I netd : bandwidthSetInterfaceQuota("radio0", 9223372036854775807) <6.50ms>
09-24 19:14:24.380 2465 2677 D IccSmsInterfaceManager: [IccSmsInterfaceManager] Failed to add GSM cell broadcast channels range 4396 to 4396
09-24 19:14:24.381 2465 2677 D IccSmsInterfaceManager: [IccSmsInterfaceManager] Calling setGsmBroadcastConfig with 1 configurations
09-24 19:14:24.383 2465 2677 D IccSmsInterfaceManager: [IccSmsInterfaceManager] Failed to add GSM cell broadcast channels range 4397 to 4397
09-24 19:14:24.383 2224 2445 I OpenGLRenderer: Davey! duration=1267ms; Flags=0, IntendedVsync=14709448270, Vsync=15326114912, OldestInputEvent=9223372036854775807, NewestInputEvent=0, HandleInputStart=15342554796, AnimationStart=15342570365, PerformTraversalsStart=15343115558, DrawStart=15473508443, SyncQueued=15569800039, SyncStart=15573703906, IssueDrawCommandsStart=15573959579, SwapBuffers=15892550903, FrameCompleted=15980990704, DequeueBufferDuration=84000, QueueBufferDuration=2009000,
09-24 19:14:24.391 2465 2677 D IccSmsInterfaceManager: [IccSmsInterfaceManager] Failed to remove GSM cell broadcast channels range 4398 to 4398
09-24 19:14:24.391 2465 2677 D IccSmsInterfaceManager: [IccSmsInterfaceManager] Failed to remove GSM cell broadcast channels range 4399 to 4399
09-24 19:14:24.394 2742 2807 D CellBroadcastConfigService: Enable CellBroadcast on sub 1
09-24 19:14:24.398 2465 2483 D IccSmsInterfaceManager: [IccSmsInterfaceManager] Calling setGsmBroadcastConfig with 1 configurations
09-24 19:14:24.399 2465 2483 D IccSmsInterfaceManager: [IccSmsInterfaceManager] Failed to add GSM cell broadcast channels range 4370 to 4370
09-24 19:14:24.400 2465 2483 D IccSmsInterfaceManager: [IccSmsInterfaceManager] Calling setCdmaBroadcastConfig with 1 configurations
09-24 19:14:24.401 2465 2483 D IccSmsInterfaceManager: [IccSmsInterfaceManager] Failed to add cdma broadcast channels range 4096 to 4096
09-24 19:14:24.401 2465 2483 D IccSmsInterfaceManager: [IccSmsInterfaceManager] Calling setGsmBroadcastConfig with 1 configurations
09-24 19:14:24.402 2465 2483 D IccSmsInterfaceManager: [IccSmsInterfaceManager] Failed to add GSM cell broadcast channels range 4383 to 4383
09-24 19:14:24.405 2224 2448 E AsyncSensorManager: Registering com.android.systemui.classifier.brightline.BrightLineFalsingManager$1@dd9cf6d for {Sensor name="Goldfish Proximity sensor", vendor="The Android Open Source Project", version=1, type=8, maxRange=1.0, resolution=1.0, power=20.0, minDelay=10000} failed.
09-24 19:14:24.419 2465 2483 D IccSmsInterfaceManager: [IccSmsInterfaceManager] Calling setGsmBroadcastConfig with 1 configurations
09-24 19:14:24.421 2465 2483 D IccSmsInterfaceManager: [IccSmsInterfaceManager] Failed to add GSM cell broadcast channels range 4371 to 4372
09-24 19:14:24.422 2465 2483 D IccSmsInterfaceManager: [IccSmsInterfaceManager] Calling setCdmaBroadcastConfig with 1 configurations
09-24 19:14:24.423 2465 2483 D IccSmsInterfaceManager: [IccSmsInterfaceManager] Failed to add cdma broadcast channels range 4097 to 4097
09-24 19:14:24.423 2465 2483 D IccSmsInterfaceManager: [IccSmsInterfaceManager] Calling setGsmBroadcastConfig with 1 configurations
09-24 19:14:24.424 2465 2483 D IccSmsInterfaceManager: [IccSmsInterfaceManager] Failed to add GSM cell broadcast channels range 4384 to 4385
09-24 19:14:24.428 2465 2483 D IccSmsInterfaceManager: [IccSmsInterfaceManager] Calling setGsmBroadcastConfig with 1 configurations
09-24 19:14:24.441 1779 1779 I netd : trafficSwapActiveStatsMap() <69.86ms>
09-24 19:14:24.442 2465 2483 D IccSmsInterfaceManager: [IccSmsInterfaceManager] Failed to add GSM cell broadcast channels range 4373 to 4378
09-24 19:14:24.444 2465 2483 D IccSmsInterfaceManager: [IccSmsInterfaceManager] Calling setCdmaBroadcastConfig with 1 configurations
09-24 19:14:24.444 1779 1779 I netd : tetherGetStats() <0.42ms>
09-24 19:14:24.444 2465 2483 D IccSmsInterfaceManager: [IccSmsInterfaceManager] Failed to add cdma broadcast channels range 4098 to 4098
09-24 19:14:24.445 2465 2483 D IccSmsInterfaceManager: [IccSmsInterfaceManager] Calling setGsmBroadcastConfig with 1 configurations
09-24 19:14:24.446 2465 2483 D IccSmsInterfaceManager: [IccSmsInterfaceManager] Failed to add GSM cell broadcast channels range 4386 to 4391
09-24 19:14:24.448 2465 2483 D IccSmsInterfaceManager: [IccSmsInterfaceManager] Calling setGsmBroadcastConfig with 1 configurations
09-24 19:14:24.449 1779 1779 I netd : bandwidthSetGlobalAlert(2097152) <0.07ms>
09-24 19:14:24.452 2465 2483 D IccSmsInterfaceManager: [IccSmsInterfaceManager] Failed to add GSM cell broadcast channels range 4379 to 4379
09-24 19:14:24.453 2465 2483 D IccSmsInterfaceManager: [IccSmsInterfaceManager] Calling setCdmaBroadcastConfig with 1 configurations
09-24 19:14:24.454 2465 2483 D IccSmsInterfaceManager: [IccSmsInterfaceManager] Failed to add cdma broadcast channels range 4099 to 4099
09-24 19:14:24.454 1779 1779 I netd : bandwidthRemoveInterfaceQuota("radio0") <1.30ms>
09-24 19:14:24.455 2465 2483 D IccSmsInterfaceManager: [IccSmsInterfaceManager] Calling setGsmBroadcastConfig with 1 configurations
09-24 19:14:24.455 1779 1779 I netd : bandwidthSetInterfaceQuota("radio0", 9223372036854775807) <0.42ms>
09-24 19:14:24.455 2465 2483 D IccSmsInterfaceManager: [IccSmsInterfaceManager] Failed to add GSM cell broadcast channels range 4392 to 4392
09-24 19:14:24.455 1779 1779 I netd : bandwidthSetGlobalAlert(2097152) <0.05ms>
09-24 19:14:24.458 2465 2769 D IccSmsInterfaceManager: [IccSmsInterfaceManager] Failed to remove GSM cell broadcast channels range 4380 to 4380
09-24 19:14:24.458 2465 2483 D IccSmsInterfaceManager: [IccSmsInterfaceManager] Failed to remove cdma broadcast channels range 4100 to 4100
09-24 19:14:24.458 2465 2483 D IccSmsInterfaceManager: [IccSmsInterfaceManager] Failed to remove GSM cell broadcast channels range 4393 to 4393
09-24 19:14:24.458 1779 1779 I netd : bandwidthRemoveInterfaceQuota("radio0") <0.61ms>
09-24 19:14:24.459 1779 1779 I netd : bandwidthSetInterfaceQuota("radio0", 9223372036854775807) <0.49ms>
09-24 19:14:24.459 2465 2483 D IccSmsInterfaceManager: [IccSmsInterfaceManager] Failed to remove GSM cell broadcast channels range 4381 to 4381
09-24 19:14:24.459 2465 2483 D IccSmsInterfaceManager: [IccSmsInterfaceManager] Failed to remove GSM cell broadcast channels range 4394 to 4394
09-24 19:14:24.459 1779 1779 I netd : bandwidthSetGlobalAlert(2097152) <0.05ms>
09-24 19:14:24.460 2465 2769 D IccSmsInterfaceManager: [IccSmsInterfaceManager] Failed to remove GSM cell broadcast channels range 4382 to 4382
09-24 19:14:24.462 2465 2769 D IccSmsInterfaceManager: [IccSmsInterfaceManager] Failed to remove GSM cell broadcast channels range 4395 to 4395
09-24 19:14:24.464 2465 2769 D IccSmsInterfaceManager: [IccSmsInterfaceManager] Calling setGsmBroadcastConfig with 1 configurations
09-24 19:14:24.467 2465 2769 D IccSmsInterfaceManager: [IccSmsInterfaceManager] Failed to add GSM cell broadcast channels range 4352 to 4354
09-24 19:14:24.471 2401 2872 D NetworkMonitor/100: PROBE_HTTP http://connectivitycheck.gstatic.com/generate_204 time=103ms ret=204 request={Connection=[close], User-Agent=[Mozilla/5.0 (X11; Linux x86_64) AppleWebKit/537.36 (KHTML, like Gecko) Chrome/60.0.3112.32 Safari/537.36]} headers={null=[HTTP/1.1 204 No Content], Connection=[close], Content-Length=[0], Cross-Origin-Resource-Policy=[cross-origin], Date=[Tue, 24 Sep 2024 16:14:24 GMT], X-Android-Received-Millis=[1727194464470], X-Android-Response-Source=[NETWORK 204], X-Android-Selected-Protocol=[http/1.1], X-Android-Sent-Millis=[1727194464453]}
09-24 19:14:24.475 2465 2769 D IccSmsInterfaceManager: [IccSmsInterfaceManager] Calling setGsmBroadcastConfig with 1 configurations
09-24 19:14:24.476 2465 2769 D IccSmsInterfaceManager: [IccSmsInterfaceManager] Failed to add GSM cell broadcast channels range 4356 to 4356
09-24 19:14:24.476 2041 2071 W BroadcastQueue: Background execution not allowed: receiving Intent { act=android.intent.action.USER_PRESENT flg=0x24200010 } to com.google.android.gms/.chimera.GmsIntentOperationService$PersistentTrustedReceiver
09-24 19:14:24.477 2401 2871 D NetworkMonitor/100: PROBE_HTTPS https://www.google.com/generate_204 time=139ms ret=204 request={Connection=[close], User-Agent=[Mozilla/5.0 (X11; Linux x86_64) AppleWebKit/537.36 (KHTML, like Gecko) Chrome/60.0.3112.32 Safari/537.36]} headers={null=[HTTP/1.1 204 No Content], Alt-Svc=[h3=":443"; ma=2592000,h3-29=":443"; ma=2592000], Connection=[close], Content-Length=[0], Cross-Origin-Resource-Policy=[cross-origin], Date=[Tue, 24 Sep 2024 16:14:24 GMT], X-Android-Received-Millis=[1727194464475], X-Android-Response-Source=[NETWORK 204], X-Android-Selected-Protocol=[http/1.1], X-Android-Sent-Millis=[1727194464456]}
09-24 19:14:24.477 2224 2224 E StatusBarSignalPolicy: Unexpected subscription 1
09-24 19:14:24.478 2465 2769 D IccSmsInterfaceManager: [IccSmsInterfaceManager] Failed to remove GSM cell broadcast channels range 4355 to 4355
09-24 19:14:24.483 2465 2769 D IccSmsInterfaceManager: [IccSmsInterfaceManager] Calling setGsmBroadcastConfig with 1 configurations
09-24 19:14:24.483 2041 2071 W BroadcastQueue: Background execution not allowed: receiving Intent { act=android.net.conn.NETWORK_CONDITIONS_MEASURED flg=0x10 (has extras) } to com.google.android.gms/.chimera.GmsIntentOperationService$PersistentTrustedReceiver
09-24 19:14:24.484 2401 2870 D NetworkMonitor/100: isCaptivePortal: isSuccessful()=true isPortal()=false RedirectUrl=null isPartialConnectivity()=false Time=194ms
09-24 19:14:24.484 2465 2769 D IccSmsInterfaceManager: [IccSmsInterfaceManager] Failed to add GSM cell broadcast channels range 4396 to 4396
09-24 19:14:24.484 2041 2159 D ConnectivityService: NetworkAgentInfo [MOBILE (LTE) - 100] validation passed
09-24 19:14:24.485 2041 2159 D ConnectivityService: Setting DNS servers for network 100 to [/10.0.2.3]
09-24 19:14:24.485 2041 2159 D DnsManager: setDnsConfigurationForNetwork(100, [10.0.2.3], [], 1800, 25, 8, 64, 0, 0, , [10.0.2.3])
09-24 19:14:24.485 1779 1779 I netd : DnsResolverService::setResolverConfiguration(100, [10.0.2.3], [], 1800, 25, 8, 64, 0, 0, [10.0.2.3], []) -> (0) (0.1ms)
09-24 19:14:24.485 1779 1779 I netd : setResolverConfiguration() <0.18ms>
09-24 19:14:24.486 1779 2903 W DnsTlsSocket: SSL_connect error 5, errno=111
09-24 19:14:24.487 2224 2224 V KeyguardUpdateMonitor: onSubscriptionInfoChanged()
09-24 19:14:24.487 2224 2224 V KeyguardUpdateMonitor: SubInfo:{id=1, iccId=890141032[****] simSlotIndex=0 carrierId=1 displayName=T-Mobile carrierName=Android nameSource=3 iconTint=-16746133 mNumber=[****] dataRoaming=0 iconBitmap=android.graphics.Bitmap@777510d mcc 310 mnc 260mCountryIso=us isEmbedded false accessRules null cardString=890141032[****] cardId=-1 isOpportunistic false mGroupUUID=null mIsGroupDisabled=false profileClass=-1 ehplmns = null hplmns = null subscriptionType=0 mGroupOwner=null}
09-24 19:14:24.487 2465 2771 D IccSmsInterfaceManager: [IccSmsInterfaceManager] Calling setGsmBroadcastConfig with 1 configurations
09-24 19:14:24.488 2224 2224 D KeyguardViewMediator: onSimStateChanged(subId=1, slotId=0,state=READY)
09-24 19:14:24.488 2224 2224 D KeyguardViewMediator: READY, reset state? false
09-24 19:14:24.488 2224 2224 V KeyguardUpdateMonitor: onSubscriptionInfoChanged()
09-24 19:14:24.488 2465 2771 D IccSmsInterfaceManager: [IccSmsInterfaceManager] Failed to add GSM cell broadcast channels range 4397 to 4397
09-24 19:14:24.489 2224 2224 V KeyguardUpdateMonitor: SubInfo:{id=1, iccId=890141032[****] simSlotIndex=0 carrierId=1 displayName=T-Mobile carrierName=Android nameSource=3 iconTint=-16746133 mNumber=[****] dataRoaming=0 iconBitmap=android.graphics.Bitmap@58da8c2 mcc 310 mnc 260mCountryIso=us isEmbedded false accessRules null cardString=890141032[****] cardId=-1 isOpportunistic false mGroupUUID=null mIsGroupDisabled=false profileClass=-1 ehplmns = null hplmns = null subscriptionType=0 mGroupOwner=null}
09-24 19:14:24.490 2224 2224 W KeyguardUpdateMonitor: invalid subId in handleServiceStateChange()
09-24 19:14:24.490 2224 2224 V KeyguardUpdateMonitor: action android.intent.action.SIM_STATE_CHANGED state: LOADED slotId: 0 subid: 1
09-24 19:14:24.490 2224 2224 D KeyguardUpdateMonitor: handleSimStateChange(subId=-1, slotId=0, state=READY)
09-24 19:14:24.490 2224 2224 W KeyguardUpdateMonitor: invalid subId in handleSimStateChange()
09-24 19:14:24.491 2465 2771 D IccSmsInterfaceManager: [IccSmsInterfaceManager] Failed to remove GSM cell broadcast channels range 4398 to 4398
09-24 19:14:24.491 2465 2771 D IccSmsInterfaceManager: [IccSmsInterfaceManager] Failed to remove GSM cell broadcast channels range 4399 to 4399
09-24 19:14:24.491 2224 2224 I Choreographer: Skipped 44 frames! The application may be doing too much work on its main thread.
09-24 19:14:24.494 2742 2807 D CellBroadcastConfigService: Enable CellBroadcast on sub 1
09-24 19:14:24.496 2465 2771 D IccSmsInterfaceManager: [IccSmsInterfaceManager] Calling setGsmBroadcastConfig with 1 configurations
09-24 19:14:24.497 2465 2771 D IccSmsInterfaceManager: [IccSmsInterfaceManager] Failed to add GSM cell broadcast channels range 4370 to 4370
09-24 19:14:24.497 2465 2771 D IccSmsInterfaceManager: [IccSmsInterfaceManager] Calling setCdmaBroadcastConfig with 1 configurations
09-24 19:14:24.498 2465 2771 D IccSmsInterfaceManager: [IccSmsInterfaceManager] Failed to add cdma broadcast channels range 4096 to 4096
09-24 19:14:24.498 2465 2771 D IccSmsInterfaceManager: [IccSmsInterfaceManager] Calling setGsmBroadcastConfig with 1 configurations
09-24 19:14:24.499 2465 2771 D IccSmsInterfaceManager: [IccSmsInterfaceManager] Failed to add GSM cell broadcast channels range 4383 to 4383
09-24 19:14:24.501 2465 2771 D IccSmsInterfaceManager: [IccSmsInterfaceManager] Calling setGsmBroadcastConfig with 1 configurations
09-24 19:14:24.502 2465 2771 D IccSmsInterfaceManager: [IccSmsInterfaceManager] Failed to add GSM cell broadcast channels range 4371 to 4372
09-24 19:14:24.502 2465 2771 D IccSmsInterfaceManager: [IccSmsInterfaceManager] Calling setCdmaBroadcastConfig with 1 configurations
09-24 19:14:24.503 2465 2771 D IccSmsInterfaceManager: [IccSmsInterfaceManager] Failed to add cdma broadcast channels range 4097 to 4097
09-24 19:14:24.503 2465 2771 D IccSmsInterfaceManager: [IccSmsInterfaceManager] Calling setGsmBroadcastConfig with 1 configurations
09-24 19:14:24.503 2465 2771 D IccSmsInterfaceManager: [IccSmsInterfaceManager] Failed to add GSM cell broadcast channels range 4384 to 4385
09-24 19:14:24.505 2465 2771 D IccSmsInterfaceManager: [IccSmsInterfaceManager] Calling setGsmBroadcastConfig with 1 configurations
09-24 19:14:24.506 2465 2771 D IccSmsInterfaceManager: [IccSmsInterfaceManager] Failed to add GSM cell broadcast channels range 4373 to 4378
09-24 19:14:24.507 2465 2771 D IccSmsInterfaceManager: [IccSmsInterfaceManager] Calling setCdmaBroadcastConfig with 1 configurations
09-24 19:14:24.508 2465 2771 D IccSmsInterfaceManager: [IccSmsInterfaceManager] Failed to add cdma broadcast channels range 4098 to 4098
09-24 19:14:24.509 2465 2771 D IccSmsInterfaceManager: [IccSmsInterfaceManager] Calling setGsmBroadcastConfig with 1 configurations
09-24 19:14:24.509 2465 2771 D IccSmsInterfaceManager: [IccSmsInterfaceManager] Failed to add GSM cell broadcast channels range 4386 to 4391
09-24 19:14:24.511 2465 2771 D IccSmsInterfaceManager: [IccSmsInterfaceManager] Calling setGsmBroadcastConfig with 1 configurations
09-24 19:14:24.512 2465 2771 D IccSmsInterfaceManager: [IccSmsInterfaceManager] Failed to add GSM cell broadcast channels range 4379 to 4379
09-24 19:14:24.512 2465 2771 D IccSmsInterfaceManager: [IccSmsInterfaceManager] Calling setCdmaBroadcastConfig with 1 configurations
09-24 19:14:24.512 2224 2445 D EGL_emulation: eglMakeCurrent: 0xe3e1aba0: ver 3 0 (tinfo 0xe3e0f6e0)
09-24 19:14:24.513 2465 2771 D IccSmsInterfaceManager: [IccSmsInterfaceManager] Failed to add cdma broadcast channels range 4099 to 4099
09-24 19:14:24.513 2465 2677 D IccSmsInterfaceManager: [IccSmsInterfaceManager] Calling setGsmBroadcastConfig with 1 configurations
09-24 19:14:24.514 2465 2677 D IccSmsInterfaceManager: [IccSmsInterfaceManager] Failed to add GSM cell broadcast channels range 4392 to 4392
09-24 19:14:24.516 2465 2677 D IccSmsInterfaceManager: [IccSmsInterfaceManager] Failed to remove GSM cell broadcast channels range 4380 to 4380
09-24 19:14:24.517 2465 2677 D IccSmsInterfaceManager: [IccSmsInterfaceManager] Failed to remove cdma broadcast channels range 4100 to 4100
09-24 19:14:24.517 2465 2677 D IccSmsInterfaceManager: [IccSmsInterfaceManager] Failed to remove GSM cell broadcast channels range 4393 to 4393
09-24 19:14:24.519 2465 2677 D IccSmsInterfaceManager: [IccSmsInterfaceManager] Failed to remove GSM cell broadcast channels range 4381 to 4381
09-24 19:14:24.519 2465 2677 D IccSmsInterfaceManager: [IccSmsInterfaceManager] Failed to remove GSM cell broadcast channels range 4394 to 4394
09-24 19:14:24.520 2465 2677 D IccSmsInterfaceManager: [IccSmsInterfaceManager] Failed to remove GSM cell broadcast channels range 4382 to 4382
09-24 19:14:24.521 2465 2677 D IccSmsInterfaceManager: [IccSmsInterfaceManager] Failed to remove GSM cell broadcast channels range 4395 to 4395
09-24 19:14:24.523 2465 2677 D IccSmsInterfaceManager: [IccSmsInterfaceManager] Calling setGsmBroadcastConfig with 1 configurations
09-24 19:14:24.524 2465 2677 D IccSmsInterfaceManager: [IccSmsInterfaceManager] Failed to add GSM cell broadcast channels range 4352 to 4354
09-24 19:14:24.524 2465 2677 D IccSmsInterfaceManager: [IccSmsInterfaceManager] Calling setGsmBroadcastConfig with 1 configurations
09-24 19:14:24.525 2465 2677 D IccSmsInterfaceManager: [IccSmsInterfaceManager] Failed to add GSM cell broadcast channels range 4356 to 4356
09-24 19:14:24.526 2465 2677 D IccSmsInterfaceManager: [IccSmsInterfaceManager] Failed to remove GSM cell broadcast channels range 4355 to 4355
09-24 19:14:24.528 2465 2677 D IccSmsInterfaceManager: [IccSmsInterfaceManager] Calling setGsmBroadcastConfig with 1 configurations
09-24 19:14:24.529 2465 2677 D IccSmsInterfaceManager: [IccSmsInterfaceManager] Failed to add GSM cell broadcast channels range 4396 to 4396
09-24 19:14:24.530 2465 2677 D IccSmsInterfaceManager: [IccSmsInterfaceManager] Calling setGsmBroadcastConfig with 1 configurations
09-24 19:14:24.531 2465 2677 D IccSmsInterfaceManager: [IccSmsInterfaceManager] Failed to add GSM cell broadcast channels range 4397 to 4397
09-24 19:14:24.532 2465 2677 D IccSmsInterfaceManager: [IccSmsInterfaceManager] Failed to remove GSM cell broadcast channels range 4398 to 4398
09-24 19:14:24.533 2465 2677 D IccSmsInterfaceManager: [IccSmsInterfaceManager] Failed to remove GSM cell broadcast channels range 4399 to 4399
09-24 19:14:24.619 2224 2445 I OpenGLRenderer: Davey! duration=862ms; Flags=0, IntendedVsync=15353783170, Vsync=16087116474, OldestInputEvent=9223372036854775807, NewestInputEvent=0, HandleInputStart=16089425516, AnimationStart=16089451433, PerformTraversalsStart=16090284731, DrawStart=16110080091, SyncQueued=16110508778, SyncStart=16110957792, IssueDrawCommandsStart=16111199219, SwapBuffers=16209212008, FrameCompleted=16217019470, DequeueBufferDuration=47000, QueueBufferDuration=289000,
09-24 19:14:24.634 2224 2445 D EGL_emulation: eglMakeCurrent: 0xe3e1aba0: ver 3 0 (tinfo 0xe3e0f6e0)
09-24 19:14:24.639 2224 2445 I OpenGLRenderer: Davey! duration=871ms; Flags=1, IntendedVsync=15353783170, Vsync=16087116474, OldestInputEvent=9223372036854775807, NewestInputEvent=0, HandleInputStart=16089425516, AnimationStart=16089451433, PerformTraversalsStart=16090284731, DrawStart=16219841036, SyncQueued=16220185147, SyncStart=16232322068, IssueDrawCommandsStart=16232381215, SwapBuffers=16233047523, FrameCompleted=16237006630, DequeueBufferDuration=23000, QueueBufferDuration=75000,
09-24 19:14:24.648 2224 2224 V KeyguardUpdateMonitor: onSubscriptionInfoChanged()
09-24 19:14:24.650 2224 2224 V KeyguardUpdateMonitor: SubInfo:{id=1, iccId=890141032[****] simSlotIndex=0 carrierId=1 displayName=T-Mobile carrierName=Android nameSource=3 iconTint=-16746133 mNumber=[****] dataRoaming=0 iconBitmap=android.graphics.Bitmap@1cdd9a5 mcc 310 mnc 260mCountryIso=us isEmbedded false accessRules null cardString=890141032[****] cardId=-1 isOpportunistic false mGroupUUID=null mIsGroupDisabled=false profileClass=-1 ehplmns = null hplmns = null subscriptionType=0 mGroupOwner=null}
09-24 19:14:24.651 2224 2224 W KeyguardUpdateMonitor: invalid subId in handleServiceStateChange()
09-24 19:14:24.663 1796 2449 E GnssHAL_GnssInterface: gnssSvStatusCb: a: input svInfo.flags is 8
09-24 19:14:24.663 1796 2449 E GnssHAL_GnssInterface: gnssSvStatusCb: b: input svInfo.flags is 8
09-24 19:14:24.664 1956 1956 D BootAnimation: BootAnimationStopTiming start time: 16262ms
09-24 19:14:24.666 2224 2224 V KeyguardUpdateMonitor: onSubscriptionInfoChanged()
09-24 19:14:24.666 2224 2224 V KeyguardUpdateMonitor: SubInfo:{id=1, iccId=890141032[****] simSlotIndex=0 carrierId=1 displayName=T-Mobile carrierName=Android nameSource=3 iconTint=-16746133 mNumber=[****] dataRoaming=0 iconBitmap=android.graphics.Bitmap@eeb52cd mcc 310 mnc 260mCountryIso=us isEmbedded false accessRules null cardString=890141032[****] cardId=-1 isOpportunistic false mGroupUUID=null mIsGroupDisabled=false profileClass=-1 ehplmns = null hplmns = null subscriptionType=0 mGroupOwner=null}
09-24 19:14:24.676 2224 2224 V KeyguardUpdateMonitor: onSubscriptionInfoChanged()
09-24 19:14:24.676 2224 2224 V KeyguardUpdateMonitor: SubInfo:{id=1, iccId=890141032[****] simSlotIndex=0 carrierId=1 displayName=T-Mobile carrierName=Android nameSource=3 iconTint=-16746133 mNumber=[****] dataRoaming=0 iconBitmap=android.graphics.Bitmap@4e5388a mcc 310 mnc 260mCountryIso=us isEmbedded false accessRules null cardString=890141032[****] cardId=-1 isOpportunistic false mGroupUUID=null mIsGroupDisabled=false profileClass=-1 ehplmns = null hplmns = null subscriptionType=0 mGroupOwner=null}
09-24 19:14:24.677 2224 2224 V KeyguardUpdateMonitor: onSubscriptionInfoChanged()
09-24 19:14:24.677 2224 2224 V KeyguardUpdateMonitor: SubInfo:{id=1, iccId=890141032[****] simSlotIndex=0 carrierId=1 displayName=T-Mobile carrierName=Android nameSource=3 iconTint=-16746133 mNumber=[****] dataRoaming=0 iconBitmap=android.graphics.Bitmap@18f4efb mcc 310 mnc 260mCountryIso=us isEmbedded false accessRules null cardString=890141032[****] cardId=-1 isOpportunistic false mGroupUUID=null mIsGroupDisabled=false profileClass=-1 ehplmns = null hplmns = null subscriptionType=0 mGroupOwner=null}
09-24 19:14:24.677 2224 2224 V KeyguardUpdateMonitor: onSubscriptionInfoChanged()
09-24 19:14:24.678 2224 2224 V KeyguardUpdateMonitor: SubInfo:{id=1, iccId=890141032[****] simSlotIndex=0 carrierId=1 displayName=T-Mobile carrierName=Android nameSource=3 iconTint=-16746133 mNumber=[****] dataRoaming=0 iconBitmap=android.graphics.Bitmap@5374b18 mcc 310 mnc 260mCountryIso=us isEmbedded false accessRules null cardString=890141032[****] cardId=-1 isOpportunistic false mGroupUUID=null mIsGroupDisabled=false profileClass=-1 ehplmns = null hplmns = null subscriptionType=0 mGroupOwner=null}
09-24 19:14:24.678 2224 2224 V KeyguardUpdateMonitor: onSubscriptionInfoChanged()
09-24 19:14:24.678 2224 2224 V KeyguardUpdateMonitor: SubInfo:{id=1, iccId=890141032[****] simSlotIndex=0 carrierId=1 displayName=T-Mobile carrierName=Android nameSource=3 iconTint=-16746133 mNumber=[****] dataRoaming=0 iconBitmap=android.graphics.Bitmap@dfc7971 mcc 310 mnc 260mCountryIso=us isEmbedded false accessRules null cardString=890141032[****] cardId=-1 isOpportunistic false mGroupUUID=null mIsGroupDisabled=false profileClass=-1 ehplmns = null hplmns = null subscriptionType=0 mGroupOwner=null}
09-24 19:14:24.678 2224 2224 V KeyguardUpdateMonitor: onSubscriptionInfoChanged()
09-24 19:14:24.678 2224 2224 V KeyguardUpdateMonitor: SubInfo:{id=1, iccId=890141032[****] simSlotIndex=0 carrierId=1 displayName=T-Mobile carrierName=Android nameSource=3 iconTint=-16746133 mNumber=[****] dataRoaming=0 iconBitmap=android.graphics.Bitmap@fe65356 mcc 310 mnc 260mCountryIso=us isEmbedded false accessRules null cardString=890141032[****] cardId=-1 isOpportunistic false mGroupUUID=null mIsGroupDisabled=false profileClass=-1 ehplmns = null hplmns = null subscriptionType=0 mGroupOwner=null}
09-24 19:14:24.679 2224 2224 D KeyguardUpdateMonitor: handleSimStateChange(subId=1, slotId=0, state=READY)
09-24 19:14:24.680 2041 2063 I WindowManager: ******* TELLING SURFACE FLINGER WE ARE BOOTED!
09-24 19:14:24.680 1813 2145 I SurfaceFlinger: Boot is finished (9400 ms)
09-24 19:14:24.681 1797 1935 D gralloc_ranchu: gralloc_alloc: Creating ashmem region of size 28672
09-24 19:14:24.682 2041 2063 I SystemServiceManager: Starting phase 1000
09-24 19:14:24.711 2041 2041 V SettingsProvider: Notifying for 0: content://settings/global/low_power
09-24 19:14:24.720 2041 2079 V DisplayPowerController: Brightness [102] reason changing to: 'manual', previous reason: 'override'.
09-24 19:14:24.721 2041 2063 D TestHarnessModeService: Completing Test Harness Mode setup.
09-24 19:14:24.721 2041 2063 D TestHarnessModeService: Getting PersistentDataBlockManagerInternal from LocalServices
09-24 19:14:24.722 2041 2063 E TestHarnessModeService: Failed to start Test Harness Mode; no implementation of PersistentDataBlockManagerInternal was bound!
09-24 19:14:24.722 2041 2144 D StorageManagerService: Thinking about init, mBootCompleted=true, mDaemonConnected=true
09-24 19:14:24.722 2041 2144 D StorageManagerService: Thinking about reset, mBootCompleted=true, mDaemonConnected=true
09-24 19:14:24.715 1797 1935 I chatty : uid=1000(system) HwBinder:1797_2 identical 4 lines
09-24 19:14:24.716 1797 1935 D gralloc_ranchu: gralloc_alloc: Creating ashmem region of size 28672
09-24 19:14:24.722 2041 2063 I chatty : uid=1000(system) android.display expire 21 lines
09-24 19:14:24.723 2041 2071 I ActivityManager: Force stopping com.android.providers.media appid=10046 user=-1: vold reset
09-24 19:14:24.725 2041 2120 V StorageManagerService: Found primary storage at VolumeInfo{emulated}:
09-24 19:14:24.725 2041 2120 V StorageManagerService: type=EMULATED diskId=null partGuid= mountFlags=0 mountUserId=-10000
09-24 19:14:24.725 2041 2120 V StorageManagerService: state=UNMOUNTED
09-24 19:14:24.725 2041 2120 V StorageManagerService: fsType=null fsUuid=null fsLabel=null
09-24 19:14:24.725 2041 2120 V StorageManagerService: path=null internalPath=null
09-24 19:14:24.726 2041 2060 I UsbDeviceManager: Setting USB config to mtp
09-24 19:14:24.732 1817 2098 I adbd : UsbFfs: connection terminated: read 0 failed with error Cannot send after transport endpoint shutdown
09-24 19:14:24.734 2224 2445 D EGL_emulation: eglMakeCurrent: 0xe3e1aba0: ver 3 0 (tinfo 0xe3e0f6e0)
09-24 19:14:24.734 1817 1817 I adbd : UsbFfs: already offline
09-24 19:14:24.734 1817 1817 I adbd : destroying transport UsbFfs
09-24 19:14:24.734 1817 1817 I adbd : UsbFfsConnection being destroyed
09-24 19:14:24.740 1829 1829 I keystore: del USRPKEY_WifiConfigStore.xml.encrypted-checksum.data-integrity-checker-key 1000
09-24 19:14:24.741 1829 1829 I keystore: del USRSKEY_WifiConfigStore.xml.encrypted-checksum.data-integrity-checker-key 1000
09-24 19:14:24.741 1829 1829 I keystore: del USRCERT_WifiConfigStore.xml.encrypted-checksum.data-integrity-checker-key 1000
09-24 19:14:24.741 1829 1829 I keystore: del CACERT_WifiConfigStore.xml.encrypted-checksum.data-integrity-checker-key 1000
09-24 19:14:24.750 2224 2224 V KeyguardUpdateMonitor: onSubscriptionInfoChanged()
09-24 19:14:24.751 2224 2224 V KeyguardUpdateMonitor: SubInfo:{id=1, iccId=890141032[****] simSlotIndex=0 carrierId=1 displayName=T-Mobile carrierName=Android nameSource=3 iconTint=-16746133 mNumber=[****] dataRoaming=0 iconBitmap=android.graphics.Bitmap@c4ee2 mcc 310 mnc 260mCountryIso=us isEmbedded false accessRules null cardString=890141032[****] cardId=-1 isOpportunistic false mGroupUUID=null mIsGroupDisabled=false profileClass=-1 ehplmns = null hplmns = null subscriptionType=0 mGroupOwner=null}
09-24 19:14:24.752 2224 2224 V KeyguardUpdateMonitor: onSubscriptionInfoChanged()
09-24 19:14:24.752 2224 2224 V KeyguardUpdateMonitor: SubInfo:{id=1, iccId=890141032[****] simSlotIndex=0 carrierId=1 displayName=T-Mobile carrierName=Android nameSource=3 iconTint=-16746133 mNumber=[****] dataRoaming=0 iconBitmap=android.graphics.Bitmap@a12a273 mcc 310 mnc 260mCountryIso=us isEmbedded false accessRules null cardString=890141032[****] cardId=-1 isOpportunistic false mGroupUUID=null mIsGroupDisabled=false profileClass=-1 ehplmns = null hplmns = null subscriptionType=0 mGroupOwner=null}
09-24 19:14:24.757 2224 2224 V KeyguardUpdateMonitor: onSubscriptionInfoChanged()
