09-24 19:14:34.482 4581 4656 D eglCodecCommon: allocate: Ask for block of size 0x1000
09-24 19:14:34.482 4581 4656 D eglCodecCommon: allocate: ioctl allocate returned offset 0x3ff60b000 size 0x2000
09-24 19:14:34.483 1797 1935 D gralloc_ranchu: gralloc_alloc: Creating ashmem region of size 10371072
09-24 19:14:34.484 1797 1935 D gralloc_ranchu: gralloc_alloc: Creating ashmem region of size 10371072
09-24 19:14:34.496 4581 4656 D EGL_emulation: eglMakeCurrent: 0xe3e1a0c0: ver 3 0 (tinfo 0xe3e0f330)
09-24 19:14:34.498 4581 4656 D eglCodecCommon: setVertexArrayObject: set vao to 0 (0) 1 0
09-24 19:14:34.498 2518 4669 I SystemUpdate: [Installation,ReceiverIntentOperation] Received intent: Intent { act=android.intent.action.USER_PRESENT flg=0x24200010 cmp=com.google.android.gms/.chimera.GmsIntentOperationService }.
09-24 19:14:34.501 2201 4171 I NetRec : [123] alff.a: Refreshing scores for 1 networks.
09-24 19:14:34.518 2201 4594 W Places : ?: Failed to download inference model weights PlacesServer
09-24 19:14:34.518 2201 4594 W Places : com.android.volley.ClientError
09-24 19:14:34.518 2201 4594 W Places : at com.android.volley.toolbox.BasicNetwork.performRequest(:com.google.android.gms@17786022@17.7.86 (040700-256199907):58)
09-24 19:14:34.518 2201 4594 W Places : at sjj.performRequest(:com.google.android.gms@17786022@17.7.86 (040700-256199907):13)
09-24 19:14:34.518 2201 4594 W Places : at com.android.volley.NetworkDispatcher.a(:com.google.android.gms@17786022@17.7.86 (040700-256199907):7)
09-24 19:14:34.518 2201 4594 W Places : at com.android.volley.NetworkDispatcher.run(:com.google.android.gms@17786022@17.7.86 (040700-256199907):2)
09-24 19:14:34.518 2201 4594 W PlaceInferenceEngine: Failed to download model weights. Status code: 7
09-24 19:14:34.518 2201 3337 I Places : ?: Couldn't find platform key file.
09-24 19:14:34.519 2201 3337 I Places : ?: Couldn't find platform key file.
09-24 19:14:34.531 2201 4594 I PlaceInferenceEngine: Too few candidate results: percentageOfMissingArea 100
09-24 19:14:34.532 2518 3789 E native : score-accumulator.cc:249 No scoring data for corpus [1]
09-24 19:14:34.534 2201 2704 I Places : ?: Couldn't find platform key file.
09-24 19:14:34.541 4759 4759 I CarrierServices: [2] CarrierServicesReleaseApp.a: Initializing CarrierServices application.
09-24 19:14:34.545 4759 4759 I CarrierServices: [2] aze.a: Initializing Carrier Services Library.
09-24 19:14:34.556 2201 2704 I Places : ?: Couldn't find platform key file.
09-24 19:14:34.558 2201 3337 I Places : ?: Couldn't find platform key file.
09-24 19:14:34.566 3816 4027 I droid.apps.doc: The ClassLoaderContext is a special shared library.
09-24 19:14:34.571 2518 4695 I SystemUpdate: [Execution,InstallationEventIntentOperation] Handling event of type 1.
09-24 19:14:34.582 2518 3860 I Icing : Indexing done com.google.android.gms-sms
09-24 19:14:34.607 4759 4759 I CarrierServices: [2] aze.b: Initializing Carrier Services Logging.
09-24 19:14:34.616 2518 4634 W Conscrypt: Could not set socket write timeout: java.net.SocketException: Socket closed
09-24 19:14:34.616 2518 4779 I FA-SVC : App measurement is starting up, version: 17786
09-24 19:14:34.622 4759 4759 I czg : LogSaver new instance with filename: carrier_services
09-24 19:14:34.626 4759 4759 I CarrierServices: [2] aze.b: Initializing Carrier Services Logging.
09-24 19:14:34.626 4759 4759 D CarrierServices: log_saver already enabled
09-24 19:14:34.626 4759 4759 I CarrierServices: [2] cum.c: Checking if using CarrierServices.apk is possible. Enabled: true, isAtLeastM: true, runningInsideBugle: false
09-24 19:14:34.627 4759 4759 I CarrierServices: [2] bxe.a: Using AndroidNetworkFactory
09-24 19:14:34.632 4701 4701 W Primes : Primes not initialized, returning default (no-op) Primes instance which will ignore all calls. Please call Primes.initialize(...) before using any Primes API.
09-24 19:14:34.639 2518 4634 W Conscrypt: at com.google.android.gms.org.conscrypt.Platform.setSocketWriteTimeout(:com.google.android.gms@17786022@17.7.86 (040700-256199907):2)
09-24 19:14:34.640 2201 4414 E Volley : [161] BasicNetwork.performRequest: Unexpected response code 429 for https://www.googleapis.com/placesandroid/v1/getPlaceInferenceModels?key=AIzaSyAP-gfH3qvi6vgHZbSYwQ_XHqV_mXHhzIk
09-24 19:14:34.647 2518 4634 W Conscrypt: at com.google.android.gms.org.conscrypt.ConscryptFileDescriptorSocket.setSoWriteTimeout(:com.google.android.gms@17786022@17.7.86 (040700-256199907):2)
09-24 19:14:34.649 2201 4594 W Places : ?: Failed to download placeinfos
09-24 19:14:34.649 2201 4594 W Places : com.android.volley.ClientError
09-24 19:14:34.649 2201 4594 W Places : at com.android.volley.toolbox.BasicNetwork.performRequest(:com.google.android.gms@17786022@17.7.86 (040700-256199907):58)
09-24 19:14:34.649 2201 4594 W Places : at sjj.performRequest(:com.google.android.gms@17786022@17.7.86 (040700-256199907):13)
09-24 19:14:34.649 2201 4594 W Places : at com.android.volley.NetworkDispatcher.a(:com.google.android.gms@17786022@17.7.86 (040700-256199907):7)
09-24 19:14:34.649 2201 4594 W Places : at com.android.volley.NetworkDispatcher.run(:com.google.android.gms@17786022@17.7.86 (040700-256199907):2)
09-24 19:14:34.650 2201 2704 I Places : ?: Couldn't find platform key file.
09-24 19:14:34.650 4759 4808 I Bugle : GServicesValues:
09-24 19:14:34.650 4759 4808 I Bugle : No bugle gservices keys/values
09-24 19:14:34.654 2041 3439 D ConnectivityService: requestNetwork for uid/pid:10089/4759 NetworkRequest [ TRACK_DEFAULT id=22, [ Capabilities: INTERNET&NOT_RESTRICTED&TRUSTED Uid: 10089] ]
09-24 19:14:34.654 2041 2156 D WifiNetworkFactory: got request NetworkRequest [ TRACK_DEFAULT id=22, [ Capabilities: INTERNET&NOT_RESTRICTED&TRUSTED Uid: 10089] ] with score 60 and serial -1
09-24 19:14:34.654 2041 2156 D UntrustedWifiNetworkFactory: got request NetworkRequest [ TRACK_DEFAULT id=22, [ Capabilities: INTERNET&NOT_RESTRICTED&TRUSTED Uid: 10089] ] with score 60 and serial -1
09-24 19:14:34.655 2465 2465 D PhoneSwitcherNetworkRequstListener: got request NetworkRequest [ TRACK_DEFAULT id=22, [ Capabilities: INTERNET&NOT_RESTRICTED&TRUSTED Uid: 10089] ] with score 60 and serial -1
09-24 19:14:34.658 4759 4812 I CarrierServices: [299] but.d: Connected state: [1], networkType: [WIFI]
09-24 19:14:34.658 4759 4759 I CarrierServices: [2] cum.e: Carrier Services GServices flags:
09-24 19:14:34.658 4759 4759 I CarrierServices: ====================
09-24 19:14:34.659 4759 4812 I CarrierServices: [299] but.d: Connected state: [1], networkType: [WIFI]
09-24 19:14:34.661 2201 4416 W Conscrypt: Could not set socket write timeout: java.net.SocketException: Socket closed
09-24 19:14:34.661 2201 4416 W Conscrypt: at com.google.android.gms.org.conscrypt.Platform.setSocketWriteTimeout(:com.google.android.gms@17786022@17.7.86 (040700-256199907):2)
09-24 19:14:34.661 2201 4416 W Conscrypt: at com.google.android.gms.org.conscrypt.ConscryptFileDescriptorSocket.setSoWriteTimeout(:com.google.android.gms@17786022@17.7.86 (040700-256199907):2)
09-24 19:14:34.663 2518 4695 I SystemUpdate: [Execution,InstallationEventIntentOperation] Handling event of type 11.
09-24 19:14:34.664 1796 2449 E GnssHAL_GnssInterface: gnssSvStatusCb: a: input svInfo.flags is 8
09-24 19:14:34.664 1796 2449 E GnssHAL_GnssInterface: gnssSvStatusCb: b: input svInfo.flags is 8
09-24 19:14:34.671 4759 4759 I CarrierServices: [2] cpr.a: Initializing SimStateTracker
09-24 19:14:34.676 2518 3860 I Icing : Indexing com.google.android.gms-apps from com.google.android.gms
09-24 19:14:34.682 2518 4584 I PeopleContactsSync: triggerPendingContactsCleanup: no accounts
09-24 19:14:34.710 3948 4773 E YouTube : Failed to fetch offline library browse
09-24 19:14:34.710 3948 4773 E YouTube : aahl: java.util.concurrent.ExecutionException: xpy: Precondition check failed.
09-24 19:14:34.710 3948 4773 E YouTube : at aajf.a(SourceFile:25)
09-24 19:14:34.710 3948 4773 E YouTube : at dys.a(SourceFile:11)
09-24 19:14:34.710 3948 4773 E YouTube : at wsr.a(SourceFile:7)
09-24 19:14:34.710 3948 4773 E YouTube : at com.google.android.libraries.youtube.common.gcm.YouTubeGcmTaskService.a(SourceFile:18)
09-24 19:14:34.710 3948 4773 E YouTube : at com.google.android.libraries.youtube.common.gcore.gcoreclient.gcm.impl.GcmTaskServiceDelegator.a(SourceFile:11)
09-24 19:14:34.710 3948 4773 E YouTube : at qbk.run(SourceFile:18)
09-24 19:14:34.710 3948 4773 E YouTube : at java.util.concurrent.ThreadPoolExecutor.runWorker(ThreadPoolExecutor.java:1167)
09-24 19:14:34.710 3948 4773 E YouTube : at java.util.concurrent.ThreadPoolExecutor$Worker.run(ThreadPoolExecutor.java:641)
09-24 19:14:34.710 3948 4773 E YouTube : at java.lang.Thread.run(Thread.java:919)
09-24 19:14:34.710 3948 4773 E YouTube : Caused by: java.util.concurrent.ExecutionException: xpy: Precondition check failed.
09-24 19:14:34.710 3948 4773 E YouTube : at anki.b(SourceFile:105)
09-24 19:14:34.710 3948 4773 E YouTube : at anki.get(SourceFile:92)
09-24 19:14:34.710 3948 4773 E YouTube : at aajf.a(SourceFile:24)
09-24 19:14:34.710 3948 4773 E YouTube : ... 8 more
09-24 19:14:34.710 3948 4773 E YouTube : Caused by: xpy: Precondition check failed.
09-24 19:14:34.710 3948 4773 E YouTube : at aagf.a(SourceFile:7)
09-24 19:14:34.710 3948 4773 E YouTube : at xft.a(SourceFile:136)
09-24 19:14:34.710 3948 4773 E YouTube : at xft.a(SourceFile:169)
09-24 19:14:34.710 3948 4773 E YouTube : at xew.run(Unknown Source:1)
09-24 19:14:34.710 3948 4773 E YouTube : at java.util.concurrent.ThreadPoolExecutor.runWorker(ThreadPoolExecutor.java:1167)
09-24 19:14:34.710 3948 4773 E YouTube : at java.util.concurrent.ThreadPoolExecutor$Worker.run(ThreadPoolExecutor.java:641)
09-24 19:14:34.710 3948 4773 E YouTube : at wvf.run(SourceFile:12)
09-24 19:14:34.710 3948 4773 E YouTube : ... 1 more
09-24 19:14:34.710 3948 4773 E YouTube : Caused by: boa
09-24 19:14:34.710 3948 4773 E YouTube : at xft.a(SourceFile:166)
09-24 19:14:34.710 3948 4773 E YouTube : ... 5 more
09-24 19:14:34.715 3345 3548 I BlobLobber: Canceling downloads: []
09-24 19:14:34.718 3345 3345 I BgTaskExecutorImpl: Starting EXCLUSIVE background task BLOBLOBBER_SYNC.
09-24 19:14:34.719 2518 2948 I PeopleInitIntentOp: Not initializing debuggability
09-24 19:14:34.739 3345 3548 W OCCCListener: Offline cache key mask config data should be cleared
09-24 19:14:34.754 4759 4759 W PrimesInit: Primes instant initialization
09-24 19:14:34.754 2041 3277 I ActivityManager: Killing 3075:com.android.documentsui/u0a49 (adj 985): empty #17
09-24 19:14:34.755 3345 3589 I ModelDownloadListener: Schdedule model download
09-24 19:14:34.757 3345 3525 I HotwordHelper: hasHotwordEverywhere-true
09-24 19:14:34.759 4759 4835 W Primes : background initialization
09-24 19:14:34.761 2201 4416 W Conscrypt: Could not set socket write timeout: java.net.SocketException: Socket closed
09-24 19:14:34.761 2201 4416 W Conscrypt: at com.google.android.gms.org.conscrypt.Platform.setSocketWriteTimeout(:com.google.android.gms@17786022@17.7.86 (040700-256199907):2)
09-24 19:14:34.761 2201 4416 W Conscrypt: at com.google.android.gms.org.conscrypt.ConscryptFileDescriptorSocket.setSoWriteTimeout(:com.google.android.gms@17786022@17.7.86 (040700-256199907):2)
09-24 19:14:34.762 2971 2971 I HwDetectorWithState: #performNextHotwordAction action: 3
09-24 19:14:34.763 3345 3345 I BgTaskExecutorImpl: Starting EXCLUSIVE background task UPDATE_HOTWORD_MODELS.
09-24 19:14:34.764 4759 4759 I CarrierServices: [2] CarrierServicesReleaseApp.a: Primes set up successful
09-24 19:14:34.770 3345 3463 W SessionLifecycleManager: Client : AttachedClient[14713192774109802, ClientConfig[mFlags=[40000088001] mSuggestFlags=[0] mClientId=HOTWORD_SERVICE mSessionType=search publicSearchServiceCallerUid=-1]] has no associated SessionController
09-24 19:14:34.771 2518 2524 W gle.android.gm: Long wait of 28.753ms for Thread[7,tid=3642,Suspended,Thread*=0xc962f000,peer=0x136c1218,"highpool[0]"] suspension!
09-24 19:14:34.777 4759 4759 W RcsProvisioning: Failed to read configuration: /data/user/0/com.google.android.ims/files/hvconfig: open failed: ENOENT (No such file or directory)
09-24 19:14:34.777 4759 4759 W RcsProvisioning: java.io.FileNotFoundException: /data/user/0/com.google.android.ims/files/hvconfig: open failed: ENOENT (No such file or directory)
09-24 19:14:34.777 4759 4759 W RcsProvisioning: at libcore.io.IoBridge.open(IoBridge.java:496)
09-24 19:14:34.777 4759 4759 W RcsProvisioning: at java.io.FileInputStream.(FileInputStream.java:159)
09-24 19:14:34.777 4759 4759 W RcsProvisioning: at android.app.ContextImpl.openFileInput(ContextImpl.java:600)
09-24 19:14:34.777 4759 4759 W RcsProvisioning: at android.content.ContextWrapper.openFileInput(ContextWrapper.java:206)
09-24 19:14:34.777 4759 4759 W RcsProvisioning: at cyr.a(SourceFile:2)
09-24 19:14:34.777 4759 4759 W RcsProvisioning: at chf.a(SourceFile:7)
09-24 19:14:34.777 4759 4759 W RcsProvisioning: at chg.a(SourceFile:8)
09-24 19:14:34.777 4759 4759 W RcsProvisioning: at cgi.(SourceFile:9)
09-24 19:14:34.777 4759 4759 W RcsProvisioning: at cgt.(SourceFile:9)
09-24 19:14:34.777 4759 4759 W RcsProvisioning: at com.google.android.ims.CarrierServicesReleaseApp.a(SourceFile:137)
09-24 19:14:34.777 4759 4759 W RcsProvisioning: at com.google.android.ims.CarrierServicesReleaseApp.onCreate(SourceFile:9)
09-24 19:14:34.777 4759 4759 W RcsProvisioning: at android.app.Instrumentation.callApplicationOnCreate(Instrumentation.java:1182)
09-24 19:14:34.777 4759 4759 W RcsProvisioning: at android.app.ActivityThread.handleBindApplication(ActivityThread.java:6460)
09-24 19:14:34.777 4759 4759 W RcsProvisioning: at android.app.ActivityThread.access$1300(ActivityThread.java:219)
09-24 19:14:34.777 4759 4759 W RcsProvisioning: at android.app.ActivityThread$H.handleMessage(ActivityThread.java:1859)
09-24 19:14:34.777 4759 4759 W RcsProvisioning: at android.os.Handler.dispatchMessage(Handler.java:107)
09-24 19:14:34.777 4759 4759 W RcsProvisioning: at android.os.Looper.loop(Looper.java:214)
09-24 19:14:34.777 4759 4759 W RcsProvisioning: at android.app.ActivityThread.main(ActivityThread.java:7356)
09-24 19:14:34.777 4759 4759 W RcsProvisioning: at java.lang.reflect.Method.invoke(Native Method)
09-24 19:14:34.777 4759 4759 W RcsProvisioning: at com.android.internal.os.RuntimeInit$MethodAndArgsCaller.run(RuntimeInit.java:492)
09-24 19:14:34.777 4759 4759 W RcsProvisioning: at com.android.internal.os.ZygoteInit.main(ZygoteInit.java:930)
09-24 19:14:34.777 4759 4759 W RcsProvisioning: Caused by: android.system.ErrnoException: open failed: ENOENT (No such file or directory)
09-24 19:14:34.777 4759 4759 W RcsProvisioning: at libcore.io.Linux.open(Native Method)
09-24 19:14:34.777 4759 4759 W RcsProvisioning: at libcore.io.ForwardingOs.open(ForwardingOs.java:167)
09-24 19:14:34.777 4759 4759 W RcsProvisioning: at libcore.io.BlockGuardOs.open(BlockGuardOs.java:252)
09-24 19:14:34.777 4759 4759 W RcsProvisioning: at libcore.io.ForwardingOs.open(ForwardingOs.java:167)
09-24 19:14:34.777 4759 4759 W RcsProvisioning: at android.app.ActivityThread$AndroidOs.open(ActivityThread.java:7255)
09-24 19:14:34.777 4759 4759 W RcsProvisioning: at libcore.io.IoBridge.open(IoBridge.java:482)
09-24 19:14:34.777 4759 4759 W RcsProvisioning: ... 20 more
09-24 19:14:34.781 4759 4838 E CarrierServices: [305] ctw.b: Generating local SSL certificate due to failure in loading keystore file...: /data/user/0/com.google.android.ims/files/msrp.bks: open failed: ENOENT (No such file or directory)
09-24 19:14:34.781 4759 4838 E CarrierServices: libcore.io.IoBridge.open(IoBridge.java:496)
09-24 19:14:34.781 4759 4838 E CarrierServices: java.io.FileInputStream.(FileInputStream.java:159)
09-24 19:14:34.781 4759 4838 E CarrierServices: android.app.ContextImpl.openFileInput(ContextImpl.java:600)
09-24 19:14:34.781 4759 4838 E CarrierServices: android.content.ContextWrapper.openFileInput(ContextWrapper.java:206)
09-24 19:14:34.781 4759 4838 E CarrierServices: ctv.a(SourceFile:89)
09-24 19:14:34.781 4759 4838 E CarrierServices: ctw.b(SourceFile:8)
09-24 19:14:34.781 4759 4838 E CarrierServices: ctx.run(SourceFile:2)
09-24 19:14:34.781 4759 4838 E CarrierServices: java.lang.Thread.run(Thread.java:919)
09-24 19:14:34.810 4759 4835 I PrimesTesting: GserviceFlagsSupplier.get()
09-24 19:14:34.815 2041 2120 I ActivityManager: Killing 3244:com.android.externalstorage/u0a56 (adj 985): empty #17
09-24 19:14:34.825 1780 1780 D Zygote : Forked child process 4851
09-24 19:14:34.826 2041 2072 I ActivityManager: Start proc 4851:com.android.camera2/u0a116 for broadcast {com.android.camera2/com.android.camera.DisableCameraReceiver}
09-24 19:14:34.827 2518 4721 I ChromeSync: [Persistence,AffiliationManager] Fetching affiliations from the server.
09-24 19:14:34.829 3345 3584 I ModelDownloadController: requestHotwordModelUpdate modelType-OK_HEY_GOOGLE modelLocale-en-US
09-24 19:14:34.844 2518 2518 I gle.android.gm: Waiting for a blocking GC ClassLinker
09-24 19:14:34.845 1829 1829 I keystore: del USRPKEY_unstable.c7202ece89390c490b1b94d5b71225e1.317455377590436519 10098
09-24 19:14:34.845 1829 1829 I keystore: del USRSKEY_unstable.c7202ece89390c490b1b94d5b71225e1.317455377590436519 10098
09-24 19:14:34.845 1829 1829 I keystore: del USRCERT_unstable.c7202ece89390c490b1b94d5b71225e1.317455377590436519 10098
09-24 19:14:34.845 1829 1829 I keystore: del CACERT_unstable.c7202ece89390c490b1b94d5b71225e1.317455377590436519 10098
09-24 19:14:34.847 4851 4851 W android.camera: Unexpected CPU variant for X86 using defaults: x86
09-24 19:14:34.849 3345 3584 I ModelDownloadController: #requestHotwordModelDownload
09-24 19:14:34.853 2201 3918 I aohg : Scheduling Phenotype for a PhenotypeSyncImmediately(6, com.google.android.calendar) one off with window [1, 2] in seconds [CONTEXT service_id=51 ]
09-24 19:14:34.855 4851 4851 E android.camera: Not starting debugger since process cannot load the jdwp agent.
09-24 19:14:34.858 4759 4857 W PersistStorage: unknown key
09-24 19:14:34.862 1829 4859 D DropBoxManager: About to call service->add()
09-24 19:14:34.863 2041 3280 I DropBoxManagerService: add tag=keymaster isTagEnabled=true flags=0x0
09-24 19:14:34.863 1829 4859 D DropBoxManager: service->add returned No error
09-24 19:14:34.866 2518 3642 I CheckinResponseProcess: From server: 1514 gservices [full]
09-24 19:14:34.875 3345 3584 I ModelDownloadController: Generating model download request
09-24 19:14:34.875 4851 4851 D ApplicationLoaders: Returning zygote-cached class loader: /system/framework/android.hidl.base-V1.0-java.jar
09-24 19:14:34.875 4851 4851 D ApplicationLoaders: Returning zygote-cached class loader: /system/framework/android.hidl.manager-V1.0-java.jar
09-24 19:14:34.875 4851 4851 D ApplicationLoaders: Returning zygote-cached class loader: /system/framework/android.hidl.base-V1.0-java.jar
09-24 19:14:34.876 4851 4851 I android.camera: The ClassLoaderContext is a special shared library.
09-24 19:14:34.878 2518 4634 W Conscrypt: Could not set socket write timeout: java.net.SocketException: Socket closed
09-24 19:14:34.878 2518 4634 W Conscrypt: at com.google.android.gms.org.conscrypt.Platform.setSocketWriteTimeout(:com.google.android.gms@17786022@17.7.86 (040700-256199907):2)
09-24 19:14:34.878 2518 4634 W Conscrypt: at com.google.android.gms.org.conscrypt.ConscryptFileDescriptorSocket.setSoWriteTimeout(:com.google.android.gms@17786022@17.7.86 (040700-256199907):2)
09-24 19:14:34.881 4851 4851 I android.camera: The ClassLoaderContext is a special shared library.
09-24 19:14:34.882 1829 1829 I keystore: del USRPKEY_unstable.c7202ece89390c490b1b94d5b71225e1.317455377590436519 10098
09-24 19:14:34.882 1829 1829 I keystore: del USRCERT_unstable.c7202ece89390c490b1b94d5b71225e1.317455377590436519 10098
09-24 19:14:34.882 1829 1829 I keystore: del CACERT_unstable.c7202ece89390c490b1b94d5b71225e1.317455377590436519 10098
09-24 19:14:34.888 2518 4632 W Conscrypt: Could not set socket write timeout: java.net.SocketException: Socket closed
09-24 19:14:34.890 4759 4759 I CarrierServices: [2] CarrierServicesReleaseApp.a: Initializing MMTel
09-24 19:14:34.892 1780 1780 I Zygote : Process 3075 exited due to signal 9 (Killed)
09-24 19:14:34.892 4759 4759 I CarrierServices: [2] cyc.a: CarrierServices.apk is not sim call manager. Not enabling MMTel.
09-24 19:14:34.892 4759 4759 I CarrierServices: [2] ProvisioningService.a: Should not enable MMTel. Not scheduling provisioning.
09-24 19:14:34.895 4759 4759 I CarrierServices: [2] bqa.a: Migration binding to RcsMigrationService
09-24 19:14:34.899 2518 4632 W Conscrypt: at com.google.android.gms.org.conscrypt.Platform.setSocketWriteTimeout(:com.google.android.gms@17786022@17.7.86 (040700-256199907):2)
09-24 19:14:34.899 2518 4632 W Conscrypt: at com.google.android.gms.org.conscrypt.ConscryptFileDescriptorSocket.setSoWriteTimeout(:com.google.android.gms@17786022@17.7.86 (040700-256199907):2)
09-24 19:14:34.899 1780 1780 D Zygote : Forked child process 4879
09-24 19:14:34.907 2041 2072 I ActivityManager: Start proc 4879:com.google.android.apps.messaging/u0a122 for service {com.google.android.apps.messaging/com.google.android.apps.messaging.rcsmigration.RcsMigrationService}
09-24 19:14:34.910 2201 4416 E Volley : [163] BasicNetwork.performRequest: Unexpected response code 404 for https://mobilenetworkscoring-pa.googleapis.com/v1/GetWifiQuality?key=AIzaSyBrlVtd67QvwS_Wz0Do4ZIdOeA6ThtVczU
09-24 19:14:34.918 2201 4171 I NetRec : [123] alff.b: Will retry failed rapid_refresh_scores_task task as standard refresh.
09-24 19:14:34.920 4759 4759 I CarrierServices: [2] bew.a: Clearing indexes: [] from call history.
09-24 19:14:34.921 4759 4794 I CarrierServices: [294] CarrierServicesReleaseApp.a: Initialized already, return.
09-24 19:14:34.921 1780 1780 I Zygote : Process 3244 exited due to signal 9 (Killed)
09-24 19:14:34.923 4759 4759 I CarrierServices: [2] VoiceService.onCreate: onCreate: starting service
09-24 19:14:34.926 4879 4879 W .apps.messagin: Unexpected CPU variant for X86 using defaults: x86
09-24 19:14:34.927 3345 3589 I EngineIdGenerator: Refusing EXCLUSIVE task INTERNAL_PERIODIC_TASK_SYNC, it is already pending. Try again in 352 seconds.
09-24 19:14:34.928 4759 4808 I CarrierServices: [297] cpr.c: Processing an intent
09-24 19:14:34.929 4759 4808 I CarrierServices: [297] cpr.c: SIM state LOADED
09-24 19:14:34.932 2041 2073 I libprocessgroup: Successfully killed process cgroup uid 10049 pid 3075 in 177ms
09-24 19:14:34.932 2041 2073 I libprocessgroup: Successfully killed process cgroup uid 10056 pid 3244 in 0ms
09-24 19:14:34.934 3345 3345 I BgTaskExecutorImpl: Starting EXCLUSIVE background task FETCH_OPT_IN_STATUSES.
09-24 19:14:34.941 2518 2532 I gle.android.gm: Background young concurrent copying GC freed 42546(3355KB) AllocSpace objects, 30(1520KB) LOS objects, 12% free, 10004KB/11MB, paused 6.185ms total 239.211ms
09-24 19:14:34.941 2518 2518 I gle.android.gm: WaitForGcToComplete blocked ClassLinker on HeapTrim for 97.657ms
09-24 19:14:34.944 3345 3475 E PlaceStateUpdater: Received no places
09-24 19:14:34.945 4879 4879 E .apps.messagin: Not starting debugger since process cannot load the jdwp agent.
09-24 19:14:34.953 4759 4889 I CarrierServices: [314] cti.handleMessage: VoiceService triggered, starting call engine due to: app_start
09-24 19:14:34.953 2518 3479 I CastDatabase: Opening the database
09-24 19:14:34.956 4851 4851 I CAM_Profiler: [ 46.226ms][ui] GUARD: FirstRunDetector getTimeOfFirstRun - [37.181ms] preferences.edit()
09-24 19:14:34.956 4851 4851 I CAM_Profiler: [ 46.327ms][ui] GUARD: FirstRunDetector getTimeOfFirstRun - STOP
09-24 19:14:34.956 4851 4851 I CAM_Profiler: [ 46.635ms][ui] GUARD: CameraApp onCreate() - [46.635ms] initializeTimeOfFirstRun
09-24 19:14:34.957 4851 4851 I CAM_Profiler: [ 46.993ms][ui] GUARD: CameraApp onCreate() - STOP
09-24 19:14:34.957 4851 4851 I CAM_DisableCamRcver: number of camera: 2
09-24 19:14:34.959 2041 2203 I ActivityManager: Killing 3169:com.google.android.apps.restore/u0a61 (adj 985): empty #17
09-24 19:14:34.949 2201 4171 W NetRec : [123] alff.a: Unexpected exception com.android.volley.ClientError while waiting for score updates (com.android.volley.ClientError). Returning 2.
09-24 19:14:34.964 1780 1780 D Zygote : Forked child process 4906
09-24 19:14:34.965 4879 4879 D ApplicationLoaders: Returning zygote-cached class loader: /system/framework/android.hidl.base-V1.0-java.jar
09-24 19:14:34.965 4879 4879 D ApplicationLoaders: Returning zygote-cached class loader: /system/framework/android.hidl.manager-V1.0-java.jar
09-24 19:14:34.965 4879 4879 D ApplicationLoaders: Returning zygote-cached class loader: /system/framework/android.hidl.base-V1.0-java.jar
09-24 19:14:34.965 3345 3589 I OpaEligibilityChecker: send OpaEligibilityChange broadcast to CommonBroadcastReceiver
09-24 19:14:34.966 4879 4879 I .apps.messagin: The ClassLoaderContext is a special shared library.
09-24 19:14:34.969 2041 2072 I ActivityManager: Start proc 4906:com.android.contacts/u0a99 for broadcast {com.android.contacts/com.android.contacts.interactions.OnBootOrUpgradeReceiver}
09-24 19:14:34.970 4759 4889 I CarrierServices: [314] azy.: (MMTel): : IMS module has been created
09-24 19:14:34.981 4581 4581 I Choreographer: Skipped 34 frames! The application may be doing too much work on its main thread.
09-24 19:14:34.997 4879 4879 I .apps.messagin: The ClassLoaderContext is a special shared library.
09-24 19:14:34.998 4581 4688 W libqtquickview_x86.so: No interface with className org/qtproject/qt/android/QtAccessibilityInterface has been registered.
09-24 19:14:34.998 3188 4896 D DownloadManager: [1] Starting
09-24 19:14:35.009 2041 2068 I ActivityTaskManager: Displayed com.example.qtquickview_java/.MainActivity: +1s795ms
09-24 19:14:35.011 4906 4906 W ndroid.contact: Unexpected CPU variant for X86 using defaults: x86
09-24 19:14:35.030 4759 4889 I CarrierServices: [314] ben.e: Using ScoreNetworkSelector as network selector
09-24 19:14:35.034 4906 4906 E ndroid.contact: Not starting debugger since process cannot load the jdwp agent.
09-24 19:14:35.063 2201 4171 I NetRec : [123] NetRecChimeraGcmTaskService.a: Still entries pending update, scheduling new rapid_refresh_scores_task refresh.
09-24 19:14:35.066 4906 4906 D ApplicationLoaders: Returning zygote-cached class loader: /system/framework/android.hidl.base-V1.0-java.jar
09-24 19:14:35.066 4906 4906 D ApplicationLoaders: Returning zygote-cached class loader: /system/framework/android.hidl.manager-V1.0-java.jar
09-24 19:14:35.066 4906 4906 D ApplicationLoaders: Returning zygote-cached class loader: /system/framework/android.hidl.base-V1.0-java.jar
09-24 19:14:35.086 4906 4906 I ndroid.contact: The ClassLoaderContext is a special shared library.
09-24 19:14:35.088 3345 3505 I PBSessionCacheImpl: Deleted sessionId[85991421429] from persistence.
09-24 19:14:35.096 3345 3475 I GsaConfigFlagsSyncer: Flag sync successful.
09-24 19:14:35.103 2201 4171 I NetRec : [123] NetRecChimeraGcmTaskService.a: Completed rapid_refresh_scores_task score refresh task in 711 ms, returning 2
09-24 19:14:35.108 2518 3479 I SQLiteCastDBHelper: Creating cast database
09-24 19:14:35.115 3345 3463 W ThreadPoolDumper: Queue length for executor EventBus is now 11. Perhaps some tasks are too long, or the pool is too small.
09-24 19:14:35.127 2518 4632 W Conscrypt: Could not set socket write timeout: java.net.SocketException: Socket closed
09-24 19:14:35.128 2518 4632 W Conscrypt: at com.google.android.gms.org.conscrypt.Platform.setSocketWriteTimeout(:com.google.android.gms@17786022@17.7.86 (040700-256199907):2)
09-24 19:14:35.128 2518 4632 W Conscrypt: at com.google.android.gms.org.conscrypt.ConscryptFileDescriptorSocket.setSoWriteTimeout(:com.google.android.gms@17786022@17.7.86 (040700-256199907):2)
09-24 19:14:35.132 4759 4808 I CarrierServices: [297] cpr.c: SIM changed: true. current id: [4vfUjdK1ylI-cxPPS6D26oMLYoE]; stored id: ; isFiDevice: false
09-24 19:14:35.135 3345 3463 W SearchServiceCore: Abort, client detached.
09-24 19:14:35.151 3345 3463 I chatty : uid=10104(com.google.android.googlequicksearchbox) EventBus0 identical 3 lines
09-24 19:14:35.152 3345 3463 W SearchServiceCore: Abort, client detached.
09-24 19:14:35.163 4879 4879 I MultiDex: VM with version 2.1.0 has multidex support
09-24 19:14:35.163 4879 4879 I MultiDex: install
09-24 19:14:35.163 4879 4879 I MultiDex: VM has multidex support, MultiDex support library is disabled.
09-24 19:14:35.225 4759 4889 I CarrierServices: [314] ben.p: Listen to connectivity data change
09-24 19:14:35.226 3345 3463 W SearchServiceCore: Abort, client detached.
09-24 19:14:35.238 2518 3789 I Icing : IndexChimeraService.getServiceInterface callingPackage=com.google.android.googlequicksearchbox componentName=agsa_icing_connection serviceId=33
09-24 19:14:35.240 4616 4616 I Dialer : VvmOmtpService - onBoot
09-24 19:14:35.240 2518 4561 I Icing : IndexChimeraService.getServiceInterface callingPackage=com.google.android.googlequicksearchbox componentName=agsa_icing_connection serviceId=32
09-24 19:14:35.242 4759 4889 I CarrierServices: [314] cyc.a: CarrierServices.apk is not sim call manager. Not enabling MMTel.
09-24 19:14:35.242 4759 4889 I CarrierServices: [314] ben.f: Should not enable MMTel, not starting CallEngine.
09-24 19:14:35.242 4759 4889 I CarrierServices: [314] cti.handleMessage: Uninitialized stopSelf.
09-24 19:14:35.243 2041 3402 W Binder : Outgoing transactions from this process must be FLAG_ONEWAY
09-24 19:14:35.243 2041 3402 W Binder : java.lang.Throwable
09-24 19:14:35.243 2041 3402 W Binder : at android.os.BinderProxy.transact(BinderProxy.java:480)
09-24 19:14:35.243 2041 3402 W Binder : at android.content.ContentProviderProxy.getType(ContentProviderNative.java:456)
09-24 19:14:35.243 2041 3402 W Binder : at com.android.server.am.ActivityManagerService.getProviderMimeType(ActivityManagerService.java:7667)
09-24 19:14:35.243 2041 3402 W Binder : at android.app.IActivityManager$Stub.onTransact(IActivityManager.java:3205)
09-24 19:14:35.243 2041 3402 W Binder : at com.android.server.am.ActivityManagerService.onTransact(ActivityManagerService.java:2741)
09-24 19:14:35.243 2041 3402 W Binder : at android.os.Binder.execTransactInternal(Binder.java:1021)
09-24 19:14:35.243 2041 3402 W Binder : at android.os.Binder.execTransact(Binder.java:994)
09-24 19:14:35.243 4759 4759 I CarrierServices: [2] VoiceService.onDestroy: Destroying VoiceService.
09-24 19:14:35.247 2201 3918 I aohg : Scheduling Phenotype for a PhenotypeSyncImmediately(6, com.google.android.libraries.internal.growth.growthkit#com.google.android.calendar) one off with window [1, 2] in seconds [CONTEXT service_id=51 ]
09-24 19:14:35.248 2041 2354 I ActivityManager: Killing 3497:com.android.mtp/u0a46 (adj 985): empty #17
09-24 19:14:35.248 4759 4905 I org.webrtc.Logging: NativeLibrary: Loading native library: jingle_peerconnection_so
09-24 19:14:35.248 4759 4905 I org.webrtc.Logging: NativeLibrary: Loading library: jingle_peerconnection_so
09-24 19:14:35.251 1780 1780 D Zygote : Forked child process 4936
09-24 19:14:35.255 1780 1780 I Zygote : Process 3169 exited due to signal 9 (Killed)
09-24 19:14:35.256 2041 2072 I ActivityManager: Start proc 4936:com.android.dynsystem/1000 for broadcast {com.android.dynsystem/com.android.dynsystem.BootCompletedReceiver}
09-24 19:14:35.264 2041 2073 I libprocessgroup: Successfully killed process cgroup uid 10061 pid 3169 in 304ms
09-24 19:14:35.267 4879 4943 I Bugle : GServicesValues:
09-24 19:14:35.267 4879 4943 I Bugle : No bugle gservices keys/values
09-24 19:14:35.271 4936 4936 W droid.dynsyste: Unexpected CPU variant for X86 using defaults: x86
09-24 19:14:35.279 4759 4905 W native : commandlineflags.cc:972 Ignoring RegisterValidateFunction() for flag pointer 0xcba9d5a4: no flag found at that address
09-24 19:14:35.290 4759 4905 I org.webrtc.Logging: PeerConnectionFactory: PeerConnectionFactory was initialized without an injected Loggable. Any existing Loggable will be deleted.
09-24 19:14:35.290 4759 4905 I CarrierServices: [315] dcs.a: openSL ES disabled? true
09-24 19:14:35.290 4759 4905 I CarrierServices: [315] dcs.a: encryption disabled? false
09-24 19:14:35.290 4759 4905 I CarrierServices: [315] dcs.a: network ignore mask: 56
09-24 19:14:35.292 4759 4905 I CarrierServices: [315] ddh.: level control enabled
09-24 19:14:35.292 1780 1780 I Zygote : Process 3497 exited due to signal 9 (Killed)
09-24 19:14:35.301 2041 2354 I LocationAccessPolicy: Allowing com.google.android.apps.messaging fine because it doesn't target API 29 yet. Please fix this app. Called from TelephonyRegistry push
09-24 19:14:35.302 2041 2073 I libprocessgroup: Successfully killed process cgroup uid 10046 pid 3497 in 38ms
09-24 19:14:35.304 4759 4905 I default_audio_processing_jni.cc: [000:000] [4905] (line 46): APM: Capture post-processing: Active.
09-24 19:14:35.304 4759 4905 I default_audio_processing_jni.cc: [000:001] [4905] (line 55): APM: Render pre-processing: None.
09-24 19:14:35.304 4759 4905 I default_audio_processing_jni.cc: [000:001] [4905] (line 72): APM: Echo controller: None.
09-24 19:14:35.304 4759 4905 I default_audio_processing_jni.cc: [000:001] [4905] (line 83): APM: Echo detector v2: None.
09-24 19:14:35.309 4759 4905 I audio_processing_impl.cc: [000:007] [4905] (line 424): Capture analyzer activated: 0
09-24 19:14:35.309 4759 4905 I audio_processing_impl.cc: Capture post processor activated: 1
09-24 19:14:35.309 4759 4905 I audio_processing_impl.cc: Render pre processor activated: 0
09-24 19:14:35.309 4759 4905 I default_audio_processing_jni.cc: [000:007] [4905] (line 104): APM: Adaptive Gain Controller 2: None.
09-24 19:14:35.310 4759 4905 I webrtc_video_engine.cc: [000:008] [4905] (line 445): WebRtcVideoEngine::WebRtcVideoEngine()
09-24 19:14:35.310 4759 4905 I webrtc_voice_engine.cc: [000:008] [4905] (line 197): WebRtcVoiceEngine::WebRtcVoiceEngine
09-24 19:14:35.317 2201 3705 I aohg : Scheduling Phenotype for a PhenotypeSyncImmediately(6, com.google.android.gms.phenotype) one off with window [1, 2] in seconds [CONTEXT service_id=51 ]
09-24 19:14:35.322 2518 2948 I Wear_Controller: Wear requires a companion app to be installed.
09-24 19:14:35.322 2518 2948 I Wear_Controller: onStartup - Wear is not available on this device.
09-24 19:14:35.324 2518 3479 I SQLiteCastStore: 0 CastNetworkInfo instances loaded, 0 CastDeviceInfo instances loaded, 0 paired guest mode devices loaded.
09-24 19:14:35.324 4936 4936 E droid.dynsyste: Not starting debugger since process cannot load the jdwp agent.
09-24 19:14:35.332 3188 4896 D NetworkSecurityConfig: Using Network Security Config from resource network_security_config debugBuild: false
09-24 19:14:35.345 4759 4956 I webrtc_voice_engine.cc: [000:043] [4956] (line 220): WebRtcVoiceEngine::Init
09-24 19:14:35.345 4759 4956 I webrtc_voice_engine.cc: [000:043] [4956] (line 227): Supported send codecs in order of preference:
09-24 19:14:35.345 4759 4956 I webrtc_voice_engine.cc: [000:043] [4956] (line 230): opus/48000/2 { minptime=10 useinbandfec=1 } (111)
09-24 19:14:35.345 4759 4956 I webrtc_voice_engine.cc: [000:043] [4956] (line 230): ISAC/16000/1 (103)
09-24 19:14:35.345 4759 4956 I webrtc_voice_engine.cc: [000:043] [4956] (line 230): ISAC/32000/1 (104)
09-24 19:14:35.345 4759 4956 I webrtc_voice_engine.cc: [000:043] [4956] (line 230): G722/8000/1 (9)
09-24 19:14:35.345 4759 4956 I webrtc_voice_engine.cc: [000:043] [4956] (line 230): PCMU/8000/1 (0)
09-24 19:14:35.345 4759 4956 I webrtc_voice_engine.cc: [000:043] [4956] (line 230): PCMA/8000/1 (8)
09-24 19:14:35.345 4759 4956 I webrtc_voice_engine.cc: [000:043] [4956] (line 230): CN/32000/1 (106)
09-24 19:14:35.345 4759 4956 I webrtc_voice_engine.cc: [000:043] [4956] (line 230): CN/16000/1 (105)
09-24 19:14:35.345 4759 4956 I webrtc_voice_engine.cc: [000:043] [4956] (line 230): CN/8000/1 (13)
09-24 19:14:35.345 4759 4956 I webrtc_voice_engine.cc: [000:043] [4956] (line 230): telephone-event/48000/1 (110)
09-24 19:14:35.345 4759 4956 I webrtc_voice_engine.cc: [000:043] [4956] (line 230): telephone-event/32000/1 (112)
09-24 19:14:35.345 4759 4956 I webrtc_voice_engine.cc: [000:043] [4956] (line 230): telephone-event/16000/1 (113)
09-24 19:14:35.345 4759 4956 I webrtc_voice_engine.cc: [000:043] [4956] (line 230): telephone-event/8000/1 (126)
09-24 19:14:35.345 4759 4956 I webrtc_voice_engine.cc: [000:043] [4956] (line 233): Supported recv codecs in order of preference:
09-24 19:14:35.351 4759 4956 I webrtc_voice_engine.cc: [000:049] [4956] (line 236): opus/48000/2 { minptime=10 useinbandfec=1 } (111)
09-24 19:14:35.351 4759 4956 I webrtc_voice_engine.cc: [000:049] [4956] (line 236): ISAC/16000/1 (103)
09-24 19:14:35.351 4759 4956 I webrtc_voice_engine.cc: [000:049] [4956] (line 236): ISAC/32000/1 (104)
09-24 19:14:35.351 4759 4956 I webrtc_voice_engine.cc: [000:049] [4956] (line 236): G722/8000/1 (9)
09-24 19:14:35.351 4759 4956 I webrtc_voice_engine.cc: [000:049] [4956] (line 236): PCMU/8000/1 (0)
09-24 19:14:35.351 4759 4956 I webrtc_voice_engine.cc: [000:049] [4956] (line 236): PCMA/8000/1 (8)
09-24 19:14:35.351 4759 4956 I webrtc_voice_engine.cc: [000:049] [4956] (line 236): CN/32000/1 (106)
09-24 19:14:35.351 4759 4956 I webrtc_voice_engine.cc: [000:049] [4956] (line 236): CN/16000/1 (105)
09-24 19:14:35.351 4759 4956 I webrtc_voice_engine.cc: [000:049] [4956] (line 236): CN/8000/1 (13)
09-24 19:14:35.351 4759 4956 I webrtc_voice_engine.cc: [000:049] [4956] (line 236): telephone-event/48000/1 (110)
09-24 19:14:35.351 4759 4956 I webrtc_voice_engine.cc: [000:049] [4956] (line 236): telephone-event/32000/1 (112)
09-24 19:14:35.351 4759 4956 I webrtc_voice_engine.cc: [000:049] [4956] (line 236): telephone-event/16000/1 (113)
09-24 19:14:35.351 4759 4956 I webrtc_voice_engine.cc: [000:049] [4956] (line 236): telephone-event/8000/1 (126)
09-24 19:14:35.351 4759 4956 I audio_device_impl.cc: [000:049] [4956] (line 75): Create
09-24 19:14:35.351 4759 4956 I audio_device_impl.cc: [000:049] [4956] (line 82): CreateForTest
09-24 19:14:35.354 4879 4879 D FirebaseApp: com.google.firebase.auth.FirebaseAuth is not linked. Skipping initialization.
09-24 19:14:35.354 4879 4879 D FirebaseApp: com.google.firebase.crash.FirebaseCrash is not linked. Skipping initialization.
09-24 19:14:35.355 2201 3918 I aohg : Scheduling Phenotype for a PhenotypeSyncImmediately(6, com.google.android.ims.library#com.google.android.ims) one off with window [1, 2] in seconds [CONTEXT service_id=51 ]
09-24 19:14:35.361 4879 4879 I FirebaseInitProvider: FirebaseApp initialization successful
09-24 19:14:35.367 4936 4936 I droid.dynsyste: The ClassLoaderContext is a special shared library.
09-24 19:14:35.371 4879 4879 I Bugle : Initializing EmojiCompat
09-24 19:14:35.376 3188 4896 D NetworkSecurityConfig: Using Network Security Config from resource network_security_config debugBuild: false
09-24 19:14:35.378 2201 3705 I aohg : Scheduling Phenotype for a PhenotypeSyncImmediately(6, com.google.android.ims) one off with window [1, 2] in seconds [CONTEXT service_id=51 ]
09-24 19:14:35.392 2041 3276 D DynamicSystemService: GsiService is not ready, wait for 64ms
09-24 19:14:35.400 2518 2948 I GCM-GMS : Scheduling task to register GMS
09-24 19:14:35.409 4879 4879 I Bugle : BugleApplicationBase: Bugle version: 4.1.067 (ettin_rc12_alldpi.x86.phone)
09-24 19:14:35.410 4879 4879 I Bugle : DarkModeUtilImpl: Setting system dark mode to off
09-24 19:14:35.412 4879 4879 W PrimesInit: Primes instant initialization
09-24 19:14:35.417 4879 4879 I BugleDataModel: RcsMigrationService: Returning RCS state provider.
09-24 19:14:35.425 4879 4879 I Bugle : Carrier config changed. Reloading MMS config.
09-24 19:14:35.425 2518 3767 I FontsContentProvider: Received query Noto Color Emoji Compat, URI content://com.google.android.gms.fonts
09-24 19:14:35.426 4759 4956 I audio_device_buffer.cc: [000:124] [4956] (line 61): AudioDeviceBuffer::ctor
09-24 19:14:35.426 4759 4956 I audio_device_impl.cc: [000:124] [4956] (line 117): AudioDeviceModuleImpl
09-24 19:14:35.426 4759 4956 I audio_device_impl.cc: [000:124] [4956] (line 121): CheckPlatform
09-24 19:14:35.426 4759 4956 I audio_device_impl.cc: [000:124] [4956] (line 129): current platform is Android
09-24 19:14:35.426 4759 4956 I audio_device_impl.cc: [000:124] [4956] (line 151): CreatePlatformSpecificObjects
09-24 19:14:35.426 4759 4956 I audio_device_impl.cc: [000:124] [4956] (line 933): PlatformAudioLayer
09-24 19:14:35.426 4759 4956 I jvm_android.cc: [000:124] [4956] (line 72): JvmThreadConnector::ctor
09-24 19:14:35.427 4759 4956 I jvm_android.cc: [000:124] [4956] (line 77): Attaching thread to JVM
09-24 19:14:35.427 2518 3767 I FontsContentProvider: Query [Noto Color Emoji Compat] resolved to {Noto Color Emoji Compat, wdth 100.0, wght 400, ital 0.0, bestEffort false}
09-24 19:14:35.428 4759 4956 I jvm_android.cc: [000:126] [4956] (line 262): JVM::environment
09-24 19:14:35.428 4759 4956 I jvm_android.cc: [000:126] [4956] (line 184): JNIEnvironment::ctor
09-24 19:14:35.428 4759 4956 I audio_manager.cc: [000:126] [4956] (line 71): ctor
09-24 19:14:35.428 4759 4956 I jvm_android.cc: [000:126] [4956] (line 196): JNIEnvironment::RegisterNatives: org/webrtc/voiceengine/WebRtcAudioManager
09-24 19:14:35.428 4759 4956 I jvm_android.cc: [000:126] [4956] (line 134): NativeRegistration::ctor
09-24 19:14:35.428 4759 4956 I jvm_android.cc: [000:126] [4956] (line 146): NativeRegistration::NewObject
09-24 19:14:35.428 4759 4956 I WebRtcAudioManager: [000:126] [4956] ctor@[name=Thread-5, id=319]
09-24 19:14:35.430 4759 4956 I WebRtcAudioManager: [000:128] [4956] Sample rate is set to 44100 Hz
09-24 19:14:35.431 4879 4990 W Primes : background initialization
09-24 19:14:35.434 4879 4943 W Bugle : BuglePhoneNumberUtils: canonicalizeMccMnc: invalid mccmnc. mcc: null, mnc: null
09-24 19:14:35.436 4879 4904 I BugleRcsEngine: [301] omj.shouldUseCarrierServicesApkForV1Apis: Checking if using CarrierServices.apk is possible. Enabled: true, isAtLeastM: true, runningInsideBugle: true
09-24 19:14:35.438 4879 4943 I Bugle : Carrier configs loaded: Bundle[{carrier_volte_provisioned_bool=false, disable_charge_indication_bool=false, support_tdscdma_bool=false, httpSocketTimeout=60000, call_redirection_service_component_name_string=null, carrier_wfc_supports_wifi_only_bool=true, carrier_default_actions_on_default_network_available_string_array=[false: 7, true: 8], operator_selection_expand_bool=true, disable_cdma_activation_code_bool=false, simplified_network_settings_bool=false, support_tdscdma_roaming_networks_string_array=null, gps.lpp_profile=0, call_barring_visibility_bool=false, gps.es_extension_sec=0, enable_apps_string_array=null, carrier_default_wfc_ims_roaming_enabled_bool=true, cdma_nonroaming_networks_string_array=null, aliasMinChars=2, wfc_data_spn_format_idx_int=0, hide_sim_lock_settings_bool=false, drop_video_call_when_answering_audio_call_bool=false, ci_action_on_sys_update_bool=false, convert_cdma_caller_id_mmi_codes_while_roaming_on_3gpp_bool=false, support_enhanced_call_blocking_bool=true, vvm_port_number_int=1808, carrier_default_wfc_ims_enabled_bool=false, dial_string_replace_string_array=null, opportunistic_network_entry_threshold_bandwidth_int=1024, gsm_nonroaming_networks_string_array=null, hide_ims_apn_bool=false, vvm_destination_number_string=122, dtmf_type_enabled_bool=false, allow_video_calling_fallback_bool=true, config_ims_package_override_string=com.google.android.ims, only_auto_select_in_home_network=false, smsToMmsTextThreshold=-1, disable_severe_when_extreme_disabled_bool=true, force_home_network_bool=false, spdi_override_string_array=null, show_wfc_location_privacy_policy_bool=false, gps.supl_es=1, enableSMSDeliveryReports=true, auto_retry_enabled_bool=false, opportunistic_network_entry_threshold_rssnr_int=45, play_call_recording_tone_bool=false, carrier_force_disable_etws_cmas_test_bool=false, call_waiting_service_class_int=1, allow_emergency_video_calls_bool=false, csp_enabled_bool=false, default_sim_call_manager_string=, wifi.passpoint_profiles_string_array=null, carrier_app_required_during_setup_bool=false, call_forwarding_blocks_while_roaming_string_array=null, emergency_notification_delay_int=-1, support_video_conference_call_bool=false, ims_dtmf_tone_delay_int=0, show_signal_strength_in_sim_status_bool=true, data_rapid_notification_bool=true, carrier_instant_lettering_escaped_chars_string=, carrier_default_wfc_ims_roaming_mode_int=2, editable_wfc_mode_bool=true, support_direct_fdn_dialing_bool=false, carrier_ut_provisioning_required_bool=false, carrier_wifi_string_array=null, treat_downgraded_video_calls_as_video_calls_bool=false, wifi_calls_can_be_hd_audio=true, support_downgrade_vt_to_audio_bool=true, cdma_enhanced_roaming_indicator_for_home_network_int_array=[1], notify_handover_video_from_lte_to_wifi_bool=false, use_otasp_for_provisioning_bool=false, always_play_remote_hold_tone_bool=false, opportunistic_network_data_switch_hysteresis_time_long=10000, maxMessageTextSize=-1, duration_blocking_disabled_after_emergency_int=7200, carrier_metered_roaming_apn_types_strings=[default, mms, dun, supl], additional_settings_call_waiting_visibility_bool=true, show_video_call_charges_alert_dialog_bool=false, carrier_network_service_wlan_package_override_string=, show_apn_setting_cdma_bool=false, use_usim_bool=false, carrier_instant_lettering_length_limit_int=64, operator_name_filter_pattern_string=, carrier_instant_lettering_invalid_chars_string=, carrier_setup_app_string=, editable_wfc_roaming_mode_bool=false, supportMmsContentDisposition=true, support_manage_ims_conference_call_bool=true, opportunistic_network_exit_threshold_rssnr_int=10, allow_non_emergency_calls_in_ecm_bool=true, allow_cdma_eri_bool=false, carrier_data_service_wlan_package_override_string=, show_carrier_data_icon_pattern_string=, use_rcs_presence_bool=false, config_telephony_use_own_number_for_voicemail_bool=false, cdma_dtmf_tone_delay_int=100, editable_voicemail_number_bool=false, carrier_data_call_apn_retry_after_disconnect_long=10000, filtered_cnap_names_string_array=null, enabledTransID=false, aliasEna
09-24 19:14:35.438 4345 4408 W SystemServiceRegistry: No service published for: persistent_data_block
09-24 19:14:35.440 4879 4990 I PrimesTesting: GserviceFlagsSupplier.get()
09-24 19:14:35.441 4879 4993 W Bugle : BuglePhoneNumberUtils: canonicalizeMccMnc: invalid mccmnc. mcc: null, mnc: null
