09-24 19:14:22.209 2201 2201 I ProviderInstaller: Installed default security provider GmsCore_OpenSSL
09-24 19:14:22.210 2041 2068 I RoleUserState: Wrote roles.xml successfully
09-24 19:14:22.211 2224 2224 D InterruptionStateProvider: heads up is enabled
09-24 19:14:22.212 2518 2518 I gle.android.gm: The ClassLoaderContext is a special shared library.
09-24 19:14:22.212 2201 2201 E ActivityThread: Failed to find provider info for com.google.android.gsf.gservices
09-24 19:14:22.214 1688 1697 D vold : Remounting 1000 as mode full
09-24 19:14:22.215 1688 1697 D vold : Found matching PID 1680
09-24 19:14:22.215 1688 1697 W vold : Skipping due to root namespace
09-24 19:14:22.215 1688 1697 D vold : Found matching PID 1681
09-24 19:14:22.215 1688 1697 W vold : Skipping due to root namespace
09-24 19:14:22.215 1688 1697 D vold : Found matching PID 1682
09-24 19:14:22.215 1688 1697 W vold : Skipping due to root namespace
09-24 19:14:22.216 1688 1697 D vold : Found matching PID 1783
09-24 19:14:22.216 1688 1697 W vold : Skipping due to root namespace
09-24 19:14:22.216 1688 1697 D vold : Found matching PID 1784
09-24 19:14:22.216 1688 1697 W vold : Skipping due to root namespace
09-24 19:14:22.216 1688 1697 D vold : Found matching PID 1790
09-24 19:14:22.216 1688 1697 W vold : Skipping due to root namespace
09-24 19:14:22.216 1688 1697 D vold : Found matching PID 1794
09-24 19:14:22.216 1688 1697 W vold : Skipping due to root namespace
09-24 19:14:22.216 1688 1697 D vold : Found matching PID 1797
09-24 19:14:22.216 1688 1697 W vold : Skipping due to root namespace
09-24 19:14:22.216 1688 1697 D vold : Found matching PID 1798
09-24 19:14:22.216 1688 1697 W vold : Skipping due to root namespace
09-24 19:14:22.216 1688 1697 D vold : Found matching PID 1800
09-24 19:14:22.216 1688 1697 W vold : Skipping due to root namespace
09-24 19:14:22.216 1688 1697 D vold : Found matching PID 1801
09-24 19:14:22.216 1688 1697 W vold : Skipping due to root namespace
09-24 19:14:22.216 1688 1697 D vold : Found matching PID 1802
09-24 19:14:22.216 1688 1697 W vold : Skipping due to root namespace
09-24 19:14:22.216 1688 1697 D vold : Found matching PID 1804
09-24 19:14:22.216 1688 1697 W vold : Skipping due to root namespace
09-24 19:14:22.216 1688 1697 D vold : Found matching PID 1813
09-24 19:14:22.216 1688 1697 W vold : Skipping due to root namespace
09-24 19:14:22.216 1688 1697 D vold : Found matching PID 1825
09-24 19:14:22.216 1688 1697 W vold : Skipping due to root namespace
09-24 19:14:22.216 1688 1697 D vold : Found matching PID 1853
09-24 19:14:22.216 1688 1697 W vold : Skipping due to root namespace
09-24 19:14:22.216 1688 1697 D vold : Found matching PID 1858
09-24 19:14:22.216 1688 1697 W vold : Skipping due to root namespace
09-24 19:14:22.217 1688 1697 D vold : Found matching PID 2041
09-24 19:14:22.219 2518 2518 W ContextImpl: Failed to ensure /data/user/0/com.google.android.gms/cache: mkdir failed: ENOENT (No such file or directory)
09-24 19:14:22.219 2518 2518 W ContextImpl: Failed to update user.inode_cache: stat failed: ENOENT (No such file or directory)
09-24 19:14:22.224 2538 2538 I oid.setupwizar: The ClassLoaderContext is a special shared library.
09-24 19:14:22.225 2518 2518 E ActivityThread: Failed to find provider info for com.google.android.gsf.gservices
09-24 19:14:22.226 2518 2518 E ActivityThread: Failed to find provider info for com.google.android.gsf.gservices
09-24 19:14:22.227 2041 2041 V SettingsProvider: Notifying for 0: content://settings/secure/accessibility_enabled
09-24 19:14:22.226 2538 2538 I oid.setupwizar: The ClassLoaderContext is a special shared library.
09-24 19:14:22.227 2465 2465 D TelephonyProvider: dbh.onCreate:+ db=SQLiteDatabase: /data/user_de/0/com.android.providers.telephony/databases/telephony.db
09-24 19:14:22.227 2465 2465 D TelephonyProvider: dbh.createSimInfoTable:+ siminfo
09-24 19:14:22.228 2465 2465 D TelephonyProvider: dbh.createSimInfoTable:-
09-24 19:14:22.228 2465 2465 D TelephonyProvider: dbh.createCarriersTable: carriers
09-24 19:14:22.228 2518 2518 W DirectBootExitBR: User is in direct boot mode.
09-24 19:14:22.228 2465 2465 D TelephonyProvider: dbh.createCarriersTable:-
09-24 19:14:22.228 2465 2465 D TelephonyProvider: dbh.onCreate: Apply apns from xml.
09-24 19:14:22.229 2465 2465 D TelephonyProvider: Load APNs from /system/etc/apns-conf.xml instead of /oem/telephony/apns-conf.xml
09-24 19:14:22.229 2465 2465 D TelephonyProvider: Load APNs from /product/etc/apns-conf.xml instead of /system/etc/apns-conf.xml
09-24 19:14:22.229 2465 2465 D TelephonyProvider: Load APNs from /data/misc/apns/apns-conf.xml instead of /product/etc/apns-conf.xml
09-24 19:14:22.229 2465 2465 D TelephonyProvider: confFile = /data/misc/apns/apns-conf.xml
09-24 19:14:22.229 2041 2041 V SettingsProvider: Notifying for 0: content://settings/secure/accessibility_shortcut_target_service
09-24 19:14:22.230 2041 2041 V SettingsProvider: Notifying for 0: content://settings/secure/accessibility_shortcut_enabled
09-24 19:14:22.230 2518 2518 E ActivityThread: Failed to find provider info for com.google.android.gsf.gservices
09-24 19:14:22.231 2041 2041 V SettingsProvider: Notifying for 0: content://settings/global/adb_enabled
09-24 19:14:22.231 2518 2518 E ActivityThread: Failed to find provider info for com.google.android.gsf.gservices
09-24 19:14:22.231 2538 2538 W ContextImpl: Failed to ensure /data/user/0/com.google.android.setupwizard/cache: mkdir failed: ENOENT (No such file or directory)
09-24 19:14:22.231 2041 2041 V SettingsProvider: Notifying for 0: content://settings/global/webview_fallback_logic_enabled
09-24 19:14:22.231 2538 2538 W ContextImpl: Failed to update user.inode_cache: stat failed: ENOENT (No such file or directory)
09-24 19:14:22.232 2041 2041 V SettingsProvider: Notifying for 0: content://settings/secure/sysui_tuner_version
09-24 19:14:22.232 2041 2041 D PackageWatchdog: Getting all observed packages pending health checks
09-24 19:14:22.232 2041 2041 I PackageWatchdog: Syncing health check requests for packages: {}
09-24 19:14:22.232 2041 2041 I ExplicitHealthCheckController: Service not ready to get health check supported packages. Binding...
09-24 19:14:22.232 2041 2041 I ExplicitHealthCheckController: Explicit health check service is bound
09-24 19:14:22.232 2041 2041 V SettingsProvider: Notifying for 0: content://settings/global/boot_count
09-24 19:14:22.232 2518 2518 E ActivityThread: Failed to find provider info for com.google.android.gsf.gservices
09-24 19:14:22.234 2518 2518 I chatty : uid=10098(com.google.android.gms) identical 4 lines
09-24 19:14:22.234 2518 2518 E ActivityThread: Failed to find provider info for com.google.android.gsf.gservices
09-24 19:14:22.235 2201 2201 E ActivityThread: Failed to find provider info for com.google.android.gsf.gservices
09-24 19:14:22.243 2201 2201 I chatty : uid=10098 com.google.android.gms.persistent identical 1 line
09-24 19:14:22.244 2201 2201 E ActivityThread: Failed to find provider info for com.google.android.gsf.gservices
09-24 19:14:22.244 2041 2041 V SettingsProvider: Notifying for 0: content://settings/global/emergency_affordance_needed
09-24 19:14:22.244 2041 2041 V SettingsProvider: Notifying for 0: content://settings/secure/location_providers_allowed
09-24 19:14:22.249 2518 2518 I GmsApplication: Staging modules and/or updating config
09-24 19:14:22.249 2518 2518 I GmsApplication: Staging modules
09-24 19:14:22.249 2518 2518 I FileApkMgr: Extracting modules...
09-24 19:14:22.250 2465 2465 D TelephonyProvider: Checksum for /data/misc/apns/apns-conf.xml is 2001431324
09-24 19:14:22.250 2465 2465 D TelephonyProvider: Checksum after adding resource is 2062727326
09-24 19:14:22.250 2224 2224 D ProtoStore: no cached data
09-24 19:14:22.250 2224 2224 D ProtoStore: no cached data
09-24 19:14:22.251 2224 2224 D StatusBar: disable disable2
09-24 19:14:22.246 2041 2041 V SettingsProvider: Notifying for 0: content://settings/secure/location_providers_allowed
09-24 19:14:22.255 2201 2201 E ActivityThread: Failed to find provider info for com.google.android.gsf.gservices
09-24 19:14:22.256 2465 2465 D TelephonyProvider: dbh.onCreate:- db=SQLiteDatabase: /data/user_de/0/com.android.providers.telephony/databases/telephony.db
09-24 19:14:22.258 2465 2465 D TelephonyProvider: dbh.onOpen: ok, queried table=siminfo
09-24 19:14:22.258 2465 2465 D TelephonyProvider: dbh.onOpen: ok, queried table=carriers
09-24 19:14:22.258 2465 2465 D TelephonyProvider: Load APNs from /system/etc/apns-conf.xml instead of /oem/telephony/apns-conf.xml
09-24 19:14:22.258 2465 2465 D TelephonyProvider: Load APNs from /product/etc/apns-conf.xml instead of /system/etc/apns-conf.xml
09-24 19:14:22.258 2465 2465 D TelephonyProvider: Load APNs from /data/misc/apns/apns-conf.xml instead of /product/etc/apns-conf.xml
09-24 19:14:22.258 2465 2465 D TelephonyProvider: Checksum for /data/misc/apns/apns-conf.xml is 2001431324
09-24 19:14:22.258 2465 2465 D TelephonyProvider: Checksum after adding resource is 2062727326
09-24 19:14:22.258 2465 2465 D TelephonyProvider: newChecksum: 2062727326
09-24 19:14:22.258 2465 2465 D TelephonyProvider: oldChecksum: 2062727326
09-24 19:14:22.258 2465 2465 D TelephonyProvider: Skipping apn db update since apn-conf has not changed.
09-24 19:14:22.258 2465 2465 D TelephonyProvider: addAllApnSharedPrefToLocalLog
09-24 19:14:22.260 2538 2538 I SetupWizard: [biq] Start loading FRP status
09-24 19:14:22.261 2201 2201 I chatty : uid=10098 com.google.android.gms.persistent identical 10 lines
09-24 19:14:22.261 2201 2201 E ActivityThread: Failed to find provider info for com.google.android.gsf.gservices
09-24 19:14:22.272 1688 1697 D vold : Found matching PID 2485
09-24 19:14:22.273 2201 2201 E ActivityThread: Failed to find provider info for com.google.android.gsf.gservices
09-24 19:14:22.277 1813 1913 E SurfaceFlinger: ro.sf.lcd_density must be defined as a build property
09-24 19:14:22.278 2201 2201 I GmsApplication: Registering the BackgroundBroadcastReceiverSupport receiver.
09-24 19:14:22.278 1813 1913 E SurfaceFlinger: ro.sf.lcd_density must be defined as a build property
09-24 19:14:22.278 2224 2224 D Tonal : Tonal Palette - index: 10. Main color: ffe590b7
09-24 19:14:22.278 2224 2224 D Tonal : Colors: ff060104, ff1b0613, ff2f0b23, ff481135, ff671850, ff861f5d, ffa42773, ffbe4d91, ffd85a9e, ffde73aa, ffe590b7, ffefb9d1, fff5d6e5
09-24 19:14:22.278 2224 2224 D Tonal : Gradients:
09-24 19:14:22.278 2224 2224 D Tonal : Normal GradientColors(ffe590b7, ffe590b7)
09-24 19:14:22.278 2224 2224 D Tonal : Dark GradientColors(ff481135, ff481135)
09-24 19:14:22.278 2224 2224 D Tonal : Extra dark: GradientColors(ff2f0b23, ff2f0b23)
09-24 19:14:22.279 1779 2390 W ServiceManager: Permission failure: android.permission.NETWORK_STACK from uid=1073 pid=2401
09-24 19:14:22.279 1779 2390 I netd : interfaceSetEnableIPv6("wlan0", "false") <0.35ms>
09-24 19:14:22.279 1779 2390 W ServiceManager: Permission failure: android.permission.NETWORK_STACK from uid=1073 pid=2401
09-24 19:14:22.279 1779 2390 I netd : interfaceClearAddrs("wlan0") <0.27ms>
09-24 19:14:22.279 2224 2224 D Tonal : Tonal Palette - index: 10. Main color: ffe590b7
09-24 19:14:22.279 2224 2224 D Tonal : Colors: ff060104, ff1b0613, ff2f0b23, ff481135, ff671850, ff861f5d, ffa42773, ffbe4d91, ffd85a9e, ffde73aa, ffe590b7, ffefb9d1, fff5d6e5
09-24 19:14:22.279 2224 2224 D Tonal : Gradients:
09-24 19:14:22.279 2224 2224 D Tonal : Normal GradientColors(ffe590b7, ffe590b7)
09-24 19:14:22.279 2224 2224 D Tonal : Dark GradientColors(ff481135, ff481135)
09-24 19:14:22.279 2224 2224 D Tonal : Extra dark: GradientColors(ff2f0b23, ff2f0b23)
09-24 19:14:22.280 2224 2224 I Choreographer: Skipped 37 frames! The application may be doing too much work on its main thread.
09-24 19:14:22.274 2201 2201 I chatty : uid=10098 com.google.android.gms.persistent identical 4 lines
09-24 19:14:22.274 2201 2201 E ActivityThread: Failed to find provider info for com.google.android.gsf.gservices
09-24 19:14:22.288 2518 2518 E ActivityThread: Failed to find provider info for com.google.android.gsf.gservices
09-24 19:14:22.288 2041 2076 E BatteryExternalStatsWorker: no controller energy info supplied for telephony
09-24 19:14:22.290 2041 2076 W KernelCpuProcStringReader: File not found. It's normal if not implemented: /proc/uid_time_in_state
09-24 19:14:22.290 2041 2076 W KernelCpuProcStringReader: File not found. It's normal if not implemented: /proc/uid_concurrent_active_time
09-24 19:14:22.290 2041 2076 W KernelCpuProcStringReader: File not found. It's normal if not implemented: /proc/uid_concurrent_policy_time
09-24 19:14:22.294 2518 2518 E ActivityThread: Failed to find provider info for com.google.android.gsf.gservices
09-24 19:14:22.294 2538 2582 D libEGL : Emulator has host GPU support, qemu.gles is set to 1.
09-24 19:14:22.297 2518 2518 I FileApkMgr: Extracting modules completed
09-24 19:14:22.297 2518 2518 I GmsApplication: Staging modules completed
09-24 19:14:22.297 2518 2518 I GmsApplication: Updating config
09-24 19:14:22.284 2538 2538 W RenderThread: type=1400 audit(0.0:9): avc: denied { write } for name="property_service" dev="tmpfs" ino=7739 scontext=u:r:priv_app:s0:c512,c768 tcontext=u:object_r:property_socket:s0 tclass=sock_file permissive=0
09-24 19:14:22.298 2224 2445 D libEGL : Emulator has host GPU support, qemu.gles is set to 1.
09-24 19:14:22.298 2538 2538 I SetupWizard: [SetupWizardActivity] Is device provisioned = false, setup complete = false
09-24 19:14:22.298 2538 2538 I SetupWizard: [SetupWizardActivity] Provisioning is disabled, exiting early.
09-24 19:14:22.298 2538 2538 I SetupWizard: [SetupWizardActivity] Early exit: provisioningMode=DISABLED
09-24 19:14:22.297 2518 2518 E ActivityThread: Failed to find provider info for com.google.android.gsf.gservices
09-24 19:14:22.299 2538 2538 E ActivityThread: Failed to find provider info for com.google.android.setupwizard.deviceorigin
09-24 19:14:22.299 2538 2582 W libc : Unable to set property "qemu.gles" to "1": connection failed; errno=13 (Permission denied)
09-24 19:14:22.302 2224 2445 W libc : Unable to set property "qemu.gles" to "1": error code: 0x18
09-24 19:14:22.303 2538 2582 D libEGL : loaded /vendor/lib/egl/libEGL_emulation.so
09-24 19:14:22.304 2538 2582 D libEGL : loaded /vendor/lib/egl/libGLESv1_CM_emulation.so
09-24 19:14:22.299 2538 2538 I chatty : uid=10095(com.google.android.setupwizard) identical 3 lines
09-24 19:14:22.299 2538 2538 E ActivityThread: Failed to find provider info for com.google.android.setupwizard.deviceorigin
09-24 19:14:22.301 2201 2201 E ActivityThread: Failed to find provider info for com.google.android.gsf.gservices
09-24 19:14:22.305 2538 2582 D libEGL : loaded /vendor/lib/egl/libGLESv2_emulation.so
09-24 19:14:22.312 2518 2518 E ActivityThread: Failed to find provider info for com.google.android.gsf.gservices
09-24 19:14:22.313 2538 2538 W ContextImpl: Failed to ensure /data/user/0/com.google.android.setupwizard/shared_prefs: mkdir failed: ENOENT (No such file or directory)
09-24 19:14:22.314 2224 2445 D libEGL : loaded /vendor/lib/egl/libEGL_emulation.so
09-24 19:14:22.315 2224 2445 D libEGL : loaded /vendor/lib/egl/libGLESv1_CM_emulation.so
09-24 19:14:22.315 2224 2445 D libEGL : loaded /vendor/lib/egl/libGLESv2_emulation.so
09-24 19:14:22.318 2518 2518 E GservicesValue: Gservices key not whitelisted for directboot access: gms:chimera:dev_module_blacklist
09-24 19:14:22.319 2518 2518 I chatty : uid=10098(com.google.android.gms) identical 5 lines
09-24 19:14:22.321 2518 2518 E ActivityThread: Failed to find provider info for com.google.android.gsf.gservices
09-24 19:14:22.323 2538 2538 E ActivityThread: Failed to find provider info for com.google.android.gsf.gservices
09-24 19:14:22.323 2538 2538 E ActivityThread: Failed to find provider info for com.google.android.gsf.gservices
09-24 19:14:22.323 2201 2201 E ActivityThread: Failed to find provider info for com.google.android.gsf.gservices
09-24 19:14:22.324 1688 2361 D vold : Recognized experimental block major ID 253 as virtio-blk (emulator's virtual SD card device)
09-24 19:14:22.324 2041 2041 V FingerprintService: handleEnumeratedTemplate: 0
09-24 19:14:22.324 2041 2041 V FingerprintService: Matched: false
09-24 19:14:22.324 2041 2041 V FingerprintService: Done with client: android
09-24 19:14:22.324 2041 2041 V FingerprintService: clearEnumerateState()
09-24 19:14:22.324 1688 2361 D vold : /system/bin/sgdisk
09-24 19:14:22.324 1688 2361 D vold : --android-dump
09-24 19:14:22.324 1688 2361 D vold : /dev/block/vold/disk:253,80
09-24 19:14:22.324 2041 2041 V SettingsProvider: Notifying for 0: content://settings/global/zen_mode_config_etag
09-24 19:14:22.324 2041 2041 D ConditionProviders.SCP: onSubscribe condition://android/schedule?days=1.2.3.4.5.6.7&start=22.0&end=7.0&exitAtAlarm=true
09-24 19:14:22.325 2041 2041 D ConditionProviders.SCP: setRegistered true
09-24 19:14:22.326 2041 2165 E ActivityThread: Failed to find provider info for com.android.calendar
09-24 19:14:22.326 2041 2165 E ActivityThread: Failed to find provider info for com.android.calendar
09-24 19:14:22.329 2518 2518 E ActivityThread: Failed to find provider info for com.google.android.gsf.gservices
09-24 19:14:22.330 2224 2445 D HostConnection: HostConnection::get() New Host Connection established 0xe3e4d2c0, tid 2445
09-24 19:14:22.330 2041 2041 D ConditionProviders.SCP: evaluateSubscriptionLocked cal=ScheduleCalendar[mDays={1, 2, 3, 4, 5, 6, 7}, mSchedule=ScheduleInfo{days=[1, 2, 3, 4, 5, 6, 7], startHour=22, startMinute=0, endHour=7, endMinute=0, exitAtAlarm=true, nextAlarm=Thu Jan 01 00:00:00 GMT 1970 (0)}], now=Tue Sep 24 16:14:22 GMT 2024 (1727194462325), nextUserAlarmTime=Thu Jan 01 00:00:00 GMT 1970 (0)
09-24 19:14:22.330 2041 2041 D ConditionProviders.SCP: notifyCondition condition://android/schedule?days=1.2.3.4.5.6.7&start=22.0&end=7.0&exitAtAlarm=true STATE_FALSE reason=!meetsSchedule
09-24 19:14:22.334 2538 2538 W ContextImpl: Failed to ensure /data/user/0/com.google.android.setupwizard/shared_prefs: mkdir failed: ENOENT (No such file or directory)
09-24 19:14:22.334 2538 2538 W ContextImpl: Failed to ensure /data/user/0/com.google.android.setupwizard/shared_prefs: mkdir failed: ENOENT (No such file or directory)
09-24 19:14:22.334 2201 2201 I GmsReceiverSupport: Registered Receiver for 19+1 IntentFilters
09-24 19:14:22.334 2538 2538 E ActivityThread: Failed to find provider info for com.google.android.gsf.gservices
09-24 19:14:22.343 1779 2390 I netd : bandwidthAddNiceApp(10098) <0.03ms>
09-24 19:14:22.335 2538 2538 E ActivityThread: Failed to find provider info for com.google.android.gsf.gservices
09-24 19:14:22.344 2518 2518 E ActivityThread: Failed to find provider info for com.google.android.gsf.gservices
09-24 19:14:22.344 2518 2518 I GmsModuleFndr: Beginning GMS chimera module scan
09-24 19:14:22.344 2041 2041 D ConditionProviders.SCP: Scheduling evaluate for Tue Sep 24 22:00:00 GMT 2024 (1727215200000), in +5h45m37s675ms, now=Tue Sep 24 16:14:22 GMT 2024 (1727194462325)
09-24 19:14:22.345 2041 2041 I Telecom : WiredHeadsetManager: ACTION_HEADSET_PLUG event, plugged in: false, : WHC.oADA@AAE
09-24 19:14:22.347 2538 2538 E ActivityThread: Failed to find provider info for com.google.android.gsf.gservices
09-24 19:14:22.348 2538 2538 W ContextImpl: Failed to ensure /data/user/0/com.google.android.setupwizard/files: mkdir failed: ENOENT (No such file or directory)
09-24 19:14:22.347 2538 2538 E ActivityThread: Failed to find provider info for com.google.android.gsf.gservices
09-24 19:14:22.348 2041 2041 I Telecom : PhoneAccountRegistrar: getSimCallManager: SimCallManager for subId -1 queried, returning: null: TSI.gSCM@AAI
09-24 19:14:22.349 2538 2538 E SetupWizard: [axr] Failed to create external storage directory: /data/user/0/com.google.android.setupwizard/files/metrics
09-24 19:14:22.349 1688 2361 D vold : DISK mbr
09-24 19:14:22.349 1688 2361 D vold :
09-24 19:14:22.350 2518 2518 E ActivityThread: Failed to find provider info for com.google.android.gsf.gservices
09-24 19:14:22.350 2518 2518 E ActivityThread: Failed to find provider info for com.google.android.gsf.gservices
09-24 19:14:22.351 1688 2361 W vold : disk:253,80 has unknown partition table; trying entire device
09-24 19:14:22.351 1688 2361 D vold : /system/bin/blkid
09-24 19:14:22.351 1688 2361 D vold : -c
09-24 19:14:22.351 1688 2361 D vold : /dev/null
09-24 19:14:22.351 1688 2361 D vold : -s
09-24 19:14:22.351 1688 2361 D vold : TYPE
09-24 19:14:22.351 1688 2361 D vold : -s
09-24 19:14:22.351 1688 2361 D vold : UUID
09-24 19:14:22.351 1688 2361 D vold : -s
09-24 19:14:22.351 1688 2361 D vold : LABEL
09-24 19:14:22.351 1688 2361 D vold : /dev/block/vold/disk:253,80
09-24 19:14:22.351 2538 2538 E ActivityThread: Failed to find provider info for com.google.android.gsf.gservices
09-24 19:14:22.352 2041 2041 V SettingsProvider: Notifying for 0: content://settings/secure/navigation_mode
09-24 19:14:22.352 2041 2041 V SettingsProvider: Notifying for 0: content://settings/secure/assistant
09-24 19:14:22.353 2201 2201 E ActivityThread: Failed to find provider info for com.google.android.gsf.gservices
09-24 19:14:22.354 2041 2041 V SettingsProvider: Notifying for 0: content://settings/secure/snoozed_schedule_condition_provider
09-24 19:14:22.354 2041 2041 W Looper : Drained
09-24 19:14:22.355 2538 2538 E ActivityThread: Failed to find provider info for com.google.android.gsf.gservices
09-24 19:14:22.356 2538 2538 I SetupWizard: [arw] Esim is not enabled.
09-24 19:14:22.356 2538 2538 W ContextImpl: Failed to ensure /data/user/0/com.google.android.setupwizard/shared_prefs: mkdir failed: ENOENT (No such file or directory)
09-24 19:14:22.358 2538 2538 I chatty : uid=10095(com.google.android.setupwizard) identical 3 lines
09-24 19:14:22.358 2538 2538 E ActivityThread: Failed to find provider info for com.google.android.gsf.gservices
09-24 19:14:22.360 2041 2041 V SettingsProvider: Notifying for 0: content://settings/global/zen_mode_config_etag
09-24 19:14:22.361 2041 2041 V SettingsProvider: Notifying for 0: content://settings/global/zen_mode_config_etag
09-24 19:14:22.361 2201 2201 E ActivityThread: Failed to find provider info for com.google.android.gsf.gservices
09-24 19:14:22.356 2538 2538 W ContextImpl: Failed to ensure /data/user/0/com.google.android.setupwizard/shared_prefs: mkdir failed: ENOENT (No such file or directory)
09-24 19:14:22.362 2224 2445 D HostConnection: HostComposition ext ANDROID_EMU_CHECKSUM_HELPER_v1 ANDROID_EMU_dma_v1 ANDROID_EMU_direct_mem ANDROID_EMU_host_composition_v1 ANDROID_EMU_host_composition_v2 ANDROID_EMU_YUV420_888_to_NV21 ANDROID_EMU_YUV_Cache ANDROID_EMU_sync_buffer_data GL_OES_EGL_image_external_essl3 GL_OES_vertex_array_object ANDROID_EMU_host_side_tracing ANDROID_EMU_gles_max_version_3_0
09-24 19:14:22.366 2201 2201 I chatty : uid=10098 com.google.android.gms.persistent identical 6 lines
09-24 19:14:22.367 2201 2201 E ActivityThread: Failed to find provider info for com.google.android.gsf.gservices
09-24 19:14:22.367 2538 2538 E ActivityThread: Failed to find provider info for com.google.android.gsf.gservices
09-24 19:14:22.367 2518 2518 E ActivityThread: Failed to find provider info for com.google.android.gsf.gservices
09-24 19:14:22.369 1688 2361 D vold : /dev/block/vold/disk:253,80: LABEL="SDCARD" UUID="17F3-2B18" TYPE="vfat"
09-24 19:14:22.369 1688 2361 D vold :
09-24 19:14:22.370 1688 1695 D vold : Remounting 10113 as mode default
09-24 19:14:22.372 1688 2427 D vold : Remounting 10090 as mode default
09-24 19:14:22.374 2518 2518 E ActivityThread: Failed to find provider info for com.google.android.gsf.gservices
09-24 19:14:22.382 1688 2427 D vold : /system/bin/blkid
09-24 19:14:22.382 1688 2427 D vold : -c
09-24 19:14:22.382 1688 2427 D vold : /dev/null
09-24 19:14:22.382 1688 2427 D vold : -s
09-24 19:14:22.382 1688 2427 D vold : TYPE
09-24 19:14:22.382 1688 2427 D vold : -s
09-24 19:14:22.382 1688 2427 D vold : UUID
09-24 19:14:22.382 1688 2427 D vold : -s
09-24 19:14:22.382 1688 2427 D vold : LABEL
09-24 19:14:22.382 1688 2427 D vold : /dev/block/vold/public:253,80
09-24 19:14:22.383 2538 2538 E ActivityThread: Failed to find provider info for com.google.android.gsf.gservices
09-24 19:14:22.383 2201 2201 E ActivityThread: Failed to find provider info for com.google.android.gsf.gservices
09-24 19:14:22.384 2538 2538 E ActivityThread: Failed to find provider info for com.google.android.gsf.gservices
09-24 19:14:22.385 2538 2538 E ActivityThread: Failed to find provider info for com.google.android.gsf.gservices
09-24 19:14:22.387 2201 2201 E ActivityThread: Failed to find provider info for com.google.android.gsf.gservices
09-24 19:14:22.387 2538 2538 E ActivityThread: Failed to find provider info for com.google.android.gsf.gservices
09-24 19:14:22.388 2201 2201 E ActivityThread: Failed to find provider info for com.google.android.gsf.gservices
09-24 19:14:22.391 2224 2445 D eglCodecCommon: setVertexArrayObject: set vao to 0 (0) 0 0
09-24 19:14:22.391 2224 2445 D EGL_emulation: eglCreateContext: 0xe3e1aba0: maj 3 min 0 rcv 3
09-24 19:14:22.392 2201 2201 I chatty : uid=10098 com.google.android.gms.persistent identical 19 lines
09-24 19:14:22.392 2201 2201 E ActivityThread: Failed to find provider info for com.google.android.gsf.gservices
09-24 19:14:22.393 2538 2538 E ActivityThread: Failed to find provider info for com.google.android.gsf.gservices
09-24 19:14:22.395 2538 2538 I chatty : uid=10095(com.google.android.setupwizard) identical 3 lines
09-24 19:14:22.395 2538 2538 E ActivityThread: Failed to find provider info for com.google.android.gsf.gservices
09-24 19:14:22.396 2041 2058 W AccountManagerService: Blocking binding to authenticator ComponentInfo{com.google.android.gms/com.google.android.gms.auth.account.authenticator.GoogleAccountAuthenticatorService} which isn't encryption aware
09-24 19:14:22.398 2041 2327 W AccountManagerService: Blocking binding to authenticator ComponentInfo{com.google.android.gms/com.google.android.gms.auth.account.authenticator.GoogleAccountAuthenticatorService} which isn't encryption aware
09-24 19:14:22.398 2041 2327 I chatty : uid=1000(system) Binder:2041_5 expire 1 line
09-24 19:14:22.399 1688 2427 D vold : /dev/block/vold/public:253,80: LABEL="SDCARD" UUID="17F3-2B18" TYPE="vfat"
09-24 19:14:22.399 1688 2427 D vold :
09-24 19:14:22.399 2224 2445 D EGL_emulation: eglMakeCurrent: 0xe3e1aba0: ver 3 0 (tinfo 0xe3e0f6e0)
09-24 19:14:22.400 1688 2427 D vold : /system/bin/fsck_msdos
09-24 19:14:22.400 1688 2427 D vold : -p
09-24 19:14:22.400 1688 2427 D vold : -f
09-24 19:14:22.400 1688 2427 D vold : -y
09-24 19:14:22.400 1688 2427 D vold : /dev/block/vold/public:253,80
09-24 19:14:22.401 2538 2538 E ActivityThread: Failed to find provider info for com.google.android.gsf.gservices
09-24 19:14:22.402 2201 2201 W Primes : Primes not initialized, returning default (no-op) Primes instance which will ignore all calls. Please call Primes.initialize(...) before using any Primes API.
09-24 19:14:22.401 2538 2538 E ActivityThread: Failed to find provider info for com.google.android.gsf.gservices
09-24 19:14:22.403 2041 2591 W AccountManagerService: Blocking binding to authenticator ComponentInfo{com.google.android.gms/com.google.android.gms.auth.account.authenticator.GoogleAccountAuthenticatorService} which isn't encryption aware
09-24 19:14:22.403 2041 2591 I chatty : uid=1000(system) Binder:2041_9 expire 2 lines
09-24 19:14:22.403 2041 2463 W AccountManagerService: Blocking binding to authenticator ComponentInfo{com.google.android.gms/com.google.android.gms.auth.account.authenticator.GoogleAccountAuthenticatorService} which isn't encryption aware
09-24 19:14:22.404 2538 2538 E ActivityThread: Failed to find provider info for com.google.android.gsf.gservices
09-24 19:14:22.405 2538 2538 I chatty : uid=10095(com.google.android.setupwizard) identical 2 lines
09-24 19:14:22.405 2538 2538 E ActivityThread: Failed to find provider info for com.google.android.gsf.gservices
09-24 19:14:22.405 2201 2201 E ActivityThread: Failed to find provider info for com.google.android.gsf.gservices
09-24 19:14:22.405 2538 2538 I SetupWizard: [ClearcutLogsUploaderService] Scheduled job to upload logs.
09-24 19:14:22.406 2201 2201 E ActivityThread: Failed to find provider info for com.google.android.gsf.gservices
09-24 19:14:22.407 2041 2041 V SettingsProvider: Notifying for 0: content://settings/secure/allowed_geolocation_origins
09-24 19:14:22.407 2538 2538 E ActivityThread: Failed to find provider info for com.google.settings
09-24 19:14:22.408 2201 2602 I NativeLibraryUtils: Extraction to /data/user_de/0/com.google.android.gms/app_extracted_libs/x86/libAppDataSearch.so false
09-24 19:14:22.411 2518 2518 E ActivityThread: Failed to find provider info for com.google.android.gsf.gservices
09-24 19:14:22.411 2538 2538 E GoogleSettings: Can't set key use_location_for_services in content://com.google.settings/partner
09-24 19:14:22.411 2538 2538 E GoogleSettings: java.lang.IllegalArgumentException: Unknown URL content://com.google.settings/partner
09-24 19:14:22.411 2538 2538 E GoogleSettings: at android.content.ContentResolver.insert(ContentResolver.java:1824)
09-24 19:14:22.411 2538 2538 E GoogleSettings: at ajz.a(PG:15)
09-24 19:14:22.411 2538 2538 E GoogleSettings: at akf.a(PG:17)
09-24 19:14:22.411 2538 2538 E GoogleSettings: at awq.b(PG:8)
09-24 19:14:22.411 2538 2538 E GoogleSettings: at bku.b(Unknown Source:30)
09-24 19:14:22.411 2538 2538 E GoogleSettings: at asu.a(PG:13)
09-24 19:14:22.411 2538 2538 E GoogleSettings: at bid.a(PG:5)
09-24 19:14:22.411 2538 2538 E GoogleSettings: at com.google.android.setupwizard.SetupWizardActivity.onCreate(PG:29)
09-24 19:14:22.411 2538 2538 E GoogleSettings: at android.app.Activity.performCreate(Activity.java:7802)
09-24 19:14:22.411 2538 2538 E GoogleSettings: at android.app.Activity.performCreate(Activity.java:7791)
09-24 19:14:22.411 2538 2538 E GoogleSettings: at android.app.Instrumentation.callActivityOnCreate(Instrumentation.java:1299)
09-24 19:14:22.411 2538 2538 E GoogleSettings: at android.app.ActivityThread.performLaunchActivity(ActivityThread.java:3245)
09-24 19:14:22.411 2538 2538 E GoogleSettings: at android.app.ActivityThread.handleLaunchActivity(ActivityThread.java:3409)
09-24 19:14:22.411 2538 2538 E GoogleSettings: at android.app.servertransaction.LaunchActivityItem.execute(LaunchActivityItem.java:83)
09-24 19:14:22.411 2538 2538 E GoogleSettings: at android.app.servertransaction.TransactionExecutor.executeCallbacks(TransactionExecutor.java:135)
09-24 19:14:22.411 2538 2538 E GoogleSettings: at android.app.servertransaction.TransactionExecutor.execute(TransactionExecutor.java:95)
09-24 19:14:22.411 2538 2538 E GoogleSettings: at android.app.ActivityThread$H.handleMessage(ActivityThread.java:2016)
09-24 19:14:22.411 2538 2538 E GoogleSettings: at android.os.Handler.dispatchMessage(Handler.java:107)
09-24 19:14:22.411 2538 2538 E GoogleSettings: at android.os.Looper.loop(Looper.java:214)
09-24 19:14:22.411 2538 2538 E GoogleSettings: at android.app.ActivityThread.main(ActivityThread.java:7356)
09-24 19:14:22.411 2538 2538 E GoogleSettings: at java.lang.reflect.Method.invoke(Native Method)
09-24 19:14:22.411 2538 2538 E GoogleSettings: at com.android.internal.os.RuntimeInit$MethodAndArgsCaller.run(RuntimeInit.java:492)
09-24 19:14:22.411 2538 2538 E GoogleSettings: at com.android.internal.os.ZygoteInit.main(ZygoteInit.java:930)
09-24 19:14:22.413 2201 2201 E ActivityThread: Failed to find provider info for com.google.android.gsf.gservices
09-24 19:14:22.413 2201 2201 E ActivityThread: Failed to find provider info for com.google.android.gsf.gservices
09-24 19:14:22.413 2041 2041 V SettingsProvider: Notifying for 0: content://settings/secure/last_setup_shown
09-24 19:14:22.413 2538 2538 W SetupWizard: [bjc] Bad attempt to access Gservices value before user is unlocked. Returning default value for google_setup:device_origin_wipe_out_delay
09-24 19:14:22.414 2041 2463 W AccountManagerService: Blocking binding to authenticator ComponentInfo{com.google.android.gms/com.google.android.gms.auth.account.authenticator.GoogleAccountAuthenticatorService} which isn't encryption aware
09-24 19:14:22.414 2538 2538 I SetupWizard: [asv] Resetting enabled state of all components
09-24 19:14:22.414 2041 2463 W AccountManagerService: Blocking binding to authenticator ComponentInfo{com.google.android.gms/com.google.android.gms.auth.account.authenticator.GoogleAccountAuthenticatorService} which isn't encryption aware
09-24 19:14:22.415 2041 2463 W BroadcastQueue: Permission Denial: broadcasting Intent { act=com.google.android.gsf.settings.GoogleLocationSettings.UPDATE_LOCATION_SETTINGS flg=0x10 } from com.google.android.setupwizard (pid=2538, uid=10095) requires com.google.android.gms.permission.INTERNAL_BROADCAST due to registered receiver BroadcastFilter{b9b14dc 10098/u0 ReceiverList{1e1964e 2201 com.google.android.gms.persistent/10098/u0 remote:1cf8d49}}
09-24 19:14:22.415 1797 1935 D gralloc_ranchu: gralloc_alloc: Creating ashmem region of size 544768
09-24 19:14:22.416 2041 2060 D UsbDeviceManager: push notification:Charging this device via USB
09-24 19:14:22.416 2041 2041 V SettingsProvider: Notifying for 0: content://settings/global/network_recommendations_enabled
09-24 19:14:22.417 1681 1681 I hwservicemanager: getTransport: Cannot find entry android.hardware.graphics.mapper@3.0::IMapper/default in either framework or device manifest.
09-24 19:14:22.417 2224 2445 W Gralloc3: mapper 3.x is not supported
09-24 19:14:22.419 2518 2518 E ActivityThread: Failed to find provider info for com.google.android.gsf.gservices
09-24 19:14:22.420 2224 2445 D HostConnection: createUnique: call
09-24 19:14:22.420 2224 2445 D HostConnection: HostConnection::get() New Host Connection established 0xe3e4d400, tid 2445
09-24 19:14:22.420 2201 2602 I NativeLibraryUtils: Extraction to /data/user_de/0/com.google.android.gms/app_extracted_libs/x86/libWhisper.so false
09-24 19:14:22.429 2201 2602 I NativeLibraryUtils: Extraction to /data/user_de/0/com.google.android.gms/app_extracted_libs/x86/libconscrypt_gmscore_jni.so false
09-24 19:14:22.431 2224 2445 D HostConnection: HostComposition ext ANDROID_EMU_CHECKSUM_HELPER_v1 ANDROID_EMU_dma_v1 ANDROID_EMU_direct_mem ANDROID_EMU_host_composition_v1 ANDROID_EMU_host_composition_v2 ANDROID_EMU_YUV420_888_to_NV21 ANDROID_EMU_YUV_Cache ANDROID_EMU_sync_buffer_data GL_OES_EGL_image_external_essl3 GL_OES_vertex_array_object ANDROID_EMU_host_side_tracing ANDROID_EMU_gles_max_version_3_0
09-24 19:14:22.431 2224 2445 D eglCodecCommon: allocate: Ask for block of size 0x1000
09-24 19:14:22.431 2224 2445 D eglCodecCommon: allocate: ioctl allocate returned offset 0x3ffff6000 size 0x2000
09-24 19:14:22.431 1797 1935 D gralloc_ranchu: gralloc_alloc: Creating ashmem region of size 544768
09-24 19:14:22.432 1797 1935 D gralloc_ranchu: gralloc_alloc: Creating ashmem region of size 544768
09-24 19:14:22.444 2224 2445 D EGL_emulation: eglMakeCurrent: 0xe3e1aba0: ver 3 0 (tinfo 0xe3e0f6e0)
09-24 19:14:22.445 2041 2041 I LockSettingsService: Reporting device setup complete to IGateKeeperService
09-24 19:14:22.447 2041 2617 I chatty : uid=1000(system) Binder:2041_A expire 21 lines
09-24 19:14:22.449 1853 1853 D PermissionCache: checking android.permission.ACCESS_KEYGUARD_SECURE_STORAGE for uid=1000 => granted (1266 us)
09-24 19:14:22.449 1853 1853 I gatekeeperd: cold boot: clearing state
09-24 19:14:22.450 2041 2041 V SettingsProvider: Notifying for 0: content://settings/global/device_provisioned
09-24 19:14:22.451 2041 2041 V SettingsProvider: Notifying for 0: content://settings/secure/user_setup_complete
09-24 19:14:22.452 2041 2041 I DevicePolicyManager: Set ro.device_owner property to false
09-24 19:14:22.454 1681 1681 I hwservicemanager: getTransport: Cannot find entry android.hardware.radio@1.4::IRadio/slot1 in either framework or device manifest.
09-24 19:14:22.454 2201 2201 E ActivityThread: Failed to find provider info for com.google.android.gsf.gservices
09-24 19:14:22.454 1681 1681 I hwservicemanager: getTransport: Cannot find entry android.hardware.radio@1.3::IRadio/slot1 in either framework or device manifest.
09-24 19:14:22.455 2538 2538 W ContextImpl: Failed to ensure /data/user/0/com.google.android.setupwizard/shared_prefs: mkdir failed: ENOENT (No such file or directory)
09-24 19:14:22.456 1681 1681 I hwservicemanager: getTransport: Cannot find entry android.hardware.radio@1.2::IRadio/slot1 in either framework or device manifest.
09-24 19:14:22.456 1681 1681 I hwservicemanager: getTransport: Cannot find entry android.hardware.radio@1.1::IRadio/slot1 in either framework or device manifest.
09-24 19:14:22.458 2538 2538 W ContextImpl: Failed to ensure /data/user/0/com.google.android.setupwizard/shared_prefs: mkdir failed: ENOENT (No such file or directory)
09-24 19:14:22.458 2465 2465 I android_os_HwBinder: HwBinder: Starting thread pool for getting: android.hardware.radio@1.0::IRadio/slot1
09-24 19:14:22.454 2201 2201 E ActivityThread: Failed to find provider info for com.google.android.gsf.gservices
09-24 19:14:22.458 2041 2068 D PinnerService: pinRangeStream: null
09-24 19:14:22.459 2538 2538 E ActivityThread: Failed to find provider info for com.google.android.gsf.gservices
09-24 19:14:22.461 2538 2538 W ContextImpl: Failed to ensure /data/user/0/com.google.android.setupwizard/shared_prefs: mkdir failed: ENOENT (No such file or directory)
09-24 19:14:22.460 2538 2538 E ActivityThread: Failed to find provider info for com.google.android.gsf.gservices
09-24 19:14:22.463 2041 2617 W AccountManagerService: Blocking binding to authenticator ComponentInfo{com.google.android.gms/com.google.android.gms.auth.account.authenticator.GoogleAccountAuthenticatorService} which isn't encryption aware
09-24 19:14:22.462 2538 2538 I chatty : uid=10095(com.google.android.setupwizard) identical 1 line
09-24 19:14:22.463 2538 2538 W ContextImpl: Failed to ensure /data/user/0/com.google.android.setupwizard/shared_prefs: mkdir failed: ENOENT (No such file or directory)
09-24 19:14:22.464 2041 2591 W AccountManagerService: Blocking binding to authenticator ComponentInfo{com.google.android.gms/com.google.android.gms.auth.account.authenticator.GoogleAccountAuthenticatorService} which isn't encryption aware
09-24 19:14:22.465 2201 2201 E ActivityThread: Failed to find provider info for com.google.android.gsf.gservices
09-24 19:14:22.465 2201 2201 E ActivityThread: Failed to find provider info for com.google.android.gsf.gservices
09-24 19:14:22.465 2041 2617 I ActivityTaskManager: START u0 {act=android.intent.action.MAIN cat=[android.intent.category.HOME] flg=0x10000100 cmp=com.android.settings/.FallbackHome} from uid 0
09-24 19:14:22.468 2201 2201 E ActivityThread: Failed to find provider info for com.google.android.gsf.gservices
09-24 19:14:22.468 2201 2201 I chatty : uid=10098 com.google.android.gms.persistent identical 1 line
09-24 19:14:22.469 2201 2201 E ActivityThread: Failed to find provider info for com.google.android.gsf.gservices
09-24 19:14:22.481 2518 2518 I SystemConfig: Adding association: com.google.android.as <- com.android.providers.contacts
09-24 19:14:22.481 2518 2518 I SystemConfig: Adding association: com.google.android.as <- com.android.providers.media
09-24 19:14:22.481 2518 2518 I SystemConfig: Adding association: com.google.android.as <- com.android.providers.telephony
09-24 19:14:22.481 2518 2518 I SystemConfig: Adding association: com.google.android.as <- com.android.systemui
09-24 19:14:22.481 2518 2518 I SystemConfig: Adding association: com.google.android.as <- com.google.android.gms
09-24 19:14:22.481 2518 2518 I SystemConfig: Adding association: com.google.android.as <- com.google.android.gsf
09-24 19:14:22.485 2518 2518 W SystemConfig: No directory /product_services/etc/sysconfig, skipping
09-24 19:14:22.485 2518 2518 W SystemConfig: No directory /product_services/etc/permissions, skipping
09-24 19:14:22.497 1688 2427 D vold : /dev/block/vold/public:253,80: Invalid signature in fsinfo block
09-24 19:14:22.497 1688 2427 D vold :
09-24 19:14:22.497 1688 2427 D vold : FIXED
09-24 19:14:22.497 1688 2427 D vold :
09-24 19:14:22.497 1688 2427 D vold : /dev/block/vold/public:253,80: Free space in FSInfo block (1044456) not correct (261113)
09-24 19:14:22.497 1688 2427 D vold :
09-24 19:14:22.497 1688 2427 D vold : FIXED
09-24 19:14:22.497 1688 2427 D vold :
09-24 19:14:22.497 1688 2427 D vold : /dev/block/vold/public:253,80: 1 files, 522226 free (261113 clusters)
09-24 19:14:22.497 1688 2427 D vold :
09-24 19:14:22.498 1688 2427 I vold : Filesystem check completed OK
09-24 19:14:22.500 1688 2427 D vold : Waiting for FUSE to spin up...
09-24 19:14:22.502 2247 2453 W Role : com.google.android.setupwizard not qualified for android.app.role.HOME due to missing RequiredComponent{mIntentFilterData=IntentFilterData{mAction='android.intent.action.MAIN', mCategories='[android.intent.category.HOME]', mDataScheme='null', mDataType='null'}, mPermission='null', mMetaData=[]}
09-24 19:14:22.502 2247 2453 I RoleControllerServiceImpl: Removing package that no longer qualifies for the role, package: com.google.android.setupwizard, role: android.app.role.HOME
09-24 19:14:22.505 2247 2453 I RoleControllerServiceImpl: Adding package as default/fallback role holder, package: com.google.android.sdksetup, role: android.app.role.HOME
09-24 19:14:22.506 2621 2621 W sdcard : Device explicitly enabled sdcardfs
09-24 19:14:22.526 2518 2518 I GmsApplication: Updating config completed
09-24 19:14:22.531 2518 2518 W DynamiteModule: Local module descriptor class for providerinstaller not found.
09-24 19:14:22.534 2518 2518 W ProviderHelper: Unknown dynamite feature providerinstaller
09-24 19:14:22.550 1688 1695 D vold : Remounting 10054 as mode default
09-24 19:14:22.552 1688 2427 D vold : Remounting 10108 as mode default
09-24 19:14:22.553 1681 1681 I hwservicemanager: getTransport: Cannot find entry android.hardware.radio.deprecated@1.0::IOemHook/slot1 in either framework or device manifest.
09-24 19:14:22.553 1688 2361 D vold : Remounting 2000 as mode full
09-24 19:14:22.553 1688 2361 D vold : Found matching PID 1817
09-24 19:14:22.553 1688 2361 W vold : Skipping due to root namespace
09-24 19:14:22.553 1688 2361 D vold : Found matching PID 2039
09-24 19:14:22.553 1688 2361 W vold : Skipping due to root namespace
09-24 19:14:22.554 1688 2193 D vold : Remounting 10100 as mode default
09-24 19:14:22.554 1688 2193 D vold : Found matching PID 2224
09-24 19:14:22.563 2224 2445 I OpenGLRenderer: Davey! duration=898ms; Flags=1, IntendedVsync=13249683340, Vsync=13866349982, OldestInputEvent=9223372036854775807, NewestInputEvent=0, HandleInputStart=13877849466, AnimationStart=13877889118, PerformTraversalsStart=13877954832, DrawStart=14030046373, SyncQueued=14030165260, SyncStart=14042442938, IssueDrawCommandsStart=14042512630, SwapBuffers=14044580041, FrameCompleted=14160704525, DequeueBufferDuration=38000, QueueBufferDuration=1764000,
09-24 19:14:22.564 1826 1826 D incidentd: WorkDirectory::getReports
09-24 19:14:22.565 2201 2201 E ActivityThread: Failed to find provider info for com.google.android.gsf.gservices
09-24 19:14:22.565 2518 2518 E ActivityThread: Failed to find provider info for com.google.android.gsf.gservices
09-24 19:14:22.566 2518 2518 I DynamiteModule: Considering local module providerinstaller:0 and remote module providerinstaller:0
09-24 19:14:22.566 2518 2518 W ProviderInstaller: Failed to load providerinstaller module: No acceptable module found. Local version is 0 and remote version is 0.
09-24 19:14:22.567 2201 2602 I NativeLibraryUtils: Extraction to /data/user_de/0/com.google.android.gms/app_extracted_libs/x86/libgcastv2_base.so false
09-24 19:14:22.567 2041 2068 I chatty : uid=1000(system) android.bg expire 1 line
09-24 19:14:22.570 2201 2602 I NativeLibraryUtils: Extraction to /data/user_de/0/com.google.android.gms/app_extracted_libs/x86/libgcastv2_support.so false
09-24 19:14:22.574 2041 2163 I chatty : uid=1000(system) notification-sq expire 1 line
09-24 19:14:22.566 2518 2518 E ActivityThread: Failed to find provider info for com.google.android.gsf.gservices
09-24 19:14:22.576 2041 2068 W ActivityManager: Unable to start service Intent { act=android.service.systemcaptions.SystemCaptionsManagerService cmp=com.google.android.as/com.google.android.apps.miphone.aiai.captions.SystemCaptionsManagerService } U=0: not found
09-24 19:14:22.576 2041 2463 W AccountManagerService: Blocking binding to authenticator ComponentInfo{com.google.android.gms/com.google.android.gms.auth.account.authenticator.GoogleAccountAuthenticatorService} which isn't encryption aware
09-24 19:14:22.576 2201 2201 E ActivityThread: Failed to find provider info for com.google.android.gsf.gservices
09-24 19:14:22.576 2041 2120 W AccountManagerService: Blocking binding to authenticator ComponentInfo{com.google.android.gms/com.google.android.gms.auth.account.authenticator.GoogleAccountAuthenticatorService} which isn't encryption aware
09-24 19:14:22.576 2041 2120 I chatty : uid=1000(system) Binder:2041_3 expire 1 line
09-24 19:14:22.577 2041 2068 W RemoteSystemCaptionsManagerService: Could not bind to Intent { act=android.service.systemcaptions.SystemCaptionsManagerService cmp=com.google.android.as/com.google.android.apps.miphone.aiai.captions.SystemCaptionsManagerService } with flags 67108865
09-24 19:14:22.577 2518 2518 V NativeCrypto: Registering com/google/android/gms/org/conscrypt/NativeCrypto's 284 native methods...
09-24 19:14:22.577 2201 2201 E ActivityThread: Failed to find provider info for com.google.android.gsf.gservices
09-24 19:14:22.577 2538 2538 E ActivityThread: Failed to find provider info for com.google.android.gsf.gservices
09-24 19:14:22.577 2538 2538 E ActivityThread: Failed to find provider info for com.google.android.gsf.gservices
09-24 19:14:22.578 2041 2041 I Telecom : PhoneAccountRegistrar: getSimCallManager: SimCallManager for subId -1 queried, returning: null: TSI.gSCMFU@AAM
09-24 19:14:22.579 2538 2538 I SetupWizard: [PreDeferredLifecycleScheduler] Scheduled job#2650 to run at Tue Sep 24 16:14:23 GMT 2024
09-24 19:14:22.579 2041 2041 I Telecom : PhoneAccountRegistrar: getSimCallManager: SimCallManager for subId -1 queried, returning: null: TSI.gSCMFU@AAQ
09-24 19:14:22.580 2201 2201 E ActivityThread: Failed to find provider info for com.google.android.gsf.gservices
09-24 19:14:22.581 1780 1780 D Zygote : Forked child process 2629
09-24 19:14:22.582 1827 1859 D installd: Found quota mount /dev/block/vdc at /data
09-24 19:14:22.582 1827 1859 D installd: Found storage mount /mnt/media_rw/17F3-2B18 at /mnt/runtime/default/17F3-2B18
09-24 19:14:22.582 2201 2201 I chatty : uid=10098 com.google.android.gms.persistent identical 6 lines
09-24 19:14:22.582 2201 2201 E ActivityThread: Failed to find provider info for com.google.android.gsf.gservices
09-24 19:14:22.582 2041 2068 E SystemCaptionsManagerPerUserService: Bad service name: com.google.android.as/com.google.android.apps.miphone.aiai.captions.SystemCaptionsManagerService
09-24 19:14:22.583 2041 2068 E AppPredictionPerUserService: Bad service name: com.google.android.as/com.google.android.apps.miphone.aiai.app.AiAiPredictionService
09-24 19:14:22.583 2041 2068 E ContentSuggestionsPerUserService: Bad service name: com.google.android.as/com.google.android.apps.miphone.aiai.app.AiAiContentSuggestionsService
09-24 19:14:22.583 2041 2068 E AutofillManagerServiceImpl: Bad service name: com.google.android.gms/.autofill.service.AutofillService
09-24 19:14:22.583 2201 2602 I NativeLibraryUtils: Extraction to /data/user_de/0/com.google.android.gms/app_extracted_libs/x86/libgmscore.so false
09-24 19:14:22.587 2041 2072 I ActivityManager: Start proc 2629:com.android.settings/1000 for activity {com.android.settings/com.android.settings.FallbackHome}
09-24 19:14:22.587 2201 2613 E ActivityThread: Failed to find provider info for com.google.android.gsf.gservices
09-24 19:14:22.589 2518 2518 D NetworkSecurityConfig: Using Network Security Config from resource network_security_config debugBuild: false
09-24 19:14:22.590 2518 2518 I ProviderInstaller: Installed default security provider GmsCore_OpenSSL
09-24 19:14:22.587 2201 2613 E ActivityThread: Failed to find provider info for com.google.android.gsf.gservices
09-24 19:14:22.591 2518 2518 E ActivityThread: Failed to find provider info for com.google.android.gsf.gservices
09-24 19:14:22.591 2518 2518 I chatty : uid=10098(com.google.android.gms) identical 2 lines
09-24 19:14:22.591 2518 2518 E ActivityThread: Failed to find provider info for com.google.android.gsf.gservices
09-24 19:14:22.592 2201 2201 E ActivityThread: Failed to find provider info for com.google.android.gsf.gservices
09-24 19:14:22.593 2201 2613 E ActivityThread: Failed to find provider info for com.google.android.gsf.gservices
09-24 19:14:22.593 2201 2613 E ActivityThread: Failed to find provider info for com.google.android.gsf.gservices
09-24 19:14:22.596 2518 2518 E ActivityThread: Failed to find provider info for com.google.android.gsf.gservices
09-24 19:14:22.598 2201 2602 I NativeLibraryUtils: Extraction to /data/user_de/0/com.google.android.gms/app_extracted_libs/x86/libgoogle-ocrclient-v3.so false
09-24 19:14:22.598 2518 2518 I chatty : uid=10098(com.google.android.gms) identical 2 lines
09-24 19:14:22.599 2518 2518 E ActivityThread: Failed to find provider info for com.google.android.gsf.gservices
09-24 19:14:22.600 2201 2201 E ActivityThread: Failed to find provider info for com.google.android.gsf.gservices
09-24 19:14:22.603 2629 2629 W ndroid.setting: Unexpected CPU variant for X86 using defaults: x86
09-24 19:14:22.601 2201 2201 E ActivityThread: Failed to find provider info for com.google.android.gsf.gservices
