09-24 19:14:15.423 1810 1810 V APM_AudioPolicyManager: selectOutputForMusicEffects selected output 13
09-24 19:14:15.423 1810 1810 V APM_AudioPolicyManager: setOutputDevices device {type:0x2,@:} delayMs 0
09-24 19:14:15.423 1810 1810 V APM_AudioPolicyManager: setOutputDevices() prevDevice {type:0x2,@:}
09-24 19:14:15.423 1810 1810 V APM_AudioPolicyManager: setOutputDevices changing device to {type:0x2,@:}
09-24 19:14:15.423 1810 1810 V APM_AudioPolicyManager: setOutputDevices() AF::createAudioPatch returned 0 patchHandle 12 num_sources 1 num_sinks 1
09-24 19:14:15.424 1810 1810 V APM_AudioPolicyManager: checkAndSetVolume cannot set volume group 3 volume with force use = 0 for comm
09-24 19:14:15.426 1810 1958 I AudioFlinger: AudioFlinger's thread 0xf0538d00 tid=1958 ready to run
09-24 19:14:15.426 1810 1958 W AudioFlinger: no wake lock to update, system not ready yet
09-24 19:14:15.426 1810 1958 W AudioFlinger: no wake lock to update, system not ready yet
09-24 19:14:15.427 1786 1786 I r_submix: adev_open(name=audio_hw_if)
09-24 19:14:15.427 1786 1786 I r_submix: adev_init_check()
09-24 19:14:15.427 1786 1786 W DeviceHAL: Error from HAL Device in function set_master_volume: Function not implemented
09-24 19:14:15.427 1786 1786 W DeviceHAL: Error from HAL Device in function set_master_mute: Function not implemented
09-24 19:14:15.427 1810 1810 I AudioFlinger: loadHwModule() Loaded r_submix audio interface, handle 18
09-24 19:14:15.427 1786 1786 D r_submix: adev_open_input_stream(addr=0)
09-24 19:14:15.427 1786 1786 D r_submix: submix_audio_device_create_pipe_l(addr=0, idx=9)
09-24 19:14:15.427 1786 1786 D r_submix: now using address 0 for route 9
09-24 19:14:15.427 1810 1960 I AudioFlinger: AudioFlinger's thread 0xf0538340 tid=1960 ready to run
09-24 19:14:15.427 1786 1786 I r_submix: in_standby()
09-24 19:14:15.428 1810 1960 W AudioFlinger: no wake lock to update, system not ready yet
09-24 19:14:15.428 1786 1786 I r_submix: in_standby()
09-24 19:14:15.428 1810 1960 W AudioFlinger: no wake lock to update, system not ready yet
09-24 19:14:15.428 1786 1786 D r_submix: adev_close_input_stream()
09-24 19:14:15.428 1786 1786 D r_submix: submix_audio_device_release_pipe_l(idx=9) addr=0
09-24 19:14:15.428 1786 1786 D r_submix: submix_audio_device_destroy_pipe_l(): pipe destroyed
09-24 19:14:15.428 1810 1810 I : Waiting for activity service
09-24 19:14:15.472 1844 1905 I ServiceManager: Waiting for service 'package_native' on '/dev/binder'...
09-24 19:14:15.481 1780 1780 D ICU : Time zone APEX file found: /apex/com.android.tzdata/etc/icu/icu_tzdata.dat
09-24 19:14:15.491 1964 1964 E netmgr : Failed to open QEMU pipe 'qemud:network': Invalid argument
09-24 19:14:15.496 1966 1966 E wifi_forwarder: RemoteConnection failed to initialize: RemoteConnection failed to open pipe
09-24 19:14:15.512 1780 1780 W zygote : Unexpected CPU variant for X86 using defaults: x86
09-24 19:14:15.512 1956 1956 D BootAnimation: BootAnimationStartTiming start time: 7110ms
09-24 19:14:15.512 1956 1956 D BootAnimation: BootAnimationPreloadTiming start time: 7110ms
09-24 19:14:15.531 1975 1975 E hostapd : Configuration file: /data/vendor/wifi/hostapd/hostapd.conf
09-24 19:14:15.533 1975 1975 I hostapd : rfkill: Cannot get wiphy information
09-24 19:14:15.535 1975 1975 I hostapd : wlan1: interface state UNINITIALIZED->COUNTRY_UPDATE
09-24 19:14:15.572 1844 1905 I ServiceManager: Waiting for service 'package_native' on '/dev/binder'...
09-24 19:14:15.574 1956 1956 D BootAnimation: BootAnimationPreloadStopTiming start time: 7172ms
09-24 19:14:15.574 1813 1913 E SurfaceFlinger: ro.sf.lcd_density must be defined as a build property
09-24 19:14:15.575 1956 1985 D libEGL : Emulator has host GPU support, qemu.gles is set to 1.
09-24 19:14:15.577 1956 1985 D libEGL : loaded /vendor/lib/egl/libEGL_emulation.so
09-24 19:14:15.578 1956 1985 D libEGL : loaded /vendor/lib/egl/libGLESv1_CM_emulation.so
09-24 19:14:15.578 1956 1985 D libEGL : loaded /vendor/lib/egl/libGLESv2_emulation.so
09-24 19:14:15.580 1780 1780 W zygote : JNI RegisterNativeMethods: attempt to register 0 native methods for android.media.AudioAttributes
09-24 19:14:15.585 1956 1985 D HostConnection: HostConnection::get() New Host Connection established 0xeaa3d4a0, tid 1985
09-24 19:14:15.589 1780 1780 D Zygote : begin preload
09-24 19:14:15.590 1780 1780 I Zygote : Calling ZygoteHooks.beginPreload()
09-24 19:14:15.591 1956 1985 D HostConnection: HostComposition ext ANDROID_EMU_CHECKSUM_HELPER_v1 ANDROID_EMU_dma_v1 ANDROID_EMU_direct_mem ANDROID_EMU_host_composition_v1 ANDROID_EMU_host_composition_v2 ANDROID_EMU_YUV420_888_to_NV21 ANDROID_EMU_YUV_Cache ANDROID_EMU_sync_buffer_data GL_OES_EGL_image_external_essl3 GL_OES_vertex_array_object ANDROID_EMU_host_side_tracing ANDROID_EMU_gles_max_version_3_0
09-24 19:14:15.592 1797 1935 D gralloc_ranchu: gralloc_alloc: Creating ashmem region of size 10371072
09-24 19:14:15.594 1681 1681 I hwservicemanager: getTransport: Cannot find entry android.hardware.graphics.mapper@3.0::IMapper/default in either framework or device manifest.
09-24 19:14:15.594 1956 1985 W Gralloc3: mapper 3.x is not supported
09-24 19:14:15.596 1956 1985 D HostConnection: createUnique: call
09-24 19:14:15.596 1956 1985 D HostConnection: HostConnection::get() New Host Connection established 0xeaa3d540, tid 1985
09-24 19:14:15.596 1956 1985 D HostConnection: HostComposition ext ANDROID_EMU_CHECKSUM_HELPER_v1 ANDROID_EMU_dma_v1 ANDROID_EMU_direct_mem ANDROID_EMU_host_composition_v1 ANDROID_EMU_host_composition_v2 ANDROID_EMU_YUV420_888_to_NV21 ANDROID_EMU_YUV_Cache ANDROID_EMU_sync_buffer_data GL_OES_EGL_image_external_essl3 GL_OES_vertex_array_object ANDROID_EMU_host_side_tracing ANDROID_EMU_gles_max_version_3_0
09-24 19:14:15.596 1956 1985 D eglCodecCommon: allocate: Ask for block of size 0x1000
09-24 19:14:15.597 1956 1985 D eglCodecCommon: allocate: ioctl allocate returned offset 0x3ffffa000 size 0x2000
09-24 19:14:15.597 1956 1985 D eglCodecCommon: setVertexArrayObject: set vao to 0 (0) 0 0
09-24 19:14:15.597 1956 1985 D EGL_emulation: eglCreateContext: 0xeaa684e0: maj 1 min 0 rcv 1
09-24 19:14:15.601 1956 1985 D EGL_emulation: eglMakeCurrent: 0xeaa684e0: ver 1 0 (tinfo 0xeaa000c0)
09-24 19:14:15.608 1780 1780 I Zygote : Preloading classes...
09-24 19:14:15.609 1780 1780 W Zygote : Class not found for preloading: android.app.-$$Lambda$ActivityThread$ZXDWm3IBeFmLnFVblhB-IOZCr9o
09-24 19:14:15.625 1956 1985 D BootAnimation: BootAnimationShownTiming start time: 7223ms
09-24 19:14:15.626 1956 1986 E BootAnimation: Could not add watch for /data/system
09-24 19:14:15.632 1780 1780 W Zygote : Class not found for preloading: android.bluetooth.BluetoothA2dp$2
09-24 19:14:15.641 1780 1780 I PackageBackwardCompatibility: Could not find android.content.pm.AndroidTestBaseUpdater, ignoring
09-24 19:14:15.672 1844 1905 I ServiceManager: Waiting for service 'package_native' on '/dev/binder'...
09-24 19:14:15.773 1844 1905 I ServiceManager: Waiting for service 'package_native' on '/dev/binder'...
09-24 19:14:15.786 1813 1913 D HostConnection: HostConnection::get() New Host Connection established 0xe7936460, tid 1913
09-24 19:14:15.786 1813 1913 D HostConnection: HostComposition ext ANDROID_EMU_CHECKSUM_HELPER_v1 ANDROID_EMU_dma_v1 ANDROID_EMU_direct_mem ANDROID_EMU_host_composition_v1 ANDROID_EMU_host_composition_v2 ANDROID_EMU_YUV420_888_to_NV21 ANDROID_EMU_YUV_Cache ANDROID_EMU_sync_buffer_data GL_OES_EGL_image_external_essl3 GL_OES_vertex_array_object ANDROID_EMU_host_side_tracing ANDROID_EMU_gles_max_version_3_0
09-24 19:14:15.786 1797 1935 D gralloc_ranchu: gralloc_alloc: Creating ashmem region of size 10371072
09-24 19:14:15.790 1813 1813 I SurfaceFlinger: Enter boot animation
09-24 19:14:15.791 1798 1798 D eglCodecCommon: allocate: Ask for block of size 0x1000
09-24 19:14:15.791 1798 1798 D eglCodecCommon: allocate: ioctl allocate returned offset 0x3ffff8000 size 0x2000
09-24 19:14:15.791 1798 1798 D HostConnection: createUnique: call
09-24 19:14:15.791 1798 1798 D HostConnection: HostConnection::get() New Host Connection established 0xf2b16690, tid 1798
09-24 19:14:15.791 1798 1798 D HostConnection: HostComposition ext ANDROID_EMU_CHECKSUM_HELPER_v1 ANDROID_EMU_dma_v1 ANDROID_EMU_direct_mem ANDROID_EMU_host_composition_v1 ANDROID_EMU_host_composition_v2 ANDROID_EMU_YUV420_888_to_NV21 ANDROID_EMU_YUV_Cache ANDROID_EMU_sync_buffer_data GL_OES_EGL_image_external_essl3 GL_OES_vertex_array_object ANDROID_EMU_host_side_tracing ANDROID_EMU_gles_max_version_3_0
09-24 19:14:15.792 1798 1798 D gralloc_ranchu: gralloc_alloc: Creating ashmem region of size 10371072
09-24 19:14:15.792 1798 1798 I EmuHWC2 : targetCb 11
09-24 19:14:15.802 1779 1779 I netd : Setting up StrictController hooks: 546.0ms
09-24 19:14:15.802 1779 1779 I ClatdController: 4.9+ kernel and device shipped with P - clat ebpf might work.
09-24 19:14:15.802 1779 1779 I netd : Initializing ClatdController: 0.1ms
09-24 19:14:15.802 1779 1779 I netd : Initializing traffic control: 0.4ms
09-24 19:14:15.805 1779 1779 I netd : Enabling bandwidth control: 2.1ms
09-24 19:14:15.805 1779 1779 E Netd : cannot find interface dummy0
09-24 19:14:15.805 1779 1779 I netd : Initializing RouteController: 0.5ms
09-24 19:14:15.805 1779 1779 D XfrmController: XfrmController::ipSecAddXfrmInterface, line=1379
09-24 19:14:15.805 1779 1779 D XfrmController: XfrmController::ipSecRemoveTunnelInterface, line=1592
09-24 19:14:15.805 1779 1779 D XfrmController: deviceName=ipsec_test
09-24 19:14:15.847 1780 1780 E ActivityRecognitionHardware: activity_recognition HAL is deprecated. class_init is effectively a no-op
09-24 19:14:15.877 1780 1780 I zygote : Thread[1,tid=1780,Native,Thread*=0xf7238800,peer=0x12c021f8,"main"] recursive attempt to load library "libmedia_jni.so"
09-24 19:14:15.878 1780 1780 D MtpDeviceJNI: register_android_mtp_MtpDevice
09-24 19:14:15.878 1780 1780 I zygote : Thread[1,tid=1780,Native,Thread*=0xf7238800,peer=0x12c021f8,"main"] recursive attempt to load library "libmedia_jni.so"
09-24 19:14:15.878 1780 1780 I zygote : Thread[1,tid=1780,Native,Thread*=0xf7238800,peer=0x12c021f8,"main"] recursive attempt to load library "libmedia_jni.so"
09-24 19:14:15.882 1844 1905 I ServiceManager: Waiting for service 'package_native' on '/dev/binder'...
09-24 19:14:15.890 1780 1780 W Zygote : Class not found for preloading: android.media.audiopolicy.AudioProductStrategies
09-24 19:14:15.890 1780 1780 W Zygote : Class not found for preloading: android.media.audiopolicy.AudioVolumeGroups
09-24 19:14:15.945 1780 1780 W Zygote : Class not found for preloading: android.view.textclassifier.-$$Lambda$TextClassificationManager$JIaezIJbMig_-kVzN6oArzkTsJE
09-24 19:14:15.950 1780 1780 W Zygote : Class not found for preloading: com.android.internal.net.NetworkStatsFactory
09-24 19:14:15.955 1780 1780 W Zygote : Class not found for preloading: com.android.internal.telephony.-$$Lambda$PhoneSubInfoController$8HFbCDJDN1mrLJG980qYH5MGqMk
09-24 19:14:15.955 1780 1780 W Zygote : Class not found for preloading: com.android.internal.telephony.-$$Lambda$PhoneSubInfoController$U28a_EGx2cvmQhDfRRgonMt5Zrc
09-24 19:14:15.955 1780 1780 W Zygote : Class not found for preloading: com.android.internal.telephony.-$$Lambda$SubscriptionInfoUpdater$-zZXM9oMRZ3vZz7dJOG19J00Bmw
09-24 19:14:15.955 1780 1780 W Zygote : Class not found for preloading: com.android.internal.telephony.-$$Lambda$SubscriptionInfoUpdater$D5yF1HbS4cvCyoAj3FESkPtA_0g
09-24 19:14:15.955 1780 1780 W Zygote : Class not found for preloading: com.android.internal.telephony.-$$Lambda$SubscriptionInfoUpdater$MMx9iQX0JVqqMPLTUZhdBubFSzU
09-24 19:14:15.961 1780 1780 W Zygote : Class not found for preloading: com.android.internal.telephony.PhoneConfigurationModels
09-24 19:14:15.963 1780 1780 W Zygote : Class not found for preloading: com.android.internal.telephony.SubscriptionController$ScLocalLog
09-24 19:14:15.964 1780 1780 W Zygote : Class not found for preloading: com.android.internal.telephony.UiccSmsController
09-24 19:14:15.983 1844 1905 I ServiceManager: Waiting for service 'package_native' on '/dev/binder'...
09-24 19:14:15.986 1780 1780 I Zygote : ...preloaded 7590 classes in 379ms.
09-24 19:14:15.986 1780 1780 I zygote : VMRuntime.preloadDexCaches starting
09-24 19:14:15.994 1779 1779 D XfrmController: Sending Netlink XFRM Message: XFRM_MSG_FLUSHSA
09-24 19:14:15.994 1779 1779 D XfrmController: Sending Netlink XFRM Message: XFRM_MSG_FLUSHPOLICY
09-24 19:14:15.994 1779 1779 I netd : Initializing XfrmController: 189.2ms
09-24 19:14:15.995 1779 1779 E Netd : Unable to create netlink socket for family 5: Protocol not supported
09-24 19:14:15.995 1779 1779 W Netd : Unable to open qlog quota socket, check if xt_quota2 can send via UeventHandler
09-24 19:14:16.001 1780 1780 I zygote : VMRuntime.preloadDexCaches strings total=378939 before=9925 after=9925
09-24 19:14:16.001 1780 1780 I zygote : VMRuntime.preloadDexCaches types total=35812 before=7199 after=7467
09-24 19:14:16.001 1780 1780 I zygote : VMRuntime.preloadDexCaches fields total=160600 before=8020 after=8221
09-24 19:14:16.001 1780 1780 I zygote : VMRuntime.preloadDexCaches methods total=281511 before=10884 after=11316
09-24 19:14:16.001 1780 1780 I zygote : VMRuntime.preloadDexCaches finished
09-24 19:14:16.001 1779 1779 I libnetd_resolv: resolv_init: Initializing resolver
09-24 19:14:16.002 1779 1779 D MDnsDS : MDnsSdListener::Hander starting up
09-24 19:14:16.002 1779 1779 I netd : Registering NetdNativeService: 0.1ms
09-24 19:14:16.002 1779 2005 D MDnsDS : MDnsSdListener starting to monitor
09-24 19:14:16.002 1779 2005 D MDnsDS : Going to poll with pollCount 1
09-24 19:14:16.003 1780 1780 I zygote : The ClassLoaderContext is a special shared library.
09-24 19:14:16.003 1780 1780 D ApplicationLoaders: Created zygote-cached class loader: /system/framework/android.hidl.base-V1.0-java.jar
09-24 19:14:16.003 1779 1779 I ServiceManagement: Registered android.system.net.netd@1.1::INetd/default (start delay of 1081ms)
09-24 19:14:16.003 1779 1779 I netd : Registering NetdHwService: 1.1ms
09-24 19:14:16.003 1779 1779 I netd : Netd started in 1048ms
09-24 19:14:16.004 1780 1780 I zygote : The ClassLoaderContext is a special shared library.
09-24 19:14:16.004 1780 1780 D ApplicationLoaders: Created zygote-cached class loader: /system/framework/android.hidl.manager-V1.0-java.jar
09-24 19:14:16.083 1844 1905 I ServiceManager: Waiting for service 'package_native' on '/dev/binder'...
09-24 19:14:16.093 1817 1817 I adbd : adbd listening on port 5555
09-24 19:14:16.093 1817 2013 I adbd : USB event: FUNCTIONFS_ENABLE
09-24 19:14:16.093 1817 2013 W adbd : received FUNCTIONFS_ENABLE while not bound?
09-24 19:14:16.093 1817 2013 I adbd : UsbFfs: connection terminated: monitor thread finished
09-24 19:14:16.093 1817 1817 I adbd : UsbFfs: already offline
09-24 19:14:16.093 1817 1817 I adbd : destroying transport UsbFfs
09-24 19:14:16.093 1817 1817 I adbd : UsbFfsConnection being destroyed
09-24 19:14:16.170 1780 1780 I Zygote : Preloading resources...
09-24 19:14:16.172 1817 1843 I adbd : opening control endpoint /dev/usb-ffs/adb/ep0
09-24 19:14:16.172 1817 2017 I adbd : host-15: write thread spawning
09-24 19:14:16.175 1817 1843 I adbd : UsbFfsConnection constructed
09-24 19:14:16.175 1817 2016 I adbd : host-15: read thread spawning
09-24 19:14:16.175 1817 2024 I adbd : USB event: FUNCTIONFS_BIND
09-24 19:14:16.175 1817 1817 I adbd : host-15: already offline
09-24 19:14:16.175 1817 1817 I adbd : Calling send_auth_request...
09-24 19:14:16.177 1817 1817 I adbd : Loading keys from /data/misc/adb/adb_keys
09-24 19:14:16.177 1817 1817 I adbd : adb client authorized
09-24 19:14:16.178 1780 1780 W Resources: Preloaded drawable resource #0x108027c (android:drawable/dialog_background_material) that varies with configuration!!
09-24 19:14:16.183 1844 1905 I ServiceManager: Waiting for service 'package_native' on '/dev/binder'...
09-24 19:14:16.193 1780 1780 I Zygote : ...preloaded 64 resources in 23ms.
09-24 19:14:16.195 1780 1780 I Zygote : ...preloaded 41 resources in 1ms.
09-24 19:14:16.199 1780 1780 I Zygote : Preloading shared libraries...
09-24 19:14:16.212 1780 1780 I Zygote : Called ZygoteHooks.endPreload()
09-24 19:14:16.213 1780 1780 I Zygote : Installed AndroidKeyStoreProvider in 0ms.
09-24 19:14:16.215 1780 1780 I Zygote : Warmed up JCA providers in 3ms.
09-24 19:14:16.215 1780 1780 D Zygote : end preload
09-24 19:14:16.223 1780 1780 I zygote : Explicit concurrent copying GC freed 12275(518KB) AllocSpace objects, 0(0B) LOS objects, 71% free, 2400KB/8544KB, paused 9us total 7.438ms
09-24 19:14:16.229 1780 1780 I zygote : Explicit concurrent copying GC freed 1247(79KB) AllocSpace objects, 0(0B) LOS objects, 72% free, 2353KB/8497KB, paused 6us total 5.841ms
09-24 19:14:16.283 1844 1905 I ServiceManager: Waiting for service 'package_native' on '/dev/binder'...
09-24 19:14:16.300 1780 1780 D Zygote : Forked child process 2041
09-24 19:14:16.300 1780 1780 I Zygote : System server process 2041 has been created
09-24 19:14:16.301 1780 1780 I Zygote : Accepting command socket connections
09-24 19:14:16.306 2041 2041 I chatty : uid=1000 system_server expire 222 lines
09-24 19:14:16.356 2041 2041 I chatty : uid=1000 system_server expire 224 lines
09-24 19:14:16.384 1844 1905 I ServiceManager: Waiting for service 'package_native' on '/dev/binder'...
09-24 19:14:16.484 1844 1905 I ServiceManager: Waiting for service 'package_native' on '/dev/binder'...
09-24 19:14:16.495 1827 1859 D installd: Found quota mount /dev/block/vdc at /data
09-24 19:14:16.508 2041 2067 I chatty : uid=1000 system_server expire 8 lines
09-24 19:14:16.535 1681 1681 I chatty : uid=1000(system) hwservicemanage expire 9 lines
09-24 19:14:16.536 2041 2076 I chatty : uid=1000(system) batterystats-wo expire 6 lines
09-24 19:14:16.537 2041 2076 I chatty : uid=1000(system) batterystats-wo expire 6 lines
09-24 19:14:16.584 1844 1905 I ServiceManager: Waiting for service 'package_native' on '/dev/binder'...
09-24 19:14:16.595 1813 1913 I chatty : uid=1000(system) Binder:1813_2 expire 1 line
09-24 19:14:16.598 2041 2063 I chatty : uid=1000(system) android.display expire 2 lines
09-24 19:14:16.601 1813 1813 I chatty : uid=1000(system) /system/bin/surfaceflinger expire 1 line
09-24 19:14:16.640 1754 1759 V apexd : Found bundled key in package /system/apex/com.android.apex.cts.shim.apex
09-24 19:14:16.640 1754 1759 E apexd : Can't open /product/apex for reading : No such file or directory
09-24 19:14:16.685 1844 1905 I ServiceManager: Waiting for service 'package_native' on '/dev/binder'...
09-24 19:14:16.706 2041 2095 I chatty : uid=1000 system_server expire 1 line
09-24 19:14:16.785 1844 1905 I ServiceManager: Waiting for service 'package_native' on '/dev/binder'...
09-24 19:14:16.822 1817 2024 I adbd : USB event: FUNCTIONFS_ENABLE
09-24 19:14:16.868 1827 1859 E : idmap failed, status=0x0100
09-24 19:14:16.870 2041 2093 I chatty : uid=1000 system_server expire 1 line
09-24 19:14:16.872 2041 2094 I chatty : uid=1000 system_server expire 1 line
09-24 19:14:16.885 1844 1905 I ServiceManager: Waiting for service 'package_native' on '/dev/binder'...
09-24 19:14:16.905 2041 2104 I chatty : uid=1000 system_server expire 1 line
09-24 19:14:16.919 2041 2105 I chatty : uid=1000 system_server expire 4 lines
09-24 19:14:16.945 2041 2103 I chatty : uid=1000 system_server expire 1 line
09-24 19:14:16.985 1844 1905 I ServiceManager: Waiting for service 'package_native' on '/dev/binder'...
09-24 19:14:17.015 2041 2111 I chatty : uid=1000 system_server expire 1 line
09-24 19:14:17.085 1844 1905 I ServiceManager: Waiting for service 'package_native' on '/dev/binder'...
09-24 19:14:17.089 2041 2109 I chatty : uid=1000 system_server expire 2 lines
09-24 19:14:17.117 2041 2108 I chatty : uid=1000 system_server expire 2 lines
09-24 19:14:17.134 2041 2110 I chatty : uid=1000 system_server expire 1 line
09-24 19:14:17.157 2041 2041 I chatty : uid=1000 system_server expire 231 lines
09-24 19:14:17.186 1844 1905 I ServiceManager: Waiting for service 'package_native' on '/dev/binder'...
09-24 19:14:17.207 2041 2112 I chatty : uid=1000 system_server expire 3 lines
09-24 19:14:17.215 2041 2113 I chatty : uid=1000 system_server expire 2 lines
09-24 19:14:17.251 2041 2114 I chatty : uid=1000 system_server expire 1 line
09-24 19:14:17.286 1844 1905 I ServiceManager: Waiting for service 'package_native' on '/dev/binder'...
09-24 19:14:17.297 1813 2082 I chatty : uid=1000(system) Binder:1813_3 expire 2 lines
09-24 19:14:17.297 1797 1935 D gralloc_ranchu: gralloc_alloc: Creating ashmem region of size 10371072
09-24 19:14:17.319 1827 1859 E installd: Invalid path /system/product/priv-app/GoogleServicesFramework: No such file or directory
09-24 19:14:17.319 1827 1859 E installd: Invalid path /system/framework/framework-res.apk: No such file or directory
09-24 19:14:17.320 1827 1859 E installd: Invalid path /system/product/priv-app/Settings: No such file or directory
09-24 19:14:17.333 1827 1859 I SELinux : SELinux: Loaded file_contexts
09-24 19:14:17.394 1844 1905 I ServiceManager: Waiting for service 'package_native' on '/dev/binder'...
09-24 19:14:17.491 1812 1812 I lowmemorykiller: lmkd data connection established
09-24 19:14:17.496 1821 1821 I : Waiting for sensor privacy service
09-24 19:14:17.496 1810 1810 I : Waiting for sensor privacy service
09-24 19:14:17.498 1844 1905 I storaged: storaged: Start
09-24 19:14:17.690 2041 2118 I chatty : uid=1000 system_server expire 1 line
09-24 19:14:17.730 2041 2128 I chatty : uid=1000 system_server expire 3 lines
09-24 19:14:17.735 2041 2129 I chatty : uid=1000(system) SensorEventAckR expire 1 line
09-24 19:14:17.736 2041 2130 I chatty : uid=1000(system) SensorService expire 1 line
09-24 19:14:17.740 2041 2076 I chatty : uid=1000(system) batterystats-wo expire 8 lines
09-24 19:14:17.750 1821 1821 I ServiceManagement: Registered android.frameworks.cameraservice.service@2.0::ICameraService/default (start delay of 2718ms)
09-24 19:14:17.750 1810 1810 E SoundTriggerHwService: could not read implementation properties
09-24 19:14:17.754 2041 2131 I chatty : uid=1000(system) HealthServiceRe expire 1 line
09-24 19:14:17.762 1827 1859 D installd: Found quota mount /dev/block/vdc at /data
09-24 19:14:17.764 2041 2135 I chatty : uid=1000 system_server expire 2 lines
09-24 19:14:17.766 2041 2067 I chatty : uid=1000 system_server expire 2 lines
09-24 19:14:17.861 1681 1681 I hwservicemanager: getTransport: Cannot find entry android.hardware.ir@1.0::IConsumerIr/default in either framework or device manifest.
09-24 19:14:17.866 1681 1681 I hwservicemanager: getTransport: Cannot find entry android.hardware.input.classifier@1.0::IInputClassifier/default in either framework or device manifest.
09-24 19:14:17.867 2041 2139 I chatty : uid=1000 system_server expire 1 line
09-24 19:14:17.867 2041 2140 I chatty : uid=1000 system_server expire 1 line
09-24 19:14:17.870 2041 2063 I chatty : uid=1000(system) android.display expire 1 line
09-24 19:14:17.874 2041 2063 I chatty : uid=1000(system) android.display expire 3 lines
09-24 19:14:17.896 2041 2061 I chatty : uid=1000(system) android.ui expire 1 line
09-24 19:14:17.901 2041 2118 I chatty : uid=1000 system_server expire 2 lines
09-24 19:14:17.903 2041 2142 I chatty : uid=1000(system) InputReader expire 78 lines
09-24 19:14:17.907 2041 2143 I chatty : uid=1000(system) NetworkWatchlis expire 1 line
09-24 19:14:17.939 2041 2144 I chatty : uid=1000(system) StorageManagerS expire 3 lines
09-24 19:14:17.940 1827 1859 D installd: Found quota mount /dev/block/vdc at /data
09-24 19:14:17.944 2041 2128 I chatty : uid=1000 system_server expire 2 lines
09-24 19:14:17.941 1827 1859 D installd: Found quota mount /dev/block/vdc at /data
09-24 19:14:18.749 1681 1681 I hwservicemanager: getTransport: Cannot find entry android.hardware.boot@1.0::IBootControl/default in either framework or device manifest.
09-24 19:14:18.753 1688 2150 I vold : Skip mounting partition: /product
09-24 19:14:18.753 1688 2150 I vold : Skip mounting partition: /product_services
09-24 19:14:18.753 1688 2150 D vold : Starting trim of /data
09-24 19:14:18.753 1688 2150 W vold : Trim failed on /data: Operation not supported on transport endpoint
09-24 19:14:18.753 1688 2150 D vold : Starting trim of none
09-24 19:14:18.753 1688 2150 W vold : Failed to open none: No such file or directory
09-24 19:14:18.768 1681 1681 I hwservicemanager: getTransport: Cannot find entry android.hardware.oemlock@1.0::IOemLock/default in either framework or device manifest.
09-24 19:14:18.784 1779 2009 I netd : registerUnsolicitedEventListener() <0.05ms>
09-24 19:14:18.919 2041 2156 I chatty : uid=1000(system) ClientModeImpl expire 68 lines
09-24 19:14:18.954 2041 2041 I chatty : uid=1000 system_server expire 227 lines
09-24 19:14:19.015 1810 1810 D PermissionCache: checking android.permission.MODIFY_AUDIO_ROUTING for uid=1000 => granted (219 us)
09-24 19:14:19.016 1810 1951 D PermissionCache: checking android.permission.MODIFY_AUDIO_SETTINGS for uid=1000 => granted (73 us)
09-24 19:14:19.016 1810 1955 W AudioFlinger: no wake lock to update, system not ready yet
09-24 19:14:19.016 1786 1893 W DeviceHAL: Error from HAL Device in function set_mic_mute: Function not implemented
09-24 19:14:19.024 1810 1951 D AudioFlinger: isLowRamDevice:false totalMemory:2091245568 mClientSharedHeapSize:4194304
09-24 19:14:19.028 1681 1681 I hwservicemanager: getTransport: Cannot find entry android.hardware.usb.gadget@1.0::IUsbGadget/default in either framework or device manifest.
09-24 19:14:19.038 1681 1681 I hwservicemanager: getTransport: Cannot find entry android.hardware.usb@1.0::IUsb/default in either framework or device manifest.
09-24 19:14:19.042 1681 1681 I hwservicemanager: getTransport: Cannot find entry android.hardware.thermal@1.0::IThermal/default in either framework or device manifest.
09-24 19:14:19.066 1681 1681 I hwservicemanager: getTransport: Cannot find entry android.hardware.contexthub@1.0::IContexthub/default in either framework or device manifest.
09-24 19:14:19.098 2041 2135 I chatty : uid=1000 system_server expire 3 lines
09-24 19:14:19.098 2041 2135 I chatty : uid=1000 system_server expire 1 line
09-24 19:14:19.098 1858 1858 D FingerprintHal: ----------------> fingerprint_set_active_group -----------------> path /data/vendor_de/0/fpdata
09-24 19:14:19.098 1858 1858 D FingerprintHal: ----------------> loadFingerprints ----------------->
09-24 19:14:19.098 1858 1858 E FingerprintHal: Could not load fingerprints from storage at /data/vendor_de/0/fpdata/emufp.bin; it has not yet been created.
09-24 19:14:19.099 1858 1858 D FingerprintHal: ----------------> loadAuthenticatorId ----------------->
09-24 19:14:19.099 1858 1858 E FingerprintHal: Could not load authenticator id from storage at /data/vendor_de/0/fpdata/emuauthid.bin; it has not yet been created.
09-24 19:14:19.099 1858 1858 D FingerprintHal: ----------------> get_64bit_rand ----------------->
09-24 19:14:19.099 1858 1858 D FingerprintHal: ----------------> saveAuthenticatorId ----------------->
09-24 19:14:19.099 1858 1858 D FingerprintHal: Save authenticator id (0x6b8b4567327b23c6)
09-24 19:14:19.154 1681 1681 I hwservicemanager: getTransport: Cannot find entry android.hardware.weaver@1.0::IWeaver/default in either framework or device manifest.
09-24 19:14:19.154 1681 1681 I hwservicemanager: getTransport: Cannot find entry android.hardware.authsecret@1.0::IAuthSecret/default in either framework or device manifest.
09-24 19:14:19.173 2041 2080 I chatty : uid=1000(system) HwBinder:2041_1 expire 2 lines
09-24 19:14:19.197 1810 1951 D PermissionCache: checking android.permission.CAPTURE_AUDIO_HOTWORD for uid=1000 => granted (33 us)
09-24 19:14:19.211 2041 2076 I chatty : uid=1000(system) batterystats-wo expire 4 lines
09-24 19:14:19.216 2041 2079 I chatty : uid=1000(system) PowerManagerSer expire 2 lines
09-24 19:14:19.217 2041 2155 I chatty : uid=1000(system) WifiService expire 3 lines
09-24 19:14:19.218 1805 1805 I android.hardware.wifi@1.0-service: Wifi HAL started
09-24 19:14:19.218 1688 1688 D vold : Remounting 1001 as mode default
09-24 19:14:19.219 1688 1688 D vold : Found matching PID 1847
09-24 19:14:19.219 1688 1688 W vold : Skipping due to root namespace
09-24 19:14:19.220 1688 1688 D vold : Remounting 1001 as mode default
09-24 19:14:19.221 1688 1688 D vold : Found matching PID 1847
09-24 19:14:19.221 1688 1688 W vold : Skipping due to root namespace
09-24 19:14:19.221 1805 1805 I android.hardware.wifi@1.0-service: Adding interface handle for wlan0
09-24 19:14:19.221 1805 1805 W android.hardware.wifi@1.0-service: No active wlan interfaces in use! Using default
09-24 19:14:19.221 1805 1805 E android.hardware.wifi@1.0-service: Failed to register radio mode change callback
09-24 19:14:19.221 1805 1805 W android.hardware.wifi@1.0-service: No active wlan interfaces in use! Using default
09-24 19:14:19.222 1688 1688 D vold : Remounting 1001 as mode default
09-24 19:14:19.224 1688 1688 D vold : Found matching PID 1847
09-24 19:14:19.224 1688 1688 W vold : Skipping due to root namespace
09-24 19:14:19.224 1688 1688 D vold : Remounting 1001 as mode default
09-24 19:14:19.225 1688 1688 D vold : Found matching PID 1847
09-24 19:14:19.225 1688 1688 W vold : Skipping due to root namespace
09-24 19:14:19.227 1805 1805 W libc : Unable to set property "vendor.wlan.firmware.version" to "1.0": error code: 0x18
09-24 19:14:19.229 1805 1805 W libc : Unable to set property "vendor.wlan.driver.version" to "1.0": error code: 0x18
09-24 19:14:19.229 1805 1805 I android.hardware.wifi@1.0-service: Configured chip in mode 0
09-24 19:14:19.229 1805 1805 W android.hardware.wifi@1.0-service: No active wlan interfaces in use! Using default
09-24 19:14:19.230 1805 1805 E android.hardware.wifi@1.0-service: Failed to set DFS flag; DFS channels may be unavailable.
09-24 19:14:19.232 1688 1688 D vold : Remounting 1027 as mode default
09-24 19:14:19.233 2041 2157 I chatty : uid=1000(system) WifiP2pService expire 10 lines
09-24 19:14:19.235 1688 1688 D vold : Remounting 1027 as mode default
09-24 19:14:19.236 1845 1845 I wificond: create scanner for interface with index: 3
09-24 19:14:19.236 1845 1845 I wificond: subscribe scan result for interface with index: 3
09-24 19:14:19.237 1681 1681 I hwservicemanager: getTransport: Cannot find entry android.hardware.wifi.offload@1.0::IOffload/default in either framework or device manifest.
09-24 19:14:19.237 1845 1845 E wificond: No Offload Service available
09-24 19:14:19.237 1845 1845 I wificond: Offload HAL not supported
09-24 19:14:19.238 1779 2009 I netd : interfaceGetCfg("wlan0") <0.11ms>
09-24 19:14:19.239 1688 1688 D vold : Remounting 1027 as mode default
09-24 19:14:19.241 1688 1688 D vold : Remounting 1027 as mode default
09-24 19:14:19.249 1688 1688 D vold : Remounting 1000 as mode full
09-24 19:14:19.249 1688 1688 D vold : Found matching PID 1680
09-24 19:14:19.250 1688 1688 W vold : Skipping due to root namespace
09-24 19:14:19.250 1688 1688 D vold : Found matching PID 1681
09-24 19:14:19.250 1688 1688 W vold : Skipping due to root namespace
09-24 19:14:19.250 1688 1688 D vold : Found matching PID 1682
09-24 19:14:19.250 1688 1688 W vold : Skipping due to root namespace
09-24 19:14:19.250 1688 1688 D vold : Found matching PID 1783
09-24 19:14:19.250 1688 1688 W vold : Skipping due to root namespace
09-24 19:14:19.250 1688 1688 D vold : Found matching PID 1784
09-24 19:14:19.250 1688 1688 W vold : Skipping due to root namespace
09-24 19:14:19.250 1688 1688 D vold : Found matching PID 1790
09-24 19:14:19.250 1688 1688 W vold : Skipping due to root namespace
09-24 19:14:19.250 1688 1688 D vold : Found matching PID 1794
09-24 19:14:19.250 1688 1688 W vold : Skipping due to root namespace
09-24 19:14:19.250 1688 1688 D vold : Found matching PID 1797
09-24 19:14:19.250 1688 1688 W vold : Skipping due to root namespace
09-24 19:14:19.250 1688 1688 D vold : Found matching PID 1798
09-24 19:14:19.250 1688 1688 W vold : Skipping due to root namespace
09-24 19:14:19.250 1688 1688 D vold : Found matching PID 1800
09-24 19:14:19.250 1688 1688 W vold : Skipping due to root namespace
09-24 19:14:19.250 1688 1688 D vold : Found matching PID 1801
09-24 19:14:19.250 1688 1688 W vold : Skipping due to root namespace
09-24 19:14:19.250 1688 1688 D vold : Found matching PID 1802
09-24 19:14:19.250 1688 1688 W vold : Skipping due to root namespace
09-24 19:14:19.250 1688 1688 D vold : Found matching PID 1804
09-24 19:14:19.250 1688 1688 W vold : Skipping due to root namespace
09-24 19:14:19.250 1688 1688 D vold : Found matching PID 1813
09-24 19:14:19.250 1688 1688 W vold : Skipping due to root namespace
09-24 19:14:19.250 1779 2009 I netd : interfaceGetCfg("wlan0") <0.08ms>
09-24 19:14:19.250 1688 1688 D vold : Found matching PID 1825
09-24 19:14:19.250 1688 1688 W vold : Skipping due to root namespace
09-24 19:14:19.250 1688 1688 D vold : Found matching PID 1853
09-24 19:14:19.250 1688 1688 W vold : Skipping due to root namespace
09-24 19:14:19.250 1688 1688 D vold : Found matching PID 1858
09-24 19:14:19.250 1688 1688 W vold : Skipping due to root namespace
09-24 19:14:19.250 1688 1688 D vold : Found matching PID 2041
09-24 19:14:19.254 2041 2158 I chatty : uid=1000(system) WifiScanningSer expire 5 lines
09-24 19:14:19.261 2041 2071 I chatty : uid=1000(system) ActivityManager expire 1 line
09-24 19:14:19.317 1688 1697 D vold : Remounting 1000 as mode full
09-24 19:14:19.317 1688 1697 D vold : Found matching PID 1680
09-24 19:14:19.317 1688 1697 W vold : Skipping due to root namespace
09-24 19:14:19.317 1688 1697 D vold : Found matching PID 1681
09-24 19:14:19.317 1688 1697 W vold : Skipping due to root namespace
09-24 19:14:19.317 1688 1697 D vold : Found matching PID 1682
09-24 19:14:19.317 1688 1697 W vold : Skipping due to root namespace
09-24 19:14:19.317 1688 1697 D vold : Found matching PID 1783
09-24 19:14:19.317 1688 1697 W vold : Skipping due to root namespace
09-24 19:14:19.317 1688 1697 D vold : Found matching PID 1784
09-24 19:14:19.317 1688 1697 W vold : Skipping due to root namespace
09-24 19:14:19.317 1688 1697 D vold : Found matching PID 1790
09-24 19:14:19.317 1688 1697 W vold : Skipping due to root namespace
09-24 19:14:19.317 1688 1697 D vold : Found matching PID 1794
09-24 19:14:19.317 1688 1697 W vold : Skipping due to root namespace
09-24 19:14:19.317 1688 1697 D vold : Found matching PID 1797
09-24 19:14:19.317 1688 1697 W vold : Skipping due to root namespace
09-24 19:14:19.317 1688 1697 D vold : Found matching PID 1798
09-24 19:14:19.318 1688 1697 W vold : Skipping due to root namespace
09-24 19:14:19.318 1688 1697 D vold : Found matching PID 1800
09-24 19:14:19.318 1688 1697 W vold : Skipping due to root namespace
09-24 19:14:19.318 1688 1697 D vold : Found matching PID 1801
09-24 19:14:19.318 1688 1697 W vold : Skipping due to root namespace
09-24 19:14:19.318 1688 1697 D vold : Found matching PID 1802
09-24 19:14:19.318 1688 1697 W vold : Skipping due to root namespace
09-24 19:14:19.318 1688 1697 D vold : Found matching PID 1804
09-24 19:14:19.318 1688 1697 W vold : Skipping due to root namespace
09-24 19:14:19.318 1688 1697 D vold : Found matching PID 1813
09-24 19:14:19.318 1688 1697 W vold : Skipping due to root namespace
09-24 19:14:19.318 1688 1697 D vold : Found matching PID 1825
09-24 19:14:19.318 1688 1697 W vold : Skipping due to root namespace
09-24 19:14:19.318 1688 1697 D vold : Found matching PID 1853
09-24 19:14:19.318 1688 1697 W vold : Skipping due to root namespace
09-24 19:14:19.318 1688 1697 D vold : Found matching PID 1858
09-24 19:14:19.318 1688 1697 W vold : Skipping due to root namespace
09-24 19:14:19.318 1688 1697 D vold : Found matching PID 2041
09-24 19:14:19.364 1688 1688 D vold : Remounting 1000 as mode full
09-24 19:14:19.365 1688 1688 D vold : Found matching PID 1680
09-24 19:14:19.365 1688 1688 W vold : Skipping due to root namespace
09-24 19:14:19.365 1688 1688 D vold : Found matching PID 1681
09-24 19:14:19.365 1688 1688 W vold : Skipping due to root namespace
09-24 19:14:19.365 1688 1688 D vold : Found matching PID 1682
09-24 19:14:19.365 1688 1688 W vold : Skipping due to root namespace
09-24 19:14:19.365 1688 1688 D vold : Found matching PID 1783
09-24 19:14:19.365 1688 1688 W vold : Skipping due to root namespace
09-24 19:14:19.365 1688 1688 D vold : Found matching PID 1784
09-24 19:14:19.365 1688 1688 W vold : Skipping due to root namespace
09-24 19:14:19.366 1688 1688 D vold : Found matching PID 1790
09-24 19:14:19.366 1688 1688 W vold : Skipping due to root namespace
09-24 19:14:19.366 1688 1688 D vold : Found matching PID 1794
09-24 19:14:19.366 1688 1688 W vold : Skipping due to root namespace
09-24 19:14:19.366 1688 1688 D vold : Found matching PID 1797
09-24 19:14:19.366 1688 1688 W vold : Skipping due to root namespace
09-24 19:14:19.366 1688 1688 D vold : Found matching PID 1798
09-24 19:14:19.366 1688 1688 W vold : Skipping due to root namespace
09-24 19:14:19.366 1688 1688 D vold : Found matching PID 1800
09-24 19:14:19.366 1688 1688 W vold : Skipping due to root namespace
09-24 19:14:19.366 1688 1688 D vold : Found matching PID 1801
09-24 19:14:19.366 1688 1688 W vold : Skipping due to root namespace
09-24 19:14:19.366 1688 1688 D vold : Found matching PID 1802
09-24 19:14:19.366 1688 1688 W vold : Skipping due to root namespace
09-24 19:14:19.366 1688 1688 D vold : Found matching PID 1804
09-24 19:14:19.366 1688 1688 W vold : Skipping due to root namespace
09-24 19:14:19.366 1688 1688 D vold : Found matching PID 1813
09-24 19:14:19.366 1688 1688 W vold : Skipping due to root namespace
09-24 19:14:19.366 1688 1688 D vold : Found matching PID 1825
09-24 19:14:19.366 1688 1688 W vold : Skipping due to root namespace
09-24 19:14:19.366 1688 1688 D vold : Found matching PID 1853
09-24 19:14:19.366 1688 1688 W vold : Skipping due to root namespace
09-24 19:14:19.366 1688 1688 D vold : Found matching PID 1858
09-24 19:14:19.367 1688 1688 W vold : Skipping due to root namespace
09-24 19:14:19.367 1688 1688 D vold : Found matching PID 2041
09-24 19:14:19.415 1688 1697 D vold : Remounting 1000 as mode full
09-24 19:14:19.415 1688 1697 D vold : Found matching PID 1680
09-24 19:14:19.415 1688 1697 W vold : Skipping due to root namespace
09-24 19:14:19.415 1688 1697 D vold : Found matching PID 1681
09-24 19:14:19.415 1688 1697 W vold : Skipping due to root namespace
09-24 19:14:19.415 1688 1697 D vold : Found matching PID 1682
09-24 19:14:19.415 1688 1697 W vold : Skipping due to root namespace
09-24 19:14:19.415 1688 1697 D vold : Found matching PID 1783
09-24 19:14:19.415 1688 1697 W vold : Skipping due to root namespace
09-24 19:14:19.415 1688 1697 D vold : Found matching PID 1784
09-24 19:14:19.415 1688 1697 W vold : Skipping due to root namespace
09-24 19:14:19.415 1688 1697 D vold : Found matching PID 1790
09-24 19:14:19.415 1688 1697 W vold : Skipping due to root namespace
09-24 19:14:19.415 1688 1697 D vold : Found matching PID 1794
09-24 19:14:19.415 1688 1697 W vold : Skipping due to root namespace
09-24 19:14:19.415 1688 1697 D vold : Found matching PID 1797
09-24 19:14:19.415 1688 1697 W vold : Skipping due to root namespace
09-24 19:14:19.415 1688 1697 D vold : Found matching PID 1798
09-24 19:14:19.415 1688 1697 W vold : Skipping due to root namespace
09-24 19:14:19.415 1688 1697 D vold : Found matching PID 1800
09-24 19:14:19.415 1688 1697 W vold : Skipping due to root namespace
09-24 19:14:19.415 1688 1697 D vold : Found matching PID 1801
09-24 19:14:19.415 1688 1697 W vold : Skipping due to root namespace
09-24 19:14:19.415 1688 1697 D vold : Found matching PID 1802
09-24 19:14:19.415 1688 1697 W vold : Skipping due to root namespace
09-24 19:14:19.415 1688 1697 D vold : Found matching PID 1804
09-24 19:14:19.415 1688 1697 W vold : Skipping due to root namespace
09-24 19:14:19.415 1688 1697 D vold : Found matching PID 1813
09-24 19:14:19.415 1688 1697 W vold : Skipping due to root namespace
09-24 19:14:19.415 1688 1697 D vold : Found matching PID 1825
09-24 19:14:19.415 1688 1697 W vold : Skipping due to root namespace
09-24 19:14:19.415 1688 1697 D vold : Found matching PID 1853
09-24 19:14:19.415 1688 1697 W vold : Skipping due to root namespace
09-24 19:14:19.415 1688 1697 D vold : Found matching PID 1858
09-24 19:14:19.415 1688 1697 W vold : Skipping due to root namespace
09-24 19:14:19.415 1688 1697 D vold : Found matching PID 2041
09-24 19:14:19.455 1688 1697 D vold : Remounting 2000 as mode default
09-24 19:14:19.457 1688 1697 D vold : Found matching PID 1817
09-24 19:14:19.457 1688 1697 W vold : Skipping due to root namespace
09-24 19:14:19.457 1688 1697 D vold : Found matching PID 2039
09-24 19:14:19.457 1688 1697 W vold : Skipping due to root namespace
09-24 19:14:19.458 1688 1697 D vold : Remounting 2000 as mode default
09-24 19:14:19.458 1688 1697 D vold : Found matching PID 1817
09-24 19:14:19.458 1688 1697 W vold : Skipping due to root namespace
09-24 19:14:19.458 1688 1697 D vold : Found matching PID 2039
09-24 19:14:19.458 1688 1697 W vold : Skipping due to root namespace
09-24 19:14:19.458 1688 1697 D vold : Remounting 2000 as mode full
09-24 19:14:19.459 1688 1697 D vold : Found matching PID 1817
09-24 19:14:19.459 1688 1697 W vold : Skipping due to root namespace
09-24 19:14:19.459 1688 1697 D vold : Found matching PID 2039
09-24 19:14:19.459 1688 1697 W vold : Skipping due to root namespace
09-24 19:14:19.459 1688 1697 D vold : Remounting 2000 as mode full
09-24 19:14:19.459 1688 1697 D vold : Found matching PID 1817
09-24 19:14:19.459 1688 1697 W vold : Skipping due to root namespace
09-24 19:14:19.459 1688 1697 D vold : Found matching PID 2039
09-24 19:14:19.459 1688 1697 W vold : Skipping due to root namespace
09-24 19:14:19.461 1688 1697 D vold : Remounting 10100 as mode default
09-24 19:14:19.465 1688 1697 D vold : Remounting 10100 as mode default
09-24 19:14:19.467 1688 1697 D vold : Remounting 1002 as mode default
09-24 19:14:19.469 1688 1697 I chatty : uid=0(root) Binder:1688_3 identical 24 lines
09-24 19:14:19.469 1688 1697 D vold : Remounting 1002 as mode default
09-24 19:14:19.519 1688 1697 D vold : Remounting 10094 as mode write
09-24 19:14:19.524 1688 1697 D vold : Remounting 10094 as mode write
09-24 19:14:19.531 1688 1697 D vold : Remounting 10116 as mode default
09-24 19:14:19.535 1688 1697 D vold : Remounting 10116 as mode default
09-24 19:14:19.536 1688 1697 D vold : Remounting 10046 as mode full
09-24 19:14:19.539 1688 1697 D vold : Remounting 10046 as mode full
09-24 19:14:19.541 1688 1697 D vold : Remounting 10056 as mode default
09-24 19:14:19.542 1688 1697 D vold : Remounting 10056 as mode default
09-24 19:14:19.542 1688 1697 D vold : Remounting 10056 as mode full
09-24 19:14:19.543 1688 1697 D vold : Remounting 10056 as mode full
09-24 19:14:19.550 1688 1697 D vold : Remounting 10122 as mode default
09-24 19:14:19.552 1688 1697 D vold : Remounting 10122 as mode default
09-24 19:14:19.557 1688 1697 D vold : Remounting 10047 as mode default
09-24 19:14:19.560 1688 1697 D vold : Remounting 10047 as mode default
09-24 19:14:19.570 1688 1697 D vold : Remounting 10117 as mode default
09-24 19:14:19.573 1688 1697 D vold : Remounting 10117 as mode default
09-24 19:14:19.593 1688 1697 D vold : Remounting 10098 as mode default
09-24 19:14:19.595 1688 1697 D vold : Remounting 10098 as mode default
09-24 19:14:19.602 1688 1697 D vold : Remounting 10118 as mode default
09-24 19:14:19.606 1688 1697 D vold : Remounting 10118 as mode default
09-24 19:14:19.610 1688 1697 D vold : Remounting 10108 as mode default
09-24 19:14:19.627 1688 1697 D vold : Remounting 10108 as mode default
09-24 19:14:19.629 1688 1697 D vold : Remounting 10123 as mode default
09-24 19:14:19.634 1688 1697 D vold : Remounting 10123 as mode default
09-24 19:14:19.638 1688 1697 D vold : Remounting 10043 as mode full
09-24 19:14:19.641 1688 1697 D vold : Remounting 10043 as mode full
09-24 19:14:19.677 1804 1804 I android.hardware.thermal@2.0-service-mock: A callback has been registered to ThermalHAL, isFilter: 0 Type: CPU
09-24 19:14:19.724 1845 1845 W wificond: No pno scan started
09-24 19:14:19.724 1845 1845 E wificond: Receive ERROR message in response to 'stop scheduled scan' request: Operation not supported on transport endpoint
09-24 19:14:19.731 2041 2144 I chatty : uid=1000(system) StorageManagerS expire 1 line
09-24 19:14:19.737 1805 1805 W android.hardware.wifi@1.0-service: No active wlan interfaces in use! Using default
09-24 19:14:19.739 1845 1845 I wificond: Unsubscribe scan result for interface with index: 3
09-24 19:14:19.742 1780 1780 D Zygote : Forked child process 2201
09-24 19:14:19.743 1805 1805 I android.hardware.wifi@1.0-service: Legacy HAL stop complete callback received
09-24 19:14:19.744 2041 2072 I chatty : uid=1000(system) ActivityManager expire 13 lines
09-24 19:14:19.744 1805 1805 I android.hardware.wifi@1.0-service: Wifi HAL stopped
09-24 19:14:19.746 2041 2168 I chatty : uid=1000(system) AudioService expire 2 lines
09-24 19:14:19.750 1805 1805 I android.hardware.wifi@1.0-service: Wifi HAL started
09-24 19:14:19.755 1681 1681 I hwservicemanager: getTransport: Cannot find entry android.hardware.wifi.supplicant@1.1::ISupplicant/default in either framework or device manifest.
09-24 19:14:19.756 1810 2170 I AudioFlinger: systemReady
09-24 19:14:19.758 2201 2201 W .gms.persisten: Unexpected CPU variant for X86 using defaults: x86
09-24 19:14:19.764 2201 2201 E .gms.persisten: Not starting debugger since process cannot load the jdwp agent.
09-24 19:14:19.779 1780 1780 D Zygote : Forked child process 2224
09-24 19:14:19.797 2224 2224 W ndroid.systemu: Unexpected CPU variant for X86 using defaults: x86
09-24 19:14:19.816 2224 2224 E ndroid.systemu: Not starting debugger since process cannot load the jdwp agent.
09-24 19:14:19.833 2201 2201 D ApplicationLoaders: Returning zygote-cached class loader: /system/framework/android.hidl.base-V1.0-java.jar
09-24 19:14:19.844 1841 1937 D StagefrightPluginLoader: CCodec is disabled.
09-24 19:14:19.844 1841 1937 D StagefrightPluginLoader: Handle or CreateInputSurface symbol is null
09-24 19:14:19.844 1841 1937 D MediaCodecList: Allowing all OMX codecs
09-24 19:14:19.844 1841 1937 D StagefrightPluginLoader: Handle or CreateBuilder symbol is null
09-24 19:14:19.845 2201 2201 D ApplicationLoaders: Returning zygote-cached class loader: /system/framework/android.hidl.manager-V1.0-java.jar
09-24 19:14:19.845 2201 2201 D ApplicationLoaders: Returning zygote-cached class loader: /system/framework/android.hidl.base-V1.0-java.jar
09-24 19:14:19.847 1780 1780 D Zygote : Forked child process 2247
09-24 19:14:19.849 1841 1937 I OMXClient: IOmx service obtained
09-24 19:14:19.850 1846 1910 I OMXMaster: makeComponentInstance(OMX.google.aac.decoder) in android.hardwar process
09-24 19:14:19.856 2201 2201 I .gms.persisten: The ClassLoaderContext is a special shared library.
09-24 19:14:19.857 2224 2224 I ndroid.systemu: The ClassLoaderContext is a special shared library.
09-24 19:14:19.858 2201 2201 I .gms.persisten: The ClassLoaderContext is a special shared library.
09-24 19:14:19.859 2201 2201 I .gms.persisten: The ClassLoaderContext is a special shared library.
09-24 19:14:19.863 2247 2247 W ssioncontrolle: Unexpected CPU variant for X86 using defaults: x86
09-24 19:14:19.882 2247 2247 E ssioncontrolle: Not starting debugger since process cannot load the jdwp agent.
09-24 19:14:19.887 2041 2054 I chatty : uid=1000(system) HeapTaskDaemon expire 1 line
09-24 19:14:19.888 2041 2055 I chatty : uid=1000(system) ReferenceQueueD expire 1 line
09-24 19:14:19.893 1841 1937 I OMXClient: IOmx service obtained
09-24 19:14:19.893 1846 1846 I OMXMaster: makeComponentInstance(OMX.google.amrnb.decoder) in android.hardwar process
09-24 19:14:19.895 2201 2201 I .gms.persisten: The ClassLoaderContext is a special shared library.
09-24 19:14:19.909 1841 1937 I OMXClient: IOmx service obtained
09-24 19:14:19.909 1846 2263 I OMXMaster: makeComponentInstance(OMX.google.amrwb.decoder) in android.hardwar process
09-24 19:14:19.924 2247 2247 I ssioncontrolle: The ClassLoaderContext is a special shared library.
09-24 19:14:19.931 1841 1937 I OMXClient: IOmx service obtained
09-24 19:14:19.931 1846 2263 I OMXMaster: makeComponentInstance(OMX.google.flac.decoder) in android.hardwar process
09-24 19:14:19.944 1841 1937 I OMXClient: IOmx service obtained
09-24 19:14:19.944 1846 2263 I OMXMaster: makeComponentInstance(OMX.google.g711.alaw.decoder) in android.hardwar process
09-24 19:14:19.968 1841 1937 I OMXClient: IOmx service obtained
09-24 19:14:19.968 1846 2263 I OMXMaster: makeComponentInstance(OMX.google.g711.mlaw.decoder) in android.hardwar process
09-24 19:14:19.962 2215 2215 I wpa_supplicant: Processing hidl events on FD 3
09-24 19:14:19.973 2215 2215 I ServiceManagement: Registered android.hardware.wifi.supplicant@1.2::ISupplicant/default (start delay of 221ms)
09-24 19:14:19.973 2215 2215 I wpa_supplicant: Successfully initialized wpa_supplicant
09-24 19:14:19.981 1841 1937 I OMXClient: IOmx service obtained
09-24 19:14:19.982 1846 2263 I OMXMaster: makeComponentInstance(OMX.google.gsm.decoder) in android.hardwar process
09-24 19:14:19.988 2215 2215 I wpa_supplicant: rfkill: Cannot open RFKILL control device
09-24 19:14:19.991 2041 2203 I chatty : uid=1000(system) Binder:2041_4 expire 5 lines
09-24 19:14:20.003 1841 1937 I OMXClient: IOmx service obtained
09-24 19:14:20.003 1846 2263 I OMXMaster: makeComponentInstance(OMX.google.mp3.decoder) in android.hardwar process
09-24 19:14:20.008 2201 2201 W ContextImpl: Failed to ensure /data/user/0/com.google.android.gms/cache: mkdir failed: ENOENT (No such file or directory)
09-24 19:14:20.008 2201 2201 W ContextImpl: Failed to update user.inode_cache: stat failed: ENOENT (No such file or directory)
