09-24 19:14:25.996 2041 2041 D WifiService: resetting networks because SIM was loaded
09-24 19:14:25.998 2041 2156 D WifiClientModeImpl: resetting EAP-SIM/AKA/AKA' networks since SIM was changed
09-24 19:14:26.001 2041 2968 V BackupManagerConstants: getKeyValueBackupIntervalMilliseconds(...) returns 14400000
09-24 19:14:26.001 2041 2968 V BackupManagerConstants: getKeyValueBackupFuzzMilliseconds(...) returns 600000
09-24 19:14:26.001 2041 2968 V BackupManagerConstants: getKeyValueBackupRequiredNetworkType(...) returns 1
09-24 19:14:26.001 2041 2968 V BackupManagerConstants: getKeyValueBackupRequireCharging(...) returns true
09-24 19:14:26.001 2041 2968 V KeyValueBackupJob: Scheduling k/v pass in 244 minutes
09-24 19:14:26.001 2720 2720 I ConfigNotification: Get device mode by ui mode:1 and smallestScreenWidthDp:411
09-24 19:14:26.003 2720 2720 I chatty : uid=10130(com.google.android.inputmethod.latin) identical 46 lines
09-24 19:14:26.004 2720 2720 I ConfigNotification: Get device mode by ui mode:1 and smallestScreenWidthDp:411
09-24 19:14:26.004 2876 3073 I CallLogDatabaseHelper: Migrating from old tables...
09-24 19:14:26.004 2720 2720 I ConfigNotification: Get device mode by ui mode:1 and smallestScreenWidthDp:411
09-24 19:14:26.004 2720 2720 I chatty : uid=10130(com.google.android.inputmethod.latin) identical 1 line
09-24 19:14:26.004 2720 2720 I ConfigNotification: Get device mode by ui mode:1 and smallestScreenWidthDp:411
09-24 19:14:26.004 2876 3073 I CallLogDatabaseHelper: Source tables don't exist.
09-24 19:14:26.004 2720 2720 I ConfigNotification: Get device mode by ui mode:1 and smallestScreenWidthDp:411
09-24 19:14:26.018 2720 2720 I chatty : uid=10130(com.google.android.inputmethod.latin) identical 244 lines
09-24 19:14:26.018 2720 2720 I ConfigNotification: Get device mode by ui mode:1 and smallestScreenWidthDp:411
09-24 19:14:26.021 2041 2969 E system_server: No package ID 7f found for ID 0x7f080077.
09-24 19:14:26.021 2041 2969 E system_server: No package ID 7f found for ID 0x7f100206.
09-24 19:14:26.022 2720 2720 I ConfigNotification: Get device mode by ui mode:1 and smallestScreenWidthDp:411
09-24 19:14:26.024 2720 2720 I chatty : uid=10130(com.google.android.inputmethod.latin) identical 46 lines
09-24 19:14:26.024 2720 2720 I ConfigNotification: Get device mode by ui mode:1 and smallestScreenWidthDp:411
09-24 19:14:26.024 3033 3033 I rcs : [RcsStackAdaptor] mPublishingState=1 publishState=1
09-24 19:14:26.029 2780 2780 D TouchInteractionService: Touch service connected
09-24 19:14:26.037 2876 3043 I ContactLocale: AddressBook Labels [[en_US]]: […, A, B, C, D, E, F, G, H, I, J, K, L, M, N, O, P, Q, R, S, T, U, V, W, X, Y, Z, Α, Β, Γ, Δ, Ε, Ζ, Η, Θ, Ι, Κ, Λ, Μ, Ν, Ξ, Ο, Π, Ρ, Σ, Τ, Υ, Φ, Χ, Ψ, Ω, …, А, Б, В, Г, Д, Ђ, Е, Є, Ж, З, И, І, Й, Ј, К, Л, Љ, М, Н, Њ, О, П, Р, С, Т, Ћ, У, Ф, Х, Ц, Ч, Џ, Ш, Щ, Ю, Я, …, א, ב, ג, ד, ה, ו, ז, ח, ט, י, כ, ל, מ, נ, ס, ע, פ, צ, ק, ר, ש, ת, …, ا, ب, ت, ث, ج, ح, خ, د, ذ, ر, ز, س, ش, ص, ض, ط, ظ, ع, غ, ف, ق, ك, ل, م, ن, ه, و, ي, …, ก, ข, ฃ, ค, ฅ, ฆ, ง, จ, ฉ, ช, ซ, ฌ, ญ, ฎ, ฏ, ฐ, ฑ, ฒ, ณ, ด, ต, ถ, ท, ธ, น, บ, ป, ผ, ฝ, พ, ฟ, ภ, ม, ย, ร, ฤ, ล, ฦ, ว, ศ, ษ, ส, ห, ฬ, อ, ฮ, …, ㄱ, ㄴ, ㄷ, ㄹ, ㅁ, ㅂ, ㅅ, ㅇ, ㅈ, ㅊ, ㅋ, ㅌ, ㅍ, ㅎ, …, あ, か, さ, た, な, は, ま, や, ら, わ, #, …]
09-24 19:14:26.037 3033 3162 I rcs : [PresencePublication] onMobileDataChanged, mDataEnabled=true value=true
09-24 19:14:26.038 2720 2720 I ConfigNotification: Get device mode by ui mode:1 and smallestScreenWidthDp:411
09-24 19:14:26.041 2720 2720 I chatty : uid=10130(com.google.android.inputmethod.latin) identical 85 lines
09-24 19:14:26.041 2720 2720 I ConfigNotification: Get device mode by ui mode:1 and smallestScreenWidthDp:411
09-24 19:14:26.045 1797 1831 D gralloc_ranchu: gralloc_alloc: Creating ashmem region of size 28672
09-24 19:14:26.047 2720 2720 I ConfigNotification: Get device mode by ui mode:1 and smallestScreenWidthDp:411
09-24 19:14:26.047 2720 2720 I chatty : uid=10130(com.google.android.inputmethod.latin) identical 16 lines
09-24 19:14:26.047 2720 2720 I ConfigNotification: Get device mode by ui mode:1 and smallestScreenWidthDp:411
09-24 19:14:26.048 1797 1831 D gralloc_ranchu: gralloc_alloc: Creating ashmem region of size 28672
09-24 19:14:26.048 2720 2720 I ConfigNotification: Get device mode by ui mode:1 and smallestScreenWidthDp:411
09-24 19:14:26.049 1797 1831 D gralloc_ranchu: gralloc_alloc: Creating ashmem region of size 28672
09-24 19:14:26.050 2720 2720 I ConfigNotification: Get device mode by ui mode:1 and smallestScreenWidthDp:411
09-24 19:14:26.050 2720 2720 I ConfigNotification: Get device mode by ui mode:1 and smallestScreenWidthDp:411
09-24 19:14:26.050 1797 1831 D gralloc_ranchu: gralloc_alloc: Creating ashmem region of size 28672
09-24 19:14:26.051 2720 2720 I ConfigNotification: Get device mode by ui mode:1 and smallestScreenWidthDp:411
09-24 19:14:26.051 2720 2720 I ConfigNotification: Get device mode by ui mode:1 and smallestScreenWidthDp:411
09-24 19:14:26.051 1797 1831 D gralloc_ranchu: gralloc_alloc: Creating ashmem region of size 28672
09-24 19:14:26.051 2720 2720 I ConfigNotification: Get device mode by ui mode:1 and smallestScreenWidthDp:411
09-24 19:14:26.052 2720 2720 I chatty : uid=10130(com.google.android.inputmethod.latin) identical 14 lines
09-24 19:14:26.052 2720 2720 I ConfigNotification: Get device mode by ui mode:1 and smallestScreenWidthDp:411
09-24 19:14:26.052 1797 1831 D gralloc_ranchu: gralloc_alloc: Creating ashmem region of size 28672
09-24 19:14:26.054 2720 2720 I ConfigNotification: Get device mode by ui mode:1 and smallestScreenWidthDp:411
09-24 19:14:26.054 2720 2720 I ConfigNotification: Get device mode by ui mode:1 and smallestScreenWidthDp:411
09-24 19:14:26.054 3142 3142 E ndroid.sdksetu: Not starting debugger since process cannot load the jdwp agent.
09-24 19:14:26.054 2720 2720 I ConfigNotification: Get device mode by ui mode:1 and smallestScreenWidthDp:411
09-24 19:14:26.058 2720 2720 I chatty : uid=10130(com.google.android.inputmethod.latin) identical 51 lines
09-24 19:14:26.058 2720 2720 I ConfigNotification: Get device mode by ui mode:1 and smallestScreenWidthDp:411
09-24 19:14:26.061 2876 3043 I ContactsDatabaseHelper: Bootstrapping database contacts2.db version: 1400
09-24 19:14:26.065 1780 1780 D Zygote : Forked child process 3169
09-24 19:14:26.071 2720 2720 I ConfigNotification: Get device mode by ui mode:1 and smallestScreenWidthDp:411
09-24 19:14:26.077 2720 2720 I chatty : uid=10130(com.google.android.inputmethod.latin) identical 104 lines
09-24 19:14:26.077 2720 2720 I ConfigNotification: Get device mode by ui mode:1 and smallestScreenWidthDp:411
09-24 19:14:26.079 2720 2720 I DictSuperpacksManager: onEnabledInputMethodEntriesChanged
09-24 19:14:26.086 2041 2591 W InputReader: Device has associated, but no associated display id.
09-24 19:14:26.087 2041 2591 I chatty : uid=1000(system) Binder:2041_9 identical 18 lines
09-24 19:14:26.087 2041 2591 W InputReader: Device has associated, but no associated display id.
09-24 19:14:26.093 2224 2445 D EGL_emulation: eglMakeCurrent: 0xe3e1aba0: ver 3 0 (tinfo 0xe3e0f6e0)
09-24 19:14:26.101 3169 3169 W id.apps.restor: Unexpected CPU variant for X86 using defaults: x86
09-24 19:14:26.111 2041 2072 W ActivityManager: Slow operation: 262ms so far, now at startProcess: returned from zygote!
09-24 19:14:26.114 2041 2591 W InputReader: Device has associated, but no associated display id.
09-24 19:14:26.115 2041 2591 W ActivityManager: Slow operation: 52ms so far, now at attachApplicationLocked: after mServices.attachApplicationLocked
09-24 19:14:26.114 2041 2591 I chatty : uid=1000(system) Binder:2041_9 identical 8 lines
09-24 19:14:26.114 2041 2591 W InputReader: Device has associated, but no associated display id.
09-24 19:14:26.119 2041 2064 W InputReader: Device has associated, but no associated display id.
09-24 19:14:26.124 2041 2072 W ActivityManager: Slow operation: 316ms so far, now at startProcess: done updating battery stats
09-24 19:14:26.124 2041 2072 W ActivityManager: Slow operation: 316ms so far, now at startProcess: building log message
09-24 19:14:26.124 2041 2072 I ActivityManager: Start proc 3169:com.google.android.apps.restore/u0a61 for service {com.google.android.apps.restore/com.google.android.apps.pixelmigrate.component.NotificationConsolidatorService}
09-24 19:14:26.124 2041 2072 W ActivityManager: Slow operation: 316ms so far, now at startProcess: starting to update pids map
09-24 19:14:26.124 2041 2072 W ActivityManager: Slow operation: 316ms so far, now at startProcess: done updating pids map
09-24 19:14:26.124 2041 2072 W ActivityManager: Slow operation: 301ms so far, now at startProcess: asking zygote to start proc
09-24 19:14:26.119 2041 2064 I chatty : uid=1000(system) android.anim identical 8 lines
09-24 19:14:26.119 2041 2064 W InputReader: Device has associated, but no associated display id.
09-24 19:14:26.125 3142 3142 I ndroid.sdksetu: The ClassLoaderContext is a special shared library.
09-24 19:14:26.125 2041 2174 I BackupManagerService: isBackupEnabled() => false due to absent settings file
09-24 19:14:26.125 2041 2174 I BackupManagerService: Backup enabled => false
09-24 19:14:26.133 3075 3075 W PreBootReceiver: Can't get valid overlay info
09-24 19:14:26.133 3075 3075 D DocumentsApplication: OverlayManager.setEnabled() result: true
09-24 19:14:26.133 2041 2591 I PreBootBroadcaster: Pre-boot of {com.android.managedprovisioning/com.android.managedprovisioning.ota.PreBootListener} for user 0
09-24 19:14:26.134 2876 3043 I ContactsProviderV1: Bootstrapping database legacy support
09-24 19:14:26.134 1780 1780 D Zygote : Forked child process 3188
09-24 19:14:26.138 2041 2072 W ActivityManager: Slow operation: 315ms so far, now at startProcess: returned from zygote!
09-24 19:14:26.144 2720 3130 W PrimesInit: Primes instant initialization
09-24 19:14:26.151 1813 2145 E SurfaceFlinger: ro.sf.lcd_density must be defined as a build property
09-24 19:14:26.151 2876 3043 D ContactsDatabaseHelper: WAL enabled for profile.db: false
09-24 19:14:26.151 1813 1913 E SurfaceFlinger: ro.sf.lcd_density must be defined as a build property
09-24 19:14:26.152 2041 2072 W ActivityManager: Slow operation: 329ms so far, now at startProcess: done updating battery stats
09-24 19:14:26.152 2041 2072 W ActivityManager: Slow operation: 329ms so far, now at startProcess: building log message
09-24 19:14:26.152 2041 2072 I ActivityManager: Start proc 3188:android.process.media/u0a46 for broadcast {com.android.providers.media/com.android.providers.media.MtpReceiver}
09-24 19:14:26.152 2041 2072 W ActivityManager: Slow operation: 329ms so far, now at startProcess: starting to update pids map
09-24 19:14:26.152 2041 2072 W ActivityManager: Slow operation: 329ms so far, now at startProcess: done updating pids map
09-24 19:14:26.153 2041 2072 W ActivityManager: Slow operation: 211ms so far, now at startProcess: asking zygote to start proc
09-24 19:14:26.153 2041 2041 V SettingsProvider: Notifying for 0: content://settings/global/network_recommendations_package
09-24 19:14:26.153 2465 2465 I VvmSimStateTracker: android.intent.action.SIM_STATE_CHANGED
09-24 19:14:26.156 3142 3194 D libEGL : Emulator has host GPU support, qemu.gles is set to 1.
09-24 19:14:26.159 2041 2969 E system_server: No package ID 7f found for ID 0x7f080281.
09-24 19:14:26.159 2041 2969 E system_server: No package ID 7f found for ID 0x7f19000b.
09-24 19:14:26.162 3169 3169 E id.apps.restor: Not starting debugger since process cannot load the jdwp agent.
09-24 19:14:26.165 2041 2969 E system_server: No package ID 7f found for ID 0x7f02018e.
09-24 19:14:26.165 2041 2969 E system_server: No package ID 7f found for ID 0x7f12054c.
09-24 19:14:26.165 2041 2969 E system_server: No package ID 7f found for ID 0x7f12054c.
09-24 19:14:26.165 2041 2969 E system_server: No package ID 7f found for ID 0x7f12054b.
09-24 19:14:26.167 2041 2969 E system_server: No package ID 7f found for ID 0x7f070091.
09-24 19:14:26.167 2041 2969 E system_server: No package ID 7f found for ID 0x7f100082.
09-24 19:14:26.172 2041 2969 E system_server: No package ID 7f found for ID 0x7f0203f6.
09-24 19:14:26.172 2041 2969 E system_server: No package ID 7f found for ID 0x7f13080c.
09-24 19:14:26.172 2041 2969 E system_server: No package ID 7f found for ID 0x7f0203f8.
09-24 19:14:26.172 2041 2969 E system_server: No package ID 7f found for ID 0x7f13086b.
09-24 19:14:26.172 2041 2969 E system_server: No package ID 7f found for ID 0x7f0203fa.
09-24 19:14:26.172 2041 2969 E system_server: No package ID 7f found for ID 0x7f1308b0.
09-24 19:14:26.172 3033 3033 I rcs : [PresencePublication] onReceive intent=Intent { act=android.intent.action.SIM_STATE_CHANGED flg=0x5000010 (has extras) }
09-24 19:14:26.172 3033 3033 I rcs : [PresencePublication] ACTION_SIM_STATE_CHANGED INTENT_KEY_ICC_STATE=LOADED
09-24 19:14:26.172 3033 3033 I rcs : [RcsService] onReceive intent=Intent { act=android.intent.action.SIM_STATE_CHANGED flg=0x5000010 (has extras) }
09-24 19:14:26.175 3142 3194 W libc : Unable to set property "qemu.gles" to "1": error code: 0x18
09-24 19:14:26.178 3142 3194 D libEGL : loaded /vendor/lib/egl/libEGL_emulation.so
09-24 19:14:26.179 3142 3194 D libEGL : loaded /vendor/lib/egl/libGLESv1_CM_emulation.so
09-24 19:14:26.183 2720 2720 W InputMethodEntryManager: getEnabledMultilingualSecondaryLanguages is called before initialized
09-24 19:14:26.184 2041 2041 V SettingsProvider: Notifying for 0: content://settings/global/network_recommendations_enabled
09-24 19:14:26.188 3188 3188 W d.process.medi: Unexpected CPU variant for X86 using defaults: x86
09-24 19:14:26.189 1780 1780 D Zygote : Forked child process 3203
09-24 19:14:26.191 2041 2041 V NotificationAssistants: 0 notification assistant service connected: ComponentInfo{com.google.android.ext.services/android.ext.services.notification.Assistant}
09-24 19:14:26.191 2041 2041 V NotificationListeners: 0 notification listener service connected: ComponentInfo{com.google.android.apps.nexuslauncher/com.android.launcher3.notification.NotificationListener}
09-24 19:14:26.193 2920 2944 D ExtAssistant: File doesn't exist or isn't readable yet
09-24 19:14:26.193 2538 2538 I SetupWizard: [PreDeferredLifecycleScheduler] Starting predeferred lifecycle
09-24 19:14:26.193 2538 2538 I SetupWizard: [asv] Enabling all components
09-24 19:14:26.195 3033 3033 E MmTelFeatureConnection: ImsRegistrationCallbackAdapter: ImsRegistration is null
09-24 19:14:26.195 2041 2072 W ActivityManager: Slow operation: 254ms so far, now at startProcess: returned from zygote!
09-24 19:14:26.196 3142 3194 D libEGL : loaded /vendor/lib/egl/libGLESv2_emulation.so
09-24 19:14:26.196 2041 2968 V BackupManagerConstants: getKeyValueBackupIntervalMilliseconds(...) returns 14400000
09-24 19:14:26.196 2041 2968 V BackupManagerConstants: getKeyValueBackupFuzzMilliseconds(...) returns 600000
09-24 19:14:26.196 2041 2968 V BackupManagerConstants: getKeyValueBackupRequiredNetworkType(...) returns 1
09-24 19:14:26.196 2041 2968 V BackupManagerConstants: getKeyValueBackupRequireCharging(...) returns true
09-24 19:14:26.196 2041 2968 V KeyValueBackupJob: Scheduling k/v pass in 241 minutes
09-24 19:14:26.197 2041 2041 V SettingsProvider: Notifying for 0: content://settings/global/device_provisioned
09-24 19:14:26.197 2041 2072 W ActivityManager: Slow operation: 256ms so far, now at startProcess: done updating battery stats
09-24 19:14:26.197 2041 2072 W ActivityManager: Slow operation: 256ms so far, now at startProcess: building log message
09-24 19:14:26.197 2041 2072 I ActivityManager: Start proc 3203:com.google.process.gservices/u0a98 for content provider {com.google.android.gsf/com.google.android.gsf.gservices.GservicesProvider}
09-24 19:14:26.197 2041 2072 W ActivityManager: Slow operation: 256ms so far, now at startProcess: starting to update pids map
09-24 19:14:26.197 2041 2072 W ActivityManager: Slow operation: 256ms so far, now at startProcess: done updating pids map
09-24 19:14:26.197 2041 2072 W ActivityManager: Slow operation: 75ms so far, now at startProcess: asking zygote to start proc
09-24 19:14:26.199 2041 2041 V SettingsProvider: Notifying for 0: content://settings/secure/user_setup_complete
09-24 19:14:26.199 2041 2041 V SettingsProvider: Notifying for 0: content://settings/global/adb_enabled
09-24 19:14:26.200 2041 2041 V SettingsProvider: Notifying for 0: content://settings/global/verifier_verify_adb_installs
09-24 19:14:26.201 2224 2224 D DeviceProvisionedControllerImpl: Setting change: content://settings/global/device_provisioned
09-24 19:14:26.202 2224 2224 D DeviceProvisionedControllerImpl: Setting change: content://settings/secure/user_setup_complete
09-24 19:14:26.204 2224 2224 D StatusBar: mUserSetupObserver - DeviceProvisionedListener called for user 0
09-24 19:14:26.208 2041 2060 I UsbDeviceManager: Setting USB config to adb
09-24 19:14:26.218 3188 3188 E d.process.medi: Not starting debugger since process cannot load the jdwp agent.
09-24 19:14:26.223 2971 2971 I GsaVoiceInteractionSrv: Registering passthrough
09-24 19:14:26.224 3169 3169 D ApplicationLoaders: Returning zygote-cached class loader: /system/framework/android.hidl.base-V1.0-java.jar
09-24 19:14:26.224 3169 3169 D ApplicationLoaders: Returning zygote-cached class loader: /system/framework/android.hidl.manager-V1.0-java.jar
09-24 19:14:26.224 3169 3169 D ApplicationLoaders: Returning zygote-cached class loader: /system/framework/android.hidl.base-V1.0-java.jar
09-24 19:14:26.227 3169 3169 I id.apps.restor: The ClassLoaderContext is a special shared library.
09-24 19:14:26.234 3203 3203 W ocess.gservice: Unexpected CPU variant for X86 using defaults: x86
09-24 19:14:26.234 3188 3188 I d.process.medi: The ClassLoaderContext is a special shared library.
09-24 19:14:26.241 2041 2041 W DevicePolicyManager: Trying to set ro.device_owner, but it has already been set?
09-24 19:14:26.241 2041 2041 W Looper : Drained
09-24 19:14:26.250 3203 3203 E ocess.gservice: Not starting debugger since process cannot load the jdwp agent.
09-24 19:14:26.276 1780 1780 D Zygote : Forked child process 3244
09-24 19:14:26.281 1797 1831 D gralloc_ranchu: gralloc_alloc: Creating ashmem region of size 28672
09-24 19:14:26.293 2780 2780 D TouchInteractionService: Touch service connected
09-24 19:14:26.304 1797 1935 D gralloc_ranchu: gralloc_alloc: Creating ashmem region of size 28672
09-24 19:14:26.309 2041 2072 W ActivityManager: Slow operation: 187ms so far, now at startProcess: returned from zygote!
09-24 19:14:26.309 2041 2072 W ActivityManager: Slow operation: 187ms so far, now at startProcess: done updating battery stats
09-24 19:14:26.309 2041 2072 W ActivityManager: Slow operation: 187ms so far, now at startProcess: building log message
09-24 19:14:26.309 2041 2072 I ActivityManager: Start proc 3244:com.android.externalstorage/u0a56 for content provider {com.android.externalstorage/com.android.externalstorage.ExternalStorageProvider}
09-24 19:14:26.309 2041 2072 W ActivityManager: Slow operation: 187ms so far, now at startProcess: starting to update pids map
09-24 19:14:26.311 2041 2072 W ActivityManager: Slow operation: 188ms so far, now at startProcess: done updating pids map
09-24 19:14:26.311 2041 2072 W ActivityManager: Slow operation: 157ms so far, now at startProcess: asking zygote to start proc
09-24 19:14:26.311 1797 1935 I chatty : uid=1000(system) HwBinder:1797_2 identical 3 lines
09-24 19:14:26.314 1797 1935 D gralloc_ranchu: gralloc_alloc: Creating ashmem region of size 28672
09-24 19:14:26.315 2224 2445 D EGL_emulation: eglMakeCurrent: 0xe3e1aba0: ver 3 0 (tinfo 0xe3e0f6e0)
09-24 19:14:26.320 3244 3244 W externalstorag: Unexpected CPU variant for X86 using defaults: x86
09-24 19:14:26.324 3244 3244 E externalstorag: Not starting debugger since process cannot load the jdwp agent.
09-24 19:14:26.363 2720 3201 W Primes : background initialization
09-24 19:14:26.370 2720 3117 W native : commandlineflags.cc:972 Ignoring RegisterValidateFunction() for flag pointer 0xc7ca5d3c: no flag found at that address
09-24 19:14:26.381 3188 3188 V MediaProvider: onCreate() for internal.db
09-24 19:14:26.390 2041 2060 W Looper : Slow dispatch took 191ms android.fg h=com.android.server.usb.UsbDeviceManager$UsbHandlerLegacy c=null m=1
09-24 19:14:26.393 2041 3262 E AdbDebuggingManager: Caught an exception opening the socket: java.io.IOException: Connection refused
09-24 19:14:26.394 3188 3261 D ActivityThread: Loading provider downloads: com.android.providers.downloads.DownloadProvider
09-24 19:14:26.396 3188 3261 I d.process.medi: The ClassLoaderContext is a special shared library.
09-24 19:14:26.417 3203 3203 I ocess.gservice: The ClassLoaderContext is a special shared library.
09-24 19:14:26.418 2720 3201 I putmethod.lati: Waiting for a blocking GC ClassLinker
09-24 19:14:26.418 3203 3203 I ocess.gservice: The ClassLoaderContext is a special shared library.
09-24 19:14:26.445 3203 3203 I GservicesProvider: Gservices pushing to system: true; secure/global: true
09-24 19:14:26.458 2720 3201 I putmethod.lati: WaitForGcToComplete blocked ClassLinker on ClassLinker for 40.101ms
09-24 19:14:26.470 3260 3278 I adbd : opening control endpoint /dev/usb-ffs/adb/ep0
09-24 19:14:26.474 2041 2041 V SettingsProvider: Notifying for 0: content://settings/global/sysui_demo_allowed
09-24 19:14:26.475 3260 3278 I adbd : UsbFfsConnection constructed
09-24 19:14:26.479 2041 2059 E ActivityManager: Sending non-protected broadcast com.android.systemui.demo from system 2224:com.android.systemui/u0a100 pkg com.android.systemui
09-24 19:14:26.479 2041 2059 E ActivityManager: java.lang.Throwable
09-24 19:14:26.479 2041 2059 E ActivityManager: at com.android.server.am.ActivityManagerService.checkBroadcastFromSystem(ActivityManagerService.java:14783)
09-24 19:14:26.479 2041 2059 E ActivityManager: at com.android.server.am.ActivityManagerService.broadcastIntentLocked(ActivityManagerService.java:15330)
09-24 19:14:26.479 2041 2059 E ActivityManager: at com.android.server.am.ActivityManagerService.broadcastIntentLocked(ActivityManagerService.java:14800)
09-24 19:14:26.479 2041 2059 E ActivityManager: at com.android.server.am.ActivityManagerService.broadcastIntent(ActivityManagerService.java:15566)
09-24 19:14:26.479 2041 2059 E ActivityManager: at android.app.IActivityManager$Stub.onTransact(IActivityManager.java:1950)
09-24 19:14:26.479 2041 2059 E ActivityManager: at com.android.server.am.ActivityManagerService.onTransact(ActivityManagerService.java:2741)
09-24 19:14:26.479 2041 2059 E ActivityManager: at android.os.Binder.execTransactInternal(Binder.java:1021)
09-24 19:14:26.479 2041 2059 E ActivityManager: at android.os.Binder.execTransact(Binder.java:994)
09-24 19:14:26.480 2041 2059 I DropBoxManagerService: add tag=system_server_wtf isTagEnabled=true flags=0x2
09-24 19:14:26.482 2041 2059 E ActivityManager: Sending non-protected broadcast com.android.systemui.demo from system 2224:com.android.systemui/u0a100 pkg com.android.systemui
09-24 19:14:26.482 2041 2059 E ActivityManager: java.lang.Throwable
09-24 19:14:26.482 2041 2059 E ActivityManager: at com.android.server.am.ActivityManagerService.checkBroadcastFromSystem(ActivityManagerService.java:14783)
09-24 19:14:26.482 2041 2059 E ActivityManager: at com.android.server.am.ActivityManagerService.broadcastIntentLocked(ActivityManagerService.java:15424)
09-24 19:14:26.482 2041 2059 E ActivityManager: at com.android.server.am.ActivityManagerService.broadcastIntentLocked(ActivityManagerService.java:14800)
09-24 19:14:26.482 2041 2059 E ActivityManager: at com.android.server.am.ActivityManagerService.broadcastIntent(ActivityManagerService.java:15566)
09-24 19:14:26.482 2041 2059 E ActivityManager: at android.app.IActivityManager$Stub.onTransact(IActivityManager.java:1950)
09-24 19:14:26.482 2041 2059 E ActivityManager: at com.android.server.am.ActivityManagerService.onTransact(ActivityManagerService.java:2741)
09-24 19:14:26.482 2041 2059 E ActivityManager: at android.os.Binder.execTransactInternal(Binder.java:1021)
09-24 19:14:26.482 2041 2059 E ActivityManager: at android.os.Binder.execTransact(Binder.java:994)
09-24 19:14:26.484 1780 1780 D Zygote : Forked child process 3284
09-24 19:14:26.485 3244 3244 I externalstorag: The ClassLoaderContext is a special shared library.
09-24 19:14:26.487 2041 2072 W ActivityManager: Slow operation: 334ms so far, now at startProcess: returned from zygote!
09-24 19:14:26.493 2224 2445 D EGL_emulation: eglMakeCurrent: 0xe3e1aba0: ver 3 0 (tinfo 0xe3e0f6e0)
09-24 19:14:26.496 3284 3284 W android.vendin: Unexpected CPU variant for X86 using defaults: x86
09-24 19:14:26.502 2041 2059 I DropBoxManagerService: add tag=system_server_wtf isTagEnabled=true flags=0x2
09-24 19:14:26.504 3284 3284 E android.vendin: Not starting debugger since process cannot load the jdwp agent.
09-24 19:14:26.508 2041 2072 W ActivityManager: Slow operation: 355ms so far, now at startProcess: done updating battery stats
09-24 19:14:26.508 2041 2072 W ActivityManager: Slow operation: 355ms so far, now at startProcess: building log message
09-24 19:14:26.508 2041 2072 I ActivityManager: Start proc 3284:com.android.vending/u0a94 for broadcast {com.android.vending/com.google.android.finsky.simhandler.SimStateReceiver}
09-24 19:14:26.508 2041 2072 W ActivityManager: Slow operation: 355ms so far, now at startProcess: starting to update pids map
09-24 19:14:26.510 2041 2072 W ActivityManager: Slow operation: 356ms so far, now at startProcess: done updating pids map
09-24 19:14:26.510 2041 2072 W ActivityManager: Slow operation: 325ms so far, now at startProcess: asking zygote to start proc
09-24 19:14:26.512 2041 2041 V SettingsProvider: Notifying for 0: content://settings/secure/sysui_volume_up_silent
09-24 19:14:26.512 2041 2041 V SettingsProvider: Notifying for 0: content://settings/secure/accessibility_display_inversion_enabled
09-24 19:14:26.512 2041 2041 V SettingsProvider: Notifying for 0: content://settings/secure/notification_dismiss_rtl
09-24 19:14:26.513 3244 3244 D ExternalStorage: After updating volumes, found 3 active roots
09-24 19:14:26.513 2041 2041 V SettingsProvider: Notifying for 0: content://settings/secure/keyguard_slice_uri
09-24 19:14:26.513 2041 2041 V SettingsProvider: Notifying for 0: content://settings/secure/sysui_qs_fancy_anim
09-24 19:14:26.514 2041 2041 V SettingsProvider: Notifying for 0: content://settings/secure/sysui_do_not_disturb
09-24 19:14:26.514 2041 2041 V SettingsProvider: Notifying for 0: content://settings/secure/clock_seconds
09-24 19:14:26.514 2041 2041 V SettingsProvider: Notifying for 0: content://settings/secure/sysui_qqs_count
09-24 19:14:26.514 2041 2041 V SettingsProvider: Notifying for 0: content://settings/secure/doze_tap_gesture
09-24 19:14:26.520 2629 2671 D EGL_emulation: eglMakeCurrent: 0xe3e1a120: ver 3 0 (tinfo 0xe3e0f310)
09-24 19:14:26.521 2041 2041 V SettingsProvider: Notifying for 0: content://settings/secure/sysui_qs_move_whole_rows
09-24 19:14:26.524 1780 1780 D Zygote : Forked child process 3306
09-24 19:14:26.526 2041 2072 W ActivityManager: Slow operation: 341ms so far, now at startProcess: returned from zygote!
09-24 19:14:26.527 2041 2041 V SettingsProvider: Notifying for 0: content://settings/secure/sysui_volume_down_silent
09-24 19:14:26.527 2041 2041 V SettingsProvider: Notifying for 0: content://settings/secure/sysui_keyguard_right
09-24 19:14:26.527 2041 2072 W ActivityManager: Slow operation: 342ms so far, now at startProcess: done updating battery stats
09-24 19:14:26.527 2041 2072 W ActivityManager: Slow operation: 343ms so far, now at startProcess: building log message
09-24 19:14:26.527 2041 2072 I ActivityManager: Start proc 3306:com.google.process.gapps/u0a98 for content provider {com.google.android.gsf/com.google.android.gsf.settings.GoogleSettingsProvider}
09-24 19:14:26.527 2041 2072 W ActivityManager: Slow operation: 343ms so far, now at startProcess: starting to update pids map
09-24 19:14:26.527 2041 2072 W ActivityManager: Slow operation: 343ms so far, now at startProcess: done updating pids map
09-24 19:14:26.527 2041 2072 W ActivityManager: Slow operation: 221ms so far, now at startProcess: asking zygote to start proc
09-24 19:14:26.527 2041 2041 V SettingsProvider: Notifying for 0: content://settings/secure/sysui_keyguard_left
09-24 19:14:26.527 2041 2041 V SettingsProvider: Notifying for 0: content://settings/secure/icon_blacklist
09-24 19:14:26.528 2041 2041 V SettingsProvider: Notifying for 0: content://settings/secure/qs_show_brightness
09-24 19:14:26.528 2041 2041 V SettingsProvider: Notifying for 0: content://settings/secure/face_unlock_dismisses_keyguard
09-24 19:14:26.528 2041 2041 V SettingsProvider: Notifying for 0: content://settings/secure/high_priority
09-24 19:14:26.528 2041 2041 V SettingsProvider: Notifying for 0: content://settings/secure/doze_pulse_on_double_tap
09-24 19:14:26.531 2041 2054 I system_server: Background concurrent copying GC freed 85151(4504KB) AllocSpace objects, 47(1516KB) LOS objects, 38% free, 9715KB/15MB, paused 55us total 338.909ms
09-24 19:14:26.533 2041 2056 W System : A resource failed to call release.
09-24 19:14:26.534 2041 2056 W System : A resource failed to call release.
09-24 19:14:26.535 3188 3261 I DownloadManager: Upgrading downloads database from version 0 to version 113, which will destroy all old data
09-24 19:14:26.538 3284 3284 D ApplicationLoaders: Returning zygote-cached class loader: /system/framework/android.hidl.base-V1.0-java.jar
09-24 19:14:26.538 3284 3284 D ApplicationLoaders: Returning zygote-cached class loader: /system/framework/android.hidl.manager-V1.0-java.jar
09-24 19:14:26.538 3284 3284 D ApplicationLoaders: Returning zygote-cached class loader: /system/framework/android.hidl.base-V1.0-java.jar
09-24 19:14:26.539 3284 3284 I android.vendin: The ClassLoaderContext is a special shared library.
09-24 19:14:26.543 3306 3306 W e.process.gapp: Unexpected CPU variant for X86 using defaults: x86
09-24 19:14:26.544 3284 3284 I android.vendin: The ClassLoaderContext is a special shared library.
09-24 19:14:26.548 1797 1935 D gralloc_ranchu: gralloc_alloc: Creating ashmem region of size 28672
09-24 19:14:26.551 3169 3270 W id.apps.restor: Unsupported class loader
09-24 19:14:26.551 3306 3306 E e.process.gapp: Not starting debugger since process cannot load the jdwp agent.
09-24 19:14:26.554 3169 3270 I DynamiteModule: Considering local module com.google.android.gms.flags:2 and remote module com.google.android.gms.flags:3
09-24 19:14:26.554 3169 3270 I DynamiteModule: Selected remote version of com.google.android.gms.flags, version >= 3
09-24 19:14:26.554 2720 3117 I ShortcutsDataManager: onContentChanged()
09-24 19:14:26.560 2201 2613 W ConfigurationChimeraPro: Caller is not authorized to access Uri: content://com.google.android.gms.phenotype/com.google.android.apps.restore [CONTEXT service_id=51 ]
09-24 19:14:26.561 2538 2538 I SetupWizard: [PreDeferredServiceScheduler] Scheduled job#2651 to run
09-24 19:14:26.569 2041 2041 V NotificationListeners: 0 notification listener service connected: ComponentInfo{com.google.android.apps.restore/com.google.android.apps.pixelmigrate.component.NotificationConsolidatorService}
09-24 19:14:26.571 3306 3306 I e.process.gapp: The ClassLoaderContext is a special shared library.
09-24 19:14:26.573 3188 3261 D ActivityThread: Loading provider media: com.android.providers.media.MediaProvider
09-24 19:14:26.573 3306 3306 I e.process.gapp: The ClassLoaderContext is a special shared library.
09-24 19:14:26.575 3169 3169 I Pixelmigrate: [NotificationConsolidatorService] onListenerConnected
09-24 19:14:26.575 3169 3275 I FA : App measurement is starting up, version: 12211
09-24 19:14:26.575 3169 3275 I FA : To enable debug logging run: adb shell setprop log.tag.FA VERBOSE
09-24 19:14:26.575 3169 3275 I FA : To enable faster debug mode event logging run:
09-24 19:14:26.575 3169 3275 I FA : adb shell setprop debug.firebase.analytics.app com.google.android.apps.restore
09-24 19:14:26.579 1797 1935 D gralloc_ranchu: gralloc_alloc: Creating ashmem region of size 28672
09-24 19:14:26.580 3169 3169 I Pixelmigrate: [NotificationConsolidatorService] Flag off, so disabling consolidated notification
09-24 19:14:26.581 3169 3342 I Pixelmigrate: [NotificationConsolidatorDisabler] Cleaning up...
09-24 19:14:26.583 2041 2059 D NotificationListeners: Disabling component com.google.android.apps.restore/com.google.android.apps.pixelmigrate.component.NotificationConsolidatorService
09-24 19:14:26.584 3169 3169 I Pixelmigrate: [NotificationConsolidatorService] onListenerDisconnected
09-24 19:14:26.585 2720 3117 I ContactsDataManager: onContentChanged()
09-24 19:14:26.591 1797 1935 D gralloc_ranchu: gralloc_alloc: Creating ashmem region of size 28672
09-24 19:14:26.593 1780 1780 D Zygote : Forked child process 3345
09-24 19:14:26.597 2041 2072 W ActivityManager: Slow operation: 291ms so far, now at startProcess: returned from zygote!
09-24 19:14:26.597 2041 2072 W ActivityManager: Slow operation: 291ms so far, now at startProcess: done updating battery stats
09-24 19:14:26.597 2041 2072 W ActivityManager: Slow operation: 291ms so far, now at startProcess: building log message
09-24 19:14:26.597 2041 2072 I ActivityManager: Start proc 3345:com.google.android.googlequicksearchbox:search/u0a104 for service {com.google.android.googlequicksearchbox/com.google.android.hotword.service.HotwordService}
09-24 19:14:26.597 2041 2072 W ActivityManager: Slow operation: 291ms so far, now at startProcess: starting to update pids map
09-24 19:14:26.597 2041 2072 W ActivityManager: Slow operation: 291ms so far, now at startProcess: done updating pids map
09-24 19:14:26.597 2041 2072 W ActivityManager: Slow operation: 264ms so far, now at startProcess: asking zygote to start proc
09-24 19:14:26.597 2720 3117 I EmailDataManager: onContentChanged()
09-24 19:14:26.598 2538 2538 I SetupWizard: [baa] Checking Android ID
09-24 19:14:26.602 2041 2058 I WifiService: startScan uid=10095
09-24 19:14:26.606 1797 1935 D gralloc_ranchu: gralloc_alloc: Creating ashmem region of size 28672
09-24 19:14:26.607 1797 1935 D gralloc_ranchu: gralloc_alloc: Creating ashmem region of size 28672
09-24 19:14:26.607 2538 2538 I SetupWizard: [baa] Requesting checkin
09-24 19:14:26.608 1797 1935 D gralloc_ranchu: gralloc_alloc: Creating ashmem region of size 28672
09-24 19:14:26.609 2720 2720 I EntryActivation: Entry activation content observer disabled.
09-24 19:14:26.609 2224 2445 D EGL_emulation: eglMakeCurrent: 0xe3e1aba0: ver 3 0 (tinfo 0xe3e0f6e0)
09-24 19:14:26.613 2224 2445 D EGL_emulation: eglMakeCurrent: 0xe3e1aba0: ver 3 0 (tinfo 0xe3e0f6e0)
09-24 19:14:26.618 3345 3345 W earchbox:searc: Unexpected CPU variant for X86 using defaults: x86
09-24 19:14:26.626 3345 3345 E earchbox:searc: Not starting debugger since process cannot load the jdwp agent.
09-24 19:14:26.626 2720 3331 I SuperpacksMgr: initializeInternal()
09-24 19:14:26.627 2720 3201 I PrimesTesting: GserviceFlagsSupplier.get()
09-24 19:14:26.628 3169 3270 I id.apps.restor: The ClassLoaderContext is a special shared library.
09-24 19:14:26.636 3169 3270 W ContextImpl: Failed to ensure /data/user/0/com.google.android.gms/shared_prefs: mkdir failed: EACCES (Permission denied)
09-24 19:14:26.643 2041 2041 V SettingsProvider: Notifying for 0: content://settings/global/assisted_gps_enabled
09-24 19:14:26.647 2041 2041 V SettingsProvider: Notifying for 0: content://settings/secure/location_mode
09-24 19:14:26.649 3169 3270 W DynamiteModule: Local module descriptor class for com.google.android.gms.crash not found.
09-24 19:14:26.650 2720 3366 I EntryActivation: Active entries changed: [] -> {en-US}
09-24 19:14:26.650 2720 3366 I LmManager: asyncUpdateEnabledLanguageModels()
09-24 19:14:26.650 2720 3366 I SuperDelight: initializeDelightSuperpacks()
09-24 19:14:26.651 3345 3345 D ApplicationLoaders: Returning zygote-cached class loader: /system/framework/android.hidl.base-V1.0-java.jar
09-24 19:14:26.651 3345 3345 D ApplicationLoaders: Returning zygote-cached class loader: /system/framework/android.hidl.manager-V1.0-java.jar
09-24 19:14:26.651 3345 3345 D ApplicationLoaders: Returning zygote-cached class loader: /system/framework/android.hidl.base-V1.0-java.jar
09-24 19:14:26.652 3345 3345 I earchbox:searc: The ClassLoaderContext is a special shared library.
09-24 19:14:26.652 2041 2041 V SettingsProvider: Notifying for 0: content://settings/secure/allowed_geolocation_origins
09-24 19:14:26.655 3169 3270 I DynamiteModule: Considering local module com.google.android.gms.crash:0 and remote module com.google.android.gms.crash:215
09-24 19:14:26.655 3169 3270 I DynamiteModule: Selected remote version of com.google.android.gms.crash, version >= 215
09-24 19:14:26.655 2041 2071 W BroadcastQueue: Permission Denial: broadcasting Intent { act=com.google.android.gsf.settings.GoogleLocationSettings.UPDATE_LOCATION_SETTINGS flg=0x10 } from com.google.android.sdksetup (pid=3142, uid=10058) requires com.google.android.gms.permission.INTERNAL_BROADCAST due to registered receiver BroadcastFilter{b9b14dc 10098/u0 ReceiverList{1e1964e 2201 com.google.android.gms.persistent/10098/u0 remote:1cf8d49}}
09-24 19:14:26.655 3142 3142 I GoogleSdkSetup: Setting system screen_off_timeout to be 2147483647 ms
09-24 19:14:26.656 2041 2058 W InputReader: Device has associated, but no associated display id.
09-24 19:14:26.657 2041 2084 I ActivityManager: Killing 3142:com.google.android.sdksetup/u0a58 (adj 0): change com.google.android.sdksetup
09-24 19:14:26.656 2041 2058 I chatty : uid=1000(system) Binder:2041_1 identical 8 lines
09-24 19:14:26.656 2041 2058 W InputReader: Device has associated, but no associated display id.
09-24 19:14:26.659 2041 2084 W InputReader: Device has associated, but no associated display id.
09-24 19:14:26.659 2041 2084 I ActivityTaskManager: START u0 {act=android.intent.action.MAIN cat=[android.intent.category.HOME] flg=0x10000100 cmp=com.google.android.apps.nexuslauncher/.NexusLauncherActivity} from uid 0
09-24 19:14:26.659 2041 2084 I chatty : uid=1000(system) PackageManager identical 8 lines
09-24 19:14:26.659 2041 2084 W InputReader: Device has associated, but no associated display id.
09-24 19:14:26.660 3345 3345 I earchbox:searc: The ClassLoaderContext is a special shared library.
09-24 19:14:26.661 2224 2224 V StatusBar: mStatusBarWindow: com.android.systemui.statusbar.phone.StatusBarWindowView{bd3a575 V.E...... ......ID 0,0-1080,63} canPanelBeCollapsed(): false
09-24 19:14:26.663 2041 2084 W InputReader: Device has associated, but no associated display id.
09-24 19:14:26.664 2041 2084 I chatty : uid=1000(system) PackageManager identical 38 lines
09-24 19:14:26.664 2041 2084 W InputReader: Device has associated, but no associated display id.
09-24 19:14:26.664 1796 2449 E GnssHAL_GnssInterface: gnssSvStatusCb: a: input svInfo.flags is 8
09-24 19:14:26.664 1796 2449 E GnssHAL_GnssInterface: gnssSvStatusCb: b: input svInfo.flags is 8
09-24 19:14:26.670 2720 3366 I SuperDelight: getDelightMetadataUriAndVersion(): Phenotype : 20190203 : https://www.gstatic.com/android/keyboard/dictionarypack/Wheelharp-normal/metadata.json
09-24 19:14:26.671 1813 1908 E SurfaceFlinger: ro.sf.lcd_density must be defined as a build property
09-24 19:14:26.672 1813 1908 E SurfaceFlinger: ro.sf.lcd_density must be defined as a build property
09-24 19:14:26.674 2720 3331 W DynamiteModule: Local module descriptor class for com.google.android.gms.googlecertificates not found.
09-24 19:14:26.675 2041 2064 E system_server: Invalid ID 0x00000000.
09-24 19:14:26.676 3169 3270 I FirebaseCrashApiImpl: FirebaseCrashApiImpl created by ClassLoader dalvik.system.DelegateLastClassLoader[DexPathList[[zip file "/system/product/priv-app/PrebuiltGmsCore/app_chimera/m/PrebuiltGmsCore_DynamiteModulesC.apk"],nativeLibraryDirectories=[/data/user_de/0/com.google.android.gms/app_chimera/m/00000004/n/x86, /system/lib, /system/product/lib]]]
09-24 19:14:26.676 3169 3270 I FirebaseCrash: FirebaseCrash reporting loaded - blf@98ac48c
09-24 19:14:26.687 1780 1780 D Zygote : Forked child process 3378
09-24 19:14:26.687 2041 2072 W ActivityManager: Slow operation: 354ms so far, now at startProcess: returned from zygote!
09-24 19:14:26.689 2041 2072 W ActivityManager: Slow operation: 356ms so far, now at startProcess: done updating battery stats
09-24 19:14:26.689 2041 2072 W ActivityManager: Slow operation: 356ms so far, now at startProcess: building log message
09-24 19:14:26.689 2041 2072 I ActivityManager: Start proc 3378:com.google.process.gapps/u0a131 for content provider {com.google.android.syncadapters.contacts/com.google.android.syncadapters.contacts.ProxyGalProvider}
09-24 19:14:26.689 2041 2072 W ActivityManager: Slow operation: 356ms so far, now at startProcess: starting to update pids map
09-24 19:14:26.689 2041 2041 V SettingsProvider: Notifying for 0: content://settings/system/screen_off_timeout
09-24 19:14:26.690 2041 2072 W ActivityManager: Slow operation: 356ms so far, now at startProcess: done updating pids map
09-24 19:14:26.690 2041 2072 W ActivityManager: Slow operation: 216ms so far, now at startProcess: asking zygote to start proc
09-24 19:14:26.684 2780 2780 W RenderThread: type=1400 audit(0.0:12): avc: denied { write } for name="property_service" dev="tmpfs" ino=7739 scontext=u:r:priv_app:s0:c512,c768 tcontext=u:object_r:property_socket:s0 tclass=sock_file permissive=0
09-24 19:14:26.694 2780 3376 D libEGL : Emulator has host GPU support, qemu.gles is set to 1.
09-24 19:14:26.694 2780 3376 W libc : Unable to set property "qemu.gles" to "1": connection failed; errno=13 (Permission denied)
09-24 19:14:26.695 3378 3378 W e.process.gapp: Unexpected CPU variant for X86 using defaults: x86
09-24 19:14:26.701 2780 3376 D libEGL : loaded /vendor/lib/egl/libEGL_emulation.so
09-24 19:14:26.701 2780 3376 D libEGL : loaded /vendor/lib/egl/libGLESv1_CM_emulation.so
09-24 19:14:26.702 3378 3378 E e.process.gapp: Not starting debugger since process cannot load the jdwp agent.
09-24 19:14:26.703 2780 3376 D libEGL : loaded /vendor/lib/egl/libGLESv2_emulation.so
09-24 19:14:26.709 3345 3345 I MultiDex: VM with version 2.1.0 has multidex support
09-24 19:14:26.709 3345 3345 I MultiDex: install
09-24 19:14:26.709 3345 3345 I MultiDex: VM has multidex support, MultiDex support library is disabled.
09-24 19:14:26.716 2780 2780 D Tonal : Tonal Palette - index: 10. Main color: ffe590b7
09-24 19:14:26.716 2780 2780 D Tonal : Colors: ff060104, ff1b0613, ff2f0b23, ff481135, ff671850, ff861f5d, ffa42773, ffbe4d91, ffd85a9e, ffde73aa, ffe590b7, ffefb9d1, fff5d6e5
09-24 19:14:26.716 2780 2780 D Tonal : Gradients:
09-24 19:14:26.716 2780 2780 D Tonal : Normal GradientColors(ffe590b7, ffe590b7)
09-24 19:14:26.716 2780 2780 D Tonal : Dark GradientColors(ff481135, ff481135)
09-24 19:14:26.716 2780 2780 D Tonal : Extra dark: GradientColors(ff2f0b23, ff2f0b23)
09-24 19:14:26.716 2780 2780 V Launcher: LauncherAppState initiated
09-24 19:14:26.721 1780 1780 D Zygote : Forked child process 3406
09-24 19:14:26.737 2041 2041 V SettingsProvider: Notifying for 0: content://settings/secure/install_non_market_apps
09-24 19:14:26.737 2465 2465 D CarrierSvcBindHelper: No carrier app for: 0
09-24 19:14:26.739 2041 2041 I RoleManagerService: Granting default permissions...
09-24 19:14:26.741 2041 2142 I InputReader: Reconfiguring input devices. changes=0x00000010
09-24 19:14:26.741 3169 3271 I DynamiteModule: Considering local module com.google.android.gms.flags:2 and remote module com.google.android.gms.flags:3
09-24 19:14:26.741 3169 3271 I DynamiteModule: Selected remote version of com.google.android.gms.flags, version >= 3
09-24 19:14:26.743 2041 2072 W ActivityManager: Slow operation: 270ms so far, now at startProcess: returned from zygote!
09-24 19:14:26.743 2041 2072 W ActivityManager: Slow operation: 270ms so far, now at startProcess: done updating battery stats
09-24 19:14:26.743 2041 2072 W ActivityManager: Slow operation: 270ms so far, now at startProcess: building log message
09-24 19:14:26.743 2041 2072 I ActivityManager: Start proc 3406:com.android.printspooler/u0a78 for service {com.android.printspooler/com.android.printspooler.model.PrintSpoolerService}
09-24 19:14:26.743 2041 2072 W ActivityManager: Slow operation: 270ms so far, now at startProcess: starting to update pids map
09-24 19:14:26.743 2041 2072 W ActivityManager: Slow operation: 270ms so far, now at startProcess: done updating pids map
09-24 19:14:26.746 3406 3406 W id.printspoole: Unexpected CPU variant for X86 using defaults: x86
09-24 19:14:26.748 1797 1935 D gralloc_ranchu: gralloc_alloc: Creating ashmem region of size 10371072
09-24 19:14:26.751 3169 3271 W DynamiteModule: Local module descriptor class for com.google.android.gms.crash not found.
09-24 19:14:26.752 3378 3378 D ApplicationLoaders: Returning zygote-cached class loader: /system/framework/android.hidl.base-V1.0-java.jar
09-24 19:14:26.752 3378 3378 D ApplicationLoaders: Returning zygote-cached class loader: /system/framework/android.hidl.manager-V1.0-java.jar
09-24 19:14:26.752 3378 3378 D ApplicationLoaders: Returning zygote-cached class loader: /system/framework/android.hidl.base-V1.0-java.jar
09-24 19:14:26.752 3378 3378 I e.process.gapp: The ClassLoaderContext is a special shared library.
09-24 19:14:26.754 3378 3378 I e.process.gapp: The ClassLoaderContext is a special shared library.
09-24 19:14:26.760 2720 3331 W putmethod.lati: Unsupported class loader
09-24 19:14:26.768 2041 2965 E TaskPersister: File error accessing recents directory (directory doesn't exist?).
09-24 19:14:26.772 1780 1780 I Zygote : Process 3142 exited due to signal 9 (Killed)
09-24 19:14:26.782 2201 2201 W SystemServiceRegistry: No service published for: persistent_data_block
09-24 19:14:26.796 2041 2073 I libprocessgroup: Successfully killed process cgroup uid 10058 pid 3142 in 126ms
09-24 19:14:26.798 1813 1908 D HostConnection: HostConnection::get() New Host Connection established 0xe7939430, tid 1908
09-24 19:14:26.801 3169 3271 I FirebaseCrashApiImpl: FirebaseCrash reporting API initialized
09-24 19:14:26.805 1813 1908 D HostConnection: HostComposition ext ANDROID_EMU_CHECKSUM_HELPER_v1 ANDROID_EMU_dma_v1 ANDROID_EMU_direct_mem ANDROID_EMU_host_composition_v1 ANDROID_EMU_host_composition_v2 ANDROID_EMU_YUV420_888_to_NV21 ANDROID_EMU_YUV_Cache ANDROID_EMU_sync_buffer_data GL_OES_EGL_image_external_essl3 GL_OES_vertex_array_object ANDROID_EMU_host_side_tracing ANDROID_EMU_gles_max_version_3_0
09-24 19:14:26.806 2041 2064 W WindowManager: Failed looking up window callers=com.android.server.wm.WindowManagerService.windowForClientLocked:5281 com.android.server.wm.WindowManagerService.removeWindow:1753 com.android.server.wm.Session.remove:176
09-24 19:14:26.807 2720 3331 I putmethod.lati: Waiting for a blocking GC ClassLinker
09-24 19:14:26.807 2041 2064 W InputReader: Device has associated, but no associated display id.
09-24 19:14:26.812 2041 3277 W AppWidgetServiceImpl: Failed to read state: java.io.FileNotFoundException: /data/system/users/0/appwidgets.xml: open failed: ENOENT (No such file or directory)
09-24 19:14:26.812 2041 3277 V AppWidgetServiceImpl: Upgrading widget database from 0 to 1
09-24 19:14:26.807 2041 2064 I chatty : uid=1000(system) android.anim identical 8 lines
09-24 19:14:26.807 2041 2064 W InputReader: Device has associated, but no associated display id.
09-24 19:14:26.815 2201 2201 I NetRec : [2] NetworkRecommendationService.onCreate: Creating service.
09-24 19:14:26.819 3406 3406 E id.printspoole: Not starting debugger since process cannot load the jdwp agent.
09-24 19:14:26.826 2041 2041 I Telecom : DefaultDialerCache: Refreshing default dialer for user 0: now com.android.dialer: CM.CCCR->CM.UECNT@ADk
09-24 19:14:26.833 2720 2720 I HandwritingImeExtension: onCreate
09-24 19:14:26.850 2247 2453 W Role : com.google.android.sdksetup not qualified for android.app.role.HOME due to missing RequiredComponent{mIntentFilterData=IntentFilterData{mAction='android.intent.action.MAIN', mCategories='[android.intent.category.HOME]', mDataScheme='null', mDataType='null'}, mPermission='null', mMetaData=[]}
09-24 19:14:26.850 2247 2453 I RoleControllerServiceImpl: Removing package that no longer qualifies for the role, package: com.google.android.sdksetup, role: android.app.role.HOME
09-24 19:14:26.851 2247 2453 I RoleControllerServiceImpl: Adding package as default/fallback role holder, package: com.google.android.apps.nexuslauncher, role: android.app.role.HOME
09-24 19:14:26.872 2720 3408 I LstmExtension: onCreate(): Finished in 136 ms
09-24 19:14:26.872 2720 3408 I FederatedC2QExtension: onCreateInternal()
09-24 19:14:26.884 2041 2041 V SettingsProvider: Notifying for 0: content://settings/secure/location_providers_allowed
09-24 19:14:26.884 3406 3406 I id.printspoole: The ClassLoaderContext is a special shared library.
09-24 19:14:26.888 3378 3409 I ProxyGalProvider: QueryGalProvider in Legacy provider.
09-24 19:14:26.892 2041 2041 I Telecom : PhoneAccountRegistrar: getSimCallManager: SimCallManager for subId 1 queried, returning: null: CM.CCCR->CM.UECNT@ADk
09-24 19:14:26.911 1780 1780 D Zygote : Forked child process 3445
09-24 19:14:26.912 3345 3444 I SharedPreferencesProto: load shared preferences: file not found
09-24 19:14:26.922 2720 2720 I HandwritingConfig: Caching enable_handwriting_lstm value to false
09-24 19:14:26.922 2720 2720 I HwrMappingProvider: getHandwritingMappingParser(): Using Segment and Decode parser
09-24 19:14:26.922 2720 2720 I HWRSuperpacksManager: onEnabledInputMethodEntriesChanged
09-24 19:14:26.938 3445 3445 W ogle.android.g: Unexpected CPU variant for X86 using defaults: x86
09-24 19:14:26.940 2201 2201 I NetRec : [2] alft.: Generating AES key
09-24 19:14:26.940 2201 2201 I NetRec : [2] alft.: Generating HMAC key
