09-24 18:40:37.706 1105 1179 I ImeTracker: com.google.android.apps.nexuslauncher:9e1bda8f: onFailed at PHASE_CLIENT_VIEW_SERVED
09-24 18:40:37.713 1105 1105 D TaplEvents: Pilfer / pilferPointers
09-24 18:40:37.713 561 657 I InputDispatcher: Channel [Gesture Monitor] swipe-up (server) is stealing touch from [da9b173 com.example.qtquickview_kotlin/com.example.qtquickview_kotlin.MainActivity (server), [Gesture Monitor] edge-swipe (server)]
09-24 18:40:37.728 561 581 D AutofillManagerService: Close system dialogs
09-24 18:40:37.732 807 807 I vol.VolumeDialogImpl: mDialog.dismiss() reason: volume_controller from: com.android.systemui.volume.VolumeDialogImpl$7.onDismissRequested:3
09-24 18:40:37.766 561 581 V WindowManager: Sent Transition #71 createdAt=09-24 18:40:37.687
09-24 18:40:37.766 561 581 V WindowManager: startWCT=WindowContainerTransaction { changes = {} hops = [{PendingIntent: options=Bundle[{android.activity.splashScreenStyle=-1, android.activity.sourceInfo=android.app.ActivityOptions$SourceInfo@c2db762, android.activity.transientLaunch=true}]}] errorCallbackToken=null taskFragmentOrganizer=null }
09-24 18:40:37.766 561 581 V WindowManager: info={id=71 t=TO_FRONT f=0x80 trk=0 r=[0@Point(0, 0)] c=[{WCT{RemoteToken{5486296 Task{6e71f63 #1 type=home}}} m=SHOW f=SHOW_WALLPAPER leash=Surface(name=Task=1)/@0xbadec5f sb=Rect(0, 0 - 1080, 2400) eb=Rect(0, 0 - 1080, 2400) d=0},{WCT{RemoteToken{437c0b Task{7ca89cd #28 type=standard A=10184:com.example.qtquickview_kotlin}}} m=HIDE f=NONE leash=Surface(name=Task=28)/@0x53c2585 sb=Rect(0, 0 - 1080, 2400) eb=Rect(0, 0 - 1080, 2400) d=0},{null m=SHOW f=IS_WALLPAPER leash=Surface(name=WallpaperWindowToken{c35888f token=android.os.Binder@348cbee})/@0x94640b9 sb=Rect(0, 0 - 1080, 2400) eb=Rect(0, 0 - 1080, 2400) d=0}]}
09-24 18:40:37.767 807 840 V WindowManagerShell: onTransitionReady android.os.BinderProxy@1138f09: {id=71 t=TO_FRONT f=0x80 trk=0 r=[0@Point(0, 0)] c=[{WCT{android.window.IWindowContainerToken$Stub$Proxy@b6fb475} m=SHOW f=SHOW_WALLPAPER leash=Surface(name=Task=1)/@0xf09ac0a sb=Rect(0, 0 - 1080, 2400) eb=Rect(0, 0 - 1080, 2400) d=0},{WCT{android.window.IWindowContainerToken$Stub$Proxy@3457c7b} m=HIDE f=NONE leash=Surface(name=Task=28)/@0x2a5aa98 sb=Rect(0, 0 - 1080, 2400) eb=Rect(0, 0 - 1080, 2400) d=0},{null m=SHOW f=IS_WALLPAPER leash=Surface(name=WallpaperWindowToken{c35888f token=android.os.Binder@348cbee})/@0x41422f1 sb=Rect(0, 0 - 1080, 2400) eb=Rect(0, 0 - 1080, 2400) d=0}]}
09-24 18:40:37.769 413 918 I BpBinder: onLastStrongRef automatically unlinking death recipients:
09-24 18:40:37.770 807 840 V WindowManagerShell: Playing animation for (#71)android.os.BinderProxy@1138f09@0
09-24 18:40:37.770 807 840 V WindowManagerShell: try firstHandler com.android.wm.shell.recents.RecentsTransitionHandler@48ea264
09-24 18:40:37.770 807 840 V ShellRecents: [150820880] RecentsController.start
09-24 18:40:37.772 807 840 V ShellRecents: adding pausing taskId=28
09-24 18:40:37.773 807 840 V ShellRecents: [150820880] RecentsController.start: calling onAnimationStart
09-24 18:40:37.774 807 840 V WindowManagerShell: animated by firstHandler
09-24 18:40:37.792 807 840 V ShellRecents: [150820880] RecentsController.setInputConsumerEnabled: set focus to recents
09-24 18:40:37.810 561 694 E HandwritingModeController: Cannot get requestId: Handwriting was not initialized.
09-24 18:40:37.856 6083 6103 D EGL_emulation: app_time_stats: avg=327.56ms min=8.52ms max=1878.07ms count=6
09-24 18:40:37.951 807 807 D StatusBarIconController: ignoring old pipeline callback because the new wifi icon is enabled
09-24 18:40:38.041 1105 1105 D TaplEvents: TIS / TouchInteractionService.onInputEvent: MotionEvent { action=ACTION_UP, actionButton=0, id[0]=0, x[0]=567.9824, y[0]=18.969727, toolType[0]=TOOL_TYPE_FINGER, buttonState=0, classification=NONE, metaState=0, flags=0x0, edgeFlags=0x0, pointerCount=1, historySize=0, eventTime=481214, downTime=480870, deviceId=4, source=0xd002, displayId=0, eventId=398486179 }
09-24 18:40:38.045 807 1490 V ShellRecents: [150820880] RecentsController.detachNavigationBarFromApp
09-24 18:40:38.089 561 1883 D OomAdjuster: Not killing cached processes
09-24 18:40:38.090 561 1883 W ProcessStats: Tracking association SourceState{dcaf774 com.google.android.googlequicksearchbox:search/10123 BTop #5588} whose proc state 2 is better than process ProcessState{a9b2356 com.google.android.googlequicksearchbox:interactor/10123 pkg=com.google.android.googlequicksearchbox} proc state 4 (15 skipped)
09-24 18:40:38.093 969 1204 D BtGatt.ScanManager: uid 10116 isForeground true scanMode 1
09-24 18:40:38.094 969 1204 D BtGatt.ScanManager: uid 10116 isForeground true scanMode -1
09-24 18:40:38.142 413 413 I BpBinder: onLastStrongRef automatically unlinking death recipients:
09-24 18:40:38.328 1658 1853 I AiAiEcho: Predicting[0]:
09-24 18:40:38.328 1658 1853 I AiAiEcho: EchoTargets:
09-24 18:40:38.328 1658 1853 I AiAiEcho: Filtered by AiAi flag check:
09-24 18:40:38.330 1658 1853 I AiAiEcho: Ranked targets strategy: SORT, count: 0, ranking metadata:
09-24 18:40:38.331 1658 1853 I AiAiEcho: #postPredictionTargets: Sending updates to UISurface home with targets# 0 (types=[])
09-24 18:40:38.391 1932 1932 W A : Can't get WAA status for Mavatar!
09-24 18:40:38.391 1932 1932 W A : java.lang.NullPointerException: Attempt to invoke virtual method 'java.lang.Class java.lang.Object.getClass()' on a null object reference
09-24 18:40:38.391 1932 1932 W A : at com.google.apps.tiktok.dataservice.z.b(PG:1)
09-24 18:40:38.391 1932 1932 W A : at com.google.apps.tiktok.dataservice.at.a(PG:1)
09-24 18:40:38.391 1932 1932 W A : at com.google.apps.tiktok.tracing.ec.a(PG:2)
09-24 18:40:38.391 1932 1932 W A : at com.google.common.util.concurrent.aj.a(PG:2)
09-24 18:40:38.391 1932 1932 W A : at com.google.common.util.concurrent.ac.apply(PG:1)
09-24 18:40:38.391 1932 1932 W A : at com.google.common.util.concurrent.h.e(PG:2)
09-24 18:40:38.391 1932 1932 W A : at com.google.common.util.concurrent.j.run(PG:9)
09-24 18:40:38.391 1932 1932 W A : at com.google.common.util.concurrent.bf.execute(PG:1)
09-24 18:40:38.391 1932 1932 W A : at com.google.common.util.concurrent.d.i(PG:1)
09-24 18:40:38.391 1932 1932 W A : at com.google.common.util.concurrent.d.iq(PG:5)
09-24 18:40:38.391 1932 1932 W A : at com.google.common.util.concurrent.j.h(PG:2)
09-24 18:40:38.391 1932 1932 W A : at com.google.common.util.concurrent.ax.d(PG:1)
09-24 18:40:38.391 1932 1932 W A : at com.google.apps.tiktok.dataservice.au.a(PG:5)
09-24 18:40:38.391 1932 1932 W A : at com.google.apps.tiktok.dataservice.dr.c(PG:5)
09-24 18:40:38.391 1932 1932 W A : at com.google.apps.tiktok.dataservice.dp.run(PG:6)
09-24 18:40:38.391 1932 1932 W A : at com.google.apps.tiktok.concurrent.ak.run(PG:6)
09-24 18:40:38.391 1932 1932 W A : at com.google.apps.tiktok.tracing.ei.run(PG:2)
09-24 18:40:38.391 1932 1932 W A : at java.util.concurrent.Executors$RunnableAdapter.call(Executors.java:487)
09-24 18:40:38.391 1932 1932 W A : at com.google.common.util.concurrent.dy.a(PG:1)
09-24 18:40:38.391 1932 1932 W A : at com.google.common.util.concurrent.cv.run(PG:4)
09-24 18:40:38.391 1932 1932 W A : at com.google.common.util.concurrent.dz.run(PG:1)
09-24 18:40:38.391 1932 1932 W A : at android.os.Handler.handleCallback(Handler.java:958)
09-24 18:40:38.391 1932 1932 W A : at android.os.Handler.dispatchMessage(Handler.java:99)
09-24 18:40:38.391 1932 1932 W A : at android.os.Looper.loopOnce(Looper.java:205)
09-24 18:40:38.391 1932 1932 W A : at android.os.Looper.loop(Looper.java:294)
09-24 18:40:38.391 1932 1932 W A : at android.app.ActivityThread.main(ActivityThread.java:8176)
09-24 18:40:38.391 1932 1932 W A : at java.lang.reflect.Method.invoke(Native Method)
09-24 18:40:38.391 1932 1932 W A : at com.android.internal.os.RuntimeInit$MethodAndArgsCaller.run(RuntimeInit.java:552)
09-24 18:40:38.391 1932 1932 W A : at com.android.internal.os.ZygoteInit.main(ZygoteInit.java:971)
09-24 18:40:38.474 561 1794 W AppSearchIcing: icing-search-engine.cc:283: Error: 5, Message: Document (com.google.android.googlequicksearchbox$OneSearchZeroStateGoogleSuggestions/default, zp) not found.
09-24 18:40:38.523 1932 1945 I earchbox:search: Background young concurrent copying GC freed 251743(9754KB) AllocSpace objects, 28(988KB) LOS objects, 32% free, 21MB/31MB, paused 31.594ms,24us total 299.644ms
09-24 18:40:38.549 1105 2176 D OneSearchSuggestProvider: Created the binder channel successfully for end point service =com.google.android.apps.search.googleapp.search.suggest.plugins.onesearch.server.OneSearchSuggestService , mChannel=z1{delegate=s1{logId=109, target=directaddress:///AndroidComponentAddress%5BIntent%20%7B%20act=grpc.io.action.BIND%20cmp=com.google.android.googlequicksearchbox/com.google.android.apps.search.googleapp.search.suggest.plugins.onesearch.server.OneSearchSuggestService%20%7D%5D}} , mOneSearchConnection=X1.T@6730a99
09-24 18:40:38.569 1932 1932 I A : Created gRPC endpoint to "search" for service class com.google.android.apps.search.googleapp.search.suggest.plugins.onesearch.server.OneSearchSuggestService
09-24 18:40:38.685 807 1353 V ShellRecents: [150820880] RecentsController.screenshotTask: taskId=28
09-24 18:40:38.696 1105 1105 D SearchTargetUtil: query= size=0
09-24 18:40:38.741 1105 1179 I ImeTracker: com.google.android.apps.nexuslauncher:8d995206: onRequestHide at ORIGIN_CLIENT_HIDE_SOFT_INPUT reason HIDE_SOFT_INPUT
09-24 18:40:38.742 1105 1179 I ImeTracker: com.google.android.apps.nexuslauncher:8d995206: onFailed at PHASE_CLIENT_VIEW_SERVED
09-24 18:40:38.742 807 840 V ShellRecents: [150820880] RecentsController.finishInner: toHome=true userLeave=true willFinishToHome=true state=0
09-24 18:40:38.742 807 840 V ShellRecents: normal finish
09-24 18:40:38.742 807 840 V ShellRecents: [150820880] RecentsController.cleanup
09-24 18:40:38.742 807 840 V WindowManagerShell: Transition animation finished (aborted=false), notifying core (#71)android.os.BinderProxy@1138f09@0
09-24 18:40:38.744 561 581 V WindowManager: Finish Transition #71: created at
09-24 18:40:37.687 collect-started=0.494ms started=1.047ms ready=6.397ms sent=78.492ms finished=1056.988ms
09-24 18:40:38.789 807 840 V WindowManagerShell: Track 0 became idle
09-24 18:40:38.789 807 840 V WindowManagerShell: All active transition animations finished
09-24 18:40:38.789 807 840 W Looper : Slow dispatch took 47ms wmshell.main h=android.os.Handler c=com.android.wm.shell.recents.RecentsTransitionHandler$RecentsController$$ExternalSyntheticLambda3@6d6b2b0 m=0
09-24 18:40:38.792 561 584 V WindowManager: Unknown focus tokens, dropping reportFocusChanged
09-24 18:40:38.817 561 1843 E TaskPersister: File error accessing recents directory (directory doesn't exist?).
09-24 18:40:38.837 561 1883 I ImeTracker: com.google.android.apps.nexuslauncher:56de9e6f: onRequestHide at ORIGIN_SERVER_HIDE_INPUT reason HIDE_UNSPECIFIED_WINDOW
09-24 18:40:38.837 561 1883 I ImeTracker: com.google.android.apps.nexuslauncher:56de9e6f: onCancelled at PHASE_SERVER_SHOULD_HIDE
09-24 18:40:38.841 1575 1575 I GoogleInputMethodService: GoogleInputMethodService.onFinishInput():3227
09-24 18:40:38.845 1575 1575 I GoogleInputMethodService: GoogleInputMethodService.updateDeviceLockedStatus():2087 repeatCheckTimes = 0, unlocked = true
09-24 18:40:38.846 1575 1575 I GoogleInputMethodService: GoogleInputMethodService.onStartInput():1877 onStartInput(EditorInfo{inputType=0x0(NULL) imeOptions=0x0 privateImeOptions=null actionName=UNSPECIFIED actionLabel=null actionId=0 initialSelStart=-1 initialSelEnd=-1 initialCapsMode=0x0 hintText=null label=null packageName=com.google.android.apps.nexuslauncher fieldId=0 fieldName=null extras=null}, false)
09-24 18:40:38.846 1575 1575 I GoogleInputMethodService: GoogleInputMethodService.shouldHideHeaderOnInitialState():4008 ShouldHideHeaderOnInitialState = false
09-24 18:40:38.846 1575 1575 I GoogleInputMethodService: GoogleInputMethodService.updateDeviceLockedStatus():2087 repeatCheckTimes = 2, unlocked = true
09-24 18:40:38.860 1105 1933 D EGL_emulation: app_time_stats: avg=23.57ms min=9.82ms max=117.18ms count=33
09-24 18:40:39.518 1105 1105 D TaplEvents: Main / Touch event: MotionEvent { action=ACTION_DOWN, actionButton=0, id[0]=0, x[0]=961.9414, y[0]=1963.916, toolType[0]=TOOL_TYPE_FINGER, buttonState=0, classification=NONE, metaState=0, flags=0x0, edgeFlags=0x0, pointerCount=1, historySize=0, eventTime=482711, downTime=482711, deviceId=4, source=0xd002, displayId=0, eventId=84998469 }
09-24 18:40:39.520 1105 1105 D TaplEvents: TIS / TouchInteractionService.onInputEvent: MotionEvent { action=ACTION_DOWN, actionButton=0, id[0]=0, x[0]=961.9414, y[0]=1963.916, toolType[0]=TOOL_TYPE_FINGER, buttonState=0, classification=NONE, metaState=0, flags=0x0, edgeFlags=0x0, pointerCount=1, historySize=0, eventTime=482711, downTime=482711, deviceId=4, source=0xd002, displayId=0, eventId=84998469 }
09-24 18:40:39.697 1105 1105 D TaplEvents: Main / Touch event: MotionEvent { action=ACTION_UP, actionButton=0, id[0]=0, x[0]=961.9414, y[0]=1963.916, toolType[0]=TOOL_TYPE_FINGER, buttonState=0, classification=NONE, metaState=0, flags=0x0, edgeFlags=0x0, pointerCount=1, historySize=0, eventTime=482855, downTime=482711, deviceId=4, source=0xd002, displayId=0, eventId=224214110 }
09-24 18:40:39.706 1105 1105 D TaplEvents: TIS / TouchInteractionService.onInputEvent: MotionEvent { action=ACTION_UP, actionButton=0, id[0]=0, x[0]=961.9414, y[0]=1963.916, toolType[0]=TOOL_TYPE_FINGER, buttonState=0, classification=NONE, metaState=0, flags=0x0, edgeFlags=0x0, pointerCount=1, historySize=0, eventTime=482855, downTime=482711, deviceId=4, source=0xd002, displayId=0, eventId=224214110 }
09-24 18:40:39.716 1105 1105 D TaplEvents: Main / start: startAppShortcutOrInfoActivity
09-24 18:40:39.737 396 747 D audioserver: FGS Logger Transaction failed
09-24 18:40:39.737 396 747 D audioserver: -129
09-24 18:40:39.755 396 524 D AudioFlinger: mixer(0x72df5f8d6930) throttle end: throttle time(37)
09-24 18:40:39.768 807 840 V WindowManagerShell: Transition requested: android.os.BinderProxy@609a3ee TransitionRequestInfo { type = OPEN, triggerTask = TaskInfo{userId=0 taskId=28 displayId=0 isRunning=true baseIntent=Intent { act=android.intent.action.MAIN cat=[android.intent.category.LAUNCHER] flg=0x10200000 cmp=com.example.qtquickview_kotlin/.MainActivity } baseActivity=ComponentInfo{com.example.qtquickview_kotlin/com.example.qtquickview_kotlin.MainActivity} topActivity=ComponentInfo{com.example.qtquickview_kotlin/com.example.qtquickview_kotlin.MainActivity} origActivity=null realActivity=ComponentInfo{com.example.qtquickview_kotlin/com.example.qtquickview_kotlin.MainActivity} numActivities=1 lastActiveTime=481941 supportsMultiWindow=true resizeMode=1 isResizeable=true minWidth=-1 minHeight=-1 defaultMinSize=220 token=WCT{android.window.IWindowContainerToken$Stub$Proxy@a21808f} topActivityType=1 pictureInPictureParams=null shouldDockBigOverlays=false launchIntoPipHostTaskId=-1 lastParentTaskIdBeforePip=-1 displayCutoutSafeInsets=Rect(0, 132 - 0, 0) topActivityInfo=ActivityInfo{3097f1c com.example.qtquickview_kotlin.MainActivity} launchCookies=[android.os.BinderProxy@b6dd725] positionInParent=Point(0, 0) parentTaskId=-1 isFocused=true isVisible=false isSleeping=false topActivityInSizeCompat=false topActivityEligibleForLetterboxEducation= false topActivityLetterboxed= false isFromDoubleTap= false topActivityLetterboxVerticalPosition= -1 topActivityLetterboxHorizontalPosition= -1 topActivityLetterboxWidth=-1 topActivityLetterboxHeight=-1 locusId=null displayAreaFeatureId=1 cameraCompatControlState=hidden}, remoteTransition = RemoteTransition { remoteTransition = android.window.IRemoteTransition$Stub$Proxy@f010fa, appThread = android.app.IApplicationThread$Stub$Proxy@6bf96ab, debugName = QuickstepLaunch }, displayChange = null }
09-24 18:40:39.768 561 1883 I ActivityTaskManager: START u0 {act=android.intent.action.MAIN cat=[android.intent.category.LAUNCHER] flg=0x10200000 cmp=com.example.qtquickview_kotlin/.MainActivity bnds=[832,1873][1005,2068]} with LAUNCH_MULTIPLE from uid 10151 (BAL_ALLOW_ALLOWLISTED_COMPONENT) result code=2
09-24 18:40:39.769 807 840 V WindowManagerShell: RemoteTransition directly requested for android.os.BinderProxy@609a3ee: RemoteTransition { remoteTransition = android.window.IRemoteTransition$Stub$Proxy@f010fa, appThread = android.app.IApplicationThread$Stub$Proxy@6bf96ab, debugName = QuickstepLaunch }
09-24 18:40:39.771 561 657 W WindowManager: Failed looking up window session=Session{9db3654 807:u0a10159} callers=com.android.server.wm.WindowManagerService.windowForClientLocked:6045 com.android.server.wm.WindowManagerService.removeWindow:1973 com.android.server.wm.Session.remove:231
09-24 18:40:39.776 561 657 E Transition: Trying to add a ready-group twice: Display{#0 state=ON size=1080x2400 ROTATION_0}
09-24 18:40:39.777 807 865 V SnapshotDrawerUtils: Drawing snapshot surface sizeMismatch=true
09-24 18:40:39.782 413 413 I BpBinder: onLastStrongRef automatically unlinking death recipients:
09-24 18:40:39.810 396 524 D AudioFlinger: mixer(0x72df5f8d6930) throttle end: throttle time(32)
09-24 18:40:39.820 561 581 V WindowManager: Sent Transition #72 createdAt=09-24 18:40:39.753 via request=TransitionRequestInfo { type = OPEN, triggerTask = TaskInfo{userId=0 taskId=28 displayId=0 isRunning=true baseIntent=Intent { act=android.intent.action.MAIN cat=[android.intent.category.LAUNCHER] flg=0x10200000 cmp=com.example.qtquickview_kotlin/.MainActivity } baseActivity=ComponentInfo{com.example.qtquickview_kotlin/com.example.qtquickview_kotlin.MainActivity} topActivity=ComponentInfo{com.example.qtquickview_kotlin/com.example.qtquickview_kotlin.MainActivity} origActivity=null realActivity=ComponentInfo{com.example.qtquickview_kotlin/com.example.qtquickview_kotlin.MainActivity} numActivities=1 lastActiveTime=481941 supportsMultiWindow=true resizeMode=1 isResizeable=true minWidth=-1 minHeight=-1 defaultMinSize=220 token=WCT{RemoteToken{437c0b Task{7ca89cd #28 type=standard A=10184:com.example.qtquickview_kotlin}}} topActivityType=1 pictureInPictureParams=null shouldDockBigOverlays=false launchIntoPipHostTaskId=-1 lastParentTaskIdBeforePip=-1 displayCutoutSafeInsets=Rect(0, 132 - 0, 0) topActivityInfo=ActivityInfo{8095ae8 com.example.qtquickview_kotlin.MainActivity} launchCookies=[android.os.BinderProxy@f220f0d] positionInParent=Point(0, 0) parentTaskId=-1 isFocused=true isVisible=false isSleeping=false topActivityInSizeCompat=false topActivityEligibleForLetterboxEducation= false topActivityLetterboxed= false isFromDoubleTap= false topActivityLetterboxVerticalPosition= -1 topActivityLetterboxHorizontalPosition= -1 topActivityLetterboxWidth=-1 topActivityLetterboxHeight=-1 locusId=null displayAreaFeatureId=1 cameraCompatControlState=hidden}, remoteTransition = RemoteTransition { remoteTransition = android.window.IRemoteTransition$Stub$Proxy@3248ec2, appThread = android.app.IApplicationThread$Stub$Proxy@61c14d3, debugName = QuickstepLaunch }, displayChange = null }
09-24 18:40:39.820 561 581 V WindowManager: startWCT=WindowContainerTransaction { changes = {} hops = [] errorCallbackToken=null taskFragmentOrganizer=null }
09-24 18:40:39.820 561 581 V WindowManager: info={id=72 t=OPEN f=0x0 trk=0 r=[0@Point(0, 0)] c=[{WCT{RemoteToken{437c0b Task{7ca89cd #28 type=standard A=10184:com.example.qtquickview_kotlin}}} m=SHOW f= leash=Surface(name=Task=28)/@0x53c2585 sb=Rect(0, 0 - 1080, 2400) eb=Rect(0, 0 - 1080, 2400) d=0},{WCT{RemoteToken{5486296 Task{6e71f63 #1 type=home}}} m=HIDE f=SHOW_WALLPAPER leash=Surface(name=Task=1)/@0xbadec5f sb=Rect(0, 0 - 1080, 2400) eb=Rect(0, 0 - 1080, 2400) d=0}]}
09-24 18:40:39.825 807 840 V WindowManagerShell: onTransitionReady android.os.BinderProxy@609a3ee: {id=72 t=OPEN f=0x0 trk=0 r=[0@Point(0, 0)] c=[{WCT{android.window.IWindowContainerToken$Stub$Proxy@22904a4} m=SHOW f= leash=Surface(name=Task=28)/@0x5b9220d sb=Rect(0, 0 - 1080, 2400) eb=Rect(0, 0 - 1080, 2400) d=0},{WCT{android.window.IWindowContainerToken$Stub$Proxy@b41a5c2} m=HIDE f=SHOW_WALLPAPER leash=Surface(name=Task=1)/@0x180dfd3 sb=Rect(0, 0 - 1080, 2400) eb=Rect(0, 0 - 1080, 2400) d=0}]}
09-24 18:40:39.825 807 840 V WindowManagerShell: Playing animation for (#72)android.os.BinderProxy@609a3ee@0
09-24 18:40:39.825 807 840 V WindowManagerShell: try firstHandler com.android.wm.shell.transition.DefaultMixedHandler@2bf3891
09-24 18:40:39.826 807 840 V WindowManagerShell: Delegate animation for #72 to RemoteTransition { remoteTransition = android.window.IRemoteTransition$Stub$Proxy@f010fa, appThread = android.app.IApplicationThread$Stub$Proxy@6bf96ab, debugName = QuickstepLaunch }
09-24 18:40:39.826 807 840 V WindowManagerShell: animated by firstHandler
09-24 18:40:39.861 1105 1933 D EGL_emulation: app_time_stats: avg=57.85ms min=10.46ms max=515.37ms count=17
09-24 18:40:39.871 396 524 D audioserver: FGS Logger Transaction failed
09-24 18:40:39.871 396 524 D audioserver: -129
09-24 18:40:40.005 561 581 W ziparchive: Unable to open '/data/app/~~F4yQBZPHkkiDCvIpIfMWXg==/com.example.qtquickview_kotlin-RM41Tj9q01JxxlLq7edIHg==/base.dm': No such file or directory
09-24 18:40:40.021 561 1883 I ImeTracker: com.example.qtquickview_kotlin:9c2113df: onRequestHide at ORIGIN_SERVER_HIDE_INPUT reason HIDE_UNSPECIFIED_WINDOW
09-24 18:40:40.021 561 1883 I ImeTracker: com.example.qtquickview_kotlin:9c2113df: onCancelled at PHASE_SERVER_SHOULD_HIDE
09-24 18:40:40.036 1575 1575 I GoogleInputMethodService: GoogleInputMethodService.onFinishInput():3227
09-24 18:40:40.037 1575 1575 I GoogleInputMethodService: GoogleInputMethodService.updateDeviceLockedStatus():2087 repeatCheckTimes = 0, unlocked = true
09-24 18:40:40.037 1575 1575 I GoogleInputMethodService: GoogleInputMethodService.onStartInput():1877 onStartInput(EditorInfo{inputType=0x0(NULL) imeOptions=0x0 privateImeOptions=null actionName=UNSPECIFIED actionLabel=null actionId=0 initialSelStart=-1 initialSelEnd=-1 initialCapsMode=0x0 hintText=null label=null packageName=com.example.qtquickview_kotlin fieldId=0 fieldName=null extras=null}, false)
09-24 18:40:40.037 1575 1575 I GoogleInputMethodService: GoogleInputMethodService.shouldHideHeaderOnInitialState():4008 ShouldHideHeaderOnInitialState = false
09-24 18:40:40.038 1575 1575 I GoogleInputMethodService: GoogleInputMethodService.updateDeviceLockedStatus():2087 repeatCheckTimes = 2, unlocked = true
09-24 18:40:40.373 807 840 V WindowManagerShell: Transition animation finished (aborted=false), notifying core (#72)android.os.BinderProxy@609a3ee@0
09-24 18:40:40.379 561 581 V WindowManager: Finish Transition #72: created at
09-24 18:40:39.753 collect-started=0.033ms request-sent=13.763ms started=17.288ms ready=28.595ms sent=64.568ms finished=625.362ms
09-24 18:40:40.381 807 840 V WindowManagerShell: Track 0 became idle
09-24 18:40:40.381 807 840 V WindowManagerShell: All active transition animations finished
09-24 18:40:40.391 969 1204 D BtGatt.ScanManager: uid 10116 isForeground true scanMode 1
09-24 18:40:40.391 969 1204 D BtGatt.ScanManager: uid 10116 isForeground true scanMode -1
09-24 18:40:40.442 1105 2176 D OneSearchSuggestProvider: Shut down the binder channel
09-24 18:40:40.443 1105 3473 I IPCThreadState: oneway function results for code 2 on binder at 0x799fb5135040 will be dropped but finished with status UNKNOWN_TRANSACTION
09-24 18:40:40.446 1105 1179 I ImeTracker: com.google.android.apps.nexuslauncher:7e4a50a0: onRequestHide at ORIGIN_CLIENT_HIDE_SOFT_INPUT reason HIDE_SOFT_INPUT
09-24 18:40:40.447 1105 1179 I ImeTracker: com.google.android.apps.nexuslauncher:7e4a50a0: onFailed at PHASE_CLIENT_VIEW_SERVED
09-24 18:40:40.480 413 413 W SurfaceFlinger: couldn't log to binary event log: overflow.
09-24 18:40:40.486 1105 1105 W FrameTracker: Missed App frame:UNKNOWN: 88, 233083, 0, CUJ=J
09-24 18:40:40.486 1105 1105 W FrameTracker: Missed SF frame:UNKNOWN: 88, 233083, 0, CUJ=J
09-24 18:40:40.487 1105 1105 W FrameTracker: Missing HWUI jank callback for vsyncId: 233083, CUJ=J
09-24 18:40:40.487 1105 1105 W FrameTracker: Missing HWUI jank callback for vsyncId: 233105, CUJ=J
09-24 18:40:40.487 1105 1105 W FrameTracker: Missing HWUI jank callback for vsyncId: 233316, CUJ=J
09-24 18:40:40.487 1105 1105 W FrameTracker: Missing HWUI jank callback for vsyncId: 233381, CUJ=J
09-24 18:40:40.487 1105 1105 W FrameTracker: Missed App frame:UNKNOWN: 74, 233610, 88775357, CUJ=J
09-24 18:40:40.487 1105 1105 W FrameTracker: Missed SF frame:UNKNOWN: 74, 233610, 88775357, CUJ=J
09-24 18:40:41.044 1105 1105 D TaplEvents: TIS / TouchInteractionService.onInputEvent: MotionEvent { action=ACTION_DOWN, actionButton=0, id[0]=0, x[0]=514.9844, y[0]=2361.914, toolType[0]=TOOL_TYPE_FINGER, buttonState=0, classification=NONE, metaState=0, flags=0x0, edgeFlags=0x0, pointerCount=1, historySize=0, eventTime=484237, downTime=484237, deviceId=4, source=0xd002, displayId=0, eventId=89455313 }
09-24 18:40:41.049 807 840 V ShellRecents: RecentsTransitionHandler.startRecentsTransition
09-24 18:40:41.049 807 840 V WindowManagerShell: Directly starting a new transition type=3 wct=WindowContainerTransaction { changes = {} hops = [{PendingIntent: options=Bundle[mParcelledData.dataSize=332]}] errorCallbackToken=null taskFragmentOrganizer=null } handler=com.android.wm.shell.recents.RecentsTransitionHandler@48ea264
09-24 18:40:41.057 807 840 V ShellRecents: [90516546] RecentsController.setTransition: id=android.os.BinderProxy@c9c2453
09-24 18:40:41.063 413 413 I BpBinder: onLastStrongRef automatically unlinking death recipients:
09-24 18:40:41.069 1105 1179 I ImeTracker: com.google.android.apps.nexuslauncher:22743d43: onRequestHide at ORIGIN_CLIENT_HIDE_SOFT_INPUT reason HIDE_SOFT_INPUT
09-24 18:40:41.069 1105 1179 I ImeTracker: com.google.android.apps.nexuslauncher:22743d43: onFailed at PHASE_CLIENT_VIEW_SERVED
09-24 18:40:41.142 1105 1105 D TaplEvents: Pilfer / pilferPointers
09-24 18:40:41.143 561 656 I InputDispatcher: Channel [Gesture Monitor] swipe-up (server) is stealing touch from [da9b173 com.example.qtquickview_kotlin/com.example.qtquickview_kotlin.MainActivity (server), [Gesture Monitor] edge-swipe (server)]
09-24 18:40:41.145 807 840 V WindowManagerShell: onTransitionReady android.os.BinderProxy@c9c2453: {id=73 t=TO_FRONT f=0x80 trk=0 r=[0@Point(0, 0)] c=[{WCT{android.window.IWindowContainerToken$Stub$Proxy@c7fe88} m=SHOW f=SHOW_WALLPAPER leash=Surface(name=Task=1)/@0x9e50021 sb=Rect(0, 0 - 1080, 2400) eb=Rect(0, 0 - 1080, 2400) d=0},{WCT{android.window.IWindowContainerToken$Stub$Proxy@7114c46} m=HIDE f=NONE leash=Surface(name=Task=28)/@0xbbefe07 sb=Rect(0, 0 - 1080, 2400) eb=Rect(0, 0 - 1080, 2400) d=0},{null m=SHOW f=IS_WALLPAPER leash=Surface(name=WallpaperWindowToken{c35888f token=android.os.Binder@348cbee})/@0x2227b34 sb=Rect(0, 0 - 1080, 2400) eb=Rect(0, 0 - 1080, 2400) d=0}]}
09-24 18:40:41.145 807 840 V WindowManagerShell: Playing animation for (#73)android.os.BinderProxy@c9c2453@0
09-24 18:40:41.145 807 840 V WindowManagerShell: try firstHandler com.android.wm.shell.recents.RecentsTransitionHandler@48ea264
09-24 18:40:41.146 807 840 V ShellRecents: [90516546] RecentsController.start
09-24 18:40:41.147 807 840 V ShellRecents: adding pausing taskId=28
09-24 18:40:41.148 807 840 V ShellRecents: [90516546] RecentsController.start: calling onAnimationStart
09-24 18:40:41.148 807 840 V WindowManagerShell: animated by firstHandler
09-24 18:40:41.151 413 429 I BpBinder: onLastStrongRef automatically unlinking death recipients:
09-24 18:40:41.164 561 581 V WindowManager: Sent Transition #73 createdAt=09-24 18:40:41.050
09-24 18:40:41.164 561 581 V WindowManager: startWCT=WindowContainerTransaction { changes = {} hops = [{PendingIntent: options=Bundle[{android.activity.splashScreenStyle=-1, android.activity.sourceInfo=android.app.ActivityOptions$SourceInfo@d46d217, android.activity.transientLaunch=true}]}] errorCallbackToken=null taskFragmentOrganizer=null }
09-24 18:40:41.164 561 581 V WindowManager: info={id=73 t=TO_FRONT f=0x80 trk=0 r=[0@Point(0, 0)] c=[{WCT{RemoteToken{5486296 Task{6e71f63 #1 type=home}}} m=SHOW f=SHOW_WALLPAPER leash=Surface(name=Task=1)/@0xbadec5f sb=Rect(0, 0 - 1080, 2400) eb=Rect(0, 0 - 1080, 2400) d=0},{WCT{RemoteToken{437c0b Task{7ca89cd #28 type=standard A=10184:com.example.qtquickview_kotlin}}} m=HIDE f=NONE leash=Surface(name=Task=28)/@0x53c2585 sb=Rect(0, 0 - 1080, 2400) eb=Rect(0, 0 - 1080, 2400) d=0},{null m=SHOW f=IS_WALLPAPER leash=Surface(name=WallpaperWindowToken{c35888f token=android.os.Binder@348cbee})/@0x94640b9 sb=Rect(0, 0 - 1080, 2400) eb=Rect(0, 0 - 1080, 2400) d=0}]}
09-24 18:40:41.164 561 581 D AutofillManagerService: Close system dialogs
09-24 18:40:41.171 807 807 I vol.VolumeDialogImpl: mDialog.dismiss() reason: volume_controller from: com.android.systemui.volume.VolumeDialogImpl$7.onDismissRequested:3
09-24 18:40:41.181 561 694 E HandwritingModeController: Cannot get requestId: Handwriting was not initialized.
09-24 18:40:41.188 807 840 V ShellRecents: [90516546] RecentsController.setInputConsumerEnabled: set focus to recents
09-24 18:40:41.264 6083 6103 D EGL_emulation: app_time_stats: avg=242.18ms min=11.73ms max=1062.06ms count=5
09-24 18:40:41.864 1105 1105 D MotionPauseDetector: onMotionPauseChanged, paused=true reason=Didn't have back to back slow speeds, checking for rapid deceleration on first pause only
09-24 18:40:41.952 1105 1105 D TaplEvents: TIS / TouchInteractionService.onInputEvent: MotionEvent { action=ACTION_UP, actionButton=0, id[0]=0, x[0]=558.9512, y[0]=1.9775391, toolType[0]=TOOL_TYPE_FINGER, buttonState=0, classification=NONE, metaState=0, flags=0x0, edgeFlags=0x0, pointerCount=1, historySize=0, eventTime=485137, downTime=484237, deviceId=4, source=0xd002, displayId=0, eventId=422543606 }
09-24 18:40:42.187 1105 1933 D EGL_emulation: app_time_stats: avg=25.22ms min=8.96ms max=184.77ms count=25
09-24 18:40:42.376 807 2294 V ShellRecents: [90516546] RecentsController.screenshotTask: taskId=28
09-24 18:40:42.430 1105 1179 I ImeTracker: com.google.android.apps.nexuslauncher:64783e61: onRequestHide at ORIGIN_CLIENT_HIDE_SOFT_INPUT reason HIDE_SOFT_INPUT
09-24 18:40:42.430 1105 1179 I ImeTracker: com.google.android.apps.nexuslauncher:64783e61: onFailed at PHASE_CLIENT_VIEW_SERVED
09-24 18:40:42.445 807 897 D EGL_emulation: app_time_stats: avg=6124.17ms min=6124.17ms max=6124.17ms count=1
09-24 18:40:42.470 1658 1853 I AiAiEcho: Predicting[0]:
09-24 18:40:42.470 1658 1853 I AiAiEcho: EchoTargets:
09-24 18:40:42.470 1658 1853 I AiAiEcho: Filtered by AiAi flag check:
09-24 18:40:42.471 1658 1853 I AiAiEcho: Ranked targets strategy: SORT, count: 0, ranking metadata:
09-24 18:40:42.472 1658 1853 I AiAiEcho: #postPredictionTargets: Sending updates to UISurface home with targets# 0 (types=[])
09-24 18:40:42.473 561 1794 W AppSearchIcing: icing-search-engine.cc:283: Error: 5, Message: Document (com.google.android.googlequicksearchbox$OneSearchZeroStateGoogleSuggestions/default, zp) not found.
09-24 18:40:42.474 1105 1105 I AiAiSuggestUi: Clearing suggestions.
09-24 18:40:42.475 1105 1105 I AiAiSuggestUi: Requesting to show indicators
09-24 18:40:42.475 1105 1105 I AiAiSuggestUi: Fetching contents, isPrimaryTask = true
09-24 18:40:42.480 1105 2176 D OneSearchSuggestProvider: Created the binder channel successfully for end point service =com.google.android.apps.search.googleapp.search.suggest.plugins.onesearch.server.OneSearchSuggestService , mChannel=z1{delegate=s1{logId=113, target=directaddress:///AndroidComponentAddress%5BIntent%20%7B%20act=grpc.io.action.BIND%20cmp=com.google.android.googlequicksearchbox/com.google.android.apps.search.googleapp.search.suggest.plugins.onesearch.server.OneSearchSuggestService%20%7D%5D}} , mOneSearchConnection=X1.T@ac53fcb
09-24 18:40:42.506 969 1204 D BtGatt.ScanManager: uid 10116 isForeground true scanMode 1
09-24 18:40:42.506 969 1204 D BtGatt.ScanManager: uid 10116 isForeground true scanMode -1
09-24 18:40:42.573 1105 1119 I s.nexuslauncher: NativeAlloc concurrent copying GC freed 34863(1357KB) AllocSpace objects, 0(0B) LOS objects, 49% free, 6220KB/12MB, paused 42us,24us total 145.449ms
09-24 18:40:42.578 1932 1932 I A : Created gRPC endpoint to "search" for service class com.google.android.apps.search.googleapp.search.suggest.plugins.onesearch.server.OneSearchSuggestService
09-24 18:40:42.584 807 1478 V ShellRecents: [90516546] RecentsController.detachNavigationBarFromApp
09-24 18:40:42.591 1932 1932 W A : Can't get WAA status for Mavatar!
09-24 18:40:42.591 1932 1932 W A : java.lang.NullPointerException: Attempt to invoke virtual method 'java.lang.Class java.lang.Object.getClass()' on a null object reference
09-24 18:40:42.591 1932 1932 W A : at com.google.apps.tiktok.dataservice.z.b(PG:1)
09-24 18:40:42.591 1932 1932 W A : at com.google.apps.tiktok.dataservice.at.a(PG:1)
09-24 18:40:42.591 1932 1932 W A : at com.google.apps.tiktok.tracing.ec.a(PG:2)
09-24 18:40:42.591 1932 1932 W A : at com.google.common.util.concurrent.aj.a(PG:2)
09-24 18:40:42.591 1932 1932 W A : at com.google.common.util.concurrent.ac.apply(PG:1)
09-24 18:40:42.591 1932 1932 W A : at com.google.common.util.concurrent.h.e(PG:2)
09-24 18:40:42.591 1932 1932 W A : at com.google.common.util.concurrent.j.run(PG:9)
09-24 18:40:42.591 1932 1932 W A : at com.google.common.util.concurrent.bf.execute(PG:1)
09-24 18:40:42.591 1932 1932 W A : at com.google.common.util.concurrent.d.i(PG:1)
09-24 18:40:42.591 1932 1932 W A : at com.google.common.util.concurrent.d.iq(PG:5)
09-24 18:40:42.591 1932 1932 W A : at com.google.common.util.concurrent.j.h(PG:2)
09-24 18:40:42.591 1932 1932 W A : at com.google.common.util.concurrent.ax.d(PG:1)
09-24 18:40:42.591 1932 1932 W A : at com.google.apps.tiktok.dataservice.au.a(PG:5)
09-24 18:40:42.591 1932 1932 W A : at com.google.apps.tiktok.dataservice.dr.c(PG:5)
09-24 18:40:42.591 1932 1932 W A : at com.google.apps.tiktok.dataservice.dp.run(PG:6)
09-24 18:40:42.591 1932 1932 W A : at com.google.apps.tiktok.concurrent.ak.run(PG:6)
09-24 18:40:42.591 1932 1932 W A : at com.google.apps.tiktok.tracing.ei.run(PG:2)
09-24 18:40:42.591 1932 1932 W A : at java.util.concurrent.Executors$RunnableAdapter.call(Executors.java:487)
09-24 18:40:42.591 1932 1932 W A : at com.google.common.util.concurrent.dy.a(PG:1)
09-24 18:40:42.591 1932 1932 W A : at com.google.common.util.concurrent.cv.run(PG:4)
09-24 18:40:42.591 1932 1932 W A : at com.google.common.util.concurrent.dz.run(PG:1)
09-24 18:40:42.591 1932 1932 W A : at android.os.Handler.handleCallback(Handler.java:958)
09-24 18:40:42.591 1932 1932 W A : at android.os.Handler.dispatchMessage(Handler.java:99)
09-24 18:40:42.591 1932 1932 W A : at android.os.Looper.loopOnce(Looper.java:205)
09-24 18:40:42.591 1932 1932 W A : at android.os.Looper.loop(Looper.java:294)
09-24 18:40:42.591 1932 1932 W A : at android.app.ActivityThread.main(ActivityThread.java:8176)
09-24 18:40:42.591 1932 1932 W A : at java.lang.reflect.Method.invoke(Native Method)
09-24 18:40:42.591 1932 1932 W A : at com.android.internal.os.RuntimeInit$MethodAndArgsCaller.run(RuntimeInit.java:552)
09-24 18:40:42.591 1932 1932 W A : at com.android.internal.os.ZygoteInit.main(ZygoteInit.java:971)
09-24 18:40:42.597 1105 5781 I AiAiSuggestUi: Fetched content back in callback
09-24 18:40:42.602 1105 1105 I AiAiSuggestUi: Display indicators
09-24 18:40:42.623 1105 1105 D SearchTargetUtil: query= size=0
09-24 18:40:42.767 561 1843 E TaskPersister: File error accessing recents directory (directory doesn't exist?).
09-24 18:40:42.803 355 3297 D android.hardware.audio@7.1-impl.ranchu: threadLoop: entering standby, frames: 7101600
09-24 18:40:43.052 807 897 D EGL_emulation: app_time_stats: avg=2580.67ms min=4.00ms max=22891.59ms count=9
09-24 18:40:43.345 1105 1105 D TaplEvents: Main / Touch event: MotionEvent { action=ACTION_DOWN, actionButton=0, id[0]=0, x[0]=744.9717, y[0]=1212.8906, toolType[0]=TOOL_TYPE_FINGER, buttonState=0, classification=NONE, metaState=0, flags=0x0, edgeFlags=0x0, pointerCount=1, historySize=0, eventTime=486530, downTime=486530, deviceId=4, source=0xd002, displayId=0, eventId=867438103 }
09-24 18:40:43.346 1105 1105 D TaplEvents: TIS / TouchInteractionService.onInputEvent: MotionEvent { action=ACTION_DOWN, actionButton=0, id[0]=0, x[0]=744.9717, y[0]=1212.8906, toolType[0]=TOOL_TYPE_FINGER, buttonState=0, classification=NONE, metaState=0, flags=0x0, edgeFlags=0x0, pointerCount=1, historySize=0, eventTime=486530, downTime=486530, deviceId=4, source=0xd002, displayId=0, eventId=867438103 }
09-24 18:40:43.386 1105 1933 D EGL_emulation: app_time_stats: avg=83.93ms min=7.24ms max=761.05ms count=12
09-24 18:40:43.961 807 807 D StatusBarIconController: ignoring old pipeline callback because the new wifi icon is enabled
09-24 18:40:44.060 807 897 D EGL_emulation: app_time_stats: avg=2.99ms min=0.76ms max=24.75ms count=53
09-24 18:40:44.074 1105 1105 D TaplEvents: Main / Touch event: MotionEvent { action=ACTION_UP, actionButton=0, id[0]=0, x[0]=651.9619, y[0]=1.9775391, toolType[0]=TOOL_TYPE_FINGER, buttonState=0, classification=NONE, metaState=0, flags=0x0, edgeFlags=0x0, pointerCount=1, historySize=0, eventTime=487269, downTime=486530, deviceId=4, source=0xd002, displayId=0, eventId=509876784 }
09-24 18:40:44.075 1105 1105 D TaplEvents: TIS / TouchInteractionService.onInputEvent: MotionEvent { action=ACTION_UP, actionButton=0, id[0]=0, x[0]=651.9619, y[0]=1.9775391, toolType[0]=TOOL_TYPE_FINGER, buttonState=0, classification=NONE, metaState=0, flags=0x0, edgeFlags=0x0, pointerCount=1, historySize=0, eventTime=487269, downTime=486530, deviceId=4, source=0xd002, displayId=0, eventId=509876784 }
09-24 18:40:44.406 1105 1933 D EGL_emulation: app_time_stats: avg=54.30ms min=17.49ms max=583.46ms count=17
09-24 18:40:44.753 1105 1105 D TaplEvents: Main / Touch event: MotionEvent { action=ACTION_DOWN, actionButton=0, id[0]=0, x[0]=704.95996, y[0]=1362.8906, toolType[0]=TOOL_TYPE_FINGER, buttonState=0, classification=NONE, metaState=0, flags=0x0, edgeFlags=0x0, pointerCount=1, historySize=0, eventTime=487947, downTime=487947, deviceId=4, source=0xd002, displayId=0, eventId=1033144737 }
09-24 18:40:44.755 1105 1105 D TaplEvents: TIS / TouchInteractionService.onInputEvent: MotionEvent { action=ACTION_DOWN, actionButton=0, id[0]=0, x[0]=704.95996, y[0]=1362.8906, toolType[0]=TOOL_TYPE_FINGER, buttonState=0, classification=NONE, metaState=0, flags=0x0, edgeFlags=0x0, pointerCount=1, historySize=0, eventTime=487947, downTime=487947, deviceId=4, source=0xd002, displayId=0, eventId=1033144737 }
09-24 18:40:44.885 1105 1105 D TaplEvents: Main / Touch event: MotionEvent { action=ACTION_UP, actionButton=0, id[0]=0, x[0]=519.96094, y[0]=49.95117, toolType[0]=TOOL_TYPE_FINGER, buttonState=0, classification=NONE, metaState=0, flags=0x0, edgeFlags=0x0, pointerCount=1, historySize=0, eventTime=488076, downTime=487947, deviceId=4, source=0xd002, displayId=0, eventId=867958778 }
09-24 18:40:44.887 1105 1105 D TaplEvents: TIS / TouchInteractionService.onInputEvent: MotionEvent { action=ACTION_UP, actionButton=0, id[0]=0, x[0]=519.96094, y[0]=49.95117, toolType[0]=TOOL_TYPE_FINGER, buttonState=0, classification=NONE, metaState=0, flags=0x0, edgeFlags=0x0, pointerCount=1, historySize=0, eventTime=488076, downTime=487947, deviceId=4, source=0xd002, displayId=0, eventId=867958778 }
09-24 18:40:45.187 807 840 V ShellRecents: [90516546] RecentsController.finishInner: toHome=true userLeave=false willFinishToHome=true state=0
09-24 18:40:45.187 807 840 V ShellRecents: normal finish
09-24 18:40:45.188 807 840 V ShellRecents: [90516546] RecentsController.cleanup
09-24 18:40:45.188 807 840 V WindowManagerShell: Transition animation finished (aborted=false), notifying core (#73)android.os.BinderProxy@c9c2453@0
09-24 18:40:45.190 561 581 V WindowManager: Finish Transition #73: created at
09-24 18:40:41.050 collect-started=0.184ms started=0.235ms ready=4.73ms sent=95.197ms finished=4139.965ms
09-24 18:40:45.236 1105 1105 I AiAiSuggestUi: Clearing suggestions.
09-24 18:40:45.236 1105 1105 I AiAiSuggestUi: Clearing suggestions.
09-24 18:40:45.239 807 840 V WindowManagerShell: Track 0 became idle
09-24 18:40:45.239 807 840 V WindowManagerShell: All active transition animations finished
09-24 18:40:45.239 807 840 W Looper : Slow dispatch took 53ms wmshell.main h=android.os.Handler c=com.android.wm.shell.recents.RecentsTransitionHandler$RecentsController$$ExternalSyntheticLambda3@3447140 m=0
09-24 18:40:45.239 561 584 V WindowManager: Unknown focus tokens, dropping reportFocusChanged
09-24 18:40:45.241 561 584 D OomAdjuster: Not killing cached processes
09-24 18:40:45.249 561 1843 E TaskPersister: File error accessing recents directory (directory doesn't exist?).
09-24 18:40:45.299 561 1631 I ImeTracker: com.google.android.apps.nexuslauncher:6a472256: onRequestHide at ORIGIN_SERVER_HIDE_INPUT reason HIDE_UNSPECIFIED_WINDOW
09-24 18:40:45.300 561 1631 I ImeTracker: com.google.android.apps.nexuslauncher:6a472256: onCancelled at PHASE_SERVER_SHOULD_HIDE
09-24 18:40:45.303 1575 1575 I GoogleInputMethodService: GoogleInputMethodService.onFinishInput():3227
09-24 18:40:45.304 1575 1575 I GoogleInputMethodService: GoogleInputMethodService.updateDeviceLockedStatus():2087 repeatCheckTimes = 0, unlocked = true
09-24 18:40:45.304 1575 1575 I GoogleInputMethodService: GoogleInputMethodService.onStartInput():1877 onStartInput(EditorInfo{inputType=0x0(NULL) imeOptions=0x0 privateImeOptions=null actionName=UNSPECIFIED actionLabel=null actionId=0 initialSelStart=-1 initialSelEnd=-1 initialCapsMode=0x0 hintText=null label=null packageName=com.google.android.apps.nexuslauncher fieldId=0 fieldName=null extras=null}, false)
09-24 18:40:45.304 1575 1575 I GoogleInputMethodService: GoogleInputMethodService.shouldHideHeaderOnInitialState():4008 ShouldHideHeaderOnInitialState = false
09-24 18:40:45.319 1575 1575 I GoogleInputMethodService: GoogleInputMethodService.updateDeviceLockedStatus():2087 repeatCheckTimes = 2, unlocked = true
09-24 18:40:45.380 413 413 I BpBinder: onLastStrongRef automatically unlinking death recipients:
09-24 18:40:45.411 807 897 D EGL_emulation: app_time_stats: avg=409.04ms min=2.16ms max=2785.40ms count=7
09-24 18:40:45.416 1105 1933 D EGL_emulation: app_time_stats: avg=31.26ms min=7.95ms max=262.21ms count=27
09-24 18:40:45.685 807 897 D EGL_emulation: app_time_stats: avg=30.74ms min=1.21ms max=914.37ms count=34
09-24 18:40:45.693 6083 6106 W libEGL : eglTerminate() called w/ 1 objects remaining
09-24 18:40:45.693 6083 6106 E libEGL : validate_display:550 error 3001 (EGL_NOT_INITIALIZED)
09-24 18:40:45.695 6083 6106 I libqtquickview_x86_64.so: main() returned 0
09-24 18:40:45.712 561 2220 D CoreBackPreview: Window{da9b173 u0 com.example.qtquickview_kotlin/com.example.qtquickview_kotlin.MainActivity}: Setting back callback null
09-24 18:40:45.744 561 2220 W InputManager-JNI: Input channel object 'da9b173 com.example.qtquickview_kotlin/com.example.qtquickview_kotlin.MainActivity (client)' was disposed without first being removed with the input manager!
09-24 18:40:45.809 561 584 I ActivityManager: Killing 6083:com.example.qtquickview_kotlin/u0a184 (adj 905): remove task
09-24 18:40:45.869 561 597 I libprocessgroup: Successfully killed process cgroup uid 10184 pid 6083 in 22ms
09-24 18:40:45.874 353 353 I Zygote : Process 6083 exited due to signal 9 (Killed)
09-24 18:40:45.881 561 582 D DisplayManagerService: Drop pending events for gone uid 10184
09-24 18:40:45.912 561 584 W ActivityManager: setHasOverlayUi called on unknown pid: 6083
09-24 18:40:46.333 807 807 D StatusBarIconController: ignoring old pipeline callbacks, because the new mobile icons are enabled
09-24 18:40:46.692 807 897 D EGL_emulation: app_time_stats: avg=17.88ms min=1.59ms max=43.31ms count=48
09-24 18:40:48.797 561 584 W ProcessStats: Tracking association SourceState{dcaf774 com.google.android.googlequicksearchbox:search/10123 BTop #5628} whose proc state 2 is better than process ProcessState{a9b2356 com.google.android.googlequicksearchbox:interactor/10123 pkg=com.google.android.googlequicksearchbox} proc state 4 (29 skipped)
09-24 18:40:48.847 561 1843 E TaskPersister: File error accessing recents directory (directory doesn't exist?).