09-24 18:38:18.495 561 561 I ExplicitHealthCheckController: Explicit health check service is connected ComponentInfo{com.google.android.ext.services/android.ext.services.watchdog.ExplicitHealthCheckServiceImpl}
09-24 18:38:18.496 561 561 I ExplicitHealthCheckController: Service initialized, syncing requests
09-24 18:38:18.498 561 682 I RescueParty: Starting to observe: [android], updated namespace: app_standby
09-24 18:38:18.498 561 594 I PackageWatchdog: Syncing state, reason: observing new packages
09-24 18:38:18.498 561 594 D PackageWatchdog: rescue-party-observer added the following packages to monitor [android]
09-24 18:38:18.498 561 594 I PackageWatchdog: Syncing state, reason: updated observers
09-24 18:38:18.498 561 594 I PackageWatchdog: Not pruning observers, elapsed time: 0ms
09-24 18:38:18.498 561 594 I PackageWatchdog: Saving observer state to file
09-24 18:38:18.500 561 561 I PackageWatchdog: Syncing health check requests for packages: {}
09-24 18:38:18.500 561 561 D ExplicitHealthCheckController: Getting health check supported packages
09-24 18:38:18.501 561 1873 I ExplicitHealthCheckController: Explicit health check supported packages [PackageConfig{com.google.android.networkstack, 86400000}]
09-24 18:38:18.501 561 1873 D PackageWatchdog: Received supported packages [PackageConfig{com.google.android.networkstack, 86400000}]
09-24 18:38:18.501 561 1873 D ExplicitHealthCheckController: Getting health check requested packages
09-24 18:38:18.501 561 1873 I ExplicitHealthCheckController: Explicit health check requested packages []
09-24 18:38:18.501 561 1873 I ExplicitHealthCheckController: No more health check requests, unbinding...
09-24 18:38:18.502 561 1873 I ExplicitHealthCheckController: Explicit health check service is unbound
09-24 18:38:18.503 561 682 I RescueParty: Starting to observe: [com.google.android.apps.nexuslauncher], updated namespace: launcher
09-24 18:38:18.504 561 594 I PackageWatchdog: Syncing state, reason: observing new packages
09-24 18:38:18.504 561 594 D PackageWatchdog: rescue-party-observer added the following packages to monitor [com.google.android.apps.nexuslauncher]
09-24 18:38:18.504 561 561 I PackageWatchdog: Syncing health check requests for packages: {}
09-24 18:38:18.504 561 561 I ExplicitHealthCheckController: Service not ready to get health check supported packages. Binding...
09-24 18:38:18.505 561 561 I ExplicitHealthCheckController: Explicit health check service is bound
09-24 18:38:18.505 561 594 I PackageWatchdog: Syncing state, reason: updated observers
09-24 18:38:18.505 561 561 I PackageWatchdog: Syncing health check requests for packages: {}
09-24 18:38:18.506 561 561 I ExplicitHealthCheckController: Service not ready to get health check supported packages. Binding...
09-24 18:38:18.506 561 561 I ExplicitHealthCheckController: Not binding to service, service already connecting
09-24 18:38:18.506 561 594 I PackageWatchdog: Saving observer state to file
09-24 18:38:18.509 561 561 I ExplicitHealthCheckController: Explicit health check service is connected ComponentInfo{com.google.android.ext.services/android.ext.services.watchdog.ExplicitHealthCheckServiceImpl}
09-24 18:38:18.510 561 561 I ExplicitHealthCheckController: Service initialized, syncing requests
09-24 18:38:18.510 561 561 I PackageWatchdog: Syncing health check requests for packages: {}
09-24 18:38:18.510 561 561 D ExplicitHealthCheckController: Getting health check supported packages
09-24 18:38:18.510 561 1873 I ExplicitHealthCheckController: Explicit health check supported packages [PackageConfig{com.google.android.networkstack, 86400000}]
09-24 18:38:18.511 561 1873 D PackageWatchdog: Received supported packages [PackageConfig{com.google.android.networkstack, 86400000}]
09-24 18:38:18.511 561 1873 D ExplicitHealthCheckController: Getting health check requested packages
09-24 18:38:18.511 561 1873 I ExplicitHealthCheckController: Explicit health check requested packages []
09-24 18:38:18.511 561 1873 I ExplicitHealthCheckController: No more health check requests, unbinding...
09-24 18:38:18.512 561 1873 I ExplicitHealthCheckController: Explicit health check service is unbound
09-24 18:38:18.514 561 668 D CompatibilityChangeReporter: Compat change id reported: 218533173; UID 10123; state: DISABLED
09-24 18:38:18.514 561 668 D CompatibilityChangeReporter: Compat change id reported: 262645982; UID 10123; state: DISABLED
09-24 18:38:18.514 561 668 D CompatibilityChangeReporter: Compat change id reported: 171306433; UID 10123; state: ENABLED
09-24 18:38:18.514 561 668 D CompatibilityChangeReporter: Compat change id reported: 226439802; UID 10123; state: DISABLED
09-24 18:38:18.514 561 668 D CompatibilityChangeReporter: Compat change id reported: 218533173; UID 10085; state: ENABLED
09-24 18:38:18.514 561 668 D CompatibilityChangeReporter: Compat change id reported: 262645982; UID 10085; state: ENABLED
09-24 18:38:18.514 561 668 D CompatibilityChangeReporter: Compat change id reported: 218533173; UID 10110; state: ENABLED
09-24 18:38:18.517 561 668 D CompatibilityChangeReporter: Compat change id reported: 262645982; UID 10110; state: ENABLED
09-24 18:38:18.518 561 668 D CompatibilityChangeReporter: Compat change id reported: 218533173; UID 10086; state: ENABLED
09-24 18:38:18.518 561 668 D CompatibilityChangeReporter: Compat change id reported: 262645982; UID 10086; state: ENABLED
09-24 18:38:18.518 561 668 D CompatibilityChangeReporter: Compat change id reported: 218533173; UID 10112; state: ENABLED
09-24 18:38:18.518 561 668 D CompatibilityChangeReporter: Compat change id reported: 262645982; UID 10112; state: DISABLED
09-24 18:38:18.518 561 668 D CompatibilityChangeReporter: Compat change id reported: 171306433; UID 10112; state: ENABLED
09-24 18:38:18.518 561 668 D CompatibilityChangeReporter: Compat change id reported: 226439802; UID 10112; state: ENABLED
09-24 18:38:18.519 561 668 D CompatibilityChangeReporter: Compat change id reported: 218533173; UID 10183; state: ENABLED
09-24 18:38:18.519 561 668 D CompatibilityChangeReporter: Compat change id reported: 262645982; UID 10183; state: ENABLED
09-24 18:38:18.519 561 668 D CompatibilityChangeReporter: Compat change id reported: 218533173; UID 10119; state: ENABLED
09-24 18:38:18.520 561 668 D CompatibilityChangeReporter: Compat change id reported: 262645982; UID 10119; state: DISABLED
09-24 18:38:18.520 561 682 I RescueParty: Starting to observe: [android], updated namespace: companion
09-24 18:38:18.520 561 594 I PackageWatchdog: Syncing state, reason: observing new packages
09-24 18:38:18.520 561 594 D PackageWatchdog: rescue-party-observer added the following packages to monitor [android]
09-24 18:38:18.520 561 561 I PackageWatchdog: Syncing health check requests for packages: {}
09-24 18:38:18.520 561 561 I ExplicitHealthCheckController: Service not ready to get health check supported packages. Binding...
09-24 18:38:18.520 561 594 I PackageWatchdog: Syncing state, reason: updated observers
09-24 18:38:18.520 561 594 I PackageWatchdog: Saving observer state to file
09-24 18:38:18.522 561 561 I ExplicitHealthCheckController: Explicit health check service is bound
09-24 18:38:18.522 561 561 I PackageWatchdog: Syncing health check requests for packages: {}
09-24 18:38:18.522 561 561 I ExplicitHealthCheckController: Service not ready to get health check supported packages. Binding...
09-24 18:38:18.522 561 561 I ExplicitHealthCheckController: Not binding to service, service already connecting
09-24 18:38:18.523 561 668 D CompatibilityChangeReporter: Compat change id reported: 218533173; UID 10165; state: ENABLED
09-24 18:38:18.523 561 668 D CompatibilityChangeReporter: Compat change id reported: 262645982; UID 10165; state: ENABLED
09-24 18:38:18.524 561 561 I ExplicitHealthCheckController: Explicit health check service is connected ComponentInfo{com.google.android.ext.services/android.ext.services.watchdog.ExplicitHealthCheckServiceImpl}
09-24 18:38:18.524 561 561 I ExplicitHealthCheckController: Service initialized, syncing requests
09-24 18:38:18.524 561 561 I PackageWatchdog: Syncing health check requests for packages: {}
09-24 18:38:18.524 561 561 D ExplicitHealthCheckController: Getting health check supported packages
09-24 18:38:18.524 561 668 D CompatibilityChangeReporter: Compat change id reported: 218533173; UID 10176; state: ENABLED
09-24 18:38:18.524 561 668 D CompatibilityChangeReporter: Compat change id reported: 262645982; UID 10176; state: ENABLED
09-24 18:38:18.525 561 1873 I ExplicitHealthCheckController: Explicit health check supported packages [PackageConfig{com.google.android.networkstack, 86400000}]
09-24 18:38:18.525 561 1873 D PackageWatchdog: Received supported packages [PackageConfig{com.google.android.networkstack, 86400000}]
09-24 18:38:18.525 561 1873 D ExplicitHealthCheckController: Getting health check requested packages
09-24 18:38:18.525 561 668 D CompatibilityChangeReporter: Compat change id reported: 218533173; UID 10111; state: ENABLED
09-24 18:38:18.525 561 668 D CompatibilityChangeReporter: Compat change id reported: 262645982; UID 10111; state: ENABLED
09-24 18:38:18.525 561 668 D CompatibilityChangeReporter: Compat change id reported: 218533173; UID 10144; state: ENABLED
09-24 18:38:18.525 561 668 D CompatibilityChangeReporter: Compat change id reported: 262645982; UID 10144; state: DISABLED
09-24 18:38:18.526 561 1873 I ExplicitHealthCheckController: Explicit health check requested packages []
09-24 18:38:18.526 561 1873 I ExplicitHealthCheckController: No more health check requests, unbinding...
09-24 18:38:18.527 561 668 D CompatibilityChangeReporter: Compat change id reported: 218533173; UID 10094; state: ENABLED
09-24 18:38:18.527 561 668 D CompatibilityChangeReporter: Compat change id reported: 262645982; UID 10094; state: ENABLED
09-24 18:38:18.528 561 1873 I ExplicitHealthCheckController: Explicit health check service is unbound
09-24 18:38:18.528 561 5718 E SettingsToPropertiesMapper: key=persist.device_config.configuration.AdbWritableFlags__adb_writable_flags_list value=adservices/disable_sdk_sandbox,adservices/enforce_broadcast_receiver_restrictions,adservices/fledge_ad_selection_enforce_foreground_status_custom_audience,adservices/fledge_custom_audience_max_count,adservices/fledge_custom_audience_max_num_ads,adservices/fledge_custom_audience_max_owner_count,adservices/fledge_custom_audience_per_app_max_count,adservices/fledge_js_isolate_enforce_max_heap_size,adservices/fledge_js_isolate_max_heap_size_bytes,adservices/sdk_request_permits_per_second,adservices/sdksandbox_customized_sdk_context_enabled,configuration/namespace_to_package_mapping,constrain_display_apis/always_constrain_display_apis,constrain_display_apis/never_constrain_display_apis,constrain_display_apis/never_constrain_display_apis_all_packages,device_policy_manager/disable_resources_updatability,flipendo/default_savings_mode_launch,flipendo/essential_apps,flipendo/flipendo_enabled_launch,flipendo/grayscale_enabled_launch,flipendo/lever_ble_scanning_enabled_launch,flipendo/lever_hotspot_enabled_launch,flipendo/lever_work_profile_enabled_launch,flipendo/resuspend_delay_minutes,namespace/key,namespace1/key1,namespace1/key2,namespace2/key1,namespace2/key2,package_manager_service/incfs_default_timeouts,package_manager_service/known_digesters_list,privacy/location_access_check_periodic_interval_millis,rollback/enable_rollback_timeout,rollback/watchdog_explicit_health_check_enabled,rollback/watchdog_request_timeout_millis,rollback/watchdog_trigger_failure_count,rollback/watchdog_trigger_failure_duration_millis,rollback_boot/rollback_lifetime_in_millis,systemui/nas_generate_actions,systemui/nas_generate_replies,systemui/nas_max_messages_to_extract,systemui/nas_max_suggestions,testspace/another,testspace/flagname,textclassifier/config_updater_model_enabled,textclassifier/key,textclassifier/key2,textclassifier/manifest_url_annotator_en,textclassifier/manifest_url_annotator_ru,textclassifier/model_download_backoff_delay_in_millis,textclassifier/model_download_manager_enabled,textclassifier/multi_language_support_enabled,textclassifier/testing_locale_list_override,textclassifier/textclassifier_service_package_override,window_manager/enable_default_rescind_bal_privileges_from_pending_intent_sender,wrong/nas_generate_replies, exceeds system property max length.
09-24 18:38:18.528 561 668 D CompatibilityChangeReporter: Compat change id reported: 218533173; UID 10108; state: ENABLED
09-24 18:38:18.528 561 668 D CompatibilityChangeReporter: Compat change id reported: 262645982; UID 10108; state: ENABLED
09-24 18:38:18.529 561 668 D CompatibilityChangeReporter: Compat change id reported: 218533173; UID 10164; state: ENABLED
09-24 18:38:18.529 561 668 D CompatibilityChangeReporter: Compat change id reported: 262645982; UID 10164; state: ENABLED
09-24 18:38:18.531 561 668 D CompatibilityChangeReporter: Compat change id reported: 218533173; UID 10124; state: ENABLED
09-24 18:38:18.531 561 668 D CompatibilityChangeReporter: Compat change id reported: 262645982; UID 10124; state: ENABLED
09-24 18:38:18.531 561 682 I RescueParty: Starting to observe: [android], updated namespace: package_manager_service
09-24 18:38:18.531 561 668 D CompatibilityChangeReporter: Compat change id reported: 218533173; UID 10135; state: ENABLED
09-24 18:38:18.532 561 668 D CompatibilityChangeReporter: Compat change id reported: 262645982; UID 10135; state: ENABLED
09-24 18:38:18.532 561 668 D CompatibilityChangeReporter: Compat change id reported: 218533173; UID 10080; state: ENABLED
09-24 18:38:18.532 561 668 D CompatibilityChangeReporter: Compat change id reported: 262645982; UID 10080; state: ENABLED
09-24 18:38:18.532 561 594 I PackageWatchdog: Syncing state, reason: observing new packages
09-24 18:38:18.532 561 594 D PackageWatchdog: rescue-party-observer added the following packages to monitor [android]
09-24 18:38:18.532 561 594 I PackageWatchdog: Syncing state, reason: updated observers
09-24 18:38:18.532 561 594 I PackageWatchdog: Not pruning observers, elapsed time: 0ms
09-24 18:38:18.532 561 668 D CompatibilityChangeReporter: Compat change id reported: 262645982; UID 10116; state: ENABLED
09-24 18:38:18.532 561 561 I PackageWatchdog: Syncing health check requests for packages: {}
09-24 18:38:18.533 561 594 I PackageWatchdog: Saving observer state to file
09-24 18:38:18.533 561 561 I ExplicitHealthCheckController: Service not ready to get health check supported packages. Binding...
09-24 18:38:18.533 561 668 D CompatibilityChangeReporter: Compat change id reported: 218533173; UID 10126; state: ENABLED
09-24 18:38:18.533 561 668 D CompatibilityChangeReporter: Compat change id reported: 262645982; UID 10126; state: DISABLED
09-24 18:38:18.534 561 561 I ExplicitHealthCheckController: Explicit health check service is bound
09-24 18:38:18.534 561 561 I PackageWatchdog: Syncing health check requests for packages: {}
09-24 18:38:18.534 561 561 I ExplicitHealthCheckController: Service not ready to get health check supported packages. Binding...
09-24 18:38:18.534 561 561 I ExplicitHealthCheckController: Not binding to service, service already connecting
09-24 18:38:18.534 561 668 D CompatibilityChangeReporter: Compat change id reported: 218533173; UID 10120; state: ENABLED
09-24 18:38:18.534 561 668 D CompatibilityChangeReporter: Compat change id reported: 262645982; UID 10120; state: DISABLED
09-24 18:38:18.535 561 561 I ExplicitHealthCheckController: Explicit health check service is connected ComponentInfo{com.google.android.ext.services/android.ext.services.watchdog.ExplicitHealthCheckServiceImpl}
09-24 18:38:18.535 561 561 I ExplicitHealthCheckController: Service initialized, syncing requests
09-24 18:38:18.535 561 561 I PackageWatchdog: Syncing health check requests for packages: {}
09-24 18:38:18.535 561 561 D ExplicitHealthCheckController: Getting health check supported packages
09-24 18:38:18.535 561 2168 I ExplicitHealthCheckController: Explicit health check supported packages [PackageConfig{com.google.android.networkstack, 86400000}]
09-24 18:38:18.536 561 2168 D PackageWatchdog: Received supported packages [PackageConfig{com.google.android.networkstack, 86400000}]
09-24 18:38:18.536 561 668 D CompatibilityChangeReporter: Compat change id reported: 218533173; UID 10084; state: ENABLED
09-24 18:38:18.536 561 2168 D ExplicitHealthCheckController: Getting health check requested packages
09-24 18:38:18.536 561 668 D CompatibilityChangeReporter: Compat change id reported: 262645982; UID 10084; state: ENABLED
09-24 18:38:18.536 561 2168 I ExplicitHealthCheckController: Explicit health check requested packages []
09-24 18:38:18.537 561 2168 I ExplicitHealthCheckController: No more health check requests, unbinding...
09-24 18:38:18.537 561 668 D CompatibilityChangeReporter: Compat change id reported: 218533173; UID 10173; state: ENABLED
09-24 18:38:18.537 561 2168 I ExplicitHealthCheckController: Explicit health check service is unbound
09-24 18:38:18.537 561 668 D CompatibilityChangeReporter: Compat change id reported: 262645982; UID 10173; state: ENABLED
09-24 18:38:18.538 561 668 D CompatibilityChangeReporter: Compat change id reported: 218533173; UID 10114; state: ENABLED
09-24 18:38:18.538 561 668 D CompatibilityChangeReporter: Compat change id reported: 262645982; UID 10114; state: ENABLED
09-24 18:38:18.539 561 668 D CompatibilityChangeReporter: Compat change id reported: 218533173; UID 10184; state: ENABLED
09-24 18:38:18.539 561 668 D CompatibilityChangeReporter: Compat change id reported: 262645982; UID 10184; state: ENABLED
09-24 18:38:18.539 561 668 D CompatibilityChangeReporter: Compat change id reported: 218533173; UID 10149; state: ENABLED
09-24 18:38:18.539 561 668 D CompatibilityChangeReporter: Compat change id reported: 262645982; UID 10149; state: ENABLED
09-24 18:38:18.540 561 668 D CompatibilityChangeReporter: Compat change id reported: 218533173; UID 10100; state: ENABLED
09-24 18:38:18.540 561 668 D CompatibilityChangeReporter: Compat change id reported: 262645982; UID 10100; state: DISABLED
09-24 18:38:18.541 561 682 I RescueParty: Starting to observe: [android, com.google.android.permissioncontroller, com.android.settings, com.android.systemui], updated namespace: privacy
09-24 18:38:18.541 561 594 I PackageWatchdog: Syncing state, reason: observing new packages
09-24 18:38:18.541 561 594 D PackageWatchdog: rescue-party-observer added the following packages to monitor [android, com.google.android.permissioncontroller, com.android.settings, com.android.systemui]
09-24 18:38:18.541 561 594 I PackageWatchdog: Syncing state, reason: updated observers
09-24 18:38:18.541 561 594 I PackageWatchdog: Not pruning observers, elapsed time: 0ms
09-24 18:38:18.541 561 594 I PackageWatchdog: Saving observer state to file
09-24 18:38:18.543 561 561 I PackageWatchdog: Syncing health check requests for packages: {}
09-24 18:38:18.543 561 561 I ExplicitHealthCheckController: Service not ready to get health check supported packages. Binding...
09-24 18:38:18.544 561 561 I ExplicitHealthCheckController: Explicit health check service is bound
09-24 18:38:18.545 561 561 I ExplicitHealthCheckController: Explicit health check service is connected ComponentInfo{com.google.android.ext.services/android.ext.services.watchdog.ExplicitHealthCheckServiceImpl}
09-24 18:38:18.545 561 561 I ExplicitHealthCheckController: Service initialized, syncing requests
09-24 18:38:18.545 561 561 I PackageWatchdog: Syncing health check requests for packages: {}
09-24 18:38:18.545 561 561 D ExplicitHealthCheckController: Getting health check supported packages
09-24 18:38:18.545 561 1004 I ExplicitHealthCheckController: Explicit health check supported packages [PackageConfig{com.google.android.networkstack, 86400000}]
09-24 18:38:18.545 561 1004 D PackageWatchdog: Received supported packages [PackageConfig{com.google.android.networkstack, 86400000}]
09-24 18:38:18.546 561 1004 D ExplicitHealthCheckController: Getting health check requested packages
09-24 18:38:18.546 561 1004 I ExplicitHealthCheckController: Explicit health check requested packages []
09-24 18:38:18.546 561 1004 I ExplicitHealthCheckController: No more health check requests, unbinding...
09-24 18:38:18.546 561 1004 I ExplicitHealthCheckController: Explicit health check service is unbound
09-24 18:38:18.551 561 682 I RescueParty: Starting to observe: [android, com.google.android.as, com.android.settings, com.android.systemui], updated namespace: systemui
09-24 18:38:18.552 561 594 I PackageWatchdog: Syncing state, reason: observing new packages
09-24 18:38:18.552 561 594 D PackageWatchdog: rescue-party-observer added the following packages to monitor [android, com.google.android.as, com.android.settings, com.android.systemui]
09-24 18:38:18.552 561 594 I PackageWatchdog: Syncing state, reason: updated observers
09-24 18:38:18.552 561 594 I PackageWatchdog: Saving observer state to file
09-24 18:38:18.555 561 561 I PackageWatchdog: Syncing health check requests for packages: {}
09-24 18:38:18.555 561 561 I ExplicitHealthCheckController: Service not ready to get health check supported packages. Binding...
09-24 18:38:18.556 561 561 I ExplicitHealthCheckController: Explicit health check service is bound
09-24 18:38:18.557 561 682 I RescueParty: Starting to observe: [android], updated namespace: media
09-24 18:38:18.557 561 594 I PackageWatchdog: Syncing state, reason: observing new packages
09-24 18:38:18.557 561 594 D PackageWatchdog: rescue-party-observer added the following packages to monitor [android]
09-24 18:38:18.557 561 594 I PackageWatchdog: Syncing state, reason: updated observers
09-24 18:38:18.557 561 594 I PackageWatchdog: Not pruning observers, elapsed time: 0ms
09-24 18:38:18.557 561 594 I PackageWatchdog: Saving observer state to file
09-24 18:38:18.560 561 561 I PackageWatchdog: Syncing health check requests for packages: {}
09-24 18:38:18.561 561 561 I ExplicitHealthCheckController: Service not ready to get health check supported packages. Binding...
09-24 18:38:18.561 561 561 I ExplicitHealthCheckController: Not binding to service, service already connecting
09-24 18:38:18.561 1369 5714 I bwir : updateFromConfigurations using legacy put method [CONTEXT service_id=204 ]
09-24 18:38:18.562 561 561 I ExplicitHealthCheckController: Explicit health check service is connected ComponentInfo{com.google.android.ext.services/android.ext.services.watchdog.ExplicitHealthCheckServiceImpl}
09-24 18:38:18.562 561 561 I ExplicitHealthCheckController: Service initialized, syncing requests
09-24 18:38:18.563 561 561 I PackageWatchdog: Syncing health check requests for packages: {}
09-24 18:38:18.563 561 561 D ExplicitHealthCheckController: Getting health check supported packages
09-24 18:38:18.566 561 1004 I ExplicitHealthCheckController: Explicit health check supported packages [PackageConfig{com.google.android.networkstack, 86400000}]
09-24 18:38:18.566 561 1004 D PackageWatchdog: Received supported packages [PackageConfig{com.google.android.networkstack, 86400000}]
09-24 18:38:18.566 561 1004 D ExplicitHealthCheckController: Getting health check requested packages
09-24 18:38:18.567 561 1873 I ExplicitHealthCheckController: Explicit health check requested packages []
09-24 18:38:18.567 561 1873 I ExplicitHealthCheckController: No more health check requests, unbinding...
09-24 18:38:18.567 561 1873 I ExplicitHealthCheckController: Explicit health check service is unbound
09-24 18:38:18.574 807 807 D NavigationModeController: getCurrentUserContext: contextUser=0 currentUser=0
09-24 18:38:18.599 561 682 I RescueParty: Starting to observe: [android, com.android.settings], updated namespace: app_hibernation
09-24 18:38:18.599 561 594 I PackageWatchdog: Syncing state, reason: observing new packages
09-24 18:38:18.599 561 594 D PackageWatchdog: rescue-party-observer added the following packages to monitor [android, com.android.settings]
09-24 18:38:18.599 561 594 I PackageWatchdog: Syncing state, reason: updated observers
09-24 18:38:18.599 561 594 I PackageWatchdog: Not pruning observers, elapsed time: 0ms
09-24 18:38:18.599 561 594 I PackageWatchdog: Saving observer state to file
09-24 18:38:18.600 561 561 I PackageWatchdog: Syncing health check requests for packages: {}
09-24 18:38:18.600 561 561 I ExplicitHealthCheckController: Service not ready to get health check supported packages. Binding...
09-24 18:38:18.601 561 561 I ExplicitHealthCheckController: Explicit health check service is bound
09-24 18:38:18.601 561 561 D AppHibernationService: App hibernation changed to enabled=true
09-24 18:38:18.602 561 561 I ExplicitHealthCheckController: Explicit health check service is connected ComponentInfo{com.google.android.ext.services/android.ext.services.watchdog.ExplicitHealthCheckServiceImpl}
09-24 18:38:18.602 561 561 I ExplicitHealthCheckController: Service initialized, syncing requests
09-24 18:38:18.602 561 561 I PackageWatchdog: Syncing health check requests for packages: {}
09-24 18:38:18.602 561 561 D ExplicitHealthCheckController: Getting health check supported packages
09-24 18:38:18.602 561 2168 I ExplicitHealthCheckController: Explicit health check supported packages [PackageConfig{com.google.android.networkstack, 86400000}]
09-24 18:38:18.602 561 2168 D PackageWatchdog: Received supported packages [PackageConfig{com.google.android.networkstack, 86400000}]
09-24 18:38:18.602 561 2168 D ExplicitHealthCheckController: Getting health check requested packages
09-24 18:38:18.603 561 2168 I ExplicitHealthCheckController: Explicit health check requested packages []
09-24 18:38:18.603 561 2168 I ExplicitHealthCheckController: No more health check requests, unbinding...
09-24 18:38:18.603 561 2168 I ExplicitHealthCheckController: Explicit health check service is unbound
09-24 18:38:18.609 561 682 I RescueParty: Starting to observe: [android, com.android.systemui], updated namespace: window_manager
09-24 18:38:18.609 561 594 I PackageWatchdog: Syncing state, reason: observing new packages
09-24 18:38:18.609 561 594 D PackageWatchdog: rescue-party-observer added the following packages to monitor [android, com.android.systemui]
09-24 18:38:18.609 561 594 I PackageWatchdog: Syncing state, reason: updated observers
09-24 18:38:18.609 561 594 I PackageWatchdog: Saving observer state to file
09-24 18:38:18.611 561 561 I PackageWatchdog: Syncing health check requests for packages: {}
09-24 18:38:18.611 561 561 I ExplicitHealthCheckController: Service not ready to get health check supported packages. Binding...
09-24 18:38:18.612 561 561 I ExplicitHealthCheckController: Explicit health check service is bound
09-24 18:38:18.614 561 561 I ExplicitHealthCheckController: Explicit health check service is connected ComponentInfo{com.google.android.ext.services/android.ext.services.watchdog.ExplicitHealthCheckServiceImpl}
09-24 18:38:18.614 561 561 I ExplicitHealthCheckController: Service initialized, syncing requests
09-24 18:38:18.614 561 561 I PackageWatchdog: Syncing health check requests for packages: {}
09-24 18:38:18.614 561 561 D ExplicitHealthCheckController: Getting health check supported packages
09-24 18:38:18.614 561 1883 I ExplicitHealthCheckController: Explicit health check supported packages [PackageConfig{com.google.android.networkstack, 86400000}]
09-24 18:38:18.614 561 1883 D PackageWatchdog: Received supported packages [PackageConfig{com.google.android.networkstack, 86400000}]
09-24 18:38:18.614 561 1883 D ExplicitHealthCheckController: Getting health check requested packages
09-24 18:38:18.614 561 1883 I ExplicitHealthCheckController: Explicit health check requested packages []
09-24 18:38:18.614 561 1883 I ExplicitHealthCheckController: No more health check requests, unbinding...
09-24 18:38:18.615 561 1883 I ExplicitHealthCheckController: Explicit health check service is unbound
09-24 18:38:18.630 561 682 I RescueParty: Starting to observe: [android, com.google.android.bluetooth], updated namespace: bluetooth
09-24 18:38:18.631 561 594 I PackageWatchdog: Syncing state, reason: observing new packages
09-24 18:38:18.631 561 594 D PackageWatchdog: rescue-party-observer added the following packages to monitor [android, com.google.android.bluetooth]
09-24 18:38:18.631 561 594 I PackageWatchdog: Syncing state, reason: updated observers
09-24 18:38:18.631 561 594 I PackageWatchdog: Not pruning observers, elapsed time: 0ms
09-24 18:38:18.631 561 594 I PackageWatchdog: Saving observer state to file
09-24 18:38:18.634 561 561 D BluetoothDeviceConfigChangeTracker: shouldRestartWhenPropertiesUpdated: INIT_gd_hal_snoop_logger_filtering='true',location_denylist_name='',audio_policy_hf_enabled='true',INIT_gd_hal_snoop_logger_socket='true',location_denylist_advertising_data='⊈0016AAFE40/00FFFFFFF0,⊆0016AAFE/00FFFFFF,⊆00FF4C0002/00FFFFFFFF',le_audio_enabled_by_default='false',location_denylist_mac='',audio_policy_ag_enabled='true'
09-24 18:38:18.634 561 561 D BluetoothDeviceConfigListener: All properties unchanged, skipping restart
09-24 18:38:18.634 561 561 I PackageWatchdog: Syncing health check requests for packages: {}
09-24 18:38:18.635 561 561 I ExplicitHealthCheckController: Service not ready to get health check supported packages. Binding...
09-24 18:38:18.635 561 561 I ExplicitHealthCheckController: Explicit health check service is bound
09-24 18:38:18.637 561 682 I RescueParty: Starting to observe: [android, com.google.android.apps.nexuslauncher, com.android.systemui], updated namespace: latency_tracker
09-24 18:38:18.637 561 594 I PackageWatchdog: Syncing state, reason: observing new packages
09-24 18:38:18.637 561 594 D PackageWatchdog: rescue-party-observer added the following packages to monitor [android, com.google.android.apps.nexuslauncher, com.android.systemui]
09-24 18:38:18.637 561 594 I PackageWatchdog: Syncing state, reason: updated observers
09-24 18:38:18.637 561 594 I PackageWatchdog: Not pruning observers, elapsed time: 0ms
09-24 18:38:18.637 561 561 I ExplicitHealthCheckController: Explicit health check service is connected ComponentInfo{com.google.android.ext.services/android.ext.services.watchdog.ExplicitHealthCheckServiceImpl}
09-24 18:38:18.637 561 594 I PackageWatchdog: Saving observer state to file
09-24 18:38:18.637 561 561 I ExplicitHealthCheckController: Service initialized, syncing requests
09-24 18:38:18.638 561 561 I PackageWatchdog: Syncing health check requests for packages: {}
09-24 18:38:18.638 561 561 D ExplicitHealthCheckController: Getting health check supported packages
09-24 18:38:18.639 561 2168 I ExplicitHealthCheckController: Explicit health check supported packages [PackageConfig{com.google.android.networkstack, 86400000}]
09-24 18:38:18.639 561 2168 D PackageWatchdog: Received supported packages [PackageConfig{com.google.android.networkstack, 86400000}]
09-24 18:38:18.639 561 2168 D ExplicitHealthCheckController: Getting health check requested packages
09-24 18:38:18.640 561 2168 I ExplicitHealthCheckController: Explicit health check requested packages []
09-24 18:38:18.640 561 2168 I ExplicitHealthCheckController: No more health check requests, unbinding...
09-24 18:38:18.640 561 2168 I ExplicitHealthCheckController: Explicit health check service is unbound
09-24 18:38:18.642 561 682 I RescueParty: Starting to observe: [android], updated namespace: battery_saver
09-24 18:38:18.642 561 594 I PackageWatchdog: Syncing state, reason: observing new packages
09-24 18:38:18.642 561 594 D PackageWatchdog: rescue-party-observer added the following packages to monitor [android]
09-24 18:38:18.642 561 594 I PackageWatchdog: Syncing state, reason: updated observers
09-24 18:38:18.642 561 594 I PackageWatchdog: Not pruning observers, elapsed time: 0ms
09-24 18:38:18.642 561 594 I PackageWatchdog: Saving observer state to file
09-24 18:38:18.643 561 561 E DeviceConfig: Parsing int failed for location_mode
09-24 18:38:18.644 561 561 I PackageWatchdog: Syncing health check requests for packages: {}
09-24 18:38:18.644 561 561 I ExplicitHealthCheckController: Service not ready to get health check supported packages. Binding...
09-24 18:38:18.645 561 682 I RescueParty: Starting to observe: [android], updated namespace: constrain_display_apis
09-24 18:38:18.645 561 594 I PackageWatchdog: Syncing state, reason: observing new packages
09-24 18:38:18.645 561 594 D PackageWatchdog: rescue-party-observer added the following packages to monitor [android]
09-24 18:38:18.645 561 594 I PackageWatchdog: Syncing state, reason: updated observers
09-24 18:38:18.645 561 594 I PackageWatchdog: Not pruning observers, elapsed time: 0ms
09-24 18:38:18.645 561 594 I PackageWatchdog: Saving observer state to file
09-24 18:38:18.647 561 561 I ExplicitHealthCheckController: Explicit health check service is bound
09-24 18:38:18.647 561 561 I PackageWatchdog: Syncing health check requests for packages: {}
09-24 18:38:18.647 561 561 I ExplicitHealthCheckController: Service not ready to get health check supported packages. Binding...
09-24 18:38:18.647 561 561 I ExplicitHealthCheckController: Not binding to service, service already connecting
09-24 18:38:18.648 561 561 I ExplicitHealthCheckController: Explicit health check service is connected ComponentInfo{com.google.android.ext.services/android.ext.services.watchdog.ExplicitHealthCheckServiceImpl}
09-24 18:38:18.648 561 561 I ExplicitHealthCheckController: Service initialized, syncing requests
09-24 18:38:18.648 561 561 I PackageWatchdog: Syncing health check requests for packages: {}
09-24 18:38:18.648 561 561 D ExplicitHealthCheckController: Getting health check supported packages
09-24 18:38:18.649 561 1004 I ExplicitHealthCheckController: Explicit health check supported packages [PackageConfig{com.google.android.networkstack, 86400000}]
09-24 18:38:18.649 561 1004 D PackageWatchdog: Received supported packages [PackageConfig{com.google.android.networkstack, 86400000}]
09-24 18:38:18.649 561 1004 D ExplicitHealthCheckController: Getting health check requested packages
09-24 18:38:18.649 561 2168 I ExplicitHealthCheckController: Explicit health check requested packages []
09-24 18:38:18.649 561 2168 I ExplicitHealthCheckController: No more health check requests, unbinding...
09-24 18:38:18.650 561 2168 I ExplicitHealthCheckController: Explicit health check service is unbound
09-24 18:38:18.654 561 682 I RescueParty: Starting to observe: [android], updated namespace: backup_and_restore
09-24 18:38:18.654 561 594 I PackageWatchdog: Syncing state, reason: observing new packages
09-24 18:38:18.654 561 594 D PackageWatchdog: rescue-party-observer added the following packages to monitor [android]
09-24 18:38:18.654 561 594 I PackageWatchdog: Syncing state, reason: updated observers
09-24 18:38:18.654 561 561 I PackageWatchdog: Syncing health check requests for packages: {}
09-24 18:38:18.654 561 561 I ExplicitHealthCheckController: Service not ready to get health check supported packages. Binding...
09-24 18:38:18.655 561 561 I ExplicitHealthCheckController: Explicit health check service is bound
09-24 18:38:18.655 561 561 I PackageWatchdog: Syncing health check requests for packages: {}
09-24 18:38:18.655 561 561 I ExplicitHealthCheckController: Service not ready to get health check supported packages. Binding...
09-24 18:38:18.655 561 561 I ExplicitHealthCheckController: Not binding to service, service already connecting
09-24 18:38:18.655 561 594 I PackageWatchdog: Saving observer state to file
09-24 18:38:18.657 561 561 I ExplicitHealthCheckController: Explicit health check service is connected ComponentInfo{com.google.android.ext.services/android.ext.services.watchdog.ExplicitHealthCheckServiceImpl}
09-24 18:38:18.657 561 561 I ExplicitHealthCheckController: Service initialized, syncing requests
09-24 18:38:18.657 561 561 I PackageWatchdog: Syncing health check requests for packages: {}
09-24 18:38:18.657 561 561 D ExplicitHealthCheckController: Getting health check supported packages
09-24 18:38:18.657 561 2168 I ExplicitHealthCheckController: Explicit health check supported packages [PackageConfig{com.google.android.networkstack, 86400000}]
09-24 18:38:18.657 561 2168 D PackageWatchdog: Received supported packages [PackageConfig{com.google.android.networkstack, 86400000}]
09-24 18:38:18.657 561 2168 D ExplicitHealthCheckController: Getting health check requested packages
09-24 18:38:18.657 561 2168 I ExplicitHealthCheckController: Explicit health check requested packages []
09-24 18:38:18.657 561 2168 I ExplicitHealthCheckController: No more health check requests, unbinding...
09-24 18:38:18.658 561 2168 I ExplicitHealthCheckController: Explicit health check service is unbound
09-24 18:38:18.663 561 682 I RescueParty: Starting to observe: [android, com.google.android.networkstack], updated namespace: tethering
09-24 18:38:18.663 561 594 I PackageWatchdog: Syncing state, reason: observing new packages
09-24 18:38:18.663 561 594 D PackageWatchdog: rescue-party-observer added the following packages to monitor [android, com.google.android.networkstack]
09-24 18:38:18.664 561 561 I PackageWatchdog: Syncing health check requests for packages: {}
09-24 18:38:18.664 561 561 I ExplicitHealthCheckController: Service not ready to get health check supported packages. Binding...
09-24 18:38:18.664 561 561 I ExplicitHealthCheckController: Explicit health check service is bound
09-24 18:38:18.665 561 594 I PackageWatchdog: Syncing state, reason: updated observers
09-24 18:38:18.665 561 561 I PackageWatchdog: Syncing health check requests for packages: {}
09-24 18:38:18.665 561 561 I ExplicitHealthCheckController: Service not ready to get health check supported packages. Binding...
09-24 18:38:18.665 561 561 I ExplicitHealthCheckController: Not binding to service, service already connecting
09-24 18:38:18.665 561 594 I PackageWatchdog: Saving observer state to file
09-24 18:38:18.666 561 561 I ExplicitHealthCheckController: Explicit health check service is connected ComponentInfo{com.google.android.ext.services/android.ext.services.watchdog.ExplicitHealthCheckServiceImpl}
09-24 18:38:18.666 561 561 I ExplicitHealthCheckController: Service initialized, syncing requests
09-24 18:38:18.667 561 561 I PackageWatchdog: Syncing health check requests for packages: {}
09-24 18:38:18.667 561 561 D ExplicitHealthCheckController: Getting health check supported packages
09-24 18:38:18.667 561 2168 I ExplicitHealthCheckController: Explicit health check supported packages [PackageConfig{com.google.android.networkstack, 86400000}]
09-24 18:38:18.667 561 2168 D PackageWatchdog: Received supported packages [PackageConfig{com.google.android.networkstack, 86400000}]
09-24 18:38:18.667 561 2168 D ExplicitHealthCheckController: Getting health check requested packages
09-24 18:38:18.667 561 2168 I ExplicitHealthCheckController: Explicit health check requested packages []
09-24 18:38:18.667 561 2168 I ExplicitHealthCheckController: No more health check requests, unbinding...
09-24 18:38:18.668 561 2168 I ExplicitHealthCheckController: Explicit health check service is unbound
09-24 18:38:20.738 807 807 D StatusBarIconController: ignoring old pipeline callback because the new wifi icon is enabled
09-24 18:38:23.167 561 1004 D OomAdjuster: Not killing cached processes
09-24 18:38:23.679 1369 1369 D BoundBrokerSvc: onUnbind: Intent { act=com.google.android.gms.cast.service.BIND_CAST_DEVICE_CONTROLLER_SERVICE pkg=com.google.android.gms }
09-24 18:38:23.690 561 1004 D WifiNl80211Manager: Scan result ready event
09-24 18:38:23.691 561 1004 D WifiNative: Scan result ready event
09-24 18:38:23.696 561 733 D ConnectivityService: releasing NetworkRequest [ REQUEST id=167, [ Transports: CELLULAR Capabilities: INTERNET&NOT_RESTRICTED&TRUSTED&NOT_VPN&NOT_VCN_MANAGED Uid: 10123 RequestorUid: 10123 RequestorPkg: com.google.android.googlequicksearchbox UnderlyingNetworks: Null] ] (release request)
09-24 18:38:23.702 561 733 I ConnectivityService: Update capabilities for net 100 : -FOREGROUND
09-24 18:38:23.713 352 408 I netd : networkSetPermissionForNetwork(100, 1) <8.96ms>
09-24 18:38:23.748 807 807 D StatusBarIconController: ignoring old pipeline callback because the new wifi icon is enabled
09-24 18:38:24.652 1787 1787 D BoundBrokerSvc: onUnbind: Intent { act=com.google.android.gms.credential.manager.service.firstparty.START dat=chimera-action:/... cmp=com.google.android.gms/.chimera.GmsApiService }
09-24 18:38:24.654 1787 1787 D BoundBrokerSvc: onUnbind: Intent { act=com.google.android.gms.auth.key.retrieval.service.START dat=chimera-action:/... cmp=com.google.android.gms/.chimera.GmsApiService }
09-24 18:38:25.209 1369 1369 D BoundBrokerSvc: onUnbind: Intent { act=com.google.android.gms.gmscompliance.service.START dat=chimera-action:/... cmp=com.google.android.gms/.chimera.PersistentBoundBrokerService }
09-24 18:38:25.824 0 0 I logd : logdr: UID=2000 GID=2000 PID=5732 b tail=0 logMask=99 pid=0 start=0ns deadline=0ns
09-24 18:38:26.254 807 807 D StatusBarIconController: ignoring old pipeline callbacks, because the new mobile icons are enabled
09-24 18:38:26.752 807 807 D StatusBarIconController: ignoring old pipeline callback because the new wifi icon is enabled
09-24 18:38:27.800 561 782 E ClipboardService: Denying clipboard access to com.android.chrome, application is not in focus nor is it a system service for user 0
09-24 18:38:27.811 1658 2008 I AiAiTranslate: C2T - not in a conversation
09-24 18:38:27.814 1105 1105 D TaplEvents: Main / Touch event: MotionEvent { action=ACTION_DOWN, actionButton=0, id[0]=0, x[0]=917.9404, y[0]=1972.9248, toolType[0]=TOOL_TYPE_FINGER, buttonState=0, classification=NONE, metaState=0, flags=0x0, edgeFlags=0x0, pointerCount=1, historySize=0, eventTime=350968, downTime=350968, deviceId=4, source=0xd002, displayId=0, eventId=194582762 }
09-24 18:38:27.821 807 807 I ClipboardListener: Clipboard overlay suppressed.
09-24 18:38:27.823 1105 1105 D TaplEvents: TIS / TouchInteractionService.onInputEvent: MotionEvent { action=ACTION_DOWN, actionButton=0, id[0]=0, x[0]=917.9404, y[0]=1972.9248, toolType[0]=TOOL_TYPE_FINGER, buttonState=0, classification=NONE, metaState=0, flags=0x0, edgeFlags=0x0, pointerCount=1, historySize=0, eventTime=350968, downTime=350968, deviceId=4, source=0xd002, displayId=0, eventId=194582762 }
09-24 18:38:27.843 1105 1933 D EGL_emulation: app_time_stats: avg=2066.40ms min=8.42ms max=36586.66ms count=18
09-24 18:38:27.892 1105 1105 D TaplEvents: Main / Touch event: MotionEvent { action=ACTION_UP, actionButton=0, id[0]=0, x[0]=917.9404, y[0]=1972.9248, toolType[0]=TOOL_TYPE_FINGER, buttonState=0, classification=NONE, metaState=0, flags=0x0, edgeFlags=0x0, pointerCount=1, historySize=0, eventTime=351086, downTime=350968, deviceId=4, source=0xd002, displayId=0, eventId=252319241 }
09-24 18:38:27.893 1105 1105 D TaplEvents: Main / start: startAppShortcutOrInfoActivity
09-24 18:38:27.913 561 1873 D CompatibilityChangeReporter: Compat change id reported: 161252188; UID 10184; state: DISABLED
09-24 18:38:27.948 561 1873 D CompatibilityChangeReporter: Compat change id reported: 265464455; UID 10184; state: DISABLED
09-24 18:38:27.948 561 1873 D CompatibilityChangeReporter: Compat change id reported: 265452344; UID 10184; state: DISABLED
09-24 18:38:27.948 561 1873 D CompatibilityChangeReporter: Compat change id reported: 266124927; UID 10184; state: DISABLED
09-24 18:38:27.948 561 1873 D CompatibilityChangeReporter: Compat change id reported: 265451093; UID 10184; state: DISABLED
09-24 18:38:27.949 561 1873 D CompatibilityChangeReporter: Compat change id reported: 265456536; UID 10184; state: DISABLED
09-24 18:38:27.949 561 1873 D CompatibilityChangeReporter: Compat change id reported: 255940284; UID 10184; state: DISABLED
09-24 18:38:27.949 561 1873 D CompatibilityChangeReporter: Compat change id reported: 236283604; UID 10184; state: DISABLED
09-24 18:38:27.949 561 1873 D CompatibilityChangeReporter: Compat change id reported: 263959004; UID 10184; state: DISABLED
09-24 18:38:27.949 561 1873 D CompatibilityChangeReporter: Compat change id reported: 264304459; UID 10184; state: DISABLED
09-24 18:38:27.949 561 1873 D CompatibilityChangeReporter: Compat change id reported: 264301586; UID 10184; state: DISABLED
09-24 18:38:27.949 561 1873 D CompatibilityChangeReporter: Compat change id reported: 254631730; UID 10184; state: DISABLED
09-24 18:38:27.949 561 1873 D CompatibilityChangeReporter: Compat change id reported: 273509367; UID 10184; state: DISABLED
09-24 18:38:27.949 561 1873 D CompatibilityChangeReporter: Compat change id reported: 263259275; UID 10184; state: DISABLED
09-24 18:38:27.950 561 1873 D CompatibilityChangeReporter: Compat change id reported: 174042980; UID 10184; state: DISABLED
09-24 18:38:27.950 561 1873 D CompatibilityChangeReporter: Compat change id reported: 174042936; UID 10184; state: DISABLED
09-24 18:38:27.950 561 1873 D CompatibilityChangeReporter: Compat change id reported: 181136395; UID 10184; state: DISABLED
09-24 18:38:27.950 561 1873 D CompatibilityChangeReporter: Compat change id reported: 194480991; UID 10184; state: ENABLED
09-24 18:38:27.954 396 747 D audioserver: FGS Logger Transaction failed
09-24 18:38:27.954 396 747 D audioserver: -129
09-24 18:38:27.969 561 1873 D CompatibilityChangeReporter: Compat change id reported: 184838306; UID 10184; state: DISABLED
09-24 18:38:27.969 561 1873 D CompatibilityChangeReporter: Compat change id reported: 185004937; UID 10184; state: DISABLED
09-24 18:38:27.971 561 1873 D CompatibilityChangeReporter: Compat change id reported: 197654537; UID 10184; state: ENABLED
09-24 18:38:27.975 561 1873 D CompatibilityChangeReporter: Compat change id reported: 205907456; UID 10184; state: ENABLED
09-24 18:38:27.977 807 840 V WindowManagerShell: Transition requested: android.os.BinderProxy@e49242c TransitionRequestInfo { type = OPEN, triggerTask = TaskInfo{userId=0 taskId=22 displayId=0 isRunning=true baseIntent=Intent { act=android.intent.action.MAIN cat=[android.intent.category.LAUNCHER] flg=0x10200000 cmp=com.example.qtquickview_kotlin/.MainActivity } baseActivity=ComponentInfo{com.example.qtquickview_kotlin/com.example.qtquickview_kotlin.MainActivity} topActivity=ComponentInfo{com.example.qtquickview_kotlin/com.example.qtquickview_kotlin.MainActivity} origActivity=null realActivity=ComponentInfo{com.example.qtquickview_kotlin/com.example.qtquickview_kotlin.MainActivity} numActivities=1 lastActiveTime=351172 supportsMultiWindow=true resizeMode=1 isResizeable=true minWidth=-1 minHeight=-1 defaultMinSize=220 token=WCT{android.window.IWindowContainerToken$Stub$Proxy@431fef5} topActivityType=1 pictureInPictureParams=null shouldDockBigOverlays=false launchIntoPipHostTaskId=-1 lastParentTaskIdBeforePip=-1 displayCutoutSafeInsets=Rect(0, 132 - 0, 0) topActivityInfo=ActivityInfo{b76648a com.example.qtquickview_kotlin.MainActivity} launchCookies=[android.os.BinderProxy@c70afb] positionInParent=Point(0, 0) parentTaskId=-1 isFocused=false isVisible=false isSleeping=false topActivityInSizeCompat=false topActivityEligibleForLetterboxEducation= false topActivityLetterboxed= false isFromDoubleTap= false topActivityLetterboxVerticalPosition= -1 topActivityLetterboxHorizontalPosition= -1 topActivityLetterboxWidth=-1 topActivityLetterboxHeight=-1 locusId=null displayAreaFeatureId=1 cameraCompatControlState=hidden}, remoteTransition = RemoteTransition { remoteTransition = android.window.IRemoteTransition$Stub$Proxy@33a5718, appThread = android.app.IApplicationThread$Stub$Proxy@af09571, debugName = QuickstepLaunch }, displayChange = null }
09-24 18:38:27.978 807 840 V WindowManagerShell: RemoteTransition directly requested for android.os.BinderProxy@e49242c: RemoteTransition { remoteTransition = android.window.IRemoteTransition$Stub$Proxy@33a5718, appThread = android.app.IApplicationThread$Stub$Proxy@af09571, debugName = QuickstepLaunch }
09-24 18:38:27.995 561 1873 D CompatibilityChangeReporter: Compat change id reported: 194833441; UID 10184; state: ENABLED
09-24 18:38:27.995 561 1873 I ActivityTaskManager: START u0 {act=android.intent.action.MAIN cat=[android.intent.category.LAUNCHER] flg=0x10200000 cmp=com.example.qtquickview_kotlin/.MainActivity bnds=[832,1873][1005,2068]} with LAUNCH_MULTIPLE from uid 10151 (BAL_ALLOW_ALLOWLISTED_COMPONENT) result code=0
09-24 18:38:28.007 561 584 D CompatibilityChangeReporter: Compat change id reported: 135634846; UID 10184; state: DISABLED
09-24 18:38:28.009 1105 1105 D TaplEvents: TIS / TouchInteractionService.onInputEvent: MotionEvent { action=ACTION_UP, actionButton=0, id[0]=0, x[0]=917.9404, y[0]=1972.9248, toolType[0]=TOOL_TYPE_FINGER, buttonState=0, classification=NONE, metaState=0, flags=0x0, edgeFlags=0x0, pointerCount=1, historySize=0, eventTime=351086, downTime=350968, deviceId=4, source=0xd002, displayId=0, eventId=252319241 }
09-24 18:38:28.010 561 596 D CompatibilityChangeReporter: Compat change id reported: 143937733; UID 10184; state: ENABLED
09-24 18:38:28.023 353 353 I Zygote : Entering forkRepeatedly native zygote loop
09-24 18:38:28.030 413 413 I BpBinder: onLastStrongRef automatically unlinking death recipients:
09-24 18:38:28.033 561 2194 D CompatibilityChangeReporter: Compat change id reported: 168419799; UID 10184; state: DISABLED
09-24 18:38:28.033 561 2194 D CompatibilityChangeReporter: Compat change id reported: 273564678; UID 10184; state: DISABLED
09-24 18:38:28.034 561 584 W ProcessStats: Tracking association SourceState{dcaf774 com.google.android.googlequicksearchbox:search/10123 BTop #5107} whose proc state 2 is better than process ProcessState{a9b2356 com.google.android.googlequicksearchbox:interactor/10123 pkg=com.google.android.googlequicksearchbox} proc state 4 (183 skipped)
09-24 18:38:28.041 353 353 D Zygote : Forked child process 5740
09-24 18:38:28.051 561 596 W ActivityManager: Slow operation: 51ms so far, now at startProcess: done updating battery stats
