09-24 18:39:53.392 807 840 V WindowManagerShell: Directly starting a new transition type=3 wct=WindowContainerTransaction { changes = {} hops = [{PendingIntent: options=Bundle[mParcelledData.dataSize=332]}] errorCallbackToken=null taskFragmentOrganizer=null } handler=com.android.wm.shell.recents.RecentsTransitionHandler@48ea264
09-24 18:39:53.420 807 840 V ShellRecents: [114355766] RecentsController.setTransition: id=android.os.BinderProxy@34e1137
09-24 18:39:53.420 807 840 W Looper : Slow dispatch took 34ms wmshell.main h=android.os.Handler c=com.android.wm.shell.common.ExecutorUtils$$ExternalSyntheticLambda0@90646a4 m=0
09-24 18:39:53.431 413 413 I BpBinder: onLastStrongRef automatically unlinking death recipients:
09-24 18:39:53.448 561 581 D AutofillManagerService: Close system dialogs
09-24 18:39:53.459 1105 1179 I ImeTracker: com.google.android.apps.nexuslauncher:d46319cc: onRequestHide at ORIGIN_CLIENT_HIDE_SOFT_INPUT reason HIDE_SOFT_INPUT
09-24 18:39:53.459 1105 1179 I ImeTracker: com.google.android.apps.nexuslauncher:d46319cc: onFailed at PHASE_CLIENT_VIEW_SERVED
09-24 18:39:53.480 5991 6025 D ProfileInstaller: Installing profile for com.example.qtquickview_kotlin
09-24 18:39:53.480 807 807 I vol.VolumeDialogImpl: mDialog.dismiss() reason: volume_controller from: com.android.systemui.volume.VolumeDialogImpl$7.onDismissRequested:3
09-24 18:39:53.571 561 584 D OomAdjuster: Not killing cached processes
09-24 18:39:53.576 413 786 I BpBinder: onLastStrongRef automatically unlinking death recipients:
09-24 18:39:53.579 807 840 V WindowManagerShell: onTransitionReady android.os.BinderProxy@34e1137: {id=63 t=TO_FRONT f=0x80 trk=0 r=[0@Point(0, 0)] c=[{WCT{android.window.IWindowContainerToken$Stub$Proxy@9b5b7c2} m=SHOW f=SHOW_WALLPAPER leash=Surface(name=Task=1)/@0x26889d3 sb=Rect(0, 0 - 1080, 2400) eb=Rect(0, 0 - 1080, 2400) d=0},{WCT{android.window.IWindowContainerToken$Stub$Proxy@cb32910} m=HIDE f=NONE leash=Surface(name=Task=26)/@0x12b8c09 sb=Rect(0, 0 - 1080, 2400) eb=Rect(0, 0 - 1080, 2400) d=0},{null m=SHOW f=IS_WALLPAPER leash=Surface(name=WallpaperWindowToken{c35888f token=android.os.Binder@348cbee})/@0xc2b8e0e sb=Rect(0, 0 - 1080, 2400) eb=Rect(0, 0 - 1080, 2400) d=0}]}
09-24 18:39:53.579 807 840 V WindowManagerShell: Playing animation for (#63)android.os.BinderProxy@34e1137@0
09-24 18:39:53.579 807 840 V WindowManagerShell: try firstHandler com.android.wm.shell.recents.RecentsTransitionHandler@48ea264
09-24 18:39:53.580 807 840 V ShellRecents: [114355766] RecentsController.start
09-24 18:39:53.580 807 840 V ShellRecents: adding pausing taskId=26
09-24 18:39:53.588 807 840 V ShellRecents: [114355766] RecentsController.start: calling onAnimationStart
09-24 18:39:53.589 807 840 V WindowManagerShell: animated by firstHandler
09-24 18:39:53.606 1105 1105 D MotionPauseDetector: onMotionPauseChanged, paused=true reason=Didn't have back to back slow speeds, checking for rapid deceleration on first pause only
09-24 18:39:53.608 807 840 V ShellRecents: [114355766] RecentsController.setInputConsumerEnabled: set focus to recents
09-24 18:39:53.621 561 694 E HandwritingModeController: Cannot get requestId: Handwriting was not initialized.
09-24 18:39:53.657 561 581 V WindowManager: Sent Transition #63 createdAt=09-24 18:39:53.395
09-24 18:39:53.658 561 581 V WindowManager: startWCT=WindowContainerTransaction { changes = {} hops = [{PendingIntent: options=Bundle[{android.activity.splashScreenStyle=-1, android.activity.sourceInfo=android.app.ActivityOptions$SourceInfo@71031f0, android.activity.transientLaunch=true}]}] errorCallbackToken=null taskFragmentOrganizer=null }
09-24 18:39:53.658 561 581 V WindowManager: info={id=63 t=TO_FRONT f=0x80 trk=0 r=[0@Point(0, 0)] c=[{WCT{RemoteToken{5486296 Task{6e71f63 #1 type=home}}} m=SHOW f=SHOW_WALLPAPER leash=Surface(name=Task=1)/@0xbadec5f sb=Rect(0, 0 - 1080, 2400) eb=Rect(0, 0 - 1080, 2400) d=0},{WCT{RemoteToken{b47ebad Task{e942532 #26 type=standard A=10184:com.example.qtquickview_kotlin}}} m=HIDE f=NONE leash=Surface(name=Task=26)/@0x4fb2971 sb=Rect(0, 0 - 1080, 2400) eb=Rect(0, 0 - 1080, 2400) d=0},{null m=SHOW f=IS_WALLPAPER leash=Surface(name=WallpaperWindowToken{c35888f token=android.os.Binder@348cbee})/@0x94640b9 sb=Rect(0, 0 - 1080, 2400) eb=Rect(0, 0 - 1080, 2400) d=0}]}
09-24 18:39:53.712 1105 1119 I s.nexuslauncher: NativeAlloc concurrent copying GC freed 31357(1317KB) AllocSpace objects, 0(0B) LOS objects, 49% free, 6050KB/11MB, paused 58us,20us total 122.411ms
09-24 18:39:54.041 5991 6009 D EGL_emulation: app_time_stats: avg=37.90ms min=6.29ms max=1138.33ms count=46
09-24 18:39:54.530 0 0 W healthd : battery l=100 v=5000 t=25.0 h=2 st=4 c=900000 fc=3000000 cc=10 chg=
09-24 18:39:54.587 1105 1933 D EGL_emulation: app_time_stats: avg=13.59ms min=7.55ms max=35.32ms count=35
09-24 18:39:54.982 561 570 I system_server: NativeAlloc concurrent copying GC freed 128248(5069KB) AllocSpace objects, 5(100KB) LOS objects, 47% free, 26MB/50MB, paused 273us,61us total 1.419s
09-24 18:39:55.000 1105 1105 D TaplEvents: TIS / TouchInteractionService.onInputEvent: MotionEvent { action=ACTION_UP, actionButton=0, id[0]=0, x[0]=1076.9346, y[0]=986.9385, toolType[0]=TOOL_TYPE_FINGER, buttonState=0, classification=NONE, metaState=0, flags=0x0, edgeFlags=0x0, pointerCount=1, historySize=0, eventTime=438038, downTime=436494, deviceId=4, source=0xd002, displayId=0, eventId=299425182 }
09-24 18:39:55.391 355 3297 D android.hardware.audio@7.1-impl.ranchu: threadLoop: entering standby, frames: 5976960
09-24 18:39:55.395 807 828 V ShellRecents: [114355766] RecentsController.screenshotTask: taskId=26
09-24 18:39:55.410 807 807 D StatusBarIconController: ignoring old pipeline callback because the new wifi icon is enabled
09-24 18:39:55.462 1105 1179 I ImeTracker: com.google.android.apps.nexuslauncher:86f4e8a2: onRequestHide at ORIGIN_CLIENT_HIDE_SOFT_INPUT reason HIDE_SOFT_INPUT
09-24 18:39:55.462 1105 1179 I ImeTracker: com.google.android.apps.nexuslauncher:86f4e8a2: onFailed at PHASE_CLIENT_VIEW_SERVED
09-24 18:39:55.481 807 897 D EGL_emulation: app_time_stats: avg=1595.12ms min=36.96ms max=6150.17ms count=4
09-24 18:39:55.483 1105 1105 I AiAiSuggestUi: Clearing suggestions.
09-24 18:39:55.484 1105 1105 I AiAiSuggestUi: Requesting to show indicators
09-24 18:39:55.484 1105 1105 I AiAiSuggestUi: Fetching contents, isPrimaryTask = true
09-24 18:39:55.491 1658 1853 I AiAiEcho: Predicting[0]:
09-24 18:39:55.491 1658 1853 I AiAiEcho: EchoTargets:
09-24 18:39:55.491 1658 1853 I AiAiEcho: Filtered by AiAi flag check:
09-24 18:39:55.492 1658 1853 I AiAiEcho: Ranked targets strategy: SORT, count: 0, ranking metadata:
09-24 18:39:55.497 1658 1658 W AiAiOverview: ProcessContentImage contextImage is null
09-24 18:39:55.498 807 828 V ShellRecents: [114355766] RecentsController.detachNavigationBarFromApp
09-24 18:39:55.527 561 1794 W AppSearchIcing: icing-search-engine.cc:283: Error: 5, Message: Document (com.google.android.googlequicksearchbox$OneSearchZeroStateGoogleSuggestions/default, zp) not found.
09-24 18:39:55.611 1105 1933 D EGL_emulation: app_time_stats: avg=15.26ms min=6.59ms max=44.19ms count=32
09-24 18:39:55.613 1658 1853 I AiAiEcho: #postPredictionTargets: Sending updates to UISurface home with targets# 0 (types=[])
09-24 18:39:55.632 561 2194 W ProcessStats: Tracking association SourceState{aafee9a com.example.qtquickview_kotlin/10184 BTop #5473} whose proc state 2 is better than process ProcessState{5e14a07 com.google.android.gms.persistent/10116 pkg=com.google.android.gms} proc state 4 (14 skipped)
09-24 18:39:55.670 1105 2176 D OneSearchSuggestProvider: Created the binder channel successfully for end point service =com.google.android.apps.search.googleapp.search.suggest.plugins.onesearch.server.OneSearchSuggestService , mChannel=z1{delegate=s1{logId=97, target=directaddress:///AndroidComponentAddress%5BIntent%20%7B%20act=grpc.io.action.BIND%20cmp=com.google.android.googlequicksearchbox/com.google.android.apps.search.googleapp.search.suggest.plugins.onesearch.server.OneSearchSuggestService%20%7D%5D}} , mOneSearchConnection=X1.T@bd465fc
09-24 18:39:55.706 1932 1932 I A : Created gRPC endpoint to "search" for service class com.google.android.apps.search.googleapp.search.suggest.plugins.onesearch.server.OneSearchSuggestService
09-24 18:39:55.713 1932 1932 W A : Can't get WAA status for Mavatar!
09-24 18:39:55.713 1932 1932 W A : java.lang.NullPointerException: Attempt to invoke virtual method 'java.lang.Class java.lang.Object.getClass()' on a null object reference
09-24 18:39:55.713 1932 1932 W A : at com.google.apps.tiktok.dataservice.z.b(PG:1)
09-24 18:39:55.713 1932 1932 W A : at com.google.apps.tiktok.dataservice.at.a(PG:1)
09-24 18:39:55.713 1932 1932 W A : at com.google.apps.tiktok.tracing.ec.a(PG:2)
09-24 18:39:55.713 1932 1932 W A : at com.google.common.util.concurrent.aj.a(PG:2)
09-24 18:39:55.713 1932 1932 W A : at com.google.common.util.concurrent.ac.apply(PG:1)
09-24 18:39:55.713 1932 1932 W A : at com.google.common.util.concurrent.h.e(PG:2)
09-24 18:39:55.713 1932 1932 W A : at com.google.common.util.concurrent.j.run(PG:9)
09-24 18:39:55.713 1932 1932 W A : at com.google.common.util.concurrent.bf.execute(PG:1)
09-24 18:39:55.713 1932 1932 W A : at com.google.common.util.concurrent.d.i(PG:1)
09-24 18:39:55.713 1932 1932 W A : at com.google.common.util.concurrent.d.l(PG:12)
09-24 18:39:55.713 1932 1932 W A : at com.google.common.util.concurrent.d.n(PG:2)
09-24 18:39:55.713 1932 1932 W A : at com.google.common.util.concurrent.i.f(PG:1)
09-24 18:39:55.713 1932 1932 W A : at com.google.common.util.concurrent.j.run(PG:12)
09-24 18:39:55.713 1932 1932 W A : at com.google.android.libraries.i.ae.run(PG:1)
09-24 18:39:55.713 1932 1932 W A : at java.util.concurrent.ThreadPoolExecutor.runWorker(ThreadPoolExecutor.java:1145)
09-24 18:39:55.713 1932 1932 W A : at java.util.concurrent.ThreadPoolExecutor$Worker.run(ThreadPoolExecutor.java:644)
09-24 18:39:55.713 1932 1932 W A : at com.google.android.libraries.i.k.run(PG:2)
09-24 18:39:55.713 1932 1932 W A : at com.google.android.libraries.i.p.run(PG:4)
09-24 18:39:55.713 1932 1932 W A : at java.lang.Thread.run(Thread.java:1012)
09-24 18:39:55.714 1658 2689 I AiAiScreenProcessor: Timed out waiting for Bitmap to be updated.
09-24 18:39:55.714 1658 2689 E AiAiScreenProcessor: Can't run parseContents because there are InputSources that are missing.
09-24 18:39:55.723 1105 1105 D SearchTargetUtil: query= size=0
09-24 18:39:55.985 807 897 D EGL_emulation: app_time_stats: avg=431.83ms min=4.60ms max=4804.04ms count=12
09-24 18:39:56.301 1105 1105 D TaplEvents: Main / Touch event: MotionEvent { action=ACTION_DOWN, actionButton=0, id[0]=0, x[0]=704.95996, y[0]=1468.9453, toolType[0]=TOOL_TYPE_FINGER, buttonState=0, classification=NONE, metaState=0, flags=0x0, edgeFlags=0x0, pointerCount=1, historySize=0, eventTime=439495, downTime=439495, deviceId=4, source=0xd002, displayId=0, eventId=942472550 }
09-24 18:39:56.336 1105 1105 D TaplEvents: TIS / TouchInteractionService.onInputEvent: MotionEvent { action=ACTION_DOWN, actionButton=0, id[0]=0, x[0]=704.95996, y[0]=1468.9453, toolType[0]=TOOL_TYPE_FINGER, buttonState=0, classification=NONE, metaState=0, flags=0x0, edgeFlags=0x0, pointerCount=1, historySize=0, eventTime=439495, downTime=439495, deviceId=4, source=0xd002, displayId=0, eventId=942472550 }
09-24 18:39:56.526 1105 1105 D TaplEvents: Main / Touch event: MotionEvent { action=ACTION_UP, actionButton=0, id[0]=0, x[0]=709.9697, y[0]=23.950195, toolType[0]=TOOL_TYPE_FINGER, buttonState=0, classification=NONE, metaState=0, flags=0x0, edgeFlags=0x0, pointerCount=1, historySize=0, eventTime=439718, downTime=439495, deviceId=4, source=0xd002, displayId=0, eventId=654748413 }
09-24 18:39:56.527 1105 1105 D TaplEvents: TIS / TouchInteractionService.onInputEvent: MotionEvent { action=ACTION_UP, actionButton=0, id[0]=0, x[0]=709.9697, y[0]=23.950195, toolType[0]=TOOL_TYPE_FINGER, buttonState=0, classification=NONE, metaState=0, flags=0x0, edgeFlags=0x0, pointerCount=1, historySize=0, eventTime=439718, downTime=439495, deviceId=4, source=0xd002, displayId=0, eventId=654748413 }
09-24 18:39:56.594 807 807 D StatusBarIconController: ignoring old pipeline callbacks, because the new mobile icons are enabled
09-24 18:39:56.623 807 897 D EGL_emulation: app_time_stats: avg=176.05ms min=2.78ms max=1011.42ms count=6
09-24 18:39:56.637 1105 1933 D EGL_emulation: app_time_stats: avg=72.89ms min=11.85ms max=729.33ms count=13
09-24 18:39:56.993 807 897 D EGL_emulation: app_time_stats: avg=3.72ms min=1.16ms max=18.04ms count=45
09-24 18:39:57.380 1105 1105 D TaplEvents: Main / Touch event: MotionEvent { action=ACTION_DOWN, actionButton=0, id[0]=0, x[0]=744.9717, y[0]=1733.9355, toolType[0]=TOOL_TYPE_FINGER, buttonState=0, classification=NONE, metaState=0, flags=0x0, edgeFlags=0x0, pointerCount=1, historySize=0, eventTime=440574, downTime=440574, deviceId=4, source=0xd002, displayId=0, eventId=754562118 }
09-24 18:39:57.381 1105 1105 D TaplEvents: TIS / TouchInteractionService.onInputEvent: MotionEvent { action=ACTION_DOWN, actionButton=0, id[0]=0, x[0]=744.9717, y[0]=1733.9355, toolType[0]=TOOL_TYPE_FINGER, buttonState=0, classification=NONE, metaState=0, flags=0x0, edgeFlags=0x0, pointerCount=1, historySize=0, eventTime=440574, downTime=440574, deviceId=4, source=0xd002, displayId=0, eventId=754562118 }
09-24 18:39:57.538 1105 1105 D TaplEvents: Main / Touch event: MotionEvent { action=ACTION_UP, actionButton=0, id[0]=0, x[0]=713.958, y[0]=142.96875, toolType[0]=TOOL_TYPE_FINGER, buttonState=0, classification=NONE, metaState=0, flags=0x0, edgeFlags=0x0, pointerCount=1, historySize=0, eventTime=440712, downTime=440574, deviceId=4, source=0xd002, displayId=0, eventId=858954095 }
09-24 18:39:57.540 1105 1105 D TaplEvents: TIS / TouchInteractionService.onInputEvent: MotionEvent { action=ACTION_UP, actionButton=0, id[0]=0, x[0]=713.958, y[0]=142.96875, toolType[0]=TOOL_TYPE_FINGER, buttonState=0, classification=NONE, metaState=0, flags=0x0, edgeFlags=0x0, pointerCount=1, historySize=0, eventTime=440712, downTime=440574, deviceId=4, source=0xd002, displayId=0, eventId=858954095 }
09-24 18:39:57.654 1105 1933 D EGL_emulation: app_time_stats: avg=41.45ms min=13.38ms max=462.51ms count=22
09-24 18:39:57.860 807 840 V ShellRecents: [114355766] RecentsController.finishInner: toHome=true userLeave=false willFinishToHome=true state=0
09-24 18:39:57.860 807 840 V ShellRecents: normal finish
09-24 18:39:57.861 807 840 V ShellRecents: [114355766] RecentsController.cleanup
09-24 18:39:57.861 807 840 V WindowManagerShell: Transition animation finished (aborted=false), notifying core (#63)android.os.BinderProxy@34e1137@0
09-24 18:39:57.862 561 581 V WindowManager: Finish Transition #63: created at
09-24 18:39:53.395 collect-started=1.077ms started=1.115ms ready=20.962ms sent=181.457ms finished=4466.826ms
09-24 18:39:57.883 1105 1105 I AiAiSuggestUi: Clearing suggestions.
09-24 18:39:57.884 1105 1105 I AiAiSuggestUi: Clearing suggestions.
09-24 18:39:57.908 807 840 V WindowManagerShell: Track 0 became idle
09-24 18:39:57.908 807 840 V WindowManagerShell: All active transition animations finished
09-24 18:39:57.908 807 840 W Looper : Slow dispatch took 47ms wmshell.main h=android.os.Handler c=com.android.wm.shell.recents.RecentsTransitionHandler$RecentsController$$ExternalSyntheticLambda3@38f50e6 m=0
09-24 18:39:57.911 561 1843 E TaskPersister: File error accessing recents directory (directory doesn't exist?).
09-24 18:39:57.913 561 584 V WindowManager: Unknown focus tokens, dropping reportFocusChanged
09-24 18:39:57.996 561 2194 I ImeTracker: com.google.android.apps.nexuslauncher:abdf494c: onRequestHide at ORIGIN_SERVER_HIDE_INPUT reason HIDE_UNSPECIFIED_WINDOW
09-24 18:39:57.996 561 2194 I ImeTracker: com.google.android.apps.nexuslauncher:abdf494c: onCancelled at PHASE_SERVER_SHOULD_HIDE
09-24 18:39:58.007 1575 1575 I GoogleInputMethodService: GoogleInputMethodService.onFinishInput():3227
09-24 18:39:58.013 1575 1575 I GoogleInputMethodService: GoogleInputMethodService.updateDeviceLockedStatus():2087 repeatCheckTimes = 0, unlocked = true
09-24 18:39:58.019 1575 1575 I GoogleInputMethodService: GoogleInputMethodService.onStartInput():1877 onStartInput(EditorInfo{inputType=0x0(NULL) imeOptions=0x0 privateImeOptions=null actionName=UNSPECIFIED actionLabel=null actionId=0 initialSelStart=-1 initialSelEnd=-1 initialCapsMode=0x0 hintText=null label=null packageName=com.google.android.apps.nexuslauncher fieldId=0 fieldName=null extras=null}, false)
09-24 18:39:58.019 1575 1575 I GoogleInputMethodService: GoogleInputMethodService.shouldHideHeaderOnInitialState():4008 ShouldHideHeaderOnInitialState = false
09-24 18:39:58.019 1575 1575 I GoogleInputMethodService: GoogleInputMethodService.updateDeviceLockedStatus():2087 repeatCheckTimes = 2, unlocked = true
09-24 18:39:58.091 807 840 W Looper : Slow dispatch took 46ms wmshell.main h=android.os.Handler c=com.android.wm.shell.common.ShellExecutor$$ExternalSyntheticLambda1@ddaa0d4 m=0
09-24 18:39:58.102 413 413 I BpBinder: onLastStrongRef automatically unlinking death recipients:
09-24 18:39:58.122 807 897 D EGL_emulation: app_time_stats: avg=1498.15ms min=1498.15ms max=1498.15ms count=1
09-24 18:39:58.323 807 897 D EGL_emulation: app_time_stats: avg=19.72ms min=1.21ms max=608.51ms count=39
09-24 18:39:58.486 5991 6012 W libEGL : eglTerminate() called w/ 1 objects remaining
09-24 18:39:58.486 5991 6012 E libEGL : validate_display:550 error 3001 (EGL_NOT_INITIALIZED)
09-24 18:39:58.488 5991 6012 I libqtquickview_x86_64.so: main() returned 0
09-24 18:39:58.542 561 2194 D CoreBackPreview: Window{12e4c8c u0 com.example.qtquickview_kotlin/com.example.qtquickview_kotlin.MainActivity}: Setting back callback null
09-24 18:39:58.553 561 2194 W InputManager-JNI: Input channel object '12e4c8c com.example.qtquickview_kotlin/com.example.qtquickview_kotlin.MainActivity (client)' was disposed without first being removed with the input manager!
09-24 18:39:58.627 561 584 I ActivityManager: Killing 5991:com.example.qtquickview_kotlin/u0a184 (adj 905): remove task
09-24 18:39:58.647 561 597 I libprocessgroup: Successfully killed process cgroup uid 10184 pid 5991 in 6ms
09-24 18:39:58.683 353 353 I Zygote : Process 5991 exited due to signal 9 (Killed)
09-24 18:39:58.719 561 575 D OomAdjuster: Not killing cached processes
09-24 18:39:58.720 561 582 D DisplayManagerService: Drop pending events for gone uid 10184
09-24 18:39:58.729 561 584 W ActivityManager: setHasOverlayUi called on unknown pid: 5991
09-24 18:39:58.784 1105 1105 D TaplEvents: Main / Touch event: MotionEvent { action=ACTION_DOWN, actionButton=0, id[0]=0, x[0]=961.9414, y[0]=1985.8887, toolType[0]=TOOL_TYPE_FINGER, buttonState=0, classification=NONE, metaState=0, flags=0x0, edgeFlags=0x0, pointerCount=1, historySize=0, eventTime=441975, downTime=441975, deviceId=4, source=0xd002, displayId=0, eventId=747636882 }
09-24 18:39:58.787 1105 1105 D TaplEvents: TIS / TouchInteractionService.onInputEvent: MotionEvent { action=ACTION_DOWN, actionButton=0, id[0]=0, x[0]=961.9414, y[0]=1985.8887, toolType[0]=TOOL_TYPE_FINGER, buttonState=0, classification=NONE, metaState=0, flags=0x0, edgeFlags=0x0, pointerCount=1, historySize=0, eventTime=441975, downTime=441975, deviceId=4, source=0xd002, displayId=0, eventId=747636882 }
09-24 18:39:58.825 561 582 W Looper : Slow dispatch took 110ms android.ui h=com.android.server.am.ActivityManagerService$UiHandler c=com.android.server.am.UidObserverController$$ExternalSyntheticLambda0@1066d99 m=0
09-24 18:39:58.827 1105 1933 D EGL_emulation: app_time_stats: avg=59.01ms min=12.36ms max=476.90ms count=18
09-24 18:39:58.896 1105 1105 D TaplEvents: Main / Touch event: MotionEvent { action=ACTION_UP, actionButton=0, id[0]=0, x[0]=961.9414, y[0]=1985.8887, toolType[0]=TOOL_TYPE_FINGER, buttonState=0, classification=NONE, metaState=0, flags=0x0, edgeFlags=0x0, pointerCount=1, historySize=0, eventTime=442082, downTime=441975, deviceId=4, source=0xd002, displayId=0, eventId=587648367 }
09-24 18:39:58.898 1105 1105 D TaplEvents: TIS / TouchInteractionService.onInputEvent: MotionEvent { action=ACTION_UP, actionButton=0, id[0]=0, x[0]=961.9414, y[0]=1985.8887, toolType[0]=TOOL_TYPE_FINGER, buttonState=0, classification=NONE, metaState=0, flags=0x0, edgeFlags=0x0, pointerCount=1, historySize=0, eventTime=442082, downTime=441975, deviceId=4, source=0xd002, displayId=0, eventId=587648367 }
09-24 18:39:58.930 1105 1105 D TaplEvents: Main / start: startAppShortcutOrInfoActivity
09-24 18:39:58.956 561 575 D CompatibilityChangeReporter: Compat change id reported: 161252188; UID 10184; state: DISABLED
09-24 18:39:59.019 807 840 V WindowManagerShell: Transition requested: android.os.BinderProxy@8378dc3 TransitionRequestInfo { type = OPEN, triggerTask = TaskInfo{userId=0 taskId=27 displayId=0 isRunning=true baseIntent=Intent { act=android.intent.action.MAIN cat=[android.intent.category.LAUNCHER] flg=0x10200000 cmp=com.example.qtquickview_kotlin/.MainActivity } baseActivity=ComponentInfo{com.example.qtquickview_kotlin/com.example.qtquickview_kotlin.MainActivity} topActivity=ComponentInfo{com.example.qtquickview_kotlin/com.example.qtquickview_kotlin.MainActivity} origActivity=null realActivity=ComponentInfo{com.example.qtquickview_kotlin/com.example.qtquickview_kotlin.MainActivity} numActivities=1 lastActiveTime=442210 supportsMultiWindow=true resizeMode=1 isResizeable=true minWidth=-1 minHeight=-1 defaultMinSize=220 token=WCT{android.window.IWindowContainerToken$Stub$Proxy@4aaf640} topActivityType=1 pictureInPictureParams=null shouldDockBigOverlays=false launchIntoPipHostTaskId=-1 lastParentTaskIdBeforePip=-1 displayCutoutSafeInsets=Rect(0, 132 - 0, 0) topActivityInfo=ActivityInfo{9528979 com.example.qtquickview_kotlin.MainActivity} launchCookies=[android.os.BinderProxy@a9d96be] positionInParent=Point(0, 0) parentTaskId=-1 isFocused=false isVisible=false isSleeping=false topActivityInSizeCompat=false topActivityEligibleForLetterboxEducation= false topActivityLetterboxed= false isFromDoubleTap= false topActivityLetterboxVerticalPosition= -1 topActivityLetterboxHorizontalPosition= -1 topActivityLetterboxWidth=-1 topActivityLetterboxHeight=-1 locusId=null displayAreaFeatureId=1 cameraCompatControlState=hidden}, remoteTransition = RemoteTransition { remoteTransition = android.window.IRemoteTransition$Stub$Proxy@dfb431f, appThread = android.app.IApplicationThread$Stub$Proxy@b69366c, debugName = QuickstepLaunch }, displayChange = null }
09-24 18:39:59.023 561 575 I ActivityTaskManager: START u0 {act=android.intent.action.MAIN cat=[android.intent.category.LAUNCHER] flg=0x10200000 cmp=com.example.qtquickview_kotlin/.MainActivity bnds=[832,1873][1005,2068]} with LAUNCH_MULTIPLE from uid 10151 (BAL_ALLOW_ALLOWLISTED_COMPONENT) result code=0
09-24 18:39:59.026 807 840 V WindowManagerShell: RemoteTransition directly requested for android.os.BinderProxy@8378dc3: RemoteTransition { remoteTransition = android.window.IRemoteTransition$Stub$Proxy@dfb431f, appThread = android.app.IApplicationThread$Stub$Proxy@b69366c, debugName = QuickstepLaunch }
09-24 18:39:59.026 396 3449 D audioserver: FGS Logger Transaction failed
09-24 18:39:59.026 396 3449 D audioserver: -129
09-24 18:39:59.033 561 584 D CompatibilityChangeReporter: Compat change id reported: 135634846; UID 10184; state: DISABLED
09-24 18:39:59.034 561 596 D CompatibilityChangeReporter: Compat change id reported: 143937733; UID 10184; state: ENABLED
09-24 18:39:59.130 413 413 I BpBinder: onLastStrongRef automatically unlinking death recipients:
09-24 18:39:59.138 353 353 D Zygote : Forked child process 6034
09-24 18:39:59.138 561 596 W ActivityManager: Slow operation: 111ms so far, now at startProcess: returned from zygote!
09-24 18:39:59.138 561 596 W ActivityManager: Slow operation: 111ms so far, now at startProcess: done updating battery stats
09-24 18:39:59.140 561 596 W ActivityManager: Slow operation: 113ms so far, now at startProcess: building log message
09-24 18:39:59.140 561 596 I ActivityManager: Start proc 6034:com.example.qtquickview_kotlin/u0a184 for next-top-activity {com.example.qtquickview_kotlin/com.example.qtquickview_kotlin.MainActivity}
09-24 18:39:59.140 561 596 W ActivityManager: Slow operation: 113ms so far, now at startProcess: starting to update pids map
09-24 18:39:59.140 561 596 W ActivityManager: Slow operation: 114ms so far, now at startProcess: done updating pids map
09-24 18:39:59.158 807 866 D SplashScreenView: Build android.window.SplashScreenView{f1af23b V.E...... ......ID 0,0-0,0}
09-24 18:39:59.158 807 866 D SplashScreenView: Icon: view: android.widget.ImageView{8e94d58 V.ED..... ......I. 0,0-0,0 #10204f0 android:id/splashscreen_icon_view} drawable: com.android.wm.shell.startingsurface.SplashscreenIconDrawableFactory$ImmobileIconDrawable@af6eeb1 size: 420
09-24 18:39:59.158 807 866 D SplashScreenView: Branding: view: android.view.View{5c3bf96 G.ED..... ......I. 0,0-0,0 #10204ef android:id/splashscreen_branding_view} drawable: null size w: 0 h: 0
09-24 18:39:59.168 6034 6034 I uickview_kotlin: Late-enabling -Xcheck:jni
09-24 18:39:59.174 396 524 D AudioFlinger: mixer(0x72df5f8d6930) throttle end: throttle time(44)
09-24 18:39:59.196 6034 6034 I uickview_kotlin: Using CollectorTypeCC GC.
09-24 18:39:59.206 6034 6034 W uickview_kotlin: Unexpected CPU variant for x86: x86_64.
09-24 18:39:59.206 6034 6034 W uickview_kotlin: Known variants: atom, sandybridge, silvermont, goldmont, goldmont-plus, tremont, kabylake, default
09-24 18:39:59.207 561 575 D CoreBackPreview: Window{b193e13 u0 Splash Screen com.example.qtquickview_kotlin}: Setting back callback OnBackInvokedCallbackInfo{mCallback=android.window.IOnBackInvokedCallback$Stub$Proxy@e93fa49, mPriority=0, mIsAnimationCallback=false}
09-24 18:39:59.285 396 524 D audioserver: FGS Logger Transaction failed
09-24 18:39:59.285 396 524 D audioserver: -129
09-24 18:39:59.309 428 448 I adbd : jdwp connection from 6034
09-24 18:39:59.310 561 1873 W ActivityTaskManager: takeTaskSnapshot: taskId=27 not found or not visible
09-24 18:39:59.344 807 897 D EGL_emulation: app_time_stats: avg=20.19ms min=1.02ms max=48.76ms count=40
09-24 18:39:59.464 807 840 V WindowManagerShell: onTransitionReady android.os.BinderProxy@8378dc3: {id=64 t=OPEN f=0x0 trk=0 r=[0@Point(0, 0)] c=[{WCT{android.window.IWindowContainerToken$Stub$Proxy@eabc2e9} m=OPEN f=NONE leash=Surface(name=Task=27)/@0xdbb2b6e sb=Rect(0, 0 - 1080, 2400) eb=Rect(0, 0 - 1080, 2400) d=0},{WCT{android.window.IWindowContainerToken$Stub$Proxy@501320f} m=HIDE f=SHOW_WALLPAPER leash=Surface(name=Task=1)/@0x55d129c sb=Rect(0, 0 - 1080, 2400) eb=Rect(0, 0 - 1080, 2400) d=0}]}
09-24 18:39:59.464 807 840 V WindowManagerShell: Playing animation for (#64)android.os.BinderProxy@8378dc3@0
09-24 18:39:59.464 807 840 V WindowManagerShell: try firstHandler com.android.wm.shell.transition.DefaultMixedHandler@2bf3891
09-24 18:39:59.465 807 840 V WindowManagerShell: Delegate animation for #64 to RemoteTransition { remoteTransition = android.window.IRemoteTransition$Stub$Proxy@dfb431f, appThread = android.app.IApplicationThread$Stub$Proxy@b69366c, debugName = QuickstepLaunch }
09-24 18:39:59.465 561 581 V WindowManager: Sent Transition #64 createdAt=09-24 18:39:58.985 via request=TransitionRequestInfo { type = OPEN, triggerTask = TaskInfo{userId=0 taskId=27 displayId=0 isRunning=true baseIntent=Intent { act=android.intent.action.MAIN cat=[android.intent.category.LAUNCHER] flg=0x10200000 cmp=com.example.qtquickview_kotlin/.MainActivity } baseActivity=ComponentInfo{com.example.qtquickview_kotlin/com.example.qtquickview_kotlin.MainActivity} topActivity=ComponentInfo{com.example.qtquickview_kotlin/com.example.qtquickview_kotlin.MainActivity} origActivity=null realActivity=ComponentInfo{com.example.qtquickview_kotlin/com.example.qtquickview_kotlin.MainActivity} numActivities=1 lastActiveTime=442210 supportsMultiWindow=true resizeMode=1 isResizeable=true minWidth=-1 minHeight=-1 defaultMinSize=220 token=WCT{RemoteToken{716b97c Task{fbf7776 #27 type=standard A=10184:com.example.qtquickview_kotlin}}} topActivityType=1 pictureInPictureParams=null shouldDockBigOverlays=false launchIntoPipHostTaskId=-1 lastParentTaskIdBeforePip=-1 displayCutoutSafeInsets=Rect(0, 132 - 0, 0) topActivityInfo=ActivityInfo{318f205 com.example.qtquickview_kotlin.MainActivity} launchCookies=[android.os.BinderProxy@3ac25a] positionInParent=Point(0, 0) parentTaskId=-1 isFocused=false isVisible=false isSleeping=false topActivityInSizeCompat=false topActivityEligibleForLetterboxEducation= false topActivityLetterboxed= false isFromDoubleTap= false topActivityLetterboxVerticalPosition= -1 topActivityLetterboxHorizontalPosition= -1 topActivityLetterboxWidth=-1 topActivityLetterboxHeight=-1 locusId=null displayAreaFeatureId=1 cameraCompatControlState=hidden}, remoteTransition = RemoteTransition { remoteTransition = android.window.IRemoteTransition$Stub$Proxy@bd85c8b, appThread = android.app.IApplicationThread$Stub$Proxy@5d3f168, debugName = QuickstepLaunch }, displayChange = null }
09-24 18:39:59.465 561 581 V WindowManager: startWCT=WindowContainerTransaction { changes = {} hops = [] errorCallbackToken=null taskFragmentOrganizer=null }
09-24 18:39:59.465 561 581 V WindowManager: info={id=64 t=OPEN f=0x0 trk=0 r=[0@Point(0, 0)] c=[{WCT{RemoteToken{716b97c Task{fbf7776 #27 type=standard A=10184:com.example.qtquickview_kotlin}}} m=OPEN f=NONE leash=Surface(name=Task=27)/@0x8b9ff4e sb=Rect(0, 0 - 1080, 2400) eb=Rect(0, 0 - 1080, 2400) d=0},{WCT{RemoteToken{5486296 Task{6e71f63 #1 type=home}}} m=HIDE f=SHOW_WALLPAPER leash=Surface(name=Task=1)/@0xbadec5f sb=Rect(0, 0 - 1080, 2400) eb=Rect(0, 0 - 1080, 2400) d=0}]}
09-24 18:39:59.466 807 840 V WindowManagerShell: animated by firstHandler
09-24 18:39:59.472 561 1873 I AppsFilter: interaction: PackageSetting{f8d1db0 com.example.qtquickview_kotlin/10184} -> PackageSetting{4417429 com.google.android.apps.nexuslauncher/10151} BLOCKED
09-24 18:39:59.524 6034 6034 D CompatibilityChangeReporter: Compat change id reported: 171979766; UID 10184; state: ENABLED
09-24 18:39:59.527 6034 6034 D CompatibilityChangeReporter: Compat change id reported: 242716250; UID 10184; state: ENABLED
09-24 18:39:59.781 6034 6034 W ziparchive: Unable to open '/data/app/~~F4yQBZPHkkiDCvIpIfMWXg==/com.example.qtquickview_kotlin-RM41Tj9q01JxxlLq7edIHg==/base.dm': No such file or directory
09-24 18:39:59.781 6034 6034 W ziparchive: Unable to open '/data/app/~~F4yQBZPHkkiDCvIpIfMWXg==/com.example.qtquickview_kotlin-RM41Tj9q01JxxlLq7edIHg==/base.dm': No such file or directory
09-24 18:39:59.792 807 897 D EGL_emulation: app_time_stats: avg=306.25ms min=2.22ms max=1477.30ms count=5
09-24 18:39:59.872 1105 1933 D EGL_emulation: app_time_stats: avg=46.17ms min=17.19ms max=156.05ms count=20
09-24 18:39:59.906 6034 6034 D nativeloader: Configuring clns-6 for other apk /data/app/~~F4yQBZPHkkiDCvIpIfMWXg==/com.example.qtquickview_kotlin-RM41Tj9q01JxxlLq7edIHg==/base.apk. target_sdk_version=34, uses_libraries=, library_path=/data/app/~~F4yQBZPHkkiDCvIpIfMWXg==/com.example.qtquickview_kotlin-RM41Tj9q01JxxlLq7edIHg==/lib/x86_64:/data/app/~~F4yQBZPHkkiDCvIpIfMWXg==/com.example.qtquickview_kotlin-RM41Tj9q01JxxlLq7edIHg==/base.apk!/lib/x86_64, permitted_path=/data:/mnt/expand:/data/user/0/com.example.qtquickview_kotlin
09-24 18:40:00.020 807 840 V WindowManagerShell: Transition animation finished (aborted=false), notifying core (#64)android.os.BinderProxy@8378dc3@0
09-24 18:40:00.029 561 581 V WindowManager: Finish Transition #64: created at
09-24 18:39:58.985 collect-started=0.032ms request-sent=29.643ms started=42.736ms ready=476.153ms sent=477.687ms finished=1040.852ms
09-24 18:40:00.031 807 840 V WindowManagerShell: Track 0 became idle
09-24 18:40:00.031 807 840 V WindowManagerShell: All active transition animations finished
09-24 18:40:00.090 6034 6034 V GraphicsEnvironment: Currently set values for:
09-24 18:40:00.090 6034 6034 V GraphicsEnvironment: angle_gl_driver_selection_pkgs=[]
09-24 18:40:00.090 6034 6034 V GraphicsEnvironment: angle_gl_driver_selection_values=[]
09-24 18:40:00.091 6034 6034 V GraphicsEnvironment: ANGLE GameManagerService for com.example.qtquickview_kotlin: false
09-24 18:40:00.091 6034 6034 V GraphicsEnvironment: com.example.qtquickview_kotlin is not listed in per-application setting
09-24 18:40:00.091 6034 6034 V GraphicsEnvironment: Neither updatable production driver nor prerelease driver is supported.
09-24 18:40:00.107 1658 1853 I AiAiEcho: Predicting[0]:
09-24 18:40:00.107 1658 1853 I AiAiEcho: EchoTargets:
09-24 18:40:00.107 1658 1853 I AiAiEcho: Filtered by AiAi flag check:
09-24 18:40:00.107 1658 1853 I AiAiEcho: Ranked targets strategy: SORT, count: 0, ranking metadata:
09-24 18:40:00.108 1658 1853 I AiAiEcho: #postPredictionTargets: Sending updates to UISurface lockscreen with targets# 0 (types=[])
09-24 18:40:00.120 807 807 W PageIndicator: Total number of pages invalid: 0. Assuming 1 page.
09-24 18:40:00.141 561 1873 I ActivityManager: Flag disabled. Ignoring finishAttachApplication from uid: 10184. pid: 6034
09-24 18:40:00.160 6034 6057 D libEGL : loaded /vendor/lib64/egl/libEGL_emulation.so
09-24 18:40:00.162 6034 6057 D libEGL : loaded /vendor/lib64/egl/libGLESv1_CM_emulation.so
09-24 18:40:00.172 6034 6057 D libEGL : loaded /vendor/lib64/egl/libGLESv2_emulation.so
09-24 18:40:00.187 6034 6034 D AppCompatDelegate: Checking for metadata for AppLocalesMetadataHolderService : Service not found
09-24 18:40:00.240 6034 6034 D CompatibilityChangeReporter: Compat change id reported: 210923482; UID 10184; state: ENABLED
09-24 18:40:00.246 6034 6034 W uickview_kotlin: Accessing hidden method Landroid/view/View;->computeFitSystemWindows(Landroid/graphics/Rect;Landroid/graphics/Rect;)Z (unsupported, reflection, allowed)
09-24 18:40:00.350 807 897 D EGL_emulation: app_time_stats: avg=29.58ms min=2.19ms max=174.03ms count=30
09-24 18:40:00.387 6034 6034 W uickview_kotlin: Accessing hidden method Landroid/view/ViewGroup;->makeOptionalFitsSystemWindows()V (unsupported, reflection, allowed)
09-24 18:40:00.397 6034 6034 W ziparchive: Unable to open '/data/app/~~F4yQBZPHkkiDCvIpIfMWXg==/com.example.qtquickview_kotlin-RM41Tj9q01JxxlLq7edIHg==/base.dm': No such file or directory
09-24 18:40:00.397 6034 6034 W ziparchive: Unable to open '/data/app/~~F4yQBZPHkkiDCvIpIfMWXg==/com.example.qtquickview_kotlin-RM41Tj9q01JxxlLq7edIHg==/base.dm': No such file or directory
09-24 18:40:00.482 6034 6058 I QtCore : Start
09-24 18:40:00.614 6034 6058 I Qt : qt started
09-24 18:40:00.711 6034 6034 D CompatibilityChangeReporter: Compat change id reported: 237531167; UID 10184; state: DISABLED
09-24 18:40:00.723 6034 6034 W OpenGLRenderer: Unknown dataspace 0
09-24 18:40:00.760 6034 6034 I Choreographer: Skipped 36 frames! The application may be doing too much work on its main thread.
09-24 18:40:00.793 561 1653 D CoreBackPreview: Window{919bc62 u0 com.example.qtquickview_kotlin/com.example.qtquickview_kotlin.MainActivity}: Setting back callback OnBackInvokedCallbackInfo{mCallback=android.window.IOnBackInvokedCallback$Stub$Proxy@8685129, mPriority=0, mIsAnimationCallback=false}
09-24 18:40:00.858 6034 6055 W OpenGLRenderer: Failed to initialize 101010-2 format, error = EGL_SUCCESS
09-24 18:40:00.860 6034 6034 D AutofillManager: notifyViewEnteredForFillDialog:1073741824
09-24 18:40:00.952 0 0 I servicemanager: Could not find android.hardware.graphics.allocator.IAllocator/default in the VINTF manifest.
09-24 18:40:00.915 155 155 I hwservicemanager: getTransport: Cannot find entry android.hardware.graphics.mapper@4.0::IMapper/default in either framework or device VINTF manifest.
09-24 18:40:00.915 6034 6055 I Gralloc4: mapper 4.x is not supported
09-24 18:40:01.360 807 897 D EGL_emulation: app_time_stats: avg=13.67ms min=1.11ms max=30.98ms count=60
09-24 18:40:01.442 807 807 D StatusBarIconController: ignoring old pipeline callback because the new wifi icon is enabled
09-24 18:40:01.515 6034 6052 I OpenGLRenderer: Davey! duration=1360ms; Flags=1, FrameTimelineVsyncId=204892, IntendedVsync=443342003818, Vsync=443942003794, InputEventId=0, HandleInputStart=443956486914, AnimationStart=443956495259, PerformTraversalsStart=443956678611, DrawStart=444156501063, FrameDeadline=443358670484, FrameInterval=443955670571, FrameStartTime=16666666, SyncQueued=444188053314, SyncStart=444188302875, IssueDrawCommandsStart=444189086036, SwapBuffers=444557546461, FrameCompleted=444703072188, DequeueBufferDuration=4203, QueueBufferDuration=263681, GpuCompleted=444557546461, SwapBuffersCompleted=444703072188, DisplayPresentTime=0, CommandSubmissionCompleted=444557546461,
09-24 18:40:01.521 6034 6058 W libqtquickview_x86_64.so: No interface with className org/qtproject/qt/android/QtAccessibilityInterface has been registered.
09-24 18:40:01.532 561 581 W ziparchive: Unable to open '/data/app/~~F4yQBZPHkkiDCvIpIfMWXg==/com.example.qtquickview_kotlin-RM41Tj9q01JxxlLq7edIHg==/base.dm': No such file or directory
09-24 18:40:01.541 561 581 I ActivityTaskManager: Displayed com.example.qtquickview_kotlin/.MainActivity for user 0: +2s585ms
09-24 18:40:01.558 6034 6034 I Choreographer: Skipped 46 frames! The application may be doing too much work on its main thread.
09-24 18:40:01.596 561 1653 D CompatibilityChangeReporter: Compat change id reported: 214016041; UID 10184; state: ENABLED
09-24 18:40:01.598 561 1653 I ImeTracker: com.example.qtquickview_kotlin:b31ceecb: onRequestHide at ORIGIN_SERVER_HIDE_INPUT reason HIDE_UNSPECIFIED_WINDOW
09-24 18:40:01.598 561 1653 I ImeTracker: com.example.qtquickview_kotlin:b31ceecb: onCancelled at PHASE_SERVER_SHOULD_HIDE
09-24 18:40:01.606 6034 6052 I OpenGLRenderer: Davey! duration=809ms; Flags=0, FrameTimelineVsyncId=205273, IntendedVsync=443975337126, Vsync=444742003762, InputEventId=0, HandleInputStart=444754015166, AnimationStart=444754019869, PerformTraversalsStart=444756907558, DrawStart=444759114681, FrameDeadline=444575337102, FrameInterval=444753684634, FrameStartTime=16666666, SyncQueued=444762928276, SyncStart=444762996872, IssueDrawCommandsStart=444763212038, SwapBuffers=444764006204, FrameCompleted=444784813876, DequeueBufferDuration=8251, QueueBufferDuration=449439, GpuCompleted=444764006204, SwapBuffersCompleted=444784813876, DisplayPresentTime=0, CommandSubmissionCompleted=444764006204,
09-24 18:40:01.616 1575 1575 I GoogleInputMethodService: GoogleInputMethodService.onFinishInput():3227
09-24 18:40:01.620 1575 1575 I GoogleInputMethodService: GoogleInputMethodService.updateDeviceLockedStatus():2087 repeatCheckTimes = 0, unlocked = true
09-24 18:40:01.620 1575 1575 I GoogleInputMethodService: GoogleInputMethodService.onStartInput():1877 onStartInput(EditorInfo{inputType=0x0(NULL) imeOptions=0x0 privateImeOptions=null actionName=UNSPECIFIED actionLabel=null actionId=0 initialSelStart=-1 initialSelEnd=-1 initialCapsMode=0x0 hintText=null label=null packageName=com.example.qtquickview_kotlin fieldId=0 fieldName=null extras=null}, false)
09-24 18:40:01.621 1575 1575 I GoogleInputMethodService: GoogleInputMethodService.shouldHideHeaderOnInitialState():4008 ShouldHideHeaderOnInitialState = false
09-24 18:40:01.621 1575 1575 I GoogleInputMethodService: GoogleInputMethodService.updateDeviceLockedStatus():2087 repeatCheckTimes = 2, unlocked = true
09-24 18:40:01.692 1369 3294 I FontLog : Received query Noto Color Emoji Compat, URI content://com.google.android.gms.fonts [CONTEXT service_id=132 ]
09-24 18:40:01.701 1369 3294 I FontLog : Query [emojicompat-emoji-font] resolved to {Noto Color Emoji Compat, wdth 100.0, wght 400, ital 0.0, bestEffort false} [CONTEXT service_id=132 ]
09-24 18:40:01.704 807 897 D EGL_emulation: app_time_stats: avg=257.84ms min=2.59ms max=1596.86ms count=7
09-24 18:40:01.747 1369 3294 I FontLog : Fetch {Noto Color Emoji Compat, wdth 100.0, wght 400, ital 0.0, bestEffort false} end status Status{statusCode=SUCCESS, resolution=null} [CONTEXT service_id=132 ]
09-24 18:40:01.771 1369 3294 I FontLog : Pulling font file for id = 23, cache size = 5 [CONTEXT service_id=132 ]
09-24 18:40:01.796 1369 3294 I FontLog : Pulling font file for id = 23, cache size = 5 [CONTEXT service_id=132 ]
09-24 18:40:01.976 561 1653 D CoreBackPreview: Window{b193e13 u0 Splash Screen com.example.qtquickview_kotlin EXITING}: Setting back callback null
09-24 18:40:02.006 561 2218 W InputManager-JNI: Input channel object 'b193e13 Splash Screen com.example.qtquickview_kotlin (client)' was disposed without first being removed with the input manager!
09-24 18:40:02.064 807 865 W FrameTracker: Missed App frame:UNKNOWN: 24, 205664, 0, CUJ=J
09-24 18:40:02.066 807 865 W FrameTracker: Missed SF frame:UNKNOWN: 24, 205664, 0, CUJ=J
09-24 18:40:02.066 807 865 W FrameTracker: Missing HWUI jank callback for vsyncId: 205664, CUJ=J
09-24 18:40:02.066 807 865 W FrameTracker: Missed App frame:UNKNOWN: 88, 205686, 127536948, CUJ=J
09-24 18:40:02.066 807 865 W FrameTracker: Missed SF frame:UNKNOWN: 88, 205686, 127536948, CUJ=J
09-24 18:40:02.066 807 865 W FrameTracker: Missed App frame:UNKNOWN: 72, 205717, 0, CUJ=J
09-24 18:40:02.066 807 865 W FrameTracker: Missing HWUI jank callback for vsyncId: 205717, CUJ=J
09-24 18:40:02.066 807 865 W FrameTracker: Missed App frame:UNKNOWN: 88, 205748, 0, CUJ=J
09-24 18:40:02.066 807 865 W FrameTracker: Missed SF frame:UNKNOWN: 88, 205748, 0, CUJ=J
09-24 18:40:02.066 807 865 W FrameTracker: Missing HWUI jank callback for vsyncId: 205748, CUJ=J
09-24 18:40:02.066 807 865 W FrameTracker: Missed App frame:UNKNOWN: 88, 205764, 0, CUJ=J
09-24 18:40:02.066 807 865 W FrameTracker: Missed SF frame:UNKNOWN: 88, 205764, 0, CUJ=J
09-24 18:40:02.067 807 865 W FrameTracker: Missing HWUI jank callback for vsyncId: 205764, CUJ=J
09-24 18:40:02.067 807 865 W FrameTracker: Missed App frame:UNKNOWN: 88, 205787, 0, CUJ=J
09-24 18:40:02.067 807 865 W FrameTracker: Missed SF frame:UNKNOWN: 88, 205787, 0, CUJ=J
09-24 18:40:02.067 807 865 W FrameTracker: Missing HWUI jank callback for vsyncId: 205787, CUJ=J
09-24 18:40:02.067 807 865 W FrameTracker: Missing SF jank callback for vsyncId: 205795, CUJ=J
09-24 18:40:02.159 1105 1179 I ImeTracker: com.google.android.apps.nexuslauncher:ed38ed97: onRequestHide at ORIGIN_CLIENT_HIDE_SOFT_INPUT reason HIDE_SOFT_INPUT
09-24 18:40:02.160 1105 1179 I ImeTracker: com.google.android.apps.nexuslauncher:ed38ed97: onFailed at PHASE_CLIENT_VIEW_SERVED
09-24 18:40:02.176 1105 2176 D OneSearchSuggestProvider: Shut down the binder channel
09-24 18:40:02.184 1105 5781 I IPCThreadState: oneway function results for code 2 on binder at 0x799fb5134aa0 will be dropped but finished with status UNKNOWN_TRANSACTION
09-24 18:40:02.193 807 824 I ndroid.systemui: Background young concurrent copying GC freed 318985(14MB) AllocSpace objects, 0(0B) LOS objects, 45% free, 16MB/30MB, paused 126us,43us total 145.920ms
09-24 18:40:02.212 561 1843 E TaskPersister: File error accessing recents directory (directory doesn't exist?).
09-24 18:40:02.247 355 3297 D android.hardware.audio@7.1-impl.ranchu: threadLoop: entering standby, frames: 6123744
09-24 18:40:02.248 413 413 W SurfaceFlinger: couldn't log to binary event log: overflow.
09-24 18:40:02.377 807 897 D EGL_emulation: app_time_stats: avg=32.10ms min=1.04ms max=162.51ms count=28
09-24 18:40:02.519 6034 6034 I Choreographer: Skipped 54 frames! The application may be doing too much work on its main thread.
09-24 18:40:02.541 6034 6034 V myTag : Status of QtQuickView: READY
09-24 18:40:02.549 6034 6052 I OpenGLRenderer: Davey! duration=922ms; Flags=0, FrameTimelineVsyncId=205724, IntendedVsync=444808670426, Vsync=445708670390, InputEventId=0, HandleInputStart=445714968897, AnimationStart=445714975367, PerformTraversalsStart=445718926551, DrawStart=445720194007, FrameDeadline=444875337090, FrameInterval=445714557721, FrameStartTime=16666666, SyncQueued=445723617748, SyncStart=445723655509, IssueDrawCommandsStart=445723701586, SwapBuffers=445724752399, FrameCompleted=445731676306, DequeueBufferDuration=5259, QueueBufferDuration=307720, GpuCompleted=445724752399, SwapBuffersCompleted=445731676306, DisplayPresentTime=0, CommandSubmissionCompleted=445724752399,
09-24 18:40:02.642 6034 6055 D EGL_emulation: app_time_stats: avg=226.98ms min=38.84ms max=868.12ms count=5
09-24 18:40:03.184 807 824 I ndroid.systemui: Background concurrent copying GC freed 346375(15MB) AllocSpace objects, 0(0B) LOS objects, 49% free, 17MB/34MB, paused 9.979ms,23us total 169.459ms
09-24 18:40:03.383 807 897 D EGL_emulation: app_time_stats: avg=12.50ms min=1.26ms max=67.30ms count=47
09-24 18:40:03.679 1105 1105 D TaplEvents: TIS / TouchInteractionService.onInputEvent: MotionEvent { action=ACTION_DOWN, actionButton=0, id[0]=0, x[0]=235.98633, y[0]=1552.8809, toolType[0]=TOOL_TYPE_FINGER, buttonState=0, classification=NONE, metaState=0, flags=0x0, edgeFlags=0x0, pointerCount=1, historySize=0, eventTime=446757, downTime=446757, deviceId=4, source=0xd002, displayId=0, eventId=428462560 }
09-24 18:40:03.687 1105 1105 D TaplEvents: TIS / TouchInteractionService.onInputEvent: MotionEvent { action=ACTION_UP, actionButton=0, id[0]=0, x[0]=235.98633, y[0]=1552.8809, toolType[0]=TOOL_TYPE_FINGER, buttonState=0, classification=NONE, metaState=0, flags=0x0, edgeFlags=0x0, pointerCount=1, historySize=0, eventTime=446857, downTime=446757, deviceId=4, source=0xd002, displayId=0, eventId=75681220 }
09-24 18:40:03.826 396 747 D audioserver: FGS Logger Transaction failed
09-24 18:40:03.826 396 747 D audioserver: -129
09-24 18:40:03.849 396 524 D AudioFlinger: mixer(0x72df5f8d6930) throttle end: throttle time(35)
09-24 18:40:03.888 6034 6055 D EGL_emulation: app_time_stats: avg=207.52ms min=7.55ms max=592.83ms count=6
09-24 18:40:03.961 396 524 D audioserver: FGS Logger Transaction failed
09-24 18:40:03.961 396 524 D audioserver: -129
09-24 18:40:04.528 1105 1105 D TaplEvents: TIS / TouchInteractionService.onInputEvent: MotionEvent { action=ACTION_DOWN, actionButton=0, id[0]=0, x[0]=235.98633, y[0]=1552.8809, toolType[0]=TOOL_TYPE_FINGER, buttonState=0, classification=NONE, metaState=0, flags=0x0, edgeFlags=0x0, pointerCount=1, historySize=0, eventTime=447722, downTime=447722, deviceId=4, source=0xd002, displayId=0, eventId=403054725 }
09-24 18:40:04.688 1105 1105 D TaplEvents: TIS / TouchInteractionService.onInputEvent: MotionEvent { action=ACTION_UP, actionButton=0, id[0]=0, x[0]=235.98633, y[0]=1552.8809, toolType[0]=TOOL_TYPE_FINGER, buttonState=0, classification=NONE, metaState=0, flags=0x0, edgeFlags=0x0, pointerCount=1, historySize=0, eventTime=447883, downTime=447722, deviceId=4, source=0xd002, displayId=0, eventId=359712688 }
09-24 18:40:04.691 396 747 D audioserver: FGS Logger Transaction failed
09-24 18:40:04.691 396 747 D audioserver: -129
09-24 18:40:04.703 6034 6068 D EGL_emulation: app_time_stats: avg=389.31ms min=17.65ms max=906.12ms count=4
09-24 18:40:04.710 396 524 D AudioFlinger: mixer(0x72df5f8d6930) throttle end: throttle time(35)
09-24 18:40:04.862 396 524 D audioserver: FGS Logger Transaction failed
09-24 18:40:04.862 396 524 D audioserver: -129
09-24 18:40:04.897 6034 6055 D EGL_emulation: app_time_stats: avg=15.69ms min=7.26ms max=66.11ms count=52
09-24 18:40:05.805 1105 1105 D TaplEvents: TIS / TouchInteractionService.onInputEvent: MotionEvent { action=ACTION_DOWN, actionButton=0, id[0]=0, x[0]=483.96973, y[0]=2352.9053, toolType[0]=TOOL_TYPE_FINGER, buttonState=0, classification=NONE, metaState=0, flags=0x0, edgeFlags=0x0, pointerCount=1, historySize=0, eventTime=448999, downTime=448999, deviceId=4, source=0xd002, displayId=0, eventId=241038304 }
09-24 18:40:05.858 807 840 V ShellRecents: RecentsTransitionHandler.startRecentsTransition
09-24 18:40:05.860 807 840 V WindowManagerShell: Directly starting a new transition type=3 wct=WindowContainerTransaction { changes = {} hops = [{PendingIntent: options=Bundle[mParcelledData.dataSize=332]}] errorCallbackToken=null taskFragmentOrganizer=null } handler=com.android.wm.shell.recents.RecentsTransitionHandler@48ea264
09-24 18:40:05.866 1105 1105 D TaplEvents: Pilfer / pilferPointers
09-24 18:40:05.868 561 1653 I InputDispatcher: Channel [Gesture Monitor] swipe-up (server) is stealing touch from [919bc62 com.example.qtquickview_kotlin/com.example.qtquickview_kotlin.MainActivity (server), [Gesture Monitor] edge-swipe (server)]
09-24 18:40:05.880 413 413 I BpBinder: onLastStrongRef automatically unlinking death recipients:
09-24 18:40:05.889 807 840 V ShellRecents: [38828030] RecentsController.setTransition: id=android.os.BinderProxy@1a3ac2b
09-24 18:40:05.890 807 840 W Looper : Slow dispatch took 34ms wmshell.main h=android.os.Handler c=com.android.wm.shell.common.ExecutorUtils$$ExternalSyntheticLambda0@5679888 m=0
09-24 18:40:05.929 1105 1179 I ImeTracker: com.google.android.apps.nexuslauncher:f951f53d: onRequestHide at ORIGIN_CLIENT_HIDE_SOFT_INPUT reason HIDE_SOFT_INPUT
09-24 18:40:05.930 561 581 D AutofillManagerService: Close system dialogs
09-24 18:40:05.941 1105 1179 I ImeTracker: com.google.android.apps.nexuslauncher:f951f53d: onFailed at PHASE_CLIENT_VIEW_SERVED
09-24 18:40:05.978 807 807 I vol.VolumeDialogImpl: mDialog.dismiss() reason: volume_controller from: com.android.systemui.volume.VolumeDialogImpl$7.onDismissRequested:3
