09-24 18:38:28.053 561 668 D CompatibilityChangeReporter: Compat change id reported: 265195908; UID 10184; state: ENABLED
09-24 18:38:28.054 807 866 D SplashScreenView: Build android.window.SplashScreenView{107ad72 V.E...... ......ID 0,0-0,0}
09-24 18:38:28.054 807 866 D SplashScreenView: Icon: view: android.widget.ImageView{f49c5c3 V.ED..... ......I. 0,0-0,0 #10204f0 android:id/splashscreen_icon_view} drawable: com.android.wm.shell.startingsurface.SplashscreenIconDrawableFactory$ImmobileIconDrawable@48358f6 size: 420
09-24 18:38:28.054 807 866 D SplashScreenView: Branding: view: android.view.View{54c04f7 G.ED..... ......I. 0,0-0,0 #10204ef android:id/splashscreen_branding_view} drawable: null size w: 0 h: 0
09-24 18:38:28.067 561 596 W ActivityManager: Slow operation: 67ms so far, now at startProcess: building log message
09-24 18:38:28.067 561 596 I ActivityManager: Start proc 5740:com.example.qtquickview_kotlin/u0a184 for next-top-activity {com.example.qtquickview_kotlin/com.example.qtquickview_kotlin.MainActivity}
09-24 18:38:28.068 561 596 W ActivityManager: Slow operation: 67ms so far, now at startProcess: starting to update pids map
09-24 18:38:28.069 561 596 W ActivityManager: Slow operation: 69ms so far, now at startProcess: done updating pids map
09-24 18:38:28.093 5740 5740 I uickview_kotlin: Late-enabling -Xcheck:jni
09-24 18:38:28.103 396 524 D audioserver: FGS Logger Transaction failed
09-24 18:38:28.103 396 524 D audioserver: -129
09-24 18:38:28.107 561 2194 D CoreBackPreview: Window{81c006b u0 Splash Screen com.example.qtquickview_kotlin}: Setting back callback OnBackInvokedCallbackInfo{mCallback=android.window.IOnBackInvokedCallback$Stub$Proxy@75e0786, mPriority=0, mIsAnimationCallback=false}
09-24 18:38:28.142 5740 5740 I uickview_kotlin: Using CollectorTypeCC GC.
09-24 18:38:28.151 5740 5740 W uickview_kotlin: Unexpected CPU variant for x86: x86_64.
09-24 18:38:28.151 5740 5740 W uickview_kotlin: Known variants: atom, sandybridge, silvermont, goldmont, goldmont-plus, tremont, kabylake, default
09-24 18:38:28.167 561 2194 W ActivityTaskManager: takeTaskSnapshot: taskId=22 not found or not visible
09-24 18:38:28.222 428 448 I adbd : jdwp connection from 5740
09-24 18:38:28.240 561 581 V WindowManager: Sent Transition #40 createdAt=09-24 18:38:27.954 via request=TransitionRequestInfo { type = OPEN, triggerTask = TaskInfo{userId=0 taskId=22 displayId=0 isRunning=true baseIntent=Intent { act=android.intent.action.MAIN cat=[android.intent.category.LAUNCHER] flg=0x10200000 cmp=com.example.qtquickview_kotlin/.MainActivity } baseActivity=ComponentInfo{com.example.qtquickview_kotlin/com.example.qtquickview_kotlin.MainActivity} topActivity=ComponentInfo{com.example.qtquickview_kotlin/com.example.qtquickview_kotlin.MainActivity} origActivity=null realActivity=ComponentInfo{com.example.qtquickview_kotlin/com.example.qtquickview_kotlin.MainActivity} numActivities=1 lastActiveTime=351172 supportsMultiWindow=true resizeMode=1 isResizeable=true minWidth=-1 minHeight=-1 defaultMinSize=220 token=WCT{RemoteToken{b1fa99 Task{816ce4f #22 type=standard A=10184:com.example.qtquickview_kotlin}}} topActivityType=1 pictureInPictureParams=null shouldDockBigOverlays=false launchIntoPipHostTaskId=-1 lastParentTaskIdBeforePip=-1 displayCutoutSafeInsets=Rect(0, 132 - 0, 0) topActivityInfo=ActivityInfo{178815e com.example.qtquickview_kotlin.MainActivity} launchCookies=[android.os.BinderProxy@46de93f] positionInParent=Point(0, 0) parentTaskId=-1 isFocused=false isVisible=false isSleeping=false topActivityInSizeCompat=false topActivityEligibleForLetterboxEducation= false topActivityLetterboxed= false isFromDoubleTap= false topActivityLetterboxVerticalPosition= -1 topActivityLetterboxHorizontalPosition= -1 topActivityLetterboxWidth=-1 topActivityLetterboxHeight=-1 locusId=null displayAreaFeatureId=1 cameraCompatControlState=hidden}, remoteTransition = RemoteTransition { remoteTransition = android.window.IRemoteTransition$Stub$Proxy@597b20c, appThread = android.app.IApplicationThread$Stub$Proxy@b1ea755, debugName = QuickstepLaunch }, displayChange = null }
09-24 18:38:28.240 561 581 V WindowManager: startWCT=WindowContainerTransaction { changes = {} hops = [] errorCallbackToken=null taskFragmentOrganizer=null }
09-24 18:38:28.240 561 581 V WindowManager: info={id=40 t=OPEN f=0x0 trk=0 r=[0@Point(0, 0)] c=[{WCT{RemoteToken{b1fa99 Task{816ce4f #22 type=standard A=10184:com.example.qtquickview_kotlin}}} m=OPEN f=NONE leash=Surface(name=Task=22)/@0xf83847 sb=Rect(0, 0 - 1080, 2400) eb=Rect(0, 0 - 1080, 2400) d=0},{WCT{RemoteToken{5486296 Task{6e71f63 #1 type=home}}} m=HIDE f=SHOW_WALLPAPER leash=Surface(name=Task=1)/@0xbadec5f sb=Rect(0, 0 - 1080, 2400) eb=Rect(0, 0 - 1080, 2400) d=0}]}
09-24 18:38:28.241 807 840 V WindowManagerShell: onTransitionReady android.os.BinderProxy@e49242c: {id=40 t=OPEN f=0x0 trk=0 r=[0@Point(0, 0)] c=[{WCT{android.window.IWindowContainerToken$Stub$Proxy@7d93440} m=OPEN f=NONE leash=Surface(name=Task=22)/@0xee6ef79 sb=Rect(0, 0 - 1080, 2400) eb=Rect(0, 0 - 1080, 2400) d=0},{WCT{android.window.IWindowContainerToken$Stub$Proxy@5e104be} m=HIDE f=SHOW_WALLPAPER leash=Surface(name=Task=1)/@0x935191f sb=Rect(0, 0 - 1080, 2400) eb=Rect(0, 0 - 1080, 2400) d=0}]}
09-24 18:38:28.241 807 840 V WindowManagerShell: Playing animation for (#40)android.os.BinderProxy@e49242c@0
09-24 18:38:28.241 807 840 V WindowManagerShell: try firstHandler com.android.wm.shell.transition.DefaultMixedHandler@2bf3891
09-24 18:38:28.242 807 840 V WindowManagerShell: Delegate animation for #40 to RemoteTransition { remoteTransition = android.window.IRemoteTransition$Stub$Proxy@33a5718, appThread = android.app.IApplicationThread$Stub$Proxy@af09571, debugName = QuickstepLaunch }
09-24 18:38:28.243 807 840 V WindowManagerShell: animated by firstHandler
09-24 18:38:28.393 561 1004 W ActivityManager: Slow operation: 54ms so far, now at attachApplicationLocked: before bindApplication
09-24 18:38:28.398 561 1004 W ActivityManager: Slow operation: 61ms so far, now at attachApplicationLocked: immediately before bindApplication
09-24 18:38:28.415 561 1004 W ActivityManager: Slow operation: 78ms so far, now at attachApplicationLocked: immediately after bindApplication
09-24 18:38:28.416 561 1004 W ActivityManager: Slow operation: 78ms so far, now at attachApplicationLocked: after updateLruProcessLocked
09-24 18:38:28.430 561 1004 I AppsFilter: interaction: PackageSetting{f8d1db0 com.example.qtquickview_kotlin/10184} -> PackageSetting{4417429 com.google.android.apps.nexuslauncher/10151} BLOCKED
09-24 18:38:28.486 5740 5740 D CompatibilityChangeReporter: Compat change id reported: 171979766; UID 10184; state: ENABLED
09-24 18:38:28.492 5740 5740 D CompatibilityChangeReporter: Compat change id reported: 242716250; UID 10184; state: ENABLED
09-24 18:38:28.593 807 897 D EGL_emulation: app_time_stats: avg=12294.32ms min=12294.32ms max=12294.32ms count=1
09-24 18:38:28.610 561 2194 D CompatibilityChangeReporter: Compat change id reported: 170503758; UID 10184; state: ENABLED
09-24 18:38:28.624 5740 5740 W ziparchive: Unable to open '/data/app/~~F4yQBZPHkkiDCvIpIfMWXg==/com.example.qtquickview_kotlin-RM41Tj9q01JxxlLq7edIHg==/base.dm': No such file or directory
09-24 18:38:28.624 5740 5740 W ziparchive: Unable to open '/data/app/~~F4yQBZPHkkiDCvIpIfMWXg==/com.example.qtquickview_kotlin-RM41Tj9q01JxxlLq7edIHg==/base.dm': No such file or directory
09-24 18:38:28.783 807 897 D EGL_emulation: app_time_stats: avg=2035.25ms min=2.20ms max=36167.80ms count=18
09-24 18:38:28.792 807 840 V WindowManagerShell: Transition animation finished (aborted=false), notifying core (#40)android.os.BinderProxy@e49242c@0
09-24 18:38:28.807 561 581 V WindowManager: Finish Transition #40: created at
09-24 18:38:27.954 collect-started=0.058ms request-sent=22.085ms started=42.398ms ready=241.846ms sent=268.368ms finished=840.957ms
09-24 18:38:28.808 5740 5740 D nativeloader: Configuring clns-6 for other apk /data/app/~~F4yQBZPHkkiDCvIpIfMWXg==/com.example.qtquickview_kotlin-RM41Tj9q01JxxlLq7edIHg==/base.apk. target_sdk_version=34, uses_libraries=, library_path=/data/app/~~F4yQBZPHkkiDCvIpIfMWXg==/com.example.qtquickview_kotlin-RM41Tj9q01JxxlLq7edIHg==/lib/x86_64:/data/app/~~F4yQBZPHkkiDCvIpIfMWXg==/com.example.qtquickview_kotlin-RM41Tj9q01JxxlLq7edIHg==/base.apk!/lib/x86_64, permitted_path=/data:/mnt/expand:/data/user/0/com.example.qtquickview_kotlin
09-24 18:38:28.824 807 840 V WindowManagerShell: Track 0 became idle
09-24 18:38:28.824 807 840 V WindowManagerShell: All active transition animations finished
09-24 18:38:28.824 807 840 W Looper : Slow dispatch took 32ms wmshell.main h=android.os.Handler c=com.android.wm.shell.transition.RemoteTransitionHandler$1$$ExternalSyntheticLambda0@d6b661e m=0
09-24 18:38:28.844 1105 1933 D EGL_emulation: app_time_stats: avg=32.61ms min=11.14ms max=127.17ms count=27
09-24 18:38:28.894 5740 5740 V GraphicsEnvironment: Currently set values for:
09-24 18:38:28.894 5740 5740 V GraphicsEnvironment: angle_gl_driver_selection_pkgs=[]
09-24 18:38:28.894 5740 5740 V GraphicsEnvironment: angle_gl_driver_selection_values=[]
09-24 18:38:28.896 5740 5740 V GraphicsEnvironment: ANGLE GameManagerService for com.example.qtquickview_kotlin: false
09-24 18:38:28.896 5740 5740 V GraphicsEnvironment: com.example.qtquickview_kotlin is not listed in per-application setting
09-24 18:38:28.897 5740 5740 V GraphicsEnvironment: Neither updatable production driver nor prerelease driver is supported.
09-24 18:38:28.930 561 1004 I ActivityManager: Flag disabled. Ignoring finishAttachApplication from uid: 10184. pid: 5740
09-24 18:38:28.946 5740 5762 D libEGL : loaded /vendor/lib64/egl/libEGL_emulation.so
09-24 18:38:28.949 5740 5762 D libEGL : loaded /vendor/lib64/egl/libGLESv1_CM_emulation.so
09-24 18:38:28.953 5740 5762 D libEGL : loaded /vendor/lib64/egl/libGLESv2_emulation.so
09-24 18:38:28.970 5740 5740 D AppCompatDelegate: Checking for metadata for AppLocalesMetadataHolderService : Service not found
09-24 18:38:29.021 5740 5740 D CompatibilityChangeReporter: Compat change id reported: 210923482; UID 10184; state: ENABLED
09-24 18:38:29.028 5740 5740 W uickview_kotlin: Accessing hidden method Landroid/view/View;->computeFitSystemWindows(Landroid/graphics/Rect;Landroid/graphics/Rect;)Z (unsupported, reflection, allowed)
09-24 18:38:29.097 561 1004 D OomAdjuster: Not killing cached processes
09-24 18:38:29.098 1369 1369 D BoundBrokerSvc: onUnbind: Intent { act=com.google.android.gms.auth.account.data.service.START pkg=com.google.android.gms }
09-24 18:38:29.140 5740 5740 W uickview_kotlin: Accessing hidden method Landroid/view/ViewGroup;->makeOptionalFitsSystemWindows()V (unsupported, reflection, allowed)
09-24 18:38:29.149 5740 5740 W ziparchive: Unable to open '/data/app/~~F4yQBZPHkkiDCvIpIfMWXg==/com.example.qtquickview_kotlin-RM41Tj9q01JxxlLq7edIHg==/base.dm': No such file or directory
09-24 18:38:29.149 5740 5740 W ziparchive: Unable to open '/data/app/~~F4yQBZPHkkiDCvIpIfMWXg==/com.example.qtquickview_kotlin-RM41Tj9q01JxxlLq7edIHg==/base.dm': No such file or directory
09-24 18:38:29.227 5740 5763 I QtCore : Start
09-24 18:38:29.355 5740 5763 I Qt : qt started
09-24 18:38:29.406 5740 5740 D CompatibilityChangeReporter: Compat change id reported: 237531167; UID 10184; state: DISABLED
09-24 18:38:29.411 5740 5740 W OpenGLRenderer: Unknown dataspace 0
09-24 18:38:29.430 5740 5740 I Choreographer: Skipped 30 frames! The application may be doing too much work on its main thread.
09-24 18:38:29.470 561 1004 D CoreBackPreview: Window{e17ed1a u0 com.example.qtquickview_kotlin/com.example.qtquickview_kotlin.MainActivity}: Setting back callback OnBackInvokedCallbackInfo{mCallback=android.window.IOnBackInvokedCallback$Stub$Proxy@5bfe341, mPriority=0, mIsAnimationCallback=false}
09-24 18:38:29.574 5740 5760 W OpenGLRenderer: Failed to initialize 101010-2 format, error = EGL_SUCCESS
09-24 18:38:29.583 5740 5740 D AutofillManager: notifyViewEnteredForFillDialog:1073741824
09-24 18:38:29.729 0 0 I servicemanager: Could not find android.hardware.graphics.allocator.IAllocator/default in the VINTF manifest.
09-24 18:38:29.647 155 155 I hwservicemanager: getTransport: Cannot find entry android.hardware.graphics.mapper@4.0::IMapper/default in either framework or device VINTF manifest.
09-24 18:38:29.647 5740 5760 I Gralloc4: mapper 4.x is not supported
09-24 18:38:29.722 561 570 I system_server: NativeAlloc concurrent copying GC freed 388215(17MB) AllocSpace objects, 24(520KB) LOS objects, 47% free, 26MB/50MB, paused 249us,190us total 354.786ms
09-24 18:38:29.728 561 571 W JavaBinder: BinderProxy is being destroyed but the application did not call unlinkToDeath to unlink all of its death recipients beforehand. Releasing leaked death recipient: com.android.server.am.ActivityManagerService$14
09-24 18:38:29.729 561 571 I BpBinder: onLastStrongRef automatically unlinking death recipients:
09-24 18:38:29.729 561 571 W JavaBinder: BinderProxy is being destroyed but the application did not call unlinkToDeath to unlink all of its death recipients beforehand. Releasing leaked death recipient: com.android.server.am.ActivityManagerService$14
09-24 18:38:29.729 561 571 I BpBinder: onLastStrongRef automatically unlinking death recipients:
09-24 18:38:29.729 561 571 W JavaBinder: BinderProxy is being destroyed but the application did not call unlinkToDeath to unlink all of its death recipients beforehand. Releasing leaked death recipient: com.android.server.am.ActivityManagerService$14
09-24 18:38:29.729 561 571 I BpBinder: onLastStrongRef automatically unlinking death recipients:
09-24 18:38:29.730 561 571 W JavaBinder: BinderProxy is being destroyed but the application did not call unlinkToDeath to unlink all of its death recipients beforehand. Releasing leaked death recipient: com.android.server.am.ActivityManagerService$14
09-24 18:38:29.730 561 571 I BpBinder: onLastStrongRef automatically unlinking death recipients:
09-24 18:38:29.730 561 571 W JavaBinder: BinderProxy is being destroyed but the application did not call unlinkToDeath to unlink all of its death recipients beforehand. Releasing leaked death recipient: com.android.server.am.ActivityManagerService$14
09-24 18:38:29.730 561 571 I BpBinder: onLastStrongRef automatically unlinking death recipients:
09-24 18:38:29.737 561 571 W JavaBinder: BinderProxy is being destroyed but the application did not call unlinkToDeath to unlink all of its death recipients beforehand. Releasing leaked death recipient: com.android.server.am.ActivityManagerService$14
09-24 18:38:29.738 561 571 I BpBinder: onLastStrongRef automatically unlinking death recipients:
09-24 18:38:29.738 561 571 W JavaBinder: BinderProxy is being destroyed but the application did not call unlinkToDeath to unlink all of its death recipients beforehand. Releasing leaked death recipient: com.android.server.am.ActivityManagerService$14
09-24 18:38:29.739 561 571 I BpBinder: onLastStrongRef automatically unlinking death recipients:
09-24 18:38:29.741 561 571 W JavaBinder: BinderProxy is being destroyed but the application did not call unlinkToDeath to unlink all of its death recipients beforehand. Releasing leaked death recipient: com.android.server.am.ActivityManagerService$14
09-24 18:38:29.741 561 571 I BpBinder: onLastStrongRef automatically unlinking death recipients:
09-24 18:38:29.801 807 897 D EGL_emulation: app_time_stats: avg=7.52ms min=1.27ms max=23.62ms count=59
09-24 18:38:29.867 807 807 D StatusBarIconController: ignoring old pipeline callback because the new wifi icon is enabled
09-24 18:38:30.245 561 581 W ziparchive: Unable to open '/data/app/~~F4yQBZPHkkiDCvIpIfMWXg==/com.example.qtquickview_kotlin-RM41Tj9q01JxxlLq7edIHg==/base.dm': No such file or directory
09-24 18:38:30.246 5740 5763 W libqtquickview_x86_64.so: No interface with className org/qtproject/qt/android/QtAccessibilityInterface has been registered.
09-24 18:38:30.249 5740 5756 I OpenGLRenderer: Davey! duration=1290ms; Flags=1, FrameTimelineVsyncId=153353, IntendedVsync=352125340800, Vsync=352625340780, InputEventId=0, HandleInputStart=352637813183, AnimationStart=352637819900, PerformTraversalsStart=352637929532, DrawStart=352919024539, FrameDeadline=352142007466, FrameInterval=352625587764, FrameStartTime=16666666, SyncQueued=352959996976, SyncStart=352969530723, IssueDrawCommandsStart=352970765397, SwapBuffers=353310193735, FrameCompleted=353425586048, DequeueBufferDuration=3720, QueueBufferDuration=196410, GpuCompleted=353310193735, SwapBuffersCompleted=353425586048, DisplayPresentTime=0, CommandSubmissionCompleted=353310193735,
09-24 18:38:30.290 561 581 I ActivityTaskManager: Displayed com.example.qtquickview_kotlin/.MainActivity for user 0: +2s326ms
09-24 18:38:30.331 5740 5740 I Choreographer: Skipped 52 frames! The application may be doing too much work on its main thread.
09-24 18:38:30.374 5740 5756 I OpenGLRenderer: Davey! duration=889ms; Flags=0, FrameTimelineVsyncId=153686, IntendedVsync=352658674112, Vsync=353525340744, InputEventId=0, HandleInputStart=353527826777, AnimationStart=353527831520, PerformTraversalsStart=353528468258, DrawStart=353529456026, FrameDeadline=353342007418, FrameInterval=353526924692, FrameStartTime=16666666, SyncQueued=353533017359, SyncStart=353533074917, IssueDrawCommandsStart=353533169370, SwapBuffers=353536777391, FrameCompleted=353547764809, DequeueBufferDuration=3267, QueueBufferDuration=175403, GpuCompleted=353536777391, SwapBuffersCompleted=353547764809, DisplayPresentTime=0, CommandSubmissionCompleted=353536777391,
09-24 18:38:30.430 1369 3294 I FontLog : Received query Noto Color Emoji Compat, URI content://com.google.android.gms.fonts [CONTEXT service_id=132 ]
09-24 18:38:30.439 1369 3294 I FontLog : Query [emojicompat-emoji-font] resolved to {Noto Color Emoji Compat, wdth 100.0, wght 400, ital 0.0, bestEffort false} [CONTEXT service_id=132 ]
09-24 18:38:30.459 807 897 D EGL_emulation: app_time_stats: avg=291.84ms min=1.85ms max=1679.76ms count=6
09-24 18:38:30.467 1369 3294 I FontLog : Fetch {Noto Color Emoji Compat, wdth 100.0, wght 400, ital 0.0, bestEffort false} end status Status{statusCode=SUCCESS, resolution=null} [CONTEXT service_id=132 ]
09-24 18:38:30.513 1369 3294 I FontLog : Pulling font file for id = 18, cache size = 7 [CONTEXT service_id=132 ]
09-24 18:38:30.545 1369 3294 I FontLog : Pulling font file for id = 18, cache size = 7 [CONTEXT service_id=132 ]
09-24 18:38:30.705 561 1004 D CoreBackPreview: Window{81c006b u0 Splash Screen com.example.qtquickview_kotlin EXITING}: Setting back callback null
09-24 18:38:30.713 561 2194 W InputManager-JNI: Input channel object '81c006b Splash Screen com.example.qtquickview_kotlin (client)' was disposed without first being removed with the input manager!
09-24 18:38:30.744 1105 1105 I ActivityThread: Schedule relaunch activity: com.google.android.apps.nexuslauncher.NexusLauncherActivity
09-24 18:38:30.826 807 897 D EGL_emulation: app_time_stats: avg=23.43ms min=0.88ms max=217.65ms count=32
09-24 18:38:30.974 1105 2176 D OneSearchSuggestProvider: Shut down the binder channel
09-24 18:38:30.974 1105 1179 I ImeTracker: com.google.android.apps.nexuslauncher:dc6eba75: onRequestHide at ORIGIN_CLIENT_HIDE_SOFT_INPUT reason HIDE_SOFT_INPUT
09-24 18:38:30.983 1105 3473 I IPCThreadState: oneway function results for code 2 on binder at 0x799fb5137b30 will be dropped but finished with status UNKNOWN_TRANSACTION
09-24 18:38:30.988 561 1004 I ImeTracker: com.google.android.apps.nexuslauncher:dc6eba75: onCancelled at PHASE_SERVER_SHOULD_HIDE
09-24 18:38:31.052 355 3297 D android.hardware.audio@7.1-impl.ranchu: threadLoop: entering standby, frames: 3586176
09-24 18:38:31.056 1105 1105 D b/254119092: clearActivity
09-24 18:38:31.056 1105 1105 D b/254119092: mActivity and mContext agree taskbarIsPresent=false
09-24 18:38:31.076 561 1843 E TaskPersister: File error accessing recents directory (directory doesn't exist?).
09-24 18:38:31.132 1105 1105 D AutofillManager: view is not autofillable - activity denied for autofill
09-24 18:38:31.167 561 2168 D SearchUiPerUserService: Removing callback for session Id=com.google.android.apps.nexuslauncher:24ab35ce-cdd0-4f44-80e2-042f8d79c29d,0 and callback=android.os.BinderProxy@bf9a8f4
09-24 18:38:31.172 561 2168 D SearchUiPerUserService: Removing all callbacks for session Id=com.google.android.apps.nexuslauncher:24ab35ce-cdd0-4f44-80e2-042f8d79c29d,0 and 0 callbacks.
09-24 18:38:31.175 561 2168 D CoreBackPreview: Window{dd4be28 u0 com.google.android.apps.nexuslauncher/com.google.android.apps.nexuslauncher.NexusLauncherActivity}: Setting back callback null
09-24 18:38:31.189 1105 1105 W WindowOnBackDispatcher: OnBackInvokedCallback is not enabled for the application.
09-24 18:38:31.189 1105 1105 W WindowOnBackDispatcher: Set 'android:enableOnBackInvokedCallback="true"' in the application manifest.
09-24 18:38:31.296 1105 1179 I AiAiSuggestUi: Connecting to system intelligence module.
09-24 18:38:31.325 561 2168 D CompatibilityChangeReporter: Compat change id reported: 214016041; UID 10184; state: ENABLED
09-24 18:38:31.326 561 2168 I ImeTracker: com.example.qtquickview_kotlin:5f3d6749: onRequestHide at ORIGIN_SERVER_HIDE_INPUT reason HIDE_UNSPECIFIED_WINDOW
09-24 18:38:31.326 561 2168 I ImeTracker: com.example.qtquickview_kotlin:5f3d6749: onCancelled at PHASE_SERVER_SHOULD_HIDE
09-24 18:38:31.346 5740 5740 I Choreographer: Skipped 59 frames! The application may be doing too much work on its main thread.
09-24 18:38:31.358 1575 1575 I GoogleInputMethodService: GoogleInputMethodService.onFinishInput():3227
09-24 18:38:31.362 1105 3473 I AiAiSuggestUi: Successfully connected to system intelligence:
09-24 18:38:31.376 1575 1575 I GoogleInputMethodService: GoogleInputMethodService.updateDeviceLockedStatus():2087 repeatCheckTimes = 0, unlocked = true
09-24 18:38:31.377 1575 1575 I GoogleInputMethodService: GoogleInputMethodService.onStartInput():1877 onStartInput(EditorInfo{inputType=0x0(NULL) imeOptions=0x0 privateImeOptions=null actionName=UNSPECIFIED actionLabel=null actionId=0 initialSelStart=-1 initialSelEnd=-1 initialCapsMode=0x0 hintText=null label=null packageName=com.example.qtquickview_kotlin fieldId=0 fieldName=null extras=null}, false)
09-24 18:38:31.377 1575 1575 I GoogleInputMethodService: GoogleInputMethodService.shouldHideHeaderOnInitialState():4008 ShouldHideHeaderOnInitialState = false
09-24 18:38:31.378 1575 1575 I GoogleInputMethodService: GoogleInputMethodService.updateDeviceLockedStatus():2087 repeatCheckTimes = 2, unlocked = true
09-24 18:38:31.414 1105 1105 D AutofillManager: Fill dialog is enabled:false, hints=[password, passwordAuto, creditCardNumber, creditCardSecurityCode, creditCardExpirationDate]
09-24 18:38:31.427 5740 5760 D EGL_emulation: app_time_stats: avg=594.39ms min=122.19ms max=1066.59ms count=2
09-24 18:38:31.433 5740 5756 I OpenGLRenderer: Davey! duration=1081ms; Flags=0, FrameTimelineVsyncId=154148, IntendedVsync=353542007410, Vsync=354525340704, InputEventId=0, HandleInputStart=354545572010, AnimationStart=354545581452, PerformTraversalsStart=354546220879, DrawStart=354554070170, FrameDeadline=353558674076, FrameInterval=354539933410, FrameStartTime=16666666, SyncQueued=354583088096, SyncStart=354583137518, IssueDrawCommandsStart=354583205062, SwapBuffers=354586679510, FrameCompleted=354623457158, DequeueBufferDuration=9513, QueueBufferDuration=6970824, GpuCompleted=354586679510, SwapBuffersCompleted=354623457158, DisplayPresentTime=0, CommandSubmissionCompleted=354586679510,
09-24 18:38:31.439 5740 5740 V myTag : Status of QtQuickView: READY
09-24 18:38:31.453 1105 1105 D DeviceSearchAlg: search timeout = %d200
09-24 18:38:31.456 1105 1105 W PageIndicator: Total number of pages invalid: 0. Assuming 1 page.
09-24 18:38:31.456 1105 1105 W BcSmartspaceView: Current card is not present in the Adapter; cannot log.
09-24 18:38:31.492 1575 1583 I putmethod.latin: JIT allocated 105KB for compiled code of boolean drz.a(ikb, java.lang.Object[])
09-24 18:38:31.492 1575 1583 I putmethod.latin: Compiler allocated 5215KB to compile boolean drz.a(ikb, java.lang.Object[])
09-24 18:38:31.495 1105 1105 I OverviewComponentObserver: updateOverviewTargets: mIsHomeDisabled=false, isDefaultHomeNull=false, mIsDefaultHome=true
09-24 18:38:31.638 561 1004 D SearchUiPerUserService: Creating SearchSessionInfo for session Id=com.google.android.apps.nexuslauncher:3c343866-4bb8-4803-b220-fd2f8a2f054e,0
09-24 18:38:31.640 561 1004 D SearchUiPerUserService: Storing callback for session Id=com.google.android.apps.nexuslauncher:3c343866-4bb8-4803-b220-fd2f8a2f054e,0 and callback=android.os.BinderProxy@32d0934
09-24 18:38:31.641 1658 1658 I AiAiEcho: SearchContextManagerImpl::setSearchContext resultTypes=[141151] extras=[Bundle[mParcelledData.dataSize=616]] sessionId=[com.google.android.apps.nexuslauncher:3c343866-4bb8-4803-b220-fd2f8a2f054e,0]
09-24 18:38:31.642 1105 1179 D SearchTargetUtil: query= size=1
09-24 18:38:31.643 1105 1179 D SearchTargetUtil: layoutType=icon_row resultType=4096 packageName= extras=Bundle{icon_container_enabled=true,zero_state_all_apps_web_suggest_count=3,rank=1.0,key_ipc_start=354838,hide_subtitle=true,zero_state_qsb_web_suggest_count=10,}ParentID: null targetID: SESSION_INFO:0::zero_state_flags
09-24 18:38:31.687 1105 1105 D AutofillManager: view is not autofillable - activity denied for autofill
09-24 18:38:31.741 1105 1105 I ContentCaptureHelper: Setting logging level to DEBUG
09-24 18:38:31.741 1105 1105 D ContentCaptureManager: setFlushViewTreeAppearingEventDisabled(): setting to false
09-24 18:38:31.741 1105 1105 D ContentCaptureManager: updateWindowAttributes(): window flags=-2137980672
09-24 18:38:31.746 1105 1105 D ContentCaptureManager: updateWindowAttributes(): window flags=-2137980672
09-24 18:38:31.756 1105 1179 I ImeTracker: com.google.android.apps.nexuslauncher:99ab220d: onRequestHide at ORIGIN_CLIENT_HIDE_SOFT_INPUT reason HIDE_SOFT_INPUT
09-24 18:38:31.759 1105 1105 I Choreographer: Skipped 44 frames! The application may be doing too much work on its main thread.
09-24 18:38:31.762 561 1004 W InputMethodManagerService: Ignoring hideSoftInput of uid 10151 : com.android.internal.inputmethod.IInputMethodClient$Stub$Proxy@f5730f6
09-24 18:38:31.762 561 1004 I ImeTracker: com.google.android.apps.nexuslauncher:99ab220d: onCancelled at PHASE_SERVER_CLIENT_FOCUSED
09-24 18:38:31.768 1105 1179 I ImeTracker: com.google.android.apps.nexuslauncher:5e84ce9d: onRequestHide at ORIGIN_CLIENT_HIDE_SOFT_INPUT reason HIDE_SOFT_INPUT
09-24 18:38:31.774 561 2194 W InputMethodManagerService: Ignoring hideSoftInput of uid 10151 : com.android.internal.inputmethod.IInputMethodClient$Stub$Proxy@9bf2764
09-24 18:38:31.774 561 2194 I ImeTracker: com.google.android.apps.nexuslauncher:5e84ce9d: onCancelled at PHASE_SERVER_CLIENT_FOCUSED
09-24 18:38:31.824 1105 1105 W BcSmartspaceCard: No title view to update
09-24 18:38:31.824 1105 1105 I BcSmartspaceCard: setFormattedContentDescription: text=null, iconDescription=null, contentDescription=null
09-24 18:38:31.844 807 897 D EGL_emulation: app_time_stats: avg=11.57ms min=0.96ms max=36.93ms count=54
09-24 18:38:31.860 1105 1105 D TISBindHelper: TIS service connected
09-24 18:38:31.860 1105 1105 D b/254119092: Set mActivity=com.google.android.apps.nexuslauncher.NexusLauncherActivity@f0eb8d
09-24 18:38:31.860 1105 1105 D b/254119092: mActivity and mContext agree taskbarIsPresent=false
09-24 18:38:31.862 1105 1105 D MainContentCaptureSession: handleScheduleFlush(act:com.google.android.apps.nexuslauncher/.NexusLauncherActivity [state=1 (WAITING_FOR_SERVER), disabled=false], reason=FORCE_FLUSH): not a timeout reason because mDirectServiceInterface is not ready yet
09-24 18:38:31.867 561 1004 I ActivityTaskManager: Activity reported stop, but no longer stopping: ActivityRecord{dfe9266 u0 com.google.android.apps.nexuslauncher/.NexusLauncherActivity t11} STOPPED
09-24 18:38:31.880 413 413 W SurfaceFlinger: couldn't log to binary event log: overflow.
09-24 18:38:31.890 561 2194 D CompatibilityChangeReporter: Compat change id reported: 168419799; UID 10123; state: DISABLED
09-24 18:38:31.891 561 2194 D CompatibilityChangeReporter: Compat change id reported: 273564678; UID 10123; state: DISABLED
09-24 18:38:31.893 1658 2008 I AiAiStatsd: Successfully logged feature usage for VISUAL_CORTEX.
09-24 18:38:31.961 807 824 I ndroid.systemui: Background young concurrent copying GC freed 315934(14MB) AllocSpace objects, 0(0B) LOS objects, 43% free, 17MB/31MB, paused 63us,24us total 144.728ms
09-24 18:38:31.974 561 2194 D CoreBackPreview: Window{66e2336 u0 com.google.android.apps.nexuslauncher/com.google.android.apps.nexuslauncher.NexusLauncherActivity}: Setting back callback null
09-24 18:38:31.978 561 2194 W InputManager-JNI: Input channel object '66e2336 com.google.android.apps.nexuslauncher/com.google.android.apps.nexuslauncher.NexusLauncherActivity (client)' was disposed without first being removed with the input manager!
09-24 18:38:32.061 1932 1932 I A : Constructor was called
09-24 18:38:32.062 1932 1944 I earchbox:search: JIT allocated 61KB for compiled code of java.lang.Object com.google.android.apps.gsa.binaries.velvet.app.ala.e()
09-24 18:38:32.064 1932 1932 I A : No savedInstanceState.
09-24 18:38:32.064 1932 1932 I A : makeRequest: subscribing to new source
09-24 18:38:32.068 1932 1932 I A : OnCreate Was Called
09-24 18:38:32.068 1932 1932 I A : getMinusOnePromotion
09-24 18:38:32.088 1932 1932 I A : #startAppFlow
09-24 18:38:32.104 1932 1932 I A : #endAppFlow
09-24 18:38:32.105 1932 1932 I A : getAccountMenuPromotion
09-24 18:38:32.105 1932 1944 I earchbox:search: JIT allocated 62KB for compiled code of java.lang.Object com.google.android.apps.gsa.binaries.velvet.app.ala.d()
09-24 18:38:32.109 1932 2429 I A : #enqueuePeriodicJob: running = false
09-24 18:38:32.132 1932 2450 I A : loading data on surface MinusOne.
09-24 18:38:32.156 561 1004 D CoreBackPreview: Window{f65fefc u0 Acetone}: Setting back callback OnBackInvokedCallbackInfo{mCallback=android.window.IOnBackInvokedCallback$Stub$Proxy@b8311e7, mPriority=0, mIsAnimationCallback=false}
09-24 18:38:32.181 1932 1932 I A : onApplyWindowInsets: systemWindowInsets=Insets{left=0, top=132, right=0, bottom=63}
09-24 18:38:32.181 1932 1932 I A : onApplyWindowInsets: systemWindowInsets=Insets{left=0, top=132, right=0, bottom=63}
09-24 18:38:32.181 561 1004 D CoreBackPreview: Window{7920ee8 u0 Acetone}: Setting back callback OnBackInvokedCallbackInfo{mCallback=android.window.IOnBackInvokedCallback$Stub$Proxy@5ed3194, mPriority=0, mIsAnimationCallback=false}
09-24 18:38:32.187 561 2194 W InputManager-JNI: Input channel object 'f65fefc Acetone (client)' was disposed without first being removed with the input manager!
09-24 18:38:32.206 1932 2424 W A : Didn't find the session (MAIN_FEED, true)
09-24 18:38:32.207 561 1004 W WindowManager: Failed looking up window session=Session{c055574 1932:u0a10123} callers=com.android.server.wm.WindowManagerService.windowForClientLocked:6045 com.android.server.wm.Session.setOnBackInvokedCallbackInfo:944 android.view.IWindowSession$Stub.onTransact:1145
09-24 18:38:32.207 561 1004 I WindowManager: setOnBackInvokedCallback(): No window state for package:com.google.android.googlequicksearchbox
09-24 18:38:32.215 1932 2423 W A : Didn't find the session (MAIN_FEED, true)
09-24 18:38:32.230 1932 2429 I A : Created StreamSubTree successfully, items 5
09-24 18:38:32.231 1932 2429 I A : RenderableStreamDataSource#loadData - sessionStatus(SUCCESS)
09-24 18:38:32.233 1932 2429 I A : RenderableStreamDataSource#loadData - cacheHit
09-24 18:38:32.233 1932 2429 I A : RenderableStreamDataSource#loadData - succeed, cache status: Cache hit
09-24 18:38:32.861 807 824 I ndroid.systemui: Background concurrent copying GC freed 383178(17MB) AllocSpace objects, 0(0B) LOS objects, 49% free, 15MB/31MB, paused 48us,27us total 132.059ms
09-24 18:38:33.111 1105 1105 D TaplEvents: TIS / TouchInteractionService.onInputEvent: MotionEvent { action=ACTION_DOWN, actionButton=0, id[0]=0, x[0]=231.96582, y[0]=1552.8809, toolType[0]=TOOL_TYPE_FINGER, buttonState=0, classification=NONE, metaState=0, flags=0x0, edgeFlags=0x0, pointerCount=1, historySize=0, eventTime=356284, downTime=356284, deviceId=4, source=0xd002, displayId=0, eventId=22034956 }
09-24 18:38:33.176 1105 1105 D TaplEvents: TIS / TouchInteractionService.onInputEvent: MotionEvent { action=ACTION_UP, actionButton=0, id[0]=0, x[0]=231.96582, y[0]=1552.8809, toolType[0]=TOOL_TYPE_FINGER, buttonState=0, classification=NONE, metaState=0, flags=0x0, edgeFlags=0x0, pointerCount=1, historySize=0, eventTime=356371, downTime=356284, deviceId=4, source=0xd002, displayId=0, eventId=578223086 }
09-24 18:38:33.256 5740 5760 D EGL_emulation: app_time_stats: avg=365.64ms min=10.85ms max=940.77ms count=5
09-24 18:38:33.358 5740 5779 D EGL_emulation: app_time_stats: avg=405.72ms min=6.97ms max=1189.98ms count=3
09-24 18:38:33.378 396 2949 D audioserver: FGS Logger Transaction failed
09-24 18:38:33.378 396 2949 D audioserver: -129
09-24 18:38:33.428 396 524 D AudioFlinger: mixer(0x72df5f8d6930) throttle end: throttle time(41)
09-24 18:38:33.538 396 524 D audioserver: FGS Logger Transaction failed
09-24 18:38:33.539 396 524 D audioserver: -129
09-24 18:38:34.479 1105 1105 D TaplEvents: TIS / TouchInteractionService.onInputEvent: MotionEvent { action=ACTION_DOWN, actionButton=0, id[0]=0, x[0]=527.9697, y[0]=2387.915, toolType[0]=TOOL_TYPE_FINGER, buttonState=0, classification=NONE, metaState=0, flags=0x0, edgeFlags=0x0, pointerCount=1, historySize=0, eventTime=357673, downTime=357673, deviceId=4, source=0xd002, displayId=0, eventId=823509146 }
09-24 18:38:34.532 1105 1105 D b/246283207: LauncherRecentsView#onLayout() -> if(mScroller.isFinished() && pageScrollChanged) -> getNextPage(): 0, getScrollForPage(getNextPage()): 0
09-24 18:38:34.536 1105 1105 D TaplEvents: Pilfer / pilferPointers
09-24 18:38:34.538 561 2168 I InputDispatcher: Channel [Gesture Monitor] swipe-up (server) is stealing touch from [e17ed1a com.example.qtquickview_kotlin/com.example.qtquickview_kotlin.MainActivity (server), [Gesture Monitor] edge-swipe (server)]
09-24 18:38:34.545 807 840 V ShellRecents: RecentsTransitionHandler.startRecentsTransition
09-24 18:38:34.547 807 840 V WindowManagerShell: Directly starting a new transition type=3 wct=WindowContainerTransaction { changes = {} hops = [{PendingIntent: options=Bundle[mParcelledData.dataSize=332]}] errorCallbackToken=null taskFragmentOrganizer=null } handler=com.android.wm.shell.recents.RecentsTransitionHandler@48ea264
09-24 18:38:34.570 807 840 V ShellRecents: [16871867] RecentsController.setTransition: id=android.os.BinderProxy@b870e4e
09-24 18:38:34.580 413 413 I BpBinder: onLastStrongRef automatically unlinking death recipients:
09-24 18:38:34.604 561 581 D AutofillManagerService: Close system dialogs
09-24 18:38:34.622 807 807 I vol.VolumeDialogImpl: mDialog.dismiss() reason: volume_controller from: com.android.systemui.volume.VolumeDialogImpl$7.onDismissRequested:3
09-24 18:38:34.626 1105 1179 I ImeTracker: com.google.android.apps.nexuslauncher:33a555fb: onRequestHide at ORIGIN_CLIENT_HIDE_SOFT_INPUT reason HIDE_SOFT_INPUT
09-24 18:38:34.627 1105 1179 I ImeTracker: com.google.android.apps.nexuslauncher:33a555fb: onFailed at PHASE_CLIENT_VIEW_SERVED
09-24 18:38:34.694 1932 1932 I ContentCaptureHelper: Setting logging level to DEBUG
09-24 18:38:34.694 1932 1932 D ContentCaptureManager: setFlushViewTreeAppearingEventDisabled(): setting to false
09-24 18:38:34.706 807 840 V WindowManagerShell: onTransitionReady android.os.BinderProxy@b870e4e: {id=41 t=TO_FRONT f=0x80 trk=0 r=[0@Point(0, 0)] c=[{WCT{android.window.IWindowContainerToken$Stub$Proxy@c02fc6c} m=SHOW f=SHOW_WALLPAPER leash=Surface(name=Task=1)/@0xdb69235 sb=Rect(0, 0 - 1080, 2400) eb=Rect(0, 0 - 1080, 2400) d=0},{WCT{android.window.IWindowContainerToken$Stub$Proxy@14696ca} m=HIDE f=NONE leash=Surface(name=Task=22)/@0x73bf03b sb=Rect(0, 0 - 1080, 2400) eb=Rect(0, 0 - 1080, 2400) d=0},{null m=SHOW f=IS_WALLPAPER leash=Surface(name=WallpaperWindowToken{c35888f token=android.os.Binder@348cbee})/@0x597358 sb=Rect(0, 0 - 1080, 2400) eb=Rect(0, 0 - 1080, 2400) d=0}]}
09-24 18:38:34.707 807 840 V WindowManagerShell: Playing animation for (#41)android.os.BinderProxy@b870e4e@0
09-24 18:38:34.711 807 840 V WindowManagerShell: try firstHandler com.android.wm.shell.recents.RecentsTransitionHandler@48ea264
09-24 18:38:34.712 413 429 I BpBinder: onLastStrongRef automatically unlinking death recipients:
09-24 18:38:34.719 807 840 V ShellRecents: [16871867] RecentsController.start
09-24 18:38:34.720 561 581 V WindowManager: Sent Transition #41 createdAt=09-24 18:38:34.549
09-24 18:38:34.720 561 581 V WindowManager: startWCT=WindowContainerTransaction { changes = {} hops = [{PendingIntent: options=Bundle[{android.activity.splashScreenStyle=-1, android.activity.sourceInfo=android.app.ActivityOptions$SourceInfo@f736471, android.activity.transientLaunch=true}]}] errorCallbackToken=null taskFragmentOrganizer=null }
09-24 18:38:34.720 561 581 V WindowManager: info={id=41 t=TO_FRONT f=0x80 trk=0 r=[0@Point(0, 0)] c=[{WCT{RemoteToken{5486296 Task{6e71f63 #1 type=home}}} m=SHOW f=SHOW_WALLPAPER leash=Surface(name=Task=1)/@0xbadec5f sb=Rect(0, 0 - 1080, 2400) eb=Rect(0, 0 - 1080, 2400) d=0},{WCT{RemoteToken{b1fa99 Task{816ce4f #22 type=standard A=10184:com.example.qtquickview_kotlin}}} m=HIDE f=NONE leash=Surface(name=Task=22)/@0xf83847 sb=Rect(0, 0 - 1080, 2400) eb=Rect(0, 0 - 1080, 2400) d=0},{null m=SHOW f=IS_WALLPAPER leash=Surface(name=WallpaperWindowToken{c35888f token=android.os.Binder@348cbee})/@0x94640b9 sb=Rect(0, 0 - 1080, 2400) eb=Rect(0, 0 - 1080, 2400) d=0}]}
09-24 18:38:34.721 807 840 V ShellRecents: adding pausing taskId=22
09-24 18:38:34.721 807 840 V ShellRecents: [16871867] RecentsController.start: calling onAnimationStart
09-24 18:38:34.721 807 840 V WindowManagerShell: animated by firstHandler
09-24 18:38:34.762 807 840 V ShellRecents: [16871867] RecentsController.setInputConsumerEnabled: set focus to recents
09-24 18:38:34.786 561 694 E HandwritingModeController: Cannot get requestId: Handwriting was not initialized.
09-24 18:38:34.797 561 584 D OomAdjuster: Not killing cached processes
09-24 18:38:34.809 5740 5786 D ProfileInstaller: Installing profile for com.example.qtquickview_kotlin
09-24 18:38:34.866 5740 5760 D EGL_emulation: app_time_stats: avg=35.92ms min=6.35ms max=800.75ms count=41
09-24 18:38:35.131 1105 1105 D MotionPauseDetector: onMotionPauseChanged, paused=true reason=Didn't have back to back slow speeds, checking for rapid deceleration on first pause only
09-24 18:38:35.410 1105 1105 D TaplEvents: TIS / TouchInteractionService.onInputEvent: MotionEvent { action=ACTION_UP, actionButton=0, id[0]=0, x[0]=439.96973, y[0]=49.95117, toolType[0]=TOOL_TYPE_FINGER, buttonState=0, classification=NONE, metaState=0, flags=0x0, edgeFlags=0x0, pointerCount=1, historySize=0, eventTime=358582, downTime=357673, deviceId=4, source=0xd002, displayId=0, eventId=117637576 }
09-24 18:38:35.702 1105 1933 D EGL_emulation: app_time_stats: avg=16.24ms min=9.50ms max=74.84ms count=33
09-24 18:38:35.799 807 1622 V ShellRecents: [16871867] RecentsController.screenshotTask: taskId=22
09-24 18:38:35.809 807 897 D EGL_emulation: app_time_stats: avg=1334.28ms min=1.55ms max=5122.97ms count=4
09-24 18:38:35.852 1105 1179 I ImeTracker: com.google.android.apps.nexuslauncher:7ca21bf6: onRequestHide at ORIGIN_CLIENT_HIDE_SOFT_INPUT reason HIDE_SOFT_INPUT
09-24 18:38:35.854 1105 1179 I ImeTracker: com.google.android.apps.nexuslauncher:7ca21bf6: onFailed at PHASE_CLIENT_VIEW_SERVED
09-24 18:38:35.861 1658 1853 I AiAiEcho: Predicting[0]:
09-24 18:38:35.862 1658 1853 I AiAiEcho: EchoTargets:
09-24 18:38:35.862 1658 1853 I AiAiEcho: Filtered by AiAi flag check:
09-24 18:38:35.863 1658 1853 I AiAiEcho: Ranked targets strategy: SORT, count: 0, ranking metadata:
09-24 18:38:35.868 1105 1179 I AiAiSuggestUi: Connecting to system intelligence module.
09-24 18:38:35.876 1105 1105 I AiAiSuggestUi: Clearing suggestions.
09-24 18:38:35.876 1105 1105 I AiAiSuggestUi: Requesting to show indicators
09-24 18:38:35.876 1105 1105 I AiAiSuggestUi: Fetching contents, isPrimaryTask = true
09-24 18:38:35.898 1105 1479 I AiAiSuggestUi: Successfully connected to system intelligence:
09-24 18:38:35.905 1932 1932 I A : #accountsLoadedAppFlow
09-24 18:38:35.906 561 1794 W AppSearchIcing: icing-search-engine.cc:283: Error: 5, Message: Document (com.google.android.googlequicksearchbox$OneSearchZeroStateGoogleSuggestions/default, zp) not found.
09-24 18:38:35.911 1658 1658 W AiAiOverview: ProcessContentImage contextImage is null
09-24 18:38:35.913 1932 1932 W A : Can't get WAA status for Mavatar!
09-24 18:38:35.913 1932 1932 W A : java.lang.NullPointerException: Attempt to invoke virtual method 'java.lang.Class java.lang.Object.getClass()' on a null object reference
09-24 18:38:35.913 1932 1932 W A : at com.google.apps.tiktok.dataservice.z.b(PG:1)
09-24 18:38:35.913 1932 1932 W A : at com.google.apps.tiktok.dataservice.at.a(PG:1)
09-24 18:38:35.913 1932 1932 W A : at com.google.apps.tiktok.tracing.ec.a(PG:2)
09-24 18:38:35.913 1932 1932 W A : at com.google.common.util.concurrent.aj.a(PG:2)
09-24 18:38:35.913 1932 1932 W A : at com.google.common.util.concurrent.ac.apply(PG:1)
09-24 18:38:35.913 1932 1932 W A : at com.google.common.util.concurrent.h.e(PG:2)
09-24 18:38:35.913 1932 1932 W A : at com.google.common.util.concurrent.j.run(PG:9)
09-24 18:38:35.913 1932 1932 W A : at com.google.common.util.concurrent.bf.execute(PG:1)
09-24 18:38:35.913 1932 1932 W A : at com.google.common.util.concurrent.d.i(PG:1)
09-24 18:38:35.913 1932 1932 W A : at com.google.common.util.concurrent.d.l(PG:12)
09-24 18:38:35.913 1932 1932 W A : at com.google.common.util.concurrent.d.n(PG:2)
09-24 18:38:35.913 1932 1932 W A : at com.google.common.util.concurrent.i.f(PG:1)
09-24 18:38:35.913 1932 1932 W A : at com.google.common.util.concurrent.j.run(PG:12)
09-24 18:38:35.913 1932 1932 W A : at com.google.android.libraries.i.ae.run(PG:1)
09-24 18:38:35.913 1932 1932 W A : at java.util.concurrent.ThreadPoolExecutor.runWorker(ThreadPoolExecutor.java:1145)
09-24 18:38:35.913 1932 1932 W A : at java.util.concurrent.ThreadPoolExecutor$Worker.run(ThreadPoolExecutor.java:644)
09-24 18:38:35.913 1932 1932 W A : at com.google.android.libraries.i.k.run(PG:2)
09-24 18:38:35.913 1932 1932 W A : at com.google.android.libraries.i.p.run(PG:4)
09-24 18:38:35.913 1932 1932 W A : at java.lang.Thread.run(Thread.java:1012)
09-24 18:38:35.916 1658 1853 I AiAiEcho: #postPredictionTargets: Sending updates to UISurface home with targets# 0 (types=[])
09-24 18:38:35.916 807 878 V ShellRecents: [16871867] RecentsController.detachNavigationBarFromApp
09-24 18:38:35.921 1932 1932 W A : Can't get WAA status for Mavatar!
09-24 18:38:35.921 1932 1932 W A : java.lang.NullPointerException: Attempt to invoke virtual method 'java.lang.Class java.lang.Object.getClass()' on a null object reference
09-24 18:38:35.921 1932 1932 W A : at com.google.apps.tiktok.dataservice.z.b(PG:1)
09-24 18:38:35.921 1932 1932 W A : at com.google.apps.tiktok.dataservice.at.a(PG:1)
09-24 18:38:35.921 1932 1932 W A : at com.google.apps.tiktok.tracing.ec.a(PG:2)
09-24 18:38:35.921 1932 1932 W A : at com.google.common.util.concurrent.aj.a(PG:2)
09-24 18:38:35.921 1932 1932 W A : at com.google.common.util.concurrent.ac.apply(PG:1)
09-24 18:38:35.921 1932 1932 W A : at com.google.common.util.concurrent.h.e(PG:2)
09-24 18:38:35.921 1932 1932 W A : at com.google.common.util.concurrent.j.run(PG:9)
09-24 18:38:35.921 1932 1932 W A : at com.google.common.util.concurrent.bf.execute(PG:1)
09-24 18:38:35.921 1932 1932 W A : at com.google.common.util.concurrent.d.i(PG:1)
09-24 18:38:35.921 1932 1932 W A : at com.google.common.util.concurrent.d.iq(PG:5)
09-24 18:38:35.921 1932 1932 W A : at com.google.common.util.concurrent.j.h(PG:2)
09-24 18:38:35.921 1932 1932 W A : at com.google.common.util.concurrent.ax.d(PG:1)
09-24 18:38:35.921 1932 1932 W A : at com.google.apps.tiktok.dataservice.au.a(PG:5)
09-24 18:38:35.921 1932 1932 W A : at com.google.apps.tiktok.dataservice.dr.c(PG:5)
09-24 18:38:35.921 1932 1932 W A : at com.google.apps.tiktok.dataservice.dp.run(PG:6)
09-24 18:38:35.921 1932 1932 W A : at com.google.apps.tiktok.concurrent.ak.run(PG:6)
09-24 18:38:35.921 1932 1932 W A : at com.google.apps.tiktok.concurrent.al.execute(PG:10)
09-24 18:38:35.921 1932 1932 W A : at com.google.apps.tiktok.concurrent.al.b(PG:3)
09-24 18:38:35.921 1932 1932 W A : at com.google.apps.tiktok.dataservice.SubscriptionFuturesMixinImpl$1.hq(PG:3)
09-24 18:38:35.921 1932 1932 W A : at com.google.apps.tiktok.tracing.contrib.androidx.TracedDefaultLifecycleObserver.hq(PG:2)
09-24 18:38:35.921 1932 1932 W A : at androidx.lifecycle.FullLifecycleObserverAdapter.eV(PG:7)
09-24 18:38:35.921 1932 1932 W A : at androidx.lifecycle.v.a(PG:3)
09-24 18:38:35.921 1932 1932 W A : at androidx.lifecycle.w.l(PG:27)
09-24 18:38:35.921 1932 1932 W A : at androidx.lifecycle.w.j(PG:1)
09-24 18:38:35.921 1932 1932 W A : at androidx.lifecycle.w.e(PG:2)
09-24 18:38:35.921 1932 1932 W A : at com.google.apps.tiktok.inject.baseclasses.TracedFragmentLifecycle.hq(PG:2)
09-24 18:38:35.921 1932 1932 W A : at androidx.lifecycle.FullLifecycleObserverAdapter.eV(PG:7)
09-24 18:38:35.921 1932 1932 W A : at androidx.lifecycle.v.a(PG:3)
09-24 18:38:35.921 1932 1932 W A : at androidx.lifecycle.w.l(PG:27)
09-24 18:38:35.921 1932 1932 W A : at androidx.lifecycle.w.j(PG:1)
09-24 18:38:35.921 1932 1932 W A : at androidx.lifecycle.w.e(PG:2)
09-24 18:38:35.921 1932 1932 W A : at android.support.v4.app.Fragment.performStart(PG:5)
09-24 18:38:35.921 1932 1932 W A : at android.support.v4.app.by.e(PG:160)
09-24 18:38:35.921 1932 1932 W A : at android.support.v4.app.FragmentManager.F(PG:4)
09-24 18:38:35.921 1932 1932 W A : at android.support.v4.app.FragmentManager.z(PG:2)
09-24 18:38:35.921 1932 1932 W A : at android.support.v4.app.FragmentManager.y(PG:1)
09-24 18:38:35.921 1932 1932 W A : at android.support.v4.app.Fragment.performStart(PG:7)
09-24 18:38:35.921 1932 1932 W A : at android.support.v4.app.by.e(PG:160)
09-24 18:38:35.921 1932 1932 W A : at android.support.v4.app.FragmentManager.F(PG:4)
09-24 18:38:35.921 1932 1932 W A : at android.support.v4.app.FragmentManager.z(PG:2)
09-24 18:38:35.921 1932 1932 W A : at android.support.v4.app.FragmentManager.y(PG:1)
09-24 18:38:35.921 1932 1932 W A : at android.support.v4.app.Fragment.performStart(PG:7)
09-24 18:38:35.921 1932 1932 W A : at android.support.v4.app.by.e(PG:160)
09-24 18:38:35.921 1932 1932 W A : at android.support.v4.app.FragmentManager.F(PG:4)
09-24 18:38:35.921 1932 1932 W A : at android.support.v4.app.FragmentManager.z(PG:2)
09-24 18:38:35.921 1932 1932 W A : at android.support.v4.app.FragmentManager.y(PG:1)
09-24 18:38:35.921 1932 1932 W A : at android.support.v4.app.Fragment.performStart(PG:7)
09-24 18:38:35.921 1932 1932 W A : at android.support.v4.app.by.e(PG:160)
09-24 18:38:35.921 1932 1932 W A : at android.support.v4.app.FragmentManager.F(PG:4)
09-24 18:38:35.921 1932 1932 W A : at android.support.v4.app.FragmentManager.z(PG:2)
09-24 18:38:35.921 1932 1932 W A : at android.support.v4.app.FragmentManager.y(PG:1)
09-24 18:38:35.921 1932 1932 W A : at android.support.v4.app.Fragment.performStart(PG:7)
09-24 18:38:35.921 1932 1932 W A : at android.support.v4.app.by.e(PG:160)
09-24 18:38:35.921 1932 1932 W A : at android.support.v4.app.FragmentManager.F(PG:4)
09-24 18:38:35.921 1932 1932 W A : at android.support.v4.app.FragmentManager.z(PG:2)
09-24 18:38:35.921 1932 1932 W A : at android.support.v4.app.FragmentManager.y(PG:1)
09-24 18:38:35.921 1932 1932 W A : at android.support.v4.app.ar.l(PG:1)
09-24 18:38:35.921 1932 1932 W A : at com.google.apps.tiktok.inject.c.a.c.u(PG:4)
09-24 18:38:35.921 1932 1932 W A : at com.google.android.apps.search.googleapp.launcher.a.ad.v(PG:6)
09-24 18:38:35.921 1932 1932 W A : at com.google.android.apps.search.googleapp.launcher.a.x.run(PG:9)
09-24 18:38:35.921 1932 1932 W A : at com.google.apps.tiktok.tracing.ei.run(PG:2)
09-24 18:38:35.921 1932 1932 W A : at android.os.Handler.handleCallback(Handler.java:958)
09-24 18:38:35.921 1932 1932 W A : at android.os.Handler.dispatchMessage(Handler.java:99)
09-24 18:38:35.921 1932 1932 W A : at android.os.Looper.loopOnce(Looper.java:205)
09-24 18:38:35.921 1932 1932 W A : at android.os.Looper.loop(Looper.java:294)
09-24 18:38:35.921 1932 1932 W A : at android.app.ActivityThread.main(ActivityThread.java:8176)
09-24 18:38:35.921 1932 1932 W A : at java.lang.reflect.Method.invoke(Native Method)
09-24 18:38:35.921 1932 1932 W A : at com.android.internal.os.RuntimeInit$MethodAndArgsCaller.run(RuntimeInit.java:552)
09-24 18:38:35.921 1932 1932 W A : at com.android.internal.os.ZygoteInit.main(ZygoteInit.java:971)
09-24 18:38:35.924 1932 1932 I A : StreamFragmentPeer#onNewData called, renderable slices 7
09-24 18:38:35.942 1105 2176 D OneSearchSuggestProvider: Created the binder channel successfully for end point service =com.google.android.apps.search.googleapp.search.suggest.plugins.onesearch.server.OneSearchSuggestService , mChannel=z1{delegate=s1{logId=53, target=directaddress:///AndroidComponentAddress%5BIntent%20%7B%20act=grpc.io.action.BIND%20cmp=com.google.android.googlequicksearchbox/com.google.android.apps.search.googleapp.search.suggest.plugins.onesearch.server.OneSearchSuggestService%20%7D%5D}} , mOneSearchConnection=X1.T@950f247
09-24 18:38:36.080 1658 2689 I AiAiScreenProcessor: Timed out waiting for Bitmap to be updated.
09-24 18:38:36.080 1658 2689 E AiAiScreenProcessor: Can't run parseContents because there are InputSources that are missing.
