09-24 18:38:58.976 1105 1105 D TaplEvents: Main / Touch event: MotionEvent { action=ACTION_DOWN, actionButton=0, id[0]=0, x[0]=944.9668, y[0]=1915.8691, toolType[0]=TOOL_TYPE_FINGER, buttonState=0, classification=NONE, metaState=0, flags=0x0, edgeFlags=0x0, pointerCount=1, historySize=0, eventTime=382153, downTime=382153, deviceId=4, source=0xd002, displayId=0, eventId=619640109 }
09-24 18:38:58.987 1105 1105 D TaplEvents: TIS / TouchInteractionService.onInputEvent: MotionEvent { action=ACTION_DOWN, actionButton=0, id[0]=0, x[0]=944.9668, y[0]=1915.8691, toolType[0]=TOOL_TYPE_FINGER, buttonState=0, classification=NONE, metaState=0, flags=0x0, edgeFlags=0x0, pointerCount=1, historySize=0, eventTime=382153, downTime=382153, deviceId=4, source=0xd002, displayId=0, eventId=619640109 }
09-24 18:38:59.022 1105 1933 D EGL_emulation: app_time_stats: avg=66.44ms min=10.03ms max=984.08ms count=25
09-24 18:38:59.061 1105 1105 D TaplEvents: Main / Touch event: MotionEvent { action=ACTION_UP, actionButton=0, id[0]=0, x[0]=944.9668, y[0]=1915.8691, toolType[0]=TOOL_TYPE_FINGER, buttonState=0, classification=NONE, metaState=0, flags=0x0, edgeFlags=0x0, pointerCount=1, historySize=0, eventTime=382256, downTime=382153, deviceId=4, source=0xd002, displayId=0, eventId=318283249 }
09-24 18:38:59.062 1105 1105 D TaplEvents: TIS / TouchInteractionService.onInputEvent: MotionEvent { action=ACTION_UP, actionButton=0, id[0]=0, x[0]=944.9668, y[0]=1915.8691, toolType[0]=TOOL_TYPE_FINGER, buttonState=0, classification=NONE, metaState=0, flags=0x0, edgeFlags=0x0, pointerCount=1, historySize=0, eventTime=382256, downTime=382153, deviceId=4, source=0xd002, displayId=0, eventId=318283249 }
09-24 18:38:59.062 1105 1105 D TaplEvents: Main / start: startAppShortcutOrInfoActivity
09-24 18:38:59.146 396 747 D audioserver: FGS Logger Transaction failed
09-24 18:38:59.146 396 747 D audioserver: -129
09-24 18:38:59.173 561 657 I ActivityTaskManager: START u0 {act=android.intent.action.MAIN cat=[android.intent.category.LAUNCHER] flg=0x10200000 cmp=com.example.qtquickview_kotlin/.MainActivity bnds=[832,1873][1005,2068]} with LAUNCH_MULTIPLE from uid 10151 (BAL_ALLOW_ALLOWLISTED_COMPONENT) result code=2
09-24 18:38:59.177 561 927 W WindowManager: Failed looking up window session=Session{9db3654 807:u0a10159} callers=com.android.server.wm.WindowManagerService.windowForClientLocked:6045 com.android.server.wm.WindowManagerService.removeWindow:1973 com.android.server.wm.Session.remove:231
09-24 18:38:59.178 807 840 V WindowManagerShell: Transition requested: android.os.BinderProxy@6311891 TransitionRequestInfo { type = OPEN, triggerTask = TaskInfo{userId=0 taskId=23 displayId=0 isRunning=true baseIntent=Intent { act=android.intent.action.MAIN cat=[android.intent.category.LAUNCHER] flg=0x10200000 cmp=com.example.qtquickview_kotlin/.MainActivity } baseActivity=ComponentInfo{com.example.qtquickview_kotlin/com.example.qtquickview_kotlin.MainActivity} topActivity=ComponentInfo{com.example.qtquickview_kotlin/com.example.qtquickview_kotlin.MainActivity} origActivity=null realActivity=ComponentInfo{com.example.qtquickview_kotlin/com.example.qtquickview_kotlin.MainActivity} numActivities=1 lastActiveTime=380956 supportsMultiWindow=true resizeMode=1 isResizeable=true minWidth=-1 minHeight=-1 defaultMinSize=220 token=WCT{android.window.IWindowContainerToken$Stub$Proxy@989d3f6} topActivityType=1 pictureInPictureParams=null shouldDockBigOverlays=false launchIntoPipHostTaskId=-1 lastParentTaskIdBeforePip=-1 displayCutoutSafeInsets=Rect(0, 132 - 0, 0) topActivityInfo=ActivityInfo{48863f7 com.example.qtquickview_kotlin.MainActivity} launchCookies=[android.os.BinderProxy@4920264] positionInParent=Point(0, 0) parentTaskId=-1 isFocused=true isVisible=false isSleeping=false topActivityInSizeCompat=false topActivityEligibleForLetterboxEducation= false topActivityLetterboxed= false isFromDoubleTap= false topActivityLetterboxVerticalPosition= -1 topActivityLetterboxHorizontalPosition= -1 topActivityLetterboxWidth=-1 topActivityLetterboxHeight=-1 locusId=null displayAreaFeatureId=1 cameraCompatControlState=hidden}, remoteTransition = RemoteTransition { remoteTransition = android.window.IRemoteTransition$Stub$Proxy@c3daccd, appThread = android.app.IApplicationThread$Stub$Proxy@4773982, debugName = QuickstepLaunch }, displayChange = null }
09-24 18:38:59.178 807 840 V WindowManagerShell: RemoteTransition directly requested for android.os.BinderProxy@6311891: RemoteTransition { remoteTransition = android.window.IRemoteTransition$Stub$Proxy@c3daccd, appThread = android.app.IApplicationThread$Stub$Proxy@4773982, debugName = QuickstepLaunch }
09-24 18:38:59.185 396 524 D AudioFlinger: mixer(0x72df5f8d6930) throttle end: throttle time(35)
09-24 18:38:59.194 561 1169 E Transition: Trying to add a ready-group twice: Display{#0 state=ON size=1080x2400 ROTATION_0}
09-24 18:38:59.194 807 865 V SnapshotDrawerUtils: Drawing snapshot surface sizeMismatch=true
09-24 18:38:59.196 413 413 I BpBinder: onLastStrongRef automatically unlinking death recipients:
09-24 18:38:59.229 561 581 V WindowManager: Sent Transition #48 createdAt=09-24 18:38:59.146 via request=TransitionRequestInfo { type = OPEN, triggerTask = TaskInfo{userId=0 taskId=23 displayId=0 isRunning=true baseIntent=Intent { act=android.intent.action.MAIN cat=[android.intent.category.LAUNCHER] flg=0x10200000 cmp=com.example.qtquickview_kotlin/.MainActivity } baseActivity=ComponentInfo{com.example.qtquickview_kotlin/com.example.qtquickview_kotlin.MainActivity} topActivity=ComponentInfo{com.example.qtquickview_kotlin/com.example.qtquickview_kotlin.MainActivity} origActivity=null realActivity=ComponentInfo{com.example.qtquickview_kotlin/com.example.qtquickview_kotlin.MainActivity} numActivities=1 lastActiveTime=380956 supportsMultiWindow=true resizeMode=1 isResizeable=true minWidth=-1 minHeight=-1 defaultMinSize=220 token=WCT{RemoteToken{2615290 Task{2862ea #23 type=standard A=10184:com.example.qtquickview_kotlin}}} topActivityType=1 pictureInPictureParams=null shouldDockBigOverlays=false launchIntoPipHostTaskId=-1 lastParentTaskIdBeforePip=-1 displayCutoutSafeInsets=Rect(0, 132 - 0, 0) topActivityInfo=ActivityInfo{5f83789 com.example.qtquickview_kotlin.MainActivity} launchCookies=[android.os.BinderProxy@7b2ad56] positionInParent=Point(0, 0) parentTaskId=-1 isFocused=true isVisible=false isSleeping=false topActivityInSizeCompat=false topActivityEligibleForLetterboxEducation= false topActivityLetterboxed= false isFromDoubleTap= false topActivityLetterboxVerticalPosition= -1 topActivityLetterboxHorizontalPosition= -1 topActivityLetterboxWidth=-1 topActivityLetterboxHeight=-1 locusId=null displayAreaFeatureId=1 cameraCompatControlState=hidden}, remoteTransition = RemoteTransition { remoteTransition = android.window.IRemoteTransition$Stub$Proxy@e6831d7, appThread = android.app.IApplicationThread$Stub$Proxy@4d6eac4, debugName = QuickstepLaunch }, displayChange = null }
09-24 18:38:59.229 561 581 V WindowManager: startWCT=WindowContainerTransaction { changes = {} hops = [] errorCallbackToken=null taskFragmentOrganizer=null }
09-24 18:38:59.230 561 581 V WindowManager: info={id=48 t=OPEN f=0x0 trk=0 r=[0@Point(0, 0)] c=[{WCT{RemoteToken{2615290 Task{2862ea #23 type=standard A=10184:com.example.qtquickview_kotlin}}} m=SHOW f= leash=Surface(name=Task=23)/@0xa7e6542 sb=Rect(0, 0 - 1080, 2400) eb=Rect(0, 0 - 1080, 2400) d=0},{WCT{RemoteToken{5486296 Task{6e71f63 #1 type=home}}} m=HIDE f=SHOW_WALLPAPER leash=Surface(name=Task=1)/@0xbadec5f sb=Rect(0, 0 - 1080, 2400) eb=Rect(0, 0 - 1080, 2400) d=0}]}
09-24 18:38:59.237 807 840 V WindowManagerShell: onTransitionReady android.os.BinderProxy@6311891: {id=48 t=OPEN f=0x0 trk=0 r=[0@Point(0, 0)] c=[{WCT{android.window.IWindowContainerToken$Stub$Proxy@976f66b} m=SHOW f= leash=Surface(name=Task=23)/@0x87db5c8 sb=Rect(0, 0 - 1080, 2400) eb=Rect(0, 0 - 1080, 2400) d=0},{WCT{android.window.IWindowContainerToken$Stub$Proxy@b998661} m=HIDE f=SHOW_WALLPAPER leash=Surface(name=Task=1)/@0x755f586 sb=Rect(0, 0 - 1080, 2400) eb=Rect(0, 0 - 1080, 2400) d=0}]}
09-24 18:38:59.237 807 840 V WindowManagerShell: Playing animation for (#48)android.os.BinderProxy@6311891@0
09-24 18:38:59.237 807 840 V WindowManagerShell: try firstHandler com.android.wm.shell.transition.DefaultMixedHandler@2bf3891
09-24 18:38:59.237 807 840 V WindowManagerShell: Delegate animation for #48 to RemoteTransition { remoteTransition = android.window.IRemoteTransition$Stub$Proxy@c3daccd, appThread = android.app.IApplicationThread$Stub$Proxy@4773982, debugName = QuickstepLaunch }
09-24 18:38:59.241 807 840 V WindowManagerShell: animated by firstHandler
09-24 18:38:59.299 396 524 D audioserver: FGS Logger Transaction failed
09-24 18:38:59.299 396 524 D audioserver: -129
09-24 18:38:59.502 561 581 W ziparchive: Unable to open '/data/app/~~F4yQBZPHkkiDCvIpIfMWXg==/com.example.qtquickview_kotlin-RM41Tj9q01JxxlLq7edIHg==/base.dm': No such file or directory
09-24 18:38:59.519 561 1004 I ImeTracker: com.example.qtquickview_kotlin:4ff7610: onRequestHide at ORIGIN_SERVER_HIDE_INPUT reason HIDE_UNSPECIFIED_WINDOW
09-24 18:38:59.519 561 1004 I ImeTracker: com.example.qtquickview_kotlin:4ff7610: onCancelled at PHASE_SERVER_SHOULD_HIDE
09-24 18:38:59.529 1575 1575 I GoogleInputMethodService: GoogleInputMethodService.onFinishInput():3227
09-24 18:38:59.532 1575 1575 I GoogleInputMethodService: GoogleInputMethodService.updateDeviceLockedStatus():2087 repeatCheckTimes = 0, unlocked = true
09-24 18:38:59.533 1575 1575 I GoogleInputMethodService: GoogleInputMethodService.onStartInput():1877 onStartInput(EditorInfo{inputType=0x0(NULL) imeOptions=0x0 privateImeOptions=null actionName=UNSPECIFIED actionLabel=null actionId=0 initialSelStart=-1 initialSelEnd=-1 initialCapsMode=0x0 hintText=null label=null packageName=com.example.qtquickview_kotlin fieldId=0 fieldName=null extras=null}, false)
09-24 18:38:59.533 1575 1575 I GoogleInputMethodService: GoogleInputMethodService.shouldHideHeaderOnInitialState():4008 ShouldHideHeaderOnInitialState = false
09-24 18:38:59.536 1575 1575 I GoogleInputMethodService: GoogleInputMethodService.updateDeviceLockedStatus():2087 repeatCheckTimes = 2, unlocked = true
09-24 18:38:59.864 807 840 V WindowManagerShell: Transition animation finished (aborted=false), notifying core (#48)android.os.BinderProxy@6311891@0
09-24 18:38:59.866 561 581 V WindowManager: Finish Transition #48: created at
09-24 18:38:59.146 collect-started=0.142ms request-sent=24.524ms started=32.499ms ready=62.649ms sent=82.725ms finished=719.945ms
09-24 18:38:59.875 807 840 V WindowManagerShell: Track 0 became idle
09-24 18:38:59.875 807 840 V WindowManagerShell: All active transition animations finished
09-24 18:38:59.879 969 1204 D BtGatt.ScanManager: uid 10116 isForeground true scanMode 1
09-24 18:38:59.880 969 1204 D BtGatt.ScanManager: uid 10116 isForeground true scanMode -1
09-24 18:38:59.935 1105 2176 D OneSearchSuggestProvider: Shut down the binder channel
09-24 18:38:59.936 1105 1179 I ImeTracker: com.google.android.apps.nexuslauncher:dac261b3: onRequestHide at ORIGIN_CLIENT_HIDE_SOFT_INPUT reason HIDE_SOFT_INPUT
09-24 18:38:59.937 1105 1477 I IPCThreadState: oneway function results for code 2 on binder at 0x799fb5127de0 will be dropped but finished with status UNKNOWN_TRANSACTION
09-24 18:38:59.937 1105 1179 I ImeTracker: com.google.android.apps.nexuslauncher:dac261b3: onFailed at PHASE_CLIENT_VIEW_SERVED
09-24 18:38:59.963 413 413 W SurfaceFlinger: couldn't log to binary event log: overflow.
09-24 18:39:00.042 1658 1853 I AiAiEcho: Predicting[0]:
09-24 18:39:00.042 1658 1853 I AiAiEcho: EchoTargets:
09-24 18:39:00.042 1658 1853 I AiAiEcho: Filtered by AiAi flag check:
09-24 18:39:00.043 1658 1853 I AiAiEcho: Ranked targets strategy: SORT, count: 0, ranking metadata:
09-24 18:39:00.044 1658 1853 I AiAiEcho: #postPredictionTargets: Sending updates to UISurface lockscreen with targets# 0 (types=[])
09-24 18:39:00.047 807 897 D EGL_emulation: app_time_stats: avg=4766.22ms min=62.91ms max=18797.07ms count=4
09-24 18:39:00.051 807 807 W PageIndicator: Total number of pages invalid: 0. Assuming 1 page.
09-24 18:39:00.413 1105 1105 D TaplEvents: TIS / TouchInteractionService.onInputEvent: MotionEvent { action=ACTION_DOWN, actionButton=0, id[0]=0, x[0]=541.97754, y[0]=2392.8955, toolType[0]=TOOL_TYPE_FINGER, buttonState=0, classification=NONE, metaState=0, flags=0x0, edgeFlags=0x0, pointerCount=1, historySize=0, eventTime=383607, downTime=383607, deviceId=4, source=0xd002, displayId=0, eventId=292930072 }
09-24 18:39:00.422 807 840 V ShellRecents: RecentsTransitionHandler.startRecentsTransition
09-24 18:39:00.423 807 840 V WindowManagerShell: Directly starting a new transition type=3 wct=WindowContainerTransaction { changes = {} hops = [{PendingIntent: options=Bundle[mParcelledData.dataSize=332]}] errorCallbackToken=null taskFragmentOrganizer=null } handler=com.android.wm.shell.recents.RecentsTransitionHandler@48ea264
09-24 18:39:00.433 807 840 V ShellRecents: [260811685] RecentsController.setTransition: id=android.os.BinderProxy@31db600
09-24 18:39:00.442 1105 1105 D TaplEvents: Pilfer / pilferPointers
09-24 18:39:00.442 561 1004 I InputDispatcher: Channel [Gesture Monitor] swipe-up (server) is stealing touch from [2db6a31 com.example.qtquickview_kotlin/com.example.qtquickview_kotlin.MainActivity (server), [Gesture Monitor] edge-swipe (server)]
09-24 18:39:00.445 561 581 D AutofillManagerService: Close system dialogs
09-24 18:39:00.446 413 413 I BpBinder: onLastStrongRef automatically unlinking death recipients:
09-24 18:39:00.460 807 807 I vol.VolumeDialogImpl: mDialog.dismiss() reason: volume_controller from: com.android.systemui.volume.VolumeDialogImpl$7.onDismissRequested:3
09-24 18:39:00.465 1105 1179 I ImeTracker: com.google.android.apps.nexuslauncher:e96ea6f6: onRequestHide at ORIGIN_CLIENT_HIDE_SOFT_INPUT reason HIDE_SOFT_INPUT
09-24 18:39:00.465 1105 1179 I ImeTracker: com.google.android.apps.nexuslauncher:e96ea6f6: onFailed at PHASE_CLIENT_VIEW_SERVED
09-24 18:39:00.517 561 581 V WindowManager: Sent Transition #49 createdAt=09-24 18:39:00.423
09-24 18:39:00.518 561 581 V WindowManager: startWCT=WindowContainerTransaction { changes = {} hops = [{PendingIntent: options=Bundle[{android.activity.splashScreenStyle=-1, android.activity.sourceInfo=android.app.ActivityOptions$SourceInfo@8bd7f78, android.activity.transientLaunch=true}]}] errorCallbackToken=null taskFragmentOrganizer=null }
09-24 18:39:00.518 561 581 V WindowManager: info={id=49 t=TO_FRONT f=0x80 trk=0 r=[0@Point(0, 0)] c=[{WCT{RemoteToken{5486296 Task{6e71f63 #1 type=home}}} m=SHOW f=SHOW_WALLPAPER leash=Surface(name=Task=1)/@0xbadec5f sb=Rect(0, 0 - 1080, 2400) eb=Rect(0, 0 - 1080, 2400) d=0},{WCT{RemoteToken{2615290 Task{2862ea #23 type=standard A=10184:com.example.qtquickview_kotlin}}} m=HIDE f=NONE leash=Surface(name=Task=23)/@0xa7e6542 sb=Rect(0, 0 - 1080, 2400) eb=Rect(0, 0 - 1080, 2400) d=0},{null m=SHOW f=IS_WALLPAPER leash=Surface(name=WallpaperWindowToken{c35888f token=android.os.Binder@348cbee})/@0x94640b9 sb=Rect(0, 0 - 1080, 2400) eb=Rect(0, 0 - 1080, 2400) d=0}]}
09-24 18:39:00.519 807 840 V WindowManagerShell: onTransitionReady android.os.BinderProxy@31db600: {id=49 t=TO_FRONT f=0x80 trk=0 r=[0@Point(0, 0)] c=[{WCT{android.window.IWindowContainerToken$Stub$Proxy@4bb2436} m=SHOW f=SHOW_WALLPAPER leash=Surface(name=Task=1)/@0x7b0f37 sb=Rect(0, 0 - 1080, 2400) eb=Rect(0, 0 - 1080, 2400) d=0},{WCT{android.window.IWindowContainerToken$Stub$Proxy@e926ca4} m=HIDE f=NONE leash=Surface(name=Task=23)/@0xc4a6a0d sb=Rect(0, 0 - 1080, 2400) eb=Rect(0, 0 - 1080, 2400) d=0},{null m=SHOW f=IS_WALLPAPER leash=Surface(name=WallpaperWindowToken{c35888f token=android.os.Binder@348cbee})/@0xb0d4dc2 sb=Rect(0, 0 - 1080, 2400) eb=Rect(0, 0 - 1080, 2400) d=0}]}
09-24 18:39:00.519 807 840 V WindowManagerShell: Playing animation for (#49)android.os.BinderProxy@31db600@0
09-24 18:39:00.519 807 840 V WindowManagerShell: try firstHandler com.android.wm.shell.recents.RecentsTransitionHandler@48ea264
09-24 18:39:00.520 807 840 V ShellRecents: [260811685] RecentsController.start
09-24 18:39:00.521 807 840 V ShellRecents: adding pausing taskId=23
09-24 18:39:00.524 807 840 V ShellRecents: [260811685] RecentsController.start: calling onAnimationStart
09-24 18:39:00.525 807 840 V WindowManagerShell: animated by firstHandler
09-24 18:39:00.552 413 918 I BpBinder: onLastStrongRef automatically unlinking death recipients:
09-24 18:39:00.561 807 840 V ShellRecents: [260811685] RecentsController.setInputConsumerEnabled: set focus to recents
09-24 18:39:00.574 561 694 E HandwritingModeController: Cannot get requestId: Handwriting was not initialized.
09-24 18:39:00.683 5794 5814 D EGL_emulation: app_time_stats: avg=194.57ms min=11.08ms max=933.62ms count=6
09-24 18:39:00.774 807 807 D StatusBarIconController: ignoring old pipeline callback because the new wifi icon is enabled
09-24 18:39:00.799 1105 1105 D MotionPauseDetector: onMotionPauseChanged, paused=true reason=Didn't have back to back slow speeds, checking for rapid deceleration on first pause only
09-24 18:39:01.268 1105 1105 D MotionPauseDetector: onMotionPauseChanged, paused=false reason=Was paused, but started moving at a fast speed
09-24 18:39:01.559 1105 1105 D TaplEvents: TIS / TouchInteractionService.onInputEvent: MotionEvent { action=ACTION_UP, actionButton=0, id[0]=0, x[0]=306.98047, y[0]=36.987305, toolType[0]=TOOL_TYPE_FINGER, buttonState=0, classification=NONE, metaState=0, flags=0x0, edgeFlags=0x0, pointerCount=1, historySize=0, eventTime=384747, downTime=383607, deviceId=4, source=0xd002, displayId=0, eventId=789646284 }
09-24 18:39:01.569 1105 1933 D EGL_emulation: app_time_stats: avg=14.85ms min=6.58ms max=42.80ms count=33
09-24 18:39:01.614 807 878 V ShellRecents: [260811685] RecentsController.detachNavigationBarFromApp
09-24 18:39:01.636 561 927 W ProcessStats: Tracking association SourceState{214dcaa com.google.android.apps.nexuslauncher/10151 BTop #5262} whose proc state 2 is better than process ProcessState{ea3774 com.google.android.googlequicksearchbox:search/10123 pkg=com.google.android.googlequicksearchbox} proc state 6 (78 skipped)
09-24 18:39:01.650 969 1204 D BtGatt.ScanManager: uid 10116 isForeground true scanMode 1
09-24 18:39:01.650 969 1204 D BtGatt.ScanManager: uid 10116 isForeground true scanMode -1
09-24 18:39:01.667 1658 1853 I AiAiEcho: Predicting[0]:
09-24 18:39:01.667 1658 1853 I AiAiEcho: EchoTargets:
09-24 18:39:01.667 1658 1853 I AiAiEcho: Filtered by AiAi flag check:
09-24 18:39:01.668 1658 1853 I AiAiEcho: Ranked targets strategy: SORT, count: 0, ranking metadata:
09-24 18:39:01.669 1658 1853 I AiAiEcho: #postPredictionTargets: Sending updates to UISurface home with targets# 0 (types=[])
09-24 18:39:01.696 413 413 I BpBinder: onLastStrongRef automatically unlinking death recipients:
09-24 18:39:01.968 561 1794 W AppSearchIcing: icing-search-engine.cc:283: Error: 5, Message: Document (com.google.android.googlequicksearchbox$OneSearchZeroStateGoogleSuggestions/default, zp) not found.
09-24 18:39:01.989 1932 1932 W A : Can't get WAA status for Mavatar!
09-24 18:39:01.989 1932 1932 W A : java.lang.NullPointerException: Attempt to invoke virtual method 'java.lang.Class java.lang.Object.getClass()' on a null object reference
09-24 18:39:01.989 1932 1932 W A : at com.google.apps.tiktok.dataservice.z.b(PG:1)
09-24 18:39:01.989 1932 1932 W A : at com.google.apps.tiktok.dataservice.at.a(PG:1)
09-24 18:39:01.989 1932 1932 W A : at com.google.apps.tiktok.tracing.ec.a(PG:2)
09-24 18:39:01.989 1932 1932 W A : at com.google.common.util.concurrent.aj.a(PG:2)
09-24 18:39:01.989 1932 1932 W A : at com.google.common.util.concurrent.ac.apply(PG:1)
09-24 18:39:01.989 1932 1932 W A : at com.google.common.util.concurrent.h.e(PG:2)
09-24 18:39:01.989 1932 1932 W A : at com.google.common.util.concurrent.j.run(PG:9)
09-24 18:39:01.989 1932 1932 W A : at com.google.common.util.concurrent.bf.execute(PG:1)
09-24 18:39:01.989 1932 1932 W A : at com.google.common.util.concurrent.d.i(PG:1)
09-24 18:39:01.989 1932 1932 W A : at com.google.common.util.concurrent.d.l(PG:12)
09-24 18:39:01.989 1932 1932 W A : at com.google.common.util.concurrent.d.n(PG:2)
09-24 18:39:01.989 1932 1932 W A : at com.google.common.util.concurrent.i.f(PG:1)
09-24 18:39:01.989 1932 1932 W A : at com.google.common.util.concurrent.j.run(PG:12)
09-24 18:39:01.989 1932 1932 W A : at com.google.android.libraries.i.ae.run(PG:1)
09-24 18:39:01.989 1932 1932 W A : at java.util.concurrent.ThreadPoolExecutor.runWorker(ThreadPoolExecutor.java:1145)
09-24 18:39:01.989 1932 1932 W A : at java.util.concurrent.ThreadPoolExecutor$Worker.run(ThreadPoolExecutor.java:644)
09-24 18:39:01.989 1932 1932 W A : at com.google.android.libraries.i.k.run(PG:2)
09-24 18:39:01.989 1932 1932 W A : at com.google.android.libraries.i.p.run(PG:4)
09-24 18:39:01.989 1932 1932 W A : at java.lang.Thread.run(Thread.java:1012)
09-24 18:39:02.010 1105 2176 D OneSearchSuggestProvider: Created the binder channel successfully for end point service =com.google.android.apps.search.googleapp.search.suggest.plugins.onesearch.server.OneSearchSuggestService , mChannel=z1{delegate=s1{logId=69, target=directaddress:///AndroidComponentAddress%5BIntent%20%7B%20act=grpc.io.action.BIND%20cmp=com.google.android.googlequicksearchbox/com.google.android.apps.search.googleapp.search.suggest.plugins.onesearch.server.OneSearchSuggestService%20%7D%5D}} , mOneSearchConnection=X1.T@abb7a52
09-24 18:39:02.025 1932 1932 I A : Created gRPC endpoint to "search" for service class com.google.android.apps.search.googleapp.search.suggest.plugins.onesearch.server.OneSearchSuggestService
09-24 18:39:02.083 1105 1105 D SearchTargetUtil: query= size=0
09-24 18:39:02.178 561 1843 E TaskPersister: File error accessing recents directory (directory doesn't exist?).
09-24 18:39:02.249 355 3297 D android.hardware.audio@7.1-impl.ranchu: threadLoop: entering standby, frames: 4478496
09-24 18:39:02.270 807 1490 V ShellRecents: [260811685] RecentsController.screenshotTask: taskId=23
09-24 18:39:02.322 1105 1179 I ImeTracker: com.google.android.apps.nexuslauncher:994edf7c: onRequestHide at ORIGIN_CLIENT_HIDE_SOFT_INPUT reason HIDE_SOFT_INPUT
09-24 18:39:02.322 1105 1179 I ImeTracker: com.google.android.apps.nexuslauncher:994edf7c: onFailed at PHASE_CLIENT_VIEW_SERVED
09-24 18:39:02.324 807 840 V ShellRecents: [260811685] RecentsController.finishInner: toHome=true userLeave=true willFinishToHome=true state=0
09-24 18:39:02.324 807 840 V ShellRecents: normal finish
09-24 18:39:02.325 807 840 V ShellRecents: [260811685] RecentsController.cleanup
09-24 18:39:02.326 807 840 V WindowManagerShell: Transition animation finished (aborted=false), notifying core (#49)android.os.BinderProxy@31db600@0
09-24 18:39:02.332 561 581 V WindowManager: Finish Transition #49: created at
09-24 18:39:00.423 collect-started=0.612ms started=0.793ms ready=7.045ms sent=93.02ms finished=1907.528ms
09-24 18:39:02.384 807 840 V WindowManagerShell: Track 0 became idle
09-24 18:39:02.384 807 840 V WindowManagerShell: All active transition animations finished
09-24 18:39:02.384 807 840 W Looper : Slow dispatch took 59ms wmshell.main h=android.os.Handler c=com.android.wm.shell.recents.RecentsTransitionHandler$RecentsController$$ExternalSyntheticLambda3@61436e5 m=0
09-24 18:39:02.387 561 584 V WindowManager: Unknown focus tokens, dropping reportFocusChanged
09-24 18:39:02.388 561 584 D OomAdjuster: Not killing cached processes
09-24 18:39:02.416 561 657 I ImeTracker: com.google.android.apps.nexuslauncher:b1b978dd: onRequestHide at ORIGIN_SERVER_HIDE_INPUT reason HIDE_UNSPECIFIED_WINDOW
09-24 18:39:02.417 561 657 I ImeTracker: com.google.android.apps.nexuslauncher:b1b978dd: onCancelled at PHASE_SERVER_SHOULD_HIDE
09-24 18:39:02.419 1575 1575 I GoogleInputMethodService: GoogleInputMethodService.onFinishInput():3227
09-24 18:39:02.429 1575 1575 I GoogleInputMethodService: GoogleInputMethodService.updateDeviceLockedStatus():2087 repeatCheckTimes = 0, unlocked = true
09-24 18:39:02.429 1575 1575 I GoogleInputMethodService: GoogleInputMethodService.onStartInput():1877 onStartInput(EditorInfo{inputType=0x0(NULL) imeOptions=0x0 privateImeOptions=null actionName=UNSPECIFIED actionLabel=null actionId=0 initialSelStart=-1 initialSelEnd=-1 initialCapsMode=0x0 hintText=null label=null packageName=com.google.android.apps.nexuslauncher fieldId=0 fieldName=null extras=null}, false)
09-24 18:39:02.430 1575 1575 I GoogleInputMethodService: GoogleInputMethodService.shouldHideHeaderOnInitialState():4008 ShouldHideHeaderOnInitialState = false
09-24 18:39:02.433 1575 1575 I GoogleInputMethodService: GoogleInputMethodService.updateDeviceLockedStatus():2087 repeatCheckTimes = 2, unlocked = true
09-24 18:39:02.595 1105 1933 D EGL_emulation: app_time_stats: avg=30.89ms min=10.08ms max=123.82ms count=27
09-24 18:39:02.808 1105 1105 D TaplEvents: Main / Touch event: MotionEvent { action=ACTION_DOWN, actionButton=0, id[0]=0, x[0]=974.95996, y[0]=1968.8965, toolType[0]=TOOL_TYPE_FINGER, buttonState=0, classification=NONE, metaState=0, flags=0x0, edgeFlags=0x0, pointerCount=1, historySize=0, eventTime=385986, downTime=385986, deviceId=4, source=0xd002, displayId=0, eventId=1017131999 }
09-24 18:39:02.838 1105 1105 D TaplEvents: TIS / TouchInteractionService.onInputEvent: MotionEvent { action=ACTION_DOWN, actionButton=0, id[0]=0, x[0]=974.95996, y[0]=1968.8965, toolType[0]=TOOL_TYPE_FINGER, buttonState=0, classification=NONE, metaState=0, flags=0x0, edgeFlags=0x0, pointerCount=1, historySize=0, eventTime=385986, downTime=385986, deviceId=4, source=0xd002, displayId=0, eventId=1017131999 }
09-24 18:39:02.913 1105 1105 D TaplEvents: Main / Touch event: MotionEvent { action=ACTION_UP, actionButton=0, id[0]=0, x[0]=966.9512, y[0]=1990.8691, toolType[0]=TOOL_TYPE_FINGER, buttonState=0, classification=NONE, metaState=0, flags=0x0, edgeFlags=0x0, pointerCount=1, historySize=0, eventTime=386078, downTime=385986, deviceId=4, source=0xd002, displayId=0, eventId=637319166 }
09-24 18:39:02.915 1105 1105 D TaplEvents: TIS / TouchInteractionService.onInputEvent: MotionEvent { action=ACTION_UP, actionButton=0, id[0]=0, x[0]=966.9512, y[0]=1990.8691, toolType[0]=TOOL_TYPE_FINGER, buttonState=0, classification=NONE, metaState=0, flags=0x0, edgeFlags=0x0, pointerCount=1, historySize=0, eventTime=386078, downTime=385986, deviceId=4, source=0xd002, displayId=0, eventId=637319166 }
09-24 18:39:02.984 1105 1105 D TaplEvents: Main / start: startAppShortcutOrInfoActivity
09-24 18:39:03.054 396 747 D audioserver: FGS Logger Transaction failed
09-24 18:39:03.054 396 747 D audioserver: -129
09-24 18:39:03.076 396 524 D AudioFlinger: mixer(0x72df5f8d6930) throttle end: throttle time(37)
09-24 18:39:03.079 561 927 I ActivityTaskManager: START u0 {act=android.intent.action.MAIN cat=[android.intent.category.LAUNCHER] flg=0x10200000 cmp=com.example.qtquickview_kotlin/.MainActivity bnds=[832,1873][1005,2068]} with LAUNCH_MULTIPLE from uid 10151 (BAL_ALLOW_ALLOWLISTED_COMPONENT) result code=2
09-24 18:39:03.088 807 840 V WindowManagerShell: Transition requested: android.os.BinderProxy@b4e409c TransitionRequestInfo { type = OPEN, triggerTask = TaskInfo{userId=0 taskId=23 displayId=0 isRunning=true baseIntent=Intent { act=android.intent.action.MAIN cat=[android.intent.category.LAUNCHER] flg=0x10200000 cmp=com.example.qtquickview_kotlin/.MainActivity } baseActivity=ComponentInfo{com.example.qtquickview_kotlin/com.example.qtquickview_kotlin.MainActivity} topActivity=ComponentInfo{com.example.qtquickview_kotlin/com.example.qtquickview_kotlin.MainActivity} origActivity=null realActivity=ComponentInfo{com.example.qtquickview_kotlin/com.example.qtquickview_kotlin.MainActivity} numActivities=1 lastActiveTime=385528 supportsMultiWindow=true resizeMode=1 isResizeable=true minWidth=-1 minHeight=-1 defaultMinSize=220 token=WCT{android.window.IWindowContainerToken$Stub$Proxy@ca93aa5} topActivityType=1 pictureInPictureParams=null shouldDockBigOverlays=false launchIntoPipHostTaskId=-1 lastParentTaskIdBeforePip=-1 displayCutoutSafeInsets=Rect(0, 132 - 0, 0) topActivityInfo=ActivityInfo{48a6e7a com.example.qtquickview_kotlin.MainActivity} launchCookies=[android.os.BinderProxy@8f6662b] positionInParent=Point(0, 0) parentTaskId=-1 isFocused=true isVisible=false isSleeping=false topActivityInSizeCompat=false topActivityEligibleForLetterboxEducation= false topActivityLetterboxed= false isFromDoubleTap= false topActivityLetterboxVerticalPosition= -1 topActivityLetterboxHorizontalPosition= -1 topActivityLetterboxWidth=-1 topActivityLetterboxHeight=-1 locusId=null displayAreaFeatureId=1 cameraCompatControlState=hidden}, remoteTransition = RemoteTransition { remoteTransition = android.window.IRemoteTransition$Stub$Proxy@44cca88, appThread = android.app.IApplicationThread$Stub$Proxy@797dc21, debugName = QuickstepLaunch }, displayChange = null }
09-24 18:39:03.088 807 840 V WindowManagerShell: RemoteTransition directly requested for android.os.BinderProxy@b4e409c: RemoteTransition { remoteTransition = android.window.IRemoteTransition$Stub$Proxy@44cca88, appThread = android.app.IApplicationThread$Stub$Proxy@797dc21, debugName = QuickstepLaunch }
09-24 18:39:03.097 561 657 W WindowManager: Failed looking up window session=Session{9db3654 807:u0a10159} callers=com.android.server.wm.WindowManagerService.windowForClientLocked:6045 com.android.server.wm.WindowManagerService.removeWindow:1973 com.android.server.wm.Session.remove:231
09-24 18:39:03.123 396 524 D AudioFlinger: mixer(0x72df5f8d6930) throttle end: throttle time(33)
09-24 18:39:03.130 413 413 I BpBinder: onLastStrongRef automatically unlinking death recipients:
09-24 18:39:03.131 561 1004 E Transition: Trying to add a ready-group twice: Display{#0 state=ON size=1080x2400 ROTATION_0}
09-24 18:39:03.131 807 865 V SnapshotDrawerUtils: Drawing snapshot surface sizeMismatch=true
09-24 18:39:03.149 807 840 V WindowManagerShell: onTransitionReady android.os.BinderProxy@b4e409c: {id=50 t=OPEN f=0x0 trk=0 r=[0@Point(0, 0)] c=[{WCT{android.window.IWindowContainerToken$Stub$Proxy@10fdf7d} m=SHOW f= leash=Surface(name=Task=23)/@0x1886e72 sb=Rect(0, 0 - 1080, 2400) eb=Rect(0, 0 - 1080, 2400) d=0},{WCT{android.window.IWindowContainerToken$Stub$Proxy@6e9f2c3} m=HIDE f=SHOW_WALLPAPER leash=Surface(name=Task=1)/@0xf65f740 sb=Rect(0, 0 - 1080, 2400) eb=Rect(0, 0 - 1080, 2400) d=0}]}
09-24 18:39:03.149 807 840 V WindowManagerShell: Playing animation for (#50)android.os.BinderProxy@b4e409c@0
09-24 18:39:03.149 807 840 V WindowManagerShell: try firstHandler com.android.wm.shell.transition.DefaultMixedHandler@2bf3891
09-24 18:39:03.149 807 840 V WindowManagerShell: Delegate animation for #50 to RemoteTransition { remoteTransition = android.window.IRemoteTransition$Stub$Proxy@44cca88, appThread = android.app.IApplicationThread$Stub$Proxy@797dc21, debugName = QuickstepLaunch }
09-24 18:39:03.149 561 581 V WindowManager: Sent Transition #50 createdAt=09-24 18:39:03.054 via request=TransitionRequestInfo { type = OPEN, triggerTask = TaskInfo{userId=0 taskId=23 displayId=0 isRunning=true baseIntent=Intent { act=android.intent.action.MAIN cat=[android.intent.category.LAUNCHER] flg=0x10200000 cmp=com.example.qtquickview_kotlin/.MainActivity } baseActivity=ComponentInfo{com.example.qtquickview_kotlin/com.example.qtquickview_kotlin.MainActivity} topActivity=ComponentInfo{com.example.qtquickview_kotlin/com.example.qtquickview_kotlin.MainActivity} origActivity=null realActivity=ComponentInfo{com.example.qtquickview_kotlin/com.example.qtquickview_kotlin.MainActivity} numActivities=1 lastActiveTime=385528 supportsMultiWindow=true resizeMode=1 isResizeable=true minWidth=-1 minHeight=-1 defaultMinSize=220 token=WCT{RemoteToken{2615290 Task{2862ea #23 type=standard A=10184:com.example.qtquickview_kotlin}}} topActivityType=1 pictureInPictureParams=null shouldDockBigOverlays=false launchIntoPipHostTaskId=-1 lastParentTaskIdBeforePip=-1 displayCutoutSafeInsets=Rect(0, 132 - 0, 0) topActivityInfo=ActivityInfo{5f83789 com.example.qtquickview_kotlin.MainActivity} launchCookies=[android.os.BinderProxy@9910131] positionInParent=Point(0, 0) parentTaskId=-1 isFocused=true isVisible=false isSleeping=false topActivityInSizeCompat=false topActivityEligibleForLetterboxEducation= false topActivityLetterboxed= false isFromDoubleTap= false topActivityLetterboxVerticalPosition= -1 topActivityLetterboxHorizontalPosition= -1 topActivityLetterboxWidth=-1 topActivityLetterboxHeight=-1 locusId=null displayAreaFeatureId=1 cameraCompatControlState=hidden}, remoteTransition = RemoteTransition { remoteTransition = android.window.IRemoteTransition$Stub$Proxy@e00a016, appThread = android.app.IApplicationThread$Stub$Proxy@e0f0d97, debugName = QuickstepLaunch }, displayChange = null }
09-24 18:39:03.149 561 581 V WindowManager: startWCT=WindowContainerTransaction { changes = {} hops = [] errorCallbackToken=null taskFragmentOrganizer=null }
09-24 18:39:03.149 561 581 V WindowManager: info={id=50 t=OPEN f=0x0 trk=0 r=[0@Point(0, 0)] c=[{WCT{RemoteToken{2615290 Task{2862ea #23 type=standard A=10184:com.example.qtquickview_kotlin}}} m=SHOW f= leash=Surface(name=Task=23)/@0xa7e6542 sb=Rect(0, 0 - 1080, 2400) eb=Rect(0, 0 - 1080, 2400) d=0},{WCT{RemoteToken{5486296 Task{6e71f63 #1 type=home}}} m=HIDE f=SHOW_WALLPAPER leash=Surface(name=Task=1)/@0xbadec5f sb=Rect(0, 0 - 1080, 2400) eb=Rect(0, 0 - 1080, 2400) d=0}]}
09-24 18:39:03.151 807 840 V WindowManagerShell: animated by firstHandler
09-24 18:39:03.211 396 524 D audioserver: FGS Logger Transaction failed
09-24 18:39:03.211 396 524 D audioserver: -129
09-24 18:39:03.308 561 581 W ziparchive: Unable to open '/data/app/~~F4yQBZPHkkiDCvIpIfMWXg==/com.example.qtquickview_kotlin-RM41Tj9q01JxxlLq7edIHg==/base.dm': No such file or directory
09-24 18:39:03.349 561 1169 I ImeTracker: com.example.qtquickview_kotlin:638e906b: onRequestHide at ORIGIN_SERVER_HIDE_INPUT reason HIDE_UNSPECIFIED_WINDOW
09-24 18:39:03.349 561 1169 I ImeTracker: com.example.qtquickview_kotlin:638e906b: onCancelled at PHASE_SERVER_SHOULD_HIDE
09-24 18:39:03.350 1575 1575 I GoogleInputMethodService: GoogleInputMethodService.onFinishInput():3227
09-24 18:39:03.362 1575 1575 I GoogleInputMethodService: GoogleInputMethodService.updateDeviceLockedStatus():2087 repeatCheckTimes = 0, unlocked = true
09-24 18:39:03.362 1575 1575 I GoogleInputMethodService: GoogleInputMethodService.onStartInput():1877 onStartInput(EditorInfo{inputType=0x0(NULL) imeOptions=0x0 privateImeOptions=null actionName=UNSPECIFIED actionLabel=null actionId=0 initialSelStart=-1 initialSelEnd=-1 initialCapsMode=0x0 hintText=null label=null packageName=com.example.qtquickview_kotlin fieldId=0 fieldName=null extras=null}, false)
09-24 18:39:03.362 1575 1575 I GoogleInputMethodService: GoogleInputMethodService.shouldHideHeaderOnInitialState():4008 ShouldHideHeaderOnInitialState = false
09-24 18:39:03.366 1575 1575 I GoogleInputMethodService: GoogleInputMethodService.updateDeviceLockedStatus():2087 repeatCheckTimes = 2, unlocked = true
09-24 18:39:03.599 1105 1933 D EGL_emulation: app_time_stats: avg=57.96ms min=23.68ms max=273.03ms count=16
09-24 18:39:03.756 807 840 V WindowManagerShell: Transition animation finished (aborted=false), notifying core (#50)android.os.BinderProxy@b4e409c@0
09-24 18:39:03.758 561 581 V WindowManager: Finish Transition #50: created at
09-24 18:39:03.054 collect-started=1.283ms request-sent=23.41ms started=45.379ms ready=81.48ms sent=94.231ms finished=703.823ms
09-24 18:39:03.786 807 840 V WindowManagerShell: Track 0 became idle
09-24 18:39:03.786 807 840 V WindowManagerShell: All active transition animations finished
09-24 18:39:03.789 969 1204 D BtGatt.ScanManager: uid 10116 isForeground true scanMode 1
09-24 18:39:03.790 969 1204 D BtGatt.ScanManager: uid 10116 isForeground true scanMode -1
09-24 18:39:03.831 1105 1179 I ImeTracker: com.google.android.apps.nexuslauncher:5e1243c0: onRequestHide at ORIGIN_CLIENT_HIDE_SOFT_INPUT reason HIDE_SOFT_INPUT
09-24 18:39:03.831 1105 1179 I ImeTracker: com.google.android.apps.nexuslauncher:5e1243c0: onFailed at PHASE_CLIENT_VIEW_SERVED
09-24 18:39:03.831 1105 2176 D OneSearchSuggestProvider: Shut down the binder channel
09-24 18:39:03.832 1105 1477 I IPCThreadState: oneway function results for code 2 on binder at 0x799fb512a4b0 will be dropped but finished with status UNKNOWN_TRANSACTION
09-24 18:39:03.863 413 413 W SurfaceFlinger: couldn't log to binary event log: overflow.
09-24 18:39:04.406 1105 1105 D TaplEvents: TIS / TouchInteractionService.onInputEvent: MotionEvent { action=ACTION_DOWN, actionButton=0, id[0]=0, x[0]=558.9512, y[0]=2379.8584, toolType[0]=TOOL_TYPE_FINGER, buttonState=0, classification=NONE, metaState=0, flags=0x0, edgeFlags=0x0, pointerCount=1, historySize=0, eventTime=387600, downTime=387600, deviceId=4, source=0xd002, displayId=0, eventId=159530670 }
09-24 18:39:04.417 807 840 V ShellRecents: RecentsTransitionHandler.startRecentsTransition
09-24 18:39:04.420 807 840 V WindowManagerShell: Directly starting a new transition type=3 wct=WindowContainerTransaction { changes = {} hops = [{PendingIntent: options=Bundle[mParcelledData.dataSize=332]}] errorCallbackToken=null taskFragmentOrganizer=null } handler=com.android.wm.shell.recents.RecentsTransitionHandler@48ea264
09-24 18:39:04.431 807 840 V ShellRecents: [134919383] RecentsController.setTransition: id=android.os.BinderProxy@4f2b1c4
09-24 18:39:04.447 413 413 I BpBinder: onLastStrongRef automatically unlinking death recipients:
09-24 18:39:04.453 1105 1179 I ImeTracker: com.google.android.apps.nexuslauncher:15318f05: onRequestHide at ORIGIN_CLIENT_HIDE_SOFT_INPUT reason HIDE_SOFT_INPUT
09-24 18:39:04.453 1105 1179 I ImeTracker: com.google.android.apps.nexuslauncher:15318f05: onFailed at PHASE_CLIENT_VIEW_SERVED
09-24 18:39:04.480 1105 1105 D TaplEvents: Pilfer / pilferPointers
09-24 18:39:04.483 561 927 I InputDispatcher: Channel [Gesture Monitor] swipe-up (server) is stealing touch from [2db6a31 com.example.qtquickview_kotlin/com.example.qtquickview_kotlin.MainActivity (server), [Gesture Monitor] edge-swipe (server)]
09-24 18:39:04.489 561 581 D AutofillManagerService: Close system dialogs
09-24 18:39:04.499 807 807 I vol.VolumeDialogImpl: mDialog.dismiss() reason: volume_controller from: com.android.systemui.volume.VolumeDialogImpl$7.onDismissRequested:3
09-24 18:39:04.510 413 429 I BpBinder: onLastStrongRef automatically unlinking death recipients:
09-24 18:39:04.516 807 840 V WindowManagerShell: onTransitionReady android.os.BinderProxy@4f2b1c4: {id=51 t=TO_FRONT f=0x80 trk=0 r=[0@Point(0, 0)] c=[{WCT{android.window.IWindowContainerToken$Stub$Proxy@5ee7e2} m=SHOW f=SHOW_WALLPAPER leash=Surface(name=Task=1)/@0xddbc773 sb=Rect(0, 0 - 1080, 2400) eb=Rect(0, 0 - 1080, 2400) d=0},{WCT{android.window.IWindowContainerToken$Stub$Proxy@34b2630} m=HIDE f=NONE leash=Surface(name=Task=23)/@0x5c212a9 sb=Rect(0, 0 - 1080, 2400) eb=Rect(0, 0 - 1080, 2400) d=0},{null m=SHOW f=IS_WALLPAPER leash=Surface(name=WallpaperWindowToken{c35888f token=android.os.Binder@348cbee})/@0xd07a02e sb=Rect(0, 0 - 1080, 2400) eb=Rect(0, 0 - 1080, 2400) d=0}]}
09-24 18:39:04.517 807 840 V WindowManagerShell: Playing animation for (#51)android.os.BinderProxy@4f2b1c4@0
09-24 18:39:04.517 807 840 V WindowManagerShell: try firstHandler com.android.wm.shell.recents.RecentsTransitionHandler@48ea264
09-24 18:39:04.518 807 840 V ShellRecents: [134919383] RecentsController.start
09-24 18:39:04.519 807 840 V ShellRecents: adding pausing taskId=23
09-24 18:39:04.520 807 840 V ShellRecents: [134919383] RecentsController.start: calling onAnimationStart
09-24 18:39:04.521 807 840 V WindowManagerShell: animated by firstHandler
09-24 18:39:04.523 807 840 V ShellRecents: [134919383] RecentsController.setInputConsumerEnabled: set focus to recents
09-24 18:39:04.534 561 581 V WindowManager: Sent Transition #51 createdAt=09-24 18:39:04.421
09-24 18:39:04.534 561 581 V WindowManager: startWCT=WindowContainerTransaction { changes = {} hops = [{PendingIntent: options=Bundle[{android.activity.splashScreenStyle=-1, android.activity.sourceInfo=android.app.ActivityOptions$SourceInfo@e39384d, android.activity.transientLaunch=true}]}] errorCallbackToken=null taskFragmentOrganizer=null }
09-24 18:39:04.534 561 581 V WindowManager: info={id=51 t=TO_FRONT f=0x80 trk=0 r=[0@Point(0, 0)] c=[{WCT{RemoteToken{5486296 Task{6e71f63 #1 type=home}}} m=SHOW f=SHOW_WALLPAPER leash=Surface(name=Task=1)/@0xbadec5f sb=Rect(0, 0 - 1080, 2400) eb=Rect(0, 0 - 1080, 2400) d=0},{WCT{RemoteToken{2615290 Task{2862ea #23 type=standard A=10184:com.example.qtquickview_kotlin}}} m=HIDE f=NONE leash=Surface(name=Task=23)/@0xa7e6542 sb=Rect(0, 0 - 1080, 2400) eb=Rect(0, 0 - 1080, 2400) d=0},{null m=SHOW f=IS_WALLPAPER leash=Surface(name=WallpaperWindowToken{c35888f token=android.os.Binder@348cbee})/@0x94640b9 sb=Rect(0, 0 - 1080, 2400) eb=Rect(0, 0 - 1080, 2400) d=0}]}
09-24 18:39:04.539 561 694 E HandwritingModeController: Cannot get requestId: Handwriting was not initialized.
09-24 18:39:04.588 5794 5814 D EGL_emulation: app_time_stats: avg=203.11ms min=9.29ms max=1027.00ms count=6
09-24 18:39:05.541 1105 1933 D EGL_emulation: app_time_stats: avg=29.19ms min=9.50ms max=298.61ms count=23
09-24 18:39:05.589 1105 1105 D TaplEvents: TIS / TouchInteractionService.onInputEvent: MotionEvent { action=ACTION_UP, actionButton=0, id[0]=0, x[0]=346.95898, y[0]=111.987305, toolType[0]=TOOL_TYPE_FINGER, buttonState=0, classification=NONE, metaState=0, flags=0x0, edgeFlags=0x0, pointerCount=1, historySize=0, eventTime=388753, downTime=387600, deviceId=4, source=0xd002, displayId=0, eventId=473539093 }
09-24 18:39:05.590 807 832 V ShellRecents: [134919383] RecentsController.detachNavigationBarFromApp
09-24 18:39:05.644 1658 1853 I AiAiEcho: Predicting[0]:
09-24 18:39:05.644 1658 1853 I AiAiEcho: EchoTargets:
09-24 18:39:05.644 1658 1853 I AiAiEcho: Filtered by AiAi flag check:
09-24 18:39:05.645 1658 1853 I AiAiEcho: Ranked targets strategy: SORT, count: 0, ranking metadata:
09-24 18:39:05.646 1658 1853 I AiAiEcho: #postPredictionTargets: Sending updates to UISurface home with targets# 0 (types=[])
09-24 18:39:05.646 1105 1105 D TaplEvents: TIS / TouchInteractionService.onInputEvent: MotionEvent { action=ACTION_DOWN, actionButton=0, id[0]=0, x[0]=346.95898, y[0]=27.978516, toolType[0]=TOOL_TYPE_FINGER, buttonState=0, classification=NONE, metaState=0, flags=0x0, edgeFlags=0x0, pointerCount=1, historySize=0, eventTime=388758, downTime=388758, deviceId=4, source=0xd002, displayId=0, eventId=916995714 }
09-24 18:39:05.647 561 1794 W AppSearchIcing: icing-search-engine.cc:283: Error: 5, Message: Document (com.google.android.googlequicksearchbox$OneSearchZeroStateGoogleSuggestions/default, zp) not found.
09-24 18:39:05.652 1105 2176 D OneSearchSuggestProvider: Created the binder channel successfully for end point service =com.google.android.apps.search.googleapp.search.suggest.plugins.onesearch.server.OneSearchSuggestService , mChannel=z1{delegate=s1{logId=73, target=directaddress:///AndroidComponentAddress%5BIntent%20%7B%20act=grpc.io.action.BIND%20cmp=com.google.android.googlequicksearchbox/com.google.android.apps.search.googleapp.search.suggest.plugins.onesearch.server.OneSearchSuggestService%20%7D%5D}} , mOneSearchConnection=X1.T@66f1639
09-24 18:39:05.656 969 1204 D BtGatt.ScanManager: uid 10116 isForeground true scanMode 1
09-24 18:39:05.658 969 1204 D BtGatt.ScanManager: uid 10116 isForeground true scanMode -1
09-24 18:39:05.700 1932 1932 I A : Created gRPC endpoint to "search" for service class com.google.android.apps.search.googleapp.search.suggest.plugins.onesearch.server.OneSearchSuggestService
09-24 18:39:05.766 413 413 I BpBinder: onLastStrongRef automatically unlinking death recipients:
09-24 18:39:05.863 1932 1932 W A : Can't get WAA status for Mavatar!
09-24 18:39:05.863 1932 1932 W A : java.lang.NullPointerException: Attempt to invoke virtual method 'java.lang.Class java.lang.Object.getClass()' on a null object reference
09-24 18:39:05.863 1932 1932 W A : at com.google.apps.tiktok.dataservice.z.b(PG:1)
09-24 18:39:05.863 1932 1932 W A : at com.google.apps.tiktok.dataservice.at.a(PG:1)
09-24 18:39:05.863 1932 1932 W A : at com.google.apps.tiktok.tracing.ec.a(PG:2)
09-24 18:39:05.863 1932 1932 W A : at com.google.common.util.concurrent.aj.a(PG:2)
09-24 18:39:05.863 1932 1932 W A : at com.google.common.util.concurrent.ac.apply(PG:1)
09-24 18:39:05.863 1932 1932 W A : at com.google.common.util.concurrent.h.e(PG:2)
09-24 18:39:05.863 1932 1932 W A : at com.google.common.util.concurrent.j.run(PG:9)
09-24 18:39:05.863 1932 1932 W A : at com.google.common.util.concurrent.bf.execute(PG:1)
09-24 18:39:05.863 1932 1932 W A : at com.google.common.util.concurrent.d.i(PG:1)
09-24 18:39:05.863 1932 1932 W A : at com.google.common.util.concurrent.d.l(PG:12)
09-24 18:39:05.863 1932 1932 W A : at com.google.common.util.concurrent.d.n(PG:2)
09-24 18:39:05.863 1932 1932 W A : at com.google.common.util.concurrent.i.f(PG:1)
09-24 18:39:05.863 1932 1932 W A : at com.google.common.util.concurrent.j.run(PG:12)
09-24 18:39:05.863 1932 1932 W A : at com.google.android.libraries.i.ae.run(PG:1)
09-24 18:39:05.863 1932 1932 W A : at java.util.concurrent.ThreadPoolExecutor.runWorker(ThreadPoolExecutor.java:1145)
09-24 18:39:05.863 1932 1932 W A : at java.util.concurrent.ThreadPoolExecutor$Worker.run(ThreadPoolExecutor.java:644)
09-24 18:39:05.863 1932 1932 W A : at com.google.android.libraries.i.k.run(PG:2)
09-24 18:39:05.863 1932 1932 W A : at com.google.android.libraries.i.p.run(PG:4)
09-24 18:39:05.863 1932 1932 W A : at java.lang.Thread.run(Thread.java:1012)
09-24 18:39:05.909 1105 1105 D SearchTargetUtil: query= size=0
09-24 18:39:06.078 561 1843 E TaskPersister: File error accessing recents directory (directory doesn't exist?).
09-24 18:39:06.127 355 3297 D android.hardware.audio@7.1-impl.ranchu: threadLoop: entering standby, frames: 4627392
09-24 18:39:06.299 807 1478 V ShellRecents: [134919383] RecentsController.screenshotTask: taskId=23
09-24 18:39:06.306 807 807 D StatusBarIconController: ignoring old pipeline callbacks, because the new mobile icons are enabled
09-24 18:39:06.320 1105 1179 I ImeTracker: com.google.android.apps.nexuslauncher:f5a81597: onRequestHide at ORIGIN_CLIENT_HIDE_SOFT_INPUT reason HIDE_SOFT_INPUT
09-24 18:39:06.320 1105 1179 I ImeTracker: com.google.android.apps.nexuslauncher:f5a81597: onFailed at PHASE_CLIENT_VIEW_SERVED
09-24 18:39:06.320 807 840 V ShellRecents: [134919383] RecentsController.finishInner: toHome=true userLeave=true willFinishToHome=true state=0
09-24 18:39:06.320 807 840 V ShellRecents: normal finish
09-24 18:39:06.320 807 840 V ShellRecents: [134919383] RecentsController.cleanup
09-24 18:39:06.320 807 840 V WindowManagerShell: Transition animation finished (aborted=false), notifying core (#51)android.os.BinderProxy@4f2b1c4@0
09-24 18:39:06.321 561 581 V WindowManager: Finish Transition #51: created at
09-24 18:39:04.421 collect-started=0.396ms started=0.487ms ready=7.082ms sent=87.464ms finished=1900.497ms
09-24 18:39:06.376 807 840 V WindowManagerShell: Track 0 became idle
09-24 18:39:06.376 807 840 V WindowManagerShell: All active transition animations finished
09-24 18:39:06.376 807 840 W Looper : Slow dispatch took 56ms wmshell.main h=android.os.Handler c=com.android.wm.shell.recents.RecentsTransitionHandler$RecentsController$$ExternalSyntheticLambda3@7818b48 m=0
09-24 18:39:06.378 561 584 V WindowManager: Unknown focus tokens, dropping reportFocusChanged
09-24 18:39:06.415 561 1004 I ImeTracker: com.google.android.apps.nexuslauncher:8897bb80: onRequestHide at ORIGIN_SERVER_HIDE_INPUT reason HIDE_UNSPECIFIED_WINDOW
09-24 18:39:06.415 561 1004 I ImeTracker: com.google.android.apps.nexuslauncher:8897bb80: onCancelled at PHASE_SERVER_SHOULD_HIDE
09-24 18:39:06.416 1575 1575 I GoogleInputMethodService: GoogleInputMethodService.onFinishInput():3227
09-24 18:39:06.453 1575 1575 I GoogleInputMethodService: GoogleInputMethodService.updateDeviceLockedStatus():2087 repeatCheckTimes = 0, unlocked = true
09-24 18:39:06.454 1575 1575 I GoogleInputMethodService: GoogleInputMethodService.onStartInput():1877 onStartInput(EditorInfo{inputType=0x0(NULL) imeOptions=0x0 privateImeOptions=null actionName=UNSPECIFIED actionLabel=null actionId=0 initialSelStart=-1 initialSelEnd=-1 initialCapsMode=0x0 hintText=null label=null packageName=com.google.android.apps.nexuslauncher fieldId=0 fieldName=null extras=null}, false)
09-24 18:39:06.454 1575 1575 I GoogleInputMethodService: GoogleInputMethodService.shouldHideHeaderOnInitialState():4008 ShouldHideHeaderOnInitialState = false
09-24 18:39:06.454 1575 1575 I GoogleInputMethodService: GoogleInputMethodService.updateDeviceLockedStatus():2087 repeatCheckTimes = 2, unlocked = true
09-24 18:39:06.470 1105 1105 D TaplEvents: TIS / TouchInteractionService.onInputEvent: MotionEvent { action=ACTION_UP, actionButton=0, id[0]=0, x[0]=346.95898, y[0]=27.978516, toolType[0]=TOOL_TYPE_FINGER, buttonState=0, classification=NONE, metaState=0, flags=0x0, edgeFlags=0x0, pointerCount=1, historySize=0, eventTime=389650, downTime=388758, deviceId=4, source=0xd002, displayId=0, eventId=864607847 }
09-24 18:39:06.546 1105 1933 D EGL_emulation: app_time_stats: avg=29.95ms min=8.93ms max=110.87ms count=28
09-24 18:39:06.809 807 807 D StatusBarIconController: ignoring old pipeline callback because the new wifi icon is enabled
