--------- beginning of main
09-24 18:38:16.263 807 807 D StatusBarIconController: ignoring old pipeline callbacks, because the new mobile icons are enabled
09-24 18:38:16.299 807 897 D EGL_emulation: app_time_stats: avg=16179.35ms min=16179.35ms max=16179.35ms count=1
09-24 18:38:17.735 807 807 D StatusBarIconController: ignoring old pipeline callback because the new wifi icon is enabled --------- beginning of system
09-24 18:38:17.848 561 2218 D OomAdjuster: Not killing cached processes
09-24 18:38:17.849 561 2218 W ProcessStats: Tracking association SourceState{2332bef com.google.android.googlequicksearchbox:interactor/10123 BTop #4931} whose proc state 2 is better than process ProcessState{5e14a07 com.google.android.gms.persistent/10116 pkg=com.google.android.gms} proc state 4 (78 skipped)
09-24 18:38:17.951 1369 5714 I NamespaceManager: Package com.android.refreshratecontrol name not found! Using module version.
09-24 18:38:17.953 1369 5714 I NamespaceManager: Package com.google.oslo name not found! Using module version.
09-24 18:38:17.955 1369 5714 I NamespaceManager: Package com.android.media name not found! Using module version.
09-24 18:38:17.956 1369 5714 I NamespaceManager: Package com.android.media.swcodec name not found! Using module version.
09-24 18:38:17.956 1369 5714 I NamespaceManager: Package com.android.neuralnetworks name not found! Using module version.
09-24 18:38:17.957 1369 5714 I NamespaceManager: Package com.android.media name not found! Using module version.
09-24 18:38:17.959 1369 5714 I NamespaceManager: Package 1 name not found! Using module version.
09-24 18:38:17.960 1369 5714 I NamespaceManager: Package rkpd name not found! Using module version.
09-24 18:38:17.961 1369 5714 I NamespaceManager: Package android.companion name not found! Using module version.
09-24 18:38:17.962 1369 5714 I NamespaceManager: Package com.google.android.aicore name not found! Using module version.
09-24 18:38:17.974 1369 5467 I NetworkScheduler.Stats: Task com.google.android.gms/com.google.android.gms.tapandpay.gcmtask.TapAndPayGcmTaskService started execution. cause:4 exec_start_elapsed_seconds: 341 [CONTEXT service_id=218 ]
09-24 18:38:17.978 1369 5467 V NFC : this device does not have NFC support
09-24 18:38:17.980 1369 5467 W TapAndPay: NfcAdapter is null while obtaining CardEmulation instance. [CONTEXT service_id=79 ]
09-24 18:38:17.980 1369 5467 W TapAndPay: java.lang.NullPointerException: NfcAdapter is null
09-24 18:38:17.980 1369 5467 W TapAndPay: at android.nfc.cardemulation.CardEmulation.getInstance(CardEmulation.java:152)
09-24 18:38:17.980 1369 5467 W TapAndPay: at cdoy.(:com.google.android.gms@231815047@23.18.15 (190800-530983203):0)
09-24 18:38:17.980 1369 5467 W TapAndPay: at com.google.android.gms.tapandpay.hce.task.TapAndPayAidRegistrationTaskOperation.a(:com.google.android.gms@231815047@23.18.15 (190800-530983203):5)
09-24 18:38:17.980 1369 5467 W TapAndPay: at com.google.android.gms.tapandpay.gcmtask.TapAndPayGcmTaskChimeraService.a(:com.google.android.gms@231815047@23.18.15 (190800-530983203):4)
09-24 18:38:17.980 1369 5467 W TapAndPay: at avzs.call(:com.google.android.gms@231815047@23.18.15 (190800-530983203):4)
09-24 18:38:17.980 1369 5467 W TapAndPay: at java.util.concurrent.FutureTask.run(FutureTask.java:264)
09-24 18:38:17.980 1369 5467 W TapAndPay: at aced.c(:com.google.android.gms@231815047@23.18.15 (190800-530983203):6)
09-24 18:38:17.980 1369 5467 W TapAndPay: at aced.run(:com.google.android.gms@231815047@23.18.15 (190800-530983203):7)
09-24 18:38:17.980 1369 5467 W TapAndPay: at java.util.concurrent.ThreadPoolExecutor.runWorker(ThreadPoolExecutor.java:1145)
09-24 18:38:17.980 1369 5467 W TapAndPay: at java.util.concurrent.ThreadPoolExecutor$Worker.run(ThreadPoolExecutor.java:644)
09-24 18:38:17.980 1369 5467 W TapAndPay: at acjn.run(:com.google.android.gms@231815047@23.18.15 (190800-530983203):0)
09-24 18:38:17.980 1369 5467 W TapAndPay: at java.lang.Thread.run(Thread.java:1012)
09-24 18:38:17.984 1369 5467 I NetworkScheduler.Stats: Task com.google.android.gms/com.google.android.gms.tapandpay.gcmtask.TapAndPayGcmTaskService finished executing. cause:4 result: 3 elapsed_millis: 17 uptime_millis: 17 exec_start_elapsed_seconds: 341 [CONTEXT service_id=218 ]
09-24 18:38:18.004 1369 3595 I NetworkScheduler.Stats: Task com.google.android.gms/com.google.android.gms.tapandpay.gcmtask.TapAndPayGcmTaskService started execution. cause:5 exec_start_elapsed_seconds: 341 [CONTEXT service_id=218 ]
09-24 18:38:18.012 1369 3595 I NetworkScheduler.Stats: Task com.google.android.gms/com.google.android.gms.tapandpay.gcmtask.TapAndPayGcmTaskService finished executing. cause:5 result: 1 elapsed_millis: 13 uptime_millis: 13 exec_start_elapsed_seconds: 341 [CONTEXT service_id=218 ]
09-24 18:38:18.039 561 682 I RescueParty: Starting to observe: [com.google.android.ext.services, com.google.android.providers.media.module, android], updated namespace: storage_native_boot
09-24 18:38:18.039 1693 1725 D CompatibilityChangeReporter: Compat change id reported: 150939131; UID 10165; state: ENABLED
09-24 18:38:18.040 561 594 I PackageWatchdog: Syncing state, reason: observing new packages
09-24 18:38:18.043 561 561 I PackageWatchdog: Syncing health check requests for packages: {}
09-24 18:38:18.043 561 561 I ExplicitHealthCheckController: Service not ready to get health check supported packages. Binding...
09-24 18:38:18.043 561 594 D PackageWatchdog: rescue-party-observer added the following packages to monitor [com.google.android.ext.services, com.google.android.providers.media.module, android]
09-24 18:38:18.044 561 594 I PackageWatchdog: Syncing state, reason: updated observers
09-24 18:38:18.050 561 594 I PackageWatchdog: Saving observer state to file
09-24 18:38:18.053 561 837 E SettingsToPropertiesMapper: key=persist.device_config.storage_native_boot.transcode_compat_manifest value=com.yelp.android,0,com.yy.biu,0,com.groupme.android,0,air.tv.douyu.android,0,com.baidu.mbaby,0,com.vlocker.locker,0,com.znxh.hyhuo,0,com.yixia.xiaokaxiu,0 exceeds system property max length.
09-24 18:38:18.054 561 561 I ExplicitHealthCheckController: Explicit health check service is bound
09-24 18:38:18.054 561 561 I PackageWatchdog: Syncing health check requests for packages: {}
09-24 18:38:18.056 561 561 I ExplicitHealthCheckController: Service not ready to get health check supported packages. Binding...
09-24 18:38:18.057 561 561 I ExplicitHealthCheckController: Not binding to service, service already connecting
09-24 18:38:18.061 561 561 I ExplicitHealthCheckController: Explicit health check service is connected ComponentInfo{com.google.android.ext.services/android.ext.services.watchdog.ExplicitHealthCheckServiceImpl}
09-24 18:38:18.061 561 561 I ExplicitHealthCheckController: Service initialized, syncing requests
09-24 18:38:18.062 561 561 I PackageWatchdog: Syncing health check requests for packages: {}
09-24 18:38:18.063 561 561 D ExplicitHealthCheckController: Getting health check supported packages
09-24 18:38:18.064 561 2168 I ExplicitHealthCheckController: Explicit health check supported packages [PackageConfig{com.google.android.networkstack, 86400000}]
09-24 18:38:18.065 561 2168 D PackageWatchdog: Received supported packages [PackageConfig{com.google.android.networkstack, 86400000}]
09-24 18:38:18.065 561 2168 D ExplicitHealthCheckController: Getting health check requested packages
09-24 18:38:18.066 561 1004 I ExplicitHealthCheckController: Explicit health check requested packages []
09-24 18:38:18.066 561 1004 I ExplicitHealthCheckController: No more health check requests, unbinding...
09-24 18:38:18.067 561 1004 I ExplicitHealthCheckController: Explicit health check service is unbound
09-24 18:38:18.069 1693 1763 I TranscodeHelper: Empty transcode compat stale
09-24 18:38:18.074 1693 1763 I TranscodeHelper: Parsed 0 packages from resource
09-24 18:38:18.074 1693 1763 I TranscodeHelper: Parsed 8 packages from device config
09-24 18:38:18.074 1693 1763 I MediaProvider: Changed PhotoPickerGetContentActivity component state to STATE_ENABLED ( 1 )
09-24 18:38:18.075 1693 1763 I MediaProvider: Changed PhotoPickerUserSelectActivity component state to STATE_ENABLED ( 1 )
09-24 18:38:18.075 1693 1763 I MediaApplication: PhotoPickerSettingsActivity is now disabled.
09-24 18:38:18.081 1369 5714 I bwir : updateFromConfigurations using legacy put method [CONTEXT service_id=204 ]
09-24 18:38:18.092 1369 5714 I NamespaceManager: Package com.android.refreshratecontrol name not found! Using module version.
09-24 18:38:18.092 1369 5714 I NamespaceManager: Package com.google.oslo name not found! Using module version.
09-24 18:38:18.092 1369 5714 I NamespaceManager: Package com.android.media name not found! Using module version.
09-24 18:38:18.092 1369 5714 I NamespaceManager: Package com.android.media.swcodec name not found! Using module version.
09-24 18:38:18.092 1369 5714 I NamespaceManager: Package com.android.neuralnetworks name not found! Using module version.
09-24 18:38:18.092 1369 5714 I NamespaceManager: Package com.android.media name not found! Using module version.
09-24 18:38:18.093 1369 5714 I NamespaceManager: Package 1 name not found! Using module version.
09-24 18:38:18.093 1369 5714 I NamespaceManager: Package rkpd name not found! Using module version.
09-24 18:38:18.093 1369 5714 I NamespaceManager: Package android.companion name not found! Using module version.
09-24 18:38:18.093 1369 5714 I NamespaceManager: Package com.google.android.aicore name not found! Using module version.
09-24 18:38:18.127 561 682 I RescueParty: Starting to observe: [android], updated namespace: clipboard
09-24 18:38:18.127 561 594 I PackageWatchdog: Syncing state, reason: observing new packages
09-24 18:38:18.127 561 594 D PackageWatchdog: rescue-party-observer added the following packages to monitor [android]
09-24 18:38:18.127 561 594 I PackageWatchdog: Syncing state, reason: updated observers
09-24 18:38:18.127 561 594 I PackageWatchdog: Not pruning observers, elapsed time: 0ms
09-24 18:38:18.127 561 594 I PackageWatchdog: Saving observer state to file
09-24 18:38:18.128 561 561 I PackageWatchdog: Syncing health check requests for packages: {}
09-24 18:38:18.128 561 561 I ExplicitHealthCheckController: Service not ready to get health check supported packages. Binding...
09-24 18:38:18.129 561 561 I ExplicitHealthCheckController: Explicit health check service is bound
09-24 18:38:18.131 561 561 I ExplicitHealthCheckController: Explicit health check service is connected ComponentInfo{com.google.android.ext.services/android.ext.services.watchdog.ExplicitHealthCheckServiceImpl}
09-24 18:38:18.131 561 561 I ExplicitHealthCheckController: Service initialized, syncing requests
09-24 18:38:18.131 561 561 I PackageWatchdog: Syncing health check requests for packages: {}
09-24 18:38:18.131 561 561 D ExplicitHealthCheckController: Getting health check supported packages
09-24 18:38:18.132 561 1004 I ExplicitHealthCheckController: Explicit health check supported packages [PackageConfig{com.google.android.networkstack, 86400000}]
09-24 18:38:18.132 561 1004 D PackageWatchdog: Received supported packages [PackageConfig{com.google.android.networkstack, 86400000}]
09-24 18:38:18.132 561 1004 D ExplicitHealthCheckController: Getting health check requested packages
09-24 18:38:18.133 561 1004 I ExplicitHealthCheckController: Explicit health check requested packages []
09-24 18:38:18.133 561 1004 I ExplicitHealthCheckController: No more health check requests, unbinding...
09-24 18:38:18.134 561 1004 I ExplicitHealthCheckController: Explicit health check service is unbound
09-24 18:38:18.134 561 682 I RescueParty: Starting to observe: [android], updated namespace: nearby
09-24 18:38:18.135 561 594 I PackageWatchdog: Syncing state, reason: observing new packages
09-24 18:38:18.135 561 594 D PackageWatchdog: rescue-party-observer added the following packages to monitor [android]
09-24 18:38:18.135 561 594 I PackageWatchdog: Syncing state, reason: updated observers
09-24 18:38:18.135 561 594 I PackageWatchdog: Not pruning observers, elapsed time: 0ms
09-24 18:38:18.135 561 594 I PackageWatchdog: Saving observer state to file
09-24 18:38:18.137 561 561 I PackageWatchdog: Syncing health check requests for packages: {}
09-24 18:38:18.137 561 561 I ExplicitHealthCheckController: Service not ready to get health check supported packages. Binding...
09-24 18:38:18.139 561 561 I ExplicitHealthCheckController: Explicit health check service is bound
09-24 18:38:18.140 561 561 I ExplicitHealthCheckController: Explicit health check service is connected ComponentInfo{com.google.android.ext.services/android.ext.services.watchdog.ExplicitHealthCheckServiceImpl}
09-24 18:38:18.140 561 561 I ExplicitHealthCheckController: Service initialized, syncing requests
09-24 18:38:18.141 561 561 I PackageWatchdog: Syncing health check requests for packages: {}
09-24 18:38:18.141 561 561 D ExplicitHealthCheckController: Getting health check supported packages
09-24 18:38:18.141 561 1004 I ExplicitHealthCheckController: Explicit health check supported packages [PackageConfig{com.google.android.networkstack, 86400000}]
09-24 18:38:18.141 561 1004 D PackageWatchdog: Received supported packages [PackageConfig{com.google.android.networkstack, 86400000}]
09-24 18:38:18.141 561 1004 D ExplicitHealthCheckController: Getting health check requested packages
09-24 18:38:18.142 561 1004 I ExplicitHealthCheckController: Explicit health check requested packages []
09-24 18:38:18.142 561 1004 I ExplicitHealthCheckController: No more health check requests, unbinding...
09-24 18:38:18.142 561 1004 I ExplicitHealthCheckController: Explicit health check service is unbound
09-24 18:38:18.144 561 682 I RescueParty: Starting to observe: [com.google.android.networkstack], updated namespace: connectivity
09-24 18:38:18.145 561 594 I PackageWatchdog: Syncing state, reason: observing new packages
09-24 18:38:18.145 561 594 D PackageWatchdog: rescue-party-observer added the following packages to monitor [com.google.android.networkstack]
09-24 18:38:18.145 561 594 I PackageWatchdog: Syncing state, reason: updated observers
09-24 18:38:18.145 561 594 I PackageWatchdog: Not pruning observers, elapsed time: 0ms
09-24 18:38:18.145 561 594 I PackageWatchdog: Saving observer state to file
09-24 18:38:18.147 933 952 D CompatibilityChangeReporter: Compat change id reported: 150939131; UID 1073; state: ENABLED
09-24 18:38:18.149 561 561 I PackageWatchdog: Syncing health check requests for packages: {}
09-24 18:38:18.150 561 561 I ExplicitHealthCheckController: Service not ready to get health check supported packages. Binding...
09-24 18:38:18.154 561 682 I RescueParty: Starting to observe: [com.google.android.permissioncontroller], updated namespace: permissions
09-24 18:38:18.154 561 561 I ExplicitHealthCheckController: Explicit health check service is bound
09-24 18:38:18.155 561 561 I ExplicitHealthCheckController: Explicit health check service is connected ComponentInfo{com.google.android.ext.services/android.ext.services.watchdog.ExplicitHealthCheckServiceImpl}
09-24 18:38:18.156 561 561 I ExplicitHealthCheckController: Service initialized, syncing requests
09-24 18:38:18.156 561 561 I PackageWatchdog: Syncing health check requests for packages: {}
09-24 18:38:18.156 561 561 D ExplicitHealthCheckController: Getting health check supported packages
09-24 18:38:18.156 561 1004 I ExplicitHealthCheckController: Explicit health check supported packages [PackageConfig{com.google.android.networkstack, 86400000}]
09-24 18:38:18.157 561 1004 D PackageWatchdog: Received supported packages [PackageConfig{com.google.android.networkstack, 86400000}]
09-24 18:38:18.157 561 1004 D ExplicitHealthCheckController: Getting health check requested packages
09-24 18:38:18.157 561 1004 I ExplicitHealthCheckController: Explicit health check requested packages []
09-24 18:38:18.157 561 594 I PackageWatchdog: Syncing state, reason: observing new packages
09-24 18:38:18.157 561 561 I PackageWatchdog: Syncing health check requests for packages: {}
09-24 18:38:18.157 561 1004 I ExplicitHealthCheckController: No more health check requests, unbinding...
09-24 18:38:18.158 561 594 D PackageWatchdog: rescue-party-observer added the following packages to monitor [com.google.android.permissioncontroller]
09-24 18:38:18.158 561 594 I PackageWatchdog: Syncing state, reason: updated observers
09-24 18:38:18.158 561 594 I PackageWatchdog: Not pruning observers, elapsed time: 0ms
09-24 18:38:18.158 561 594 I PackageWatchdog: Saving observer state to file
09-24 18:38:18.158 561 1004 I ExplicitHealthCheckController: Explicit health check service is unbound
09-24 18:38:18.159 561 561 I ExplicitHealthCheckController: Service not ready to get health check supported packages. Binding...
09-24 18:38:18.159 561 561 I ExplicitHealthCheckController: Explicit health check service is bound
09-24 18:38:18.160 561 561 I PackageWatchdog: Syncing health check requests for packages: {}
09-24 18:38:18.161 561 561 I ExplicitHealthCheckController: Service not ready to get health check supported packages. Binding...
09-24 18:38:18.161 561 561 I ExplicitHealthCheckController: Not binding to service, service already connecting
09-24 18:38:18.162 561 561 I ExplicitHealthCheckController: Explicit health check service is connected ComponentInfo{com.google.android.ext.services/android.ext.services.watchdog.ExplicitHealthCheckServiceImpl}
09-24 18:38:18.162 561 561 I ExplicitHealthCheckController: Service initialized, syncing requests
09-24 18:38:18.162 561 561 I PackageWatchdog: Syncing health check requests for packages: {}
09-24 18:38:18.162 561 561 D ExplicitHealthCheckController: Getting health check supported packages
09-24 18:38:18.163 561 1004 I ExplicitHealthCheckController: Explicit health check supported packages [PackageConfig{com.google.android.networkstack, 86400000}]
09-24 18:38:18.163 561 1004 D PackageWatchdog: Received supported packages [PackageConfig{com.google.android.networkstack, 86400000}]
09-24 18:38:18.163 561 1004 D ExplicitHealthCheckController: Getting health check requested packages
09-24 18:38:18.164 561 1004 I ExplicitHealthCheckController: Explicit health check requested packages []
09-24 18:38:18.164 561 1004 I ExplicitHealthCheckController: No more health check requests, unbinding...
09-24 18:38:18.164 561 1004 I ExplicitHealthCheckController: Explicit health check service is unbound
09-24 18:38:18.192 561 682 I RescueParty: Starting to observe: [android], updated namespace: wifi
09-24 18:38:18.193 561 594 I PackageWatchdog: Syncing state, reason: observing new packages
09-24 18:38:18.193 561 594 D PackageWatchdog: rescue-party-observer added the following packages to monitor [android]
09-24 18:38:18.193 561 594 I PackageWatchdog: Syncing state, reason: updated observers
09-24 18:38:18.193 561 594 I PackageWatchdog: Not pruning observers, elapsed time: 0ms
09-24 18:38:18.193 561 594 I PackageWatchdog: Saving observer state to file
09-24 18:38:18.219 561 561 I PackageWatchdog: Syncing health check requests for packages: {}
09-24 18:38:18.220 561 561 I ExplicitHealthCheckController: Service not ready to get health check supported packages. Binding...
09-24 18:38:18.221 561 561 I ExplicitHealthCheckController: Explicit health check service is bound
09-24 18:38:18.222 561 561 I ExplicitHealthCheckController: Explicit health check service is connected ComponentInfo{com.google.android.ext.services/android.ext.services.watchdog.ExplicitHealthCheckServiceImpl}
09-24 18:38:18.223 561 561 I ExplicitHealthCheckController: Service initialized, syncing requests
09-24 18:38:18.223 561 561 I PackageWatchdog: Syncing health check requests for packages: {}
09-24 18:38:18.223 561 561 D ExplicitHealthCheckController: Getting health check supported packages
09-24 18:38:18.223 561 1004 I ExplicitHealthCheckController: Explicit health check supported packages [PackageConfig{com.google.android.networkstack, 86400000}]
09-24 18:38:18.223 561 1004 D PackageWatchdog: Received supported packages [PackageConfig{com.google.android.networkstack, 86400000}]
09-24 18:38:18.223 561 1004 D ExplicitHealthCheckController: Getting health check requested packages
09-24 18:38:18.224 561 2218 I ExplicitHealthCheckController: Explicit health check requested packages []
09-24 18:38:18.224 561 2218 I ExplicitHealthCheckController: No more health check requests, unbinding...
09-24 18:38:18.224 561 682 I RescueParty: Starting to observe: [android], updated namespace: appsearch
09-24 18:38:18.224 561 594 I PackageWatchdog: Syncing state, reason: observing new packages
09-24 18:38:18.225 561 594 D PackageWatchdog: rescue-party-observer added the following packages to monitor [android]
09-24 18:38:18.225 561 594 I PackageWatchdog: Syncing state, reason: updated observers
09-24 18:38:18.225 561 594 I PackageWatchdog: Not pruning observers, elapsed time: 0ms
09-24 18:38:18.225 561 594 I PackageWatchdog: Saving observer state to file
09-24 18:38:18.225 561 2218 I ExplicitHealthCheckController: Explicit health check service is unbound
09-24 18:38:18.227 561 561 I PackageWatchdog: Syncing health check requests for packages: {}
09-24 18:38:18.227 561 561 I ExplicitHealthCheckController: Service not ready to get health check supported packages. Binding...
09-24 18:38:18.228 561 561 I ExplicitHealthCheckController: Explicit health check service is bound
09-24 18:38:18.232 561 561 I ExplicitHealthCheckController: Explicit health check service is connected ComponentInfo{com.google.android.ext.services/android.ext.services.watchdog.ExplicitHealthCheckServiceImpl}
09-24 18:38:18.232 561 561 I ExplicitHealthCheckController: Service initialized, syncing requests
09-24 18:38:18.233 561 561 I PackageWatchdog: Syncing health check requests for packages: {}
09-24 18:38:18.233 561 561 D ExplicitHealthCheckController: Getting health check supported packages
09-24 18:38:18.233 561 1004 I ExplicitHealthCheckController: Explicit health check supported packages [PackageConfig{com.google.android.networkstack, 86400000}]
09-24 18:38:18.233 561 1004 D PackageWatchdog: Received supported packages [PackageConfig{com.google.android.networkstack, 86400000}]
09-24 18:38:18.233 561 1004 D ExplicitHealthCheckController: Getting health check requested packages
09-24 18:38:18.234 561 1004 I ExplicitHealthCheckController: Explicit health check requested packages []
09-24 18:38:18.234 561 1004 I ExplicitHealthCheckController: No more health check requests, unbinding...
09-24 18:38:18.234 561 1004 I ExplicitHealthCheckController: Explicit health check service is unbound
09-24 18:38:18.242 561 682 I RescueParty: Starting to observe: [com.google.android.apps.nexuslauncher, com.android.settings, com.android.systemui], updated namespace: interaction_jank_monitor
09-24 18:38:18.242 561 594 I PackageWatchdog: Syncing state, reason: observing new packages
09-24 18:38:18.242 561 594 D PackageWatchdog: rescue-party-observer added the following packages to monitor [com.google.android.apps.nexuslauncher, com.android.settings, com.android.systemui]
09-24 18:38:18.242 561 594 I PackageWatchdog: Syncing state, reason: updated observers
09-24 18:38:18.242 561 594 I PackageWatchdog: Not pruning observers, elapsed time: 0ms
09-24 18:38:18.242 561 594 I PackageWatchdog: Saving observer state to file
09-24 18:38:18.242 807 1490 D CompatibilityChangeReporter: Compat change id reported: 150939131; UID 10159; state: ENABLED
09-24 18:38:18.244 561 561 I PackageWatchdog: Syncing health check requests for packages: {}
09-24 18:38:18.244 561 561 I ExplicitHealthCheckController: Service not ready to get health check supported packages. Binding...
09-24 18:38:18.246 561 561 I ExplicitHealthCheckController: Explicit health check service is bound
09-24 18:38:18.247 561 682 I RescueParty: Starting to observe: [android], updated namespace: wearable_sensing
09-24 18:38:18.249 561 594 I PackageWatchdog: Syncing state, reason: observing new packages
09-24 18:38:18.249 561 594 D PackageWatchdog: rescue-party-observer added the following packages to monitor [android]
09-24 18:38:18.249 561 594 I PackageWatchdog: Syncing state, reason: updated observers
09-24 18:38:18.249 561 594 I PackageWatchdog: Not pruning observers, elapsed time: 0ms
09-24 18:38:18.249 561 594 I PackageWatchdog: Saving observer state to file
09-24 18:38:18.250 561 561 I PackageWatchdog: Syncing health check requests for packages: {}
09-24 18:38:18.251 561 561 I ExplicitHealthCheckController: Service not ready to get health check supported packages. Binding...
09-24 18:38:18.251 561 561 I ExplicitHealthCheckController: Not binding to service, service already connecting
09-24 18:38:18.251 561 561 I ExplicitHealthCheckController: Explicit health check service is connected ComponentInfo{com.google.android.ext.services/android.ext.services.watchdog.ExplicitHealthCheckServiceImpl}
09-24 18:38:18.251 561 561 I ExplicitHealthCheckController: Service initialized, syncing requests
09-24 18:38:18.252 561 561 I PackageWatchdog: Syncing health check requests for packages: {}
09-24 18:38:18.252 561 561 D ExplicitHealthCheckController: Getting health check supported packages
09-24 18:38:18.252 561 1004 I ExplicitHealthCheckController: Explicit health check supported packages [PackageConfig{com.google.android.networkstack, 86400000}]
09-24 18:38:18.252 561 1004 D PackageWatchdog: Received supported packages [PackageConfig{com.google.android.networkstack, 86400000}]
09-24 18:38:18.252 561 1004 D ExplicitHealthCheckController: Getting health check requested packages
09-24 18:38:18.252 561 1004 I ExplicitHealthCheckController: Explicit health check requested packages []
09-24 18:38:18.253 561 1004 I ExplicitHealthCheckController: No more health check requests, unbinding...
09-24 18:38:18.253 561 1004 I ExplicitHealthCheckController: Explicit health check service is unbound
09-24 18:38:18.307 561 682 I RescueParty: Starting to observe: [com.google.android.adservices.api, android], updated namespace: adservices
09-24 18:38:18.307 561 594 I PackageWatchdog: Syncing state, reason: observing new packages
09-24 18:38:18.307 561 594 D PackageWatchdog: rescue-party-observer added the following packages to monitor [com.google.android.adservices.api, android]
09-24 18:38:18.307 561 594 I PackageWatchdog: Syncing state, reason: updated observers
09-24 18:38:18.307 561 594 I PackageWatchdog: Not pruning observers, elapsed time: 0ms
09-24 18:38:18.307 561 594 I PackageWatchdog: Saving observer state to file
09-24 18:38:18.308 561 561 I PackageWatchdog: Syncing health check requests for packages: {}
09-24 18:38:18.308 561 561 I ExplicitHealthCheckController: Service not ready to get health check supported packages. Binding...
09-24 18:38:18.309 561 561 I ExplicitHealthCheckController: Explicit health check service is bound
09-24 18:38:18.309 561 561 I PackageWatchdog: Syncing health check requests for packages: {}
09-24 18:38:18.309 561 561 I ExplicitHealthCheckController: Service not ready to get health check supported packages. Binding...
09-24 18:38:18.309 561 561 I ExplicitHealthCheckController: Not binding to service, service already connecting
09-24 18:38:18.311 561 561 I ExplicitHealthCheckController: Explicit health check service is connected ComponentInfo{com.google.android.ext.services/android.ext.services.watchdog.ExplicitHealthCheckServiceImpl}
09-24 18:38:18.311 561 561 I ExplicitHealthCheckController: Service initialized, syncing requests
09-24 18:38:18.318 561 561 I PackageWatchdog: Syncing health check requests for packages: {}
09-24 18:38:18.318 561 561 D ExplicitHealthCheckController: Getting health check supported packages
09-24 18:38:18.318 561 1004 I ExplicitHealthCheckController: Explicit health check supported packages [PackageConfig{com.google.android.networkstack, 86400000}]
09-24 18:38:18.319 561 1004 D PackageWatchdog: Received supported packages [PackageConfig{com.google.android.networkstack, 86400000}]
09-24 18:38:18.319 561 1004 D ExplicitHealthCheckController: Getting health check requested packages
09-24 18:38:18.319 561 1004 I ExplicitHealthCheckController: Explicit health check requested packages []
09-24 18:38:18.319 561 1004 I ExplicitHealthCheckController: No more health check requests, unbinding...
09-24 18:38:18.319 561 1004 I ExplicitHealthCheckController: Explicit health check service is unbound
09-24 18:38:18.326 561 682 I RescueParty: Starting to observe: [android], updated namespace: tare
09-24 18:38:18.327 561 594 I PackageWatchdog: Syncing state, reason: observing new packages
09-24 18:38:18.327 561 594 D PackageWatchdog: rescue-party-observer added the following packages to monitor [android]
09-24 18:38:18.327 561 594 I PackageWatchdog: Syncing state, reason: updated observers
09-24 18:38:18.327 561 594 I PackageWatchdog: Not pruning observers, elapsed time: 0ms
09-24 18:38:18.327 561 594 I PackageWatchdog: Saving observer state to file
09-24 18:38:18.328 561 561 I PackageWatchdog: Syncing health check requests for packages: {}
09-24 18:38:18.328 561 561 I ExplicitHealthCheckController: Service not ready to get health check supported packages. Binding...
09-24 18:38:18.329 561 561 I ExplicitHealthCheckController: Explicit health check service is bound
09-24 18:38:18.330 561 561 I ExplicitHealthCheckController: Explicit health check service is connected ComponentInfo{com.google.android.ext.services/android.ext.services.watchdog.ExplicitHealthCheckServiceImpl}
09-24 18:38:18.330 561 561 I ExplicitHealthCheckController: Service initialized, syncing requests
09-24 18:38:18.330 561 561 I PackageWatchdog: Syncing health check requests for packages: {}
09-24 18:38:18.331 561 561 D ExplicitHealthCheckController: Getting health check supported packages
09-24 18:38:18.331 561 1873 I ExplicitHealthCheckController: Explicit health check supported packages [PackageConfig{com.google.android.networkstack, 86400000}]
09-24 18:38:18.331 561 1873 D PackageWatchdog: Received supported packages [PackageConfig{com.google.android.networkstack, 86400000}]
09-24 18:38:18.331 561 1873 D ExplicitHealthCheckController: Getting health check requested packages
09-24 18:38:18.331 561 1873 I ExplicitHealthCheckController: Explicit health check requested packages []
09-24 18:38:18.331 561 1873 I ExplicitHealthCheckController: No more health check requests, unbinding...
09-24 18:38:18.332 561 1873 I ExplicitHealthCheckController: Explicit health check service is unbound --------- beginning of kernel
09-24 18:38:18.430 0 0 I init : processing action (persist.device_config.lmkd_native.thrashing_limit_critical=*) from (/system/etc/init/lmkd.rc:44)
09-24 18:38:18.431 0 0 I init : processing action (lmkd.reinit=1) from (/system/etc/init/lmkd.rc:10)
09-24 18:38:18.431 0 0 I init : starting service 'exec 23 (/system/bin/lmkd --reinit)'...
09-24 18:38:18.352 561 682 I RescueParty: Starting to observe: [com.android.settings], updated namespace: auto_pin_confirmation
09-24 18:38:18.352 561 594 I PackageWatchdog: Syncing state, reason: observing new packages
09-24 18:38:18.352 561 594 D PackageWatchdog: rescue-party-observer added the following packages to monitor [com.android.settings]
09-24 18:38:18.352 561 594 I PackageWatchdog: Syncing state, reason: updated observers
09-24 18:38:18.352 561 594 I PackageWatchdog: Not pruning observers, elapsed time: 0ms
09-24 18:38:18.352 561 594 I PackageWatchdog: Saving observer state to file
09-24 18:38:18.352 561 561 I PackageWatchdog: Syncing health check requests for packages: {}
09-24 18:38:18.352 561 561 I ExplicitHealthCheckController: Service not ready to get health check supported packages. Binding...
09-24 18:38:18.353 561 561 I ExplicitHealthCheckController: Explicit health check service is bound
09-24 18:38:18.353 561 561 I PackageWatchdog: Syncing health check requests for packages: {}
09-24 18:38:18.353 561 561 I ExplicitHealthCheckController: Service not ready to get health check supported packages. Binding...
09-24 18:38:18.353 561 561 I ExplicitHealthCheckController: Not binding to service, service already connecting
09-24 18:38:18.354 561 561 I ExplicitHealthCheckController: Explicit health check service is connected ComponentInfo{com.google.android.ext.services/android.ext.services.watchdog.ExplicitHealthCheckServiceImpl}
09-24 18:38:18.354 561 561 I ExplicitHealthCheckController: Service initialized, syncing requests
09-24 18:38:18.354 561 561 I PackageWatchdog: Syncing health check requests for packages: {}
09-24 18:38:18.354 561 561 D ExplicitHealthCheckController: Getting health check supported packages
09-24 18:38:18.354 561 2168 I ExplicitHealthCheckController: Explicit health check supported packages [PackageConfig{com.google.android.networkstack, 86400000}]
09-24 18:38:18.355 561 2168 D PackageWatchdog: Received supported packages [PackageConfig{com.google.android.networkstack, 86400000}]
09-24 18:38:18.355 561 2168 D ExplicitHealthCheckController: Getting health check requested packages
09-24 18:38:18.355 561 2168 I ExplicitHealthCheckController: Explicit health check requested packages []
09-24 18:38:18.355 561 2168 I ExplicitHealthCheckController: No more health check requests, unbinding...
09-24 18:38:18.355 561 2168 I ExplicitHealthCheckController: Explicit health check service is unbound
09-24 18:38:18.359 561 682 I RescueParty: Starting to observe: [android], updated namespace: display_manager
09-24 18:38:18.359 561 594 I PackageWatchdog: Syncing state, reason: observing new packages
09-24 18:38:18.360 561 594 D PackageWatchdog: rescue-party-observer added the following packages to monitor [android]
09-24 18:38:18.360 561 594 I PackageWatchdog: Syncing state, reason: updated observers
09-24 18:38:18.360 561 594 I PackageWatchdog: Not pruning observers, elapsed time: 0ms
09-24 18:38:18.360 561 594 I PackageWatchdog: Saving observer state to file
09-24 18:38:18.361 561 561 I PackageWatchdog: Syncing health check requests for packages: {}
09-24 18:38:18.361 561 561 I ExplicitHealthCheckController: Service not ready to get health check supported packages. Binding...
09-24 18:38:18.362 561 561 I ExplicitHealthCheckController: Explicit health check service is bound
09-24 18:38:18.362 561 561 I ExplicitHealthCheckController: Explicit health check service is connected ComponentInfo{com.google.android.ext.services/android.ext.services.watchdog.ExplicitHealthCheckServiceImpl}
09-24 18:38:18.363 561 561 I ExplicitHealthCheckController: Service initialized, syncing requests
09-24 18:38:18.363 561 561 I PackageWatchdog: Syncing health check requests for packages: {}
09-24 18:38:18.363 561 561 D ExplicitHealthCheckController: Getting health check supported packages
09-24 18:38:18.364 561 612 W BrightnessThrottler: DeviceConfig ThermalBrightnessThrottlingData is null
09-24 18:38:18.365 561 1004 I ExplicitHealthCheckController: Explicit health check supported packages [PackageConfig{com.google.android.networkstack, 86400000}]
09-24 18:38:18.365 561 1004 D PackageWatchdog: Received supported packages [PackageConfig{com.google.android.networkstack, 86400000}]
09-24 18:38:18.365 561 1004 D ExplicitHealthCheckController: Getting health check requested packages
09-24 18:38:18.365 561 1004 I ExplicitHealthCheckController: Explicit health check requested packages []
09-24 18:38:18.365 561 1004 I ExplicitHealthCheckController: No more health check requests, unbinding...
09-24 18:38:18.365 561 1004 I ExplicitHealthCheckController: Explicit health check service is unbound
09-24 18:38:18.371 561 682 I RescueParty: Starting to observe: [com.android.settings], updated namespace: activity_manager
09-24 18:38:18.376 561 594 I PackageWatchdog: Syncing state, reason: observing new packages
09-24 18:38:18.376 561 594 D PackageWatchdog: rescue-party-observer added the following packages to monitor [com.android.settings]
09-24 18:38:18.377 561 594 I PackageWatchdog: Syncing state, reason: updated observers
09-24 18:38:18.377 561 594 I PackageWatchdog: Not pruning observers, elapsed time: 0ms
09-24 18:38:18.377 561 594 I PackageWatchdog: Saving observer state to file
09-24 18:38:18.461 0 0 I init : ... started service 'exec 23 (/system/bin/lmkd --reinit)' has pid 5725
09-24 18:38:18.379 561 561 I PackageWatchdog: Syncing health check requests for packages: {}
09-24 18:38:18.379 561 561 I ExplicitHealthCheckController: Service not ready to get health check supported packages. Binding...
09-24 18:38:18.380 561 561 I ExplicitHealthCheckController: Explicit health check service is bound
09-24 18:38:18.382 561 561 I AutofillManagerService: Ignoring change on package_deny_list_for_unimportant_view
09-24 18:38:18.383 561 582 D AutofillUI: destroySaveUiUiThread(): already destroyed
09-24 18:38:18.393 153 153 I lowmemorykiller: lmkd data connection established
09-24 18:38:18.403 561 561 D AutofillManagerServiceImpl: Set component for user 0 as ComponentInfo{com.google.android.gms/com.google.android.gms.autofill.service.AutofillService} and info as ServiceInfo{abea000 com.google.android.gms.autofill.service.AutofillService}
09-24 18:38:18.408 561 561 I AutofillManagerService: Ignoring change on trigger_fill_request_on_filtered_important_views
09-24 18:38:18.408 561 561 I AutofillManagerService: Ignoring change on package_and_activity_allowlist_for_triggering_fill_request
09-24 18:38:18.408 561 561 I AutofillManagerService: Ignoring change on multiline_filter_enabled
09-24 18:38:18.408 561 561 I AutofillManagerService: Ignoring change on augmented_autofill_mode
09-24 18:38:18.408 561 561 I AutofillManagerService: Ignoring change on autofill_dialog_hints
09-24 18:38:18.408 561 561 I AutofillManagerService: Ignoring change on include_all_views_in_assist_structure
09-24 18:38:18.408 561 561 I AutofillManagerService: Ignoring change on should_enable_autofill_on_all_view_types
09-24 18:38:18.408 561 561 I AutofillManagerService: Ignoring change on autofill_save_dialog_landscape_body_height_max_percent
09-24 18:38:18.408 561 561 I AutofillManagerService: Ignoring change on non_autofillable_ime_action_ids
09-24 18:38:18.408 561 561 I AutofillManagerService: Ignoring change on autofill_save_dialog_portrait_body_height_max_percent
09-24 18:38:18.408 561 561 I AutofillManagerService: Ignoring change on include_all_autofill_type_not_none_views_in_assist_structure
09-24 18:38:18.408 561 561 I AutofillManagerService: Ignoring change on trigger_fill_request_on_unimportant_view
09-24 18:38:18.408 561 561 I AutofillManagerService: Ignoring change on autofill_dialog_enabled
09-24 18:38:18.408 561 561 I ExplicitHealthCheckController: Explicit health check service is connected ComponentInfo{com.google.android.ext.services/android.ext.services.watchdog.ExplicitHealthCheckServiceImpl}
09-24 18:38:18.408 561 561 I ExplicitHealthCheckController: Service initialized, syncing requests
09-24 18:38:18.410 561 561 W ServiceConnector.Impl: mayInterruptIfRunning not supported - ignoring
09-24 18:38:18.414 1658 1658 D AugmentedAutofillService: onUnbind(): no proxy to destroy
09-24 18:38:18.414 561 561 I PackageWatchdog: Syncing health check requests for packages: {}
09-24 18:38:18.414 561 561 D ExplicitHealthCheckController: Getting health check supported packages
09-24 18:38:18.416 561 1873 I ExplicitHealthCheckController: Explicit health check supported packages [PackageConfig{com.google.android.networkstack, 86400000}]
09-24 18:38:18.416 561 1873 D PackageWatchdog: Received supported packages [PackageConfig{com.google.android.networkstack, 86400000}]
09-24 18:38:18.416 561 1873 D ExplicitHealthCheckController: Getting health check requested packages
09-24 18:38:18.416 561 1004 I ExplicitHealthCheckController: Explicit health check requested packages []
09-24 18:38:18.417 561 1004 I ExplicitHealthCheckController: No more health check requests, unbinding...
09-24 18:38:18.417 561 1004 I ExplicitHealthCheckController: Explicit health check service is unbound
09-24 18:38:18.418 1658 2611 I AiAiAutofill: Disconnected AiAiAugmentedAutofillService.
09-24 18:38:18.419 1658 1658 I AiAiAutofill: Created AiAiAugmentedAutofillService.
09-24 18:38:18.420 1658 1658 D AugmentedAutofillService: handleOnConnected(): debug=true, verbose=false
09-24 18:38:18.426 561 682 I RescueParty: Starting to observe: [com.google.android.as, com.google.android.as.oss], updated namespace: device_personalization_services
09-24 18:38:18.426 561 594 I PackageWatchdog: Syncing state, reason: observing new packages
09-24 18:38:18.426 561 594 D PackageWatchdog: rescue-party-observer added the following packages to monitor [com.google.android.as, com.google.android.as.oss]
09-24 18:38:18.426 561 594 I PackageWatchdog: Syncing state, reason: updated observers
09-24 18:38:18.426 561 594 I PackageWatchdog: Not pruning observers, elapsed time: 0ms
09-24 18:38:18.426 561 594 I PackageWatchdog: Saving observer state to file
09-24 18:38:18.427 561 561 I PackageWatchdog: Syncing health check requests for packages: {}
09-24 18:38:18.427 561 561 I ExplicitHealthCheckController: Service not ready to get health check supported packages. Binding...
09-24 18:38:18.428 561 561 I ExplicitHealthCheckController: Explicit health check service is bound
09-24 18:38:18.429 561 561 I ExplicitHealthCheckController: Explicit health check service is connected ComponentInfo{com.google.android.ext.services/android.ext.services.watchdog.ExplicitHealthCheckServiceImpl}
09-24 18:38:18.429 561 561 I ExplicitHealthCheckController: Service initialized, syncing requests
09-24 18:38:18.430 561 561 I PackageWatchdog: Syncing health check requests for packages: {}
09-24 18:38:18.430 561 561 D ExplicitHealthCheckController: Getting health check supported packages
09-24 18:38:18.431 561 1004 I ExplicitHealthCheckController: Explicit health check supported packages [PackageConfig{com.google.android.networkstack, 86400000}]
09-24 18:38:18.431 561 1004 D PackageWatchdog: Received supported packages [PackageConfig{com.google.android.networkstack, 86400000}]
09-24 18:38:18.431 561 1004 D ExplicitHealthCheckController: Getting health check requested packages
09-24 18:38:18.431 561 1004 I ExplicitHealthCheckController: Explicit health check requested packages []
09-24 18:38:18.431 561 1004 I ExplicitHealthCheckController: No more health check requests, unbinding...
09-24 18:38:18.432 561 1004 I ExplicitHealthCheckController: Explicit health check service is unbound
09-24 18:38:18.434 153 153 I lowmemorykiller: Using psi monitors for memory pressure detection
09-24 18:38:18.434 153 153 I lowmemorykiller: Properties reinitilized
09-24 18:38:18.434 5725 5725 I lowmemorykiller: lmkd updated properties successfully
09-24 18:38:18.434 153 153 I lowmemorykiller: lmkd data connection dropped
09-24 18:38:18.434 153 153 I lowmemorykiller: closing lmkd data connection
09-24 18:38:18.437 1658 2611 I AiAiAutofill: Connected AiAiAugmentedAutofillService.
09-24 18:38:18.522 0 0 I init : Service 'exec 23 (/system/bin/lmkd --reinit)' (pid 5725) exited with status 0 oneshot service took 0.087000 seconds in background
09-24 18:38:18.522 0 0 I init : Sending signal 9 to service 'exec 23 (/system/bin/lmkd --reinit)' (pid 5725) process group...
09-24 18:38:18.523 0 0 I libprocessgroup: Successfully killed process cgroup uid 0 pid 5725 in 0ms
09-24 18:38:18.441 353 353 W Zygote : forkRepeatedly terminated due to non-simple command
09-24 18:38:18.441 353 353 D Zygote : mbuffer starts with 1 , nice name is , mEnd = 35, mNext = 35, mLinesLeft = 0, mFd = 6
09-24 18:38:18.465 561 682 I RescueParty: Starting to observe: [android], updated namespace: credential_manager
09-24 18:38:18.465 561 594 I PackageWatchdog: Syncing state, reason: observing new packages
09-24 18:38:18.465 561 594 D PackageWatchdog: rescue-party-observer added the following packages to monitor [android]
09-24 18:38:18.465 561 594 I PackageWatchdog: Syncing state, reason: updated observers
09-24 18:38:18.465 561 594 I PackageWatchdog: Saving observer state to file
09-24 18:38:18.468 561 561 I PackageWatchdog: Syncing health check requests for packages: {}
09-24 18:38:18.468 561 561 I ExplicitHealthCheckController: Service not ready to get health check supported packages. Binding...
09-24 18:38:18.469 561 561 I ExplicitHealthCheckController: Explicit health check service is bound
09-24 18:38:18.469 561 561 I PackageWatchdog: Syncing health check requests for packages: {}
09-24 18:38:18.470 561 561 I ExplicitHealthCheckController: Service not ready to get health check supported packages. Binding...
09-24 18:38:18.470 561 561 I ExplicitHealthCheckController: Not binding to service, service already connecting
09-24 18:38:18.470 561 561 I ExplicitHealthCheckController: Explicit health check service is connected ComponentInfo{com.google.android.ext.services/android.ext.services.watchdog.ExplicitHealthCheckServiceImpl}
09-24 18:38:18.470 561 561 I ExplicitHealthCheckController: Service initialized, syncing requests
09-24 18:38:18.470 561 561 I PackageWatchdog: Syncing health check requests for packages: {}
09-24 18:38:18.470 561 561 D ExplicitHealthCheckController: Getting health check supported packages
09-24 18:38:18.471 561 1004 I ExplicitHealthCheckController: Explicit health check supported packages [PackageConfig{com.google.android.networkstack, 86400000}]
09-24 18:38:18.471 561 1004 D PackageWatchdog: Received supported packages [PackageConfig{com.google.android.networkstack, 86400000}]
09-24 18:38:18.471 561 1004 D ExplicitHealthCheckController: Getting health check requested packages
09-24 18:38:18.471 561 1004 I ExplicitHealthCheckController: Explicit health check requested packages []
09-24 18:38:18.471 561 1004 I ExplicitHealthCheckController: No more health check requests, unbinding...
09-24 18:38:18.472 561 1004 I ExplicitHealthCheckController: Explicit health check service is unbound
09-24 18:38:18.476 561 682 I RescueParty: Starting to observe: [android, com.android.phone], updated namespace: telephony
09-24 18:38:18.476 561 594 I PackageWatchdog: Syncing state, reason: observing new packages
09-24 18:38:18.476 561 594 D PackageWatchdog: rescue-party-observer added the following packages to monitor [android, com.android.phone]
09-24 18:38:18.476 561 594 I PackageWatchdog: Syncing state, reason: updated observers
09-24 18:38:18.476 561 594 I PackageWatchdog: Not pruning observers, elapsed time: 0ms
09-24 18:38:18.476 561 594 I PackageWatchdog: Saving observer state to file
09-24 18:38:18.478 561 561 I PackageWatchdog: Syncing health check requests for packages: {}
09-24 18:38:18.478 561 561 I ExplicitHealthCheckController: Service not ready to get health check supported packages. Binding...
09-24 18:38:18.479 561 561 I ExplicitHealthCheckController: Explicit health check service is bound
09-24 18:38:18.480 561 561 I ExplicitHealthCheckController: Explicit health check service is connected ComponentInfo{com.google.android.ext.services/android.ext.services.watchdog.ExplicitHealthCheckServiceImpl}
09-24 18:38:18.480 561 561 I ExplicitHealthCheckController: Service initialized, syncing requests
09-24 18:38:18.481 561 561 I PackageWatchdog: Syncing health check requests for packages: {}
09-24 18:38:18.481 561 561 D ExplicitHealthCheckController: Getting health check supported packages
09-24 18:38:18.482 561 2168 I ExplicitHealthCheckController: Explicit health check supported packages [PackageConfig{com.google.android.networkstack, 86400000}]
09-24 18:38:18.482 561 2168 D PackageWatchdog: Received supported packages [PackageConfig{com.google.android.networkstack, 86400000}]
09-24 18:38:18.482 561 2168 D ExplicitHealthCheckController: Getting health check requested packages
09-24 18:38:18.482 561 2168 I ExplicitHealthCheckController: Explicit health check requested packages []
09-24 18:38:18.483 561 2168 I ExplicitHealthCheckController: No more health check requests, unbinding...
09-24 18:38:18.483 561 2168 I ExplicitHealthCheckController: Explicit health check service is unbound
09-24 18:38:18.489 561 682 I RescueParty: Starting to observe: [android], updated namespace: media_better_together
09-24 18:38:18.490 561 594 I PackageWatchdog: Syncing state, reason: observing new packages
09-24 18:38:18.490 561 594 D PackageWatchdog: rescue-party-observer added the following packages to monitor [android]
09-24 18:38:18.490 561 594 I PackageWatchdog: Syncing state, reason: updated observers
09-24 18:38:18.490 561 594 I PackageWatchdog: Not pruning observers, elapsed time: 0ms
09-24 18:38:18.490 561 594 I PackageWatchdog: Saving observer state to file
09-24 18:38:18.492 561 561 I PackageWatchdog: Syncing health check requests for packages: {}
09-24 18:38:18.492 561 561 I ExplicitHealthCheckController: Service not ready to get health check supported packages. Binding...
09-24 18:38:18.493 561 682 I RescueParty: Starting to observe: [android], updated namespace: health_fitness
09-24 18:38:18.494 561 561 I ExplicitHealthCheckController: Explicit health check service is bound
09-24 18:38:18.494 561 594 I PackageWatchdog: Syncing state, reason: observing new packages
09-24 18:38:18.494 561 594 D PackageWatchdog: rescue-party-observer added the following packages to monitor [android]
09-24 18:38:18.494 561 594 I PackageWatchdog: Syncing state, reason: updated observers
09-24 18:38:18.494 561 594 I PackageWatchdog: Not pruning observers, elapsed time: 0ms
09-24 18:38:18.494 561 594 I PackageWatchdog: Saving observer state to file
09-24 18:38:18.495 561 561 I PackageWatchdog: Syncing health check requests for packages: {}
09-24 18:38:18.495 561 561 I ExplicitHealthCheckController: Service not ready to get health check supported packages. Binding...
09-24 18:38:18.495 561 561 I ExplicitHealthCheckController: Not binding to service, service already connecting
