09-24 18:40:18.357 969 1204 D BtGatt.ScanManager: uid 10116 isForeground true scanMode 1
09-24 18:40:18.357 969 1204 D BtGatt.ScanManager: uid 10116 isForeground true scanMode -1
09-24 18:40:18.449 1369 3294 I FontLog : Received query Noto Color Emoji Compat, URI content://com.google.android.gms.fonts [CONTEXT service_id=132 ]
09-24 18:40:18.457 1369 3294 I FontLog : Query [emojicompat-emoji-font] resolved to {Noto Color Emoji Compat, wdth 100.0, wght 400, ital 0.0, bestEffort false} [CONTEXT service_id=132 ]
09-24 18:40:18.511 1369 3294 I FontLog : Fetch {Noto Color Emoji Compat, wdth 100.0, wght 400, ital 0.0, bestEffort false} end status Status{statusCode=SUCCESS, resolution=null} [CONTEXT service_id=132 ]
09-24 18:40:18.536 1369 3294 I FontLog : Pulling font file for id = 24, cache size = 6 [CONTEXT service_id=132 ]
09-24 18:40:18.544 561 869 D CoreBackPreview: Window{89c14ce u0 Splash Screen com.example.qtquickview_kotlin EXITING}: Setting back callback null
09-24 18:40:18.545 561 657 W InputManager-JNI: Input channel object '89c14ce Splash Screen com.example.qtquickview_kotlin (client)' was disposed without first being removed with the input manager!
09-24 18:40:18.557 1369 3294 I FontLog : Pulling font file for id = 24, cache size = 6 [CONTEXT service_id=132 ]
09-24 18:40:18.594 807 865 W FrameTracker: Missed App frame:UNKNOWN: 24, 216718, 0, CUJ=J
09-24 18:40:18.594 807 865 W FrameTracker: Missed SF frame:UNKNOWN: 24, 216718, 0, CUJ=J
09-24 18:40:18.595 807 865 W FrameTracker: Missing HWUI jank callback for vsyncId: 216718, CUJ=J
09-24 18:40:18.595 807 865 W FrameTracker: Missed App frame:UNKNOWN: 74, 216740, 0, CUJ=J
09-24 18:40:18.595 807 865 W FrameTracker: Missed SF frame:UNKNOWN: 74, 216740, 0, CUJ=J
09-24 18:40:18.595 807 865 W FrameTracker: Missing HWUI jank callback for vsyncId: 216740, CUJ=J
09-24 18:40:18.595 807 865 W FrameTracker: Missed App frame:UNKNOWN: 328, 216779, 155442938, CUJ=J
09-24 18:40:18.596 807 865 W FrameTracker: Missed App frame:UNKNOWN: 74, 216841, 0, CUJ=J
09-24 18:40:18.596 807 865 W FrameTracker: Missed SF frame:UNKNOWN: 74, 216841, 0, CUJ=J
09-24 18:40:18.596 807 865 W FrameTracker: Missing HWUI jank callback for vsyncId: 216841, CUJ=J
09-24 18:40:18.596 807 865 W FrameTracker: Missed App frame:UNKNOWN: 88, 216849, 0, CUJ=J
09-24 18:40:18.596 807 865 W FrameTracker: Missed SF frame:UNKNOWN: 88, 216849, 0, CUJ=J
09-24 18:40:18.597 807 865 W FrameTracker: Missing HWUI jank callback for vsyncId: 216849, CUJ=J
09-24 18:40:18.597 807 865 W FrameTracker: Missing SF jank callback for vsyncId: 216866, CUJ=J
09-24 18:40:18.778 807 897 D EGL_emulation: app_time_stats: avg=28.52ms min=3.36ms max=156.17ms count=30
09-24 18:40:18.925 355 3297 D android.hardware.audio@7.1-impl.ranchu: threadLoop: entering standby, frames: 6464832
09-24 18:40:19.000 561 1843 E TaskPersister: File error accessing recents directory (directory doesn't exist?).
09-24 18:40:19.100 6083 6083 V myTag : Status of QtQuickView: READY
09-24 18:40:19.199 6083 6103 D EGL_emulation: app_time_stats: avg=159.97ms min=23.65ms max=736.74ms count=7
09-24 18:40:19.631 1105 1105 D TaplEvents: TIS / TouchInteractionService.onInputEvent: MotionEvent { action=ACTION_DOWN, actionButton=0, id[0]=0, x[0]=377.97363, y[0]=1813.916, toolType[0]=TOOL_TYPE_FINGER, buttonState=0, classification=NONE, metaState=0, flags=0x0, edgeFlags=0x0, pointerCount=1, historySize=0, eventTime=462807, downTime=462807, deviceId=4, source=0xd002, displayId=0, eventId=327111503 }
09-24 18:40:19.733 1105 1105 D TaplEvents: TIS / TouchInteractionService.onInputEvent: MotionEvent { action=ACTION_UP, actionButton=0, id[0]=0, x[0]=377.97363, y[0]=1813.916, toolType[0]=TOOL_TYPE_FINGER, buttonState=0, classification=NONE, metaState=0, flags=0x0, edgeFlags=0x0, pointerCount=1, historySize=0, eventTime=462927, downTime=462807, deviceId=4, source=0xd002, displayId=0, eventId=100309890 }
09-24 18:40:19.800 807 897 D EGL_emulation: app_time_stats: avg=12.06ms min=0.91ms max=63.23ms count=56
09-24 18:40:19.901 807 807 D StatusBarIconController: ignoring old pipeline callback because the new wifi icon is enabled
09-24 18:40:20.037 6083 6083 V myTag : Status of QtQuickView: READY
09-24 18:40:20.041 6083 6083 W QtQuickView: The signal onClicked does not exist in the root object or the arguments do not match with the listener.
09-24 18:40:20.089 396 3449 D audioserver: FGS Logger Transaction failed
09-24 18:40:20.089 396 3449 D audioserver: -129
09-24 18:40:20.128 396 524 D AudioFlinger: mixer(0x72df5f8d6930) throttle end: throttle time(33)
09-24 18:40:20.212 6083 6103 D EGL_emulation: app_time_stats: avg=70.94ms min=6.99ms max=745.60ms count=14
09-24 18:40:20.241 396 524 D audioserver: FGS Logger Transaction failed
09-24 18:40:20.241 396 524 D audioserver: -129
09-24 18:40:20.747 1105 1105 D TaplEvents: TIS / TouchInteractionService.onInputEvent: MotionEvent { action=ACTION_DOWN, actionButton=0, id[0]=0, x[0]=377.97363, y[0]=1813.916, toolType[0]=TOOL_TYPE_FINGER, buttonState=0, classification=NONE, metaState=0, flags=0x0, edgeFlags=0x0, pointerCount=1, historySize=0, eventTime=463940, downTime=463940, deviceId=4, source=0xd002, displayId=0, eventId=631659001 }
09-24 18:40:20.850 1105 1105 D TaplEvents: TIS / TouchInteractionService.onInputEvent: MotionEvent { action=ACTION_UP, actionButton=0, id[0]=0, x[0]=377.97363, y[0]=1813.916, toolType[0]=TOOL_TYPE_FINGER, buttonState=0, classification=NONE, metaState=0, flags=0x0, edgeFlags=0x0, pointerCount=1, historySize=0, eventTime=464044, downTime=463940, deviceId=4, source=0xd002, displayId=0, eventId=614660955 }
09-24 18:40:20.884 6083 6083 V myTag : Status of QtQuickView: NULL
09-24 18:40:20.885 396 3449 D audioserver: FGS Logger Transaction failed
09-24 18:40:20.885 396 3449 D audioserver: -129
09-24 18:40:20.902 396 524 D AudioFlinger: mixer(0x72df5f8d6930) throttle end: throttle time(36)
09-24 18:40:20.902 6083 6117 D EGL_emulation: app_time_stats: avg=318.92ms min=4.62ms max=855.03ms count=4
09-24 18:40:20.910 6083 6083 V myTag : Status of QtQuickView: READY
09-24 18:40:20.911 6083 6083 W QtQuickView: The signal onClicked does not exist in the root object or the arguments do not match with the listener.
09-24 18:40:21.054 396 524 D audioserver: FGS Logger Transaction failed
09-24 18:40:21.054 396 524 D audioserver: -129
09-24 18:40:21.232 6083 6103 D EGL_emulation: app_time_stats: avg=22.59ms min=7.97ms max=270.06ms count=41
09-24 18:40:22.150 1105 1105 D TaplEvents: TIS / TouchInteractionService.onInputEvent: MotionEvent { action=ACTION_DOWN, actionButton=0, id[0]=0, x[0]=311.99023, y[0]=1543.9453, toolType[0]=TOOL_TYPE_FINGER, buttonState=0, classification=NONE, metaState=0, flags=0x0, edgeFlags=0x0, pointerCount=1, historySize=0, eventTime=465341, downTime=465341, deviceId=4, source=0xd002, displayId=0, eventId=502185982 }
09-24 18:40:22.245 6083 6103 D EGL_emulation: app_time_stats: avg=40.03ms min=7.59ms max=543.11ms count=23
09-24 18:40:22.287 1105 1105 D TaplEvents: TIS / TouchInteractionService.onInputEvent: MotionEvent { action=ACTION_UP, actionButton=0, id[0]=0, x[0]=311.99023, y[0]=1543.9453, toolType[0]=TOOL_TYPE_FINGER, buttonState=0, classification=NONE, metaState=0, flags=0x0, edgeFlags=0x0, pointerCount=1, historySize=0, eventTime=465479, downTime=465341, deviceId=4, source=0xd002, displayId=0, eventId=950560294 }
09-24 18:40:22.295 396 3449 D audioserver: FGS Logger Transaction failed
09-24 18:40:22.296 396 3449 D audioserver: -129
09-24 18:40:22.332 6083 6083 W libqtquickview_x86_64.so: Property colorStringFormat does not exist in the root QML object.
09-24 18:40:22.333 6083 6083 W libqtquickview_x86_64.so: Cannot get property colorStringFormat as it does not exist in the root QML object.
09-24 18:40:22.460 396 524 D audioserver: FGS Logger Transaction failed
09-24 18:40:22.460 396 524 D audioserver: -129
09-24 18:40:23.079 6083 6120 D ProfileInstaller: Installing profile for com.example.qtquickview_kotlin
09-24 18:40:23.135 1105 1105 D TaplEvents: TIS / TouchInteractionService.onInputEvent: MotionEvent { action=ACTION_DOWN, actionButton=0, id[0]=0, x[0]=727.96484, y[0]=1791.9434, toolType[0]=TOOL_TYPE_FINGER, buttonState=0, classification=NONE, metaState=0, flags=0x0, edgeFlags=0x0, pointerCount=1, historySize=0, eventTime=466328, downTime=466328, deviceId=4, source=0xd002, displayId=0, eventId=564312289 }
09-24 18:40:23.238 1105 1105 D TaplEvents: TIS / TouchInteractionService.onInputEvent: MotionEvent { action=ACTION_UP, actionButton=0, id[0]=0, x[0]=727.96484, y[0]=1791.9434, toolType[0]=TOOL_TYPE_FINGER, buttonState=0, classification=NONE, metaState=0, flags=0x0, edgeFlags=0x0, pointerCount=1, historySize=0, eventTime=466431, downTime=466328, deviceId=4, source=0xd002, displayId=0, eventId=721160367 }
09-24 18:40:23.266 6083 6103 D EGL_emulation: app_time_stats: avg=16.73ms min=7.30ms max=137.42ms count=49
09-24 18:40:23.268 6083 6083 V myTag : Status of QtQuickView: NULL
09-24 18:40:23.268 396 3449 D audioserver: FGS Logger Transaction failed
09-24 18:40:23.268 396 3449 D audioserver: -129
09-24 18:40:23.286 6083 6117 D EGL_emulation: app_time_stats: avg=2383.78ms min=2383.78ms max=2383.78ms count=1
09-24 18:40:23.297 6083 6083 V myTag : Status of QtQuickView: READY
09-24 18:40:23.454 396 524 D audioserver: FGS Logger Transaction failed
09-24 18:40:23.454 396 524 D audioserver: -129
09-24 18:40:23.962 1105 1105 D TaplEvents: TIS / TouchInteractionService.onInputEvent: MotionEvent { action=ACTION_DOWN, actionButton=0, id[0]=0, x[0]=226.98828, y[0]=1521.8994, toolType[0]=TOOL_TYPE_FINGER, buttonState=0, classification=NONE, metaState=0, flags=0x0, edgeFlags=0x0, pointerCount=1, historySize=0, eventTime=467156, downTime=467156, deviceId=4, source=0xd002, displayId=0, eventId=644003223 }
09-24 18:40:24.067 1105 1105 D TaplEvents: TIS / TouchInteractionService.onInputEvent: MotionEvent { action=ACTION_UP, actionButton=0, id[0]=0, x[0]=226.98828, y[0]=1521.8994, toolType[0]=TOOL_TYPE_FINGER, buttonState=0, classification=NONE, metaState=0, flags=0x0, edgeFlags=0x0, pointerCount=1, historySize=0, eventTime=467262, downTime=467156, deviceId=4, source=0xd002, displayId=0, eventId=943654128 }
09-24 18:40:24.075 396 3449 D audioserver: FGS Logger Transaction failed
09-24 18:40:24.076 396 3449 D audioserver: -129
09-24 18:40:24.243 396 524 D audioserver: FGS Logger Transaction failed
09-24 18:40:24.243 396 524 D audioserver: -129
09-24 18:40:24.268 6083 6103 D EGL_emulation: app_time_stats: avg=14.29ms min=6.83ms max=32.59ms count=55
09-24 18:40:24.628 969 1204 D BtGatt.ScanManager: uid 10116 isForeground true scanMode 1
09-24 18:40:24.629 969 1204 D BtGatt.ScanManager: uid 10116 isForeground true scanMode -1
09-24 18:40:24.944 1105 1105 D TaplEvents: TIS / TouchInteractionService.onInputEvent: MotionEvent { action=ACTION_DOWN, actionButton=0, id[0]=0, x[0]=474.97168, y[0]=2348.877, toolType[0]=TOOL_TYPE_FINGER, buttonState=0, classification=NONE, metaState=0, flags=0x0, edgeFlags=0x0, pointerCount=1, historySize=0, eventTime=468138, downTime=468138, deviceId=4, source=0xd002, displayId=0, eventId=940340682 }
09-24 18:40:25.117 1105 1105 D TaplEvents: Pilfer / pilferPointers
09-24 18:40:25.128 561 1872 I InputDispatcher: Channel [Gesture Monitor] swipe-up (server) is stealing touch from [da9b173 com.example.qtquickview_kotlin/com.example.qtquickview_kotlin.MainActivity (server), [Gesture Monitor] edge-swipe (server)]
09-24 18:40:25.148 807 840 W Looper : Slow dispatch took 118ms wmshell.main h=android.os.Handler c=com.android.wm.shell.common.ShellExecutor$$ExternalSyntheticLambda1@f262ca1 m=0
09-24 18:40:25.150 807 840 V ShellRecents: RecentsTransitionHandler.startRecentsTransition
09-24 18:40:25.158 807 840 V WindowManagerShell: Directly starting a new transition type=3 wct=WindowContainerTransaction { changes = {} hops = [{PendingIntent: options=Bundle[mParcelledData.dataSize=332]}] errorCallbackToken=null taskFragmentOrganizer=null } handler=com.android.wm.shell.recents.RecentsTransitionHandler@48ea264
09-24 18:40:25.215 413 413 I BpBinder: onLastStrongRef automatically unlinking death recipients:
09-24 18:40:25.216 807 840 V ShellRecents: [76011436] RecentsController.setTransition: id=android.os.BinderProxy@949118d
09-24 18:40:25.216 807 840 W Looper : Slow dispatch took 68ms wmshell.main h=android.os.Handler c=com.android.wm.shell.common.ExecutorUtils$$ExternalSyntheticLambda0@7839f42 m=0
09-24 18:40:25.241 561 581 D AutofillManagerService: Close system dialogs
09-24 18:40:25.258 1105 1179 I ImeTracker: com.google.android.apps.nexuslauncher:a021e11f: onRequestHide at ORIGIN_CLIENT_HIDE_SOFT_INPUT reason HIDE_SOFT_INPUT
09-24 18:40:25.259 1105 1179 I ImeTracker: com.google.android.apps.nexuslauncher:a021e11f: onFailed at PHASE_CLIENT_VIEW_SERVED
09-24 18:40:25.263 807 807 I vol.VolumeDialogImpl: mDialog.dismiss() reason: volume_controller from: com.android.systemui.volume.VolumeDialogImpl$7.onDismissRequested:3
09-24 18:40:25.340 807 840 V WindowManagerShell: onTransitionReady android.os.BinderProxy@949118d: {id=68 t=TO_FRONT f=0x80 trk=0 r=[0@Point(0, 0)] c=[{WCT{android.window.IWindowContainerToken$Stub$Proxy@e5102fa} m=SHOW f=SHOW_WALLPAPER leash=Surface(name=Task=1)/@0xec2a0ab sb=Rect(0, 0 - 1080, 2400) eb=Rect(0, 0 - 1080, 2400) d=0},{WCT{android.window.IWindowContainerToken$Stub$Proxy@514b308} m=HIDE f=NONE leash=Surface(name=Task=28)/@0x88cdaa1 sb=Rect(0, 0 - 1080, 2400) eb=Rect(0, 0 - 1080, 2400) d=0},{null m=SHOW f=IS_WALLPAPER leash=Surface(name=WallpaperWindowToken{c35888f token=android.os.Binder@348cbee})/@0x81c54c6 sb=Rect(0, 0 - 1080, 2400) eb=Rect(0, 0 - 1080, 2400) d=0}]}
09-24 18:40:25.341 807 840 V WindowManagerShell: Playing animation for (#68)android.os.BinderProxy@949118d@0
09-24 18:40:25.341 807 840 V WindowManagerShell: try firstHandler com.android.wm.shell.recents.RecentsTransitionHandler@48ea264
09-24 18:40:25.341 561 581 V WindowManager: Sent Transition #68 createdAt=09-24 18:40:25.163
09-24 18:40:25.341 561 581 V WindowManager: startWCT=WindowContainerTransaction { changes = {} hops = [{PendingIntent: options=Bundle[{android.activity.splashScreenStyle=-1, android.activity.sourceInfo=android.app.ActivityOptions$SourceInfo@959abcb, android.activity.transientLaunch=true}]}] errorCallbackToken=null taskFragmentOrganizer=null }
09-24 18:40:25.341 561 581 V WindowManager: info={id=68 t=TO_FRONT f=0x80 trk=0 r=[0@Point(0, 0)] c=[{WCT{RemoteToken{5486296 Task{6e71f63 #1 type=home}}} m=SHOW f=SHOW_WALLPAPER leash=Surface(name=Task=1)/@0xbadec5f sb=Rect(0, 0 - 1080, 2400) eb=Rect(0, 0 - 1080, 2400) d=0},{WCT{RemoteToken{437c0b Task{7ca89cd #28 type=standard A=10184:com.example.qtquickview_kotlin}}} m=HIDE f=NONE leash=Surface(name=Task=28)/@0x53c2585 sb=Rect(0, 0 - 1080, 2400) eb=Rect(0, 0 - 1080, 2400) d=0},{null m=SHOW f=IS_WALLPAPER leash=Surface(name=WallpaperWindowToken{c35888f token=android.os.Binder@348cbee})/@0x94640b9 sb=Rect(0, 0 - 1080, 2400) eb=Rect(0, 0 - 1080, 2400) d=0}]}
09-24 18:40:25.342 807 840 V ShellRecents: [76011436] RecentsController.start
09-24 18:40:25.343 807 840 V ShellRecents: adding pausing taskId=28
09-24 18:40:25.344 807 840 V ShellRecents: [76011436] RecentsController.start: calling onAnimationStart
09-24 18:40:25.344 807 840 V WindowManagerShell: animated by firstHandler
09-24 18:40:25.351 807 840 V ShellRecents: [76011436] RecentsController.setInputConsumerEnabled: set focus to recents
09-24 18:40:25.366 413 430 I BpBinder: onLastStrongRef automatically unlinking death recipients:
09-24 18:40:25.374 1105 1105 D MotionPauseDetector: onMotionPauseChanged, paused=true reason=Didn't have back to back slow speeds, checking for rapid deceleration on first pause only
09-24 18:40:25.378 561 694 E HandwritingModeController: Cannot get requestId: Handwriting was not initialized.
09-24 18:40:25.399 561 584 D OomAdjuster: Not killing cached processes
09-24 18:40:25.491 561 581 W Looper : Slow dispatch took 140ms android.fg h=android.os.Handler c=com.android.server.wm.ActivityMetricsLogger$$ExternalSyntheticLambda0@72d31fd m=0
09-24 18:40:25.533 6083 6103 D EGL_emulation: app_time_stats: avg=32.76ms min=7.40ms max=666.40ms count=36
09-24 18:40:25.927 807 807 D StatusBarIconController: ignoring old pipeline callback because the new wifi icon is enabled
09-24 18:40:26.360 1105 1933 D EGL_emulation: app_time_stats: avg=13.39ms min=9.28ms max=29.94ms count=32
09-24 18:40:26.506 807 807 D StatusBarIconController: ignoring old pipeline callbacks, because the new mobile icons are enabled
09-24 18:40:26.568 1105 1105 D MotionPauseDetector: onMotionPauseChanged, paused=false reason=Was paused, but started moving at a fast speed
09-24 18:40:26.701 1105 1105 D TaplEvents: TIS / TouchInteractionService.onInputEvent: MotionEvent { action=ACTION_UP, actionButton=0, id[0]=0, x[0]=527.9697, y[0]=1.9775391, toolType[0]=TOOL_TYPE_FINGER, buttonState=0, classification=NONE, metaState=0, flags=0x0, edgeFlags=0x0, pointerCount=1, historySize=0, eventTime=469874, downTime=468138, deviceId=4, source=0xd002, displayId=0, eventId=374298965 }
09-24 18:40:26.761 807 832 V ShellRecents: [76011436] RecentsController.detachNavigationBarFromApp
09-24 18:40:26.793 561 1872 W ProcessStats: Tracking association SourceState{dcaf774 com.google.android.googlequicksearchbox:search/10123 BTop #5552} whose proc state 2 is better than process ProcessState{a9b2356 com.google.android.googlequicksearchbox:interactor/10123 pkg=com.google.android.googlequicksearchbox} proc state 4 (13 skipped)
09-24 18:40:26.797 1658 1853 I AiAiEcho: Predicting[0]:
09-24 18:40:26.798 1658 1853 I AiAiEcho: EchoTargets:
09-24 18:40:26.798 1658 1853 I AiAiEcho: Filtered by AiAi flag check:
09-24 18:40:26.798 1658 1853 I AiAiEcho: Ranked targets strategy: SORT, count: 0, ranking metadata:
09-24 18:40:26.802 969 1204 D BtGatt.ScanManager: uid 10116 isForeground true scanMode 1
09-24 18:40:26.802 969 1204 D BtGatt.ScanManager: uid 10116 isForeground true scanMode -1
09-24 18:40:26.803 1658 1853 I AiAiEcho: #postPredictionTargets: Sending updates to UISurface home with targets# 0 (types=[])
09-24 18:40:26.853 561 1794 W AppSearchIcing: icing-search-engine.cc:283: Error: 5, Message: Document (com.google.android.googlequicksearchbox$OneSearchZeroStateGoogleSuggestions/default, zp) not found.
09-24 18:40:26.873 1105 2176 D OneSearchSuggestProvider: Created the binder channel successfully for end point service =com.google.android.apps.search.googleapp.search.suggest.plugins.onesearch.server.OneSearchSuggestService , mChannel=z1{delegate=s1{logId=105, target=directaddress:///AndroidComponentAddress%5BIntent%20%7B%20act=grpc.io.action.BIND%20cmp=com.google.android.googlequicksearchbox/com.google.android.apps.search.googleapp.search.suggest.plugins.onesearch.server.OneSearchSuggestService%20%7D%5D}} , mOneSearchConnection=X1.T@7e237
09-24 18:40:26.895 1932 1932 W A : Can't get WAA status for Mavatar!
09-24 18:40:26.895 1932 1932 W A : java.lang.NullPointerException: Attempt to invoke virtual method 'java.lang.Class java.lang.Object.getClass()' on a null object reference
09-24 18:40:26.895 1932 1932 W A : at com.google.apps.tiktok.dataservice.z.b(PG:1)
09-24 18:40:26.895 1932 1932 W A : at com.google.apps.tiktok.dataservice.at.a(PG:1)
09-24 18:40:26.895 1932 1932 W A : at com.google.apps.tiktok.tracing.ec.a(PG:2)
09-24 18:40:26.895 1932 1932 W A : at com.google.common.util.concurrent.aj.a(PG:2)
09-24 18:40:26.895 1932 1932 W A : at com.google.common.util.concurrent.ac.apply(PG:1)
09-24 18:40:26.895 1932 1932 W A : at com.google.common.util.concurrent.h.e(PG:2)
09-24 18:40:26.895 1932 1932 W A : at com.google.common.util.concurrent.j.run(PG:9)
09-24 18:40:26.895 1932 1932 W A : at com.google.common.util.concurrent.bf.execute(PG:1)
09-24 18:40:26.895 1932 1932 W A : at com.google.common.util.concurrent.d.i(PG:1)
09-24 18:40:26.895 1932 1932 W A : at com.google.common.util.concurrent.d.iq(PG:5)
09-24 18:40:26.895 1932 1932 W A : at com.google.common.util.concurrent.j.h(PG:2)
09-24 18:40:26.895 1932 1932 W A : at com.google.common.util.concurrent.ax.d(PG:1)
09-24 18:40:26.895 1932 1932 W A : at com.google.apps.tiktok.dataservice.au.a(PG:5)
09-24 18:40:26.895 1932 1932 W A : at com.google.apps.tiktok.dataservice.dr.c(PG:5)
09-24 18:40:26.895 1932 1932 W A : at com.google.apps.tiktok.dataservice.dp.run(PG:6)
09-24 18:40:26.895 1932 1932 W A : at com.google.apps.tiktok.concurrent.ak.run(PG:6)
09-24 18:40:26.895 1932 1932 W A : at com.google.apps.tiktok.tracing.ei.run(PG:2)
09-24 18:40:26.895 1932 1932 W A : at java.util.concurrent.Executors$RunnableAdapter.call(Executors.java:487)
09-24 18:40:26.895 1932 1932 W A : at com.google.common.util.concurrent.dy.a(PG:1)
09-24 18:40:26.895 1932 1932 W A : at com.google.common.util.concurrent.cv.run(PG:4)
09-24 18:40:26.895 1932 1932 W A : at com.google.common.util.concurrent.dz.run(PG:1)
09-24 18:40:26.895 1932 1932 W A : at android.os.Handler.handleCallback(Handler.java:958)
09-24 18:40:26.895 1932 1932 W A : at android.os.Handler.dispatchMessage(Handler.java:99)
09-24 18:40:26.895 1932 1932 W A : at android.os.Looper.loopOnce(Looper.java:205)
09-24 18:40:26.895 1932 1932 W A : at android.os.Looper.loop(Looper.java:294)
09-24 18:40:26.895 1932 1932 W A : at android.app.ActivityThread.main(ActivityThread.java:8176)
09-24 18:40:26.895 1932 1932 W A : at java.lang.reflect.Method.invoke(Native Method)
09-24 18:40:26.895 1932 1932 W A : at com.android.internal.os.RuntimeInit$MethodAndArgsCaller.run(RuntimeInit.java:552)
09-24 18:40:26.895 1932 1932 W A : at com.android.internal.os.ZygoteInit.main(ZygoteInit.java:971)
09-24 18:40:26.935 1932 1932 I A : Created gRPC endpoint to "search" for service class com.google.android.apps.search.googleapp.search.suggest.plugins.onesearch.server.OneSearchSuggestService
09-24 18:40:26.957 413 413 I BpBinder: onLastStrongRef automatically unlinking death recipients:
09-24 18:40:27.163 355 3297 D android.hardware.audio@7.1-impl.ranchu: threadLoop: entering standby, frames: 6804864
09-24 18:40:27.166 1105 1105 D SearchTargetUtil: query= size=0
09-24 18:40:27.367 1105 1933 D EGL_emulation: app_time_stats: avg=24.76ms min=9.25ms max=105.22ms count=26
09-24 18:40:27.394 807 2294 V ShellRecents: [76011436] RecentsController.screenshotTask: taskId=28
09-24 18:40:27.436 1105 1179 I ImeTracker: com.google.android.apps.nexuslauncher:188e2ed3: onRequestHide at ORIGIN_CLIENT_HIDE_SOFT_INPUT reason HIDE_SOFT_INPUT
09-24 18:40:27.437 1105 1179 I ImeTracker: com.google.android.apps.nexuslauncher:188e2ed3: onFailed at PHASE_CLIENT_VIEW_SERVED
09-24 18:40:27.437 807 840 V ShellRecents: [76011436] RecentsController.finishInner: toHome=true userLeave=true willFinishToHome=true state=0
09-24 18:40:27.437 807 840 V ShellRecents: normal finish
09-24 18:40:27.437 807 840 V ShellRecents: [76011436] RecentsController.cleanup
09-24 18:40:27.439 807 840 V WindowManagerShell: Transition animation finished (aborted=false), notifying core (#68)android.os.BinderProxy@949118d@0
09-24 18:40:27.442 561 581 V WindowManager: Finish Transition #68: created at
09-24 18:40:25.163 collect-started=3.224ms started=4.298ms ready=40.283ms sent=172.252ms finished=2276.867ms
09-24 18:40:27.515 807 840 V WindowManagerShell: Track 0 became idle
09-24 18:40:27.515 807 840 V WindowManagerShell: All active transition animations finished
09-24 18:40:27.516 807 840 W Looper : Slow dispatch took 78ms wmshell.main h=android.os.Handler c=com.android.wm.shell.recents.RecentsTransitionHandler$RecentsController$$ExternalSyntheticLambda3@65b779b m=0
09-24 18:40:27.520 561 584 V WindowManager: Unknown focus tokens, dropping reportFocusChanged
09-24 18:40:27.559 561 869 I ImeTracker: com.google.android.apps.nexuslauncher:642b0211: onRequestHide at ORIGIN_SERVER_HIDE_INPUT reason HIDE_UNSPECIFIED_WINDOW
09-24 18:40:27.560 561 869 I ImeTracker: com.google.android.apps.nexuslauncher:642b0211: onCancelled at PHASE_SERVER_SHOULD_HIDE
09-24 18:40:27.582 1575 1575 I GoogleInputMethodService: GoogleInputMethodService.onFinishInput():3227
09-24 18:40:27.595 1575 1575 I GoogleInputMethodService: GoogleInputMethodService.updateDeviceLockedStatus():2087 repeatCheckTimes = 0, unlocked = true
09-24 18:40:27.595 1575 1575 I GoogleInputMethodService: GoogleInputMethodService.onStartInput():1877 onStartInput(EditorInfo{inputType=0x0(NULL) imeOptions=0x0 privateImeOptions=null actionName=UNSPECIFIED actionLabel=null actionId=0 initialSelStart=-1 initialSelEnd=-1 initialCapsMode=0x0 hintText=null label=null packageName=com.google.android.apps.nexuslauncher fieldId=0 fieldName=null extras=null}, false)
09-24 18:40:27.595 1575 1575 I GoogleInputMethodService: GoogleInputMethodService.shouldHideHeaderOnInitialState():4008 ShouldHideHeaderOnInitialState = false
09-24 18:40:27.596 1575 1575 I GoogleInputMethodService: GoogleInputMethodService.updateDeviceLockedStatus():2087 repeatCheckTimes = 2, unlocked = true
09-24 18:40:27.790 807 840 W Looper : Slow dispatch took 33ms wmshell.main h=android.os.Handler c=null m=1
09-24 18:40:27.821 807 840 W Looper : Slow delivery took 33ms wmshell.main h=android.os.Handler c=com.android.wm.shell.common.ShellExecutor$$ExternalSyntheticLambda1@e6ac53c m=0
09-24 18:40:27.821 807 840 W Looper : Slow dispatch took 32ms wmshell.main h=android.os.Handler c=com.android.wm.shell.common.ShellExecutor$$ExternalSyntheticLambda1@e6ac53c m=0
09-24 18:40:27.853 807 824 I ndroid.systemui: Background young concurrent copying GC freed 277289(12MB) AllocSpace objects, 0(0B) LOS objects, 39% free, 19MB/31MB, paused 21.028ms,36us total 47.519ms
09-24 18:40:27.913 561 570 I system_server: NativeAlloc concurrent copying GC freed 105363(4359KB) AllocSpace objects, 17(340KB) LOS objects, 47% free, 26MB/50MB, paused 293us,45us total 327.612ms
09-24 18:40:28.547 1105 1105 D TaplEvents: Main / Touch event: MotionEvent { action=ACTION_DOWN, actionButton=0, id[0]=0, x[0]=957.9531, y[0]=1959.8877, toolType[0]=TOOL_TYPE_FINGER, buttonState=0, classification=NONE, metaState=0, flags=0x0, edgeFlags=0x0, pointerCount=1, historySize=0, eventTime=471721, downTime=471721, deviceId=4, source=0xd002, displayId=0, eventId=375320585 }
09-24 18:40:28.549 1105 1105 D TaplEvents: TIS / TouchInteractionService.onInputEvent: MotionEvent { action=ACTION_DOWN, actionButton=0, id[0]=0, x[0]=957.9531, y[0]=1959.8877, toolType[0]=TOOL_TYPE_FINGER, buttonState=0, classification=NONE, metaState=0, flags=0x0, edgeFlags=0x0, pointerCount=1, historySize=0, eventTime=471721, downTime=471721, deviceId=4, source=0xd002, displayId=0, eventId=375320585 }
09-24 18:40:28.573 1105 1933 D EGL_emulation: app_time_stats: avg=111.72ms min=10.58ms max=757.09ms count=10
09-24 18:40:28.632 1105 1105 D TaplEvents: Main / Touch event: MotionEvent { action=ACTION_UP, actionButton=0, id[0]=0, x[0]=957.9531, y[0]=1959.8877, toolType[0]=TOOL_TYPE_FINGER, buttonState=0, classification=NONE, metaState=0, flags=0x0, edgeFlags=0x0, pointerCount=1, historySize=0, eventTime=471817, downTime=471721, deviceId=4, source=0xd002, displayId=0, eventId=786401911 }
09-24 18:40:28.632 1105 1105 D TaplEvents: TIS / TouchInteractionService.onInputEvent: MotionEvent { action=ACTION_UP, actionButton=0, id[0]=0, x[0]=957.9531, y[0]=1959.8877, toolType[0]=TOOL_TYPE_FINGER, buttonState=0, classification=NONE, metaState=0, flags=0x0, edgeFlags=0x0, pointerCount=1, historySize=0, eventTime=471817, downTime=471721, deviceId=4, source=0xd002, displayId=0, eventId=786401911 }
09-24 18:40:28.657 1105 1105 D TaplEvents: Main / start: startAppShortcutOrInfoActivity
09-24 18:40:28.721 561 1883 D CompatibilityChangeReporter: Compat change id reported: 161252188; UID 10184; state: DISABLED
09-24 18:40:28.733 396 3449 D audioserver: FGS Logger Transaction failed
09-24 18:40:28.733 396 3449 D audioserver: -129
09-24 18:40:28.750 807 840 W Looper : Drained
09-24 18:40:28.754 807 840 V WindowManagerShell: Transition requested: android.os.BinderProxy@ad4c284 TransitionRequestInfo { type = OPEN, triggerTask = TaskInfo{userId=0 taskId=28 displayId=0 isRunning=true baseIntent=Intent { act=android.intent.action.MAIN cat=[android.intent.category.LAUNCHER] flg=0x10200000 cmp=com.example.qtquickview_kotlin/.MainActivity } baseActivity=ComponentInfo{com.example.qtquickview_kotlin/com.example.qtquickview_kotlin.MainActivity} topActivity=ComponentInfo{com.example.qtquickview_kotlin/com.example.qtquickview_kotlin.MainActivity} origActivity=null realActivity=ComponentInfo{com.example.qtquickview_kotlin/com.example.qtquickview_kotlin.MainActivity} numActivities=1 lastActiveTime=470640 supportsMultiWindow=true resizeMode=1 isResizeable=true minWidth=-1 minHeight=-1 defaultMinSize=220 token=WCT{android.window.IWindowContainerToken$Stub$Proxy@5f33a6d} topActivityType=1 pictureInPictureParams=null shouldDockBigOverlays=false launchIntoPipHostTaskId=-1 lastParentTaskIdBeforePip=-1 displayCutoutSafeInsets=Rect(0, 132 - 0, 0) topActivityInfo=ActivityInfo{1ab46a2 com.example.qtquickview_kotlin.MainActivity} launchCookies=[android.os.BinderProxy@8be9f33] positionInParent=Point(0, 0) parentTaskId=-1 isFocused=true isVisible=false isSleeping=false topActivityInSizeCompat=false topActivityEligibleForLetterboxEducation= false topActivityLetterboxed= false isFromDoubleTap= false topActivityLetterboxVerticalPosition= -1 topActivityLetterboxHorizontalPosition= -1 topActivityLetterboxWidth=-1 topActivityLetterboxHeight=-1 locusId=null displayAreaFeatureId=1 cameraCompatControlState=hidden}, remoteTransition = RemoteTransition { remoteTransition = android.window.IRemoteTransition$Stub$Proxy@21d82f0, appThread = android.app.IApplicationThread$Stub$Proxy@a161069, debugName = QuickstepLaunch }, displayChange = null }
09-24 18:40:28.754 807 840 V WindowManagerShell: RemoteTransition directly requested for android.os.BinderProxy@ad4c284: RemoteTransition { remoteTransition = android.window.IRemoteTransition$Stub$Proxy@21d82f0, appThread = android.app.IApplicationThread$Stub$Proxy@a161069, debugName = QuickstepLaunch }
09-24 18:40:28.755 561 1883 I ActivityTaskManager: START u0 {act=android.intent.action.MAIN cat=[android.intent.category.LAUNCHER] flg=0x10200000 cmp=com.example.qtquickview_kotlin/.MainActivity bnds=[832,1873][1005,2068]} with LAUNCH_MULTIPLE from uid 10151 (BAL_ALLOW_ALLOWLISTED_COMPONENT) result code=2
09-24 18:40:28.773 807 865 V SnapshotDrawerUtils: Drawing snapshot surface sizeMismatch=true
09-24 18:40:28.775 561 869 E Transition: Trying to add a ready-group twice: Display{#0 state=ON size=1080x2400 ROTATION_0}
09-24 18:40:28.780 413 413 I BpBinder: onLastStrongRef automatically unlinking death recipients:
09-24 18:40:28.787 561 581 V WindowManager: Sent Transition #69 createdAt=09-24 18:40:28.736 via request=TransitionRequestInfo { type = OPEN, triggerTask = TaskInfo{userId=0 taskId=28 displayId=0 isRunning=true baseIntent=Intent { act=android.intent.action.MAIN cat=[android.intent.category.LAUNCHER] flg=0x10200000 cmp=com.example.qtquickview_kotlin/.MainActivity } baseActivity=ComponentInfo{com.example.qtquickview_kotlin/com.example.qtquickview_kotlin.MainActivity} topActivity=ComponentInfo{com.example.qtquickview_kotlin/com.example.qtquickview_kotlin.MainActivity} origActivity=null realActivity=ComponentInfo{com.example.qtquickview_kotlin/com.example.qtquickview_kotlin.MainActivity} numActivities=1 lastActiveTime=470640 supportsMultiWindow=true resizeMode=1 isResizeable=true minWidth=-1 minHeight=-1 defaultMinSize=220 token=WCT{RemoteToken{437c0b Task{7ca89cd #28 type=standard A=10184:com.example.qtquickview_kotlin}}} topActivityType=1 pictureInPictureParams=null shouldDockBigOverlays=false launchIntoPipHostTaskId=-1 lastParentTaskIdBeforePip=-1 displayCutoutSafeInsets=Rect(0, 132 - 0, 0) topActivityInfo=ActivityInfo{8095ae8 com.example.qtquickview_kotlin.MainActivity} launchCookies=[android.os.BinderProxy@340ebab] positionInParent=Point(0, 0) parentTaskId=-1 isFocused=true isVisible=false isSleeping=false topActivityInSizeCompat=false topActivityEligibleForLetterboxEducation= false topActivityLetterboxed= false isFromDoubleTap= false topActivityLetterboxVerticalPosition= -1 topActivityLetterboxHorizontalPosition= -1 topActivityLetterboxWidth=-1 topActivityLetterboxHeight=-1 locusId=null displayAreaFeatureId=1 cameraCompatControlState=hidden}, remoteTransition = RemoteTransition { remoteTransition = android.window.IRemoteTransition$Stub$Proxy@bb4a208, appThread = android.app.IApplicationThread$Stub$Proxy@f779da1, debugName = QuickstepLaunch }, displayChange = null }
09-24 18:40:28.787 561 581 V WindowManager: startWCT=WindowContainerTransaction { changes = {} hops = [] errorCallbackToken=null taskFragmentOrganizer=null }
09-24 18:40:28.787 561 581 V WindowManager: info={id=69 t=OPEN f=0x0 trk=0 r=[0@Point(0, 0)] c=[{WCT{RemoteToken{437c0b Task{7ca89cd #28 type=standard A=10184:com.example.qtquickview_kotlin}}} m=SHOW f= leash=Surface(name=Task=28)/@0x53c2585 sb=Rect(0, 0 - 1080, 2400) eb=Rect(0, 0 - 1080, 2400) d=0},{WCT{RemoteToken{5486296 Task{6e71f63 #1 type=home}}} m=HIDE f=SHOW_WALLPAPER leash=Surface(name=Task=1)/@0xbadec5f sb=Rect(0, 0 - 1080, 2400) eb=Rect(0, 0 - 1080, 2400) d=0}]}
09-24 18:40:28.788 807 840 V WindowManagerShell: onTransitionReady android.os.BinderProxy@ad4c284: {id=69 t=OPEN f=0x0 trk=0 r=[0@Point(0, 0)] c=[{WCT{android.window.IWindowContainerToken$Stub$Proxy@8d3ca6a} m=SHOW f= leash=Surface(name=Task=28)/@0x1d5ab5b sb=Rect(0, 0 - 1080, 2400) eb=Rect(0, 0 - 1080, 2400) d=0},{WCT{android.window.IWindowContainerToken$Stub$Proxy@591dff8} m=HIDE f=SHOW_WALLPAPER leash=Surface(name=Task=1)/@0x32a1cd1 sb=Rect(0, 0 - 1080, 2400) eb=Rect(0, 0 - 1080, 2400) d=0}]}
09-24 18:40:28.789 807 840 V WindowManagerShell: Playing animation for (#69)android.os.BinderProxy@ad4c284@0
09-24 18:40:28.789 807 840 V WindowManagerShell: try firstHandler com.android.wm.shell.transition.DefaultMixedHandler@2bf3891
09-24 18:40:28.789 807 840 V WindowManagerShell: Delegate animation for #69 to RemoteTransition { remoteTransition = android.window.IRemoteTransition$Stub$Proxy@21d82f0, appThread = android.app.IApplicationThread$Stub$Proxy@a161069, debugName = QuickstepLaunch }
09-24 18:40:28.810 807 840 V WindowManagerShell: animated by firstHandler
09-24 18:40:28.879 396 524 D audioserver: FGS Logger Transaction failed
09-24 18:40:28.879 396 524 D audioserver: -129
09-24 18:40:28.937 6083 6094 I uickview_kotlin: NativeAlloc concurrent copying GC freed 24349(1828KB) AllocSpace objects, 1(20KB) LOS objects, 49% free, 3936KB/7873KB, paused 41.226ms,12us total 83.667ms
09-24 18:40:28.954 561 581 W ziparchive: Unable to open '/data/app/~~F4yQBZPHkkiDCvIpIfMWXg==/com.example.qtquickview_kotlin-RM41Tj9q01JxxlLq7edIHg==/base.dm': No such file or directory
09-24 18:40:29.056 561 1883 I ImeTracker: com.example.qtquickview_kotlin:7fa446db: onRequestHide at ORIGIN_SERVER_HIDE_INPUT reason HIDE_UNSPECIFIED_WINDOW
09-24 18:40:29.056 561 1883 I ImeTracker: com.example.qtquickview_kotlin:7fa446db: onCancelled at PHASE_SERVER_SHOULD_HIDE
09-24 18:40:29.058 1575 1575 I GoogleInputMethodService: GoogleInputMethodService.onFinishInput():3227
09-24 18:40:29.060 1575 1575 I GoogleInputMethodService: GoogleInputMethodService.updateDeviceLockedStatus():2087 repeatCheckTimes = 0, unlocked = true
09-24 18:40:29.062 1575 1575 I GoogleInputMethodService: GoogleInputMethodService.onStartInput():1877 onStartInput(EditorInfo{inputType=0x0(NULL) imeOptions=0x0 privateImeOptions=null actionName=UNSPECIFIED actionLabel=null actionId=0 initialSelStart=-1 initialSelEnd=-1 initialCapsMode=0x0 hintText=null label=null packageName=com.example.qtquickview_kotlin fieldId=0 fieldName=null extras=null}, false)
09-24 18:40:29.062 1575 1575 I GoogleInputMethodService: GoogleInputMethodService.shouldHideHeaderOnInitialState():4008 ShouldHideHeaderOnInitialState = false
09-24 18:40:29.063 1575 1575 I GoogleInputMethodService: GoogleInputMethodService.updateDeviceLockedStatus():2087 repeatCheckTimes = 2, unlocked = true
09-24 18:40:29.318 807 824 I ndroid.systemui: Background young concurrent copying GC freed 263826(12MB) AllocSpace objects, 0(0B) LOS objects, 37% free, 20MB/31MB, paused 9.085ms,36us total 34.610ms
09-24 18:40:29.435 807 840 V WindowManagerShell: Transition animation finished (aborted=false), notifying core (#69)android.os.BinderProxy@ad4c284@0
09-24 18:40:29.439 807 840 V WindowManagerShell: Track 0 became idle
09-24 18:40:29.439 807 840 V WindowManagerShell: All active transition animations finished
09-24 18:40:29.442 561 581 V WindowManager: Finish Transition #69: created at
09-24 18:40:28.736 collect-started=0.017ms request-sent=16.756ms started=19.326ms ready=42.304ms sent=50.263ms finished=699.65ms
09-24 18:40:29.446 969 1204 D BtGatt.ScanManager: uid 10116 isForeground true scanMode 1
09-24 18:40:29.446 969 1204 D BtGatt.ScanManager: uid 10116 isForeground true scanMode -1
09-24 18:40:29.509 1105 2176 D OneSearchSuggestProvider: Shut down the binder channel
09-24 18:40:29.512 1105 1179 I ImeTracker: com.google.android.apps.nexuslauncher:eb0ca2a7: onRequestHide at ORIGIN_CLIENT_HIDE_SOFT_INPUT reason HIDE_SOFT_INPUT
09-24 18:40:29.513 1105 1179 I ImeTracker: com.google.android.apps.nexuslauncher:eb0ca2a7: onFailed at PHASE_CLIENT_VIEW_SERVED
09-24 18:40:29.526 1105 1477 I IPCThreadState: oneway function results for code 2 on binder at 0x799fb512ca90 will be dropped but finished with status UNKNOWN_TRANSACTION
09-24 18:40:29.554 413 413 W SurfaceFlinger: couldn't log to binary event log: overflow.
09-24 18:40:30.152 1105 1105 D TaplEvents: TIS / TouchInteractionService.onInputEvent: MotionEvent { action=ACTION_DOWN, actionButton=0, id[0]=0, x[0]=647.97363, y[0]=2096.9238, toolType[0]=TOOL_TYPE_FINGER, buttonState=0, classification=NONE, metaState=0, flags=0x0, edgeFlags=0x0, pointerCount=1, historySize=0, eventTime=473346, downTime=473346, deviceId=4, source=0xd002, displayId=0, eventId=960610403 }
09-24 18:40:30.697 1105 1105 D TaplEvents: TIS / TouchInteractionService.onInputEvent: MotionEvent { action=ACTION_UP, actionButton=0, id[0]=0, x[0]=638.9756, y[0]=571.94824, toolType[0]=TOOL_TYPE_FINGER, buttonState=0, classification=NONE, metaState=0, flags=0x0, edgeFlags=0x0, pointerCount=1, historySize=0, eventTime=473892, downTime=473346, deviceId=4, source=0xd002, displayId=0, eventId=252369324 }
09-24 18:40:31.290 1105 1105 D TaplEvents: TIS / TouchInteractionService.onInputEvent: MotionEvent { action=ACTION_DOWN, actionButton=0, id[0]=0, x[0]=532.9795, y[0]=2299.878, toolType[0]=TOOL_TYPE_FINGER, buttonState=0, classification=NONE, metaState=0, flags=0x0, edgeFlags=0x0, pointerCount=1, historySize=0, eventTime=474485, downTime=474485, deviceId=4, source=0xd002, displayId=0, eventId=348786734 }
09-24 18:40:31.756 561 1843 E TaskPersister: File error accessing recents directory (directory doesn't exist?).
09-24 18:40:31.799 355 3297 D android.hardware.audio@7.1-impl.ranchu: threadLoop: entering standby, frames: 6952704
09-24 18:40:31.926 1105 1105 D TaplEvents: TIS / TouchInteractionService.onInputEvent: MotionEvent { action=ACTION_UP, actionButton=0, id[0]=0, x[0]=532.9795, y[0]=275.97656, toolType[0]=TOOL_TYPE_FINGER, buttonState=0, classification=NONE, metaState=0, flags=0x0, edgeFlags=0x0, pointerCount=1, historySize=0, eventTime=475121, downTime=474485, deviceId=4, source=0xd002, displayId=0, eventId=51331941 }
09-24 18:40:31.958 807 807 D StatusBarIconController: ignoring old pipeline callback because the new wifi icon is enabled
09-24 18:40:32.757 1105 1105 D TaplEvents: TIS / TouchInteractionService.onInputEvent: MotionEvent { action=ACTION_DOWN, actionButton=0, id[0]=0, x[0]=567.9824, y[0]=2339.8682, toolType[0]=TOOL_TYPE_FINGER, buttonState=0, classification=NONE, metaState=0, flags=0x0, edgeFlags=0x0, pointerCount=1, historySize=0, eventTime=475952, downTime=475952, deviceId=4, source=0xd002, displayId=0, eventId=395885337 }
09-24 18:40:32.787 807 840 V ShellRecents: RecentsTransitionHandler.startRecentsTransition
09-24 18:40:32.787 807 840 V WindowManagerShell: Directly starting a new transition type=3 wct=WindowContainerTransaction { changes = {} hops = [{PendingIntent: options=Bundle[mParcelledData.dataSize=332]}] errorCallbackToken=null taskFragmentOrganizer=null } handler=com.android.wm.shell.recents.RecentsTransitionHandler@48ea264
09-24 18:40:32.796 807 840 V ShellRecents: [175043370] RecentsController.setTransition: id=android.os.BinderProxy@bd0851b
09-24 18:40:32.796 413 413 I BpBinder: onLastStrongRef automatically unlinking death recipients:
09-24 18:40:32.808 1105 1179 I ImeTracker: com.google.android.apps.nexuslauncher:188fec9e: onRequestHide at ORIGIN_CLIENT_HIDE_SOFT_INPUT reason HIDE_SOFT_INPUT
09-24 18:40:32.809 1105 1179 I ImeTracker: com.google.android.apps.nexuslauncher:188fec9e: onFailed at PHASE_CLIENT_VIEW_SERVED
09-24 18:40:32.827 1105 1105 D TaplEvents: Pilfer / pilferPointers
09-24 18:40:32.828 561 1883 I InputDispatcher: Channel [Gesture Monitor] swipe-up (server) is stealing touch from [da9b173 com.example.qtquickview_kotlin/com.example.qtquickview_kotlin.MainActivity (server), [Gesture Monitor] edge-swipe (server)]
09-24 18:40:32.838 561 581 D AutofillManagerService: Close system dialogs
09-24 18:40:32.880 807 840 V WindowManagerShell: onTransitionReady android.os.BinderProxy@bd0851b: {id=70 t=TO_FRONT f=0x80 trk=0 r=[0@Point(0, 0)] c=[{WCT{android.window.IWindowContainerToken$Stub$Proxy@deda4b0} m=SHOW f=SHOW_WALLPAPER leash=Surface(name=Task=1)/@0x67cef29 sb=Rect(0, 0 - 1080, 2400) eb=Rect(0, 0 - 1080, 2400) d=0},{WCT{android.window.IWindowContainerToken$Stub$Proxy@6c682ae} m=HIDE f=NONE leash=Surface(name=Task=28)/@0xeead84f sb=Rect(0, 0 - 1080, 2400) eb=Rect(0, 0 - 1080, 2400) d=0},{null m=SHOW f=IS_WALLPAPER leash=Surface(name=WallpaperWindowToken{c35888f token=android.os.Binder@348cbee})/@0x4005bdc sb=Rect(0, 0 - 1080, 2400) eb=Rect(0, 0 - 1080, 2400) d=0}]}
09-24 18:40:32.880 807 840 V WindowManagerShell: Playing animation for (#70)android.os.BinderProxy@bd0851b@0
09-24 18:40:32.880 807 840 V WindowManagerShell: try firstHandler com.android.wm.shell.recents.RecentsTransitionHandler@48ea264
09-24 18:40:32.881 807 840 V ShellRecents: [175043370] RecentsController.start
09-24 18:40:32.887 807 840 V ShellRecents: adding pausing taskId=28
09-24 18:40:32.888 807 807 I vol.VolumeDialogImpl: mDialog.dismiss() reason: volume_controller from: com.android.systemui.volume.VolumeDialogImpl$7.onDismissRequested:3
09-24 18:40:32.888 807 840 V ShellRecents: [175043370] RecentsController.start: calling onAnimationStart
09-24 18:40:32.888 807 840 V WindowManagerShell: animated by firstHandler
09-24 18:40:32.893 561 581 V WindowManager: Sent Transition #70 createdAt=09-24 18:40:32.788
09-24 18:40:32.893 561 581 V WindowManager: startWCT=WindowContainerTransaction { changes = {} hops = [{PendingIntent: options=Bundle[{android.activity.splashScreenStyle=-1, android.activity.sourceInfo=android.app.ActivityOptions$SourceInfo@c059b8b, android.activity.transientLaunch=true}]}] errorCallbackToken=null taskFragmentOrganizer=null }
09-24 18:40:32.893 561 581 V WindowManager: info={id=70 t=TO_FRONT f=0x80 trk=0 r=[0@Point(0, 0)] c=[{WCT{RemoteToken{5486296 Task{6e71f63 #1 type=home}}} m=SHOW f=SHOW_WALLPAPER leash=Surface(name=Task=1)/@0xbadec5f sb=Rect(0, 0 - 1080, 2400) eb=Rect(0, 0 - 1080, 2400) d=0},{WCT{RemoteToken{437c0b Task{7ca89cd #28 type=standard A=10184:com.example.qtquickview_kotlin}}} m=HIDE f=NONE leash=Surface(name=Task=28)/@0x53c2585 sb=Rect(0, 0 - 1080, 2400) eb=Rect(0, 0 - 1080, 2400) d=0},{null m=SHOW f=IS_WALLPAPER leash=Surface(name=WallpaperWindowToken{c35888f token=android.os.Binder@348cbee})/@0x94640b9 sb=Rect(0, 0 - 1080, 2400) eb=Rect(0, 0 - 1080, 2400) d=0}]}
09-24 18:40:32.895 807 840 V ShellRecents: [175043370] RecentsController.setInputConsumerEnabled: set focus to recents
09-24 18:40:32.895 413 615 I BpBinder: onLastStrongRef automatically unlinking death recipients:
09-24 18:40:32.902 561 584 D OomAdjuster: Not killing cached processes
09-24 18:40:32.915 561 694 E HandwritingModeController: Cannot get requestId: Handwriting was not initialized.
09-24 18:40:32.981 6083 6103 D EGL_emulation: app_time_stats: avg=796.58ms min=14.16ms max=3757.71ms count=5
09-24 18:40:33.121 1105 1105 D MotionPauseDetector: onMotionPauseChanged, paused=true reason=Didn't have back to back slow speeds, checking for rapid deceleration on first pause only
09-24 18:40:33.545 1105 1105 D MotionPauseDetector: onMotionPauseChanged, paused=false reason=Was paused, but started moving at a fast speed
09-24 18:40:33.911 1105 1933 D EGL_emulation: app_time_stats: avg=12.48ms min=8.87ms max=27.50ms count=35
09-24 18:40:34.939 1105 1933 D EGL_emulation: app_time_stats: avg=12.36ms min=8.85ms max=21.29ms count=34
09-24 18:40:35.398 1105 1105 D TaplEvents: TIS / TouchInteractionService.onInputEvent: MotionEvent { action=ACTION_UP, actionButton=0, id[0]=0, x[0]=1059.9609, y[0]=637.93945, toolType[0]=TOOL_TYPE_FINGER, buttonState=0, classification=NONE, metaState=0, flags=0x0, edgeFlags=0x0, pointerCount=1, historySize=0, eventTime=478568, downTime=475952, deviceId=4, source=0xd002, displayId=0, eventId=580512527 }
09-24 18:40:35.401 561 694 E HandwritingModeController: Cannot get requestId: Handwriting was not initialized.
09-24 18:40:35.406 561 694 E HandwritingModeController: Cannot get requestId: Handwriting was not initialized.
09-24 18:40:35.703 561 694 E HandwritingModeController: Cannot get requestId: Handwriting was not initialized.
09-24 18:40:35.771 807 840 V ShellRecents: [175043370] RecentsController.finishInner: toHome=false userLeave=false willFinishToHome=false state=0
09-24 18:40:35.772 807 840 V ShellRecents: returning to app
09-24 18:40:35.772 807 840 V ShellRecents: [175043370] RecentsController.cleanup
09-24 18:40:35.773 807 840 V WindowManagerShell: Transition animation finished (aborted=false), notifying core (#70)android.os.BinderProxy@bd0851b@0
09-24 18:40:35.782 561 581 V WindowManager: Finish Transition #70: created at
09-24 18:40:32.788 collect-started=1.634ms started=1.705ms ready=4.573ms sent=84.65ms finished=2991.273ms
09-24 18:40:35.786 807 840 V WindowManagerShell: Track 0 became idle
09-24 18:40:35.788 807 840 V WindowManagerShell: All active transition animations finished
09-24 18:40:35.833 561 2218 I ImeTracker: com.example.qtquickview_kotlin:ccd49cf6: onRequestHide at ORIGIN_SERVER_HIDE_INPUT reason HIDE_SAME_WINDOW_FOCUSED_WITHOUT_EDITOR
09-24 18:40:35.833 561 2218 I ImeTracker: com.example.qtquickview_kotlin:ccd49cf6: onCancelled at PHASE_SERVER_SHOULD_HIDE
09-24 18:40:35.834 1575 1575 I GoogleInputMethodService: GoogleInputMethodService.onFinishInput():3227
09-24 18:40:35.838 1575 1575 I GoogleInputMethodService: GoogleInputMethodService.updateDeviceLockedStatus():2087 repeatCheckTimes = 0, unlocked = true
09-24 18:40:35.838 1575 1575 I GoogleInputMethodService: GoogleInputMethodService.onStartInput():1877 onStartInput(EditorInfo{inputType=0x0(NULL) imeOptions=0x0 privateImeOptions=null actionName=UNSPECIFIED actionLabel=null actionId=0 initialSelStart=-1 initialSelEnd=-1 initialCapsMode=0x0 hintText=null label=null packageName=com.example.qtquickview_kotlin fieldId=0 fieldName=null extras=null}, false)
09-24 18:40:35.838 1575 1575 I GoogleInputMethodService: GoogleInputMethodService.shouldHideHeaderOnInitialState():4008 ShouldHideHeaderOnInitialState = false
09-24 18:40:35.841 1575 1575 I GoogleInputMethodService: GoogleInputMethodService.updateDeviceLockedStatus():2087 repeatCheckTimes = 2, unlocked = true
09-24 18:40:35.853 1105 1179 I ImeTracker: com.google.android.apps.nexuslauncher:427e1fff: onRequestHide at ORIGIN_CLIENT_HIDE_SOFT_INPUT reason HIDE_SOFT_INPUT
09-24 18:40:35.853 1105 1179 I ImeTracker: com.google.android.apps.nexuslauncher:427e1fff: onFailed at PHASE_CLIENT_VIEW_SERVED
09-24 18:40:35.870 1105 1179 I ImeTracker: com.google.android.apps.nexuslauncher:fedc6508: onRequestHide at ORIGIN_CLIENT_HIDE_SOFT_INPUT reason HIDE_SOFT_INPUT
09-24 18:40:35.870 1105 1179 I ImeTracker: com.google.android.apps.nexuslauncher:fedc6508: onFailed at PHASE_CLIENT_VIEW_SERVED
09-24 18:40:35.872 1105 2176 D OneSearchSuggestProvider: Shut down the binder channel
09-24 18:40:35.875 6083 6103 D EGL_emulation: app_time_stats: avg=561.29ms min=8.15ms max=2749.64ms count=5
09-24 18:40:35.931 413 413 W SurfaceFlinger: couldn't log to binary event log: overflow.
09-24 18:40:36.317 807 807 D StatusBarIconController: ignoring old pipeline callbacks, because the new mobile icons are enabled
09-24 18:40:36.321 807 897 D EGL_emulation: app_time_stats: avg=6032.21ms min=87.54ms max=17790.26ms count=3
09-24 18:40:37.677 1105 1105 D TaplEvents: TIS / TouchInteractionService.onInputEvent: MotionEvent { action=ACTION_DOWN, actionButton=0, id[0]=0, x[0]=634.9551, y[0]=2361.914, toolType[0]=TOOL_TYPE_FINGER, buttonState=0, classification=NONE, metaState=0, flags=0x0, edgeFlags=0x0, pointerCount=1, historySize=0, eventTime=480870, downTime=480870, deviceId=4, source=0xd002, displayId=0, eventId=725238151 }
09-24 18:40:37.685 807 840 V ShellRecents: RecentsTransitionHandler.startRecentsTransition
09-24 18:40:37.686 807 840 V WindowManagerShell: Directly starting a new transition type=3 wct=WindowContainerTransaction { changes = {} hops = [{PendingIntent: options=Bundle[mParcelledData.dataSize=332]}] errorCallbackToken=null taskFragmentOrganizer=null } handler=com.android.wm.shell.recents.RecentsTransitionHandler@48ea264
09-24 18:40:37.695 807 840 V ShellRecents: [150820880] RecentsController.setTransition: id=android.os.BinderProxy@1138f09
09-24 18:40:37.696 413 413 I BpBinder: onLastStrongRef automatically unlinking death recipients:
09-24 18:40:37.705 1105 1179 I ImeTracker: com.google.android.apps.nexuslauncher:9e1bda8f: onRequestHide at ORIGIN_CLIENT_HIDE_SOFT_INPUT reason HIDE_SOFT_INPUT
