09-24 18:38:36.169 1932 1932 W View : requestLayout() improperly called by android.widget.FrameLayout{cd03948 V.E...... ......ID 0,0-1080,525 #7f0b0fee app:id/googleapp_discover_header_container} during layout: running second layout pass
09-24 18:38:36.201 1932 1932 I A : Created gRPC endpoint to "search" for service class com.google.android.apps.search.googleapp.search.suggest.plugins.onesearch.server.OneSearchSuggestService
09-24 18:38:36.207 1932 1932 W A : Can't get WAA status for Mavatar!
09-24 18:38:36.207 1932 1932 W A : java.lang.NullPointerException: Attempt to invoke virtual method 'java.lang.Class java.lang.Object.getClass()' on a null object reference
09-24 18:38:36.207 1932 1932 W A : at com.google.apps.tiktok.dataservice.z.b(PG:1)
09-24 18:38:36.207 1932 1932 W A : at com.google.apps.tiktok.dataservice.at.a(PG:1)
09-24 18:38:36.207 1932 1932 W A : at com.google.apps.tiktok.tracing.ec.a(PG:2)
09-24 18:38:36.207 1932 1932 W A : at com.google.common.util.concurrent.aj.a(PG:2)
09-24 18:38:36.207 1932 1932 W A : at com.google.common.util.concurrent.ac.apply(PG:1)
09-24 18:38:36.207 1932 1932 W A : at com.google.common.util.concurrent.h.e(PG:2)
09-24 18:38:36.207 1932 1932 W A : at com.google.common.util.concurrent.j.run(PG:9)
09-24 18:38:36.207 1932 1932 W A : at com.google.common.util.concurrent.bf.execute(PG:1)
09-24 18:38:36.207 1932 1932 W A : at com.google.common.util.concurrent.d.i(PG:1)
09-24 18:38:36.207 1932 1932 W A : at com.google.common.util.concurrent.d.l(PG:12)
09-24 18:38:36.207 1932 1932 W A : at com.google.common.util.concurrent.d.n(PG:2)
09-24 18:38:36.207 1932 1932 W A : at com.google.common.util.concurrent.i.f(PG:1)
09-24 18:38:36.207 1932 1932 W A : at com.google.common.util.concurrent.j.run(PG:12)
09-24 18:38:36.207 1932 1932 W A : at com.google.android.libraries.i.ae.run(PG:1)
09-24 18:38:36.207 1932 1932 W A : at java.util.concurrent.ThreadPoolExecutor.runWorker(ThreadPoolExecutor.java:1145)
09-24 18:38:36.207 1932 1932 W A : at java.util.concurrent.ThreadPoolExecutor$Worker.run(ThreadPoolExecutor.java:644)
09-24 18:38:36.207 1932 1932 W A : at com.google.android.libraries.i.k.run(PG:2)
09-24 18:38:36.207 1932 1932 W A : at com.google.android.libraries.i.p.run(PG:4)
09-24 18:38:36.207 1932 1932 W A : at java.lang.Thread.run(Thread.java:1012)
09-24 18:38:36.219 1105 1105 D SearchTargetUtil: query= size=0
09-24 18:38:36.300 807 897 D EGL_emulation: app_time_stats: avg=315.75ms min=1.30ms max=3984.32ms count=14
09-24 18:38:36.300 807 807 D StatusBarIconController: ignoring old pipeline callbacks, because the new mobile icons are enabled
09-24 18:38:36.480 355 3297 D android.hardware.audio@7.1-impl.ranchu: threadLoop: entering standby, frames: 3735072
09-24 18:38:36.628 1105 1105 D TaplEvents: Main / Touch event: MotionEvent { action=ACTION_DOWN, actionButton=0, id[0]=0, x[0]=638.9756, y[0]=1358.9355, toolType[0]=TOOL_TYPE_FINGER, buttonState=0, classification=NONE, metaState=0, flags=0x0, edgeFlags=0x0, pointerCount=1, historySize=0, eventTime=359812, downTime=359812, deviceId=4, source=0xd002, displayId=0, eventId=372981068 }
09-24 18:38:36.631 1105 1105 D TaplEvents: TIS / TouchInteractionService.onInputEvent: MotionEvent { action=ACTION_DOWN, actionButton=0, id[0]=0, x[0]=638.9756, y[0]=1358.9355, toolType[0]=TOOL_TYPE_FINGER, buttonState=0, classification=NONE, metaState=0, flags=0x0, edgeFlags=0x0, pointerCount=1, historySize=0, eventTime=359812, downTime=359812, deviceId=4, source=0xd002, displayId=0, eventId=372981068 }
09-24 18:38:36.712 1105 1933 D EGL_emulation: app_time_stats: avg=87.55ms min=9.77ms max=667.09ms count=10
09-24 18:38:36.832 1105 1105 D TaplEvents: Main / Touch event: MotionEvent { action=ACTION_UP, actionButton=0, id[0]=0, x[0]=519.96094, y[0]=14.941406, toolType[0]=TOOL_TYPE_FINGER, buttonState=0, classification=NONE, metaState=0, flags=0x0, edgeFlags=0x0, pointerCount=1, historySize=0, eventTime=360010, downTime=359812, deviceId=4, source=0xd002, displayId=0, eventId=312617142 }
09-24 18:38:36.850 1105 1105 D TaplEvents: TIS / TouchInteractionService.onInputEvent: MotionEvent { action=ACTION_UP, actionButton=0, id[0]=0, x[0]=519.96094, y[0]=14.941406, toolType[0]=TOOL_TYPE_FINGER, buttonState=0, classification=NONE, metaState=0, flags=0x0, edgeFlags=0x0, pointerCount=1, historySize=0, eventTime=360010, downTime=359812, deviceId=4, source=0xd002, displayId=0, eventId=312617142 }
09-24 18:38:37.170 807 840 V ShellRecents: [16871867] RecentsController.finishInner: toHome=true userLeave=false willFinishToHome=true state=0
09-24 18:38:37.170 807 840 V ShellRecents: normal finish
09-24 18:38:37.171 807 840 V ShellRecents: [16871867] RecentsController.cleanup
09-24 18:38:37.172 807 840 V WindowManagerShell: Transition animation finished (aborted=false), notifying core (#41)android.os.BinderProxy@b870e4e@0
09-24 18:38:37.224 561 581 V WindowManager: Finish Transition #41: created at
09-24 18:38:34.549 collect-started=2.455ms started=2.501ms ready=16.654ms sent=155.012ms finished=2625.617ms
09-24 18:38:37.241 1105 1105 I AiAiSuggestUi: Clearing suggestions.
09-24 18:38:37.241 1105 1105 I AiAiSuggestUi: Clearing suggestions.
09-24 18:38:37.265 561 584 V WindowManager: Unknown focus tokens, dropping reportFocusChanged
09-24 18:38:37.270 807 840 V WindowManagerShell: Track 0 became idle
09-24 18:38:37.271 807 840 V WindowManagerShell: All active transition animations finished
09-24 18:38:37.271 807 840 W Looper : Slow dispatch took 101ms wmshell.main h=android.os.Handler c=com.android.wm.shell.recents.RecentsTransitionHandler$RecentsController$$ExternalSyntheticLambda3@8dccedd m=0
09-24 18:38:37.314 807 897 D EGL_emulation: app_time_stats: avg=13.63ms min=1.46ms max=50.65ms count=46
09-24 18:38:37.400 561 1843 E TaskPersister: File error accessing recents directory (directory doesn't exist?).
09-24 18:38:37.422 807 897 D EGL_emulation: app_time_stats: avg=255.82ms min=3.45ms max=1466.88ms count=6
09-24 18:38:37.444 1369 1369 D BoundBrokerSvc: onUnbind: Intent { act=com.google.android.gms.clearcut.bootcount.service.START pkg=com.google.android.gms }
09-24 18:38:37.493 1105 1119 I s.nexuslauncher: NativeAlloc concurrent copying GC freed 55090(2290KB) AllocSpace objects, 0(0B) LOS objects, 49% free, 6767KB/13MB, paused 78us,16us total 191.673ms
09-24 18:38:37.495 561 1873 I ImeTracker: com.google.android.apps.nexuslauncher:2aad4a49: onRequestHide at ORIGIN_SERVER_HIDE_INPUT reason HIDE_UNSPECIFIED_WINDOW
09-24 18:38:37.497 561 1873 I ImeTracker: com.google.android.apps.nexuslauncher:2aad4a49: onCancelled at PHASE_SERVER_SHOULD_HIDE
09-24 18:38:37.552 1575 1575 I GoogleInputMethodService: GoogleInputMethodService.onFinishInput():3227
09-24 18:38:37.561 1575 1575 I GoogleInputMethodService: GoogleInputMethodService.updateDeviceLockedStatus():2087 repeatCheckTimes = 0, unlocked = true
09-24 18:38:37.561 1575 1575 I GoogleInputMethodService: GoogleInputMethodService.onStartInput():1877 onStartInput(EditorInfo{inputType=0x0(NULL) imeOptions=0x0 privateImeOptions=null actionName=UNSPECIFIED actionLabel=null actionId=0 initialSelStart=-1 initialSelEnd=-1 initialCapsMode=0x0 hintText=null label=null packageName=com.google.android.apps.nexuslauncher fieldId=0 fieldName=null extras=null}, false)
09-24 18:38:37.561 1575 1575 I GoogleInputMethodService: GoogleInputMethodService.shouldHideHeaderOnInitialState():4008 ShouldHideHeaderOnInitialState = false
09-24 18:38:37.562 1575 1575 I GoogleInputMethodService: GoogleInputMethodService.updateDeviceLockedStatus():2087 repeatCheckTimes = 2, unlocked = true
09-24 18:38:37.586 413 429 I BpBinder: onLastStrongRef automatically unlinking death recipients:
09-24 18:38:37.622 5740 5763 W libEGL : eglTerminate() called w/ 1 objects remaining
09-24 18:38:37.622 5740 5763 E libEGL : validate_display:550 error 3001 (EGL_NOT_INITIALIZED)
09-24 18:38:37.640 5740 5763 I libqtquickview_x86_64.so: main() returned 0
09-24 18:38:37.651 561 1873 D CoreBackPreview: Window{e17ed1a u0 com.example.qtquickview_kotlin/com.example.qtquickview_kotlin.MainActivity}: Setting back callback null
09-24 18:38:37.661 561 1873 W InputManager-JNI: Input channel object 'e17ed1a com.example.qtquickview_kotlin/com.example.qtquickview_kotlin.MainActivity (client)' was disposed without first being removed with the input manager!
09-24 18:38:37.716 561 584 I ActivityManager: Killing 5740:com.example.qtquickview_kotlin/u0a184 (adj 900): remove task
09-24 18:38:37.757 561 597 I libprocessgroup: Successfully killed process cgroup uid 10184 pid 5740 in 31ms
09-24 18:38:37.805 561 582 D DisplayManagerService: Drop pending events for gone uid 10184
09-24 18:38:37.811 561 584 W ActivityManager: setHasOverlayUi called on unknown pid: 5740
09-24 18:38:37.824 353 353 I Zygote : Process 5740 exited due to signal 9 (Killed)
09-24 18:38:37.985 1787 1787 D BoundBrokerSvc: onUnbind: Intent { act=com.google.android.gms.wallet.service.BIND pkg=com.google.android.gms }
09-24 18:38:38.228 561 1884 W ProcessStats: Tracking association SourceState{1a5e47d com.google.android.apps.nexuslauncher/10151 BTop #5157} whose proc state 2 is better than process ProcessState{ea3774 com.google.android.googlequicksearchbox:search/10123 pkg=com.google.android.googlequicksearchbox} proc state 6 (99 skipped)
09-24 18:38:38.231 1105 1105 D TaplEvents: Main / Touch event: MotionEvent { action=ACTION_DOWN, actionButton=0, id[0]=0, x[0]=952.94336, y[0]=1950.8789, toolType[0]=TOOL_TYPE_FINGER, buttonState=0, classification=NONE, metaState=0, flags=0x0, edgeFlags=0x0, pointerCount=1, historySize=0, eventTime=361425, downTime=361425, deviceId=4, source=0xd002, displayId=0, eventId=621396652 }
09-24 18:38:38.237 1787 1787 D BoundBrokerSvc: onUnbind: Intent { act=com.google.android.gms.pay.service.BIND dat=chimera-action:/... cmp=com.google.android.gms/.chimera.GmsApiService }
09-24 18:38:38.244 1105 1105 D TaplEvents: TIS / TouchInteractionService.onInputEvent: MotionEvent { action=ACTION_DOWN, actionButton=0, id[0]=0, x[0]=952.94336, y[0]=1950.8789, toolType[0]=TOOL_TYPE_FINGER, buttonState=0, classification=NONE, metaState=0, flags=0x0, edgeFlags=0x0, pointerCount=1, historySize=0, eventTime=361425, downTime=361425, deviceId=4, source=0xd002, displayId=0, eventId=621396652 }
09-24 18:38:38.286 1105 1933 D EGL_emulation: app_time_stats: avg=52.27ms min=9.40ms max=603.25ms count=27
09-24 18:38:38.311 1369 1369 D BoundBrokerSvc: onUnbind: Intent { act=com.google.android.gms.semanticlocation.service.START_ODLH pkg=com.google.android.gms }
09-24 18:38:38.322 1105 1105 D TaplEvents: Main / Touch event: MotionEvent { action=ACTION_UP, actionButton=0, id[0]=0, x[0]=952.94336, y[0]=1950.8789, toolType[0]=TOOL_TYPE_FINGER, buttonState=0, classification=NONE, metaState=0, flags=0x0, edgeFlags=0x0, pointerCount=1, historySize=0, eventTime=361504, downTime=361425, deviceId=4, source=0xd002, displayId=0, eventId=1061279141 }
09-24 18:38:38.323 1105 1105 D TaplEvents: TIS / TouchInteractionService.onInputEvent: MotionEvent { action=ACTION_UP, actionButton=0, id[0]=0, x[0]=952.94336, y[0]=1950.8789, toolType[0]=TOOL_TYPE_FINGER, buttonState=0, classification=NONE, metaState=0, flags=0x0, edgeFlags=0x0, pointerCount=1, historySize=0, eventTime=361504, downTime=361425, deviceId=4, source=0xd002, displayId=0, eventId=1061279141 }
09-24 18:38:38.324 807 897 D EGL_emulation: app_time_stats: avg=22.02ms min=1.78ms max=84.27ms count=38
09-24 18:38:38.357 1105 1105 D TaplEvents: Main / start: startAppShortcutOrInfoActivity
09-24 18:38:38.387 561 1169 D CompatibilityChangeReporter: Compat change id reported: 161252188; UID 10184; state: DISABLED
09-24 18:38:38.457 396 2949 D audioserver: FGS Logger Transaction failed
09-24 18:38:38.457 396 2949 D audioserver: -129
09-24 18:38:38.516 396 524 D AudioFlinger: mixer(0x72df5f8d6930) throttle end: throttle time(35)
09-24 18:38:38.526 561 1169 I ActivityTaskManager: START u0 {act=android.intent.action.MAIN cat=[android.intent.category.LAUNCHER] flg=0x10200000 cmp=com.example.qtquickview_kotlin/.MainActivity bnds=[832,1873][1005,2068]} with LAUNCH_MULTIPLE from uid 10151 (BAL_ALLOW_ALLOWLISTED_COMPONENT) result code=0
09-24 18:38:38.545 807 840 V WindowManagerShell: Transition requested: android.os.BinderProxy@552aa9f TransitionRequestInfo { type = OPEN, triggerTask = TaskInfo{userId=0 taskId=23 displayId=0 isRunning=true baseIntent=Intent { act=android.intent.action.MAIN cat=[android.intent.category.LAUNCHER] flg=0x10200000 cmp=com.example.qtquickview_kotlin/.MainActivity } baseActivity=ComponentInfo{com.example.qtquickview_kotlin/com.example.qtquickview_kotlin.MainActivity} topActivity=ComponentInfo{com.example.qtquickview_kotlin/com.example.qtquickview_kotlin.MainActivity} origActivity=null realActivity=ComponentInfo{com.example.qtquickview_kotlin/com.example.qtquickview_kotlin.MainActivity} numActivities=1 lastActiveTime=361717 supportsMultiWindow=true resizeMode=1 isResizeable=true minWidth=-1 minHeight=-1 defaultMinSize=220 token=WCT{android.window.IWindowContainerToken$Stub$Proxy@a2947ec} topActivityType=1 pictureInPictureParams=null shouldDockBigOverlays=false launchIntoPipHostTaskId=-1 lastParentTaskIdBeforePip=-1 displayCutoutSafeInsets=Rect(0, 132 - 0, 0) topActivityInfo=ActivityInfo{d13c8f0 com.example.qtquickview_kotlin.MainActivity} launchCookies=[android.os.BinderProxy@a650b87] positionInParent=Point(0, 0) parentTaskId=-1 isFocused=false isVisible=false isSleeping=false topActivityInSizeCompat=false topActivityEligibleForLetterboxEducation= false topActivityLetterboxed= false isFromDoubleTap= false topActivityLetterboxVerticalPosition= -1 topActivityLetterboxHorizontalPosition= -1 topActivityLetterboxWidth=-1 topActivityLetterboxHeight=-1 locusId=null displayAreaFeatureId=1 cameraCompatControlState=hidden}, remoteTransition = RemoteTransition { remoteTransition = android.window.IRemoteTransition$Stub$Proxy@89ec549, appThread = android.app.IApplicationThread$Stub$Proxy@b2c6e4e, debugName = QuickstepLaunch }, displayChange = null }
09-24 18:38:38.546 807 840 V WindowManagerShell: RemoteTransition directly requested for android.os.BinderProxy@552aa9f: RemoteTransition { remoteTransition = android.window.IRemoteTransition$Stub$Proxy@89ec549, appThread = android.app.IApplicationThread$Stub$Proxy@b2c6e4e, debugName = QuickstepLaunch }
09-24 18:38:38.548 561 584 D CompatibilityChangeReporter: Compat change id reported: 135634846; UID 10184; state: DISABLED
09-24 18:38:38.554 561 596 D CompatibilityChangeReporter: Compat change id reported: 143937733; UID 10184; state: ENABLED
09-24 18:38:38.560 396 524 D AudioFlinger: mixer(0x72df5f8d6930) throttle end: throttle time(22)
09-24 18:38:38.574 807 866 D SplashScreenView: Build android.window.SplashScreenView{edae868 V.E...... ......ID 0,0-0,0}
09-24 18:38:38.574 807 866 D SplashScreenView: Icon: view: android.widget.ImageView{e74d481 V.ED..... ......I. 0,0-0,0 #10204f0 android:id/splashscreen_icon_view} drawable: com.android.wm.shell.startingsurface.SplashscreenIconDrawableFactory$ImmobileIconDrawable@d43f926 size: 420
09-24 18:38:38.574 807 866 D SplashScreenView: Branding: view: android.view.View{53ed967 G.ED..... ......I. 0,0-0,0 #10204ef android:id/splashscreen_branding_view} drawable: null size w: 0 h: 0
09-24 18:38:38.576 353 353 D Zygote : Forked child process 5794
09-24 18:38:38.584 561 596 I ActivityManager: Start proc 5794:com.example.qtquickview_kotlin/u0a184 for next-top-activity {com.example.qtquickview_kotlin/com.example.qtquickview_kotlin.MainActivity}
09-24 18:38:38.596 413 413 I BpBinder: onLastStrongRef automatically unlinking death recipients:
09-24 18:38:38.633 396 524 D audioserver: FGS Logger Transaction failed
09-24 18:38:38.633 396 524 D audioserver: -129
09-24 18:38:38.638 5794 5794 I uickview_kotlin: Late-enabling -Xcheck:jni
09-24 18:38:38.688 561 927 D CoreBackPreview: Window{645f8b7 u0 Splash Screen com.example.qtquickview_kotlin}: Setting back callback OnBackInvokedCallbackInfo{mCallback=android.window.IOnBackInvokedCallback$Stub$Proxy@ffb2f8d, mPriority=0, mIsAnimationCallback=false}
09-24 18:38:38.696 5794 5794 I uickview_kotlin: Using CollectorTypeCC GC.
09-24 18:38:38.710 5794 5794 W uickview_kotlin: Unexpected CPU variant for x86: x86_64.
09-24 18:38:38.710 5794 5794 W uickview_kotlin: Known variants: atom, sandybridge, silvermont, goldmont, goldmont-plus, tremont, kabylake, default
09-24 18:38:38.738 807 840 W Looper : Slow dispatch took 40ms wmshell.main h=android.os.Handler c=com.android.wm.shell.common.ShellExecutor$$ExternalSyntheticLambda1@cca555 m=0
09-24 18:38:38.780 428 448 I adbd : jdwp connection from 5794
09-24 18:38:38.861 561 1169 W ActivityTaskManager: takeTaskSnapshot: taskId=23 not found or not visible
09-24 18:38:38.912 561 581 V WindowManager: Sent Transition #42 createdAt=09-24 18:38:38.445 via request=TransitionRequestInfo { type = OPEN, triggerTask = TaskInfo{userId=0 taskId=23 displayId=0 isRunning=true baseIntent=Intent { act=android.intent.action.MAIN cat=[android.intent.category.LAUNCHER] flg=0x10200000 cmp=com.example.qtquickview_kotlin/.MainActivity } baseActivity=ComponentInfo{com.example.qtquickview_kotlin/com.example.qtquickview_kotlin.MainActivity} topActivity=ComponentInfo{com.example.qtquickview_kotlin/com.example.qtquickview_kotlin.MainActivity} origActivity=null realActivity=ComponentInfo{com.example.qtquickview_kotlin/com.example.qtquickview_kotlin.MainActivity} numActivities=1 lastActiveTime=361717 supportsMultiWindow=true resizeMode=1 isResizeable=true minWidth=-1 minHeight=-1 defaultMinSize=220 token=WCT{RemoteToken{2615290 Task{2862ea #23 type=standard A=10184:com.example.qtquickview_kotlin}}} topActivityType=1 pictureInPictureParams=null shouldDockBigOverlays=false launchIntoPipHostTaskId=-1 lastParentTaskIdBeforePip=-1 displayCutoutSafeInsets=Rect(0, 132 - 0, 0) topActivityInfo=ActivityInfo{5f83789 com.example.qtquickview_kotlin.MainActivity} launchCookies=[android.os.BinderProxy@891938e] positionInParent=Point(0, 0) parentTaskId=-1 isFocused=false isVisible=false isSleeping=false topActivityInSizeCompat=false topActivityEligibleForLetterboxEducation= false topActivityLetterboxed= false isFromDoubleTap= false topActivityLetterboxVerticalPosition= -1 topActivityLetterboxHorizontalPosition= -1 topActivityLetterboxWidth=-1 topActivityLetterboxHeight=-1 locusId=null displayAreaFeatureId=1 cameraCompatControlState=hidden}, remoteTransition = RemoteTransition { remoteTransition = android.window.IRemoteTransition$Stub$Proxy@ec547af, appThread = android.app.IApplicationThread$Stub$Proxy@63107bc, debugName = QuickstepLaunch }, displayChange = null }
09-24 18:38:38.912 561 581 V WindowManager: startWCT=WindowContainerTransaction { changes = {} hops = [] errorCallbackToken=null taskFragmentOrganizer=null }
09-24 18:38:38.912 561 581 V WindowManager: info={id=42 t=OPEN f=0x0 trk=0 r=[0@Point(0, 0)] c=[{WCT{RemoteToken{2615290 Task{2862ea #23 type=standard A=10184:com.example.qtquickview_kotlin}}} m=OPEN f=NONE leash=Surface(name=Task=23)/@0xa7e6542 sb=Rect(0, 0 - 1080, 2400) eb=Rect(0, 0 - 1080, 2400) d=0},{WCT{RemoteToken{5486296 Task{6e71f63 #1 type=home}}} m=HIDE f=SHOW_WALLPAPER leash=Surface(name=Task=1)/@0xbadec5f sb=Rect(0, 0 - 1080, 2400) eb=Rect(0, 0 - 1080, 2400) d=0}]}
09-24 18:38:38.912 807 840 V WindowManagerShell: onTransitionReady android.os.BinderProxy@552aa9f: {id=42 t=OPEN f=0x0 trk=0 r=[0@Point(0, 0)] c=[{WCT{android.window.IWindowContainerToken$Stub$Proxy@db73767} m=OPEN f=NONE leash=Surface(name=Task=23)/@0xa8e2914 sb=Rect(0, 0 - 1080, 2400) eb=Rect(0, 0 - 1080, 2400) d=0},{WCT{android.window.IWindowContainerToken$Stub$Proxy@883c5bd} m=HIDE f=SHOW_WALLPAPER leash=Surface(name=Task=1)/@0x388f7b2 sb=Rect(0, 0 - 1080, 2400) eb=Rect(0, 0 - 1080, 2400) d=0}]}
09-24 18:38:38.912 807 840 V WindowManagerShell: Playing animation for (#42)android.os.BinderProxy@552aa9f@0
09-24 18:38:38.912 807 840 V WindowManagerShell: try firstHandler com.android.wm.shell.transition.DefaultMixedHandler@2bf3891
09-24 18:38:38.912 807 840 V WindowManagerShell: Delegate animation for #42 to RemoteTransition { remoteTransition = android.window.IRemoteTransition$Stub$Proxy@89ec549, appThread = android.app.IApplicationThread$Stub$Proxy@b2c6e4e, debugName = QuickstepLaunch }
09-24 18:38:38.914 807 840 V WindowManagerShell: animated by firstHandler
09-24 18:38:38.924 561 927 I AppsFilter: interaction: PackageSetting{f8d1db0 com.example.qtquickview_kotlin/10184} -> PackageSetting{4417429 com.google.android.apps.nexuslauncher/10151} BLOCKED
09-24 18:38:38.976 5794 5794 D CompatibilityChangeReporter: Compat change id reported: 171979766; UID 10184; state: ENABLED
09-24 18:38:38.976 5794 5794 D CompatibilityChangeReporter: Compat change id reported: 242716250; UID 10184; state: ENABLED
09-24 18:38:39.034 5794 5794 W ziparchive: Unable to open '/data/app/~~F4yQBZPHkkiDCvIpIfMWXg==/com.example.qtquickview_kotlin-RM41Tj9q01JxxlLq7edIHg==/base.dm': No such file or directory
09-24 18:38:39.034 5794 5794 W ziparchive: Unable to open '/data/app/~~F4yQBZPHkkiDCvIpIfMWXg==/com.example.qtquickview_kotlin-RM41Tj9q01JxxlLq7edIHg==/base.dm': No such file or directory
09-24 18:38:39.133 5794 5794 D nativeloader: Configuring clns-6 for other apk /data/app/~~F4yQBZPHkkiDCvIpIfMWXg==/com.example.qtquickview_kotlin-RM41Tj9q01JxxlLq7edIHg==/base.apk. target_sdk_version=34, uses_libraries=, library_path=/data/app/~~F4yQBZPHkkiDCvIpIfMWXg==/com.example.qtquickview_kotlin-RM41Tj9q01JxxlLq7edIHg==/lib/x86_64:/data/app/~~F4yQBZPHkkiDCvIpIfMWXg==/com.example.qtquickview_kotlin-RM41Tj9q01JxxlLq7edIHg==/base.apk!/lib/x86_64, permitted_path=/data:/mnt/expand:/data/user/0/com.example.qtquickview_kotlin
09-24 18:38:39.297 1105 1933 D EGL_emulation: app_time_stats: avg=46.34ms min=15.54ms max=196.74ms count=20
09-24 18:38:39.299 807 807 D StatusBarIconController: ignoring old pipeline callback because the new wifi icon is enabled
09-24 18:38:39.374 807 897 D EGL_emulation: app_time_stats: avg=34.41ms min=2.87ms max=245.15ms count=27
09-24 18:38:39.415 807 897 D EGL_emulation: app_time_stats: avg=491.66ms min=22.22ms max=1828.88ms count=4
09-24 18:38:39.445 5794 5794 V GraphicsEnvironment: Currently set values for:
09-24 18:38:39.445 5794 5794 V GraphicsEnvironment: angle_gl_driver_selection_pkgs=[]
09-24 18:38:39.445 5794 5794 V GraphicsEnvironment: angle_gl_driver_selection_values=[]
09-24 18:38:39.445 5794 5794 V GraphicsEnvironment: ANGLE GameManagerService for com.example.qtquickview_kotlin: false
09-24 18:38:39.446 5794 5794 V GraphicsEnvironment: com.example.qtquickview_kotlin is not listed in per-application setting
09-24 18:38:39.446 5794 5794 V GraphicsEnvironment: Neither updatable production driver nor prerelease driver is supported.
09-24 18:38:39.497 807 840 V WindowManagerShell: Transition animation finished (aborted=false), notifying core (#42)android.os.BinderProxy@552aa9f@0
09-24 18:38:39.499 561 581 V WindowManager: Finish Transition #42: created at
09-24 18:38:38.445 collect-started=0.697ms request-sent=76.826ms started=102.008ms ready=464.568ms sent=465.973ms finished=1052.726ms
09-24 18:38:39.500 807 840 V WindowManagerShell: Track 0 became idle
09-24 18:38:39.500 807 840 V WindowManagerShell: All active transition animations finished
09-24 18:38:39.557 561 657 I ActivityManager: Flag disabled. Ignoring finishAttachApplication from uid: 10184. pid: 5794
09-24 18:38:39.596 5794 5816 D libEGL : loaded /vendor/lib64/egl/libEGL_emulation.so
09-24 18:38:39.599 5794 5816 D libEGL : loaded /vendor/lib64/egl/libGLESv1_CM_emulation.so
09-24 18:38:39.606 5794 5816 D libEGL : loaded /vendor/lib64/egl/libGLESv2_emulation.so
09-24 18:38:39.607 5794 5794 D AppCompatDelegate: Checking for metadata for AppLocalesMetadataHolderService : Service not found
09-24 18:38:39.672 5794 5794 D CompatibilityChangeReporter: Compat change id reported: 210923482; UID 10184; state: ENABLED
09-24 18:38:39.679 5794 5794 W uickview_kotlin: Accessing hidden method Landroid/view/View;->computeFitSystemWindows(Landroid/graphics/Rect;Landroid/graphics/Rect;)Z (unsupported, reflection, allowed)
09-24 18:38:39.792 5794 5794 W uickview_kotlin: Accessing hidden method Landroid/view/ViewGroup;->makeOptionalFitsSystemWindows()V (unsupported, reflection, allowed)
09-24 18:38:39.801 5794 5794 W ziparchive: Unable to open '/data/app/~~F4yQBZPHkkiDCvIpIfMWXg==/com.example.qtquickview_kotlin-RM41Tj9q01JxxlLq7edIHg==/base.dm': No such file or directory
09-24 18:38:39.801 5794 5794 W ziparchive: Unable to open '/data/app/~~F4yQBZPHkkiDCvIpIfMWXg==/com.example.qtquickview_kotlin-RM41Tj9q01JxxlLq7edIHg==/base.dm': No such file or directory
09-24 18:38:39.874 5794 5817 I QtCore : Start
09-24 18:38:39.972 5794 5817 I Qt : qt started
09-24 18:38:40.016 5794 5794 D CompatibilityChangeReporter: Compat change id reported: 237531167; UID 10184; state: DISABLED
09-24 18:38:40.021 5794 5794 W OpenGLRenderer: Unknown dataspace 0
09-24 18:38:40.047 561 1169 D CoreBackPreview: Window{2db6a31 u0 com.example.qtquickview_kotlin/com.example.qtquickview_kotlin.MainActivity}: Setting back callback OnBackInvokedCallbackInfo{mCallback=android.window.IOnBackInvokedCallback$Stub$Proxy@80f3884, mPriority=0, mIsAnimationCallback=false}
09-24 18:38:40.144 5794 5814 W OpenGLRenderer: Failed to initialize 101010-2 format, error = EGL_SUCCESS
09-24 18:38:40.147 5794 5794 D AutofillManager: notifyViewEnteredForFillDialog:1073741824
09-24 18:38:40.277 0 0 I servicemanager: Could not find android.hardware.graphics.allocator.IAllocator/default in the VINTF manifest.
09-24 18:38:40.194 155 155 I hwservicemanager: getTransport: Cannot find entry android.hardware.graphics.mapper@4.0::IMapper/default in either framework or device VINTF manifest.
09-24 18:38:40.194 5794 5814 I Gralloc4: mapper 4.x is not supported
09-24 18:38:40.377 807 897 D EGL_emulation: app_time_stats: avg=10.80ms min=1.06ms max=126.91ms count=53
09-24 18:38:40.800 561 581 W ziparchive: Unable to open '/data/app/~~F4yQBZPHkkiDCvIpIfMWXg==/com.example.qtquickview_kotlin-RM41Tj9q01JxxlLq7edIHg==/base.dm': No such file or directory
09-24 18:38:40.814 5794 5811 I OpenGLRenderer: Davey! duration=1220ms; Flags=1, FrameTimelineVsyncId=160291, IntendedVsync=362758673708, Vsync=363208673690, InputEventId=0, HandleInputStart=363225206145, AnimationStart=363225209675, PerformTraversalsStart=363225306398, DrawStart=363456457196, FrameDeadline=362775340374, FrameInterval=363225083206, FrameStartTime=16666666, SyncQueued=363488703509, SyncStart=363488972129, IssueDrawCommandsStart=363489708782, SwapBuffers=363850716488, FrameCompleted=363979100772, DequeueBufferDuration=4060, QueueBufferDuration=596638, GpuCompleted=363850716488, SwapBuffersCompleted=363979100772, DisplayPresentTime=0, CommandSubmissionCompleted=363850716488,
09-24 18:38:40.816 5794 5817 W libqtquickview_x86_64.so: No interface with className org/qtproject/qt/android/QtAccessibilityInterface has been registered.
09-24 18:38:40.834 561 581 I ActivityTaskManager: Displayed com.example.qtquickview_kotlin/.MainActivity for user 0: +2s408ms
09-24 18:38:40.849 5794 5794 I Choreographer: Skipped 48 frames! The application may be doing too much work on its main thread.
09-24 18:38:40.886 561 657 D CompatibilityChangeReporter: Compat change id reported: 214016041; UID 10184; state: ENABLED
09-24 18:38:40.887 561 657 I ImeTracker: com.example.qtquickview_kotlin:c91fd0b6: onRequestHide at ORIGIN_SERVER_HIDE_INPUT reason HIDE_UNSPECIFIED_WINDOW
09-24 18:38:40.887 561 657 I ImeTracker: com.example.qtquickview_kotlin:c91fd0b6: onCancelled at PHASE_SERVER_SHOULD_HIDE
09-24 18:38:40.898 5794 5810 I OpenGLRenderer: Davey! duration=837ms; Flags=0, FrameTimelineVsyncId=160653, IntendedVsync=363242007022, Vsync=364042006990, InputEventId=0, HandleInputStart=364055472477, AnimationStart=364055477078, PerformTraversalsStart=364056403204, DrawStart=364057951668, FrameDeadline=363875340330, FrameInterval=364044745880, FrameStartTime=16666666, SyncQueued=364061226794, SyncStart=364061341012, IssueDrawCommandsStart=364061505883, SwapBuffers=364062704073, FrameCompleted=364079465916, DequeueBufferDuration=10667, QueueBufferDuration=1288822, GpuCompleted=364062704073, SwapBuffersCompleted=364079465916, DisplayPresentTime=0, CommandSubmissionCompleted=364062704073,
09-24 18:38:40.905 1575 1575 I GoogleInputMethodService: GoogleInputMethodService.onFinishInput():3227
09-24 18:38:40.918 1575 1575 I GoogleInputMethodService: GoogleInputMethodService.updateDeviceLockedStatus():2087 repeatCheckTimes = 0, unlocked = true
09-24 18:38:40.918 1575 1575 I GoogleInputMethodService: GoogleInputMethodService.onStartInput():1877 onStartInput(EditorInfo{inputType=0x0(NULL) imeOptions=0x0 privateImeOptions=null actionName=UNSPECIFIED actionLabel=null actionId=0 initialSelStart=-1 initialSelEnd=-1 initialCapsMode=0x0 hintText=null label=null packageName=com.example.qtquickview_kotlin fieldId=0 fieldName=null extras=null}, false)
09-24 18:38:40.918 1575 1575 I GoogleInputMethodService: GoogleInputMethodService.shouldHideHeaderOnInitialState():4008 ShouldHideHeaderOnInitialState = false
09-24 18:38:40.919 1575 1575 I GoogleInputMethodService: GoogleInputMethodService.updateDeviceLockedStatus():2087 repeatCheckTimes = 2, unlocked = true
09-24 18:38:40.945 1369 2342 I FontLog : Received query Noto Color Emoji Compat, URI content://com.google.android.gms.fonts [CONTEXT service_id=132 ]
09-24 18:38:40.955 1369 2342 I FontLog : Query [emojicompat-emoji-font] resolved to {Noto Color Emoji Compat, wdth 100.0, wght 400, ital 0.0, bestEffort false} [CONTEXT service_id=132 ]
09-24 18:38:40.981 807 897 D EGL_emulation: app_time_stats: avg=507.75ms min=17.32ms max=1483.44ms count=3
09-24 18:38:40.991 1369 2342 I FontLog : Fetch {Noto Color Emoji Compat, wdth 100.0, wght 400, ital 0.0, bestEffort false} end status Status{statusCode=SUCCESS, resolution=null} [CONTEXT service_id=132 ]
09-24 18:38:40.997 1369 2727 I FontLog : Pulling font file for id = 19, cache size = 6 [CONTEXT service_id=132 ]
09-24 18:38:41.017 1369 2727 I FontLog : Pulling font file for id = 19, cache size = 6 [CONTEXT service_id=132 ]
09-24 18:38:41.279 561 1169 W InputManager-JNI: Input channel object '645f8b7 Splash Screen com.example.qtquickview_kotlin (client)' was disposed without first being removed with the input manager!
09-24 18:38:41.283 561 927 D CoreBackPreview: Window{645f8b7 u0 Splash Screen com.example.qtquickview_kotlin EXITING}: Setting back callback null
09-24 18:38:41.386 807 897 D EGL_emulation: app_time_stats: avg=26.05ms min=2.34ms max=179.09ms count=30
09-24 18:38:41.411 561 1004 D OomAdjuster: Not killing cached processes
09-24 18:38:41.431 1105 1179 I ImeTracker: com.google.android.apps.nexuslauncher:c2f403cf: onRequestHide at ORIGIN_CLIENT_HIDE_SOFT_INPUT reason HIDE_SOFT_INPUT
09-24 18:38:41.432 1105 1179 I ImeTracker: com.google.android.apps.nexuslauncher:c2f403cf: onFailed at PHASE_CLIENT_VIEW_SERVED
09-24 18:38:41.435 1105 2176 D OneSearchSuggestProvider: Shut down the binder channel
09-24 18:38:41.441 1105 1479 I IPCThreadState: oneway function results for code 2 on binder at 0x799fb5122a70 will be dropped but finished with status UNKNOWN_TRANSACTION
09-24 18:38:41.460 561 1843 E TaskPersister: File error accessing recents directory (directory doesn't exist?).
09-24 18:38:41.497 413 413 W SurfaceFlinger: couldn't log to binary event log: overflow.
09-24 18:38:41.585 355 3297 D android.hardware.audio@7.1-impl.ranchu: threadLoop: entering standby, frames: 3885024
09-24 18:38:41.695 5794 5794 I Choreographer: Skipped 47 frames! The application may be doing too much work on its main thread.
09-24 18:38:41.713 5794 5794 V myTag : Status of QtQuickView: READY
09-24 18:38:41.736 5794 5811 I OpenGLRenderer: Davey! duration=816ms; Flags=0, FrameTimelineVsyncId=161124, IntendedVsync=364092006988, Vsync=364875340290, InputEventId=0, HandleInputStart=364891933041, AnimationStart=364891938963, PerformTraversalsStart=364893240438, DrawStart=364893600678, FrameDeadline=364125340320, FrameInterval=364891273570, FrameStartTime=16666666, SyncQueued=364896002028, SyncStart=364899915545, IssueDrawCommandsStart=364899980954, SwapBuffers=364900765293, FrameCompleted=364911966017, DequeueBufferDuration=4322, QueueBufferDuration=208475, GpuCompleted=364900765293, SwapBuffersCompleted=364911966017, DisplayPresentTime=0, CommandSubmissionCompleted=364900765293,
09-24 18:38:41.890 5794 5814 D EGL_emulation: app_time_stats: avg=184.54ms min=36.68ms max=788.13ms count=6
09-24 18:38:42.315 807 807 D StatusBarIconController: ignoring old pipeline callback because the new wifi icon is enabled
09-24 18:38:42.392 807 897 D EGL_emulation: app_time_stats: avg=10.95ms min=3.07ms max=65.06ms count=53
09-24 18:38:43.614 1105 1105 D TaplEvents: TIS / TouchInteractionService.onInputEvent: MotionEvent { action=ACTION_DOWN, actionButton=0, id[0]=0, x[0]=297.98242, y[0]=1561.8896, toolType[0]=TOOL_TYPE_FINGER, buttonState=0, classification=NONE, metaState=0, flags=0x0, edgeFlags=0x0, pointerCount=1, historySize=0, eventTime=366742, downTime=366742, deviceId=4, source=0xd002, displayId=0, eventId=649135599 }
09-24 18:38:43.642 1105 1105 D TaplEvents: TIS / TouchInteractionService.onInputEvent: MotionEvent { action=ACTION_UP, actionButton=0, id[0]=0, x[0]=297.98242, y[0]=1561.8896, toolType[0]=TOOL_TYPE_FINGER, buttonState=0, classification=NONE, metaState=0, flags=0x0, edgeFlags=0x0, pointerCount=1, historySize=0, eventTime=366837, downTime=366742, deviceId=4, source=0xd002, displayId=0, eventId=683019589 }
09-24 18:38:43.710 5794 5827 D EGL_emulation: app_time_stats: avg=463.23ms min=3.45ms max=1382.04ms count=3
09-24 18:38:43.720 396 747 D audioserver: FGS Logger Transaction failed
09-24 18:38:43.720 396 747 D audioserver: -129
09-24 18:38:43.739 396 524 D AudioFlinger: mixer(0x72df5f8d6930) throttle end: throttle time(3)
09-24 18:38:43.777 5794 5814 D EGL_emulation: app_time_stats: avg=943.28ms min=526.02ms max=1360.53ms count=2
09-24 18:38:43.851 396 524 D audioserver: FGS Logger Transaction failed
09-24 18:38:43.851 396 524 D audioserver: -129
09-24 18:38:44.838 1105 1105 D TaplEvents: TIS / TouchInteractionService.onInputEvent: MotionEvent { action=ACTION_DOWN, actionButton=0, id[0]=0, x[0]=483.96973, y[0]=2396.9238, toolType[0]=TOOL_TYPE_FINGER, buttonState=0, classification=NONE, metaState=0, flags=0x0, edgeFlags=0x0, pointerCount=1, historySize=0, eventTime=368032, downTime=368032, deviceId=4, source=0xd002, displayId=0, eventId=568136743 }
09-24 18:38:44.897 807 840 V ShellRecents: RecentsTransitionHandler.startRecentsTransition
09-24 18:38:44.898 807 840 V WindowManagerShell: Directly starting a new transition type=3 wct=WindowContainerTransaction { changes = {} hops = [{PendingIntent: options=Bundle[mParcelledData.dataSize=332]}] errorCallbackToken=null taskFragmentOrganizer=null } handler=com.android.wm.shell.recents.RecentsTransitionHandler@48ea264
09-24 18:38:44.904 1105 1105 D TaplEvents: Pilfer / pilferPointers
09-24 18:38:44.907 561 927 I InputDispatcher: Channel [Gesture Monitor] swipe-up (server) is stealing touch from [2db6a31 com.example.qtquickview_kotlin/com.example.qtquickview_kotlin.MainActivity (server), [Gesture Monitor] edge-swipe (server)]
09-24 18:38:44.944 807 840 V ShellRecents: [157626877] RecentsController.setTransition: id=android.os.BinderProxy@bd79fd4
09-24 18:38:44.944 807 840 W Looper : Slow dispatch took 48ms wmshell.main h=android.os.Handler c=com.android.wm.shell.common.ExecutorUtils$$ExternalSyntheticLambda0@f79d57d m=0
09-24 18:38:44.948 413 413 I BpBinder: onLastStrongRef automatically unlinking death recipients:
09-24 18:38:45.004 561 581 D AutofillManagerService: Close system dialogs
09-24 18:38:45.032 1105 1179 I ImeTracker: com.google.android.apps.nexuslauncher:2b4b183d: onRequestHide at ORIGIN_CLIENT_HIDE_SOFT_INPUT reason HIDE_SOFT_INPUT
09-24 18:38:45.043 807 807 I vol.VolumeDialogImpl: mDialog.dismiss() reason: volume_controller from: com.android.systemui.volume.VolumeDialogImpl$7.onDismissRequested:3
09-24 18:38:45.046 1105 1179 I ImeTracker: com.google.android.apps.nexuslauncher:2b4b183d: onFailed at PHASE_CLIENT_VIEW_SERVED
09-24 18:38:45.117 807 840 V WindowManagerShell: onTransitionReady android.os.BinderProxy@bd79fd4: {id=43 t=TO_FRONT f=0x80 trk=0 r=[0@Point(0, 0)] c=[{WCT{android.window.IWindowContainerToken$Stub$Proxy@2ec042d} m=SHOW f=SHOW_WALLPAPER leash=Surface(name=Task=1)/@0xf91ad62 sb=Rect(0, 0 - 1080, 2400) eb=Rect(0, 0 - 1080, 2400) d=0},{WCT{android.window.IWindowContainerToken$Stub$Proxy@fa6def3} m=HIDE f=NONE leash=Surface(name=Task=23)/@0x4ed27b0 sb=Rect(0, 0 - 1080, 2400) eb=Rect(0, 0 - 1080, 2400) d=0},{null m=SHOW f=IS_WALLPAPER leash=Surface(name=WallpaperWindowToken{c35888f token=android.os.Binder@348cbee})/@0xd31b629 sb=Rect(0, 0 - 1080, 2400) eb=Rect(0, 0 - 1080, 2400) d=0}]}
09-24 18:38:45.119 807 840 V WindowManagerShell: Playing animation for (#43)android.os.BinderProxy@bd79fd4@0
09-24 18:38:45.119 807 840 V WindowManagerShell: try firstHandler com.android.wm.shell.recents.RecentsTransitionHandler@48ea264
09-24 18:38:45.120 807 840 V ShellRecents: [157626877] RecentsController.start
09-24 18:38:45.123 807 840 V ShellRecents: adding pausing taskId=23
09-24 18:38:45.138 413 918 I BpBinder: onLastStrongRef automatically unlinking death recipients:
09-24 18:38:45.163 807 840 V ShellRecents: [157626877] RecentsController.start: calling onAnimationStart
09-24 18:38:45.163 807 840 V WindowManagerShell: animated by firstHandler
09-24 18:38:45.171 807 840 W Looper : Slow dispatch took 53ms wmshell.main h=android.os.Handler c=com.android.wm.shell.transition.Transitions$TransitionPlayerImpl$$ExternalSyntheticLambda0@c07a05c m=0
09-24 18:38:45.173 807 840 W Looper : Slow delivery took 44ms wmshell.main h=android.os.Handler c=android.window.TaskOrganizer$1$$ExternalSyntheticLambda3@5437f65 m=0
09-24 18:38:45.200 1105 1105 D TaplEvents: TIS / TouchInteractionService.onInputEvent: MotionEvent { action=ACTION_UP, actionButton=0, id[0]=0, x[0]=404.9668, y[0]=80.93262, toolType[0]=TOOL_TYPE_FINGER, buttonState=0, classification=NONE, metaState=0, flags=0x0, edgeFlags=0x0, pointerCount=1, historySize=0, eventTime=368369, downTime=368032, deviceId=4, source=0xd002, displayId=0, eventId=390031019 }
09-24 18:38:45.219 807 840 W Looper : Drained
09-24 18:38:45.220 561 694 E HandwritingModeController: Cannot get requestId: Handwriting was not initialized.
09-24 18:38:45.224 561 581 V WindowManager: Sent Transition #43 createdAt=09-24 18:38:44.902
09-24 18:38:45.224 561 581 V WindowManager: startWCT=WindowContainerTransaction { changes = {} hops = [{PendingIntent: options=Bundle[{android.activity.splashScreenStyle=-1, android.activity.sourceInfo=android.app.ActivityOptions$SourceInfo@3f51549, android.activity.transientLaunch=true}]}] errorCallbackToken=null taskFragmentOrganizer=null }
09-24 18:38:45.224 561 581 V WindowManager: info={id=43 t=TO_FRONT f=0x80 trk=0 r=[0@Point(0, 0)] c=[{WCT{RemoteToken{5486296 Task{6e71f63 #1 type=home}}} m=SHOW f=SHOW_WALLPAPER leash=Surface(name=Task=1)/@0xbadec5f sb=Rect(0, 0 - 1080, 2400) eb=Rect(0, 0 - 1080, 2400) d=0},{WCT{RemoteToken{2615290 Task{2862ea #23 type=standard A=10184:com.example.qtquickview_kotlin}}} m=HIDE f=NONE leash=Surface(name=Task=23)/@0xa7e6542 sb=Rect(0, 0 - 1080, 2400) eb=Rect(0, 0 - 1080, 2400) d=0},{null m=SHOW f=IS_WALLPAPER leash=Surface(name=WallpaperWindowToken{c35888f token=android.os.Binder@348cbee})/@0x94640b9 sb=Rect(0, 0 - 1080, 2400) eb=Rect(0, 0 - 1080, 2400) d=0}]}
09-24 18:38:45.233 807 840 V ShellRecents: [157626877] RecentsController.setInputConsumerEnabled: set focus to recents
09-24 18:38:45.294 561 1794 W AppSearchIcing: icing-search-engine.cc:283: Error: 5, Message: Document (com.google.android.googlequicksearchbox$OneSearchZeroStateGoogleSuggestions/default, zp) not found.
09-24 18:38:45.331 413 413 I BpBinder: onLastStrongRef automatically unlinking death recipients:
09-24 18:38:45.331 1658 1853 I AiAiEcho: Predicting[0]:
09-24 18:38:45.334 1658 1853 I AiAiEcho: EchoTargets:
09-24 18:38:45.334 1658 1853 I AiAiEcho: Filtered by AiAi flag check:
09-24 18:38:45.334 1658 1853 I AiAiEcho: Ranked targets strategy: SORT, count: 0, ranking metadata:
09-24 18:38:45.346 1658 1853 I AiAiEcho: #postPredictionTargets: Sending updates to UISurface home with targets# 0 (types=[])
09-24 18:38:45.355 1932 1932 W A : Can't get WAA status for Mavatar!
09-24 18:38:45.355 1932 1932 W A : java.lang.NullPointerException: Attempt to invoke virtual method 'java.lang.Class java.lang.Object.getClass()' on a null object reference
09-24 18:38:45.355 1932 1932 W A : at com.google.apps.tiktok.dataservice.z.b(PG:1)
09-24 18:38:45.355 1932 1932 W A : at com.google.apps.tiktok.dataservice.at.a(PG:1)
09-24 18:38:45.355 1932 1932 W A : at com.google.apps.tiktok.tracing.ec.a(PG:2)
09-24 18:38:45.355 1932 1932 W A : at com.google.common.util.concurrent.aj.a(PG:2)
09-24 18:38:45.355 1932 1932 W A : at com.google.common.util.concurrent.ac.apply(PG:1)
09-24 18:38:45.355 1932 1932 W A : at com.google.common.util.concurrent.h.e(PG:2)
09-24 18:38:45.355 1932 1932 W A : at com.google.common.util.concurrent.j.run(PG:9)
09-24 18:38:45.355 1932 1932 W A : at com.google.common.util.concurrent.bf.execute(PG:1)
09-24 18:38:45.355 1932 1932 W A : at com.google.common.util.concurrent.d.i(PG:1)
09-24 18:38:45.355 1932 1932 W A : at com.google.common.util.concurrent.d.iq(PG:5)
09-24 18:38:45.355 1932 1932 W A : at com.google.common.util.concurrent.j.h(PG:2)
09-24 18:38:45.355 1932 1932 W A : at com.google.common.util.concurrent.ax.d(PG:1)
09-24 18:38:45.355 1932 1932 W A : at com.google.apps.tiktok.dataservice.au.a(PG:5)
09-24 18:38:45.355 1932 1932 W A : at com.google.apps.tiktok.dataservice.dr.c(PG:5)
09-24 18:38:45.355 1932 1932 W A : at com.google.apps.tiktok.dataservice.dp.run(PG:6)
09-24 18:38:45.355 1932 1932 W A : at com.google.apps.tiktok.concurrent.ak.run(PG:6)
09-24 18:38:45.355 1932 1932 W A : at com.google.apps.tiktok.tracing.ei.run(PG:2)
09-24 18:38:45.355 1932 1932 W A : at java.util.concurrent.Executors$RunnableAdapter.call(Executors.java:487)
09-24 18:38:45.355 1932 1932 W A : at com.google.common.util.concurrent.dy.a(PG:1)
09-24 18:38:45.355 1932 1932 W A : at com.google.common.util.concurrent.cv.run(PG:4)
09-24 18:38:45.355 1932 1932 W A : at com.google.common.util.concurrent.dz.run(PG:1)
09-24 18:38:45.355 1932 1932 W A : at android.os.Handler.handleCallback(Handler.java:958)
09-24 18:38:45.355 1932 1932 W A : at android.os.Handler.dispatchMessage(Handler.java:99)
09-24 18:38:45.355 1932 1932 W A : at android.os.Looper.loopOnce(Looper.java:205)
09-24 18:38:45.355 1932 1932 W A : at android.os.Looper.loop(Looper.java:294)
09-24 18:38:45.355 1932 1932 W A : at android.app.ActivityThread.main(ActivityThread.java:8176)
09-24 18:38:45.355 1932 1932 W A : at java.lang.reflect.Method.invoke(Native Method)
09-24 18:38:45.355 1932 1932 W A : at com.android.internal.os.RuntimeInit$MethodAndArgsCaller.run(RuntimeInit.java:552)
09-24 18:38:45.355 1932 1932 W A : at com.android.internal.os.ZygoteInit.main(ZygoteInit.java:971)
09-24 18:38:45.397 1105 2176 D OneSearchSuggestProvider: Created the binder channel successfully for end point service =com.google.android.apps.search.googleapp.search.suggest.plugins.onesearch.server.OneSearchSuggestService , mChannel=z1{delegate=s1{logId=57, target=directaddress:///AndroidComponentAddress%5BIntent%20%7B%20act=grpc.io.action.BIND%20cmp=com.google.android.googlequicksearchbox/com.google.android.apps.search.googleapp.search.suggest.plugins.onesearch.server.OneSearchSuggestService%20%7D%5D}} , mOneSearchConnection=X1.T@561c38f
09-24 18:38:45.405 5794 5831 D ProfileInstaller: Installing profile for com.example.qtquickview_kotlin
09-24 18:38:45.440 1932 1932 I A : Created gRPC endpoint to "search" for service class com.google.android.apps.search.googleapp.search.suggest.plugins.onesearch.server.OneSearchSuggestService
09-24 18:38:45.449 5794 5814 D EGL_emulation: app_time_stats: avg=33.32ms min=7.45ms max=916.34ms count=46
09-24 18:38:45.740 1105 1105 D SearchTargetUtil: query= size=0
09-24 18:38:45.894 807 1490 V ShellRecents: [157626877] RecentsController.screenshotTask: taskId=23
09-24 18:38:45.962 1105 1179 I ImeTracker: com.google.android.apps.nexuslauncher:675583bc: onRequestHide at ORIGIN_CLIENT_HIDE_SOFT_INPUT reason HIDE_SOFT_INPUT
09-24 18:38:45.963 1105 1179 I ImeTracker: com.google.android.apps.nexuslauncher:675583bc: onFailed at PHASE_CLIENT_VIEW_SERVED
09-24 18:38:45.964 807 840 V ShellRecents: [157626877] RecentsController.finishInner: toHome=true userLeave=true willFinishToHome=true state=0
09-24 18:38:45.964 807 840 V ShellRecents: normal finish
09-24 18:38:45.964 807 840 V ShellRecents: [157626877] RecentsController.cleanup
09-24 18:38:45.970 807 840 V WindowManagerShell: Transition animation finished (aborted=false), notifying core (#43)android.os.BinderProxy@bd79fd4@0
09-24 18:38:45.974 561 581 V WindowManager: Finish Transition #43: created at
09-24 18:38:44.902 collect-started=3.697ms started=5.248ms ready=34.104ms sent=214.141ms finished=1070.823ms
09-24 18:38:46.041 807 840 V WindowManagerShell: Track 0 became idle
09-24 18:38:46.041 807 840 V WindowManagerShell: All active transition animations finished
09-24 18:38:46.041 807 840 W Looper : Slow dispatch took 78ms wmshell.main h=android.os.Handler c=com.android.wm.shell.recents.RecentsTransitionHandler$RecentsController$$ExternalSyntheticLambda3@9d24404 m=0
09-24 18:38:46.043 561 584 V WindowManager: Unknown focus tokens, dropping reportFocusChanged
09-24 18:38:46.085 561 927 I ImeTracker: com.google.android.apps.nexuslauncher:8a6e991c: onRequestHide at ORIGIN_SERVER_HIDE_INPUT reason HIDE_UNSPECIFIED_WINDOW
09-24 18:38:46.085 561 927 I ImeTracker: com.google.android.apps.nexuslauncher:8a6e991c: onCancelled at PHASE_SERVER_SHOULD_HIDE
09-24 18:38:46.097 1575 1575 I GoogleInputMethodService: GoogleInputMethodService.onFinishInput():3227
09-24 18:38:46.109 1575 1575 I GoogleInputMethodService: GoogleInputMethodService.updateDeviceLockedStatus():2087 repeatCheckTimes = 0, unlocked = true
09-24 18:38:46.109 1575 1575 I GoogleInputMethodService: GoogleInputMethodService.onStartInput():1877 onStartInput(EditorInfo{inputType=0x0(NULL) imeOptions=0x0 privateImeOptions=null actionName=UNSPECIFIED actionLabel=null actionId=0 initialSelStart=-1 initialSelEnd=-1 initialCapsMode=0x0 hintText=null label=null packageName=com.google.android.apps.nexuslauncher fieldId=0 fieldName=null extras=null}, false)
09-24 18:38:46.109 1575 1575 I GoogleInputMethodService: GoogleInputMethodService.shouldHideHeaderOnInitialState():4008 ShouldHideHeaderOnInitialState = false
09-24 18:38:46.110 1575 1575 I GoogleInputMethodService: GoogleInputMethodService.updateDeviceLockedStatus():2087 repeatCheckTimes = 2, unlocked = true
09-24 18:38:46.129 1105 1933 D EGL_emulation: app_time_stats: avg=34.66ms min=10.63ms max=159.14ms count=23
09-24 18:38:46.256 807 840 W Looper : Slow dispatch took 63ms wmshell.main h=android.os.Handler c=com.android.wm.shell.common.DisplayInsetsController$PerDisplay$DisplayWindowInsetsControllerImpl$$ExternalSyntheticLambda1@6cf83ef m=0
09-24 18:38:46.386 5794 5794 W uickview_kotlin: Verification of void androidx.customview.view.AbsSavedState.() took 118.118ms (126.99 bytecodes/s) (1696B approximate peak alloc)
09-24 18:38:46.440 807 807 D StatusBarIconController: ignoring old pipeline callbacks, because the new mobile icons are enabled
09-24 18:38:46.447 561 1884 D OomAdjuster: Not killing cached processes
09-24 18:38:46.763 1105 1105 D TaplEvents: Main / Touch event: MotionEvent { action=ACTION_DOWN, actionButton=0, id[0]=0, x[0]=913.9531, y[0]=1972.9248, toolType[0]=TOOL_TYPE_FINGER, buttonState=0, classification=NONE, metaState=0, flags=0x0, edgeFlags=0x0, pointerCount=1, historySize=0, eventTime=369947, downTime=369947, deviceId=4, source=0xd002, displayId=0, eventId=577133029 }
09-24 18:38:46.772 1105 1105 D TaplEvents: TIS / TouchInteractionService.onInputEvent: MotionEvent { action=ACTION_DOWN, actionButton=0, id[0]=0, x[0]=913.9531, y[0]=1972.9248, toolType[0]=TOOL_TYPE_FINGER, buttonState=0, classification=NONE, metaState=0, flags=0x0, edgeFlags=0x0, pointerCount=1, historySize=0, eventTime=369947, downTime=369947, deviceId=4, source=0xd002, displayId=0, eventId=577133029 }
09-24 18:38:46.792 355 3297 D android.hardware.audio@7.1-impl.ranchu: threadLoop: entering standby, frames: 4031808
09-24 18:38:46.878 1105 1105 D TaplEvents: Main / Touch event: MotionEvent { action=ACTION_UP, actionButton=0, id[0]=0, x[0]=913.9531, y[0]=1972.9248, toolType[0]=TOOL_TYPE_FINGER, buttonState=0, classification=NONE, metaState=0, flags=0x0, edgeFlags=0x0, pointerCount=1, historySize=0, eventTime=370044, downTime=369947, deviceId=4, source=0xd002, displayId=0, eventId=455289118 }
09-24 18:38:46.888 1105 1105 D TaplEvents: TIS / TouchInteractionService.onInputEvent: MotionEvent { action=ACTION_UP, actionButton=0, id[0]=0, x[0]=913.9531, y[0]=1972.9248, toolType[0]=TOOL_TYPE_FINGER, buttonState=0, classification=NONE, metaState=0, flags=0x0, edgeFlags=0x0, pointerCount=1, historySize=0, eventTime=370044, downTime=369947, deviceId=4, source=0xd002, displayId=0, eventId=455289118 }
09-24 18:38:46.909 1105 1105 D TaplEvents: Main / start: startAppShortcutOrInfoActivity
09-24 18:38:46.927 561 657 D CompatibilityChangeReporter: Compat change id reported: 161252188; UID 10184; state: DISABLED
09-24 18:38:46.971 396 747 D audioserver: FGS Logger Transaction failed
09-24 18:38:46.971 396 747 D audioserver: -129
