09-24 18:39:29.187 1658 1853 I AiAiEcho: Filtered by AiAi flag check:
09-24 18:39:29.187 1658 1853 I AiAiEcho: Ranked targets strategy: SORT, count: 0, ranking metadata:
09-24 18:39:29.193 1105 1105 I AiAiSuggestUi: Clearing suggestions.
09-24 18:39:29.193 1105 1105 I AiAiSuggestUi: Requesting to show indicators
09-24 18:39:29.193 1105 1105 I AiAiSuggestUi: Fetching contents, isPrimaryTask = true
09-24 18:39:29.227 807 1353 V ShellRecents: [247107679] RecentsController.detachNavigationBarFromApp
09-24 18:39:29.235 561 1794 W AppSearchIcing: icing-search-engine.cc:283: Error: 5, Message: Document (com.google.android.googlequicksearchbox$OneSearchZeroStateGoogleSuggestions/default, zp) not found.
09-24 18:39:29.242 1658 1658 W AiAiOverview: ProcessContentImage contextImage is null
09-24 18:39:29.266 1658 1853 I AiAiEcho: #postPredictionTargets: Sending updates to UISurface home with targets# 0 (types=[])
09-24 18:39:29.322 561 1843 E TaskPersister: File error accessing recents directory (directory doesn't exist?).
09-24 18:39:29.372 1105 2176 D OneSearchSuggestProvider: Created the binder channel successfully for end point service =com.google.android.apps.search.googleapp.search.suggest.plugins.onesearch.server.OneSearchSuggestService , mChannel=z1{delegate=s1{logId=85, target=directaddress:///AndroidComponentAddress%5BIntent%20%7B%20act=grpc.io.action.BIND%20cmp=com.google.android.googlequicksearchbox/com.google.android.apps.search.googleapp.search.suggest.plugins.onesearch.server.OneSearchSuggestService%20%7D%5D}} , mOneSearchConnection=X1.T@75f7d8
09-24 18:39:29.373 969 1204 D BtGatt.ScanManager: uid 10116 isForeground true scanMode 1
09-24 18:39:29.373 969 1204 D BtGatt.ScanManager: uid 10116 isForeground true scanMode -1
09-24 18:39:29.384 807 824 I ndroid.systemui: NativeAlloc concurrent copying GC freed 259608(11MB) AllocSpace objects, 3(60KB) LOS objects, 49% free, 15MB/30MB, paused 308us,30us total 264.465ms
09-24 18:39:29.420 1932 1932 I A : Created gRPC endpoint to "search" for service class com.google.android.apps.search.googleapp.search.suggest.plugins.onesearch.server.OneSearchSuggestService
09-24 18:39:29.426 1932 1932 W A : Can't get WAA status for Mavatar!
09-24 18:39:29.426 1932 1932 W A : java.lang.NullPointerException: Attempt to invoke virtual method 'java.lang.Class java.lang.Object.getClass()' on a null object reference
09-24 18:39:29.426 1932 1932 W A : at com.google.apps.tiktok.dataservice.z.b(PG:1)
09-24 18:39:29.426 1932 1932 W A : at com.google.apps.tiktok.dataservice.at.a(PG:1)
09-24 18:39:29.426 1932 1932 W A : at com.google.apps.tiktok.tracing.ec.a(PG:2)
09-24 18:39:29.426 1932 1932 W A : at com.google.common.util.concurrent.aj.a(PG:2)
09-24 18:39:29.426 1932 1932 W A : at com.google.common.util.concurrent.ac.apply(PG:1)
09-24 18:39:29.426 1932 1932 W A : at com.google.common.util.concurrent.h.e(PG:2)
09-24 18:39:29.426 1932 1932 W A : at com.google.common.util.concurrent.j.run(PG:9)
09-24 18:39:29.426 1932 1932 W A : at com.google.common.util.concurrent.bf.execute(PG:1)
09-24 18:39:29.426 1932 1932 W A : at com.google.common.util.concurrent.d.i(PG:1)
09-24 18:39:29.426 1932 1932 W A : at com.google.common.util.concurrent.d.l(PG:12)
09-24 18:39:29.426 1932 1932 W A : at com.google.common.util.concurrent.d.n(PG:2)
09-24 18:39:29.426 1932 1932 W A : at com.google.common.util.concurrent.i.f(PG:1)
09-24 18:39:29.426 1932 1932 W A : at com.google.common.util.concurrent.j.run(PG:12)
09-24 18:39:29.426 1932 1932 W A : at com.google.android.libraries.i.ae.run(PG:1)
09-24 18:39:29.426 1932 1932 W A : at java.util.concurrent.ThreadPoolExecutor.runWorker(ThreadPoolExecutor.java:1145)
09-24 18:39:29.426 1932 1932 W A : at java.util.concurrent.ThreadPoolExecutor$Worker.run(ThreadPoolExecutor.java:644)
09-24 18:39:29.426 1932 1932 W A : at com.google.android.libraries.i.k.run(PG:2)
09-24 18:39:29.426 1932 1932 W A : at com.google.android.libraries.i.p.run(PG:4)
09-24 18:39:29.426 1932 1932 W A : at java.lang.Thread.run(Thread.java:1012)
09-24 18:39:29.437 1105 1105 D SearchTargetUtil: query= size=0
09-24 18:39:29.461 1658 2689 I AiAiScreenProcessor: Timed out waiting for Bitmap to be updated.
09-24 18:39:29.462 1658 2689 E AiAiScreenProcessor: Can't run parseContents because there are InputSources that are missing.
09-24 18:39:29.707 807 897 D EGL_emulation: app_time_stats: avg=438.92ms min=4.14ms max=7024.81ms count=17
09-24 18:39:30.171 1105 1105 D TaplEvents: Main / Touch event: MotionEvent { action=ACTION_DOWN, actionButton=0, id[0]=0, x[0]=603.97363, y[0]=1415.918, toolType[0]=TOOL_TYPE_FINGER, buttonState=0, classification=NONE, metaState=0, flags=0x0, edgeFlags=0x0, pointerCount=1, historySize=0, eventTime=413354, downTime=413354, deviceId=4, source=0xd002, displayId=0, eventId=742125003 }
09-24 18:39:30.181 1105 1105 D TaplEvents: Main / Touch event: MotionEvent { action=ACTION_UP, actionButton=0, id[0]=0, x[0]=603.97363, y[0]=1415.918, toolType[0]=TOOL_TYPE_FINGER, buttonState=0, classification=NONE, metaState=0, flags=0x0, edgeFlags=0x0, pointerCount=1, historySize=0, eventTime=413354, downTime=413354, deviceId=4, source=0xd002, displayId=0, eventId=60058837 }
09-24 18:39:30.228 1105 1105 D TaplEvents: Main / Touch event: MotionEvent { action=ACTION_DOWN, actionButton=0, id[0]=0, x[0]=603.97363, y[0]=1393.9453, toolType[0]=TOOL_TYPE_FINGER, buttonState=0, classification=NONE, metaState=0, flags=0x0, edgeFlags=0x0, pointerCount=1, historySize=0, eventTime=413377, downTime=413377, deviceId=4, source=0xd002, displayId=0, eventId=1004301537 }
09-24 18:39:30.230 396 747 D audioserver: FGS Logger Transaction failed
09-24 18:39:30.230 396 747 D audioserver: -129
09-24 18:39:30.230 1105 1105 D TaplEvents: TIS / TouchInteractionService.onInputEvent: MotionEvent { action=ACTION_DOWN, actionButton=0, id[0]=0, x[0]=603.97363, y[0]=1415.918, toolType[0]=TOOL_TYPE_FINGER, buttonState=0, classification=NONE, metaState=0, flags=0x0, edgeFlags=0x0, pointerCount=1, historySize=0, eventTime=413354, downTime=413354, deviceId=4, source=0xd002, displayId=0, eventId=742125003 }
09-24 18:39:30.230 1105 1105 D TaplEvents: TIS / TouchInteractionService.onInputEvent: MotionEvent { action=ACTION_UP, actionButton=0, id[0]=0, x[0]=603.97363, y[0]=1415.918, toolType[0]=TOOL_TYPE_FINGER, buttonState=0, classification=NONE, metaState=0, flags=0x0, edgeFlags=0x0, pointerCount=1, historySize=0, eventTime=413354, downTime=413354, deviceId=4, source=0xd002, displayId=0, eventId=60058837 }
09-24 18:39:30.230 1105 1105 D TaplEvents: TIS / TouchInteractionService.onInputEvent: MotionEvent { action=ACTION_DOWN, actionButton=0, id[0]=0, x[0]=603.97363, y[0]=1393.9453, toolType[0]=TOOL_TYPE_FINGER, buttonState=0, classification=NONE, metaState=0, flags=0x0, edgeFlags=0x0, pointerCount=1, historySize=0, eventTime=413377, downTime=413377, deviceId=4, source=0xd002, displayId=0, eventId=1004301537 }
09-24 18:39:30.252 1105 1933 D EGL_emulation: app_time_stats: avg=152.12ms min=14.70ms max=918.87ms count=7
09-24 18:39:30.338 1105 1105 D TaplEvents: Main / Touch event: MotionEvent { action=ACTION_UP, actionButton=0, id[0]=0, x[0]=541.97754, y[0]=32.958984, toolType[0]=TOOL_TYPE_FINGER, buttonState=0, classification=NONE, metaState=0, flags=0x0, edgeFlags=0x0, pointerCount=1, historySize=0, eventTime=413498, downTime=413377, deviceId=4, source=0xd002, displayId=0, eventId=827427602 }
09-24 18:39:30.339 1105 1105 D TaplEvents: TIS / TouchInteractionService.onInputEvent: MotionEvent { action=ACTION_UP, actionButton=0, id[0]=0, x[0]=541.97754, y[0]=32.958984, toolType[0]=TOOL_TYPE_FINGER, buttonState=0, classification=NONE, metaState=0, flags=0x0, edgeFlags=0x0, pointerCount=1, historySize=0, eventTime=413498, downTime=413377, deviceId=4, source=0xd002, displayId=0, eventId=827427602 }
09-24 18:39:30.417 396 524 D audioserver: FGS Logger Transaction failed
09-24 18:39:30.417 396 524 D audioserver: -129
09-24 18:39:30.594 807 840 V ShellRecents: [247107679] RecentsController.finishInner: toHome=false userLeave=false willFinishToHome=false state=0
09-24 18:39:30.594 807 840 V ShellRecents: returning to app
09-24 18:39:30.594 807 840 V ShellRecents: [247107679] RecentsController.cleanup
09-24 18:39:30.595 807 840 V WindowManagerShell: Transition animation finished (aborted=false), notifying core (#58)android.os.BinderProxy@5e69aac@0
09-24 18:39:30.633 807 840 V WindowManagerShell: Track 0 became idle
09-24 18:39:30.642 807 840 V WindowManagerShell: All active transition animations finished
09-24 18:39:30.642 807 840 W Looper : Slow dispatch took 47ms wmshell.main h=android.os.Handler c=com.android.wm.shell.recents.RecentsTransitionHandler$RecentsController$$ExternalSyntheticLambda3@ceb7e43 m=0
09-24 18:39:30.645 561 581 V WindowManager: Finish Transition #58: created at
09-24 18:39:28.029 collect-started=4.507ms started=4.619ms ready=8.958ms sent=76.42ms finished=2598.511ms
09-24 18:39:30.664 561 584 V WindowManager: Unknown focus tokens, dropping reportFocusChanged
09-24 18:39:30.680 561 2168 I ImeTracker: com.example.qtquickview_kotlin:23a8b33f: onRequestHide at ORIGIN_SERVER_HIDE_INPUT reason HIDE_SAME_WINDOW_FOCUSED_WITHOUT_EDITOR
09-24 18:39:30.681 561 2168 I ImeTracker: com.example.qtquickview_kotlin:23a8b33f: onCancelled at PHASE_SERVER_SHOULD_HIDE
09-24 18:39:30.688 1575 1575 I GoogleInputMethodService: GoogleInputMethodService.onFinishInput():3227
09-24 18:39:30.690 1575 1575 I GoogleInputMethodService: GoogleInputMethodService.updateDeviceLockedStatus():2087 repeatCheckTimes = 0, unlocked = true
09-24 18:39:30.691 1575 1575 I GoogleInputMethodService: GoogleInputMethodService.onStartInput():1877 onStartInput(EditorInfo{inputType=0x0(NULL) imeOptions=0x0 privateImeOptions=null actionName=UNSPECIFIED actionLabel=null actionId=0 initialSelStart=-1 initialSelEnd=-1 initialCapsMode=0x0 hintText=null label=null packageName=com.example.qtquickview_kotlin fieldId=0 fieldName=null extras=null}, false)
09-24 18:39:30.691 1105 1105 I AiAiSuggestUi: Clearing suggestions.
09-24 18:39:30.691 1105 1105 I AiAiSuggestUi: Clearing suggestions.
09-24 18:39:30.691 1575 1575 I GoogleInputMethodService: GoogleInputMethodService.shouldHideHeaderOnInitialState():4008 ShouldHideHeaderOnInitialState = false
09-24 18:39:30.693 1575 1575 I GoogleInputMethodService: GoogleInputMethodService.updateDeviceLockedStatus():2087 repeatCheckTimes = 2, unlocked = true
09-24 18:39:30.695 807 840 V WindowManagerShell: Transition requested: android.os.BinderProxy@6cd2df9 TransitionRequestInfo { type = CLOSE, triggerTask = TaskInfo{userId=0 taskId=24 displayId=0 isRunning=true baseIntent=Intent { act=android.intent.action.MAIN cat=[android.intent.category.LAUNCHER] flg=0x10200000 cmp=com.example.qtquickview_kotlin/.MainActivity } baseActivity=ComponentInfo{com.example.qtquickview_kotlin/com.example.qtquickview_kotlin.MainActivity} topActivity=ComponentInfo{com.example.qtquickview_kotlin/com.example.qtquickview_kotlin.MainActivity} origActivity=null realActivity=ComponentInfo{com.example.qtquickview_kotlin/com.example.qtquickview_kotlin.MainActivity} numActivities=1 lastActiveTime=401864 supportsMultiWindow=true resizeMode=1 isResizeable=true minWidth=-1 minHeight=-1 defaultMinSize=220 token=WCT{android.window.IWindowContainerToken$Stub$Proxy@f4a13e} topActivityType=1 pictureInPictureParams=null shouldDockBigOverlays=false launchIntoPipHostTaskId=-1 lastParentTaskIdBeforePip=-1 displayCutoutSafeInsets=Rect(0, 132 - 0, 0) topActivityInfo=ActivityInfo{53dbb9f com.example.qtquickview_kotlin.MainActivity} launchCookies=[android.os.BinderProxy@76afb8f] positionInParent=Point(0, 0) parentTaskId=-1 isFocused=true isVisible=true isSleeping=false topActivityInSizeCompat=false topActivityEligibleForLetterboxEducation= false topActivityLetterboxed= false isFromDoubleTap= false topActivityLetterboxVerticalPosition= -1 topActivityLetterboxHorizontalPosition= -1 topActivityLetterboxWidth=-1 topActivityLetterboxHeight=-1 locusId=null displayAreaFeatureId=1 cameraCompatControlState=hidden}, remoteTransition = null, displayChange = null }
09-24 18:39:30.704 807 897 D EGL_emulation: app_time_stats: avg=187.84ms min=3.14ms max=1401.14ms count=8
09-24 18:39:30.711 807 897 D EGL_emulation: app_time_stats: avg=7.71ms min=1.15ms max=38.95ms count=47
09-24 18:39:30.730 5893 5912 D EGL_emulation: app_time_stats: avg=489.52ms min=12.97ms max=2384.84ms count=5
09-24 18:39:30.805 561 585 W system_server: Long monitor contention with owner binder:561_9 (1004) at boolean com.android.server.wm.ActivityTaskManagerService.removeTask(int)(ActivityTaskManagerService.java:2091) waiters=0 in void com.android.server.wm.InputMonitor$UpdateInputWindows.run() for 109ms
09-24 18:39:30.810 807 840 W Looper : Slow dispatch took 115ms wmshell.main h=android.os.Handler c=com.android.wm.shell.transition.Transitions$TransitionPlayerImpl$$ExternalSyntheticLambda1@5a9b0b5 m=0
09-24 18:39:30.813 413 413 I BpBinder: onLastStrongRef automatically unlinking death recipients:
09-24 18:39:30.824 561 1843 E TaskPersister: File error accessing recents directory (directory doesn't exist?).
09-24 18:39:30.855 1105 1179 I ImeTracker: com.google.android.apps.nexuslauncher:81a7549f: onRequestHide at ORIGIN_CLIENT_HIDE_SOFT_INPUT reason HIDE_SOFT_INPUT
09-24 18:39:30.855 1105 1179 I ImeTracker: com.google.android.apps.nexuslauncher:81a7549f: onFailed at PHASE_CLIENT_VIEW_SERVED
09-24 18:39:30.862 1105 1179 I ImeTracker: com.google.android.apps.nexuslauncher:465793f2: onRequestHide at ORIGIN_CLIENT_HIDE_SOFT_INPUT reason HIDE_SOFT_INPUT
09-24 18:39:30.862 1105 1179 I ImeTracker: com.google.android.apps.nexuslauncher:465793f2: onFailed at PHASE_CLIENT_VIEW_SERVED
09-24 18:39:30.878 1105 2176 D OneSearchSuggestProvider: Shut down the binder channel
09-24 18:39:30.879 1105 1901 I IPCThreadState: oneway function results for code 2 on binder at 0x799fb5131fe0 will be dropped but finished with status UNKNOWN_TRANSACTION
09-24 18:39:30.910 969 1204 D BtGatt.ScanManager: uid 10116 isForeground true scanMode 1
09-24 18:39:30.910 969 1204 D BtGatt.ScanManager: uid 10116 isForeground true scanMode -1
09-24 18:39:30.911 561 799 I ActivityTaskManager: Activity reported stop, but no longer stopping: ActivityRecord{dfe9266 u0 com.google.android.apps.nexuslauncher/.NexusLauncherActivity t11} RESUMED
09-24 18:39:30.912 561 1794 W AppSearchIcing: icing-search-engine.cc:283: Error: 5, Message: Document (com.google.android.googlequicksearchbox$OneSearchZeroStateGoogleSuggestions/default, zp) not found.
09-24 18:39:30.919 969 1204 D BtGatt.ScanManager: uid 10116 isForeground true scanMode 1
09-24 18:39:30.919 969 1204 D BtGatt.ScanManager: uid 10116 isForeground true scanMode -1
09-24 18:39:30.951 1105 2176 D OneSearchSuggestProvider: Created the binder channel successfully for end point service =com.google.android.apps.search.googleapp.search.suggest.plugins.onesearch.server.OneSearchSuggestService , mChannel=z1{delegate=s1{logId=89, target=directaddress:///AndroidComponentAddress%5BIntent%20%7B%20act=grpc.io.action.BIND%20cmp=com.google.android.googlequicksearchbox/com.google.android.apps.search.googleapp.search.suggest.plugins.onesearch.server.OneSearchSuggestService%20%7D%5D}} , mOneSearchConnection=X1.T@1246e0a
09-24 18:39:30.994 1658 1853 I AiAiEcho: Predicting[0]:
09-24 18:39:30.994 1658 1853 I AiAiEcho: EchoTargets:
09-24 18:39:30.994 1658 1853 I AiAiEcho: Filtered by AiAi flag check:
09-24 18:39:30.994 1658 1853 I AiAiEcho: Ranked targets strategy: SORT, count: 0, ranking metadata:
09-24 18:39:31.001 1658 1853 I AiAiEcho: #postPredictionTargets: Sending updates to UISurface home with targets# 0 (types=[])
09-24 18:39:31.025 807 840 V WindowManagerShell: onTransitionReady android.os.BinderProxy@6cd2df9: {id=59 t=CLOSE f=0x0 trk=0 r=[0@Point(0, 0)] c=[{WCT{android.window.IWindowContainerToken$Stub$Proxy@e15934a} m=SHOW f=SHOW_WALLPAPER leash=Surface(name=Task=1)/@0x74c72bb sb=Rect(0, 0 - 1080, 2400) eb=Rect(0, 0 - 1080, 2400) d=0},{WCT{android.window.IWindowContainerToken$Stub$Proxy@e2403d8} m=CLOSE f=NONE leash=Surface(name=Task=24)/@0xf91a331 sb=Rect(0, 0 - 1080, 2400) eb=Rect(0, 0 - 1080, 2400) d=0},{null m=SHOW f=IS_WALLPAPER leash=Surface(name=WallpaperWindowToken{c35888f token=android.os.Binder@348cbee})/@0x9a19a16 sb=Rect(0, 0 - 1080, 2400) eb=Rect(0, 0 - 1080, 2400) d=0}]}
09-24 18:39:31.026 807 840 V WindowManagerShell: Playing animation for (#59)android.os.BinderProxy@6cd2df9@0
09-24 18:39:31.026 807 840 V WindowManagerShell: try handler com.android.wm.shell.transition.DefaultMixedHandler@2bf3891
09-24 18:39:31.026 807 840 V WindowManagerShell: try handler com.android.wm.shell.keyguard.KeyguardTransitionHandler@fcd73f6
09-24 18:39:31.026 807 840 V WindowManagerShell: try handler com.android.wm.shell.activityembedding.ActivityEmbeddingController@a1383f7
09-24 18:39:31.026 807 840 V WindowManagerShell: try handler com.android.wm.shell.recents.RecentsTransitionHandler@48ea264
09-24 18:39:31.026 807 840 V ShellRecents: RecentsTransitionHandler.startAnimation: no controller found
09-24 18:39:31.026 807 840 V WindowManagerShell: try handler com.android.wm.shell.pip.PipTransition@38dcccd
09-24 18:39:31.026 561 581 V WindowManager: Sent Transition #59 createdAt=09-24 18:39:30.692 via request=TransitionRequestInfo { type = CLOSE, triggerTask = TaskInfo{userId=0 taskId=24 displayId=0 isRunning=true baseIntent=Intent { act=android.intent.action.MAIN cat=[android.intent.category.LAUNCHER] flg=0x10200000 cmp=com.example.qtquickview_kotlin/.MainActivity } baseActivity=ComponentInfo{com.example.qtquickview_kotlin/com.example.qtquickview_kotlin.MainActivity} topActivity=ComponentInfo{com.example.qtquickview_kotlin/com.example.qtquickview_kotlin.MainActivity} origActivity=null realActivity=ComponentInfo{com.example.qtquickview_kotlin/com.example.qtquickview_kotlin.MainActivity} numActivities=1 lastActiveTime=401864 supportsMultiWindow=true resizeMode=1 isResizeable=true minWidth=-1 minHeight=-1 defaultMinSize=220 token=WCT{RemoteToken{cce20d7 Task{7e7539 #24 type=standard A=10184:com.example.qtquickview_kotlin}}} topActivityType=1 pictureInPictureParams=null shouldDockBigOverlays=false launchIntoPipHostTaskId=-1 lastParentTaskIdBeforePip=-1 displayCutoutSafeInsets=Rect(0, 132 - 0, 0) topActivityInfo=ActivityInfo{83be230 com.example.qtquickview_kotlin.MainActivity} launchCookies=[android.os.BinderProxy@18a1ea9] positionInParent=Point(0, 0) parentTaskId=-1 isFocused=true isVisible=true isSleeping=false topActivityInSizeCompat=false topActivityEligibleForLetterboxEducation= false topActivityLetterboxed= false isFromDoubleTap= false topActivityLetterboxVerticalPosition= -1 topActivityLetterboxHorizontalPosition= -1 topActivityLetterboxWidth=-1 topActivityLetterboxHeight=-1 locusId=null displayAreaFeatureId=1 cameraCompatControlState=hidden}, remoteTransition = null, displayChange = null }
09-24 18:39:31.026 807 840 V WindowManagerShell: try handler com.android.wm.shell.splitscreen.StageCoordinator@3fb0bce
09-24 18:39:31.026 561 581 V WindowManager: startWCT=WindowContainerTransaction { changes = {} hops = [] errorCallbackToken=null taskFragmentOrganizer=null }
09-24 18:39:31.026 807 840 V WindowManagerShell: try handler com.android.wm.shell.transition.RemoteTransitionHandler@ed0faef
09-24 18:39:31.026 807 840 V WindowManagerShell: Transition doesn't have explicit remote, search filters for match for {id=59 t=CLOSE f=0x0 trk=0 r=[0@Point(0, 0)] c=[{WCT{android.window.IWindowContainerToken$Stub$Proxy@e15934a} m=SHOW f=SHOW_WALLPAPER leash=Surface(name=Task=1)/@0x74c72bb sb=Rect(0, 0 - 1080, 2400) eb=Rect(0, 0 - 1080, 2400) d=0},{WCT{android.window.IWindowContainerToken$Stub$Proxy@e2403d8} m=CLOSE f=NONE leash=Surface(name=Task=24)/@0xf91a331 sb=Rect(0, 0 - 1080, 2400) eb=Rect(0, 0 - 1080, 2400) d=0},{null m=SHOW f=IS_WALLPAPER leash=Surface(name=WallpaperWindowToken{c35888f token=android.os.Binder@348cbee})/@0x9a19a16 sb=Rect(0, 0 - 1080, 2400) eb=Rect(0, 0 - 1080, 2400) d=0}]}
09-24 18:39:31.026 1932 1932 I A : Created gRPC endpoint to "search" for service class com.google.android.apps.search.googleapp.search.suggest.plugins.onesearch.server.OneSearchSuggestService
09-24 18:39:31.026 561 581 V WindowManager: info={id=59 t=CLOSE f=0x0 trk=0 r=[0@Point(0, 0)] c=[{WCT{RemoteToken{5486296 Task{6e71f63 #1 type=home}}} m=SHOW f=SHOW_WALLPAPER leash=Surface(name=Task=1)/@0xbadec5f sb=Rect(0, 0 - 1080, 2400) eb=Rect(0, 0 - 1080, 2400) d=0},{WCT{RemoteToken{cce20d7 Task{7e7539 #24 type=standard A=10184:com.example.qtquickview_kotlin}}} m=CLOSE f=NONE leash=Surface(name=Task=24)/@0xebc9271 sb=Rect(0, 0 - 1080, 2400) eb=Rect(0, 0 - 1080, 2400) d=0},{null m=SHOW f=IS_WALLPAPER leash=Surface(name=WallpaperWindowToken{c35888f token=android.os.Binder@348cbee})/@0x94640b9 sb=Rect(0, 0 - 1080, 2400) eb=Rect(0, 0 - 1080, 2400) d=0}]}
09-24 18:39:31.026 807 840 V WindowManagerShell: Checking filter Pair{{types=[] flags=0x0] notFlags=0x0 checks=[{atype=dream independent=true modes=[OPEN,SHOW] flags=NONE mustBeTask=false order=ANY topActivity=null},{atype=home independent=true modes=[CLOSE,HIDE] flags=NONE mustBeTask=false order=ANY topActivity=null}]} RemoteTransition { remoteTransition = android.window.IRemoteTransition$Stub$Proxy@9c57f97, appThread = android.app.IApplicationThread$Stub$Proxy@bc18584, debugName = LauncherToDream }}
09-24 18:39:31.026 807 840 V WindowManagerShell: Checking filter Pair{{types=[] flags=0x0] notFlags=0x100 checks=[{atype=home independent=true modes=[OPEN,SHOW] flags=NONE mustBeTask=false order=TOP topActivity=ComponentInfo{com.google.android.apps.nexuslauncher/com.google.android.apps.nexuslauncher.NexusLauncherActivity}},{atype=standard independent=true modes=[CLOSE,HIDE] flags=NONE mustBeTask=false order=ANY topActivity=null}]} RemoteTransition { remoteTransition = android.window.IRemoteTransition$Stub$Proxy@2c416d, appThread = android.app.IApplicationThread$Stub$Proxy@61541a2, debugName = QuickstepLaunchHome }}
09-24 18:39:31.029 807 840 D RemoteTransitionHandler: Found filterPair{{types=[] flags=0x0] notFlags=0x100 checks=[{atype=home independent=true modes=[OPEN,SHOW] flags=NONE mustBeTask=false order=TOP topActivity=ComponentInfo{com.google.android.apps.nexuslauncher/com.google.android.apps.nexuslauncher.NexusLauncherActivity}},{atype=standard independent=true modes=[CLOSE,HIDE] flags=NONE mustBeTask=false order=ANY topActivity=null}]} RemoteTransition { remoteTransition = android.window.IRemoteTransition$Stub$Proxy@2c416d, appThread = android.app.IApplicationThread$Stub$Proxy@61541a2, debugName = QuickstepLaunchHome }}
09-24 18:39:31.029 807 840 V WindowManagerShell: Delegate animation for #59 to RemoteTransition { remoteTransition = android.window.IRemoteTransition$Stub$Proxy@2c416d, appThread = android.app.IApplicationThread$Stub$Proxy@61541a2, debugName = QuickstepLaunchHome }
09-24 18:39:31.030 1932 1932 W A : Can't get WAA status for Mavatar!
09-24 18:39:31.030 1932 1932 W A : java.lang.NullPointerException: Attempt to invoke virtual method 'java.lang.Class java.lang.Object.getClass()' on a null object reference
09-24 18:39:31.030 1932 1932 W A : at com.google.apps.tiktok.dataservice.z.b(PG:1)
09-24 18:39:31.030 1932 1932 W A : at com.google.apps.tiktok.dataservice.at.a(PG:1)
09-24 18:39:31.030 1932 1932 W A : at com.google.apps.tiktok.tracing.ec.a(PG:2)
09-24 18:39:31.030 1932 1932 W A : at com.google.common.util.concurrent.aj.a(PG:2)
09-24 18:39:31.030 1932 1932 W A : at com.google.common.util.concurrent.ac.apply(PG:1)
09-24 18:39:31.030 1932 1932 W A : at com.google.common.util.concurrent.h.e(PG:2)
09-24 18:39:31.030 1932 1932 W A : at com.google.common.util.concurrent.j.run(PG:9)
09-24 18:39:31.030 1932 1932 W A : at com.google.common.util.concurrent.bf.execute(PG:1)
09-24 18:39:31.030 1932 1932 W A : at com.google.common.util.concurrent.d.i(PG:1)
09-24 18:39:31.030 1932 1932 W A : at com.google.common.util.concurrent.d.l(PG:12)
09-24 18:39:31.030 1932 1932 W A : at com.google.common.util.concurrent.d.n(PG:2)
09-24 18:39:31.030 1932 1932 W A : at com.google.common.util.concurrent.i.f(PG:1)
09-24 18:39:31.030 1932 1932 W A : at com.google.common.util.concurrent.j.run(PG:12)
09-24 18:39:31.030 1932 1932 W A : at com.google.android.libraries.i.ae.run(PG:1)
09-24 18:39:31.030 1932 1932 W A : at java.util.concurrent.ThreadPoolExecutor.runWorker(ThreadPoolExecutor.java:1145)
09-24 18:39:31.030 1932 1932 W A : at java.util.concurrent.ThreadPoolExecutor$Worker.run(ThreadPoolExecutor.java:644)
09-24 18:39:31.030 1932 1932 W A : at com.google.android.libraries.i.k.run(PG:2)
09-24 18:39:31.030 1932 1932 W A : at com.google.android.libraries.i.p.run(PG:4)
09-24 18:39:31.030 1932 1932 W A : at java.lang.Thread.run(Thread.java:1012)
09-24 18:39:31.058 807 840 V WindowManagerShell: animated by com.android.wm.shell.transition.RemoteTransitionHandler@ed0faef
09-24 18:39:31.058 807 840 W Looper : Slow dispatch took 32ms wmshell.main h=android.os.Handler c=com.android.wm.shell.transition.Transitions$TransitionPlayerImpl$$ExternalSyntheticLambda0@89375f0 m=0
09-24 18:39:31.058 807 840 W Looper : Slow delivery took 32ms wmshell.main h=android.os.Handler c=android.window.TaskOrganizer$1$$ExternalSyntheticLambda3@c588769 m=0
09-24 18:39:31.074 807 807 D StatusBarIconController: ignoring old pipeline callback because the new wifi icon is enabled
09-24 18:39:31.092 1105 1105 D SearchTargetUtil: query= size=0
09-24 18:39:31.097 561 657 I ImeTracker: com.google.android.apps.nexuslauncher:44ca1adf: onRequestHide at ORIGIN_SERVER_HIDE_INPUT reason HIDE_UNSPECIFIED_WINDOW
09-24 18:39:31.101 561 657 I ImeTracker: com.google.android.apps.nexuslauncher:44ca1adf: onCancelled at PHASE_SERVER_SHOULD_HIDE
09-24 18:39:31.107 1575 1575 I GoogleInputMethodService: GoogleInputMethodService.onFinishInput():3227
09-24 18:39:31.109 1575 1575 I GoogleInputMethodService: GoogleInputMethodService.updateDeviceLockedStatus():2087 repeatCheckTimes = 0, unlocked = true
09-24 18:39:31.109 1575 1575 I GoogleInputMethodService: GoogleInputMethodService.onStartInput():1877 onStartInput(EditorInfo{inputType=0x0(NULL) imeOptions=0x0 privateImeOptions=null actionName=UNSPECIFIED actionLabel=null actionId=0 initialSelStart=-1 initialSelEnd=-1 initialCapsMode=0x0 hintText=null label=null packageName=com.google.android.apps.nexuslauncher fieldId=0 fieldName=null extras=null}, false)
09-24 18:39:31.109 1575 1575 I GoogleInputMethodService: GoogleInputMethodService.shouldHideHeaderOnInitialState():4008 ShouldHideHeaderOnInitialState = false
09-24 18:39:31.138 1575 1575 I GoogleInputMethodService: GoogleInputMethodService.updateDeviceLockedStatus():2087 repeatCheckTimes = 2, unlocked = true
09-24 18:39:31.145 807 840 W Looper : Drained
09-24 18:39:31.444 413 429 W VsyncModulator: setTransactionSchedule: Unexpected EarlyEnd
09-24 18:39:31.703 807 840 V WindowManagerShell: Transition animation finished (aborted=false), notifying core (#59)android.os.BinderProxy@6cd2df9@0
09-24 18:39:31.705 561 581 V WindowManager: Finish Transition #59: created at
09-24 18:39:30.692 collect-started=0.04ms request-sent=0.185ms started=116.972ms ready=213.14ms sent=331.418ms finished=1011.787ms
09-24 18:39:31.709 561 584 D OomAdjuster: Not killing cached processes
09-24 18:39:31.710 807 840 V WindowManagerShell: Track 0 became idle
09-24 18:39:31.710 807 840 V WindowManagerShell: All active transition animations finished
09-24 18:39:31.731 807 897 D EGL_emulation: app_time_stats: avg=18.14ms min=1.61ms max=101.80ms count=32
09-24 18:39:31.803 561 584 I ActivityTaskManager: Destroy timeout of remove-task, attempt to kill Task{7e7539 #24 type=standard A=10184:com.example.qtquickview_kotlin}
09-24 18:39:31.806 561 584 I ActivityManager: Killing 5893:com.example.qtquickview_kotlin/u0a184 (adj 905): remove task
09-24 18:39:31.815 561 597 I libprocessgroup: Successfully killed process cgroup uid 10184 pid 5893 in 5ms
09-24 18:39:31.848 561 575 I WindowManager: WIN DEATH: Window{b45698c u0 com.example.qtquickview_kotlin/com.example.qtquickview_kotlin.MainActivity}
09-24 18:39:31.852 353 353 I Zygote : Process 5893 exited due to signal 9 (Killed)
09-24 18:39:31.852 561 575 W InputManager-JNI: Input channel object 'b45698c com.example.qtquickview_kotlin/com.example.qtquickview_kotlin.MainActivity (client)' was disposed without first being removed with the input manager!
09-24 18:39:31.855 561 582 D DisplayManagerService: Drop pending events for gone uid 10184
09-24 18:39:31.861 561 584 W ActivityManager: setHasOverlayUi called on unknown pid: 5893
09-24 18:39:31.880 413 413 E BpTransactionCompletedListener: Failed to transact (-32)
09-24 18:39:32.243 1105 1105 D TaplEvents: Main / Touch event: MotionEvent { action=ACTION_DOWN, actionButton=0, id[0]=0, x[0]=917.9404, y[0]=1976.8799, toolType[0]=TOOL_TYPE_FINGER, buttonState=0, classification=NONE, metaState=0, flags=0x0, edgeFlags=0x0, pointerCount=1, historySize=0, eventTime=415435, downTime=415435, deviceId=4, source=0xd002, displayId=0, eventId=320145135 }
09-24 18:39:32.247 1105 1105 D TaplEvents: TIS / TouchInteractionService.onInputEvent: MotionEvent { action=ACTION_DOWN, actionButton=0, id[0]=0, x[0]=917.9404, y[0]=1976.8799, toolType[0]=TOOL_TYPE_FINGER, buttonState=0, classification=NONE, metaState=0, flags=0x0, edgeFlags=0x0, pointerCount=1, historySize=0, eventTime=415435, downTime=415435, deviceId=4, source=0xd002, displayId=0, eventId=320145135 }
09-24 18:39:32.300 1105 1933 D EGL_emulation: app_time_stats: avg=63.14ms min=10.99ms max=452.04ms count=18
09-24 18:39:32.343 1105 1105 D TaplEvents: Main / Touch event: MotionEvent { action=ACTION_UP, actionButton=0, id[0]=0, x[0]=917.9404, y[0]=1976.8799, toolType[0]=TOOL_TYPE_FINGER, buttonState=0, classification=NONE, metaState=0, flags=0x0, edgeFlags=0x0, pointerCount=1, historySize=0, eventTime=415537, downTime=415435, deviceId=4, source=0xd002, displayId=0, eventId=249919978 }
09-24 18:39:32.344 1105 1105 D TaplEvents: TIS / TouchInteractionService.onInputEvent: MotionEvent { action=ACTION_UP, actionButton=0, id[0]=0, x[0]=917.9404, y[0]=1976.8799, toolType[0]=TOOL_TYPE_FINGER, buttonState=0, classification=NONE, metaState=0, flags=0x0, edgeFlags=0x0, pointerCount=1, historySize=0, eventTime=415537, downTime=415435, deviceId=4, source=0xd002, displayId=0, eventId=249919978 }
09-24 18:39:32.390 1105 1105 D TaplEvents: Main / start: startAppShortcutOrInfoActivity
09-24 18:39:32.391 396 747 D audioserver: FGS Logger Transaction failed
09-24 18:39:32.391 396 747 D audioserver: -129
09-24 18:39:32.395 561 2194 D CompatibilityChangeReporter: Compat change id reported: 161252188; UID 10184; state: DISABLED
09-24 18:39:32.416 807 840 V WindowManagerShell: Transition requested: android.os.BinderProxy@f29d5ee TransitionRequestInfo { type = OPEN, triggerTask = TaskInfo{userId=0 taskId=25 displayId=0 isRunning=true baseIntent=Intent { act=android.intent.action.MAIN cat=[android.intent.category.LAUNCHER] flg=0x10200000 cmp=com.example.qtquickview_kotlin/.MainActivity } baseActivity=ComponentInfo{com.example.qtquickview_kotlin/com.example.qtquickview_kotlin.MainActivity} topActivity=ComponentInfo{com.example.qtquickview_kotlin/com.example.qtquickview_kotlin.MainActivity} origActivity=null realActivity=ComponentInfo{com.example.qtquickview_kotlin/com.example.qtquickview_kotlin.MainActivity} numActivities=1 lastActiveTime=415611 supportsMultiWindow=true resizeMode=1 isResizeable=true minWidth=-1 minHeight=-1 defaultMinSize=220 token=WCT{android.window.IWindowContainerToken$Stub$Proxy@812ca8f} topActivityType=1 pictureInPictureParams=null shouldDockBigOverlays=false launchIntoPipHostTaskId=-1 lastParentTaskIdBeforePip=-1 displayCutoutSafeInsets=Rect(0, 132 - 0, 0) topActivityInfo=ActivityInfo{352011c com.example.qtquickview_kotlin.MainActivity} launchCookies=[android.os.BinderProxy@de93125] positionInParent=Point(0, 0) parentTaskId=-1 isFocused=false isVisible=false isSleeping=false topActivityInSizeCompat=false topActivityEligibleForLetterboxEducation= false topActivityLetterboxed= false isFromDoubleTap= false topActivityLetterboxVerticalPosition= -1 topActivityLetterboxHorizontalPosition= -1 topActivityLetterboxWidth=-1 topActivityLetterboxHeight=-1 locusId=null displayAreaFeatureId=1 cameraCompatControlState=hidden}, remoteTransition = RemoteTransition { remoteTransition = android.window.IRemoteTransition$Stub$Proxy@e162fa, appThread = android.app.IApplicationThread$Stub$Proxy@37b80ab, debugName = QuickstepLaunch }, displayChange = null }
09-24 18:39:32.416 807 840 V WindowManagerShell: RemoteTransition directly requested for android.os.BinderProxy@f29d5ee: RemoteTransition { remoteTransition = android.window.IRemoteTransition$Stub$Proxy@e162fa, appThread = android.app.IApplicationThread$Stub$Proxy@37b80ab, debugName = QuickstepLaunch }
09-24 18:39:32.416 561 2194 I ActivityTaskManager: START u0 {act=android.intent.action.MAIN cat=[android.intent.category.LAUNCHER] flg=0x10200000 cmp=com.example.qtquickview_kotlin/.MainActivity bnds=[832,1873][1005,2068]} with LAUNCH_MULTIPLE from uid 10151 (BAL_ALLOW_ALLOWLISTED_COMPONENT) result code=0
09-24 18:39:32.423 396 524 D AudioFlinger: mixer(0x72df5f8d6930) throttle end: throttle time(41)
09-24 18:39:32.430 413 413 I BpBinder: onLastStrongRef automatically unlinking death recipients:
09-24 18:39:32.435 561 584 D CompatibilityChangeReporter: Compat change id reported: 135634846; UID 10184; state: DISABLED
09-24 18:39:32.437 561 596 D CompatibilityChangeReporter: Compat change id reported: 143937733; UID 10184; state: ENABLED
09-24 18:39:32.475 807 866 D SplashScreenView: Build android.window.SplashScreenView{f2d969e V.E...... ......ID 0,0-0,0}
09-24 18:39:32.475 807 866 D SplashScreenView: Icon: view: android.widget.ImageView{681757f V.ED..... ......I. 0,0-0,0 #10204f0 android:id/splashscreen_icon_view} drawable: com.android.wm.shell.startingsurface.SplashscreenIconDrawableFactory$ImmobileIconDrawable@625e94c size: 420
09-24 18:39:32.475 807 866 D SplashScreenView: Branding: view: android.view.View{801ad95 G.ED..... ......I. 0,0-0,0 #10204ef android:id/splashscreen_branding_view} drawable: null size w: 0 h: 0
09-24 18:39:32.481 561 575 D CoreBackPreview: Window{6e8369d u0 Splash Screen com.example.qtquickview_kotlin}: Setting back callback OnBackInvokedCallbackInfo{mCallback=android.window.IOnBackInvokedCallback$Stub$Proxy@34eeee3, mPriority=0, mIsAnimationCallback=false}
09-24 18:39:32.482 353 353 D Zygote : Forked child process 5943
09-24 18:39:32.485 561 596 W ActivityManager: Slow operation: 68ms so far, now at startProcess: returned from zygote!
09-24 18:39:32.486 561 596 W ActivityManager: Slow operation: 69ms so far, now at startProcess: done updating battery stats
09-24 18:39:32.488 561 596 W ActivityManager: Slow operation: 71ms so far, now at startProcess: building log message
09-24 18:39:32.488 561 596 I ActivityManager: Start proc 5943:com.example.qtquickview_kotlin/u0a184 for next-top-activity {com.example.qtquickview_kotlin/com.example.qtquickview_kotlin.MainActivity}
09-24 18:39:32.489 561 596 W ActivityManager: Slow operation: 71ms so far, now at startProcess: starting to update pids map
09-24 18:39:32.489 561 596 W ActivityManager: Slow operation: 71ms so far, now at startProcess: done updating pids map
09-24 18:39:32.517 807 840 V WindowManagerShell: onTransitionReady android.os.BinderProxy@f29d5ee: {id=60 t=OPEN f=0x0 trk=0 r=[0@Point(0, 0)] c=[{WCT{android.window.IWindowContainerToken$Stub$Proxy@97db76} m=OPEN f=NONE leash=Surface(name=Task=25)/@0x8ca9577 sb=Rect(0, 0 - 1080, 2400) eb=Rect(0, 0 - 1080, 2400) d=0},{WCT{android.window.IWindowContainerToken$Stub$Proxy@8d615e4} m=HIDE f=SHOW_WALLPAPER leash=Surface(name=Task=1)/@0x2afa4d sb=Rect(0, 0 - 1080, 2400) eb=Rect(0, 0 - 1080, 2400) d=0}]}
09-24 18:39:32.518 807 840 V WindowManagerShell: Playing animation for (#60)android.os.BinderProxy@f29d5ee@0
09-24 18:39:32.518 807 840 V WindowManagerShell: try firstHandler com.android.wm.shell.transition.DefaultMixedHandler@2bf3891
09-24 18:39:32.518 561 581 V WindowManager: Sent Transition #60 createdAt=09-24 18:39:32.405 via request=TransitionRequestInfo { type = OPEN, triggerTask = TaskInfo{userId=0 taskId=25 displayId=0 isRunning=true baseIntent=Intent { act=android.intent.action.MAIN cat=[android.intent.category.LAUNCHER] flg=0x10200000 cmp=com.example.qtquickview_kotlin/.MainActivity } baseActivity=ComponentInfo{com.example.qtquickview_kotlin/com.example.qtquickview_kotlin.MainActivity} topActivity=ComponentInfo{com.example.qtquickview_kotlin/com.example.qtquickview_kotlin.MainActivity} origActivity=null realActivity=ComponentInfo{com.example.qtquickview_kotlin/com.example.qtquickview_kotlin.MainActivity} numActivities=1 lastActiveTime=415611 supportsMultiWindow=true resizeMode=1 isResizeable=true minWidth=-1 minHeight=-1 defaultMinSize=220 token=WCT{RemoteToken{1289c55 Task{bb7a561 #25 type=standard A=10184:com.example.qtquickview_kotlin}}} topActivityType=1 pictureInPictureParams=null shouldDockBigOverlays=false launchIntoPipHostTaskId=-1 lastParentTaskIdBeforePip=-1 displayCutoutSafeInsets=Rect(0, 132 - 0, 0) topActivityInfo=ActivityInfo{caaa66a com.example.qtquickview_kotlin.MainActivity} launchCookies=[android.os.BinderProxy@359575b] positionInParent=Point(0, 0) parentTaskId=-1 isFocused=false isVisible=false isSleeping=false topActivityInSizeCompat=false topActivityEligibleForLetterboxEducation= false topActivityLetterboxed= false isFromDoubleTap= false topActivityLetterboxVerticalPosition= -1 topActivityLetterboxHorizontalPosition= -1 topActivityLetterboxWidth=-1 topActivityLetterboxHeight=-1 locusId=null displayAreaFeatureId=1 cameraCompatControlState=hidden}, remoteTransition = RemoteTransition { remoteTransition = android.window.IRemoteTransition$Stub$Proxy@10a1bf8, appThread = android.app.IApplicationThread$Stub$Proxy@fa3a8d1, debugName = QuickstepLaunch }, displayChange = null }
09-24 18:39:32.518 561 581 V WindowManager: startWCT=WindowContainerTransaction { changes = {} hops = [] errorCallbackToken=null taskFragmentOrganizer=null }
09-24 18:39:32.518 807 840 V WindowManagerShell: Delegate animation for #60 to RemoteTransition { remoteTransition = android.window.IRemoteTransition$Stub$Proxy@e162fa, appThread = android.app.IApplicationThread$Stub$Proxy@37b80ab, debugName = QuickstepLaunch }
09-24 18:39:32.518 561 581 V WindowManager: info={id=60 t=OPEN f=0x0 trk=0 r=[0@Point(0, 0)] c=[{WCT{RemoteToken{1289c55 Task{bb7a561 #25 type=standard A=10184:com.example.qtquickview_kotlin}}} m=OPEN f=NONE leash=Surface(name=Task=25)/@0xc969f99 sb=Rect(0, 0 - 1080, 2400) eb=Rect(0, 0 - 1080, 2400) d=0},{WCT{RemoteToken{5486296 Task{6e71f63 #1 type=home}}} m=HIDE f=SHOW_WALLPAPER leash=Surface(name=Task=1)/@0xbadec5f sb=Rect(0, 0 - 1080, 2400) eb=Rect(0, 0 - 1080, 2400) d=0}]}
09-24 18:39:32.519 807 840 V WindowManagerShell: animated by firstHandler
09-24 18:39:32.576 396 524 D audioserver: FGS Logger Transaction failed
09-24 18:39:32.576 396 524 D audioserver: -129
09-24 18:39:32.604 5943 5943 I uickview_kotlin: Late-enabling -Xcheck:jni
09-24 18:39:32.635 5943 5943 I uickview_kotlin: Using CollectorTypeCC GC.
09-24 18:39:32.636 5943 5943 W uickview_kotlin: Unexpected CPU variant for x86: x86_64.
09-24 18:39:32.636 5943 5943 W uickview_kotlin: Known variants: atom, sandybridge, silvermont, goldmont, goldmont-plus, tremont, kabylake, default
09-24 18:39:32.701 1105 1121 W System : A resource failed to call release.
09-24 18:39:32.702 1105 1121 W System : A resource failed to call release.
09-24 18:39:32.702 1105 1121 W System : A resource failed to call release.
09-24 18:39:32.737 428 448 I adbd : jdwp connection from 5943
09-24 18:39:32.786 561 575 I AppsFilter: interaction: PackageSetting{f8d1db0 com.example.qtquickview_kotlin/10184} -> PackageSetting{4417429 com.google.android.apps.nexuslauncher/10151} BLOCKED
09-24 18:39:32.834 5943 5943 D CompatibilityChangeReporter: Compat change id reported: 171979766; UID 10184; state: ENABLED
09-24 18:39:32.835 5943 5943 D CompatibilityChangeReporter: Compat change id reported: 242716250; UID 10184; state: ENABLED
09-24 18:39:32.839 807 897 D EGL_emulation: app_time_stats: avg=355.68ms min=10.90ms max=1979.83ms count=6
09-24 18:39:32.874 5943 5943 W ziparchive: Unable to open '/data/app/~~F4yQBZPHkkiDCvIpIfMWXg==/com.example.qtquickview_kotlin-RM41Tj9q01JxxlLq7edIHg==/base.dm': No such file or directory
09-24 18:39:32.874 5943 5943 W ziparchive: Unable to open '/data/app/~~F4yQBZPHkkiDCvIpIfMWXg==/com.example.qtquickview_kotlin-RM41Tj9q01JxxlLq7edIHg==/base.dm': No such file or directory
09-24 18:39:33.064 807 897 D EGL_emulation: app_time_stats: avg=73.89ms min=0.95ms max=736.72ms count=17
09-24 18:39:33.078 5943 5943 D nativeloader: Configuring clns-6 for other apk /data/app/~~F4yQBZPHkkiDCvIpIfMWXg==/com.example.qtquickview_kotlin-RM41Tj9q01JxxlLq7edIHg==/base.apk. target_sdk_version=34, uses_libraries=, library_path=/data/app/~~F4yQBZPHkkiDCvIpIfMWXg==/com.example.qtquickview_kotlin-RM41Tj9q01JxxlLq7edIHg==/lib/x86_64:/data/app/~~F4yQBZPHkkiDCvIpIfMWXg==/com.example.qtquickview_kotlin-RM41Tj9q01JxxlLq7edIHg==/base.apk!/lib/x86_64, permitted_path=/data:/mnt/expand:/data/user/0/com.example.qtquickview_kotlin
09-24 18:39:33.085 807 840 V WindowManagerShell: Transition animation finished (aborted=false), notifying core (#60)android.os.BinderProxy@f29d5ee@0
09-24 18:39:33.087 561 581 V WindowManager: Finish Transition #60: created at
09-24 18:39:32.405 collect-started=0.054ms request-sent=10.139ms started=11.247ms ready=109.559ms sent=110.831ms finished=680.669ms
09-24 18:39:33.089 807 840 V WindowManagerShell: Track 0 became idle
09-24 18:39:33.089 807 840 V WindowManagerShell: All active transition animations finished
09-24 18:39:33.160 5943 5943 V GraphicsEnvironment: Currently set values for:
09-24 18:39:33.160 5943 5943 V GraphicsEnvironment: angle_gl_driver_selection_pkgs=[]
09-24 18:39:33.161 5943 5943 V GraphicsEnvironment: angle_gl_driver_selection_values=[]
09-24 18:39:33.161 5943 5943 V GraphicsEnvironment: ANGLE GameManagerService for com.example.qtquickview_kotlin: false
09-24 18:39:33.161 5943 5943 V GraphicsEnvironment: com.example.qtquickview_kotlin is not listed in per-application setting
09-24 18:39:33.162 5943 5943 V GraphicsEnvironment: Neither updatable production driver nor prerelease driver is supported.
09-24 18:39:33.190 561 575 I ActivityManager: Flag disabled. Ignoring finishAttachApplication from uid: 10184. pid: 5943
09-24 18:39:33.202 5943 5965 D libEGL : loaded /vendor/lib64/egl/libEGL_emulation.so
09-24 18:39:33.204 5943 5965 D libEGL : loaded /vendor/lib64/egl/libGLESv1_CM_emulation.so
09-24 18:39:33.207 5943 5965 D libEGL : loaded /vendor/lib64/egl/libGLESv2_emulation.so
09-24 18:39:33.230 5943 5943 D AppCompatDelegate: Checking for metadata for AppLocalesMetadataHolderService : Service not found
09-24 18:39:33.292 5943 5943 D CompatibilityChangeReporter: Compat change id reported: 210923482; UID 10184; state: ENABLED
09-24 18:39:33.298 5943 5943 W uickview_kotlin: Accessing hidden method Landroid/view/View;->computeFitSystemWindows(Landroid/graphics/Rect;Landroid/graphics/Rect;)Z (unsupported, reflection, allowed)
09-24 18:39:33.428 5943 5943 W uickview_kotlin: Accessing hidden method Landroid/view/ViewGroup;->makeOptionalFitsSystemWindows()V (unsupported, reflection, allowed)
09-24 18:39:33.439 5943 5943 W ziparchive: Unable to open '/data/app/~~F4yQBZPHkkiDCvIpIfMWXg==/com.example.qtquickview_kotlin-RM41Tj9q01JxxlLq7edIHg==/base.dm': No such file or directory
09-24 18:39:33.439 5943 5943 W ziparchive: Unable to open '/data/app/~~F4yQBZPHkkiDCvIpIfMWXg==/com.example.qtquickview_kotlin-RM41Tj9q01JxxlLq7edIHg==/base.dm': No such file or directory
09-24 18:39:33.531 5943 5966 I QtCore : Start
09-24 18:39:33.691 5943 5966 I Qt : qt started
09-24 18:39:33.794 5943 5943 D CompatibilityChangeReporter: Compat change id reported: 237531167; UID 10184; state: DISABLED
09-24 18:39:33.806 5943 5943 W OpenGLRenderer: Unknown dataspace 0
09-24 18:39:33.845 5943 5943 I Choreographer: Skipped 38 frames! The application may be doing too much work on its main thread.
09-24 18:39:33.868 561 575 D CoreBackPreview: Window{d3599d4 u0 com.example.qtquickview_kotlin/com.example.qtquickview_kotlin.MainActivity}: Setting back callback OnBackInvokedCallbackInfo{mCallback=android.window.IOnBackInvokedCallback$Stub$Proxy@7659ac3, mPriority=0, mIsAnimationCallback=false}
09-24 18:39:33.960 5943 5963 W OpenGLRenderer: Failed to initialize 101010-2 format, error = EGL_SUCCESS
09-24 18:39:33.960 5943 5943 D AutofillManager: notifyViewEnteredForFillDialog:1073741824
09-24 18:39:34.096 0 0 I servicemanager: Could not find android.hardware.graphics.allocator.IAllocator/default in the VINTF manifest.
09-24 18:39:34.013 155 155 I hwservicemanager: getTransport: Cannot find entry android.hardware.graphics.mapper@4.0::IMapper/default in either framework or device VINTF manifest.
09-24 18:39:34.014 5943 5963 I Gralloc4: mapper 4.x is not supported
09-24 18:39:34.075 807 897 D EGL_emulation: app_time_stats: avg=7.41ms min=1.63ms max=31.17ms count=59
09-24 18:39:34.599 5943 5957 I OpenGLRenderer: Davey! duration=1389ms; Flags=1, FrameTimelineVsyncId=192842, IntendedVsync=416392004896, Vsync=417025338204, InputEventId=0, HandleInputStart=417045670125, AnimationStart=417045681150, PerformTraversalsStart=417046048847, DrawStart=417272314222, FrameDeadline=416408671562, FrameInterval=417040622558, FrameStartTime=16666666, SyncQueued=417305869708, SyncStart=417306141622, IssueDrawCommandsStart=417306903212, SwapBuffers=417652470683, FrameCompleted=417782236550, DequeueBufferDuration=3014, QueueBufferDuration=306875, GpuCompleted=417652470683, SwapBuffersCompleted=417782236550, DisplayPresentTime=0, CommandSubmissionCompleted=417652470683,
09-24 18:39:34.602 5943 5966 W libqtquickview_x86_64.so: No interface with className org/qtproject/qt/android/QtAccessibilityInterface has been registered.
09-24 18:39:34.608 561 581 W ziparchive: Unable to open '/data/app/~~F4yQBZPHkkiDCvIpIfMWXg==/com.example.qtquickview_kotlin-RM41Tj9q01JxxlLq7edIHg==/base.dm': No such file or directory
09-24 18:39:34.625 561 581 I ActivityTaskManager: Displayed com.example.qtquickview_kotlin/.MainActivity for user 0: +2s200ms
09-24 18:39:34.641 5943 5943 I Choreographer: Skipped 46 frames! The application may be doing too much work on its main thread.
09-24 18:39:34.699 5943 5959 I OpenGLRenderer: Davey! duration=819ms; Flags=0, FrameTimelineVsyncId=193253, IntendedVsync=417058671536, Vsync=417825338172, InputEventId=0, HandleInputStart=417837437542, AnimationStart=417837440168, PerformTraversalsStart=417838128090, DrawStart=417839324125, FrameDeadline=417675338178, FrameInterval=417837215371, FrameStartTime=16666666, SyncQueued=417841629926, SyncStart=417841706192, IssueDrawCommandsStart=417841775650, SwapBuffers=417842964139, FrameCompleted=417877971406, DequeueBufferDuration=5692, QueueBufferDuration=180265, GpuCompleted=417842964139, SwapBuffersCompleted=417877971406, DisplayPresentTime=0, CommandSubmissionCompleted=417842964139,
09-24 18:39:34.716 1369 3294 I FontLog : Received query Noto Color Emoji Compat, URI content://com.google.android.gms.fonts [CONTEXT service_id=132 ]
09-24 18:39:34.720 807 897 D EGL_emulation: app_time_stats: avg=250.14ms min=2.37ms max=1706.05ms count=7
09-24 18:39:34.725 1369 3294 I FontLog : Query [emojicompat-emoji-font] resolved to {Noto Color Emoji Compat, wdth 100.0, wght 400, ital 0.0, bestEffort false} [CONTEXT service_id=132 ]
09-24 18:39:34.750 1369 3294 I FontLog : Fetch {Noto Color Emoji Compat, wdth 100.0, wght 400, ital 0.0, bestEffort false} end status Status{statusCode=SUCCESS, resolution=null} [CONTEXT service_id=132 ]
09-24 18:39:34.763 1369 3664 I FontLog : Pulling font file for id = 21, cache size = 7 [CONTEXT service_id=132 ]
09-24 18:39:34.775 1369 3664 I FontLog : Pulling font file for id = 21, cache size = 7 [CONTEXT service_id=132 ]
09-24 18:39:35.007 561 575 D CoreBackPreview: Window{6e8369d u0 Splash Screen com.example.qtquickview_kotlin EXITING}: Setting back callback null
09-24 18:39:35.019 561 869 W InputManager-JNI: Input channel object '6e8369d Splash Screen com.example.qtquickview_kotlin (client)' was disposed without first being removed with the input manager!
09-24 18:39:35.050 561 869 W ProcessStats: Tracking association SourceState{aafee9a com.example.qtquickview_kotlin/10184 BTop #5429} whose proc state 2 is better than process ProcessState{5e14a07 com.google.android.gms.persistent/10116 pkg=com.google.android.gms} proc state 4 (30 skipped)
09-24 18:39:35.051 1105 2176 D OneSearchSuggestProvider: Shut down the binder channel
09-24 18:39:35.054 1105 1479 I IPCThreadState: oneway function results for code 2 on binder at 0x799fb5113020 will be dropped but finished with status UNKNOWN_TRANSACTION
09-24 18:39:35.060 1105 1179 I ImeTracker: com.google.android.apps.nexuslauncher:eefd67f6: onRequestHide at ORIGIN_CLIENT_HIDE_SOFT_INPUT reason HIDE_SOFT_INPUT
09-24 18:39:35.062 561 2194 I ImeTracker: com.google.android.apps.nexuslauncher:eefd67f6: onCancelled at PHASE_SERVER_SHOULD_HIDE
09-24 18:39:35.107 807 897 D EGL_emulation: app_time_stats: avg=23.21ms min=0.86ms max=282.64ms count=33
09-24 18:39:35.108 413 413 W SurfaceFlinger: couldn't log to binary event log: overflow.
09-24 18:39:35.324 561 575 D CompatibilityChangeReporter: Compat change id reported: 214016041; UID 10184; state: ENABLED
09-24 18:39:35.327 561 575 I ImeTracker: com.example.qtquickview_kotlin:e82ac9fd: onRequestHide at ORIGIN_SERVER_HIDE_INPUT reason HIDE_UNSPECIFIED_WINDOW
09-24 18:39:35.327 561 575 I ImeTracker: com.example.qtquickview_kotlin:e82ac9fd: onCancelled at PHASE_SERVER_SHOULD_HIDE
09-24 18:39:35.340 5943 5943 I Choreographer: Skipped 41 frames! The application may be doing too much work on its main thread.
