09-24 18:39:35.341 1575 1575 I GoogleInputMethodService: GoogleInputMethodService.onFinishInput():3227
09-24 18:39:35.355 1575 1575 I GoogleInputMethodService: GoogleInputMethodService.updateDeviceLockedStatus():2087 repeatCheckTimes = 0, unlocked = true
09-24 18:39:35.356 1575 1575 I GoogleInputMethodService: GoogleInputMethodService.onStartInput():1877 onStartInput(EditorInfo{inputType=0x0(NULL) imeOptions=0x0 privateImeOptions=null actionName=UNSPECIFIED actionLabel=null actionId=0 initialSelStart=-1 initialSelEnd=-1 initialCapsMode=0x0 hintText=null label=null packageName=com.example.qtquickview_kotlin fieldId=0 fieldName=null extras=null}, false)
09-24 18:39:35.356 1575 1575 I GoogleInputMethodService: GoogleInputMethodService.shouldHideHeaderOnInitialState():4008 ShouldHideHeaderOnInitialState = false
09-24 18:39:35.358 1575 1575 I GoogleInputMethodService: GoogleInputMethodService.updateDeviceLockedStatus():2087 repeatCheckTimes = 2, unlocked = true
09-24 18:39:35.379 5943 5943 V myTag : Status of QtQuickView: READY
09-24 18:39:35.390 561 1843 E TaskPersister: File error accessing recents directory (directory doesn't exist?).
09-24 18:39:35.400 5943 5957 I OpenGLRenderer: Davey! duration=739ms; Flags=0, FrameTimelineVsyncId=193682, IntendedVsync=417842004838, Vsync=418525338144, InputEventId=0, HandleInputStart=418538613111, AnimationStart=418538618655, PerformTraversalsStart=418539268946, DrawStart=418539599752, FrameDeadline=417875338170, FrameInterval=418536068061, FrameStartTime=16666666, SyncQueued=418560462014, SyncStart=418560537574, IssueDrawCommandsStart=418560653852, SwapBuffers=418561528466, FrameCompleted=418582042455, DequeueBufferDuration=4425, QueueBufferDuration=145662, GpuCompleted=418561528466, SwapBuffersCompleted=418582042455, DisplayPresentTime=0, CommandSubmissionCompleted=418561528466,
09-24 18:39:35.514 355 3297 D android.hardware.audio@7.1-impl.ranchu: threadLoop: entering standby, frames: 5495424
09-24 18:39:36.111 807 897 D EGL_emulation: app_time_stats: avg=14.24ms min=1.30ms max=83.93ms count=48
09-24 18:39:36.139 5943 5963 D EGL_emulation: app_time_stats: avg=193.07ms min=9.15ms max=704.07ms count=8
09-24 18:39:36.285 807 807 D StatusBarIconController: ignoring old pipeline callbacks, because the new mobile icons are enabled
09-24 18:39:37.031 807 807 D StatusBarIconController: ignoring old pipeline callback because the new wifi icon is enabled
09-24 18:39:37.307 1105 1105 D TaplEvents: TIS / TouchInteractionService.onInputEvent: MotionEvent { action=ACTION_DOWN, actionButton=0, id[0]=0, x[0]=284.96387, y[0]=1561.8896, toolType[0]=TOOL_TYPE_FINGER, buttonState=0, classification=NONE, metaState=0, flags=0x0, edgeFlags=0x0, pointerCount=1, historySize=0, eventTime=420450, downTime=420450, deviceId=4, source=0xd002, displayId=0, eventId=891897628 }
09-24 18:39:37.356 1105 1105 D TaplEvents: TIS / TouchInteractionService.onInputEvent: MotionEvent { action=ACTION_UP, actionButton=0, id[0]=0, x[0]=284.96387, y[0]=1561.8896, toolType[0]=TOOL_TYPE_FINGER, buttonState=0, classification=NONE, metaState=0, flags=0x0, edgeFlags=0x0, pointerCount=1, historySize=0, eventTime=420551, downTime=420450, deviceId=4, source=0xd002, displayId=0, eventId=518699242 }
09-24 18:39:37.450 5943 5963 D EGL_emulation: app_time_stats: avg=655.33ms min=26.73ms max=1283.94ms count=2
09-24 18:39:37.544 396 3449 D audioserver: FGS Logger Transaction failed
09-24 18:39:37.544 396 3449 D audioserver: -129
09-24 18:39:37.675 396 524 D audioserver: FGS Logger Transaction failed
09-24 18:39:37.676 396 524 D audioserver: -129
09-24 18:39:38.104 1105 1105 D TaplEvents: TIS / TouchInteractionService.onInputEvent: MotionEvent { action=ACTION_DOWN, actionButton=0, id[0]=0, x[0]=284.96387, y[0]=1561.8896, toolType[0]=TOOL_TYPE_FINGER, buttonState=0, classification=NONE, metaState=0, flags=0x0, edgeFlags=0x0, pointerCount=1, historySize=0, eventTime=421299, downTime=421299, deviceId=4, source=0xd002, displayId=0, eventId=516009381 }
09-24 18:39:38.237 1105 1105 D TaplEvents: TIS / TouchInteractionService.onInputEvent: MotionEvent { action=ACTION_UP, actionButton=0, id[0]=0, x[0]=284.96387, y[0]=1561.8896, toolType[0]=TOOL_TYPE_FINGER, buttonState=0, classification=NONE, metaState=0, flags=0x0, edgeFlags=0x0, pointerCount=1, historySize=0, eventTime=421432, downTime=421299, deviceId=4, source=0xd002, displayId=0, eventId=656289500 }
09-24 18:39:38.240 396 3449 D audioserver: FGS Logger Transaction failed
09-24 18:39:38.241 396 3449 D audioserver: -129
09-24 18:39:38.255 5943 5976 D EGL_emulation: app_time_stats: avg=744.00ms min=16.12ms max=2190.79ms count=3
09-24 18:39:38.273 396 524 D AudioFlinger: mixer(0x72df5f8d6930) throttle end: throttle time(30)
09-24 18:39:38.423 396 524 D audioserver: FGS Logger Transaction failed
09-24 18:39:38.423 396 524 D audioserver: -129
09-24 18:39:38.461 5943 5963 D EGL_emulation: app_time_stats: avg=14.46ms min=6.30ms max=61.57ms count=55
09-24 18:39:38.889 5943 5979 D ProfileInstaller: Installing profile for com.example.qtquickview_kotlin
09-24 18:39:40.655 561 584 D OomAdjuster: Not killing cached processes
09-24 18:39:40.799 969 1204 D BtGatt.ScanManager: uid 10116 isForeground true scanMode 1
09-24 18:39:40.800 969 1204 D BtGatt.ScanManager: uid 10116 isForeground true scanMode -1
09-24 18:39:41.257 1105 1105 D TaplEvents: TIS / TouchInteractionService.onInputEvent: MotionEvent { action=ACTION_DOWN, actionButton=0, id[0]=0, x[0]=488.9795, y[0]=2379.8584, toolType[0]=TOOL_TYPE_FINGER, buttonState=0, classification=NONE, metaState=0, flags=0x0, edgeFlags=0x0, pointerCount=1, historySize=0, eventTime=424450, downTime=424450, deviceId=4, source=0xd002, displayId=0, eventId=678728395 }
09-24 18:39:41.314 1105 1105 D TaplEvents: Pilfer / pilferPointers
09-24 18:39:41.314 807 840 V ShellRecents: RecentsTransitionHandler.startRecentsTransition
09-24 18:39:41.315 807 840 V WindowManagerShell: Directly starting a new transition type=3 wct=WindowContainerTransaction { changes = {} hops = [{PendingIntent: options=Bundle[mParcelledData.dataSize=332]}] errorCallbackToken=null taskFragmentOrganizer=null } handler=com.android.wm.shell.recents.RecentsTransitionHandler@48ea264
09-24 18:39:41.319 561 575 I InputDispatcher: Channel [Gesture Monitor] swipe-up (server) is stealing touch from [d3599d4 com.example.qtquickview_kotlin/com.example.qtquickview_kotlin.MainActivity (server), [Gesture Monitor] edge-swipe (server)]
09-24 18:39:41.326 561 581 D AutofillManagerService: Close system dialogs
09-24 18:39:41.338 807 807 I vol.VolumeDialogImpl: mDialog.dismiss() reason: volume_controller from: com.android.systemui.volume.VolumeDialogImpl$7.onDismissRequested:3
09-24 18:39:41.347 413 413 I BpBinder: onLastStrongRef automatically unlinking death recipients:
09-24 18:39:41.350 355 3297 D android.hardware.audio@7.1-impl.ranchu: threadLoop: entering standby, frames: 5679168
09-24 18:39:41.358 807 840 V ShellRecents: [140895834] RecentsController.setTransition: id=android.os.BinderProxy@b2db568
09-24 18:39:41.358 807 840 W Looper : Slow dispatch took 43ms wmshell.main h=android.os.Handler c=com.android.wm.shell.common.ExecutorUtils$$ExternalSyntheticLambda0@62c1d81 m=0
09-24 18:39:41.395 1105 1179 I ImeTracker: com.google.android.apps.nexuslauncher:f9fedd22: onRequestHide at ORIGIN_CLIENT_HIDE_SOFT_INPUT reason HIDE_SOFT_INPUT
09-24 18:39:41.396 1105 1179 I ImeTracker: com.google.android.apps.nexuslauncher:f9fedd22: onFailed at PHASE_CLIENT_VIEW_SERVED
09-24 18:39:41.500 413 430 I BpBinder: onLastStrongRef automatically unlinking death recipients:
09-24 18:39:41.512 807 840 V WindowManagerShell: onTransitionReady android.os.BinderProxy@b2db568: {id=61 t=TO_FRONT f=0x80 trk=0 r=[0@Point(0, 0)] c=[{WCT{android.window.IWindowContainerToken$Stub$Proxy@48c0e26} m=SHOW f=SHOW_WALLPAPER leash=Surface(name=Task=1)/@0x355ca67 sb=Rect(0, 0 - 1080, 2400) eb=Rect(0, 0 - 1080, 2400) d=0},{WCT{android.window.IWindowContainerToken$Stub$Proxy@1dcc014} m=HIDE f=NONE leash=Surface(name=Task=25)/@0xfc10bd sb=Rect(0, 0 - 1080, 2400) eb=Rect(0, 0 - 1080, 2400) d=0},{null m=SHOW f=IS_WALLPAPER leash=Surface(name=WallpaperWindowToken{c35888f token=android.os.Binder@348cbee})/@0x79ae6b2 sb=Rect(0, 0 - 1080, 2400) eb=Rect(0, 0 - 1080, 2400) d=0}]}
09-24 18:39:41.529 807 840 V WindowManagerShell: Playing animation for (#61)android.os.BinderProxy@b2db568@0
09-24 18:39:41.529 807 840 V WindowManagerShell: try firstHandler com.android.wm.shell.recents.RecentsTransitionHandler@48ea264
09-24 18:39:41.530 807 840 V ShellRecents: [140895834] RecentsController.start
09-24 18:39:41.534 807 840 V ShellRecents: adding pausing taskId=25
09-24 18:39:41.536 807 840 V ShellRecents: [140895834] RecentsController.start: calling onAnimationStart
09-24 18:39:41.536 807 840 V WindowManagerShell: animated by firstHandler
09-24 18:39:41.561 807 840 V ShellRecents: [140895834] RecentsController.setInputConsumerEnabled: set focus to recents
09-24 18:39:41.573 561 694 E HandwritingModeController: Cannot get requestId: Handwriting was not initialized.
09-24 18:39:41.619 5943 5963 D EGL_emulation: app_time_stats: avg=105.02ms min=7.87ms max=2614.89ms count=29
09-24 18:39:41.669 561 581 W Looper : Slow dispatch took 163ms android.fg h=android.os.Handler c=com.android.server.wm.ActivityMetricsLogger$$ExternalSyntheticLambda0@fb880b8 m=0
09-24 18:39:41.671 561 581 V WindowManager: Sent Transition #61 createdAt=09-24 18:39:41.324
09-24 18:39:41.671 561 581 V WindowManager: startWCT=WindowContainerTransaction { changes = {} hops = [{PendingIntent: options=Bundle[{android.activity.splashScreenStyle=-1, android.activity.sourceInfo=android.app.ActivityOptions$SourceInfo@f170e91, android.activity.transientLaunch=true}]}] errorCallbackToken=null taskFragmentOrganizer=null }
09-24 18:39:41.671 561 581 V WindowManager: info={id=61 t=TO_FRONT f=0x80 trk=0 r=[0@Point(0, 0)] c=[{WCT{RemoteToken{5486296 Task{6e71f63 #1 type=home}}} m=SHOW f=SHOW_WALLPAPER leash=Surface(name=Task=1)/@0xbadec5f sb=Rect(0, 0 - 1080, 2400) eb=Rect(0, 0 - 1080, 2400) d=0},{WCT{RemoteToken{1289c55 Task{bb7a561 #25 type=standard A=10184:com.example.qtquickview_kotlin}}} m=HIDE f=NONE leash=Surface(name=Task=25)/@0xc969f99 sb=Rect(0, 0 - 1080, 2400) eb=Rect(0, 0 - 1080, 2400) d=0},{null m=SHOW f=IS_WALLPAPER leash=Surface(name=WallpaperWindowToken{c35888f token=android.os.Binder@348cbee})/@0x94640b9 sb=Rect(0, 0 - 1080, 2400) eb=Rect(0, 0 - 1080, 2400) d=0}]}
09-24 18:39:41.693 1105 1105 D MotionPauseDetector: onMotionPauseChanged, paused=true reason=Didn't have back to back slow speeds, checking for rapid deceleration on first pause only
09-24 18:39:42.182 1105 1105 D MotionPauseDetector: onMotionPauseChanged, paused=false reason=Was paused, but started moving at a fast speed
09-24 18:39:42.496 1105 1933 D EGL_emulation: app_time_stats: avg=13.53ms min=7.06ms max=27.83ms count=37
09-24 18:39:43.040 807 807 D StatusBarIconController: ignoring old pipeline callback because the new wifi icon is enabled
09-24 18:39:43.421 1105 1105 D MotionPauseDetector: onMotionPauseChanged, paused=true reason=Pause requires back to back slow speeds
09-24 18:39:43.422 1105 1105 D TaplEvents: TIS / TouchInteractionService.onInputEvent: MotionEvent { action=ACTION_UP, actionButton=0, id[0]=0, x[0]=1067.9375, y[0]=880.95703, toolType[0]=TOOL_TYPE_FINGER, buttonState=0, classification=NONE, metaState=0, flags=0x0, edgeFlags=0x0, pointerCount=1, historySize=0, eventTime=426593, downTime=424450, deviceId=4, source=0xd002, displayId=0, eventId=697737897 }
09-24 18:39:43.530 1105 1933 D EGL_emulation: app_time_stats: avg=12.20ms min=5.99ms max=22.80ms count=35
09-24 18:39:43.770 807 897 D EGL_emulation: app_time_stats: avg=3016.75ms min=38.06ms max=8848.67ms count=3
09-24 18:39:43.794 807 1622 V ShellRecents: [140895834] RecentsController.screenshotTask: taskId=25
09-24 18:39:43.949 1658 1853 I AiAiEcho: Predicting[0]:
09-24 18:39:43.950 1658 1853 I AiAiEcho: EchoTargets:
09-24 18:39:43.950 1658 1853 I AiAiEcho: Filtered by AiAi flag check:
09-24 18:39:43.950 1658 1853 I AiAiEcho: Ranked targets strategy: SORT, count: 0, ranking metadata:
09-24 18:39:43.957 1105 1179 I ImeTracker: com.google.android.apps.nexuslauncher:c3dce0f3: onRequestHide at ORIGIN_CLIENT_HIDE_SOFT_INPUT reason HIDE_SOFT_INPUT
09-24 18:39:43.958 1658 1853 I AiAiEcho: #postPredictionTargets: Sending updates to UISurface home with targets# 0 (types=[])
09-24 18:39:43.959 1105 1179 I ImeTracker: com.google.android.apps.nexuslauncher:c3dce0f3: onFailed at PHASE_CLIENT_VIEW_SERVED
09-24 18:39:43.964 1105 1105 I AiAiSuggestUi: Clearing suggestions.
09-24 18:39:43.965 1105 1105 I AiAiSuggestUi: Requesting to show indicators
09-24 18:39:43.965 1105 1105 I AiAiSuggestUi: Fetching contents, isPrimaryTask = true
09-24 18:39:43.981 1658 1658 W AiAiOverview: ProcessContentImage contextImage is null
09-24 18:39:43.995 807 1622 V ShellRecents: [140895834] RecentsController.detachNavigationBarFromApp
09-24 18:39:44.018 969 1204 D BtGatt.ScanManager: uid 10116 isForeground true scanMode 1
09-24 18:39:44.018 969 1204 D BtGatt.ScanManager: uid 10116 isForeground true scanMode -1
09-24 18:39:44.043 561 1794 W AppSearchIcing: icing-search-engine.cc:283: Error: 5, Message: Document (com.google.android.googlequicksearchbox$OneSearchZeroStateGoogleSuggestions/default, zp) not found.
09-24 18:39:44.084 1105 2176 D OneSearchSuggestProvider: Created the binder channel successfully for end point service =com.google.android.apps.search.googleapp.search.suggest.plugins.onesearch.server.OneSearchSuggestService , mChannel=z1{delegate=s1{logId=93, target=directaddress:///AndroidComponentAddress%5BIntent%20%7B%20act=grpc.io.action.BIND%20cmp=com.google.android.googlequicksearchbox/com.google.android.apps.search.googleapp.search.suggest.plugins.onesearch.server.OneSearchSuggestService%20%7D%5D}} , mOneSearchConnection=X1.T@1ebf297
09-24 18:39:44.087 1932 1932 W A : Can't get WAA status for Mavatar!
09-24 18:39:44.087 1932 1932 W A : java.lang.NullPointerException: Attempt to invoke virtual method 'java.lang.Class java.lang.Object.getClass()' on a null object reference
09-24 18:39:44.087 1932 1932 W A : at com.google.apps.tiktok.dataservice.z.b(PG:1)
09-24 18:39:44.087 1932 1932 W A : at com.google.apps.tiktok.dataservice.at.a(PG:1)
09-24 18:39:44.087 1932 1932 W A : at com.google.apps.tiktok.tracing.ec.a(PG:2)
09-24 18:39:44.087 1932 1932 W A : at com.google.common.util.concurrent.aj.a(PG:2)
09-24 18:39:44.087 1932 1932 W A : at com.google.common.util.concurrent.ac.apply(PG:1)
09-24 18:39:44.087 1932 1932 W A : at com.google.common.util.concurrent.h.e(PG:2)
09-24 18:39:44.087 1932 1932 W A : at com.google.common.util.concurrent.j.run(PG:9)
09-24 18:39:44.087 1932 1932 W A : at com.google.common.util.concurrent.bf.execute(PG:1)
09-24 18:39:44.087 1932 1932 W A : at com.google.common.util.concurrent.d.i(PG:1)
09-24 18:39:44.087 1932 1932 W A : at com.google.common.util.concurrent.d.l(PG:12)
09-24 18:39:44.087 1932 1932 W A : at com.google.common.util.concurrent.d.n(PG:2)
09-24 18:39:44.087 1932 1932 W A : at com.google.common.util.concurrent.i.f(PG:1)
09-24 18:39:44.087 1932 1932 W A : at com.google.common.util.concurrent.j.run(PG:12)
09-24 18:39:44.087 1932 1932 W A : at com.google.android.libraries.i.ae.run(PG:1)
09-24 18:39:44.087 1932 1932 W A : at java.util.concurrent.ThreadPoolExecutor.runWorker(ThreadPoolExecutor.java:1145)
09-24 18:39:44.087 1932 1932 W A : at java.util.concurrent.ThreadPoolExecutor$Worker.run(ThreadPoolExecutor.java:644)
09-24 18:39:44.087 1932 1932 W A : at com.google.android.libraries.i.k.run(PG:2)
09-24 18:39:44.087 1932 1932 W A : at com.google.android.libraries.i.p.run(PG:4)
09-24 18:39:44.087 1932 1932 W A : at java.lang.Thread.run(Thread.java:1012)
09-24 18:39:44.110 1932 1932 I A : Created gRPC endpoint to "search" for service class com.google.android.apps.search.googleapp.search.suggest.plugins.onesearch.server.OneSearchSuggestService
09-24 18:39:44.135 1658 2689 I AiAiScreenProcessor: Timed out waiting for Bitmap to be updated.
09-24 18:39:44.135 1658 2689 E AiAiScreenProcessor: Can't run parseContents because there are InputSources that are missing.
09-24 18:39:44.179 1105 1105 D SearchTargetUtil: query= size=0
09-24 18:39:44.470 807 897 D EGL_emulation: app_time_stats: avg=490.60ms min=4.80ms max=7855.04ms count=17
09-24 18:39:44.811 1105 1105 D TaplEvents: Main / Touch event: MotionEvent { action=ACTION_DOWN, actionButton=0, id[0]=0, x[0]=727.96484, y[0]=1278.9551, toolType[0]=TOOL_TYPE_FINGER, buttonState=0, classification=NONE, metaState=0, flags=0x0, edgeFlags=0x0, pointerCount=1, historySize=0, eventTime=427981, downTime=427981, deviceId=4, source=0xd002, displayId=0, eventId=134551217 }
09-24 18:39:44.825 1105 1105 D TaplEvents: TIS / TouchInteractionService.onInputEvent: MotionEvent { action=ACTION_DOWN, actionButton=0, id[0]=0, x[0]=727.96484, y[0]=1278.9551, toolType[0]=TOOL_TYPE_FINGER, buttonState=0, classification=NONE, metaState=0, flags=0x0, edgeFlags=0x0, pointerCount=1, historySize=0, eventTime=427981, downTime=427981, deviceId=4, source=0xd002, displayId=0, eventId=134551217 }
09-24 18:39:44.850 1105 1933 D EGL_emulation: app_time_stats: avg=61.30ms min=8.38ms max=714.40ms count=18
09-24 18:39:44.944 1105 1105 D TaplEvents: Main / Touch event: MotionEvent { action=ACTION_UP, actionButton=0, id[0]=0, x[0]=674.9668, y[0]=124.95117, toolType[0]=TOOL_TYPE_FINGER, buttonState=0, classification=NONE, metaState=0, flags=0x0, edgeFlags=0x0, pointerCount=1, historySize=0, eventTime=428119, downTime=427981, deviceId=4, source=0xd002, displayId=0, eventId=231095486 }
09-24 18:39:44.947 1105 1105 D TaplEvents: TIS / TouchInteractionService.onInputEvent: MotionEvent { action=ACTION_UP, actionButton=0, id[0]=0, x[0]=674.9668, y[0]=124.95117, toolType[0]=TOOL_TYPE_FINGER, buttonState=0, classification=NONE, metaState=0, flags=0x0, edgeFlags=0x0, pointerCount=1, historySize=0, eventTime=428119, downTime=427981, deviceId=4, source=0xd002, displayId=0, eventId=231095486 }
09-24 18:39:45.284 807 840 V ShellRecents: [140895834] RecentsController.finishInner: toHome=true userLeave=false willFinishToHome=true state=0
09-24 18:39:45.284 807 840 V ShellRecents: normal finish
09-24 18:39:45.286 807 840 V ShellRecents: [140895834] RecentsController.cleanup
09-24 18:39:45.289 807 840 V WindowManagerShell: Transition animation finished (aborted=false), notifying core (#61)android.os.BinderProxy@b2db568@0
09-24 18:39:45.301 561 581 V WindowManager: Finish Transition #61: created at
09-24 18:39:41.324 collect-started=0.51ms started=0.9ms ready=18.791ms sent=174.995ms finished=3969.403ms
09-24 18:39:45.355 1105 1105 I AiAiSuggestUi: Clearing suggestions.
09-24 18:39:45.370 1105 1105 I AiAiSuggestUi: Clearing suggestions.
09-24 18:39:45.399 561 584 V WindowManager: Unknown focus tokens, dropping reportFocusChanged
09-24 18:39:45.399 807 840 V WindowManagerShell: Track 0 became idle
09-24 18:39:45.399 807 840 V WindowManagerShell: All active transition animations finished
09-24 18:39:45.399 807 840 W Looper : Slow dispatch took 116ms wmshell.main h=android.os.Handler c=com.android.wm.shell.recents.RecentsTransitionHandler$RecentsController$$ExternalSyntheticLambda3@cb49a0a m=0
09-24 18:39:45.421 561 584 W ProcessStats: Tracking association SourceState{dcaf774 com.google.android.googlequicksearchbox:search/10123 BTop #5448} whose proc state 2 is better than process ProcessState{a9b2356 com.google.android.googlequicksearchbox:interactor/10123 pkg=com.google.android.googlequicksearchbox} proc state 4 (10 skipped)
09-24 18:39:45.475 807 897 D EGL_emulation: app_time_stats: avg=11.52ms min=1.29ms max=48.98ms count=41
09-24 18:39:45.480 561 2154 I ImeTracker: com.google.android.apps.nexuslauncher:ea914731: onRequestHide at ORIGIN_SERVER_HIDE_INPUT reason HIDE_UNSPECIFIED_WINDOW
09-24 18:39:45.484 561 2154 I ImeTracker: com.google.android.apps.nexuslauncher:ea914731: onCancelled at PHASE_SERVER_SHOULD_HIDE
09-24 18:39:45.528 561 1843 E TaskPersister: File error accessing recents directory (directory doesn't exist?).
09-24 18:39:45.541 1575 1575 I GoogleInputMethodService: GoogleInputMethodService.onFinishInput():3227
09-24 18:39:45.582 1575 1575 I GoogleInputMethodService: GoogleInputMethodService.updateDeviceLockedStatus():2087 repeatCheckTimes = 0, unlocked = true
09-24 18:39:45.583 1575 1575 I GoogleInputMethodService: GoogleInputMethodService.onStartInput():1877 onStartInput(EditorInfo{inputType=0x0(NULL) imeOptions=0x0 privateImeOptions=null actionName=UNSPECIFIED actionLabel=null actionId=0 initialSelStart=-1 initialSelEnd=-1 initialCapsMode=0x0 hintText=null label=null packageName=com.google.android.apps.nexuslauncher fieldId=0 fieldName=null extras=null}, false)
09-24 18:39:45.583 1575 1575 I GoogleInputMethodService: GoogleInputMethodService.shouldHideHeaderOnInitialState():4008 ShouldHideHeaderOnInitialState = false
09-24 18:39:45.584 1575 1575 I GoogleInputMethodService: GoogleInputMethodService.updateDeviceLockedStatus():2087 repeatCheckTimes = 2, unlocked = true
09-24 18:39:45.621 413 413 I BpBinder: onLastStrongRef automatically unlinking death recipients:
09-24 18:39:45.846 807 897 D EGL_emulation: app_time_stats: avg=278.31ms min=1.57ms max=1913.34ms count=7
09-24 18:39:45.856 1105 1933 D EGL_emulation: app_time_stats: avg=37.90ms min=10.07ms max=120.19ms count=23
09-24 18:39:45.912 5943 5966 W libEGL : eglTerminate() called w/ 1 objects remaining
09-24 18:39:45.912 5943 5966 E libEGL : validate_display:550 error 3001 (EGL_NOT_INITIALIZED)
09-24 18:39:45.912 5943 5966 I libqtquickview_x86_64.so: main() returned 0
09-24 18:39:46.271 1105 1105 D TaplEvents: Main / Touch event: MotionEvent { action=ACTION_DOWN, actionButton=0, id[0]=0, x[0]=926.9717, y[0]=1923.9258, toolType[0]=TOOL_TYPE_FINGER, buttonState=0, classification=NONE, metaState=0, flags=0x0, edgeFlags=0x0, pointerCount=1, historySize=0, eventTime=429466, downTime=429466, deviceId=4, source=0xd002, displayId=0, eventId=463830451 }
09-24 18:39:46.278 1105 1105 D TaplEvents: TIS / TouchInteractionService.onInputEvent: MotionEvent { action=ACTION_DOWN, actionButton=0, id[0]=0, x[0]=926.9717, y[0]=1923.9258, toolType[0]=TOOL_TYPE_FINGER, buttonState=0, classification=NONE, metaState=0, flags=0x0, edgeFlags=0x0, pointerCount=1, historySize=0, eventTime=429466, downTime=429466, deviceId=4, source=0xd002, displayId=0, eventId=463830451 }
09-24 18:39:46.369 807 807 D StatusBarIconController: ignoring old pipeline callbacks, because the new mobile icons are enabled
09-24 18:39:46.389 1105 1105 D TaplEvents: Main / Touch event: MotionEvent { action=ACTION_UP, actionButton=0, id[0]=0, x[0]=926.9717, y[0]=1923.9258, toolType[0]=TOOL_TYPE_FINGER, buttonState=0, classification=NONE, metaState=0, flags=0x0, edgeFlags=0x0, pointerCount=1, historySize=0, eventTime=429570, downTime=429466, deviceId=4, source=0xd002, displayId=0, eventId=1028091857 }
09-24 18:39:46.391 1105 1105 D TaplEvents: TIS / TouchInteractionService.onInputEvent: MotionEvent { action=ACTION_UP, actionButton=0, id[0]=0, x[0]=926.9717, y[0]=1923.9258, toolType[0]=TOOL_TYPE_FINGER, buttonState=0, classification=NONE, metaState=0, flags=0x0, edgeFlags=0x0, pointerCount=1, historySize=0, eventTime=429570, downTime=429466, deviceId=4, source=0xd002, displayId=0, eventId=1028091857 }
09-24 18:39:46.418 1105 1105 D TaplEvents: Main / start: startAppShortcutOrInfoActivity
09-24 18:39:46.448 561 584 I ActivityTaskManager: Destroy timeout of remove-task, attempt to kill Task{bb7a561 #25 type=standard A=10184:com.example.qtquickview_kotlin}
09-24 18:39:46.459 561 584 I ActivityManager: Killing 5943:com.example.qtquickview_kotlin/u0a184 (adj 900): remove task
09-24 18:39:46.481 561 2170 D CompatibilityChangeReporter: Compat change id reported: 161252188; UID 10184; state: DISABLED
09-24 18:39:46.485 561 597 I libprocessgroup: Successfully killed process cgroup uid 10184 pid 5943 in 0ms
09-24 18:39:46.498 396 3449 D audioserver: FGS Logger Transaction failed
09-24 18:39:46.498 396 3449 D audioserver: -129
09-24 18:39:46.503 807 897 D EGL_emulation: app_time_stats: avg=28.03ms min=0.90ms max=91.01ms count=29
09-24 18:39:46.527 353 353 I Zygote : Process 5943 exited due to signal 9 (Killed)
09-24 18:39:46.645 561 2170 I ActivityTaskManager: START u0 {act=android.intent.action.MAIN cat=[android.intent.category.LAUNCHER] flg=0x10200000 cmp=com.example.qtquickview_kotlin/.MainActivity bnds=[832,1873][1005,2068]} with LAUNCH_MULTIPLE from uid 10151 (BAL_ALLOW_ALLOWLISTED_COMPONENT) result code=0
09-24 18:39:46.667 807 840 V WindowManagerShell: Transition requested: android.os.BinderProxy@ab668f1 TransitionRequestInfo { type = OPEN, triggerTask = TaskInfo{userId=0 taskId=26 displayId=0 isRunning=true baseIntent=Intent { act=android.intent.action.MAIN cat=[android.intent.category.LAUNCHER] flg=0x10200000 cmp=com.example.qtquickview_kotlin/.MainActivity } baseActivity=ComponentInfo{com.example.qtquickview_kotlin/com.example.qtquickview_kotlin.MainActivity} topActivity=ComponentInfo{com.example.qtquickview_kotlin/com.example.qtquickview_kotlin.MainActivity} origActivity=null realActivity=ComponentInfo{com.example.qtquickview_kotlin/com.example.qtquickview_kotlin.MainActivity} numActivities=1 lastActiveTime=429838 supportsMultiWindow=true resizeMode=1 isResizeable=true minWidth=-1 minHeight=-1 defaultMinSize=220 token=WCT{android.window.IWindowContainerToken$Stub$Proxy@f0a4cd6} topActivityType=1 pictureInPictureParams=null shouldDockBigOverlays=false launchIntoPipHostTaskId=-1 lastParentTaskIdBeforePip=-1 displayCutoutSafeInsets=Rect(0, 132 - 0, 0) topActivityInfo=ActivityInfo{e501b57 com.example.qtquickview_kotlin.MainActivity} launchCookies=[android.os.BinderProxy@cba5644] positionInParent=Point(0, 0) parentTaskId=-1 isFocused=false isVisible=false isSleeping=false topActivityInSizeCompat=false topActivityEligibleForLetterboxEducation= false topActivityLetterboxed= false isFromDoubleTap= false topActivityLetterboxVerticalPosition= -1 topActivityLetterboxHorizontalPosition= -1 topActivityLetterboxWidth=-1 topActivityLetterboxHeight=-1 locusId=null displayAreaFeatureId=1 cameraCompatControlState=hidden}, remoteTransition = RemoteTransition { remoteTransition = android.window.IRemoteTransition$Stub$Proxy@e37a32d, appThread = android.app.IApplicationThread$Stub$Proxy@3366062, debugName = QuickstepLaunch }, displayChange = null }
09-24 18:39:46.668 807 840 V WindowManagerShell: RemoteTransition directly requested for android.os.BinderProxy@ab668f1: RemoteTransition { remoteTransition = android.window.IRemoteTransition$Stub$Proxy@e37a32d, appThread = android.app.IApplicationThread$Stub$Proxy@3366062, debugName = QuickstepLaunch }
09-24 18:39:46.710 396 524 D audioserver: FGS Logger Transaction failed
09-24 18:39:46.710 396 524 D audioserver: -129
09-24 18:39:46.714 561 2219 W system_server: Long monitor contention with owner binder:561_18 (2170) at android.window.TaskSnapshot com.android.server.wm.SnapshotCache.getSnapshot(java.lang.Integer)(SnapshotCache.java:53) waiters=1 in void com.android.server.wm.WindowState$DeathRecipient.binderDied() for 138ms
09-24 18:39:46.714 561 2219 I WindowManager: WIN DEATH: Window{d3599d4 u0 com.example.qtquickview_kotlin/com.example.qtquickview_kotlin.MainActivity}
09-24 18:39:46.725 561 2219 W InputManager-JNI: Input channel object 'd3599d4 com.example.qtquickview_kotlin/com.example.qtquickview_kotlin.MainActivity (client)' was disposed without first being removed with the input manager!
09-24 18:39:46.726 561 1251 W system_server: Long monitor contention with owner binder:561_18 (2170) at android.window.TaskSnapshot com.android.server.wm.SnapshotCache.getSnapshot(java.lang.Integer)(SnapshotCache.java:53) waiters=2 in void com.android.server.wm.WindowProcessController.setThread(android.app.IApplicationThread) for 212ms
09-24 18:39:46.726 807 866 D SplashScreenView: Build android.window.SplashScreenView{51e20ae V.E...... ......ID 0,0-0,0}
09-24 18:39:46.726 807 866 D SplashScreenView: Icon: view: android.widget.ImageView{5d1e4f V.ED..... ......I. 0,0-0,0 #10204f0 android:id/splashscreen_icon_view} drawable: com.android.wm.shell.startingsurface.SplashscreenIconDrawableFactory$ImmobileIconDrawable@6fc29dc size: 420
09-24 18:39:46.726 807 866 D SplashScreenView: Branding: view: android.view.View{a470ae5 G.ED..... ......I. 0,0-0,0 #10204ef android:id/splashscreen_branding_view} drawable: null size w: 0 h: 0
09-24 18:39:46.731 807 840 W Looper : Slow dispatch took 65ms wmshell.main h=android.os.Handler c=com.android.wm.shell.transition.Transitions$TransitionPlayerImpl$$ExternalSyntheticLambda1@7af99ba m=0
09-24 18:39:46.733 561 582 D DisplayManagerService: Drop pending events for gone uid 10184
09-24 18:39:46.756 413 413 E BpTransactionCompletedListener: Failed to transact (-32)
09-24 18:39:46.761 561 1251 D OomAdjuster: Not killing cached processes
09-24 18:39:46.769 561 869 W system_server: Long monitor contention with owner binder:561_C (1251) at void com.android.server.am.ActivityManagerService$AppDeathRecipient.binderDied()(ActivityManagerService.java:1580) waiters=0 in void com.android.server.am.ActivityManagerService.logFgsApiBegin(int, int, int) for 253ms
09-24 18:39:46.772 561 584 W ActivityManager: setHasOverlayUi called on unknown pid: 5943
09-24 18:39:46.795 413 413 I BpBinder: onLastStrongRef automatically unlinking death recipients:
09-24 18:39:46.801 561 575 D CoreBackPreview: Window{7db627e u0 Splash Screen com.example.qtquickview_kotlin}: Setting back callback OnBackInvokedCallbackInfo{mCallback=android.window.IOnBackInvokedCallback$Stub$Proxy@4c7288a, mPriority=0, mIsAnimationCallback=false}
09-24 18:39:46.807 561 584 D CompatibilityChangeReporter: Compat change id reported: 135634846; UID 10184; state: DISABLED
09-24 18:39:46.809 561 596 D CompatibilityChangeReporter: Compat change id reported: 143937733; UID 10184; state: ENABLED
09-24 18:39:46.820 353 353 D Zygote : Forked child process 5991
09-24 18:39:46.831 561 596 I ActivityManager: Start proc 5991:com.example.qtquickview_kotlin/u0a184 for top-activity {com.example.qtquickview_kotlin/com.example.qtquickview_kotlin.MainActivity}
09-24 18:39:46.842 807 840 V WindowManagerShell: onTransitionReady android.os.BinderProxy@ab668f1: {id=62 t=OPEN f=0x0 trk=0 r=[0@Point(0, 0)] c=[{WCT{android.window.IWindowContainerToken$Stub$Proxy@574b19d} m=OPEN f=NONE leash=Surface(name=Task=26)/@0xd3ba612 sb=Rect(0, 0 - 1080, 2400) eb=Rect(0, 0 - 1080, 2400) d=0},{WCT{android.window.IWindowContainerToken$Stub$Proxy@2eb61e3} m=HIDE f=SHOW_WALLPAPER leash=Surface(name=Task=1)/@0xe9e07e0 sb=Rect(0, 0 - 1080, 2400) eb=Rect(0, 0 - 1080, 2400) d=0}]}
09-24 18:39:46.843 807 840 V WindowManagerShell: Playing animation for (#62)android.os.BinderProxy@ab668f1@0
09-24 18:39:46.843 807 840 V WindowManagerShell: try firstHandler com.android.wm.shell.transition.DefaultMixedHandler@2bf3891
09-24 18:39:46.843 807 840 V WindowManagerShell: Delegate animation for #62 to RemoteTransition { remoteTransition = android.window.IRemoteTransition$Stub$Proxy@e37a32d, appThread = android.app.IApplicationThread$Stub$Proxy@3366062, debugName = QuickstepLaunch }
09-24 18:39:46.845 807 840 V WindowManagerShell: animated by firstHandler
09-24 18:39:46.847 561 581 V WindowManager: Sent Transition #62 createdAt=09-24 18:39:46.582 via request=TransitionRequestInfo { type = OPEN, triggerTask = TaskInfo{userId=0 taskId=26 displayId=0 isRunning=true baseIntent=Intent { act=android.intent.action.MAIN cat=[android.intent.category.LAUNCHER] flg=0x10200000 cmp=com.example.qtquickview_kotlin/.MainActivity } baseActivity=ComponentInfo{com.example.qtquickview_kotlin/com.example.qtquickview_kotlin.MainActivity} topActivity=ComponentInfo{com.example.qtquickview_kotlin/com.example.qtquickview_kotlin.MainActivity} origActivity=null realActivity=ComponentInfo{com.example.qtquickview_kotlin/com.example.qtquickview_kotlin.MainActivity} numActivities=1 lastActiveTime=429838 supportsMultiWindow=true resizeMode=1 isResizeable=true minWidth=-1 minHeight=-1 defaultMinSize=220 token=WCT{RemoteToken{b47ebad Task{e942532 #26 type=standard A=10184:com.example.qtquickview_kotlin}}} topActivityType=1 pictureInPictureParams=null shouldDockBigOverlays=false launchIntoPipHostTaskId=-1 lastParentTaskIdBeforePip=-1 displayCutoutSafeInsets=Rect(0, 132 - 0, 0) topActivityInfo=ActivityInfo{569d530 com.example.qtquickview_kotlin.MainActivity} launchCookies=[android.os.BinderProxy@2495a9] positionInParent=Point(0, 0) parentTaskId=-1 isFocused=false isVisible=false isSleeping=false topActivityInSizeCompat=false topActivityEligibleForLetterboxEducation= false topActivityLetterboxed= false isFromDoubleTap= false topActivityLetterboxVerticalPosition= -1 topActivityLetterboxHorizontalPosition= -1 topActivityLetterboxWidth=-1 topActivityLetterboxHeight=-1 locusId=null displayAreaFeatureId=1 cameraCompatControlState=hidden}, remoteTransition = RemoteTransition { remoteTransition = android.window.IRemoteTransition$Stub$Proxy@ee3672e, appThread = android.app.IApplicationThread$Stub$Proxy@bd722cf, debugName = QuickstepLaunch }, displayChange = null }
09-24 18:39:46.847 561 581 V WindowManager: startWCT=WindowContainerTransaction { changes = {} hops = [] errorCallbackToken=null taskFragmentOrganizer=null }
09-24 18:39:46.847 561 581 V WindowManager: info={id=62 t=OPEN f=0x0 trk=0 r=[0@Point(0, 0)] c=[{WCT{RemoteToken{b47ebad Task{e942532 #26 type=standard A=10184:com.example.qtquickview_kotlin}}} m=OPEN f=NONE leash=Surface(name=Task=26)/@0x4fb2971 sb=Rect(0, 0 - 1080, 2400) eb=Rect(0, 0 - 1080, 2400) d=0},{WCT{RemoteToken{5486296 Task{6e71f63 #1 type=home}}} m=HIDE f=SHOW_WALLPAPER leash=Surface(name=Task=1)/@0xbadec5f sb=Rect(0, 0 - 1080, 2400) eb=Rect(0, 0 - 1080, 2400) d=0}]}
09-24 18:39:46.864 5991 5991 I uickview_kotlin: Late-enabling -Xcheck:jni
09-24 18:39:46.891 1105 1933 D EGL_emulation: app_time_stats: avg=127.61ms min=23.54ms max=449.80ms count=8
09-24 18:39:46.979 5991 5991 I uickview_kotlin: Using CollectorTypeCC GC.
09-24 18:39:46.987 5991 5991 W uickview_kotlin: Unexpected CPU variant for x86: x86_64.
09-24 18:39:46.987 5991 5991 W uickview_kotlin: Known variants: atom, sandybridge, silvermont, goldmont, goldmont-plus, tremont, kabylake, default
09-24 18:39:47.152 428 448 I adbd : jdwp connection from 5991
09-24 18:39:47.182 807 897 D EGL_emulation: app_time_stats: avg=185.32ms min=2.47ms max=1157.79ms count=7
09-24 18:39:47.454 807 840 V WindowManagerShell: Transition animation finished (aborted=false), notifying core (#62)android.os.BinderProxy@ab668f1@0
09-24 18:39:47.457 561 581 V WindowManager: Finish Transition #62: created at
09-24 18:39:46.582 collect-started=0.083ms request-sent=61.242ms started=149.114ms ready=252.958ms sent=254.325ms finished=873.945ms
09-24 18:39:47.457 807 840 V WindowManagerShell: Track 0 became idle
09-24 18:39:47.457 807 840 V WindowManagerShell: All active transition animations finished
09-24 18:39:47.507 807 897 D EGL_emulation: app_time_stats: avg=23.24ms min=1.11ms max=139.33ms count=30
09-24 18:39:47.540 561 575 I AppsFilter: interaction: PackageSetting{f8d1db0 com.example.qtquickview_kotlin/10184} -> PackageSetting{4417429 com.google.android.apps.nexuslauncher/10151} BLOCKED
09-24 18:39:47.550 5991 5991 D CompatibilityChangeReporter: Compat change id reported: 171979766; UID 10184; state: ENABLED
09-24 18:39:47.555 5991 5991 D CompatibilityChangeReporter: Compat change id reported: 242716250; UID 10184; state: ENABLED
09-24 18:39:47.589 5991 5991 W ziparchive: Unable to open '/data/app/~~F4yQBZPHkkiDCvIpIfMWXg==/com.example.qtquickview_kotlin-RM41Tj9q01JxxlLq7edIHg==/base.dm': No such file or directory
09-24 18:39:47.589 5991 5991 W ziparchive: Unable to open '/data/app/~~F4yQBZPHkkiDCvIpIfMWXg==/com.example.qtquickview_kotlin-RM41Tj9q01JxxlLq7edIHg==/base.dm': No such file or directory
09-24 18:39:47.662 5991 5991 D nativeloader: Configuring clns-6 for other apk /data/app/~~F4yQBZPHkkiDCvIpIfMWXg==/com.example.qtquickview_kotlin-RM41Tj9q01JxxlLq7edIHg==/base.apk. target_sdk_version=34, uses_libraries=, library_path=/data/app/~~F4yQBZPHkkiDCvIpIfMWXg==/com.example.qtquickview_kotlin-RM41Tj9q01JxxlLq7edIHg==/lib/x86_64:/data/app/~~F4yQBZPHkkiDCvIpIfMWXg==/com.example.qtquickview_kotlin-RM41Tj9q01JxxlLq7edIHg==/base.apk!/lib/x86_64, permitted_path=/data:/mnt/expand:/data/user/0/com.example.qtquickview_kotlin
09-24 18:39:47.693 5991 5991 V GraphicsEnvironment: Currently set values for:
09-24 18:39:47.693 5991 5991 V GraphicsEnvironment: angle_gl_driver_selection_pkgs=[]
09-24 18:39:47.693 5991 5991 V GraphicsEnvironment: angle_gl_driver_selection_values=[]
09-24 18:39:47.694 5991 5991 V GraphicsEnvironment: ANGLE GameManagerService for com.example.qtquickview_kotlin: false
09-24 18:39:47.694 5991 5991 V GraphicsEnvironment: com.example.qtquickview_kotlin is not listed in per-application setting
09-24 18:39:47.694 5991 5991 V GraphicsEnvironment: Neither updatable production driver nor prerelease driver is supported.
09-24 18:39:47.727 561 575 I ActivityManager: Flag disabled. Ignoring finishAttachApplication from uid: 10184. pid: 5991
09-24 18:39:47.742 5991 6011 D libEGL : loaded /vendor/lib64/egl/libEGL_emulation.so
09-24 18:39:47.744 5991 6011 D libEGL : loaded /vendor/lib64/egl/libGLESv1_CM_emulation.so
09-24 18:39:47.747 5991 6011 D libEGL : loaded /vendor/lib64/egl/libGLESv2_emulation.so
09-24 18:39:47.776 5991 5991 D AppCompatDelegate: Checking for metadata for AppLocalesMetadataHolderService : Service not found
09-24 18:39:47.833 5991 5991 D CompatibilityChangeReporter: Compat change id reported: 210923482; UID 10184; state: ENABLED
09-24 18:39:47.844 5991 5991 W uickview_kotlin: Accessing hidden method Landroid/view/View;->computeFitSystemWindows(Landroid/graphics/Rect;Landroid/graphics/Rect;)Z (unsupported, reflection, allowed)
09-24 18:39:47.977 5991 5991 W uickview_kotlin: Accessing hidden method Landroid/view/ViewGroup;->makeOptionalFitsSystemWindows()V (unsupported, reflection, allowed)
09-24 18:39:47.989 5991 5991 W ziparchive: Unable to open '/data/app/~~F4yQBZPHkkiDCvIpIfMWXg==/com.example.qtquickview_kotlin-RM41Tj9q01JxxlLq7edIHg==/base.dm': No such file or directory
09-24 18:39:47.989 5991 5991 W ziparchive: Unable to open '/data/app/~~F4yQBZPHkkiDCvIpIfMWXg==/com.example.qtquickview_kotlin-RM41Tj9q01JxxlLq7edIHg==/base.dm': No such file or directory
09-24 18:39:48.062 5991 6012 I QtCore : Start
09-24 18:39:48.209 5991 6012 I Qt : qt started
09-24 18:39:48.281 5991 5991 D CompatibilityChangeReporter: Compat change id reported: 237531167; UID 10184; state: DISABLED
09-24 18:39:48.292 5991 5991 W OpenGLRenderer: Unknown dataspace 0
09-24 18:39:48.309 5991 5991 I Choreographer: Skipped 34 frames! The application may be doing too much work on its main thread.
09-24 18:39:48.329 561 575 D CoreBackPreview: Window{12e4c8c u0 com.example.qtquickview_kotlin/com.example.qtquickview_kotlin.MainActivity}: Setting back callback OnBackInvokedCallbackInfo{mCallback=android.window.IOnBackInvokedCallback$Stub$Proxy@d5316db, mPriority=0, mIsAnimationCallback=false}
09-24 18:39:48.410 5991 5991 D AutofillManager: notifyViewEnteredForFillDialog:1073741824
09-24 18:39:48.411 5991 6009 W OpenGLRenderer: Failed to initialize 101010-2 format, error = EGL_SUCCESS
09-24 18:39:48.559 0 0 I servicemanager: Could not find android.hardware.graphics.allocator.IAllocator/default in the VINTF manifest.
09-24 18:39:48.476 155 155 I hwservicemanager: getTransport: Cannot find entry android.hardware.graphics.mapper@4.0::IMapper/default in either framework or device VINTF manifest.
09-24 18:39:48.476 5991 6009 I Gralloc4: mapper 4.x is not supported
09-24 18:39:48.510 807 897 D EGL_emulation: app_time_stats: avg=7.47ms min=2.52ms max=22.47ms count=59
09-24 18:39:49.051 5991 6012 W libqtquickview_x86_64.so: No interface with className org/qtproject/qt/android/QtAccessibilityInterface has been registered.
09-24 18:39:49.053 5991 6004 I OpenGLRenderer: Davey! duration=1309ms; Flags=1, FrameTimelineVsyncId=198873, IntendedVsync=430925337648, Vsync=431492004292, InputEventId=0, HandleInputStart=431505466275, AnimationStart=431505477742, PerformTraversalsStart=431505744271, DrawStart=431734258695, FrameDeadline=430942004314, FrameInterval=431504638169, FrameStartTime=16666666, SyncQueued=431766062095, SyncStart=431769757463, IssueDrawCommandsStart=431770527354, SwapBuffers=432125061541, FrameCompleted=432238372532, DequeueBufferDuration=2338, QueueBufferDuration=199933, GpuCompleted=432125061541, SwapBuffersCompleted=432238372532, DisplayPresentTime=0, CommandSubmissionCompleted=432125061541,
09-24 18:39:49.062 561 581 W ziparchive: Unable to open '/data/app/~~F4yQBZPHkkiDCvIpIfMWXg==/com.example.qtquickview_kotlin-RM41Tj9q01JxxlLq7edIHg==/base.dm': No such file or directory
09-24 18:39:49.091 5991 5991 I Choreographer: Skipped 45 frames! The application may be doing too much work on its main thread.
09-24 18:39:49.097 561 581 I ActivityTaskManager: Displayed com.example.qtquickview_kotlin/.MainActivity for user 0: +2s619ms
09-24 18:39:49.100 807 897 D EGL_emulation: app_time_stats: avg=304.81ms min=3.63ms max=1761.71ms count=6
09-24 18:39:49.172 561 2219 D CompatibilityChangeReporter: Compat change id reported: 214016041; UID 10184; state: ENABLED
09-24 18:39:49.182 5991 6004 I OpenGLRenderer: Davey! duration=828ms; Flags=0, FrameTimelineVsyncId=199189, IntendedVsync=431525337624, Vsync=432275337594, InputEventId=0, HandleInputStart=432307322670, AnimationStart=432307327415, PerformTraversalsStart=432307991775, DrawStart=432321956551, FrameDeadline=432142004266, FrameInterval=432286597706, FrameStartTime=16666666, SyncQueued=432325044808, SyncStart=432325101963, IssueDrawCommandsStart=432325175761, SwapBuffers=432326279773, FrameCompleted=432353576861, DequeueBufferDuration=4408, QueueBufferDuration=181358, GpuCompleted=432326279773, SwapBuffersCompleted=432353576861, DisplayPresentTime=0, CommandSubmissionCompleted=432326279773,
09-24 18:39:49.197 561 2219 I ImeTracker: com.example.qtquickview_kotlin:ceaab8cb: onRequestHide at ORIGIN_SERVER_HIDE_INPUT reason HIDE_UNSPECIFIED_WINDOW
09-24 18:39:49.197 561 2219 I ImeTracker: com.example.qtquickview_kotlin:ceaab8cb: onCancelled at PHASE_SERVER_SHOULD_HIDE
09-24 18:39:49.216 1575 1575 I GoogleInputMethodService: GoogleInputMethodService.onFinishInput():3227
09-24 18:39:49.231 1369 3294 I FontLog : Received query Noto Color Emoji Compat, URI content://com.google.android.gms.fonts [CONTEXT service_id=132 ]
09-24 18:39:49.231 1575 1575 I GoogleInputMethodService: GoogleInputMethodService.updateDeviceLockedStatus():2087 repeatCheckTimes = 0, unlocked = true
09-24 18:39:49.231 1575 1575 I GoogleInputMethodService: GoogleInputMethodService.onStartInput():1877 onStartInput(EditorInfo{inputType=0x0(NULL) imeOptions=0x0 privateImeOptions=null actionName=UNSPECIFIED actionLabel=null actionId=0 initialSelStart=-1 initialSelEnd=-1 initialCapsMode=0x0 hintText=null label=null packageName=com.example.qtquickview_kotlin fieldId=0 fieldName=null extras=null}, false)
09-24 18:39:49.231 1575 1575 I GoogleInputMethodService: GoogleInputMethodService.shouldHideHeaderOnInitialState():4008 ShouldHideHeaderOnInitialState = false
09-24 18:39:49.231 1575 1575 I GoogleInputMethodService: GoogleInputMethodService.updateDeviceLockedStatus():2087 repeatCheckTimes = 2, unlocked = true
09-24 18:39:49.279 1369 3294 I FontLog : Query [emojicompat-emoji-font] resolved to {Noto Color Emoji Compat, wdth 100.0, wght 400, ital 0.0, bestEffort false} [CONTEXT service_id=132 ]
09-24 18:39:49.292 1369 3294 I FontLog : Fetch {Noto Color Emoji Compat, wdth 100.0, wght 400, ital 0.0, bestEffort false} end status Status{statusCode=SUCCESS, resolution=null} [CONTEXT service_id=132 ]
09-24 18:39:49.309 1369 3294 I FontLog : Pulling font file for id = 22, cache size = 7 [CONTEXT service_id=132 ]
09-24 18:39:49.324 1369 3294 I FontLog : Pulling font file for id = 22, cache size = 7 [CONTEXT service_id=132 ]
09-24 18:39:49.328 807 807 D StatusBarIconController: ignoring old pipeline callback because the new wifi icon is enabled
09-24 18:39:49.506 561 575 D CoreBackPreview: Window{7db627e u0 Splash Screen com.example.qtquickview_kotlin EXITING}: Setting back callback null
09-24 18:39:49.509 561 575 W InputManager-JNI: Input channel object '7db627e Splash Screen com.example.qtquickview_kotlin (client)' was disposed without first being removed with the input manager!
09-24 18:39:49.575 1105 2176 D OneSearchSuggestProvider: Shut down the binder channel
09-24 18:39:49.588 1105 1179 I ImeTracker: com.google.android.apps.nexuslauncher:d7475fc5: onRequestHide at ORIGIN_CLIENT_HIDE_SOFT_INPUT reason HIDE_SOFT_INPUT
09-24 18:39:49.590 1105 1179 I ImeTracker: com.google.android.apps.nexuslauncher:d7475fc5: onFailed at PHASE_CLIENT_VIEW_SERVED
09-24 18:39:49.591 1105 1901 I IPCThreadState: oneway function results for code 2 on binder at 0x799fb5131d10 will be dropped but finished with status UNKNOWN_TRANSACTION
09-24 18:39:49.636 807 840 W Looper : Slow delivery took 33ms wmshell.main h=android.os.Handler c=com.android.wm.shell.pip.PinnedStackListenerForwarder$PinnedTaskListenerImpl$$ExternalSyntheticLambda1@9733d1 m=0
09-24 18:39:49.636 413 413 W SurfaceFlinger: couldn't log to binary event log: overflow.
09-24 18:39:49.643 355 3297 D android.hardware.audio@7.1-impl.ranchu: threadLoop: entering standby, frames: 5828064
09-24 18:39:49.766 807 897 D EGL_emulation: app_time_stats: avg=35.72ms min=2.33ms max=798.42ms count=29
09-24 18:39:49.885 561 2219 W system_server: Long monitor contention with owner binder:561_2 (575) at void com.android.server.am.ActivityManagerService.trimApplications(boolean, int)(ActivityManagerService.java:16636) waiters=0 in boolean com.android.server.am.ActivityManagerService.unbindService(android.app.IServiceConnection) for 183ms
09-24 18:39:49.907 561 582 W Looper : Slow dispatch took 285ms android.ui h=com.android.server.am.ActivityManagerService$UiHandler c=com.android.server.am.UidObserverController$$ExternalSyntheticLambda0@1066d99 m=0
09-24 18:39:49.911 561 582 W Looper : Slow delivery took 216ms android.ui h=com.android.server.am.ActivityManagerService$UiHandler c=com.android.server.am.UidObserverController$$ExternalSyntheticLambda0@1066d99 m=0
09-24 18:39:50.344 561 1843 E TaskPersister: File error accessing recents directory (directory doesn't exist?).
09-24 18:39:50.593 5991 5991 I Choreographer: Skipped 82 frames! The application may be doing too much work on its main thread.
09-24 18:39:50.628 5991 5991 V myTag : Status of QtQuickView: READY
09-24 18:39:50.633 5991 6009 D EGL_emulation: app_time_stats: avg=530.33ms min=89.08ms max=1386.71ms count=3
09-24 18:39:50.649 5991 6022 I OpenGLRenderer: Davey! duration=1421ms; Flags=0, FrameTimelineVsyncId=199649, IntendedVsync=432408670922, Vsync=433775337534, InputEventId=0, HandleInputStart=433789775158, AnimationStart=433789780841, PerformTraversalsStart=433790824023, DrawStart=433791824361, FrameDeadline=432442004254, FrameInterval=433789158761, FrameStartTime=16666666, SyncQueued=433800586959, SyncStart=433800700446, IssueDrawCommandsStart=433801043291, SwapBuffers=433811589661, FrameCompleted=433830353031, DequeueBufferDuration=8104, QueueBufferDuration=216692, GpuCompleted=433811589661, SwapBuffersCompleted=433830353031, DisplayPresentTime=0, CommandSubmissionCompleted=433811589661,
09-24 18:39:50.770 561 582 W Looper : Drained
09-24 18:39:50.776 807 897 D EGL_emulation: app_time_stats: avg=12.56ms min=1.87ms max=64.00ms count=53
09-24 18:39:52.014 1105 1105 D TaplEvents: TIS / TouchInteractionService.onInputEvent: MotionEvent { action=ACTION_DOWN, actionButton=0, id[0]=0, x[0]=306.98047, y[0]=1552.8809, toolType[0]=TOOL_TYPE_FINGER, buttonState=0, classification=NONE, metaState=0, flags=0x0, edgeFlags=0x0, pointerCount=1, historySize=0, eventTime=435132, downTime=435132, deviceId=4, source=0xd002, displayId=0, eventId=686189008 }
09-24 18:39:52.022 1105 1105 D TaplEvents: TIS / TouchInteractionService.onInputEvent: MotionEvent { action=ACTION_UP, actionButton=0, id[0]=0, x[0]=306.98047, y[0]=1552.8809, toolType[0]=TOOL_TYPE_FINGER, buttonState=0, classification=NONE, metaState=0, flags=0x0, edgeFlags=0x0, pointerCount=1, historySize=0, eventTime=435217, downTime=435132, deviceId=4, source=0xd002, displayId=0, eventId=946220158 }
09-24 18:39:52.126 5991 6009 D EGL_emulation: app_time_stats: avg=212.83ms min=17.79ms max=904.45ms count=7
09-24 18:39:52.178 5991 6023 D EGL_emulation: app_time_stats: avg=355.16ms min=4.49ms max=1047.88ms count=3
09-24 18:39:52.209 396 3449 D audioserver: FGS Logger Transaction failed
09-24 18:39:52.209 396 3449 D audioserver: -129
09-24 18:39:52.280 396 524 D AudioFlinger: mixer(0x72df5f8d6930) throttle end: throttle time(43)
09-24 18:39:52.388 396 524 D audioserver: FGS Logger Transaction failed
09-24 18:39:52.389 396 524 D audioserver: -129
09-24 18:39:53.301 1105 1105 D TaplEvents: TIS / TouchInteractionService.onInputEvent: MotionEvent { action=ACTION_DOWN, actionButton=0, id[0]=0, x[0]=496.95605, y[0]=2357.8857, toolType[0]=TOOL_TYPE_FINGER, buttonState=0, classification=NONE, metaState=0, flags=0x0, edgeFlags=0x0, pointerCount=1, historySize=0, eventTime=436494, downTime=436494, deviceId=4, source=0xd002, displayId=0, eventId=673324492 }
09-24 18:39:53.379 807 840 W Looper : Drained
09-24 18:39:53.381 1105 1105 D TaplEvents: Pilfer / pilferPointers
09-24 18:39:53.385 561 575 I InputDispatcher: Channel [Gesture Monitor] swipe-up (server) is stealing touch from [12e4c8c com.example.qtquickview_kotlin/com.example.qtquickview_kotlin.MainActivity (server), [Gesture Monitor] edge-swipe (server)]
09-24 18:39:53.387 807 840 V ShellRecents: RecentsTransitionHandler.startRecentsTransition
