09-24 18:39:07.069 1105 1105 D TaplEvents: Main / Touch event: MotionEvent { action=ACTION_DOWN, actionButton=0, id[0]=0, x[0]=873.9404, y[0]=1808.9355, toolType[0]=TOOL_TYPE_FINGER, buttonState=0, classification=NONE, metaState=0, flags=0x0, edgeFlags=0x0, pointerCount=1, historySize=0, eventTime=390258, downTime=390258, deviceId=4, source=0xd002, displayId=0, eventId=134593759 }
09-24 18:39:07.083 1105 1105 D TaplEvents: TIS / TouchInteractionService.onInputEvent: MotionEvent { action=ACTION_DOWN, actionButton=0, id[0]=0, x[0]=873.9404, y[0]=1808.9355, toolType[0]=TOOL_TYPE_FINGER, buttonState=0, classification=NONE, metaState=0, flags=0x0, edgeFlags=0x0, pointerCount=1, historySize=0, eventTime=390258, downTime=390258, deviceId=4, source=0xd002, displayId=0, eventId=134593759 }
09-24 18:39:07.153 1105 1105 D TaplEvents: Main / Touch event: MotionEvent { action=ACTION_UP, actionButton=0, id[0]=0, x[0]=873.9404, y[0]=1808.9355, toolType[0]=TOOL_TYPE_FINGER, buttonState=0, classification=NONE, metaState=0, flags=0x0, edgeFlags=0x0, pointerCount=1, historySize=0, eventTime=390347, downTime=390258, deviceId=4, source=0xd002, displayId=0, eventId=1008039918 }
09-24 18:39:07.160 1105 1105 D TaplEvents: TIS / TouchInteractionService.onInputEvent: MotionEvent { action=ACTION_UP, actionButton=0, id[0]=0, x[0]=873.9404, y[0]=1808.9355, toolType[0]=TOOL_TYPE_FINGER, buttonState=0, classification=NONE, metaState=0, flags=0x0, edgeFlags=0x0, pointerCount=1, historySize=0, eventTime=390347, downTime=390258, deviceId=4, source=0xd002, displayId=0, eventId=1008039918 }
09-24 18:39:07.450 1105 1105 D TaplEvents: Main / Touch event: MotionEvent { action=ACTION_DOWN, actionButton=0, id[0]=0, x[0]=926.9717, y[0]=2007.9346, toolType[0]=TOOL_TYPE_FINGER, buttonState=0, classification=NONE, metaState=0, flags=0x0, edgeFlags=0x0, pointerCount=1, historySize=0, eventTime=390645, downTime=390645, deviceId=4, source=0xd002, displayId=0, eventId=200568050 }
09-24 18:39:07.453 1105 1105 D TaplEvents: TIS / TouchInteractionService.onInputEvent: MotionEvent { action=ACTION_DOWN, actionButton=0, id[0]=0, x[0]=926.9717, y[0]=2007.9346, toolType[0]=TOOL_TYPE_FINGER, buttonState=0, classification=NONE, metaState=0, flags=0x0, edgeFlags=0x0, pointerCount=1, historySize=0, eventTime=390645, downTime=390645, deviceId=4, source=0xd002, displayId=0, eventId=200568050 }
09-24 18:39:07.560 1105 1105 D TaplEvents: Main / Touch event: MotionEvent { action=ACTION_UP, actionButton=0, id[0]=0, x[0]=926.9717, y[0]=2007.9346, toolType[0]=TOOL_TYPE_FINGER, buttonState=0, classification=NONE, metaState=0, flags=0x0, edgeFlags=0x0, pointerCount=1, historySize=0, eventTime=390751, downTime=390645, deviceId=4, source=0xd002, displayId=0, eventId=262158 }
09-24 18:39:07.560 1105 1105 D TaplEvents: TIS / TouchInteractionService.onInputEvent: MotionEvent { action=ACTION_UP, actionButton=0, id[0]=0, x[0]=926.9717, y[0]=2007.9346, toolType[0]=TOOL_TYPE_FINGER, buttonState=0, classification=NONE, metaState=0, flags=0x0, edgeFlags=0x0, pointerCount=1, historySize=0, eventTime=390751, downTime=390645, deviceId=4, source=0xd002, displayId=0, eventId=262158 }
09-24 18:39:07.576 1105 1933 D EGL_emulation: app_time_stats: avg=139.43ms min=11.41ms max=881.13ms count=7
09-24 18:39:07.579 1105 1105 D TaplEvents: Main / start: startAppShortcutOrInfoActivity
09-24 18:39:07.606 396 2949 D audioserver: FGS Logger Transaction failed
09-24 18:39:07.606 396 2949 D audioserver: -129
09-24 18:39:07.610 561 1169 I ActivityTaskManager: START u0 {act=android.intent.action.MAIN cat=[android.intent.category.LAUNCHER] flg=0x10200000 cmp=com.example.qtquickview_kotlin/.MainActivity bnds=[832,1873][1005,2068]} with LAUNCH_MULTIPLE from uid 10151 (BAL_ALLOW_ALLOWLISTED_COMPONENT) result code=2
09-24 18:39:07.612 807 840 V WindowManagerShell: Transition requested: android.os.BinderProxy@c486de1 TransitionRequestInfo { type = OPEN, triggerTask = TaskInfo{userId=0 taskId=23 displayId=0 isRunning=true baseIntent=Intent { act=android.intent.action.MAIN cat=[android.intent.category.LAUNCHER] flg=0x10200000 cmp=com.example.qtquickview_kotlin/.MainActivity } baseActivity=ComponentInfo{com.example.qtquickview_kotlin/com.example.qtquickview_kotlin.MainActivity} topActivity=ComponentInfo{com.example.qtquickview_kotlin/com.example.qtquickview_kotlin.MainActivity} origActivity=null realActivity=ComponentInfo{com.example.qtquickview_kotlin/com.example.qtquickview_kotlin.MainActivity} numActivities=1 lastActiveTime=389517 supportsMultiWindow=true resizeMode=1 isResizeable=true minWidth=-1 minHeight=-1 defaultMinSize=220 token=WCT{android.window.IWindowContainerToken$Stub$Proxy@9578706} topActivityType=1 pictureInPictureParams=null shouldDockBigOverlays=false launchIntoPipHostTaskId=-1 lastParentTaskIdBeforePip=-1 displayCutoutSafeInsets=Rect(0, 132 - 0, 0) topActivityInfo=ActivityInfo{a0c81c7 com.example.qtquickview_kotlin.MainActivity} launchCookies=[android.os.BinderProxy@dc813f4] positionInParent=Point(0, 0) parentTaskId=-1 isFocused=true isVisible=false isSleeping=false topActivityInSizeCompat=false topActivityEligibleForLetterboxEducation= false topActivityLetterboxed= false isFromDoubleTap= false topActivityLetterboxVerticalPosition= -1 topActivityLetterboxHorizontalPosition= -1 topActivityLetterboxWidth=-1 topActivityLetterboxHeight=-1 locusId=null displayAreaFeatureId=1 cameraCompatControlState=hidden}, remoteTransition = RemoteTransition { remoteTransition = android.window.IRemoteTransition$Stub$Proxy@6fd071d, appThread = android.app.IApplicationThread$Stub$Proxy@f550d92, debugName = QuickstepLaunch }, displayChange = null }
09-24 18:39:07.612 807 840 V WindowManagerShell: RemoteTransition directly requested for android.os.BinderProxy@c486de1: RemoteTransition { remoteTransition = android.window.IRemoteTransition$Stub$Proxy@6fd071d, appThread = android.app.IApplicationThread$Stub$Proxy@f550d92, debugName = QuickstepLaunch }
09-24 18:39:07.613 561 1169 W WindowManager: Failed looking up window session=Session{9db3654 807:u0a10159} callers=com.android.server.wm.WindowManagerService.windowForClientLocked:6045 com.android.server.wm.WindowManagerService.removeWindow:1973 com.android.server.wm.Session.remove:231
09-24 18:39:07.617 561 927 E Transition: Trying to add a ready-group twice: Display{#0 state=ON size=1080x2400 ROTATION_0}
09-24 18:39:07.621 561 584 D OomAdjuster: Not killing cached processes
09-24 18:39:07.630 413 413 I BpBinder: onLastStrongRef automatically unlinking death recipients:
09-24 18:39:07.712 807 865 V SnapshotDrawerUtils: Drawing snapshot surface sizeMismatch=true
09-24 18:39:07.719 807 840 V WindowManagerShell: onTransitionReady android.os.BinderProxy@c486de1: {id=52 t=OPEN f=0x0 trk=0 r=[0@Point(0, 0)] c=[{WCT{android.window.IWindowContainerToken$Stub$Proxy@2457363} m=SHOW f= leash=Surface(name=Task=23)/@0x24c7b60 sb=Rect(0, 0 - 1080, 2400) eb=Rect(0, 0 - 1080, 2400) d=0},{WCT{android.window.IWindowContainerToken$Stub$Proxy@467f819} m=HIDE f=SHOW_WALLPAPER leash=Surface(name=Task=1)/@0xa3270de sb=Rect(0, 0 - 1080, 2400) eb=Rect(0, 0 - 1080, 2400) d=0}]}
09-24 18:39:07.720 807 840 V WindowManagerShell: Playing animation for (#52)android.os.BinderProxy@c486de1@0
09-24 18:39:07.720 807 840 V WindowManagerShell: try firstHandler com.android.wm.shell.transition.DefaultMixedHandler@2bf3891
09-24 18:39:07.720 807 840 V WindowManagerShell: Delegate animation for #52 to RemoteTransition { remoteTransition = android.window.IRemoteTransition$Stub$Proxy@6fd071d, appThread = android.app.IApplicationThread$Stub$Proxy@f550d92, debugName = QuickstepLaunch }
09-24 18:39:07.720 561 581 V WindowManager: Sent Transition #52 createdAt=09-24 18:39:07.607 via request=TransitionRequestInfo { type = OPEN, triggerTask = TaskInfo{userId=0 taskId=23 displayId=0 isRunning=true baseIntent=Intent { act=android.intent.action.MAIN cat=[android.intent.category.LAUNCHER] flg=0x10200000 cmp=com.example.qtquickview_kotlin/.MainActivity } baseActivity=ComponentInfo{com.example.qtquickview_kotlin/com.example.qtquickview_kotlin.MainActivity} topActivity=ComponentInfo{com.example.qtquickview_kotlin/com.example.qtquickview_kotlin.MainActivity} origActivity=null realActivity=ComponentInfo{com.example.qtquickview_kotlin/com.example.qtquickview_kotlin.MainActivity} numActivities=1 lastActiveTime=389517 supportsMultiWindow=true resizeMode=1 isResizeable=true minWidth=-1 minHeight=-1 defaultMinSize=220 token=WCT{RemoteToken{2615290 Task{2862ea #23 type=standard A=10184:com.example.qtquickview_kotlin}}} topActivityType=1 pictureInPictureParams=null shouldDockBigOverlays=false launchIntoPipHostTaskId=-1 lastParentTaskIdBeforePip=-1 displayCutoutSafeInsets=Rect(0, 132 - 0, 0) topActivityInfo=ActivityInfo{5f83789 com.example.qtquickview_kotlin.MainActivity} launchCookies=[android.os.BinderProxy@ab5cc44] positionInParent=Point(0, 0) parentTaskId=-1 isFocused=true isVisible=false isSleeping=false topActivityInSizeCompat=false topActivityEligibleForLetterboxEducation= false topActivityLetterboxed= false isFromDoubleTap= false topActivityLetterboxVerticalPosition= -1 topActivityLetterboxHorizontalPosition= -1 topActivityLetterboxWidth=-1 topActivityLetterboxHeight=-1 locusId=null displayAreaFeatureId=1 cameraCompatControlState=hidden}, remoteTransition = RemoteTransition { remoteTransition = android.window.IRemoteTransition$Stub$Proxy@43ce12d, appThread = android.app.IApplicationThread$Stub$Proxy@55c662, debugName = QuickstepLaunch }, displayChange = null }
09-24 18:39:07.720 561 581 V WindowManager: startWCT=WindowContainerTransaction { changes = {} hops = [] errorCallbackToken=null taskFragmentOrganizer=null }
09-24 18:39:07.720 561 581 V WindowManager: info={id=52 t=OPEN f=0x0 trk=0 r=[0@Point(0, 0)] c=[{WCT{RemoteToken{2615290 Task{2862ea #23 type=standard A=10184:com.example.qtquickview_kotlin}}} m=SHOW f= leash=Surface(name=Task=23)/@0xa7e6542 sb=Rect(0, 0 - 1080, 2400) eb=Rect(0, 0 - 1080, 2400) d=0},{WCT{RemoteToken{5486296 Task{6e71f63 #1 type=home}}} m=HIDE f=SHOW_WALLPAPER leash=Surface(name=Task=1)/@0xbadec5f sb=Rect(0, 0 - 1080, 2400) eb=Rect(0, 0 - 1080, 2400) d=0}]}
09-24 18:39:07.721 807 840 V WindowManagerShell: animated by firstHandler
09-24 18:39:07.794 396 524 D audioserver: FGS Logger Transaction failed
09-24 18:39:07.794 396 524 D audioserver: -129
09-24 18:39:08.073 561 1169 I ImeTracker: com.example.qtquickview_kotlin:5dfa73c1: onRequestHide at ORIGIN_SERVER_HIDE_INPUT reason HIDE_UNSPECIFIED_WINDOW
09-24 18:39:08.073 561 1169 I ImeTracker: com.example.qtquickview_kotlin:5dfa73c1: onCancelled at PHASE_SERVER_SHOULD_HIDE
09-24 18:39:08.075 1575 1575 I GoogleInputMethodService: GoogleInputMethodService.onFinishInput():3227
09-24 18:39:08.077 1575 1575 I GoogleInputMethodService: GoogleInputMethodService.updateDeviceLockedStatus():2087 repeatCheckTimes = 0, unlocked = true
09-24 18:39:08.077 1575 1575 I GoogleInputMethodService: GoogleInputMethodService.onStartInput():1877 onStartInput(EditorInfo{inputType=0x0(NULL) imeOptions=0x0 privateImeOptions=null actionName=UNSPECIFIED actionLabel=null actionId=0 initialSelStart=-1 initialSelEnd=-1 initialCapsMode=0x0 hintText=null label=null packageName=com.example.qtquickview_kotlin fieldId=0 fieldName=null extras=null}, false)
09-24 18:39:08.077 1575 1575 I GoogleInputMethodService: GoogleInputMethodService.shouldHideHeaderOnInitialState():4008 ShouldHideHeaderOnInitialState = false
09-24 18:39:08.078 1575 1575 I GoogleInputMethodService: GoogleInputMethodService.updateDeviceLockedStatus():2087 repeatCheckTimes = 2, unlocked = true
09-24 18:39:08.095 561 581 W ziparchive: Unable to open '/data/app/~~F4yQBZPHkkiDCvIpIfMWXg==/com.example.qtquickview_kotlin-RM41Tj9q01JxxlLq7edIHg==/base.dm': No such file or directory
09-24 18:39:08.146 561 581 W Looper : Slow dispatch took 104ms android.fg h=android.os.Handler c=com.android.server.wm.ActivityMetricsLogger$$ExternalSyntheticLambda0@e305fdc m=0
09-24 18:39:08.350 807 840 V WindowManagerShell: Transition animation finished (aborted=false), notifying core (#52)android.os.BinderProxy@c486de1@0
09-24 18:39:08.351 561 581 V WindowManager: Finish Transition #52: created at
09-24 18:39:07.607 collect-started=0.034ms request-sent=2.777ms started=5.628ms ready=11.651ms sent=110.043ms finished=743.729ms
09-24 18:39:08.353 807 840 V WindowManagerShell: Track 0 became idle
09-24 18:39:08.353 807 840 V WindowManagerShell: All active transition animations finished
09-24 18:39:08.360 969 1204 D BtGatt.ScanManager: uid 10116 isForeground true scanMode 1
09-24 18:39:08.360 969 1204 D BtGatt.ScanManager: uid 10116 isForeground true scanMode -1
09-24 18:39:08.425 1105 2176 D OneSearchSuggestProvider: Shut down the binder channel
09-24 18:39:08.426 1105 1123 I IPCThreadState: oneway function results for code 2 on binder at 0x799fb5116290 will be dropped but finished with status UNKNOWN_TRANSACTION
09-24 18:39:08.428 1105 1179 I ImeTracker: com.google.android.apps.nexuslauncher:c24d0a37: onRequestHide at ORIGIN_CLIENT_HIDE_SOFT_INPUT reason HIDE_SOFT_INPUT
09-24 18:39:08.428 1105 1179 I ImeTracker: com.google.android.apps.nexuslauncher:c24d0a37: onFailed at PHASE_CLIENT_VIEW_SERVED
09-24 18:39:08.463 413 413 W SurfaceFlinger: couldn't log to binary event log: overflow.
09-24 18:39:09.228 1105 1105 D TaplEvents: TIS / TouchInteractionService.onInputEvent: MotionEvent { action=ACTION_DOWN, actionButton=0, id[0]=0, x[0]=558.9512, y[0]=2339.8682, toolType[0]=TOOL_TYPE_FINGER, buttonState=0, classification=NONE, metaState=0, flags=0x0, edgeFlags=0x0, pointerCount=1, historySize=0, eventTime=392422, downTime=392422, deviceId=4, source=0xd002, displayId=0, eventId=175273223 }
09-24 18:39:09.236 807 840 V ShellRecents: RecentsTransitionHandler.startRecentsTransition
09-24 18:39:09.237 807 840 V WindowManagerShell: Directly starting a new transition type=3 wct=WindowContainerTransaction { changes = {} hops = [{PendingIntent: options=Bundle[mParcelledData.dataSize=332]}] errorCallbackToken=null taskFragmentOrganizer=null } handler=com.android.wm.shell.recents.RecentsTransitionHandler@48ea264
09-24 18:39:09.249 807 840 V ShellRecents: [66518229] RecentsController.setTransition: id=android.os.BinderProxy@2f0bcea
09-24 18:39:09.257 1105 1179 I ImeTracker: com.google.android.apps.nexuslauncher:5fa82a3d: onRequestHide at ORIGIN_CLIENT_HIDE_SOFT_INPUT reason HIDE_SOFT_INPUT
09-24 18:39:09.257 1105 1179 I ImeTracker: com.google.android.apps.nexuslauncher:5fa82a3d: onFailed at PHASE_CLIENT_VIEW_SERVED
09-24 18:39:09.262 561 676 D ActivityManager: freezing 1666 com.google.process.gservices
09-24 18:39:09.263 413 413 I BpBinder: onLastStrongRef automatically unlinking death recipients:
09-24 18:39:09.320 1105 1105 D TaplEvents: Pilfer / pilferPointers
09-24 18:39:09.320 561 657 I InputDispatcher: Channel [Gesture Monitor] swipe-up (server) is stealing touch from [2db6a31 com.example.qtquickview_kotlin/com.example.qtquickview_kotlin.MainActivity (server), [Gesture Monitor] edge-swipe (server)]
09-24 18:39:09.325 807 840 V WindowManagerShell: onTransitionReady android.os.BinderProxy@2f0bcea: {id=53 t=TO_FRONT f=0x80 trk=0 r=[0@Point(0, 0)] c=[{WCT{android.window.IWindowContainerToken$Stub$Proxy@10bebdb} m=SHOW f=SHOW_WALLPAPER leash=Surface(name=Task=1)/@0xa525678 sb=Rect(0, 0 - 1080, 2400) eb=Rect(0, 0 - 1080, 2400) d=0},{WCT{android.window.IWindowContainerToken$Stub$Proxy@4379151} m=HIDE f=NONE leash=Surface(name=Task=23)/@0xf95bdb6 sb=Rect(0, 0 - 1080, 2400) eb=Rect(0, 0 - 1080, 2400) d=0},{null m=SHOW f=IS_WALLPAPER leash=Surface(name=WallpaperWindowToken{c35888f token=android.os.Binder@348cbee})/@0x3536ab7 sb=Rect(0, 0 - 1080, 2400) eb=Rect(0, 0 - 1080, 2400) d=0}]}
09-24 18:39:09.325 807 840 V WindowManagerShell: Playing animation for (#53)android.os.BinderProxy@2f0bcea@0
09-24 18:39:09.325 807 840 V WindowManagerShell: try firstHandler com.android.wm.shell.recents.RecentsTransitionHandler@48ea264
09-24 18:39:09.325 413 429 I BpBinder: onLastStrongRef automatically unlinking death recipients:
09-24 18:39:09.325 807 840 V ShellRecents: [66518229] RecentsController.start
09-24 18:39:09.326 561 581 V WindowManager: Sent Transition #53 createdAt=09-24 18:39:09.238
09-24 18:39:09.326 561 581 V WindowManager: startWCT=WindowContainerTransaction { changes = {} hops = [{PendingIntent: options=Bundle[{android.activity.splashScreenStyle=-1, android.activity.sourceInfo=android.app.ActivityOptions$SourceInfo@b2ad85b, android.activity.transientLaunch=true}]}] errorCallbackToken=null taskFragmentOrganizer=null }
09-24 18:39:09.326 561 581 V WindowManager: info={id=53 t=TO_FRONT f=0x80 trk=0 r=[0@Point(0, 0)] c=[{WCT{RemoteToken{5486296 Task{6e71f63 #1 type=home}}} m=SHOW f=SHOW_WALLPAPER leash=Surface(name=Task=1)/@0xbadec5f sb=Rect(0, 0 - 1080, 2400) eb=Rect(0, 0 - 1080, 2400) d=0},{WCT{RemoteToken{2615290 Task{2862ea #23 type=standard A=10184:com.example.qtquickview_kotlin}}} m=HIDE f=NONE leash=Surface(name=Task=23)/@0xa7e6542 sb=Rect(0, 0 - 1080, 2400) eb=Rect(0, 0 - 1080, 2400) d=0},{null m=SHOW f=IS_WALLPAPER leash=Surface(name=WallpaperWindowToken{c35888f token=android.os.Binder@348cbee})/@0x94640b9 sb=Rect(0, 0 - 1080, 2400) eb=Rect(0, 0 - 1080, 2400) d=0}]}
09-24 18:39:09.326 561 581 D AutofillManagerService: Close system dialogs
09-24 18:39:09.326 807 840 V ShellRecents: adding pausing taskId=23
09-24 18:39:09.327 807 840 V ShellRecents: [66518229] RecentsController.start: calling onAnimationStart
09-24 18:39:09.327 807 840 V WindowManagerShell: animated by firstHandler
09-24 18:39:09.329 807 807 I vol.VolumeDialogImpl: mDialog.dismiss() reason: volume_controller from: com.android.systemui.volume.VolumeDialogImpl$7.onDismissRequested:3
09-24 18:39:09.336 807 840 V ShellRecents: [66518229] RecentsController.setInputConsumerEnabled: set focus to recents
09-24 18:39:09.349 561 694 E HandwritingModeController: Cannot get requestId: Handwriting was not initialized.
09-24 18:39:09.403 5794 5814 D EGL_emulation: app_time_stats: avg=215.20ms min=14.56ms max=1127.49ms count=6
09-24 18:39:09.788 807 807 D StatusBarIconController: ignoring old pipeline callback because the new wifi icon is enabled
09-24 18:39:10.072 1105 1105 D MotionPauseDetector: onMotionPauseChanged, paused=true reason=Didn't have back to back slow speeds, checking for rapid deceleration on first pause only
09-24 18:39:10.283 1105 1105 D MotionPauseDetector: onMotionPauseChanged, paused=false reason=Was paused, but started moving at a fast speed
09-24 18:39:10.352 1105 1933 D EGL_emulation: app_time_stats: avg=26.97ms min=9.79ms max=252.98ms count=24
09-24 18:39:10.401 1105 1105 D TaplEvents: TIS / TouchInteractionService.onInputEvent: MotionEvent { action=ACTION_UP, actionButton=0, id[0]=0, x[0]=510.9629, y[0]=111.987305, toolType[0]=TOOL_TYPE_FINGER, buttonState=0, classification=NONE, metaState=0, flags=0x0, edgeFlags=0x0, pointerCount=1, historySize=0, eventTime=393590, downTime=392422, deviceId=4, source=0xd002, displayId=0, eventId=32414696 }
09-24 18:39:10.409 561 1794 W AppSearchIcing: icing-search-engine.cc:283: Error: 5, Message: Document (com.google.android.googlequicksearchbox$OneSearchZeroStateGoogleSuggestions/default, zp) not found.
09-24 18:39:10.416 807 1490 V ShellRecents: [66518229] RecentsController.detachNavigationBarFromApp
09-24 18:39:10.432 1105 2176 D OneSearchSuggestProvider: Created the binder channel successfully for end point service =com.google.android.apps.search.googleapp.search.suggest.plugins.onesearch.server.OneSearchSuggestService , mChannel=z1{delegate=s1{logId=77, target=directaddress:///AndroidComponentAddress%5BIntent%20%7B%20act=grpc.io.action.BIND%20cmp=com.google.android.googlequicksearchbox/com.google.android.apps.search.googleapp.search.suggest.plugins.onesearch.server.OneSearchSuggestService%20%7D%5D}} , mOneSearchConnection=X1.T@fcf15c2
09-24 18:39:10.442 969 1204 D BtGatt.ScanManager: uid 10116 isForeground true scanMode 1
09-24 18:39:10.442 969 1204 D BtGatt.ScanManager: uid 10116 isForeground true scanMode -1
09-24 18:39:10.476 1658 1853 I AiAiEcho: Predicting[0]:
09-24 18:39:10.476 1658 1853 I AiAiEcho: EchoTargets:
09-24 18:39:10.476 1658 1853 I AiAiEcho: Filtered by AiAi flag check:
09-24 18:39:10.476 1658 1853 I AiAiEcho: Ranked targets strategy: SORT, count: 0, ranking metadata:
09-24 18:39:10.477 1658 1853 I AiAiEcho: #postPredictionTargets: Sending updates to UISurface home with targets# 0 (types=[])
09-24 18:39:10.498 413 413 I BpBinder: onLastStrongRef automatically unlinking death recipients:
09-24 18:39:10.612 561 1843 E TaskPersister: File error accessing recents directory (directory doesn't exist?).
09-24 18:39:10.671 1932 1932 I A : Created gRPC endpoint to "search" for service class com.google.android.apps.search.googleapp.search.suggest.plugins.onesearch.server.OneSearchSuggestService
09-24 18:39:10.733 1932 1932 W A : Can't get WAA status for Mavatar!
09-24 18:39:10.733 1932 1932 W A : java.lang.NullPointerException: Attempt to invoke virtual method 'java.lang.Class java.lang.Object.getClass()' on a null object reference
09-24 18:39:10.733 1932 1932 W A : at com.google.apps.tiktok.dataservice.z.b(PG:1)
09-24 18:39:10.733 1932 1932 W A : at com.google.apps.tiktok.dataservice.at.a(PG:1)
09-24 18:39:10.733 1932 1932 W A : at com.google.apps.tiktok.tracing.ec.a(PG:2)
09-24 18:39:10.733 1932 1932 W A : at com.google.common.util.concurrent.aj.a(PG:2)
09-24 18:39:10.733 1932 1932 W A : at com.google.common.util.concurrent.ac.apply(PG:1)
09-24 18:39:10.733 1932 1932 W A : at com.google.common.util.concurrent.h.e(PG:2)
09-24 18:39:10.733 1932 1932 W A : at com.google.common.util.concurrent.j.run(PG:9)
09-24 18:39:10.733 1932 1932 W A : at com.google.common.util.concurrent.bf.execute(PG:1)
09-24 18:39:10.733 1932 1932 W A : at com.google.common.util.concurrent.d.i(PG:1)
09-24 18:39:10.733 1932 1932 W A : at com.google.common.util.concurrent.d.iq(PG:5)
09-24 18:39:10.733 1932 1932 W A : at com.google.common.util.concurrent.j.h(PG:2)
09-24 18:39:10.733 1932 1932 W A : at com.google.common.util.concurrent.ax.d(PG:1)
09-24 18:39:10.733 1932 1932 W A : at com.google.apps.tiktok.dataservice.au.a(PG:5)
09-24 18:39:10.733 1932 1932 W A : at com.google.apps.tiktok.dataservice.dr.c(PG:5)
09-24 18:39:10.733 1932 1932 W A : at com.google.apps.tiktok.dataservice.dp.run(PG:6)
09-24 18:39:10.733 1932 1932 W A : at com.google.apps.tiktok.concurrent.ak.run(PG:6)
09-24 18:39:10.733 1932 1932 W A : at com.google.apps.tiktok.tracing.ei.run(PG:2)
09-24 18:39:10.733 1932 1932 W A : at java.util.concurrent.Executors$RunnableAdapter.call(Executors.java:487)
09-24 18:39:10.733 1932 1932 W A : at com.google.common.util.concurrent.dy.a(PG:1)
09-24 18:39:10.733 1932 1932 W A : at com.google.common.util.concurrent.cv.run(PG:4)
09-24 18:39:10.733 1932 1932 W A : at com.google.common.util.concurrent.dz.run(PG:1)
09-24 18:39:10.733 1932 1932 W A : at android.os.Handler.handleCallback(Handler.java:958)
09-24 18:39:10.733 1932 1932 W A : at android.os.Handler.dispatchMessage(Handler.java:99)
09-24 18:39:10.733 1932 1932 W A : at android.os.Looper.loopOnce(Looper.java:205)
09-24 18:39:10.733 1932 1932 W A : at android.os.Looper.loop(Looper.java:294)
09-24 18:39:10.733 1932 1932 W A : at android.app.ActivityThread.main(ActivityThread.java:8176)
09-24 18:39:10.733 1932 1932 W A : at java.lang.reflect.Method.invoke(Native Method)
09-24 18:39:10.733 1932 1932 W A : at com.android.internal.os.RuntimeInit$MethodAndArgsCaller.run(RuntimeInit.java:552)
09-24 18:39:10.733 1932 1932 W A : at com.android.internal.os.ZygoteInit.main(ZygoteInit.java:971)
09-24 18:39:10.759 355 3297 D android.hardware.audio@7.1-impl.ranchu: threadLoop: entering standby, frames: 4776288
09-24 18:39:10.814 1105 1105 D SearchTargetUtil: query= size=0
09-24 18:39:11.072 807 828 V ShellRecents: [66518229] RecentsController.screenshotTask: taskId=23
09-24 18:39:11.092 1105 1179 I ImeTracker: com.google.android.apps.nexuslauncher:3cd40509: onRequestHide at ORIGIN_CLIENT_HIDE_SOFT_INPUT reason HIDE_SOFT_INPUT
09-24 18:39:11.092 1105 1179 I ImeTracker: com.google.android.apps.nexuslauncher:3cd40509: onFailed at PHASE_CLIENT_VIEW_SERVED
09-24 18:39:11.131 807 840 V ShellRecents: [66518229] RecentsController.finishInner: toHome=true userLeave=true willFinishToHome=true state=0
09-24 18:39:11.132 807 840 V ShellRecents: normal finish
09-24 18:39:11.132 807 840 V ShellRecents: [66518229] RecentsController.cleanup
09-24 18:39:11.132 807 840 V WindowManagerShell: Transition animation finished (aborted=false), notifying core (#53)android.os.BinderProxy@2f0bcea@0
09-24 18:39:11.133 561 581 V WindowManager: Finish Transition #53: created at
09-24 18:39:09.238 collect-started=0.635ms started=0.735ms ready=5.992ms sent=84.955ms finished=1894.705ms
09-24 18:39:11.145 807 840 V WindowManagerShell: Track 0 became idle
09-24 18:39:11.145 807 840 V WindowManagerShell: All active transition animations finished
09-24 18:39:11.163 561 584 V WindowManager: Unknown focus tokens, dropping reportFocusChanged
09-24 18:39:11.181 561 1884 I ImeTracker: com.google.android.apps.nexuslauncher:dcf1aecf: onRequestHide at ORIGIN_SERVER_HIDE_INPUT reason HIDE_UNSPECIFIED_WINDOW
09-24 18:39:11.181 561 1884 I ImeTracker: com.google.android.apps.nexuslauncher:dcf1aecf: onCancelled at PHASE_SERVER_SHOULD_HIDE
09-24 18:39:11.185 1575 1575 I GoogleInputMethodService: GoogleInputMethodService.onFinishInput():3227
09-24 18:39:11.186 1575 1575 I GoogleInputMethodService: GoogleInputMethodService.updateDeviceLockedStatus():2087 repeatCheckTimes = 0, unlocked = true
09-24 18:39:11.188 1575 1575 I GoogleInputMethodService: GoogleInputMethodService.onStartInput():1877 onStartInput(EditorInfo{inputType=0x0(NULL) imeOptions=0x0 privateImeOptions=null actionName=UNSPECIFIED actionLabel=null actionId=0 initialSelStart=-1 initialSelEnd=-1 initialCapsMode=0x0 hintText=null label=null packageName=com.google.android.apps.nexuslauncher fieldId=0 fieldName=null extras=null}, false)
09-24 18:39:11.188 1575 1575 I GoogleInputMethodService: GoogleInputMethodService.shouldHideHeaderOnInitialState():4008 ShouldHideHeaderOnInitialState = false
09-24 18:39:11.188 1575 1575 I GoogleInputMethodService: GoogleInputMethodService.updateDeviceLockedStatus():2087 repeatCheckTimes = 2, unlocked = true
09-24 18:39:11.360 1105 1933 D EGL_emulation: app_time_stats: avg=24.83ms min=8.85ms max=74.51ms count=30
09-24 18:39:11.648 1105 1105 D TaplEvents: Main / Touch event: MotionEvent { action=ACTION_DOWN, actionButton=0, id[0]=0, x[0]=957.9531, y[0]=1972.9248, toolType[0]=TOOL_TYPE_FINGER, buttonState=0, classification=NONE, metaState=0, flags=0x0, edgeFlags=0x0, pointerCount=1, historySize=0, eventTime=394842, downTime=394842, deviceId=4, source=0xd002, displayId=0, eventId=727785488 }
09-24 18:39:11.650 1105 1105 D TaplEvents: TIS / TouchInteractionService.onInputEvent: MotionEvent { action=ACTION_DOWN, actionButton=0, id[0]=0, x[0]=957.9531, y[0]=1972.9248, toolType[0]=TOOL_TYPE_FINGER, buttonState=0, classification=NONE, metaState=0, flags=0x0, edgeFlags=0x0, pointerCount=1, historySize=0, eventTime=394842, downTime=394842, deviceId=4, source=0xd002, displayId=0, eventId=727785488 }
09-24 18:39:11.782 1105 1105 D TaplEvents: Main / Touch event: MotionEvent { action=ACTION_UP, actionButton=0, id[0]=0, x[0]=957.9531, y[0]=1972.9248, toolType[0]=TOOL_TYPE_FINGER, buttonState=0, classification=NONE, metaState=0, flags=0x0, edgeFlags=0x0, pointerCount=1, historySize=0, eventTime=394949, downTime=394842, deviceId=4, source=0xd002, displayId=0, eventId=79534077 }
09-24 18:39:11.786 1105 1105 D TaplEvents: TIS / TouchInteractionService.onInputEvent: MotionEvent { action=ACTION_UP, actionButton=0, id[0]=0, x[0]=957.9531, y[0]=1972.9248, toolType[0]=TOOL_TYPE_FINGER, buttonState=0, classification=NONE, metaState=0, flags=0x0, edgeFlags=0x0, pointerCount=1, historySize=0, eventTime=394949, downTime=394842, deviceId=4, source=0xd002, displayId=0, eventId=79534077 }
09-24 18:39:11.822 1105 1105 D TaplEvents: Main / start: startAppShortcutOrInfoActivity
09-24 18:39:11.824 396 746 D audioserver: FGS Logger Transaction failed
09-24 18:39:11.825 396 746 D audioserver: -129
09-24 18:39:11.828 396 524 D AudioFlinger: mixer(0x72df5f8d6930) throttle end: throttle time(29)
09-24 18:39:11.830 561 657 I ActivityTaskManager: START u0 {act=android.intent.action.MAIN cat=[android.intent.category.LAUNCHER] flg=0x10200000 cmp=com.example.qtquickview_kotlin/.MainActivity bnds=[832,1873][1005,2068]} with LAUNCH_MULTIPLE from uid 10151 (BAL_ALLOW_ALLOWLISTED_COMPONENT) result code=2
09-24 18:39:11.835 807 840 V WindowManagerShell: Transition requested: android.os.BinderProxy@1ca1989 TransitionRequestInfo { type = OPEN, triggerTask = TaskInfo{userId=0 taskId=23 displayId=0 isRunning=true baseIntent=Intent { act=android.intent.action.MAIN cat=[android.intent.category.LAUNCHER] flg=0x10200000 cmp=com.example.qtquickview_kotlin/.MainActivity } baseActivity=ComponentInfo{com.example.qtquickview_kotlin/com.example.qtquickview_kotlin.MainActivity} topActivity=ComponentInfo{com.example.qtquickview_kotlin/com.example.qtquickview_kotlin.MainActivity} origActivity=null realActivity=ComponentInfo{com.example.qtquickview_kotlin/com.example.qtquickview_kotlin.MainActivity} numActivities=1 lastActiveTime=394329 supportsMultiWindow=true resizeMode=1 isResizeable=true minWidth=-1 minHeight=-1 defaultMinSize=220 token=WCT{android.window.IWindowContainerToken$Stub$Proxy@fcacd8e} topActivityType=1 pictureInPictureParams=null shouldDockBigOverlays=false launchIntoPipHostTaskId=-1 lastParentTaskIdBeforePip=-1 displayCutoutSafeInsets=Rect(0, 132 - 0, 0) topActivityInfo=ActivityInfo{dcef9af com.example.qtquickview_kotlin.MainActivity} launchCookies=[android.os.BinderProxy@d8dd1bc] positionInParent=Point(0, 0) parentTaskId=-1 isFocused=true isVisible=false isSleeping=false topActivityInSizeCompat=false topActivityEligibleForLetterboxEducation= false topActivityLetterboxed= false isFromDoubleTap= false topActivityLetterboxVerticalPosition= -1 topActivityLetterboxHorizontalPosition= -1 topActivityLetterboxWidth=-1 topActivityLetterboxHeight=-1 locusId=null displayAreaFeatureId=1 cameraCompatControlState=hidden}, remoteTransition = RemoteTransition { remoteTransition = android.window.IRemoteTransition$Stub$Proxy@eb1c545, appThread = android.app.IApplicationThread$Stub$Proxy@42a349a, debugName = QuickstepLaunch }, displayChange = null }
09-24 18:39:11.835 807 840 V WindowManagerShell: RemoteTransition directly requested for android.os.BinderProxy@1ca1989: RemoteTransition { remoteTransition = android.window.IRemoteTransition$Stub$Proxy@eb1c545, appThread = android.app.IApplicationThread$Stub$Proxy@42a349a, debugName = QuickstepLaunch }
09-24 18:39:11.836 561 1004 W WindowManager: Failed looking up window session=Session{9db3654 807:u0a10159} callers=com.android.server.wm.WindowManagerService.windowForClientLocked:6045 com.android.server.wm.WindowManagerService.removeWindow:1973 com.android.server.wm.Session.remove:231
09-24 18:39:11.839 807 865 V SnapshotDrawerUtils: Drawing snapshot surface sizeMismatch=true
09-24 18:39:11.843 561 1004 E Transition: Trying to add a ready-group twice: Display{#0 state=ON size=1080x2400 ROTATION_0}
09-24 18:39:11.846 413 413 I BpBinder: onLastStrongRef automatically unlinking death recipients:
09-24 18:39:11.849 561 584 W ProcessStats: Tracking association SourceState{dcaf774 com.google.android.googlequicksearchbox:search/10123 BTop #5325} whose proc state 2 is better than process ProcessState{a9b2356 com.google.android.googlequicksearchbox:interactor/10123 pkg=com.google.android.googlequicksearchbox} proc state 4 (90 skipped)
09-24 18:39:11.876 561 581 V WindowManager: Sent Transition #54 createdAt=09-24 18:39:11.825 via request=TransitionRequestInfo { type = OPEN, triggerTask = TaskInfo{userId=0 taskId=23 displayId=0 isRunning=true baseIntent=Intent { act=android.intent.action.MAIN cat=[android.intent.category.LAUNCHER] flg=0x10200000 cmp=com.example.qtquickview_kotlin/.MainActivity } baseActivity=ComponentInfo{com.example.qtquickview_kotlin/com.example.qtquickview_kotlin.MainActivity} topActivity=ComponentInfo{com.example.qtquickview_kotlin/com.example.qtquickview_kotlin.MainActivity} origActivity=null realActivity=ComponentInfo{com.example.qtquickview_kotlin/com.example.qtquickview_kotlin.MainActivity} numActivities=1 lastActiveTime=394329 supportsMultiWindow=true resizeMode=1 isResizeable=true minWidth=-1 minHeight=-1 defaultMinSize=220 token=WCT{RemoteToken{2615290 Task{2862ea #23 type=standard A=10184:com.example.qtquickview_kotlin}}} topActivityType=1 pictureInPictureParams=null shouldDockBigOverlays=false launchIntoPipHostTaskId=-1 lastParentTaskIdBeforePip=-1 displayCutoutSafeInsets=Rect(0, 132 - 0, 0) topActivityInfo=ActivityInfo{5f83789 com.example.qtquickview_kotlin.MainActivity} launchCookies=[android.os.BinderProxy@e124cb1] positionInParent=Point(0, 0) parentTaskId=-1 isFocused=true isVisible=false isSleeping=false topActivityInSizeCompat=false topActivityEligibleForLetterboxEducation= false topActivityLetterboxed= false isFromDoubleTap= false topActivityLetterboxVerticalPosition= -1 topActivityLetterboxHorizontalPosition= -1 topActivityLetterboxWidth=-1 topActivityLetterboxHeight=-1 locusId=null displayAreaFeatureId=1 cameraCompatControlState=hidden}, remoteTransition = RemoteTransition { remoteTransition = android.window.IRemoteTransition$Stub$Proxy@30ec596, appThread = android.app.IApplicationThread$Stub$Proxy@5820517, debugName = QuickstepLaunch }, displayChange = null }
09-24 18:39:11.876 561 581 V WindowManager: startWCT=WindowContainerTransaction { changes = {} hops = [] errorCallbackToken=null taskFragmentOrganizer=null }
09-24 18:39:11.876 561 581 V WindowManager: info={id=54 t=OPEN f=0x0 trk=0 r=[0@Point(0, 0)] c=[{WCT{RemoteToken{2615290 Task{2862ea #23 type=standard A=10184:com.example.qtquickview_kotlin}}} m=SHOW f= leash=Surface(name=Task=23)/@0xa7e6542 sb=Rect(0, 0 - 1080, 2400) eb=Rect(0, 0 - 1080, 2400) d=0},{WCT{RemoteToken{5486296 Task{6e71f63 #1 type=home}}} m=HIDE f=SHOW_WALLPAPER leash=Surface(name=Task=1)/@0xbadec5f sb=Rect(0, 0 - 1080, 2400) eb=Rect(0, 0 - 1080, 2400) d=0}]}
09-24 18:39:11.876 807 840 V WindowManagerShell: onTransitionReady android.os.BinderProxy@1ca1989: {id=54 t=OPEN f=0x0 trk=0 r=[0@Point(0, 0)] c=[{WCT{android.window.IWindowContainerToken$Stub$Proxy@b1b81cb} m=SHOW f= leash=Surface(name=Task=23)/@0xa444da8 sb=Rect(0, 0 - 1080, 2400) eb=Rect(0, 0 - 1080, 2400) d=0},{WCT{android.window.IWindowContainerToken$Stub$Proxy@6ae70c1} m=HIDE f=SHOW_WALLPAPER leash=Surface(name=Task=1)/@0x4e70066 sb=Rect(0, 0 - 1080, 2400) eb=Rect(0, 0 - 1080, 2400) d=0}]}
09-24 18:39:11.876 807 840 V WindowManagerShell: Playing animation for (#54)android.os.BinderProxy@1ca1989@0
09-24 18:39:11.877 807 840 V WindowManagerShell: try firstHandler com.android.wm.shell.transition.DefaultMixedHandler@2bf3891
09-24 18:39:11.877 807 840 V WindowManagerShell: Delegate animation for #54 to RemoteTransition { remoteTransition = android.window.IRemoteTransition$Stub$Proxy@eb1c545, appThread = android.app.IApplicationThread$Stub$Proxy@42a349a, debugName = QuickstepLaunch }
09-24 18:39:11.883 807 840 V WindowManagerShell: animated by firstHandler
09-24 18:39:11.958 396 524 D audioserver: FGS Logger Transaction failed
09-24 18:39:11.958 396 524 D audioserver: -129
09-24 18:39:12.019 561 581 W ziparchive: Unable to open '/data/app/~~F4yQBZPHkkiDCvIpIfMWXg==/com.example.qtquickview_kotlin-RM41Tj9q01JxxlLq7edIHg==/base.dm': No such file or directory
09-24 18:39:12.078 561 657 I ImeTracker: com.example.qtquickview_kotlin:cb576a8f: onRequestHide at ORIGIN_SERVER_HIDE_INPUT reason HIDE_UNSPECIFIED_WINDOW
09-24 18:39:12.078 561 657 I ImeTracker: com.example.qtquickview_kotlin:cb576a8f: onCancelled at PHASE_SERVER_SHOULD_HIDE
09-24 18:39:12.086 1575 1575 I GoogleInputMethodService: GoogleInputMethodService.onFinishInput():3227
09-24 18:39:12.086 1575 1575 I GoogleInputMethodService: GoogleInputMethodService.updateDeviceLockedStatus():2087 repeatCheckTimes = 0, unlocked = true
09-24 18:39:12.086 1575 1575 I GoogleInputMethodService: GoogleInputMethodService.onStartInput():1877 onStartInput(EditorInfo{inputType=0x0(NULL) imeOptions=0x0 privateImeOptions=null actionName=UNSPECIFIED actionLabel=null actionId=0 initialSelStart=-1 initialSelEnd=-1 initialCapsMode=0x0 hintText=null label=null packageName=com.example.qtquickview_kotlin fieldId=0 fieldName=null extras=null}, false)
09-24 18:39:12.086 1575 1575 I GoogleInputMethodService: GoogleInputMethodService.shouldHideHeaderOnInitialState():4008 ShouldHideHeaderOnInitialState = false
09-24 18:39:12.086 1575 1575 I GoogleInputMethodService: GoogleInputMethodService.updateDeviceLockedStatus():2087 repeatCheckTimes = 2, unlocked = true
09-24 18:39:12.377 1105 1933 D EGL_emulation: app_time_stats: avg=45.30ms min=12.97ms max=328.32ms count=20
09-24 18:39:12.450 807 840 V WindowManagerShell: Transition animation finished (aborted=false), notifying core (#54)android.os.BinderProxy@1ca1989@0
09-24 18:39:12.452 561 581 V WindowManager: Finish Transition #54: created at
09-24 18:39:11.825 collect-started=0.022ms request-sent=4.769ms started=10.893ms ready=21.641ms sent=50.466ms finished=626.605ms
09-24 18:39:12.454 807 840 V WindowManagerShell: Track 0 became idle
09-24 18:39:12.456 807 840 V WindowManagerShell: All active transition animations finished
09-24 18:39:12.458 969 1204 D BtGatt.ScanManager: uid 10116 isForeground true scanMode 1
09-24 18:39:12.458 969 1204 D BtGatt.ScanManager: uid 10116 isForeground true scanMode -1
09-24 18:39:12.520 1105 1179 I ImeTracker: com.google.android.apps.nexuslauncher:b8218e90: onRequestHide at ORIGIN_CLIENT_HIDE_SOFT_INPUT reason HIDE_SOFT_INPUT
09-24 18:39:12.520 1105 1179 I ImeTracker: com.google.android.apps.nexuslauncher:b8218e90: onFailed at PHASE_CLIENT_VIEW_SERVED
09-24 18:39:12.522 1105 2176 D OneSearchSuggestProvider: Shut down the binder channel
09-24 18:39:12.523 1105 1477 I IPCThreadState: oneway function results for code 2 on binder at 0x799fb512fc70 will be dropped but finished with status UNKNOWN_TRANSACTION
09-24 18:39:12.530 413 413 W SurfaceFlinger: couldn't log to binary event log: overflow.
09-24 18:39:12.548 1105 1105 W FrameTracker: Missed App frame:UNKNOWN: 74, 181642, 0, CUJ=J
09-24 18:39:12.548 1105 1105 W FrameTracker: Missed SF frame:UNKNOWN: 74, 181642, 0, CUJ=J
09-24 18:39:12.548 1105 1105 W FrameTracker: Missing HWUI jank callback for vsyncId: 181642, CUJ=J
09-24 18:39:12.548 1105 1105 W FrameTracker: Missing HWUI jank callback for vsyncId: 181664, CUJ=J
09-24 18:39:12.548 1105 1105 W FrameTracker: Missed App frame:UNKNOWN: 74, 182050, 65772869, CUJ=J
09-24 18:39:12.548 1105 1105 W FrameTracker: Missed SF frame:UNKNOWN: 74, 182050, 65772869, CUJ=J
09-24 18:39:12.548 1105 1105 W FrameTracker: Missed App frame:UNKNOWN: 74, 182064, 0, CUJ=J
09-24 18:39:12.548 1105 1105 W FrameTracker: Missed SF frame:UNKNOWN: 74, 182064, 0, CUJ=J
09-24 18:39:12.548 1105 1105 W FrameTracker: Missing HWUI jank callback for vsyncId: 182064, CUJ=J
09-24 18:39:12.792 807 807 D StatusBarIconController: ignoring old pipeline callback because the new wifi icon is enabled
09-24 18:39:13.598 1105 1105 D TaplEvents: TIS / TouchInteractionService.onInputEvent: MotionEvent { action=ACTION_DOWN, actionButton=0, id[0]=0, x[0]=536.9678, y[0]=2365.8691, toolType[0]=TOOL_TYPE_FINGER, buttonState=0, classification=NONE, metaState=0, flags=0x0, edgeFlags=0x0, pointerCount=1, historySize=0, eventTime=396792, downTime=396792, deviceId=4, source=0xd002, displayId=0, eventId=676403411 }
09-24 18:39:13.605 807 840 V ShellRecents: RecentsTransitionHandler.startRecentsTransition
09-24 18:39:13.605 807 840 V WindowManagerShell: Directly starting a new transition type=3 wct=WindowContainerTransaction { changes = {} hops = [{PendingIntent: options=Bundle[mParcelledData.dataSize=332]}] errorCallbackToken=null taskFragmentOrganizer=null } handler=com.android.wm.shell.recents.RecentsTransitionHandler@48ea264
09-24 18:39:13.621 807 840 V ShellRecents: [74471421] RecentsController.setTransition: id=android.os.BinderProxy@952bcf2
09-24 18:39:13.628 1105 1179 I ImeTracker: com.google.android.apps.nexuslauncher:49b1c018: onRequestHide at ORIGIN_CLIENT_HIDE_SOFT_INPUT reason HIDE_SOFT_INPUT
09-24 18:39:13.628 1105 1179 I ImeTracker: com.google.android.apps.nexuslauncher:49b1c018: onFailed at PHASE_CLIENT_VIEW_SERVED
09-24 18:39:13.630 413 413 I BpBinder: onLastStrongRef automatically unlinking death recipients:
09-24 18:39:13.687 1105 1105 D TaplEvents: Pilfer / pilferPointers
09-24 18:39:13.687 561 1884 I InputDispatcher: Channel [Gesture Monitor] swipe-up (server) is stealing touch from [2db6a31 com.example.qtquickview_kotlin/com.example.qtquickview_kotlin.MainActivity (server), [Gesture Monitor] edge-swipe (server)]
09-24 18:39:13.689 807 840 V WindowManagerShell: onTransitionReady android.os.BinderProxy@952bcf2: {id=55 t=TO_FRONT f=0x80 trk=0 r=[0@Point(0, 0)] c=[{WCT{android.window.IWindowContainerToken$Stub$Proxy@2f85f43} m=SHOW f=SHOW_WALLPAPER leash=Surface(name=Task=1)/@0x19929c0 sb=Rect(0, 0 - 1080, 2400) eb=Rect(0, 0 - 1080, 2400) d=0},{WCT{android.window.IWindowContainerToken$Stub$Proxy@36f76f9} m=HIDE f=NONE leash=Surface(name=Task=23)/@0xa4bb63e sb=Rect(0, 0 - 1080, 2400) eb=Rect(0, 0 - 1080, 2400) d=0},{null m=SHOW f=IS_WALLPAPER leash=Surface(name=WallpaperWindowToken{c35888f token=android.os.Binder@348cbee})/@0x5b7ac9f sb=Rect(0, 0 - 1080, 2400) eb=Rect(0, 0 - 1080, 2400) d=0}]}
09-24 18:39:13.689 807 840 V WindowManagerShell: Playing animation for (#55)android.os.BinderProxy@952bcf2@0
09-24 18:39:13.690 807 840 V WindowManagerShell: try firstHandler com.android.wm.shell.recents.RecentsTransitionHandler@48ea264
09-24 18:39:13.690 807 840 V ShellRecents: [74471421] RecentsController.start
09-24 18:39:13.691 413 615 I BpBinder: onLastStrongRef automatically unlinking death recipients:
09-24 18:39:13.691 807 840 V ShellRecents: adding pausing taskId=23
09-24 18:39:13.691 807 840 V ShellRecents: [74471421] RecentsController.start: calling onAnimationStart
09-24 18:39:13.692 807 840 V WindowManagerShell: animated by firstHandler
09-24 18:39:13.692 561 584 D OomAdjuster: Not killing cached processes
09-24 18:39:13.695 807 807 I vol.VolumeDialogImpl: mDialog.dismiss() reason: volume_controller from: com.android.systemui.volume.VolumeDialogImpl$7.onDismissRequested:3
09-24 18:39:13.700 561 694 E HandwritingModeController: Cannot get requestId: Handwriting was not initialized.
09-24 18:39:13.700 807 840 V ShellRecents: [74471421] RecentsController.setInputConsumerEnabled: set focus to recents
09-24 18:39:13.707 561 581 V WindowManager: Sent Transition #55 createdAt=09-24 18:39:13.607
09-24 18:39:13.707 561 581 V WindowManager: startWCT=WindowContainerTransaction { changes = {} hops = [{PendingIntent: options=Bundle[{android.activity.splashScreenStyle=-1, android.activity.sourceInfo=android.app.ActivityOptions$SourceInfo@91dd81b, android.activity.transientLaunch=true}]}] errorCallbackToken=null taskFragmentOrganizer=null }
09-24 18:39:13.707 561 581 V WindowManager: info={id=55 t=TO_FRONT f=0x80 trk=0 r=[0@Point(0, 0)] c=[{WCT{RemoteToken{5486296 Task{6e71f63 #1 type=home}}} m=SHOW f=SHOW_WALLPAPER leash=Surface(name=Task=1)/@0xbadec5f sb=Rect(0, 0 - 1080, 2400) eb=Rect(0, 0 - 1080, 2400) d=0},{WCT{RemoteToken{2615290 Task{2862ea #23 type=standard A=10184:com.example.qtquickview_kotlin}}} m=HIDE f=NONE leash=Surface(name=Task=23)/@0xa7e6542 sb=Rect(0, 0 - 1080, 2400) eb=Rect(0, 0 - 1080, 2400) d=0},{null m=SHOW f=IS_WALLPAPER leash=Surface(name=WallpaperWindowToken{c35888f token=android.os.Binder@348cbee})/@0x94640b9 sb=Rect(0, 0 - 1080, 2400) eb=Rect(0, 0 - 1080, 2400) d=0}]}
09-24 18:39:13.707 561 581 D AutofillManagerService: Close system dialogs
09-24 18:39:13.784 5794 5814 D EGL_emulation: app_time_stats: avg=284.13ms min=14.11ms max=1530.78ms count=6
09-24 18:39:14.231 1105 1105 D MotionPauseDetector: onMotionPauseChanged, paused=true reason=Didn't have back to back slow speeds, checking for rapid deceleration on first pause only
09-24 18:39:14.402 1105 1105 D TaplEvents: TIS / TouchInteractionService.onInputEvent: MotionEvent { action=ACTION_UP, actionButton=0, id[0]=0, x[0]=1076.9346, y[0]=1079.956, toolType[0]=TOOL_TYPE_FINGER, buttonState=0, classification=NONE, metaState=0, flags=0x0, edgeFlags=0x0, pointerCount=1, historySize=0, eventTime=397576, downTime=396792, deviceId=4, source=0xd002, displayId=0, eventId=153724487 }
09-24 18:39:14.728 1105 1933 D EGL_emulation: app_time_stats: avg=32.27ms min=7.17ms max=357.46ms count=21
09-24 18:39:14.800 807 897 D EGL_emulation: app_time_stats: avg=14753.30ms min=14753.30ms max=14753.30ms count=1
09-24 18:39:14.818 807 1396 V ShellRecents: [74471421] RecentsController.screenshotTask: taskId=23
09-24 18:39:14.870 355 3297 D android.hardware.audio@7.1-impl.ranchu: threadLoop: entering standby, frames: 4924128
09-24 18:39:14.894 561 1843 E TaskPersister: File error accessing recents directory (directory doesn't exist?).
09-24 18:39:14.897 561 726 E WifiStaIfaceAidlImpl: installApfPacketFilter failed with service-specific exception: android.os.ServiceSpecificException: (code 4)
09-24 18:39:14.901 1105 1179 I ImeTracker: com.google.android.apps.nexuslauncher:94c05f80: onRequestHide at ORIGIN_CLIENT_HIDE_SOFT_INPUT reason HIDE_SOFT_INPUT
09-24 18:39:14.901 1105 1179 I ImeTracker: com.google.android.apps.nexuslauncher:94c05f80: onFailed at PHASE_CLIENT_VIEW_SERVED
09-24 18:39:14.902 561 1794 W AppSearchIcing: icing-search-engine.cc:283: Error: 5, Message: Document (com.google.android.googlequicksearchbox$OneSearchZeroStateGoogleSuggestions/default, zp) not found.
09-24 18:39:14.907 1105 2176 D OneSearchSuggestProvider: Created the binder channel successfully for end point service =com.google.android.apps.search.googleapp.search.suggest.plugins.onesearch.server.OneSearchSuggestService , mChannel=z1{delegate=s1{logId=81, target=directaddress:///AndroidComponentAddress%5BIntent%20%7B%20act=grpc.io.action.BIND%20cmp=com.google.android.googlequicksearchbox/com.google.android.apps.search.googleapp.search.suggest.plugins.onesearch.server.OneSearchSuggestService%20%7D%5D}} , mOneSearchConnection=X1.T@cf6f6f0
09-24 18:39:14.913 969 1204 D BtGatt.ScanManager: uid 10116 isForeground true scanMode 1
09-24 18:39:14.913 969 1204 D BtGatt.ScanManager: uid 10116 isForeground true scanMode -1
09-24 18:39:14.921 1105 1105 I AiAiSuggestUi: Clearing suggestions.
09-24 18:39:14.922 1105 1105 I AiAiSuggestUi: Requesting to show indicators
09-24 18:39:14.922 1105 1105 I AiAiSuggestUi: Fetching contents, isPrimaryTask = true
09-24 18:39:14.927 1932 1932 I A : Created gRPC endpoint to "search" for service class com.google.android.apps.search.googleapp.search.suggest.plugins.onesearch.server.OneSearchSuggestService
09-24 18:39:14.936 1658 1853 I AiAiEcho: Predicting[0]:
09-24 18:39:14.936 1658 1853 I AiAiEcho: EchoTargets:
09-24 18:39:14.936 1658 1853 I AiAiEcho: Filtered by AiAi flag check:
09-24 18:39:14.936 1658 1853 I AiAiEcho: Ranked targets strategy: SORT, count: 0, ranking metadata:
09-24 18:39:14.948 1932 1932 W A : Can't get WAA status for Mavatar!
09-24 18:39:14.948 1932 1932 W A : java.lang.NullPointerException: Attempt to invoke virtual method 'java.lang.Class java.lang.Object.getClass()' on a null object reference
09-24 18:39:14.948 1932 1932 W A : at com.google.apps.tiktok.dataservice.z.b(PG:1)
09-24 18:39:14.948 1932 1932 W A : at com.google.apps.tiktok.dataservice.at.a(PG:1)
09-24 18:39:14.948 1932 1932 W A : at com.google.apps.tiktok.tracing.ec.a(PG:2)
09-24 18:39:14.948 1932 1932 W A : at com.google.common.util.concurrent.aj.a(PG:2)
09-24 18:39:14.948 1932 1932 W A : at com.google.common.util.concurrent.ac.apply(PG:1)
09-24 18:39:14.948 1932 1932 W A : at com.google.common.util.concurrent.h.e(PG:2)
09-24 18:39:14.948 1932 1932 W A : at com.google.common.util.concurrent.j.run(PG:9)
09-24 18:39:14.948 1932 1932 W A : at com.google.common.util.concurrent.bf.execute(PG:1)
09-24 18:39:14.948 1932 1932 W A : at com.google.common.util.concurrent.d.i(PG:1)
09-24 18:39:14.948 1932 1932 W A : at com.google.common.util.concurrent.d.l(PG:12)
09-24 18:39:14.948 1932 1932 W A : at com.google.common.util.concurrent.d.n(PG:2)
09-24 18:39:14.948 1932 1932 W A : at com.google.common.util.concurrent.i.f(PG:1)
09-24 18:39:14.948 1932 1932 W A : at com.google.common.util.concurrent.j.run(PG:12)
09-24 18:39:14.948 1932 1932 W A : at com.google.android.libraries.i.ae.run(PG:1)
09-24 18:39:14.948 1932 1932 W A : at java.util.concurrent.ThreadPoolExecutor.runWorker(ThreadPoolExecutor.java:1145)
09-24 18:39:14.948 1932 1932 W A : at java.util.concurrent.ThreadPoolExecutor$Worker.run(ThreadPoolExecutor.java:644)
09-24 18:39:14.948 1932 1932 W A : at com.google.android.libraries.i.k.run(PG:2)
09-24 18:39:14.948 1932 1932 W A : at com.google.android.libraries.i.p.run(PG:4)
09-24 18:39:14.948 1932 1932 W A : at java.lang.Thread.run(Thread.java:1012)
09-24 18:39:14.950 1658 1853 I AiAiEcho: #postPredictionTargets: Sending updates to UISurface home with targets# 0 (types=[])
09-24 18:39:14.981 807 1396 V ShellRecents: [74471421] RecentsController.detachNavigationBarFromApp
09-24 18:39:15.017 1105 1901 I AiAiSuggestUi: Fetched content back in callback
09-24 18:39:15.025 1105 1105 D SearchTargetUtil: query= size=0
09-24 18:39:15.046 1105 1105 I AiAiSuggestUi: Display indicators
09-24 18:39:15.468 807 897 D EGL_emulation: app_time_stats: avg=1941.23ms min=2.69ms max=32524.53ms count=17
