09-24 18:39:15.802 1105 1105 D TaplEvents: Main / Touch event: MotionEvent { action=ACTION_DOWN, actionButton=0, id[0]=0, x[0]=519.96094, y[0]=1424.9268, toolType[0]=TOOL_TYPE_FINGER, buttonState=0, classification=NONE, metaState=0, flags=0x0, edgeFlags=0x0, pointerCount=1, historySize=0, eventTime=398994, downTime=398994, deviceId=4, source=0xd002, displayId=0, eventId=500326602 }
09-24 18:39:15.805 1105 1105 D TaplEvents: TIS / TouchInteractionService.onInputEvent: MotionEvent { action=ACTION_DOWN, actionButton=0, id[0]=0, x[0]=519.96094, y[0]=1424.9268, toolType[0]=TOOL_TYPE_FINGER, buttonState=0, classification=NONE, metaState=0, flags=0x0, edgeFlags=0x0, pointerCount=1, historySize=0, eventTime=398994, downTime=398994, deviceId=4, source=0xd002, displayId=0, eventId=500326602 }
09-24 18:39:15.817 807 807 D StatusBarIconController: ignoring old pipeline callback because the new wifi icon is enabled
09-24 18:39:15.845 1105 1933 D EGL_emulation: app_time_stats: avg=99.50ms min=11.42ms max=777.51ms count=10
09-24 18:39:16.011 1105 1105 D TaplEvents: Main / Touch event: MotionEvent { action=ACTION_UP, actionButton=0, id[0]=0, x[0]=545.9658, y[0]=49.95117, toolType[0]=TOOL_TYPE_FINGER, buttonState=0, classification=NONE, metaState=0, flags=0x0, edgeFlags=0x0, pointerCount=1, historySize=0, eventTime=399196, downTime=398994, deviceId=4, source=0xd002, displayId=0, eventId=918345364 }
09-24 18:39:16.011 1105 1105 D TaplEvents: TIS / TouchInteractionService.onInputEvent: MotionEvent { action=ACTION_UP, actionButton=0, id[0]=0, x[0]=545.9658, y[0]=49.95117, toolType[0]=TOOL_TYPE_FINGER, buttonState=0, classification=NONE, metaState=0, flags=0x0, edgeFlags=0x0, pointerCount=1, historySize=0, eventTime=399196, downTime=398994, deviceId=4, source=0xd002, displayId=0, eventId=918345364 }
09-24 18:39:16.319 807 840 V ShellRecents: [74471421] RecentsController.finishInner: toHome=true userLeave=false willFinishToHome=true state=0
09-24 18:39:16.337 807 840 V ShellRecents: normal finish
09-24 18:39:16.338 807 840 V ShellRecents: [74471421] RecentsController.cleanup
09-24 18:39:16.338 807 840 V WindowManagerShell: Transition animation finished (aborted=false), notifying core (#55)android.os.BinderProxy@952bcf2@0
09-24 18:39:16.339 561 581 V WindowManager: Finish Transition #55: created at
09-24 18:39:13.607 collect-started=0.458ms started=0.568ms ready=9.495ms sent=81.511ms finished=2732.052ms
09-24 18:39:16.341 1105 1105 I AiAiSuggestUi: Clearing suggestions.
09-24 18:39:16.341 1105 1105 I AiAiSuggestUi: Clearing suggestions.
09-24 18:39:16.393 807 840 V WindowManagerShell: Track 0 became idle
09-24 18:39:16.393 807 840 V WindowManagerShell: All active transition animations finished
09-24 18:39:16.393 807 840 W Looper : Slow dispatch took 75ms wmshell.main h=android.os.Handler c=com.android.wm.shell.recents.RecentsTransitionHandler$RecentsController$$ExternalSyntheticLambda3@111c284 m=0
09-24 18:39:16.400 561 584 V WindowManager: Unknown focus tokens, dropping reportFocusChanged
09-24 18:39:16.458 807 840 W Looper : Slow dispatch took 59ms wmshell.main h=android.os.Handler c=android.window.TaskOrganizer$1$$ExternalSyntheticLambda3@3ec3a6d m=0
09-24 18:39:16.458 807 840 W Looper : Slow delivery took 57ms wmshell.main h=android.os.Handler c=null m=2
09-24 18:39:16.462 561 2218 I ImeTracker: com.google.android.apps.nexuslauncher:816e8fb3: onRequestHide at ORIGIN_SERVER_HIDE_INPUT reason HIDE_UNSPECIFIED_WINDOW
09-24 18:39:16.462 561 2218 I ImeTracker: com.google.android.apps.nexuslauncher:816e8fb3: onCancelled at PHASE_SERVER_SHOULD_HIDE
09-24 18:39:16.464 807 807 D StatusBarIconController: ignoring old pipeline callbacks, because the new mobile icons are enabled
09-24 18:39:16.464 1575 1575 I GoogleInputMethodService: GoogleInputMethodService.onFinishInput():3227
09-24 18:39:16.464 807 840 W Looper : Drained
09-24 18:39:16.471 1575 1575 I GoogleInputMethodService: GoogleInputMethodService.updateDeviceLockedStatus():2087 repeatCheckTimes = 0, unlocked = true
09-24 18:39:16.471 1575 1575 I GoogleInputMethodService: GoogleInputMethodService.onStartInput():1877 onStartInput(EditorInfo{inputType=0x0(NULL) imeOptions=0x0 privateImeOptions=null actionName=UNSPECIFIED actionLabel=null actionId=0 initialSelStart=-1 initialSelEnd=-1 initialCapsMode=0x0 hintText=null label=null packageName=com.google.android.apps.nexuslauncher fieldId=0 fieldName=null extras=null}, false)
09-24 18:39:16.472 1575 1575 I GoogleInputMethodService: GoogleInputMethodService.shouldHideHeaderOnInitialState():4008 ShouldHideHeaderOnInitialState = false
09-24 18:39:16.472 807 897 D EGL_emulation: app_time_stats: avg=11.08ms min=1.10ms max=160.14ms count=37
09-24 18:39:16.472 1575 1575 I GoogleInputMethodService: GoogleInputMethodService.updateDeviceLockedStatus():2087 repeatCheckTimes = 2, unlocked = true
09-24 18:39:16.474 561 1843 E TaskPersister: File error accessing recents directory (directory doesn't exist?).
09-24 18:39:16.496 413 413 I BpBinder: onLastStrongRef automatically unlinking death recipients:
09-24 18:39:16.579 807 897 D EGL_emulation: app_time_stats: avg=207.32ms min=2.70ms max=1577.66ms count=8
09-24 18:39:16.858 5794 5817 W libEGL : eglTerminate() called w/ 1 objects remaining
09-24 18:39:16.861 5794 5817 I libqtquickview_x86_64.so: main() returned 0
09-24 18:39:17.253 1105 1105 D TaplEvents: Main / Touch event: MotionEvent { action=ACTION_DOWN, actionButton=0, id[0]=0, x[0]=957.9531, y[0]=1968.8965, toolType[0]=TOOL_TYPE_FINGER, buttonState=0, classification=NONE, metaState=0, flags=0x0, edgeFlags=0x0, pointerCount=1, historySize=0, eventTime=400444, downTime=400444, deviceId=4, source=0xd002, displayId=0, eventId=124323938 }
09-24 18:39:17.254 1105 1105 D TaplEvents: TIS / TouchInteractionService.onInputEvent: MotionEvent { action=ACTION_DOWN, actionButton=0, id[0]=0, x[0]=957.9531, y[0]=1968.8965, toolType[0]=TOOL_TYPE_FINGER, buttonState=0, classification=NONE, metaState=0, flags=0x0, edgeFlags=0x0, pointerCount=1, historySize=0, eventTime=400444, downTime=400444, deviceId=4, source=0xd002, displayId=0, eventId=124323938 }
09-24 18:39:17.255 561 570 I system_server: NativeAlloc concurrent copying GC freed 117806(4409KB) AllocSpace objects, 1(20KB) LOS objects, 47% free, 26MB/50MB, paused 112us,68us total 681.687ms
09-24 18:39:17.255 561 2194 W InputManager-JNI: Input channel object '2db6a31 com.example.qtquickview_kotlin/com.example.qtquickview_kotlin.MainActivity (client)' was disposed without first being removed with the input manager!
09-24 18:39:17.257 561 1004 W WindowManager: Failed looking up window session=Session{81507b5 5794:u0a10184} callers=com.android.server.wm.WindowManagerService.windowForClientLocked:6045 com.android.server.wm.Session.setOnBackInvokedCallbackInfo:944 android.view.IWindowSession$Stub.onTransact:1145
09-24 18:39:17.257 561 1004 I WindowManager: setOnBackInvokedCallback(): No window state for package:com.example.qtquickview_kotlin
09-24 18:39:17.272 5794 5794 I Choreographer: Skipped 47 frames! The application may be doing too much work on its main thread.
09-24 18:39:17.279 561 584 I ActivityManager: Killing 5794:com.example.qtquickview_kotlin/u0a184 (adj 905): remove task
09-24 18:39:17.292 1105 1933 D EGL_emulation: app_time_stats: avg=43.67ms min=9.94ms max=474.44ms count=28
09-24 18:39:17.314 561 597 I libprocessgroup: Successfully killed process cgroup uid 10184 pid 5794 in 22ms
09-24 18:39:17.347 561 584 W ActivityManager: setHasOverlayUi called on unknown pid: 5794
09-24 18:39:17.348 561 582 D DisplayManagerService: Drop pending events for gone uid 10184
09-24 18:39:17.353 353 353 I Zygote : Process 5794 exited due to signal 9 (Killed)
09-24 18:39:17.391 1105 1105 D TaplEvents: Main / Touch event: MotionEvent { action=ACTION_UP, actionButton=0, id[0]=0, x[0]=957.9531, y[0]=1968.8965, toolType[0]=TOOL_TYPE_FINGER, buttonState=0, classification=NONE, metaState=0, flags=0x0, edgeFlags=0x0, pointerCount=1, historySize=0, eventTime=400557, downTime=400444, deviceId=4, source=0xd002, displayId=0, eventId=160729194 }
09-24 18:39:17.391 1105 1105 D TaplEvents: TIS / TouchInteractionService.onInputEvent: MotionEvent { action=ACTION_UP, actionButton=0, id[0]=0, x[0]=957.9531, y[0]=1968.8965, toolType[0]=TOOL_TYPE_FINGER, buttonState=0, classification=NONE, metaState=0, flags=0x0, edgeFlags=0x0, pointerCount=1, historySize=0, eventTime=400557, downTime=400444, deviceId=4, source=0xd002, displayId=0, eventId=160729194 }
09-24 18:39:17.473 1105 1105 D TaplEvents: Main / start: startAppShortcutOrInfoActivity
09-24 18:39:17.473 396 3449 D audioserver: FGS Logger Transaction failed
09-24 18:39:17.473 396 3449 D audioserver: -129
09-24 18:39:17.485 561 575 I ActivityTaskManager: START u0 {act=android.intent.action.MAIN cat=[android.intent.category.LAUNCHER] flg=0x10200000 cmp=com.example.qtquickview_kotlin/.MainActivity bnds=[832,1873][1005,2068]} with LAUNCH_MULTIPLE from uid 10151 (BAL_ALLOW_ALLOWLISTED_COMPONENT) result code=0
09-24 18:39:17.498 807 840 V WindowManagerShell: Transition requested: android.os.BinderProxy@f2a82f0 TransitionRequestInfo { type = OPEN, triggerTask = TaskInfo{userId=0 taskId=24 displayId=0 isRunning=true baseIntent=Intent { act=android.intent.action.MAIN cat=[android.intent.category.LAUNCHER] flg=0x10200000 cmp=com.example.qtquickview_kotlin/.MainActivity } baseActivity=ComponentInfo{com.example.qtquickview_kotlin/com.example.qtquickview_kotlin.MainActivity} topActivity=ComponentInfo{com.example.qtquickview_kotlin/com.example.qtquickview_kotlin.MainActivity} origActivity=null realActivity=ComponentInfo{com.example.qtquickview_kotlin/com.example.qtquickview_kotlin.MainActivity} numActivities=1 lastActiveTime=400678 supportsMultiWindow=true resizeMode=1 isResizeable=true minWidth=-1 minHeight=-1 defaultMinSize=220 token=WCT{android.window.IWindowContainerToken$Stub$Proxy@e9f1069} topActivityType=1 pictureInPictureParams=null shouldDockBigOverlays=false launchIntoPipHostTaskId=-1 lastParentTaskIdBeforePip=-1 displayCutoutSafeInsets=Rect(0, 132 - 0, 0) topActivityInfo=ActivityInfo{af02aee com.example.qtquickview_kotlin.MainActivity} launchCookies=[android.os.BinderProxy@76afb8f] positionInParent=Point(0, 0) parentTaskId=-1 isFocused=false isVisible=false isSleeping=false topActivityInSizeCompat=false topActivityEligibleForLetterboxEducation= false topActivityLetterboxed= false isFromDoubleTap= false topActivityLetterboxVerticalPosition= -1 topActivityLetterboxHorizontalPosition= -1 topActivityLetterboxWidth=-1 topActivityLetterboxHeight=-1 locusId=null displayAreaFeatureId=1 cameraCompatControlState=hidden}, remoteTransition = RemoteTransition { remoteTransition = android.window.IRemoteTransition$Stub$Proxy@ccde1c, appThread = android.app.IApplicationThread$Stub$Proxy@88f4a25, debugName = QuickstepLaunch }, displayChange = null }
09-24 18:39:17.498 807 897 D EGL_emulation: app_time_stats: avg=20.57ms min=1.60ms max=84.23ms count=36
09-24 18:39:17.498 807 840 V WindowManagerShell: RemoteTransition directly requested for android.os.BinderProxy@f2a82f0: RemoteTransition { remoteTransition = android.window.IRemoteTransition$Stub$Proxy@ccde1c, appThread = android.app.IApplicationThread$Stub$Proxy@88f4a25, debugName = QuickstepLaunch }
09-24 18:39:17.533 561 584 D CompatibilityChangeReporter: Compat change id reported: 135634846; UID 10184; state: DISABLED
09-24 18:39:17.536 561 596 D CompatibilityChangeReporter: Compat change id reported: 143937733; UID 10184; state: ENABLED
09-24 18:39:17.540 396 524 D AudioFlinger: mixer(0x72df5f8d6930) throttle end: throttle time(35)
09-24 18:39:17.546 413 413 I BpBinder: onLastStrongRef automatically unlinking death recipients:
09-24 18:39:17.554 353 353 D Zygote : Forked child process 5893
09-24 18:39:17.562 561 596 I ActivityManager: Start proc 5893:com.example.qtquickview_kotlin/u0a184 for next-top-activity {com.example.qtquickview_kotlin/com.example.qtquickview_kotlin.MainActivity}
09-24 18:39:17.647 396 524 D audioserver: FGS Logger Transaction failed
09-24 18:39:17.647 396 524 D audioserver: -129
09-24 18:39:17.709 807 866 D SplashScreenView: Build android.window.SplashScreenView{71b9c52 V.E...... ......ID 0,0-0,0}
09-24 18:39:17.709 807 866 D SplashScreenView: Icon: view: android.widget.ImageView{9cebb23 V.ED..... ......I. 0,0-0,0 #10204f0 android:id/splashscreen_icon_view} drawable: com.android.wm.shell.startingsurface.SplashscreenIconDrawableFactory$ImmobileIconDrawable@a1c8820 size: 420
09-24 18:39:17.709 807 866 D SplashScreenView: Branding: view: android.view.View{85fe5d9 G.ED..... ......I. 0,0-0,0 #10204ef android:id/splashscreen_branding_view} drawable: null size w: 0 h: 0
09-24 18:39:17.727 561 575 W ActivityTaskManager: takeTaskSnapshot: taskId=24 not found or not visible
09-24 18:39:17.847 5893 5893 I uickview_kotlin: Late-enabling -Xcheck:jni
09-24 18:39:17.937 5893 5893 I uickview_kotlin: Using CollectorTypeCC GC.
09-24 18:39:17.978 561 575 D CoreBackPreview: Window{89d8d8a u0 Splash Screen com.example.qtquickview_kotlin}: Setting back callback OnBackInvokedCallbackInfo{mCallback=android.window.IOnBackInvokedCallback$Stub$Proxy@8f42818, mPriority=0, mIsAnimationCallback=false}
09-24 18:39:17.983 5893 5893 W uickview_kotlin: Unexpected CPU variant for x86: x86_64.
09-24 18:39:17.983 5893 5893 W uickview_kotlin: Known variants: atom, sandybridge, silvermont, goldmont, goldmont-plus, tremont, kabylake, default
09-24 18:39:18.182 428 448 I adbd : jdwp connection from 5893
09-24 18:39:18.186 807 840 V WindowManagerShell: onTransitionReady android.os.BinderProxy@f2a82f0: {id=56 t=OPEN f=0x0 trk=0 r=[0@Point(0, 0)] c=[{WCT{android.window.IWindowContainerToken$Stub$Proxy@8ff3b38} m=OPEN f=NONE leash=Surface(name=Task=24)/@0xe077711 sb=Rect(0, 0 - 1080, 2400) eb=Rect(0, 0 - 1080, 2400) d=0},{WCT{android.window.IWindowContainerToken$Stub$Proxy@79b1076} m=HIDE f=SHOW_WALLPAPER leash=Surface(name=Task=1)/@0xd4e2677 sb=Rect(0, 0 - 1080, 2400) eb=Rect(0, 0 - 1080, 2400) d=0}]}
09-24 18:39:18.187 807 840 V WindowManagerShell: Playing animation for (#56)android.os.BinderProxy@f2a82f0@0
09-24 18:39:18.187 807 840 V WindowManagerShell: try firstHandler com.android.wm.shell.transition.DefaultMixedHandler@2bf3891
09-24 18:39:18.188 807 840 V WindowManagerShell: Delegate animation for #56 to RemoteTransition { remoteTransition = android.window.IRemoteTransition$Stub$Proxy@ccde1c, appThread = android.app.IApplicationThread$Stub$Proxy@88f4a25, debugName = QuickstepLaunch }
09-24 18:39:18.195 807 840 V WindowManagerShell: animated by firstHandler
09-24 18:39:18.247 561 581 V WindowManager: Sent Transition #56 createdAt=09-24 18:39:17.476 via request=TransitionRequestInfo { type = OPEN, triggerTask = TaskInfo{userId=0 taskId=24 displayId=0 isRunning=true baseIntent=Intent { act=android.intent.action.MAIN cat=[android.intent.category.LAUNCHER] flg=0x10200000 cmp=com.example.qtquickview_kotlin/.MainActivity } baseActivity=ComponentInfo{com.example.qtquickview_kotlin/com.example.qtquickview_kotlin.MainActivity} topActivity=ComponentInfo{com.example.qtquickview_kotlin/com.example.qtquickview_kotlin.MainActivity} origActivity=null realActivity=ComponentInfo{com.example.qtquickview_kotlin/com.example.qtquickview_kotlin.MainActivity} numActivities=1 lastActiveTime=400678 supportsMultiWindow=true resizeMode=1 isResizeable=true minWidth=-1 minHeight=-1 defaultMinSize=220 token=WCT{RemoteToken{cce20d7 Task{7e7539 #24 type=standard A=10184:com.example.qtquickview_kotlin}}} topActivityType=1 pictureInPictureParams=null shouldDockBigOverlays=false launchIntoPipHostTaskId=-1 lastParentTaskIdBeforePip=-1 displayCutoutSafeInsets=Rect(0, 132 - 0, 0) topActivityInfo=ActivityInfo{83be230 com.example.qtquickview_kotlin.MainActivity} launchCookies=[android.os.BinderProxy@18a1ea9] positionInParent=Point(0, 0) parentTaskId=-1 isFocused=false isVisible=false isSleeping=false topActivityInSizeCompat=false topActivityEligibleForLetterboxEducation= false topActivityLetterboxed= false isFromDoubleTap= false topActivityLetterboxVerticalPosition= -1 topActivityLetterboxHorizontalPosition= -1 topActivityLetterboxWidth=-1 topActivityLetterboxHeight=-1 locusId=null displayAreaFeatureId=1 cameraCompatControlState=hidden}, remoteTransition = RemoteTransition { remoteTransition = android.window.IRemoteTransition$Stub$Proxy@cdcbc2e, appThread = android.app.IApplicationThread$Stub$Proxy@4e653cf, debugName = QuickstepLaunch }, displayChange = null }
09-24 18:39:18.249 561 581 V WindowManager: startWCT=WindowContainerTransaction { changes = {} hops = [] errorCallbackToken=null taskFragmentOrganizer=null }
09-24 18:39:18.251 561 581 V WindowManager: info={id=56 t=OPEN f=0x0 trk=0 r=[0@Point(0, 0)] c=[{WCT{RemoteToken{cce20d7 Task{7e7539 #24 type=standard A=10184:com.example.qtquickview_kotlin}}} m=OPEN f=NONE leash=Surface(name=Task=24)/@0xebc9271 sb=Rect(0, 0 - 1080, 2400) eb=Rect(0, 0 - 1080, 2400) d=0},{WCT{RemoteToken{5486296 Task{6e71f63 #1 type=home}}} m=HIDE f=SHOW_WALLPAPER leash=Surface(name=Task=1)/@0xbadec5f sb=Rect(0, 0 - 1080, 2400) eb=Rect(0, 0 - 1080, 2400) d=0}]}
09-24 18:39:18.308 1105 1933 D EGL_emulation: app_time_stats: avg=80.43ms min=13.28ms max=502.22ms count=12
09-24 18:39:18.487 807 897 D EGL_emulation: app_time_stats: avg=458.02ms min=2.59ms max=1692.20ms count=4
09-24 18:39:18.652 561 575 I AppsFilter: interaction: PackageSetting{f8d1db0 com.example.qtquickview_kotlin/10184} -> PackageSetting{4417429 com.google.android.apps.nexuslauncher/10151} BLOCKED
09-24 18:39:18.688 5893 5893 D CompatibilityChangeReporter: Compat change id reported: 171979766; UID 10184; state: ENABLED
09-24 18:39:18.688 5893 5893 D CompatibilityChangeReporter: Compat change id reported: 242716250; UID 10184; state: ENABLED
09-24 18:39:18.779 807 840 V WindowManagerShell: Transition animation finished (aborted=false), notifying core (#56)android.os.BinderProxy@f2a82f0@0
09-24 18:39:18.781 561 581 V WindowManager: Finish Transition #56: created at
09-24 18:39:17.476 collect-started=0.024ms request-sent=7.272ms started=23.147ms ready=679.364ms sent=697.43ms finished=1305.01ms
09-24 18:39:18.791 807 897 D EGL_emulation: app_time_stats: avg=39.32ms min=1.83ms max=354.08ms count=28
09-24 18:39:18.798 807 807 D StatusBarIconController: ignoring old pipeline callback because the new wifi icon is enabled
09-24 18:39:18.801 807 840 V WindowManagerShell: Track 0 became idle
09-24 18:39:18.801 807 840 V WindowManagerShell: All active transition animations finished
09-24 18:39:18.844 5893 5893 W ziparchive: Unable to open '/data/app/~~F4yQBZPHkkiDCvIpIfMWXg==/com.example.qtquickview_kotlin-RM41Tj9q01JxxlLq7edIHg==/base.dm': No such file or directory
09-24 18:39:18.844 5893 5893 W ziparchive: Unable to open '/data/app/~~F4yQBZPHkkiDCvIpIfMWXg==/com.example.qtquickview_kotlin-RM41Tj9q01JxxlLq7edIHg==/base.dm': No such file or directory
09-24 18:39:18.964 5893 5893 D nativeloader: Configuring clns-6 for other apk /data/app/~~F4yQBZPHkkiDCvIpIfMWXg==/com.example.qtquickview_kotlin-RM41Tj9q01JxxlLq7edIHg==/base.apk. target_sdk_version=34, uses_libraries=, library_path=/data/app/~~F4yQBZPHkkiDCvIpIfMWXg==/com.example.qtquickview_kotlin-RM41Tj9q01JxxlLq7edIHg==/lib/x86_64:/data/app/~~F4yQBZPHkkiDCvIpIfMWXg==/com.example.qtquickview_kotlin-RM41Tj9q01JxxlLq7edIHg==/base.apk!/lib/x86_64, permitted_path=/data:/mnt/expand:/data/user/0/com.example.qtquickview_kotlin
09-24 18:39:19.002 5893 5893 V GraphicsEnvironment: Currently set values for:
09-24 18:39:19.003 5893 5893 V GraphicsEnvironment: angle_gl_driver_selection_pkgs=[]
09-24 18:39:19.003 5893 5893 V GraphicsEnvironment: angle_gl_driver_selection_values=[]
09-24 18:39:19.004 5893 5893 V GraphicsEnvironment: ANGLE GameManagerService for com.example.qtquickview_kotlin: false
09-24 18:39:19.004 5893 5893 V GraphicsEnvironment: com.example.qtquickview_kotlin is not listed in per-application setting
09-24 18:39:19.004 5893 5893 V GraphicsEnvironment: Neither updatable production driver nor prerelease driver is supported.
09-24 18:39:19.036 561 575 I ActivityManager: Flag disabled. Ignoring finishAttachApplication from uid: 10184. pid: 5893
09-24 18:39:19.060 5893 5914 D libEGL : loaded /vendor/lib64/egl/libEGL_emulation.so
09-24 18:39:19.062 5893 5914 D libEGL : loaded /vendor/lib64/egl/libGLESv1_CM_emulation.so
09-24 18:39:19.065 5893 5914 D libEGL : loaded /vendor/lib64/egl/libGLESv2_emulation.so
09-24 18:39:19.077 5893 5893 D AppCompatDelegate: Checking for metadata for AppLocalesMetadataHolderService : Service not found
09-24 18:39:19.143 5893 5893 D CompatibilityChangeReporter: Compat change id reported: 210923482; UID 10184; state: ENABLED
09-24 18:39:19.155 5893 5893 W uickview_kotlin: Accessing hidden method Landroid/view/View;->computeFitSystemWindows(Landroid/graphics/Rect;Landroid/graphics/Rect;)Z (unsupported, reflection, allowed)
09-24 18:39:19.277 5893 5893 W uickview_kotlin: Accessing hidden method Landroid/view/ViewGroup;->makeOptionalFitsSystemWindows()V (unsupported, reflection, allowed)
09-24 18:39:19.288 5893 5893 W ziparchive: Unable to open '/data/app/~~F4yQBZPHkkiDCvIpIfMWXg==/com.example.qtquickview_kotlin-RM41Tj9q01JxxlLq7edIHg==/base.dm': No such file or directory
09-24 18:39:19.288 5893 5893 W ziparchive: Unable to open '/data/app/~~F4yQBZPHkkiDCvIpIfMWXg==/com.example.qtquickview_kotlin-RM41Tj9q01JxxlLq7edIHg==/base.dm': No such file or directory
09-24 18:39:19.377 5893 5915 I QtCore : Start
09-24 18:39:19.505 5893 5915 I Qt : qt started
09-24 18:39:19.722 5893 5893 D CompatibilityChangeReporter: Compat change id reported: 237531167; UID 10184; state: DISABLED
09-24 18:39:19.735 5893 5893 W OpenGLRenderer: Unknown dataspace 0
09-24 18:39:19.777 5893 5893 I Choreographer: Skipped 43 frames! The application may be doing too much work on its main thread.
09-24 18:39:19.798 807 897 D EGL_emulation: app_time_stats: avg=15.08ms min=3.88ms max=30.11ms count=60
09-24 18:39:19.800 561 1169 D CoreBackPreview: Window{b45698c u0 com.example.qtquickview_kotlin/com.example.qtquickview_kotlin.MainActivity}: Setting back callback OnBackInvokedCallbackInfo{mCallback=android.window.IOnBackInvokedCallback$Stub$Proxy@1f697db, mPriority=0, mIsAnimationCallback=false}
09-24 18:39:19.914 5893 5893 D AutofillManager: notifyViewEnteredForFillDialog:1073741824
09-24 18:39:19.926 5893 5912 W OpenGLRenderer: Failed to initialize 101010-2 format, error = EGL_SUCCESS
09-24 18:39:20.046 0 0 I servicemanager: Could not find android.hardware.graphics.allocator.IAllocator/default in the VINTF manifest.
09-24 18:39:19.965 155 155 I hwservicemanager: getTransport: Cannot find entry android.hardware.graphics.mapper@4.0::IMapper/default in either framework or device VINTF manifest.
09-24 18:39:19.967 5893 5912 I Gralloc4: mapper 4.x is not supported
09-24 18:39:20.532 561 581 W ziparchive: Unable to open '/data/app/~~F4yQBZPHkkiDCvIpIfMWXg==/com.example.qtquickview_kotlin-RM41Tj9q01JxxlLq7edIHg==/base.dm': No such file or directory
09-24 18:39:20.533 5893 5907 I OpenGLRenderer: Davey! duration=1460ms; Flags=1, FrameTimelineVsyncId=185386, IntendedVsync=402242005462, Vsync=402958672100, InputEventId=0, HandleInputStart=402973764126, AnimationStart=402973768614, PerformTraversalsStart=402974164082, DrawStart=403205264900, FrameDeadline=402258672128, FrameInterval=402972829689, FrameStartTime=16666666, SyncQueued=403245025918, SyncStart=403253691861, IssueDrawCommandsStart=403254867233, SwapBuffers=403590151970, FrameCompleted=403711050088, DequeueBufferDuration=3573, QueueBufferDuration=405318, GpuCompleted=403590151970, SwapBuffersCompleted=403711050088, DisplayPresentTime=0, CommandSubmissionCompleted=403590151970,
09-24 18:39:20.535 5893 5915 W libqtquickview_x86_64.so: No interface with className org/qtproject/qt/android/QtAccessibilityInterface has been registered.
09-24 18:39:20.563 561 581 I ActivityTaskManager: Displayed com.example.qtquickview_kotlin/.MainActivity for user 0: +3s47ms
09-24 18:39:20.569 5893 5893 I Choreographer: Skipped 46 frames! The application may be doing too much work on its main thread.
09-24 18:39:20.590 807 897 D EGL_emulation: app_time_stats: avg=286.19ms min=1.95ms max=1904.17ms count=7
09-24 18:39:20.593 561 575 D CompatibilityChangeReporter: Compat change id reported: 214016041; UID 10184; state: ENABLED
09-24 18:39:20.594 561 575 I ImeTracker: com.example.qtquickview_kotlin:c2f5683b: onRequestHide at ORIGIN_SERVER_HIDE_INPUT reason HIDE_UNSPECIFIED_WINDOW
09-24 18:39:20.594 561 575 I ImeTracker: com.example.qtquickview_kotlin:c2f5683b: onCancelled at PHASE_SERVER_SHOULD_HIDE
09-24 18:39:20.616 355 3297 D android.hardware.audio@7.1-impl.ranchu: threadLoop: entering standby, frames: 5074080
09-24 18:39:20.617 5893 5907 I OpenGLRenderer: Davey! duration=796ms; Flags=0, FrameTimelineVsyncId=185774, IntendedVsync=402992005432, Vsync=403758672068, InputEventId=0, HandleInputStart=403765869064, AnimationStart=403765873900, PerformTraversalsStart=403766816659, DrawStart=403768406891, FrameDeadline=403608672074, FrameInterval=403765178167, FrameStartTime=16666666, SyncQueued=403772145179, SyncStart=403772250114, IssueDrawCommandsStart=403774716600, SwapBuffers=403778715642, FrameCompleted=403788780676, DequeueBufferDuration=6470, QueueBufferDuration=452686, GpuCompleted=403778715642, SwapBuffersCompleted=403788780676, DisplayPresentTime=0, CommandSubmissionCompleted=403778715642,
09-24 18:39:20.629 1575 1575 I GoogleInputMethodService: GoogleInputMethodService.onFinishInput():3227
09-24 18:39:20.635 1575 1575 I GoogleInputMethodService: GoogleInputMethodService.updateDeviceLockedStatus():2087 repeatCheckTimes = 0, unlocked = true
09-24 18:39:20.635 1575 1575 I GoogleInputMethodService: GoogleInputMethodService.onStartInput():1877 onStartInput(EditorInfo{inputType=0x0(NULL) imeOptions=0x0 privateImeOptions=null actionName=UNSPECIFIED actionLabel=null actionId=0 initialSelStart=-1 initialSelEnd=-1 initialCapsMode=0x0 hintText=null label=null packageName=com.example.qtquickview_kotlin fieldId=0 fieldName=null extras=null}, false)
09-24 18:39:20.635 1575 1575 I GoogleInputMethodService: GoogleInputMethodService.shouldHideHeaderOnInitialState():4008 ShouldHideHeaderOnInitialState = false
09-24 18:39:20.636 1575 1575 I GoogleInputMethodService: GoogleInputMethodService.updateDeviceLockedStatus():2087 repeatCheckTimes = 2, unlocked = true
09-24 18:39:20.689 1369 2342 I FontLog : Received query Noto Color Emoji Compat, URI content://com.google.android.gms.fonts [CONTEXT service_id=132 ]
09-24 18:39:20.713 1369 2342 I FontLog : Query [emojicompat-emoji-font] resolved to {Noto Color Emoji Compat, wdth 100.0, wght 400, ital 0.0, bestEffort false} [CONTEXT service_id=132 ]
09-24 18:39:20.746 1369 2342 I FontLog : Fetch {Noto Color Emoji Compat, wdth 100.0, wght 400, ital 0.0, bestEffort false} end status Status{statusCode=SUCCESS, resolution=null} [CONTEXT service_id=132 ]
09-24 18:39:20.756 1369 2342 I FontLog : Pulling font file for id = 20, cache size = 7 [CONTEXT service_id=132 ]
09-24 18:39:20.793 1369 2342 I FontLog : Pulling font file for id = 20, cache size = 7 [CONTEXT service_id=132 ]
09-24 18:39:20.831 561 1843 E TaskPersister: File error accessing recents directory (directory doesn't exist?).
09-24 18:39:20.946 561 2168 D CoreBackPreview: Window{89d8d8a u0 Splash Screen com.example.qtquickview_kotlin EXITING}: Setting back callback null
09-24 18:39:20.950 561 2168 W InputManager-JNI: Input channel object '89d8d8a Splash Screen com.example.qtquickview_kotlin (client)' was disposed without first being removed with the input manager!
09-24 18:39:20.983 561 2168 D OomAdjuster: Not killing cached processes
09-24 18:39:20.986 1105 1179 I ImeTracker: com.google.android.apps.nexuslauncher:30995ec8: onRequestHide at ORIGIN_CLIENT_HIDE_SOFT_INPUT reason HIDE_SOFT_INPUT
09-24 18:39:20.986 1105 1179 I ImeTracker: com.google.android.apps.nexuslauncher:30995ec8: onFailed at PHASE_CLIENT_VIEW_SERVED
09-24 18:39:21.007 1105 2176 D OneSearchSuggestProvider: Shut down the binder channel
09-24 18:39:21.074 413 413 W SurfaceFlinger: couldn't log to binary event log: overflow.
09-24 18:39:21.084 807 840 W Looper : Slow dispatch took 44ms wmshell.main h=android.os.Handler c=com.android.wm.shell.pip.PinnedStackListenerForwarder$PinnedTaskListenerImpl$$ExternalSyntheticLambda1@56d6d6f m=0
09-24 18:39:21.093 1105 1477 I IPCThreadState: oneway function results for code 2 on binder at 0x799fb5126940 will be dropped but finished with status UNKNOWN_TRANSACTION
09-24 18:39:21.150 561 582 W Looper : Slow dispatch took 124ms android.ui h=com.android.server.am.ActivityManagerService$UiHandler c=com.android.server.am.UidObserverController$$ExternalSyntheticLambda0@1066d99 m=0
09-24 18:39:21.152 807 897 D EGL_emulation: app_time_stats: avg=24.77ms min=1.08ms max=618.13ms count=41
09-24 18:39:21.466 5893 5893 I Choreographer: Skipped 49 frames! The application may be doing too much work on its main thread.
09-24 18:39:21.539 5893 5893 V myTag : Status of QtQuickView: READY
09-24 18:39:21.556 5893 5909 I OpenGLRenderer: Davey! duration=903ms; Flags=0, FrameTimelineVsyncId=186232, IntendedVsync=403825338732, Vsync=404642005366, InputEventId=0, HandleInputStart=404663235875, AnimationStart=404663241894, PerformTraversalsStart=404684207878, DrawStart=404690438443, FrameDeadline=403858672064, FrameInterval=404642816437, FrameStartTime=16666666, SyncQueued=404705749936, SyncStart=404705831962, IssueDrawCommandsStart=404705892556, SwapBuffers=404717882813, FrameCompleted=404728924348, DequeueBufferDuration=9540, QueueBufferDuration=245288, GpuCompleted=404717882813, SwapBuffersCompleted=404728924348, DisplayPresentTime=0, CommandSubmissionCompleted=404717882813,
09-24 18:39:21.617 5893 5912 D EGL_emulation: app_time_stats: avg=220.33ms min=31.69ms max=886.87ms count=5
09-24 18:39:22.153 807 897 D EGL_emulation: app_time_stats: avg=10.68ms min=1.20ms max=63.65ms count=55
09-24 18:39:22.326 1105 1105 D TaplEvents: TIS / TouchInteractionService.onInputEvent: MotionEvent { action=ACTION_DOWN, actionButton=0, id[0]=0, x[0]=257.96973, y[0]=1583.9355, toolType[0]=TOOL_TYPE_FINGER, buttonState=0, classification=NONE, metaState=0, flags=0x0, edgeFlags=0x0, pointerCount=1, historySize=0, eventTime=405445, downTime=405445, deviceId=4, source=0xd002, displayId=0, eventId=25344151 }
09-24 18:39:22.355 1105 1105 D TaplEvents: TIS / TouchInteractionService.onInputEvent: MotionEvent { action=ACTION_UP, actionButton=0, id[0]=0, x[0]=257.96973, y[0]=1583.9355, toolType[0]=TOOL_TYPE_FINGER, buttonState=0, classification=NONE, metaState=0, flags=0x0, edgeFlags=0x0, pointerCount=1, historySize=0, eventTime=405550, downTime=405445, deviceId=4, source=0xd002, displayId=0, eventId=591413946 }
09-24 18:39:22.574 396 747 D audioserver: FGS Logger Transaction failed
09-24 18:39:22.574 396 747 D audioserver: -129
09-24 18:39:22.609 396 524 D AudioFlinger: mixer(0x72df5f8d6930) throttle end: throttle time(33)
09-24 18:39:22.617 5893 5912 D EGL_emulation: app_time_stats: avg=88.29ms min=6.68ms max=530.13ms count=11
09-24 18:39:22.723 396 524 D audioserver: FGS Logger Transaction failed
09-24 18:39:22.723 396 524 D audioserver: -129
09-24 18:39:22.924 1105 1105 D TaplEvents: TIS / TouchInteractionService.onInputEvent: MotionEvent { action=ACTION_DOWN, actionButton=0, id[0]=0, x[0]=257.96973, y[0]=1583.9355, toolType[0]=TOOL_TYPE_FINGER, buttonState=0, classification=NONE, metaState=0, flags=0x0, edgeFlags=0x0, pointerCount=1, historySize=0, eventTime=406119, downTime=406119, deviceId=4, source=0xd002, displayId=0, eventId=1009369858 }
09-24 18:39:23.031 1105 1105 D TaplEvents: TIS / TouchInteractionService.onInputEvent: MotionEvent { action=ACTION_UP, actionButton=0, id[0]=0, x[0]=257.96973, y[0]=1583.9355, toolType[0]=TOOL_TYPE_FINGER, buttonState=0, classification=NONE, metaState=0, flags=0x0, edgeFlags=0x0, pointerCount=1, historySize=0, eventTime=406226, downTime=406119, deviceId=4, source=0xd002, displayId=0, eventId=293320076 }
09-24 18:39:23.036 396 747 D audioserver: FGS Logger Transaction failed
09-24 18:39:23.036 396 747 D audioserver: -129
09-24 18:39:23.055 396 524 D AudioFlinger: mixer(0x72df5f8d6930) throttle end: throttle time(44)
09-24 18:39:23.056 5893 5925 D EGL_emulation: app_time_stats: avg=259.53ms min=4.39ms max=527.08ms count=4
09-24 18:39:23.206 396 524 D audioserver: FGS Logger Transaction failed
09-24 18:39:23.206 396 524 D audioserver: -129
09-24 18:39:23.630 5893 5912 D EGL_emulation: app_time_stats: avg=16.37ms min=6.89ms max=59.04ms count=53
09-24 18:39:23.771 1105 1105 D TaplEvents: TIS / TouchInteractionService.onInputEvent: MotionEvent { action=ACTION_DOWN, actionButton=0, id[0]=0, x[0]=536.9678, y[0]=2383.8867, toolType[0]=TOOL_TYPE_FINGER, buttonState=0, classification=NONE, metaState=0, flags=0x0, edgeFlags=0x0, pointerCount=1, historySize=0, eventTime=406966, downTime=406966, deviceId=4, source=0xd002, displayId=0, eventId=967792272 }
09-24 18:39:23.833 807 840 W Looper : Slow dispatch took 31ms wmshell.main h=android.os.Handler c=com.android.wm.shell.common.ShellExecutor$$ExternalSyntheticLambda1@fd0bf05 m=0
09-24 18:39:23.836 1105 1105 D TaplEvents: Pilfer / pilferPointers
09-24 18:39:23.840 807 840 V ShellRecents: RecentsTransitionHandler.startRecentsTransition
09-24 18:39:23.844 807 840 V WindowManagerShell: Directly starting a new transition type=3 wct=WindowContainerTransaction { changes = {} hops = [{PendingIntent: options=Bundle[mParcelledData.dataSize=332]}] errorCallbackToken=null taskFragmentOrganizer=null } handler=com.android.wm.shell.recents.RecentsTransitionHandler@48ea264
09-24 18:39:23.845 561 1169 I InputDispatcher: Channel [Gesture Monitor] swipe-up (server) is stealing touch from [b45698c com.example.qtquickview_kotlin/com.example.qtquickview_kotlin.MainActivity (server), [Gesture Monitor] edge-swipe (server)]
09-24 18:39:23.871 807 840 V ShellRecents: [150145882] RecentsController.setTransition: id=android.os.BinderProxy@e8d718b
09-24 18:39:23.872 807 840 W Looper : Slow dispatch took 32ms wmshell.main h=android.os.Handler c=com.android.wm.shell.common.ExecutorUtils$$ExternalSyntheticLambda0@753e268 m=0
09-24 18:39:23.881 413 413 I BpBinder: onLastStrongRef automatically unlinking death recipients:
09-24 18:39:23.908 561 581 D AutofillManagerService: Close system dialogs
09-24 18:39:23.929 1105 1179 I ImeTracker: com.google.android.apps.nexuslauncher:ad227bdb: onRequestHide at ORIGIN_CLIENT_HIDE_SOFT_INPUT reason HIDE_SOFT_INPUT
09-24 18:39:23.929 1105 1179 I ImeTracker: com.google.android.apps.nexuslauncher:ad227bdb: onFailed at PHASE_CLIENT_VIEW_SERVED
09-24 18:39:23.944 807 807 I vol.VolumeDialogImpl: mDialog.dismiss() reason: volume_controller from: com.android.systemui.volume.VolumeDialogImpl$7.onDismissRequested:3
09-24 18:39:24.026 807 840 V WindowManagerShell: onTransitionReady android.os.BinderProxy@e8d718b: {id=57 t=TO_FRONT f=0x80 trk=0 r=[0@Point(0, 0)] c=[{WCT{android.window.IWindowContainerToken$Stub$Proxy@1468326} m=SHOW f=SHOW_WALLPAPER leash=Surface(name=Task=1)/@0xc5f9b67 sb=Rect(0, 0 - 1080, 2400) eb=Rect(0, 0 - 1080, 2400) d=0},{WCT{android.window.IWindowContainerToken$Stub$Proxy@eb8bd14} m=HIDE f=NONE leash=Surface(name=Task=24)/@0xfbcc9bd sb=Rect(0, 0 - 1080, 2400) eb=Rect(0, 0 - 1080, 2400) d=0},{null m=SHOW f=IS_WALLPAPER leash=Surface(name=WallpaperWindowToken{c35888f token=android.os.Binder@348cbee})/@0xe07abb2 sb=Rect(0, 0 - 1080, 2400) eb=Rect(0, 0 - 1080, 2400) d=0}]}
09-24 18:39:24.027 807 840 V WindowManagerShell: Playing animation for (#57)android.os.BinderProxy@e8d718b@0
09-24 18:39:24.027 807 840 V WindowManagerShell: try firstHandler com.android.wm.shell.recents.RecentsTransitionHandler@48ea264
09-24 18:39:24.028 807 840 V ShellRecents: [150145882] RecentsController.start
09-24 18:39:24.029 561 584 W ProcessStats: Tracking association SourceState{aafee9a com.example.qtquickview_kotlin/10184 BTop #5377} whose proc state 2 is better than process ProcessState{5e14a07 com.google.android.gms.persistent/10116 pkg=com.google.android.gms} proc state 4 (41 skipped)
09-24 18:39:24.029 807 840 V ShellRecents: adding pausing taskId=24
09-24 18:39:24.043 807 840 V ShellRecents: [150145882] RecentsController.start: calling onAnimationStart
09-24 18:39:24.043 807 840 V WindowManagerShell: animated by firstHandler
09-24 18:39:24.046 413 918 I BpBinder: onLastStrongRef automatically unlinking death recipients:
09-24 18:39:24.052 807 840 V ShellRecents: [150145882] RecentsController.setInputConsumerEnabled: set focus to recents
09-24 18:39:24.054 561 694 E HandwritingModeController: Cannot get requestId: Handwriting was not initialized.
09-24 18:39:24.114 561 581 V WindowManager: Sent Transition #57 createdAt=09-24 18:39:23.848
09-24 18:39:24.114 561 581 V WindowManager: startWCT=WindowContainerTransaction { changes = {} hops = [{PendingIntent: options=Bundle[{android.activity.splashScreenStyle=-1, android.activity.sourceInfo=android.app.ActivityOptions$SourceInfo@1373ef0, android.activity.transientLaunch=true}]}] errorCallbackToken=null taskFragmentOrganizer=null }
09-24 18:39:24.114 561 581 V WindowManager: info={id=57 t=TO_FRONT f=0x80 trk=0 r=[0@Point(0, 0)] c=[{WCT{RemoteToken{5486296 Task{6e71f63 #1 type=home}}} m=SHOW f=SHOW_WALLPAPER leash=Surface(name=Task=1)/@0xbadec5f sb=Rect(0, 0 - 1080, 2400) eb=Rect(0, 0 - 1080, 2400) d=0},{WCT{RemoteToken{cce20d7 Task{7e7539 #24 type=standard A=10184:com.example.qtquickview_kotlin}}} m=HIDE f=NONE leash=Surface(name=Task=24)/@0xebc9271 sb=Rect(0, 0 - 1080, 2400) eb=Rect(0, 0 - 1080, 2400) d=0},{null m=SHOW f=IS_WALLPAPER leash=Surface(name=WallpaperWindowToken{c35888f token=android.os.Binder@348cbee})/@0x94640b9 sb=Rect(0, 0 - 1080, 2400) eb=Rect(0, 0 - 1080, 2400) d=0}]}
09-24 18:39:24.699 1105 1105 D MotionPauseDetector: onMotionPauseChanged, paused=true reason=Didn't have back to back slow speeds, checking for rapid deceleration on first pause only
09-24 18:39:24.942 807 807 D StatusBarIconController: ignoring old pipeline callback because the new wifi icon is enabled
09-24 18:39:24.968 5893 5931 D ProfileInstaller: Installing profile for com.example.qtquickview_kotlin
09-24 18:39:25.012 1105 1933 D EGL_emulation: app_time_stats: avg=44.18ms min=9.90ms max=481.05ms count=17
09-24 18:39:25.043 1105 1105 D MotionPauseDetector: onMotionPauseChanged, paused=false reason=Was paused, but started moving at a fast speed
09-24 18:39:25.311 1105 1105 D MotionPauseDetector: onMotionPauseChanged, paused=true reason=Pause requires back to back slow speeds
09-24 18:39:25.829 1105 1105 D MotionPauseDetector: onMotionPauseChanged, paused=false reason=Was paused, but started moving at a fast speed
09-24 18:39:25.836 1105 1105 D TaplEvents: TIS / TouchInteractionService.onInputEvent: MotionEvent { action=ACTION_UP, actionButton=0, id[0]=0, x[0]=1014.93945, y[0]=474.9756, toolType[0]=TOOL_TYPE_FINGER, buttonState=0, classification=NONE, metaState=0, flags=0x0, edgeFlags=0x0, pointerCount=1, historySize=0, eventTime=409001, downTime=406966, deviceId=4, source=0xd002, displayId=0, eventId=847620854 }
09-24 18:39:25.873 561 694 E HandwritingModeController: Cannot get requestId: Handwriting was not initialized.
09-24 18:39:25.875 561 694 E HandwritingModeController: Cannot get requestId: Handwriting was not initialized.
09-24 18:39:26.034 1105 1933 D EGL_emulation: app_time_stats: avg=12.58ms min=8.37ms max=40.53ms count=35
09-24 18:39:26.121 355 3297 D android.hardware.audio@7.1-impl.ranchu: threadLoop: entering standby, frames: 5245152
09-24 18:39:26.161 561 694 E HandwritingModeController: Cannot get requestId: Handwriting was not initialized.
09-24 18:39:26.236 807 840 V ShellRecents: [150145882] RecentsController.finishInner: toHome=false userLeave=false willFinishToHome=false state=0
09-24 18:39:26.236 807 840 V ShellRecents: returning to app
09-24 18:39:26.236 807 840 V ShellRecents: [150145882] RecentsController.cleanup
09-24 18:39:26.237 807 840 V WindowManagerShell: Transition animation finished (aborted=false), notifying core (#57)android.os.BinderProxy@e8d718b@0
09-24 18:39:26.245 561 581 V WindowManager: Finish Transition #57: created at
09-24 18:39:23.848 collect-started=2.596ms started=2.636ms ready=21.621ms sent=176.808ms finished=2397.449ms
09-24 18:39:26.261 561 584 D OomAdjuster: Not killing cached processes
09-24 18:39:26.263 807 840 V WindowManagerShell: Track 0 became idle
09-24 18:39:26.263 807 840 V WindowManagerShell: All active transition animations finished
09-24 18:39:26.291 561 584 V WindowManager: Unknown focus tokens, dropping reportFocusChanged
09-24 18:39:26.306 1105 1179 I ImeTracker: com.google.android.apps.nexuslauncher:2b4ba06b: onRequestHide at ORIGIN_CLIENT_HIDE_SOFT_INPUT reason HIDE_SOFT_INPUT
09-24 18:39:26.307 1105 1179 I ImeTracker: com.google.android.apps.nexuslauncher:2b4ba06b: onFailed at PHASE_CLIENT_VIEW_SERVED
09-24 18:39:26.311 807 807 D StatusBarIconController: ignoring old pipeline callbacks, because the new mobile icons are enabled
09-24 18:39:26.322 561 657 I ImeTracker: com.example.qtquickview_kotlin:cd8ed878: onRequestHide at ORIGIN_SERVER_HIDE_INPUT reason HIDE_SAME_WINDOW_FOCUSED_WITHOUT_EDITOR
09-24 18:39:26.324 561 657 I ImeTracker: com.example.qtquickview_kotlin:cd8ed878: onCancelled at PHASE_SERVER_SHOULD_HIDE
09-24 18:39:26.326 1105 1179 I ImeTracker: com.google.android.apps.nexuslauncher:cdb167ca: onRequestHide at ORIGIN_CLIENT_HIDE_SOFT_INPUT reason HIDE_SOFT_INPUT
09-24 18:39:26.327 1105 1179 I ImeTracker: com.google.android.apps.nexuslauncher:cdb167ca: onFailed at PHASE_CLIENT_VIEW_SERVED
09-24 18:39:26.328 1105 2176 D OneSearchSuggestProvider: Shut down the binder channel
09-24 18:39:26.333 1575 1575 I GoogleInputMethodService: GoogleInputMethodService.onFinishInput():3227
09-24 18:39:26.337 1575 1575 I GoogleInputMethodService: GoogleInputMethodService.updateDeviceLockedStatus():2087 repeatCheckTimes = 0, unlocked = true
09-24 18:39:26.337 1575 1575 I GoogleInputMethodService: GoogleInputMethodService.onStartInput():1877 onStartInput(EditorInfo{inputType=0x0(NULL) imeOptions=0x0 privateImeOptions=null actionName=UNSPECIFIED actionLabel=null actionId=0 initialSelStart=-1 initialSelEnd=-1 initialCapsMode=0x0 hintText=null label=null packageName=com.example.qtquickview_kotlin fieldId=0 fieldName=null extras=null}, false)
09-24 18:39:26.337 1575 1575 I GoogleInputMethodService: GoogleInputMethodService.shouldHideHeaderOnInitialState():4008 ShouldHideHeaderOnInitialState = false
09-24 18:39:26.337 1575 1575 I GoogleInputMethodService: GoogleInputMethodService.updateDeviceLockedStatus():2087 repeatCheckTimes = 2, unlocked = true
09-24 18:39:26.347 5893 5912 D EGL_emulation: app_time_stats: avg=161.03ms min=8.45ms max=2069.13ms count=16
09-24 18:39:26.365 413 413 W SurfaceFlinger: couldn't log to binary event log: overflow.
09-24 18:39:26.843 969 1204 D BtGatt.ScanManager: uid 10116 isForeground true scanMode 1
09-24 18:39:26.843 969 1204 D BtGatt.ScanManager: uid 10116 isForeground true scanMode -1
09-24 18:39:28.018 1105 1105 D TaplEvents: TIS / TouchInteractionService.onInputEvent: MotionEvent { action=ACTION_DOWN, actionButton=0, id[0]=0, x[0]=545.9658, y[0]=2383.8867, toolType[0]=TOOL_TYPE_FINGER, buttonState=0, classification=NONE, metaState=0, flags=0x0, edgeFlags=0x0, pointerCount=1, historySize=0, eventTime=411212, downTime=411212, deviceId=4, source=0xd002, displayId=0, eventId=1048216387 }
09-24 18:39:28.027 807 840 V ShellRecents: RecentsTransitionHandler.startRecentsTransition
09-24 18:39:28.027 807 840 V WindowManagerShell: Directly starting a new transition type=3 wct=WindowContainerTransaction { changes = {} hops = [{PendingIntent: options=Bundle[mParcelledData.dataSize=332]}] errorCallbackToken=null taskFragmentOrganizer=null } handler=com.android.wm.shell.recents.RecentsTransitionHandler@48ea264
09-24 18:39:28.047 413 413 I BpBinder: onLastStrongRef automatically unlinking death recipients:
09-24 18:39:28.050 1105 1179 I ImeTracker: com.google.android.apps.nexuslauncher:357524db: onRequestHide at ORIGIN_CLIENT_HIDE_SOFT_INPUT reason HIDE_SOFT_INPUT
09-24 18:39:28.050 1105 1179 I ImeTracker: com.google.android.apps.nexuslauncher:357524db: onFailed at PHASE_CLIENT_VIEW_SERVED
09-24 18:39:28.058 807 840 V ShellRecents: [247107679] RecentsController.setTransition: id=android.os.BinderProxy@5e69aac
09-24 18:39:28.058 807 840 W Looper : Slow dispatch took 32ms wmshell.main h=android.os.Handler c=com.android.wm.shell.common.ExecutorUtils$$ExternalSyntheticLambda0@3587375 m=0
09-24 18:39:28.059 1105 1105 D TaplEvents: Pilfer / pilferPointers
09-24 18:39:28.062 561 581 D AutofillManagerService: Close system dialogs
09-24 18:39:28.067 561 657 I InputDispatcher: Channel [Gesture Monitor] swipe-up (server) is stealing touch from [b45698c com.example.qtquickview_kotlin/com.example.qtquickview_kotlin.MainActivity (server), [Gesture Monitor] edge-swipe (server)]
09-24 18:39:28.068 807 807 I vol.VolumeDialogImpl: mDialog.dismiss() reason: volume_controller from: com.android.systemui.volume.VolumeDialogImpl$7.onDismissRequested:3
09-24 18:39:28.105 413 786 I BpBinder: onLastStrongRef automatically unlinking death recipients:
09-24 18:39:28.106 807 840 V WindowManagerShell: onTransitionReady android.os.BinderProxy@5e69aac: {id=58 t=TO_FRONT f=0x80 trk=0 r=[0@Point(0, 0)] c=[{WCT{android.window.IWindowContainerToken$Stub$Proxy@2a1d37b} m=SHOW f=SHOW_WALLPAPER leash=Surface(name=Task=1)/@0x978b598 sb=Rect(0, 0 - 1080, 2400) eb=Rect(0, 0 - 1080, 2400) d=0},{WCT{android.window.IWindowContainerToken$Stub$Proxy@b49d1f1} m=HIDE f=NONE leash=Surface(name=Task=24)/@0xdcc01d6 sb=Rect(0, 0 - 1080, 2400) eb=Rect(0, 0 - 1080, 2400) d=0},{null m=SHOW f=IS_WALLPAPER leash=Surface(name=WallpaperWindowToken{c35888f token=android.os.Binder@348cbee})/@0x9f02c57 sb=Rect(0, 0 - 1080, 2400) eb=Rect(0, 0 - 1080, 2400) d=0}]}
09-24 18:39:28.108 807 840 V WindowManagerShell: Playing animation for (#58)android.os.BinderProxy@5e69aac@0
09-24 18:39:28.108 807 840 V WindowManagerShell: try firstHandler com.android.wm.shell.recents.RecentsTransitionHandler@48ea264
09-24 18:39:28.109 807 840 V ShellRecents: [247107679] RecentsController.start
09-24 18:39:28.110 807 840 V ShellRecents: adding pausing taskId=24
09-24 18:39:28.111 807 840 V ShellRecents: [247107679] RecentsController.start: calling onAnimationStart
09-24 18:39:28.111 561 581 V WindowManager: Sent Transition #58 createdAt=09-24 18:39:28.029
09-24 18:39:28.111 807 840 V WindowManagerShell: animated by firstHandler
09-24 18:39:28.111 561 581 V WindowManager: startWCT=WindowContainerTransaction { changes = {} hops = [{PendingIntent: options=Bundle[{android.activity.splashScreenStyle=-1, android.activity.sourceInfo=android.app.ActivityOptions$SourceInfo@4c5824c, android.activity.transientLaunch=true}]}] errorCallbackToken=null taskFragmentOrganizer=null }
09-24 18:39:28.112 561 581 V WindowManager: info={id=58 t=TO_FRONT f=0x80 trk=0 r=[0@Point(0, 0)] c=[{WCT{RemoteToken{5486296 Task{6e71f63 #1 type=home}}} m=SHOW f=SHOW_WALLPAPER leash=Surface(name=Task=1)/@0xbadec5f sb=Rect(0, 0 - 1080, 2400) eb=Rect(0, 0 - 1080, 2400) d=0},{WCT{RemoteToken{cce20d7 Task{7e7539 #24 type=standard A=10184:com.example.qtquickview_kotlin}}} m=HIDE f=NONE leash=Surface(name=Task=24)/@0xebc9271 sb=Rect(0, 0 - 1080, 2400) eb=Rect(0, 0 - 1080, 2400) d=0},{null m=SHOW f=IS_WALLPAPER leash=Surface(name=WallpaperWindowToken{c35888f token=android.os.Binder@348cbee})/@0x94640b9 sb=Rect(0, 0 - 1080, 2400) eb=Rect(0, 0 - 1080, 2400) d=0}]}
09-24 18:39:28.118 561 694 E HandwritingModeController: Cannot get requestId: Handwriting was not initialized.
09-24 18:39:28.122 807 840 V ShellRecents: [247107679] RecentsController.setInputConsumerEnabled: set focus to recents
09-24 18:39:28.188 5893 5912 D EGL_emulation: app_time_stats: avg=261.06ms min=12.35ms max=1721.83ms count=7
09-24 18:39:28.343 5893 5903 I uickview_kotlin: NativeAlloc concurrent copying GC freed 22521(1781KB) AllocSpace objects, 1(20KB) LOS objects, 49% free, 3887KB/7774KB, paused 91us,8us total 118.319ms
09-24 18:39:28.491 1105 1105 D MotionPauseDetector: onMotionPauseChanged, paused=true reason=Didn't have back to back slow speeds, checking for rapid deceleration on first pause only
09-24 18:39:28.697 1105 1105 D TaplEvents: TIS / TouchInteractionService.onInputEvent: MotionEvent { action=ACTION_UP, actionButton=0, id[0]=0, x[0]=572.959, y[0]=5.932617, toolType[0]=TOOL_TYPE_FINGER, buttonState=0, classification=NONE, metaState=0, flags=0x0, edgeFlags=0x0, pointerCount=1, historySize=0, eventTime=411879, downTime=411212, deviceId=4, source=0xd002, displayId=0, eventId=812505265 }
09-24 18:39:29.103 1105 1105 W FrameTracker: Missed SF frame:UNKNOWN: 80, 189480, 36204946, CUJ=J
09-24 18:39:29.103 1105 1105 W FrameTracker: Missing HWUI jank callback for vsyncId: 189517, CUJ=J
09-24 18:39:29.103 1105 1105 W FrameTracker: Missing HWUI jank callback for vsyncId: 189539, CUJ=J
09-24 18:39:29.103 1105 1105 W FrameTracker: Missing HWUI jank callback for vsyncId: 189871, CUJ=J
09-24 18:39:29.103 1105 1105 W FrameTracker: Missing HWUI jank callback for vsyncId: 189880, CUJ=J
09-24 18:39:29.105 807 1353 V ShellRecents: [247107679] RecentsController.screenshotTask: taskId=24
09-24 18:39:29.112 807 897 D EGL_emulation: app_time_stats: avg=1704.35ms min=47.31ms max=8274.45ms count=5
09-24 18:39:29.123 1105 1933 D EGL_emulation: app_time_stats: avg=14.45ms min=7.46ms max=39.20ms count=34
09-24 18:39:29.165 1105 1179 I ImeTracker: com.google.android.apps.nexuslauncher:64e1e472: onRequestHide at ORIGIN_CLIENT_HIDE_SOFT_INPUT reason HIDE_SOFT_INPUT
09-24 18:39:29.165 1105 1179 I ImeTracker: com.google.android.apps.nexuslauncher:64e1e472: onFailed at PHASE_CLIENT_VIEW_SERVED
09-24 18:39:29.187 1658 1853 I AiAiEcho: Predicting[0]:
09-24 18:39:29.187 1658 1853 I AiAiEcho: EchoTargets:
