09-24 18:40:06.026 807 840 V WindowManagerShell: onTransitionReady android.os.BinderProxy@1a3ac2b: {id=65 t=TO_FRONT f=0x80 trk=0 r=[0@Point(0, 0)] c=[{WCT{android.window.IWindowContainerToken$Stub$Proxy@1c5ab6} m=SHOW f=SHOW_WALLPAPER leash=Surface(name=Task=1)/@0xe7a43b7 sb=Rect(0, 0 - 1080, 2400) eb=Rect(0, 0 - 1080, 2400) d=0},{WCT{android.window.IWindowContainerToken$Stub$Proxy@13ac724} m=HIDE f=NONE leash=Surface(name=Task=27)/@0x88bf28d sb=Rect(0, 0 - 1080, 2400) eb=Rect(0, 0 - 1080, 2400) d=0},{null m=SHOW f=IS_WALLPAPER leash=Surface(name=WallpaperWindowToken{c35888f token=android.os.Binder@348cbee})/@0xd8b6c42 sb=Rect(0, 0 - 1080, 2400) eb=Rect(0, 0 - 1080, 2400) d=0}]}
09-24 18:40:06.026 807 840 V WindowManagerShell: Playing animation for (#65)android.os.BinderProxy@1a3ac2b@0
09-24 18:40:06.026 807 840 V WindowManagerShell: try firstHandler com.android.wm.shell.recents.RecentsTransitionHandler@48ea264
09-24 18:40:06.026 807 840 V ShellRecents: [38828030] RecentsController.start
09-24 18:40:06.026 561 581 V WindowManager: Sent Transition #65 createdAt=09-24 18:40:05.862
09-24 18:40:06.027 561 581 V WindowManager: startWCT=WindowContainerTransaction { changes = {} hops = [{PendingIntent: options=Bundle[{android.activity.splashScreenStyle=-1, android.activity.sourceInfo=android.app.ActivityOptions$SourceInfo@592abc5, android.activity.transientLaunch=true}]}] errorCallbackToken=null taskFragmentOrganizer=null }
09-24 18:40:06.027 561 581 V WindowManager: info={id=65 t=TO_FRONT f=0x80 trk=0 r=[0@Point(0, 0)] c=[{WCT{RemoteToken{5486296 Task{6e71f63 #1 type=home}}} m=SHOW f=SHOW_WALLPAPER leash=Surface(name=Task=1)/@0xbadec5f sb=Rect(0, 0 - 1080, 2400) eb=Rect(0, 0 - 1080, 2400) d=0},{WCT{RemoteToken{716b97c Task{fbf7776 #27 type=standard A=10184:com.example.qtquickview_kotlin}}} m=HIDE f=NONE leash=Surface(name=Task=27)/@0x8b9ff4e sb=Rect(0, 0 - 1080, 2400) eb=Rect(0, 0 - 1080, 2400) d=0},{null m=SHOW f=IS_WALLPAPER leash=Surface(name=WallpaperWindowToken{c35888f token=android.os.Binder@348cbee})/@0x94640b9 sb=Rect(0, 0 - 1080, 2400) eb=Rect(0, 0 - 1080, 2400) d=0}]}
09-24 18:40:06.027 807 840 V ShellRecents: adding pausing taskId=27
09-24 18:40:06.028 807 840 V ShellRecents: [38828030] RecentsController.start: calling onAnimationStart
09-24 18:40:06.029 807 840 V WindowManagerShell: animated by firstHandler
09-24 18:40:06.039 413 430 I BpBinder: onLastStrongRef automatically unlinking death recipients:
09-24 18:40:06.066 807 840 V ShellRecents: [38828030] RecentsController.setInputConsumerEnabled: set focus to recents
09-24 18:40:06.110 561 584 D OomAdjuster: Not killing cached processes
09-24 18:40:06.111 1105 1105 D MotionPauseDetector: onMotionPauseChanged, paused=true reason=Didn't have back to back slow speeds, checking for rapid deceleration on first pause only
09-24 18:40:06.120 561 584 W ProcessStats: Tracking association SourceState{aafee9a com.example.qtquickview_kotlin/10184 BTop #5505} whose proc state 2 is better than process ProcessState{5e14a07 com.google.android.gms.persistent/10116 pkg=com.google.android.gms} proc state 4 (18 skipped)
09-24 18:40:06.121 807 840 W Looper : Slow dispatch took 55ms wmshell.main h=android.os.Handler c=com.android.wm.shell.recents.RecentsTransitionHandler$RecentsController$$ExternalSyntheticLambda1@706c353 m=0
09-24 18:40:06.122 561 694 E HandwritingModeController: Cannot get requestId: Handwriting was not initialized.
09-24 18:40:06.223 561 581 W Looper : Slow dispatch took 119ms android.fg h=android.os.Handler c=com.android.server.wm.ActivityMetricsLogger$$ExternalSyntheticLambda0@2742227 m=0
09-24 18:40:06.341 6034 6055 D EGL_emulation: app_time_stats: avg=39.51ms min=8.15ms max=883.66ms count=34
09-24 18:40:06.742 6034 6073 W uickview_kotlin: Verification of void androidx.profileinstaller.ProfileInstaller.() took 270.095ms (55.54 bytecodes/s) (1736B approximate peak alloc)
09-24 18:40:06.746 807 824 I ndroid.systemui: Background young concurrent copying GC freed 446115(20MB) AllocSpace objects, 1(20KB) LOS objects, 42% free, 20MB/34MB, paused 37.884ms,105us total 448.129ms
09-24 18:40:06.747 6034 6073 D ProfileInstaller: Installing profile for com.example.qtquickview_kotlin
09-24 18:40:06.751 807 807 D StatusBarIconController: ignoring old pipeline callbacks, because the new mobile icons are enabled
09-24 18:40:06.995 1105 1933 D EGL_emulation: app_time_stats: avg=14.21ms min=6.93ms max=29.48ms count=33
09-24 18:40:07.414 1105 1105 D MotionPauseDetector: onMotionPauseChanged, paused=false reason=Was paused, but started moving at a fast speed
09-24 18:40:07.439 1105 1105 D TaplEvents: TIS / TouchInteractionService.onInputEvent: MotionEvent { action=ACTION_UP, actionButton=0, id[0]=0, x[0]=1054.9512, y[0]=1031.9092, toolType[0]=TOOL_TYPE_FINGER, buttonState=0, classification=NONE, metaState=0, flags=0x0, edgeFlags=0x0, pointerCount=1, historySize=0, eventTime=450626, downTime=448999, deviceId=4, source=0xd002, displayId=0, eventId=708063518 }
09-24 18:40:07.454 561 694 E HandwritingModeController: Cannot get requestId: Handwriting was not initialized.
09-24 18:40:07.455 561 694 E HandwritingModeController: Cannot get requestId: Handwriting was not initialized.
09-24 18:40:07.616 807 807 D StatusBarIconController: ignoring old pipeline callback because the new wifi icon is enabled
09-24 18:40:07.763 561 694 E HandwritingModeController: Cannot get requestId: Handwriting was not initialized.
09-24 18:40:07.791 355 3297 D android.hardware.audio@7.1-impl.ranchu: threadLoop: entering standby, frames: 6315936
09-24 18:40:07.805 807 840 V ShellRecents: [38828030] RecentsController.finishInner: toHome=false userLeave=false willFinishToHome=false state=0
09-24 18:40:07.807 807 840 V ShellRecents: returning to app
09-24 18:40:07.809 807 840 V ShellRecents: [38828030] RecentsController.cleanup
09-24 18:40:07.809 807 840 V WindowManagerShell: Transition animation finished (aborted=false), notifying core (#65)android.os.BinderProxy@1a3ac2b@0
09-24 18:40:07.816 969 1204 D BtGatt.ScanManager: uid 10116 isForeground true scanMode 1
09-24 18:40:07.816 969 1204 D BtGatt.ScanManager: uid 10116 isForeground true scanMode -1
09-24 18:40:07.820 561 581 V WindowManager: Finish Transition #65: created at
09-24 18:40:05.862 collect-started=1.691ms started=2.108ms ready=14.49ms sent=161.015ms finished=1957.446ms
09-24 18:40:07.830 807 840 V WindowManagerShell: Track 0 became idle
09-24 18:40:07.830 807 840 V WindowManagerShell: All active transition animations finished
09-24 18:40:07.865 561 2218 I ImeTracker: com.example.qtquickview_kotlin:2a8d6e5: onRequestHide at ORIGIN_SERVER_HIDE_INPUT reason HIDE_SAME_WINDOW_FOCUSED_WITHOUT_EDITOR
09-24 18:40:07.865 561 2218 I ImeTracker: com.example.qtquickview_kotlin:2a8d6e5: onCancelled at PHASE_SERVER_SHOULD_HIDE
09-24 18:40:07.871 1575 1575 I GoogleInputMethodService: GoogleInputMethodService.onFinishInput():3227
09-24 18:40:07.875 1575 1575 I GoogleInputMethodService: GoogleInputMethodService.updateDeviceLockedStatus():2087 repeatCheckTimes = 0, unlocked = true
09-24 18:40:07.876 1575 1575 I GoogleInputMethodService: GoogleInputMethodService.onStartInput():1877 onStartInput(EditorInfo{inputType=0x0(NULL) imeOptions=0x0 privateImeOptions=null actionName=UNSPECIFIED actionLabel=null actionId=0 initialSelStart=-1 initialSelEnd=-1 initialCapsMode=0x0 hintText=null label=null packageName=com.example.qtquickview_kotlin fieldId=0 fieldName=null extras=null}, false)
09-24 18:40:07.876 1575 1575 I GoogleInputMethodService: GoogleInputMethodService.shouldHideHeaderOnInitialState():4008 ShouldHideHeaderOnInitialState = false
09-24 18:40:07.879 1575 1575 I GoogleInputMethodService: GoogleInputMethodService.updateDeviceLockedStatus():2087 repeatCheckTimes = 2, unlocked = true
09-24 18:40:07.889 1105 1179 I ImeTracker: com.google.android.apps.nexuslauncher:ee6d559b: onRequestHide at ORIGIN_CLIENT_HIDE_SOFT_INPUT reason HIDE_SOFT_INPUT
09-24 18:40:07.890 1105 1179 I ImeTracker: com.google.android.apps.nexuslauncher:ee6d559b: onFailed at PHASE_CLIENT_VIEW_SERVED
09-24 18:40:07.894 6034 6055 D EGL_emulation: app_time_stats: avg=369.57ms min=15.01ms max=1422.50ms count=4
09-24 18:40:07.916 1105 1179 I ImeTracker: com.google.android.apps.nexuslauncher:b91edf45: onRequestHide at ORIGIN_CLIENT_HIDE_SOFT_INPUT reason HIDE_SOFT_INPUT
09-24 18:40:07.916 1105 1179 I ImeTracker: com.google.android.apps.nexuslauncher:b91edf45: onFailed at PHASE_CLIENT_VIEW_SERVED
09-24 18:40:07.918 1105 2176 D OneSearchSuggestProvider: Shut down the binder channel
09-24 18:40:07.947 413 413 W SurfaceFlinger: couldn't log to binary event log: overflow.
09-24 18:40:09.664 1105 1105 D TaplEvents: TIS / TouchInteractionService.onInputEvent: MotionEvent { action=ACTION_DOWN, actionButton=0, id[0]=0, x[0]=567.9824, y[0]=2379.8584, toolType[0]=TOOL_TYPE_FINGER, buttonState=0, classification=NONE, metaState=0, flags=0x0, edgeFlags=0x0, pointerCount=1, historySize=0, eventTime=452859, downTime=452859, deviceId=4, source=0xd002, displayId=0, eventId=3088802 }
09-24 18:40:09.670 807 840 V ShellRecents: RecentsTransitionHandler.startRecentsTransition
09-24 18:40:09.670 807 840 V WindowManagerShell: Directly starting a new transition type=3 wct=WindowContainerTransaction { changes = {} hops = [{PendingIntent: options=Bundle[mParcelledData.dataSize=332]}] errorCallbackToken=null taskFragmentOrganizer=null } handler=com.android.wm.shell.recents.RecentsTransitionHandler@48ea264
09-24 18:40:09.679 807 840 V ShellRecents: [34097556] RecentsController.setTransition: id=android.os.BinderProxy@6a9c3d
09-24 18:40:09.680 413 413 I BpBinder: onLastStrongRef automatically unlinking death recipients:
09-24 18:40:09.696 1105 1105 D TaplEvents: Pilfer / pilferPointers
09-24 18:40:09.702 561 1872 I InputDispatcher: Channel [Gesture Monitor] swipe-up (server) is stealing touch from [919bc62 com.example.qtquickview_kotlin/com.example.qtquickview_kotlin.MainActivity (server), [Gesture Monitor] edge-swipe (server)]
09-24 18:40:09.710 1105 1179 I ImeTracker: com.google.android.apps.nexuslauncher:3bf9e5ec: onRequestHide at ORIGIN_CLIENT_HIDE_SOFT_INPUT reason HIDE_SOFT_INPUT
09-24 18:40:09.710 1105 1179 I ImeTracker: com.google.android.apps.nexuslauncher:3bf9e5ec: onFailed at PHASE_CLIENT_VIEW_SERVED
09-24 18:40:09.713 561 581 D AutofillManagerService: Close system dialogs
09-24 18:40:09.733 807 807 I vol.VolumeDialogImpl: mDialog.dismiss() reason: volume_controller from: com.android.systemui.volume.VolumeDialogImpl$7.onDismissRequested:3
09-24 18:40:09.761 807 840 V WindowManagerShell: onTransitionReady android.os.BinderProxy@6a9c3d: {id=66 t=TO_FRONT f=0x80 trk=0 r=[0@Point(0, 0)] c=[{WCT{android.window.IWindowContainerToken$Stub$Proxy@e73515b} m=SHOW f=SHOW_WALLPAPER leash=Surface(name=Task=1)/@0x1458df8 sb=Rect(0, 0 - 1080, 2400) eb=Rect(0, 0 - 1080, 2400) d=0},{WCT{android.window.IWindowContainerToken$Stub$Proxy@1af32d1} m=HIDE f=NONE leash=Surface(name=Task=27)/@0x7ba8136 sb=Rect(0, 0 - 1080, 2400) eb=Rect(0, 0 - 1080, 2400) d=0},{null m=SHOW f=IS_WALLPAPER leash=Surface(name=WallpaperWindowToken{c35888f token=android.os.Binder@348cbee})/@0x38ba837 sb=Rect(0, 0 - 1080, 2400) eb=Rect(0, 0 - 1080, 2400) d=0}]}
09-24 18:40:09.761 807 840 V WindowManagerShell: Playing animation for (#66)android.os.BinderProxy@6a9c3d@0
09-24 18:40:09.761 807 840 V WindowManagerShell: try firstHandler com.android.wm.shell.recents.RecentsTransitionHandler@48ea264
09-24 18:40:09.763 561 581 V WindowManager: Sent Transition #66 createdAt=09-24 18:40:09.671
09-24 18:40:09.763 561 581 V WindowManager: startWCT=WindowContainerTransaction { changes = {} hops = [{PendingIntent: options=Bundle[{android.activity.splashScreenStyle=-1, android.activity.sourceInfo=android.app.ActivityOptions$SourceInfo@26999b3, android.activity.transientLaunch=true}]}] errorCallbackToken=null taskFragmentOrganizer=null }
09-24 18:40:09.763 561 581 V WindowManager: info={id=66 t=TO_FRONT f=0x80 trk=0 r=[0@Point(0, 0)] c=[{WCT{RemoteToken{5486296 Task{6e71f63 #1 type=home}}} m=SHOW f=SHOW_WALLPAPER leash=Surface(name=Task=1)/@0xbadec5f sb=Rect(0, 0 - 1080, 2400) eb=Rect(0, 0 - 1080, 2400) d=0},{WCT{RemoteToken{716b97c Task{fbf7776 #27 type=standard A=10184:com.example.qtquickview_kotlin}}} m=HIDE f=NONE leash=Surface(name=Task=27)/@0x8b9ff4e sb=Rect(0, 0 - 1080, 2400) eb=Rect(0, 0 - 1080, 2400) d=0},{null m=SHOW f=IS_WALLPAPER leash=Surface(name=WallpaperWindowToken{c35888f token=android.os.Binder@348cbee})/@0x94640b9 sb=Rect(0, 0 - 1080, 2400) eb=Rect(0, 0 - 1080, 2400) d=0}]}
09-24 18:40:09.763 807 840 V ShellRecents: [34097556] RecentsController.start
09-24 18:40:09.765 807 840 V ShellRecents: adding pausing taskId=27
09-24 18:40:09.766 807 840 V ShellRecents: [34097556] RecentsController.start: calling onAnimationStart
09-24 18:40:09.766 807 840 V WindowManagerShell: animated by firstHandler
09-24 18:40:09.773 807 840 V ShellRecents: [34097556] RecentsController.setInputConsumerEnabled: set focus to recents
09-24 18:40:09.777 413 430 I BpBinder: onLastStrongRef automatically unlinking death recipients:
09-24 18:40:09.784 561 694 E HandwritingModeController: Cannot get requestId: Handwriting was not initialized.
09-24 18:40:09.852 6034 6055 D EGL_emulation: app_time_stats: avg=276.16ms min=7.07ms max=1845.55ms count=7
09-24 18:40:09.958 6034 6044 I uickview_kotlin: NativeAlloc concurrent copying GC freed 22540(1781KB) AllocSpace objects, 1(20KB) LOS objects, 49% free, 3870KB/7741KB, paused 45us,7us total 144.251ms
09-24 18:40:10.107 1105 1105 D MotionPauseDetector: onMotionPauseChanged, paused=true reason=Didn't have back to back slow speeds, checking for rapid deceleration on first pause only
09-24 18:40:10.770 1105 1933 D EGL_emulation: app_time_stats: avg=11.82ms min=6.92ms max=23.44ms count=35
09-24 18:40:10.882 561 1843 E TaskPersister: File error accessing recents directory (directory doesn't exist?).
09-24 18:40:11.190 1105 1105 D TaplEvents: TIS / TouchInteractionService.onInputEvent: MotionEvent { action=ACTION_UP, actionButton=0, id[0]=0, x[0]=1067.9375, y[0]=655.95703, toolType[0]=TOOL_TYPE_FINGER, buttonState=0, classification=NONE, metaState=0, flags=0x0, edgeFlags=0x0, pointerCount=1, historySize=0, eventTime=454366, downTime=452859, deviceId=4, source=0xd002, displayId=0, eventId=1046317684 }
09-24 18:40:11.616 807 1353 V ShellRecents: [34097556] RecentsController.screenshotTask: taskId=27
09-24 18:40:11.681 807 897 D EGL_emulation: app_time_stats: avg=2494.00ms min=42.43ms max=9713.41ms count=4
09-24 18:40:11.716 1105 1179 I ImeTracker: com.google.android.apps.nexuslauncher:e334fdd6: onRequestHide at ORIGIN_CLIENT_HIDE_SOFT_INPUT reason HIDE_SOFT_INPUT
09-24 18:40:11.717 1105 1179 I ImeTracker: com.google.android.apps.nexuslauncher:e334fdd6: onFailed at PHASE_CLIENT_VIEW_SERVED
09-24 18:40:11.726 1658 1853 I AiAiEcho: Predicting[0]:
09-24 18:40:11.726 1658 1853 I AiAiEcho: EchoTargets:
09-24 18:40:11.726 1658 1853 I AiAiEcho: Filtered by AiAi flag check:
09-24 18:40:11.726 1658 1853 I AiAiEcho: Ranked targets strategy: SORT, count: 0, ranking metadata:
09-24 18:40:11.740 1105 1105 I AiAiSuggestUi: Clearing suggestions.
09-24 18:40:11.740 1105 1105 I AiAiSuggestUi: Requesting to show indicators
09-24 18:40:11.744 1105 1105 I AiAiSuggestUi: Fetching contents, isPrimaryTask = true
09-24 18:40:11.771 1105 1933 D EGL_emulation: app_time_stats: avg=17.26ms min=7.04ms max=94.09ms count=28
09-24 18:40:11.812 1658 1853 I AiAiEcho: #postPredictionTargets: Sending updates to UISurface home with targets# 0 (types=[])
09-24 18:40:11.852 1658 1658 W AiAiOverview: ProcessContentImage contextImage is null
09-24 18:40:11.855 807 1353 V ShellRecents: [34097556] RecentsController.detachNavigationBarFromApp
09-24 18:40:11.861 561 1873 D OomAdjuster: Not killing cached processes
09-24 18:40:11.864 969 1204 D BtGatt.ScanManager: uid 10116 isForeground true scanMode 1
09-24 18:40:11.864 969 1204 D BtGatt.ScanManager: uid 10116 isForeground true scanMode -1
09-24 18:40:11.877 561 1794 W AppSearchIcing: icing-search-engine.cc:283: Error: 5, Message: Document (com.google.android.googlequicksearchbox$OneSearchZeroStateGoogleSuggestions/default, zp) not found.
09-24 18:40:11.902 1105 2176 D OneSearchSuggestProvider: Created the binder channel successfully for end point service =com.google.android.apps.search.googleapp.search.suggest.plugins.onesearch.server.OneSearchSuggestService , mChannel=z1{delegate=s1{logId=101, target=directaddress:///AndroidComponentAddress%5BIntent%20%7B%20act=grpc.io.action.BIND%20cmp=com.google.android.googlequicksearchbox/com.google.android.apps.search.googleapp.search.suggest.plugins.onesearch.server.OneSearchSuggestService%20%7D%5D}} , mOneSearchConnection=X1.T@5ceab91
09-24 18:40:11.950 1932 1932 I A : Created gRPC endpoint to "search" for service class com.google.android.apps.search.googleapp.search.suggest.plugins.onesearch.server.OneSearchSuggestService
09-24 18:40:11.954 1932 1932 W A : Can't get WAA status for Mavatar!
09-24 18:40:11.954 1932 1932 W A : java.lang.NullPointerException: Attempt to invoke virtual method 'java.lang.Class java.lang.Object.getClass()' on a null object reference
09-24 18:40:11.954 1932 1932 W A : at com.google.apps.tiktok.dataservice.z.b(PG:1)
09-24 18:40:11.954 1932 1932 W A : at com.google.apps.tiktok.dataservice.at.a(PG:1)
09-24 18:40:11.954 1932 1932 W A : at com.google.apps.tiktok.tracing.ec.a(PG:2)
09-24 18:40:11.954 1932 1932 W A : at com.google.common.util.concurrent.aj.a(PG:2)
09-24 18:40:11.954 1932 1932 W A : at com.google.common.util.concurrent.ac.apply(PG:1)
09-24 18:40:11.954 1932 1932 W A : at com.google.common.util.concurrent.h.e(PG:2)
09-24 18:40:11.954 1932 1932 W A : at com.google.common.util.concurrent.j.run(PG:9)
09-24 18:40:11.954 1932 1932 W A : at com.google.common.util.concurrent.bf.execute(PG:1)
09-24 18:40:11.954 1932 1932 W A : at com.google.common.util.concurrent.d.i(PG:1)
09-24 18:40:11.954 1932 1932 W A : at com.google.common.util.concurrent.d.iq(PG:5)
09-24 18:40:11.954 1932 1932 W A : at com.google.common.util.concurrent.j.h(PG:2)
09-24 18:40:11.954 1932 1932 W A : at com.google.common.util.concurrent.ax.d(PG:1)
09-24 18:40:11.954 1932 1932 W A : at com.google.apps.tiktok.dataservice.au.a(PG:5)
09-24 18:40:11.954 1932 1932 W A : at com.google.apps.tiktok.dataservice.dr.c(PG:5)
09-24 18:40:11.954 1932 1932 W A : at com.google.apps.tiktok.dataservice.dp.run(PG:6)
09-24 18:40:11.954 1932 1932 W A : at com.google.apps.tiktok.concurrent.ak.run(PG:6)
09-24 18:40:11.954 1932 1932 W A : at com.google.apps.tiktok.tracing.ei.run(PG:2)
09-24 18:40:11.954 1932 1932 W A : at java.util.concurrent.Executors$RunnableAdapter.call(Executors.java:487)
09-24 18:40:11.954 1932 1932 W A : at com.google.common.util.concurrent.dy.a(PG:1)
09-24 18:40:11.954 1932 1932 W A : at com.google.common.util.concurrent.cv.run(PG:4)
09-24 18:40:11.954 1932 1932 W A : at com.google.common.util.concurrent.dz.run(PG:1)
09-24 18:40:11.954 1932 1932 W A : at android.os.Handler.handleCallback(Handler.java:958)
09-24 18:40:11.954 1932 1932 W A : at android.os.Handler.dispatchMessage(Handler.java:99)
09-24 18:40:11.954 1932 1932 W A : at android.os.Looper.loopOnce(Looper.java:205)
09-24 18:40:11.954 1932 1932 W A : at android.os.Looper.loop(Looper.java:294)
09-24 18:40:11.954 1932 1932 W A : at android.app.ActivityThread.main(ActivityThread.java:8176)
09-24 18:40:11.954 1932 1932 W A : at java.lang.reflect.Method.invoke(Native Method)
09-24 18:40:11.954 1932 1932 W A : at com.android.internal.os.RuntimeInit$MethodAndArgsCaller.run(RuntimeInit.java:552)
09-24 18:40:11.954 1932 1932 W A : at com.android.internal.os.ZygoteInit.main(ZygoteInit.java:971)
09-24 18:40:11.962 1105 1105 D SearchTargetUtil: query= size=0
09-24 18:40:12.007 1658 2689 I AiAiScreenProcessor: Timed out waiting for Bitmap to be updated.
09-24 18:40:12.007 1658 2689 E AiAiScreenProcessor: Can't run parseContents because there are InputSources that are missing.
09-24 18:40:12.300 807 897 D EGL_emulation: app_time_stats: avg=1783.37ms min=27.85ms max=8709.43ms count=5
09-24 18:40:12.446 1105 1105 D TaplEvents: Main / Touch event: MotionEvent { action=ACTION_DOWN, actionButton=0, id[0]=0, x[0]=514.9844, y[0]=1481.9092, toolType[0]=TOOL_TYPE_FINGER, buttonState=0, classification=NONE, metaState=0, flags=0x0, edgeFlags=0x0, pointerCount=1, historySize=0, eventTime=455640, downTime=455640, deviceId=4, source=0xd002, displayId=0, eventId=237511160 }
09-24 18:40:12.450 1105 1105 D TaplEvents: TIS / TouchInteractionService.onInputEvent: MotionEvent { action=ACTION_DOWN, actionButton=0, id[0]=0, x[0]=514.9844, y[0]=1481.9092, toolType[0]=TOOL_TYPE_FINGER, buttonState=0, classification=NONE, metaState=0, flags=0x0, edgeFlags=0x0, pointerCount=1, historySize=0, eventTime=455640, downTime=455640, deviceId=4, source=0xd002, displayId=0, eventId=237511160 }
09-24 18:40:12.722 1105 1105 D TaplEvents: Main / Touch event: MotionEvent { action=ACTION_UP, actionButton=0, id[0]=0, x[0]=581.95703, y[0]=111.987305, toolType[0]=TOOL_TYPE_FINGER, buttonState=0, classification=NONE, metaState=0, flags=0x0, edgeFlags=0x0, pointerCount=1, historySize=0, eventTime=455899, downTime=455640, deviceId=4, source=0xd002, displayId=0, eventId=279676244 }
09-24 18:40:12.726 1105 1105 D TaplEvents: TIS / TouchInteractionService.onInputEvent: MotionEvent { action=ACTION_UP, actionButton=0, id[0]=0, x[0]=581.95703, y[0]=111.987305, toolType[0]=TOOL_TYPE_FINGER, buttonState=0, classification=NONE, metaState=0, flags=0x0, edgeFlags=0x0, pointerCount=1, historySize=0, eventTime=455899, downTime=455640, deviceId=4, source=0xd002, displayId=0, eventId=279676244 }
09-24 18:40:12.799 1105 1933 D EGL_emulation: app_time_stats: avg=63.08ms min=10.48ms max=630.44ms count=15
09-24 18:40:13.315 807 897 D EGL_emulation: app_time_stats: avg=4.83ms min=1.33ms max=28.60ms count=51
09-24 18:40:13.662 1105 1105 D TaplEvents: Main / Touch event: MotionEvent { action=ACTION_DOWN, actionButton=0, id[0]=0, x[0]=643.9531, y[0]=1530.9082, toolType[0]=TOOL_TYPE_FINGER, buttonState=0, classification=NONE, metaState=0, flags=0x0, edgeFlags=0x0, pointerCount=1, historySize=0, eventTime=456857, downTime=456857, deviceId=4, source=0xd002, displayId=0, eventId=431859171 }
09-24 18:40:13.665 1105 1105 D TaplEvents: TIS / TouchInteractionService.onInputEvent: MotionEvent { action=ACTION_DOWN, actionButton=0, id[0]=0, x[0]=643.9531, y[0]=1530.9082, toolType[0]=TOOL_TYPE_FINGER, buttonState=0, classification=NONE, metaState=0, flags=0x0, edgeFlags=0x0, pointerCount=1, historySize=0, eventTime=456857, downTime=456857, deviceId=4, source=0xd002, displayId=0, eventId=431859171 }
09-24 18:40:13.835 1105 1933 D EGL_emulation: app_time_stats: avg=52.18ms min=18.58ms max=550.74ms count=18
09-24 18:40:13.838 1105 1105 D TaplEvents: Main / Touch event: MotionEvent { action=ACTION_UP, actionButton=0, id[0]=0, x[0]=682.97656, y[0]=142.96875, toolType[0]=TOOL_TYPE_FINGER, buttonState=0, classification=NONE, metaState=0, flags=0x0, edgeFlags=0x0, pointerCount=1, historySize=0, eventTime=457013, downTime=456857, deviceId=4, source=0xd002, displayId=0, eventId=777250397 }
09-24 18:40:13.840 1105 1105 D TaplEvents: TIS / TouchInteractionService.onInputEvent: MotionEvent { action=ACTION_UP, actionButton=0, id[0]=0, x[0]=682.97656, y[0]=142.96875, toolType[0]=TOOL_TYPE_FINGER, buttonState=0, classification=NONE, metaState=0, flags=0x0, edgeFlags=0x0, pointerCount=1, historySize=0, eventTime=457013, downTime=456857, deviceId=4, source=0xd002, displayId=0, eventId=777250397 }
09-24 18:40:13.841 807 807 D StatusBarIconController: ignoring old pipeline callback because the new wifi icon is enabled
09-24 18:40:14.165 807 840 V ShellRecents: [34097556] RecentsController.finishInner: toHome=true userLeave=false willFinishToHome=true state=0
09-24 18:40:14.165 807 840 V ShellRecents: normal finish
09-24 18:40:14.165 807 840 V ShellRecents: [34097556] RecentsController.cleanup
09-24 18:40:14.166 807 840 V WindowManagerShell: Transition animation finished (aborted=false), notifying core (#66)android.os.BinderProxy@6a9c3d@0
09-24 18:40:14.169 561 581 V WindowManager: Finish Transition #66: created at
09-24 18:40:09.671 collect-started=2.507ms started=2.584ms ready=5.777ms sent=88.377ms finished=4496.872ms
09-24 18:40:14.201 1105 1105 I AiAiSuggestUi: Clearing suggestions.
09-24 18:40:14.201 1105 1105 I AiAiSuggestUi: Clearing suggestions.
09-24 18:40:14.202 807 840 V WindowManagerShell: Track 0 became idle
09-24 18:40:14.202 807 840 V WindowManagerShell: All active transition animations finished
09-24 18:40:14.202 807 840 W Looper : Slow dispatch took 38ms wmshell.main h=android.os.Handler c=com.android.wm.shell.recents.RecentsTransitionHandler$RecentsController$$ExternalSyntheticLambda3@821e8f0 m=0
09-24 18:40:14.221 561 584 V WindowManager: Unknown focus tokens, dropping reportFocusChanged
09-24 18:40:14.266 561 1843 E TaskPersister: File error accessing recents directory (directory doesn't exist?).
09-24 18:40:14.324 561 2170 I ImeTracker: com.google.android.apps.nexuslauncher:101e04be: onRequestHide at ORIGIN_SERVER_HIDE_INPUT reason HIDE_UNSPECIFIED_WINDOW
09-24 18:40:14.325 561 2170 I ImeTracker: com.google.android.apps.nexuslauncher:101e04be: onCancelled at PHASE_SERVER_SHOULD_HIDE
09-24 18:40:14.386 1105 1119 I s.nexuslauncher: NativeAlloc concurrent copying GC freed 43426(1644KB) AllocSpace objects, 0(0B) LOS objects, 49% free, 6157KB/12MB, paused 23.637ms,16us total 111.189ms
09-24 18:40:14.400 1575 1575 I GoogleInputMethodService: GoogleInputMethodService.onFinishInput():3227
09-24 18:40:14.408 1575 1575 I GoogleInputMethodService: GoogleInputMethodService.updateDeviceLockedStatus():2087 repeatCheckTimes = 0, unlocked = true
09-24 18:40:14.409 1575 1575 I GoogleInputMethodService: GoogleInputMethodService.onStartInput():1877 onStartInput(EditorInfo{inputType=0x0(NULL) imeOptions=0x0 privateImeOptions=null actionName=UNSPECIFIED actionLabel=null actionId=0 initialSelStart=-1 initialSelEnd=-1 initialCapsMode=0x0 hintText=null label=null packageName=com.google.android.apps.nexuslauncher fieldId=0 fieldName=null extras=null}, false)
09-24 18:40:14.409 1575 1575 I GoogleInputMethodService: GoogleInputMethodService.shouldHideHeaderOnInitialState():4008 ShouldHideHeaderOnInitialState = false
09-24 18:40:14.410 1575 1575 I GoogleInputMethodService: GoogleInputMethodService.updateDeviceLockedStatus():2087 repeatCheckTimes = 2, unlocked = true
09-24 18:40:14.417 413 413 I BpBinder: onLastStrongRef automatically unlinking death recipients:
09-24 18:40:14.431 807 897 D EGL_emulation: app_time_stats: avg=444.99ms min=1.59ms max=2618.29ms count=6
09-24 18:40:14.504 807 840 W Looper : Slow dispatch took 95ms wmshell.main h=android.os.Handler c=com.android.wm.shell.common.DisplayInsetsController$PerDisplay$DisplayWindowInsetsControllerImpl$$ExternalSyntheticLambda1@430c760 m=0
09-24 18:40:14.505 807 840 W Looper : Slow delivery took 93ms wmshell.main h=android.os.Handler c=com.android.wm.shell.common.ShellExecutor$$ExternalSyntheticLambda1@9c45419 m=0
09-24 18:40:14.509 807 840 W Looper : Drained
09-24 18:40:14.685 807 897 D EGL_emulation: app_time_stats: avg=21.36ms min=1.19ms max=644.19ms count=38
09-24 18:40:14.691 6034 6058 W libEGL : eglTerminate() called w/ 1 objects remaining
09-24 18:40:14.691 6034 6058 E libEGL : validate_display:550 error 3001 (EGL_NOT_INITIALIZED)
09-24 18:40:14.692 6034 6058 I libqtquickview_x86_64.so: main() returned 0
09-24 18:40:15.256 561 584 I ActivityTaskManager: Destroy timeout of remove-task, attempt to kill Task{fbf7776 #27 type=standard A=10184:com.example.qtquickview_kotlin}
09-24 18:40:15.265 561 584 I ActivityManager: Killing 6034:com.example.qtquickview_kotlin/u0a184 (adj 905): remove task
09-24 18:40:15.271 561 597 I libprocessgroup: Successfully killed process cgroup uid 10184 pid 6034 in 0ms
09-24 18:40:15.280 1105 1105 D TaplEvents: Main / Touch event: MotionEvent { action=ACTION_DOWN, actionButton=0, id[0]=0, x[0]=935.9697, y[0]=1954.9072, toolType[0]=TOOL_TYPE_FINGER, buttonState=0, classification=NONE, metaState=0, flags=0x0, edgeFlags=0x0, pointerCount=1, historySize=0, eventTime=458465, downTime=458465, deviceId=4, source=0xd002, displayId=0, eventId=86576362 }
09-24 18:40:15.280 1105 1105 D TaplEvents: TIS / TouchInteractionService.onInputEvent: MotionEvent { action=ACTION_DOWN, actionButton=0, id[0]=0, x[0]=935.9697, y[0]=1954.9072, toolType[0]=TOOL_TYPE_FINGER, buttonState=0, classification=NONE, metaState=0, flags=0x0, edgeFlags=0x0, pointerCount=1, historySize=0, eventTime=458465, downTime=458465, deviceId=4, source=0xd002, displayId=0, eventId=86576362 }
09-24 18:40:15.289 561 2218 I WindowManager: WIN DEATH: Window{919bc62 u0 com.example.qtquickview_kotlin/com.example.qtquickview_kotlin.MainActivity}
09-24 18:40:15.301 561 2218 W InputManager-JNI: Input channel object '919bc62 com.example.qtquickview_kotlin/com.example.qtquickview_kotlin.MainActivity (client)' was disposed without first being removed with the input manager!
09-24 18:40:15.295 353 353 I Zygote : Process 6034 exited due to signal 9 (Killed)
09-24 18:40:15.329 1105 1933 D EGL_emulation: app_time_stats: avg=63.21ms min=7.57ms max=668.20ms count=22
09-24 18:40:15.330 561 582 D DisplayManagerService: Drop pending events for gone uid 10184
09-24 18:40:15.362 413 413 E BpTransactionCompletedListener: Failed to transact (-32)
09-24 18:40:15.422 1105 1105 D TaplEvents: Main / Touch event: MotionEvent { action=ACTION_UP, actionButton=0, id[0]=0, x[0]=935.9697, y[0]=1954.9072, toolType[0]=TOOL_TYPE_FINGER, buttonState=0, classification=NONE, metaState=0, flags=0x0, edgeFlags=0x0, pointerCount=1, historySize=0, eventTime=458578, downTime=458465, deviceId=4, source=0xd002, displayId=0, eventId=24390601 }
09-24 18:40:15.423 1105 1105 D TaplEvents: TIS / TouchInteractionService.onInputEvent: MotionEvent { action=ACTION_UP, actionButton=0, id[0]=0, x[0]=935.9697, y[0]=1954.9072, toolType[0]=TOOL_TYPE_FINGER, buttonState=0, classification=NONE, metaState=0, flags=0x0, edgeFlags=0x0, pointerCount=1, historySize=0, eventTime=458578, downTime=458465, deviceId=4, source=0xd002, displayId=0, eventId=24390601 }
09-24 18:40:15.457 1105 1105 D TaplEvents: Main / start: startAppShortcutOrInfoActivity
09-24 18:40:15.542 561 2218 D CompatibilityChangeReporter: Compat change id reported: 161252188; UID 10184; state: DISABLED
09-24 18:40:15.548 561 584 W ActivityManager: setHasOverlayUi called on unknown pid: 6034
09-24 18:40:15.699 807 897 D EGL_emulation: app_time_stats: avg=18.89ms min=0.92ms max=53.31ms count=43
09-24 18:40:15.766 561 2218 I ActivityTaskManager: START u0 {act=android.intent.action.MAIN cat=[android.intent.category.LAUNCHER] flg=0x10200000 cmp=com.example.qtquickview_kotlin/.MainActivity bnds=[832,1873][1005,2068]} with LAUNCH_MULTIPLE from uid 10151 (BAL_ALLOW_ALLOWLISTED_COMPONENT) result code=0
09-24 18:40:15.766 561 585 W system_server: Long monitor contention with owner binder:561_1D (2218) at void com.android.server.wm.ActivityTaskManagerService.resumeAppSwitches()(ActivityTaskManagerService.java:3946) waiters=0 in void com.android.server.wm.WindowAnimator.lambda$new$1(long) for 218ms
09-24 18:40:15.770 396 747 D audioserver: FGS Logger Transaction failed
09-24 18:40:15.770 396 747 D audioserver: -129
09-24 18:40:15.772 807 840 V WindowManagerShell: Transition requested: android.os.BinderProxy@5630a83 TransitionRequestInfo { type = OPEN, triggerTask = TaskInfo{userId=0 taskId=28 displayId=0 isRunning=true baseIntent=Intent { act=android.intent.action.MAIN cat=[android.intent.category.LAUNCHER] flg=0x10200000 cmp=com.example.qtquickview_kotlin/.MainActivity } baseActivity=ComponentInfo{com.example.qtquickview_kotlin/com.example.qtquickview_kotlin.MainActivity} topActivity=ComponentInfo{com.example.qtquickview_kotlin/com.example.qtquickview_kotlin.MainActivity} origActivity=null realActivity=ComponentInfo{com.example.qtquickview_kotlin/com.example.qtquickview_kotlin.MainActivity} numActivities=1 lastActiveTime=458958 supportsMultiWindow=true resizeMode=1 isResizeable=true minWidth=-1 minHeight=-1 defaultMinSize=220 token=WCT{android.window.IWindowContainerToken$Stub$Proxy@cb19400} topActivityType=1 pictureInPictureParams=null shouldDockBigOverlays=false launchIntoPipHostTaskId=-1 lastParentTaskIdBeforePip=-1 displayCutoutSafeInsets=Rect(0, 132 - 0, 0) topActivityInfo=ActivityInfo{ab43439 com.example.qtquickview_kotlin.MainActivity} launchCookies=[android.os.BinderProxy@3b9ca7e] positionInParent=Point(0, 0) parentTaskId=-1 isFocused=false isVisible=false isSleeping=false topActivityInSizeCompat=false topActivityEligibleForLetterboxEducation= false topActivityLetterboxed= false isFromDoubleTap= false topActivityLetterboxVerticalPosition= -1 topActivityLetterboxHorizontalPosition= -1 topActivityLetterboxWidth=-1 topActivityLetterboxHeight=-1 locusId=null displayAreaFeatureId=1 cameraCompatControlState=hidden}, remoteTransition = RemoteTransition { remoteTransition = android.window.IRemoteTransition$Stub$Proxy@d41cbdf, appThread = android.app.IApplicationThread$Stub$Proxy@e9bf02c, debugName = QuickstepLaunch }, displayChange = null }
09-24 18:40:15.777 807 840 V WindowManagerShell: RemoteTransition directly requested for android.os.BinderProxy@5630a83: RemoteTransition { remoteTransition = android.window.IRemoteTransition$Stub$Proxy@d41cbdf, appThread = android.app.IApplicationThread$Stub$Proxy@e9bf02c, debugName = QuickstepLaunch }
09-24 18:40:15.780 561 584 D CompatibilityChangeReporter: Compat change id reported: 135634846; UID 10184; state: DISABLED
09-24 18:40:15.823 561 596 D CompatibilityChangeReporter: Compat change id reported: 143937733; UID 10184; state: ENABLED
09-24 18:40:15.824 807 866 D SplashScreenView: Build android.window.SplashScreenView{4310195 V.E...... ......ID 0,0-0,0}
09-24 18:40:15.824 807 866 D SplashScreenView: Icon: view: android.widget.ImageView{59742aa V.ED..... ......I. 0,0-0,0 #10204f0 android:id/splashscreen_icon_view} drawable: com.android.wm.shell.startingsurface.SplashscreenIconDrawableFactory$ImmobileIconDrawable@1335e9b size: 420
09-24 18:40:15.824 807 866 D SplashScreenView: Branding: view: android.view.View{94b238 G.ED..... ......I. 0,0-0,0 #10204ef android:id/splashscreen_branding_view} drawable: null size w: 0 h: 0
09-24 18:40:15.858 353 353 D Zygote : Forked child process 6083
09-24 18:40:15.859 561 596 W ActivityManager: Slow operation: 82ms so far, now at startProcess: returned from zygote!
09-24 18:40:15.860 413 413 I BpBinder: onLastStrongRef automatically unlinking death recipients:
09-24 18:40:15.860 561 596 W ActivityManager: Slow operation: 82ms so far, now at startProcess: done updating battery stats
09-24 18:40:15.872 561 596 W ActivityManager: Slow operation: 95ms so far, now at startProcess: building log message
09-24 18:40:15.872 561 596 I ActivityManager: Start proc 6083:com.example.qtquickview_kotlin/u0a184 for next-top-activity {com.example.qtquickview_kotlin/com.example.qtquickview_kotlin.MainActivity}
09-24 18:40:15.873 561 596 W ActivityManager: Slow operation: 96ms so far, now at startProcess: starting to update pids map
09-24 18:40:15.875 561 596 W ActivityManager: Slow operation: 99ms so far, now at startProcess: done updating pids map
09-24 18:40:15.889 6083 6083 I uickview_kotlin: Late-enabling -Xcheck:jni
09-24 18:40:15.928 561 1872 D CoreBackPreview: Window{89c14ce u0 Splash Screen com.example.qtquickview_kotlin}: Setting back callback OnBackInvokedCallbackInfo{mCallback=android.window.IOnBackInvokedCallback$Stub$Proxy@6c08afc, mPriority=0, mIsAnimationCallback=false}
09-24 18:40:15.934 6083 6083 I uickview_kotlin: Using CollectorTypeCC GC.
09-24 18:40:15.951 561 656 W ActivityTaskManager: takeTaskSnapshot: taskId=28 not found or not visible
09-24 18:40:15.955 6083 6083 W uickview_kotlin: Unexpected CPU variant for x86: x86_64.
09-24 18:40:15.955 6083 6083 W uickview_kotlin: Known variants: atom, sandybridge, silvermont, goldmont, goldmont-plus, tremont, kabylake, default
09-24 18:40:15.976 396 524 D audioserver: FGS Logger Transaction failed
09-24 18:40:15.976 396 524 D audioserver: -129
09-24 18:40:16.011 428 448 I adbd : jdwp connection from 6083
09-24 18:40:16.107 807 840 V WindowManagerShell: onTransitionReady android.os.BinderProxy@5630a83: {id=67 t=OPEN f=0x0 trk=0 r=[0@Point(0, 0)] c=[{WCT{android.window.IWindowContainerToken$Stub$Proxy@e9a0c3} m=OPEN f=NONE leash=Surface(name=Task=28)/@0xc470d40 sb=Rect(0, 0 - 1080, 2400) eb=Rect(0, 0 - 1080, 2400) d=0},{WCT{android.window.IWindowContainerToken$Stub$Proxy@fca5479} m=HIDE f=SHOW_WALLPAPER leash=Surface(name=Task=1)/@0xd7905be sb=Rect(0, 0 - 1080, 2400) eb=Rect(0, 0 - 1080, 2400) d=0}]}
09-24 18:40:16.107 561 581 V WindowManager: Sent Transition #67 createdAt=09-24 18:40:15.663 via request=TransitionRequestInfo { type = OPEN, triggerTask = TaskInfo{userId=0 taskId=28 displayId=0 isRunning=true baseIntent=Intent { act=android.intent.action.MAIN cat=[android.intent.category.LAUNCHER] flg=0x10200000 cmp=com.example.qtquickview_kotlin/.MainActivity } baseActivity=ComponentInfo{com.example.qtquickview_kotlin/com.example.qtquickview_kotlin.MainActivity} topActivity=ComponentInfo{com.example.qtquickview_kotlin/com.example.qtquickview_kotlin.MainActivity} origActivity=null realActivity=ComponentInfo{com.example.qtquickview_kotlin/com.example.qtquickview_kotlin.MainActivity} numActivities=1 lastActiveTime=458958 supportsMultiWindow=true resizeMode=1 isResizeable=true minWidth=-1 minHeight=-1 defaultMinSize=220 token=WCT{RemoteToken{437c0b Task{7ca89cd #28 type=standard A=10184:com.example.qtquickview_kotlin}}} topActivityType=1 pictureInPictureParams=null shouldDockBigOverlays=false launchIntoPipHostTaskId=-1 lastParentTaskIdBeforePip=-1 displayCutoutSafeInsets=Rect(0, 132 - 0, 0) topActivityInfo=ActivityInfo{8095ae8 com.example.qtquickview_kotlin.MainActivity} launchCookies=[android.os.BinderProxy@d1e9501] positionInParent=Point(0, 0) parentTaskId=-1 isFocused=false isVisible=false isSleeping=false topActivityInSizeCompat=false topActivityEligibleForLetterboxEducation= false topActivityLetterboxed= false isFromDoubleTap= false topActivityLetterboxVerticalPosition= -1 topActivityLetterboxHorizontalPosition= -1 topActivityLetterboxWidth=-1 topActivityLetterboxHeight=-1 locusId=null displayAreaFeatureId=1 cameraCompatControlState=hidden}, remoteTransition = RemoteTransition { remoteTransition = android.window.IRemoteTransition$Stub$Proxy@731efa6, appThread = android.app.IApplicationThread$Stub$Proxy@7abcde7, debugName = QuickstepLaunch }, displayChange = null }
09-24 18:40:16.107 561 581 V WindowManager: startWCT=WindowContainerTransaction { changes = {} hops = [] errorCallbackToken=null taskFragmentOrganizer=null }
09-24 18:40:16.107 561 581 V WindowManager: info={id=67 t=OPEN f=0x0 trk=0 r=[0@Point(0, 0)] c=[{WCT{RemoteToken{437c0b Task{7ca89cd #28 type=standard A=10184:com.example.qtquickview_kotlin}}} m=OPEN f=NONE leash=Surface(name=Task=28)/@0x53c2585 sb=Rect(0, 0 - 1080, 2400) eb=Rect(0, 0 - 1080, 2400) d=0},{WCT{RemoteToken{5486296 Task{6e71f63 #1 type=home}}} m=HIDE f=SHOW_WALLPAPER leash=Surface(name=Task=1)/@0xbadec5f sb=Rect(0, 0 - 1080, 2400) eb=Rect(0, 0 - 1080, 2400) d=0}]}
09-24 18:40:16.108 807 840 V WindowManagerShell: Playing animation for (#67)android.os.BinderProxy@5630a83@0
09-24 18:40:16.108 807 840 V WindowManagerShell: try firstHandler com.android.wm.shell.transition.DefaultMixedHandler@2bf3891
09-24 18:40:16.108 807 840 V WindowManagerShell: Delegate animation for #67 to RemoteTransition { remoteTransition = android.window.IRemoteTransition$Stub$Proxy@d41cbdf, appThread = android.app.IApplicationThread$Stub$Proxy@e9bf02c, debugName = QuickstepLaunch }
09-24 18:40:16.109 807 840 V WindowManagerShell: animated by firstHandler
09-24 18:40:16.225 561 656 I AppsFilter: interaction: PackageSetting{f8d1db0 com.example.qtquickview_kotlin/10184} -> PackageSetting{4417429 com.google.android.apps.nexuslauncher/10151} BLOCKED
09-24 18:40:16.255 6083 6083 D CompatibilityChangeReporter: Compat change id reported: 171979766; UID 10184; state: ENABLED
09-24 18:40:16.256 6083 6083 D CompatibilityChangeReporter: Compat change id reported: 242716250; UID 10184; state: ENABLED
09-24 18:40:16.331 1105 1933 D EGL_emulation: app_time_stats: avg=70.35ms min=20.77ms max=378.89ms count=13
09-24 18:40:16.447 807 897 D EGL_emulation: app_time_stats: avg=370.06ms min=2.88ms max=1827.29ms count=5
09-24 18:40:16.465 807 807 D StatusBarIconController: ignoring old pipeline callbacks, because the new mobile icons are enabled
09-24 18:40:16.522 6083 6083 W ziparchive: Unable to open '/data/app/~~F4yQBZPHkkiDCvIpIfMWXg==/com.example.qtquickview_kotlin-RM41Tj9q01JxxlLq7edIHg==/base.dm': No such file or directory
09-24 18:40:16.522 6083 6083 W ziparchive: Unable to open '/data/app/~~F4yQBZPHkkiDCvIpIfMWXg==/com.example.qtquickview_kotlin-RM41Tj9q01JxxlLq7edIHg==/base.dm': No such file or directory
09-24 18:40:16.623 6083 6083 D nativeloader: Configuring clns-6 for other apk /data/app/~~F4yQBZPHkkiDCvIpIfMWXg==/com.example.qtquickview_kotlin-RM41Tj9q01JxxlLq7edIHg==/base.apk. target_sdk_version=34, uses_libraries=, library_path=/data/app/~~F4yQBZPHkkiDCvIpIfMWXg==/com.example.qtquickview_kotlin-RM41Tj9q01JxxlLq7edIHg==/lib/x86_64:/data/app/~~F4yQBZPHkkiDCvIpIfMWXg==/com.example.qtquickview_kotlin-RM41Tj9q01JxxlLq7edIHg==/base.apk!/lib/x86_64, permitted_path=/data:/mnt/expand:/data/user/0/com.example.qtquickview_kotlin
09-24 18:40:16.669 807 840 V WindowManagerShell: Transition animation finished (aborted=false), notifying core (#67)android.os.BinderProxy@5630a83@0
09-24 18:40:16.671 807 840 V WindowManagerShell: Track 0 became idle
09-24 18:40:16.671 807 840 V WindowManagerShell: All active transition animations finished
09-24 18:40:16.678 561 581 V WindowManager: Finish Transition #67: created at
09-24 18:40:15.663 collect-started=0.043ms request-sent=100.245ms started=117.187ms ready=440.111ms sent=443.074ms finished=1006.208ms
09-24 18:40:16.726 6083 6083 V GraphicsEnvironment: Currently set values for:
09-24 18:40:16.726 6083 6083 V GraphicsEnvironment: angle_gl_driver_selection_pkgs=[]
09-24 18:40:16.726 6083 6083 V GraphicsEnvironment: angle_gl_driver_selection_values=[]
09-24 18:40:16.726 6083 6083 V GraphicsEnvironment: ANGLE GameManagerService for com.example.qtquickview_kotlin: false
09-24 18:40:16.726 6083 6083 V GraphicsEnvironment: com.example.qtquickview_kotlin is not listed in per-application setting
09-24 18:40:16.727 6083 6083 V GraphicsEnvironment: Neither updatable production driver nor prerelease driver is supported.
09-24 18:40:16.753 807 897 D EGL_emulation: app_time_stats: avg=58.85ms min=9.23ms max=490.80ms count=16
09-24 18:40:16.768 561 657 I ActivityManager: Flag disabled. Ignoring finishAttachApplication from uid: 10184. pid: 6083
09-24 18:40:16.806 6083 6105 D libEGL : loaded /vendor/lib64/egl/libEGL_emulation.so
09-24 18:40:16.808 6083 6105 D libEGL : loaded /vendor/lib64/egl/libGLESv1_CM_emulation.so
09-24 18:40:16.812 6083 6105 D libEGL : loaded /vendor/lib64/egl/libGLESv2_emulation.so
09-24 18:40:16.829 6083 6083 D AppCompatDelegate: Checking for metadata for AppLocalesMetadataHolderService : Service not found
09-24 18:40:16.891 6083 6083 D CompatibilityChangeReporter: Compat change id reported: 210923482; UID 10184; state: ENABLED
09-24 18:40:16.899 6083 6083 W uickview_kotlin: Accessing hidden method Landroid/view/View;->computeFitSystemWindows(Landroid/graphics/Rect;Landroid/graphics/Rect;)Z (unsupported, reflection, allowed)
09-24 18:40:17.011 6083 6083 W uickview_kotlin: Accessing hidden method Landroid/view/ViewGroup;->makeOptionalFitsSystemWindows()V (unsupported, reflection, allowed)
09-24 18:40:17.024 6083 6083 W ziparchive: Unable to open '/data/app/~~F4yQBZPHkkiDCvIpIfMWXg==/com.example.qtquickview_kotlin-RM41Tj9q01JxxlLq7edIHg==/base.dm': No such file or directory
09-24 18:40:17.024 6083 6083 W ziparchive: Unable to open '/data/app/~~F4yQBZPHkkiDCvIpIfMWXg==/com.example.qtquickview_kotlin-RM41Tj9q01JxxlLq7edIHg==/base.dm': No such file or directory
09-24 18:40:17.099 6083 6106 I QtCore : Start
09-24 18:40:17.204 6083 6106 I Qt : qt started
09-24 18:40:17.248 6083 6083 D CompatibilityChangeReporter: Compat change id reported: 237531167; UID 10184; state: DISABLED
09-24 18:40:17.258 6083 6083 W OpenGLRenderer: Unknown dataspace 0
09-24 18:40:17.282 6083 6083 I Choreographer: Skipped 31 frames! The application may be doing too much work on its main thread.
09-24 18:40:17.311 561 657 D CoreBackPreview: Window{da9b173 u0 com.example.qtquickview_kotlin/com.example.qtquickview_kotlin.MainActivity}: Setting back callback OnBackInvokedCallbackInfo{mCallback=android.window.IOnBackInvokedCallback$Stub$Proxy@63f1cf, mPriority=0, mIsAnimationCallback=false}
09-24 18:40:17.389 6083 6083 D AutofillManager: notifyViewEnteredForFillDialog:1073741824
09-24 18:40:17.410 6083 6103 W OpenGLRenderer: Failed to initialize 101010-2 format, error = EGL_SUCCESS
09-24 18:40:17.510 0 0 I servicemanager: Could not find android.hardware.graphics.allocator.IAllocator/default in the VINTF manifest.
09-24 18:40:17.472 155 155 I hwservicemanager: getTransport: Cannot find entry android.hardware.graphics.mapper@4.0::IMapper/default in either framework or device VINTF manifest.
09-24 18:40:17.474 6083 6103 I Gralloc4: mapper 4.x is not supported
09-24 18:40:17.761 807 897 D EGL_emulation: app_time_stats: avg=8.61ms min=0.90ms max=31.22ms count=59
09-24 18:40:17.844 561 584 D OomAdjuster: Not killing cached processes
09-24 18:40:17.880 1105 1179 I ImeTracker: com.google.android.apps.nexuslauncher:6071eb0: onRequestHide at ORIGIN_CLIENT_HIDE_SOFT_INPUT reason HIDE_SOFT_INPUT
09-24 18:40:17.883 1105 2176 D OneSearchSuggestProvider: Shut down the binder channel
09-24 18:40:17.884 561 869 I ImeTracker: com.google.android.apps.nexuslauncher:6071eb0: onCancelled at PHASE_SERVER_SHOULD_HIDE
09-24 18:40:17.892 1105 1123 I IPCThreadState: oneway function results for code 2 on binder at 0x799fb5135730 will be dropped but finished with status UNKNOWN_TRANSACTION
09-24 18:40:17.892 969 1204 D BtGatt.ScanManager: uid 10116 isForeground true scanMode 1
09-24 18:40:17.892 969 1204 D BtGatt.ScanManager: uid 10116 isForeground true scanMode -1
09-24 18:40:17.954 413 413 W SurfaceFlinger: couldn't log to binary event log: overflow.
09-24 18:40:18.082 6083 6108 I OpenGLRenderer: Davey! duration=1302ms; Flags=1, FrameTimelineVsyncId=215964, IntendedVsync=459958669820, Vsync=460475336466, InputEventId=0, HandleInputStart=460484874537, AnimationStart=460484886406, PerformTraversalsStart=460485505827, DrawStart=460717475660, FrameDeadline=459975336486, FrameInterval=460477477348, FrameStartTime=16666666, SyncQueued=460756773643, SyncStart=460757011593, IssueDrawCommandsStart=460757567963, SwapBuffers=461137464091, FrameCompleted=461261642736, DequeueBufferDuration=2543, QueueBufferDuration=173632, GpuCompleted=461137464091, SwapBuffersCompleted=461261642736, DisplayPresentTime=0, CommandSubmissionCompleted=461137464091,
09-24 18:40:18.095 561 581 W ziparchive: Unable to open '/data/app/~~F4yQBZPHkkiDCvIpIfMWXg==/com.example.qtquickview_kotlin-RM41Tj9q01JxxlLq7edIHg==/base.dm': No such file or directory
09-24 18:40:18.125 561 581 I ActivityTaskManager: Displayed com.example.qtquickview_kotlin/.MainActivity for user 0: +2s553ms
09-24 18:40:18.141 6083 6083 I Choreographer: Skipped 50 frames! The application may be doing too much work on its main thread.
09-24 18:40:18.170 6083 6106 W libqtquickview_x86_64.so: No interface with className org/qtproject/qt/android/QtAccessibilityInterface has been registered.
09-24 18:40:18.200 561 657 D CompatibilityChangeReporter: Compat change id reported: 214016041; UID 10184; state: ENABLED
09-24 18:40:18.202 561 657 I ImeTracker: com.example.qtquickview_kotlin:e5be2777: onRequestHide at ORIGIN_SERVER_HIDE_INPUT reason HIDE_UNSPECIFIED_WINDOW
09-24 18:40:18.203 561 657 I ImeTracker: com.example.qtquickview_kotlin:e5be2777: onCancelled at PHASE_SERVER_SHOULD_HIDE
09-24 18:40:18.213 6083 6108 I OpenGLRenderer: Davey! duration=890ms; Flags=0, FrameTimelineVsyncId=216297, IntendedVsync=460492003132, Vsync=461325336432, InputEventId=0, HandleInputStart=461338093086, AnimationStart=461338098232, PerformTraversalsStart=461338776639, DrawStart=461341230550, FrameDeadline=461158669772, FrameInterval=461336935353, FrameStartTime=16666666, SyncQueued=461345465677, SyncStart=461345504106, IssueDrawCommandsStart=461348253755, SwapBuffers=461349477464, FrameCompleted=461382645603, DequeueBufferDuration=4352, QueueBufferDuration=275900, GpuCompleted=461349477464, SwapBuffersCompleted=461382645603, DisplayPresentTime=0, CommandSubmissionCompleted=461349477464,
09-24 18:40:18.220 807 897 D EGL_emulation: app_time_stats: avg=278.03ms min=1.95ms max=1592.90ms count=6
09-24 18:40:18.237 1575 1575 I GoogleInputMethodService: GoogleInputMethodService.onFinishInput():3227
09-24 18:40:18.244 1575 1575 I GoogleInputMethodService: GoogleInputMethodService.updateDeviceLockedStatus():2087 repeatCheckTimes = 0, unlocked = true
09-24 18:40:18.244 1575 1575 I GoogleInputMethodService: GoogleInputMethodService.onStartInput():1877 onStartInput(EditorInfo{inputType=0x0(NULL) imeOptions=0x0 privateImeOptions=null actionName=UNSPECIFIED actionLabel=null actionId=0 initialSelStart=-1 initialSelEnd=-1 initialCapsMode=0x0 hintText=null label=null packageName=com.example.qtquickview_kotlin fieldId=0 fieldName=null extras=null}, false)
09-24 18:40:18.244 1575 1575 I GoogleInputMethodService: GoogleInputMethodService.shouldHideHeaderOnInitialState():4008 ShouldHideHeaderOnInitialState = false
09-24 18:40:18.244 1575 1575 I GoogleInputMethodService: GoogleInputMethodService.updateDeviceLockedStatus():2087 repeatCheckTimes = 2, unlocked = true
