09-24 18:38:46.975 807 840 V WindowManagerShell: Transition requested: android.os.BinderProxy@8b1b83c TransitionRequestInfo { type = OPEN, triggerTask = TaskInfo{userId=0 taskId=23 displayId=0 isRunning=true baseIntent=Intent { act=android.intent.action.MAIN cat=[android.intent.category.LAUNCHER] flg=0x10200000 cmp=com.example.qtquickview_kotlin/.MainActivity } baseActivity=ComponentInfo{com.example.qtquickview_kotlin/com.example.qtquickview_kotlin.MainActivity} topActivity=ComponentInfo{com.example.qtquickview_kotlin/com.example.qtquickview_kotlin.MainActivity} origActivity=null realActivity=ComponentInfo{com.example.qtquickview_kotlin/com.example.qtquickview_kotlin.MainActivity} numActivities=1 lastActiveTime=369174 supportsMultiWindow=true resizeMode=1 isResizeable=true minWidth=-1 minHeight=-1 defaultMinSize=220 token=WCT{android.window.IWindowContainerToken$Stub$Proxy@435e9c5} topActivityType=1 pictureInPictureParams=null shouldDockBigOverlays=false launchIntoPipHostTaskId=-1 lastParentTaskIdBeforePip=-1 displayCutoutSafeInsets=Rect(0, 132 - 0, 0) topActivityInfo=ActivityInfo{b8cbf1a com.example.qtquickview_kotlin.MainActivity} launchCookies=[android.os.BinderProxy@5437a4b] positionInParent=Point(0, 0) parentTaskId=-1 isFocused=true isVisible=false isSleeping=false topActivityInSizeCompat=false topActivityEligibleForLetterboxEducation= false topActivityLetterboxed= false isFromDoubleTap= false topActivityLetterboxVerticalPosition= -1 topActivityLetterboxHorizontalPosition= -1 topActivityLetterboxWidth=-1 topActivityLetterboxHeight=-1 locusId=null displayAreaFeatureId=1 cameraCompatControlState=hidden}, remoteTransition = RemoteTransition { remoteTransition = android.window.IRemoteTransition$Stub$Proxy@e001c28, appThread = android.app.IApplicationThread$Stub$Proxy@d905d41, debugName = QuickstepLaunch }, displayChange = null }
09-24 18:38:46.976 561 657 I ActivityTaskManager: START u0 {act=android.intent.action.MAIN cat=[android.intent.category.LAUNCHER] flg=0x10200000 cmp=com.example.qtquickview_kotlin/.MainActivity bnds=[832,1873][1005,2068]} with LAUNCH_MULTIPLE from uid 10151 (BAL_ALLOW_ALLOWLISTED_COMPONENT) result code=2
09-24 18:38:46.976 807 840 V WindowManagerShell: RemoteTransition directly requested for android.os.BinderProxy@8b1b83c: RemoteTransition { remoteTransition = android.window.IRemoteTransition$Stub$Proxy@e001c28, appThread = android.app.IApplicationThread$Stub$Proxy@d905d41, debugName = QuickstepLaunch }
09-24 18:38:46.995 561 657 E Transition: Trying to add a ready-group twice: Display{#0 state=ON size=1080x2400 ROTATION_0}
09-24 18:38:47.013 413 413 I BpBinder: onLastStrongRef automatically unlinking death recipients:
09-24 18:38:47.025 396 524 D AudioFlinger: mixer(0x72df5f8d6930) throttle end: throttle time(35)
09-24 18:38:47.098 807 865 V SnapshotDrawerUtils: Drawing snapshot surface sizeMismatch=true
09-24 18:38:47.130 1105 1933 D EGL_emulation: app_time_stats: avg=74.81ms min=9.94ms max=451.60ms count=13
09-24 18:38:47.136 396 524 D audioserver: FGS Logger Transaction failed
09-24 18:38:47.136 396 524 D audioserver: -129
09-24 18:38:47.196 807 840 W Looper : Slow dispatch took 58ms wmshell.main h=android.os.Handler c=null m=1
09-24 18:38:47.228 807 840 V WindowManagerShell: onTransitionReady android.os.BinderProxy@8b1b83c: {id=44 t=OPEN f=0x0 trk=0 r=[0@Point(0, 0)] c=[{WCT{android.window.IWindowContainerToken$Stub$Proxy@8915cd} m=SHOW f= leash=Surface(name=Task=23)/@0x890ee82 sb=Rect(0, 0 - 1080, 2400) eb=Rect(0, 0 - 1080, 2400) d=0},{WCT{android.window.IWindowContainerToken$Stub$Proxy@8ed5993} m=HIDE f=SHOW_WALLPAPER leash=Surface(name=Task=1)/@0x90c1dd0 sb=Rect(0, 0 - 1080, 2400) eb=Rect(0, 0 - 1080, 2400) d=0}]}
09-24 18:38:47.228 807 840 V WindowManagerShell: Playing animation for (#44)android.os.BinderProxy@8b1b83c@0
09-24 18:38:47.229 807 840 V WindowManagerShell: try firstHandler com.android.wm.shell.transition.DefaultMixedHandler@2bf3891
09-24 18:38:47.229 807 840 V WindowManagerShell: Delegate animation for #44 to RemoteTransition { remoteTransition = android.window.IRemoteTransition$Stub$Proxy@e001c28, appThread = android.app.IApplicationThread$Stub$Proxy@d905d41, debugName = QuickstepLaunch }
09-24 18:38:47.229 561 581 V WindowManager: Sent Transition #44 createdAt=09-24 18:38:46.960 via request=TransitionRequestInfo { type = OPEN, triggerTask = TaskInfo{userId=0 taskId=23 displayId=0 isRunning=true baseIntent=Intent { act=android.intent.action.MAIN cat=[android.intent.category.LAUNCHER] flg=0x10200000 cmp=com.example.qtquickview_kotlin/.MainActivity } baseActivity=ComponentInfo{com.example.qtquickview_kotlin/com.example.qtquickview_kotlin.MainActivity} topActivity=ComponentInfo{com.example.qtquickview_kotlin/com.example.qtquickview_kotlin.MainActivity} origActivity=null realActivity=ComponentInfo{com.example.qtquickview_kotlin/com.example.qtquickview_kotlin.MainActivity} numActivities=1 lastActiveTime=369174 supportsMultiWindow=true resizeMode=1 isResizeable=true minWidth=-1 minHeight=-1 defaultMinSize=220 token=WCT{RemoteToken{2615290 Task{2862ea #23 type=standard A=10184:com.example.qtquickview_kotlin}}} topActivityType=1 pictureInPictureParams=null shouldDockBigOverlays=false launchIntoPipHostTaskId=-1 lastParentTaskIdBeforePip=-1 displayCutoutSafeInsets=Rect(0, 132 - 0, 0) topActivityInfo=ActivityInfo{5f83789 com.example.qtquickview_kotlin.MainActivity} launchCookies=[android.os.BinderProxy@b993bae] positionInParent=Point(0, 0) parentTaskId=-1 isFocused=true isVisible=false isSleeping=false topActivityInSizeCompat=false topActivityEligibleForLetterboxEducation= false topActivityLetterboxed= false isFromDoubleTap= false topActivityLetterboxVerticalPosition= -1 topActivityLetterboxHorizontalPosition= -1 topActivityLetterboxWidth=-1 topActivityLetterboxHeight=-1 locusId=null displayAreaFeatureId=1 cameraCompatControlState=hidden}, remoteTransition = RemoteTransition { remoteTransition = android.window.IRemoteTransition$Stub$Proxy@7019d4f, appThread = android.app.IApplicationThread$Stub$Proxy@3b83cdc, debugName = QuickstepLaunch }, displayChange = null }
09-24 18:38:47.229 561 581 V WindowManager: startWCT=WindowContainerTransaction { changes = {} hops = [] errorCallbackToken=null taskFragmentOrganizer=null }
09-24 18:38:47.230 561 581 V WindowManager: info={id=44 t=OPEN f=0x0 trk=0 r=[0@Point(0, 0)] c=[{WCT{RemoteToken{2615290 Task{2862ea #23 type=standard A=10184:com.example.qtquickview_kotlin}}} m=SHOW f= leash=Surface(name=Task=23)/@0xa7e6542 sb=Rect(0, 0 - 1080, 2400) eb=Rect(0, 0 - 1080, 2400) d=0},{WCT{RemoteToken{5486296 Task{6e71f63 #1 type=home}}} m=HIDE f=SHOW_WALLPAPER leash=Surface(name=Task=1)/@0xbadec5f sb=Rect(0, 0 - 1080, 2400) eb=Rect(0, 0 - 1080, 2400) d=0}]}
09-24 18:38:47.230 807 840 V WindowManagerShell: animated by firstHandler
09-24 18:38:47.371 561 581 W ziparchive: Unable to open '/data/app/~~F4yQBZPHkkiDCvIpIfMWXg==/com.example.qtquickview_kotlin-RM41Tj9q01JxxlLq7edIHg==/base.dm': No such file or directory
09-24 18:38:47.450 561 581 W Looper : Slow dispatch took 160ms android.fg h=android.os.Handler c=com.android.server.wm.ActivityMetricsLogger$$ExternalSyntheticLambda0@c0af761 m=0
09-24 18:38:47.500 561 1004 I ImeTracker: com.example.qtquickview_kotlin:1d9b01ff: onRequestHide at ORIGIN_SERVER_HIDE_INPUT reason HIDE_UNSPECIFIED_WINDOW
09-24 18:38:47.508 561 1004 I ImeTracker: com.example.qtquickview_kotlin:1d9b01ff: onCancelled at PHASE_SERVER_SHOULD_HIDE
09-24 18:38:47.522 1575 1575 I GoogleInputMethodService: GoogleInputMethodService.onFinishInput():3227
09-24 18:38:47.527 1575 1575 I GoogleInputMethodService: GoogleInputMethodService.updateDeviceLockedStatus():2087 repeatCheckTimes = 0, unlocked = true
09-24 18:38:47.529 1575 1575 I GoogleInputMethodService: GoogleInputMethodService.onStartInput():1877 onStartInput(EditorInfo{inputType=0x0(NULL) imeOptions=0x0 privateImeOptions=null actionName=UNSPECIFIED actionLabel=null actionId=0 initialSelStart=-1 initialSelEnd=-1 initialCapsMode=0x0 hintText=null label=null packageName=com.example.qtquickview_kotlin fieldId=0 fieldName=null extras=null}, false)
09-24 18:38:47.529 1575 1575 I GoogleInputMethodService: GoogleInputMethodService.shouldHideHeaderOnInitialState():4008 ShouldHideHeaderOnInitialState = false
09-24 18:38:47.556 1575 1575 I GoogleInputMethodService: GoogleInputMethodService.updateDeviceLockedStatus():2087 repeatCheckTimes = 2, unlocked = true
09-24 18:38:47.826 807 840 V WindowManagerShell: Transition animation finished (aborted=false), notifying core (#44)android.os.BinderProxy@8b1b83c@0
09-24 18:38:47.828 561 581 V WindowManager: Finish Transition #44: created at
09-24 18:38:46.960 collect-started=0.106ms request-sent=13.466ms started=20.197ms ready=38.776ms sent=255.047ms finished=867.018ms
09-24 18:38:47.829 807 840 V WindowManagerShell: Track 0 became idle
09-24 18:38:47.829 807 840 V WindowManagerShell: All active transition animations finished
09-24 18:38:47.865 969 1204 D BtGatt.ScanManager: uid 10116 isForeground true scanMode 1
09-24 18:38:47.866 969 1204 D BtGatt.ScanManager: uid 10116 isForeground true scanMode -1
09-24 18:38:47.896 1105 1179 I ImeTracker: com.google.android.apps.nexuslauncher:54a94622: onRequestHide at ORIGIN_CLIENT_HIDE_SOFT_INPUT reason HIDE_SOFT_INPUT
09-24 18:38:47.899 1105 1179 I ImeTracker: com.google.android.apps.nexuslauncher:54a94622: onFailed at PHASE_CLIENT_VIEW_SERVED
09-24 18:38:47.900 1105 2176 D OneSearchSuggestProvider: Shut down the binder channel
09-24 18:38:47.902 1105 5781 I IPCThreadState: oneway function results for code 2 on binder at 0x799fb512bad0 will be dropped but finished with status UNKNOWN_TRANSACTION
09-24 18:38:47.948 413 413 W SurfaceFlinger: couldn't log to binary event log: overflow.
09-24 18:38:47.961 807 824 I ndroid.systemui: Background young concurrent copying GC freed 292820(13MB) AllocSpace objects, 0(0B) LOS objects, 41% free, 18MB/31MB, paused 5.065ms,26us total 43.779ms
09-24 18:38:48.286 1105 1105 D TaplEvents: TIS / TouchInteractionService.onInputEvent: MotionEvent { action=ACTION_DOWN, actionButton=0, id[0]=0, x[0]=430.97168, y[0]=2206.8604, toolType[0]=TOOL_TYPE_FINGER, buttonState=0, classification=NONE, metaState=0, flags=0x0, edgeFlags=0x0, pointerCount=1, historySize=0, eventTime=371478, downTime=371478, deviceId=4, source=0xd002, displayId=0, eventId=859377401 }
09-24 18:38:48.743 1105 1105 D TaplEvents: TIS / TouchInteractionService.onInputEvent: MotionEvent { action=ACTION_UP, actionButton=0, id[0]=0, x[0]=519.96094, y[0]=5.932617, toolType[0]=TOOL_TYPE_FINGER, buttonState=0, classification=NONE, metaState=0, flags=0x0, edgeFlags=0x0, pointerCount=1, historySize=0, eventTime=371937, downTime=371478, deviceId=4, source=0xd002, displayId=0, eventId=927666168 }
09-24 18:38:49.980 561 1843 E TaskPersister: File error accessing recents directory (directory doesn't exist?).
09-24 18:38:50.096 355 3297 D android.hardware.audio@7.1-impl.ranchu: threadLoop: entering standby, frames: 4180704
09-24 18:38:50.145 1105 1105 D TaplEvents: TIS / TouchInteractionService.onInputEvent: MotionEvent { action=ACTION_DOWN, actionButton=0, id[0]=0, x[0]=589.9658, y[0]=2357.8857, toolType[0]=TOOL_TYPE_FINGER, buttonState=0, classification=NONE, metaState=0, flags=0x0, edgeFlags=0x0, pointerCount=1, historySize=0, eventTime=373339, downTime=373339, deviceId=4, source=0xd002, displayId=0, eventId=371111297 }
09-24 18:38:50.164 807 840 V ShellRecents: RecentsTransitionHandler.startRecentsTransition
09-24 18:38:50.167 807 840 V WindowManagerShell: Directly starting a new transition type=3 wct=WindowContainerTransaction { changes = {} hops = [{PendingIntent: options=Bundle[mParcelledData.dataSize=332]}] errorCallbackToken=null taskFragmentOrganizer=null } handler=com.android.wm.shell.recents.RecentsTransitionHandler@48ea264
09-24 18:38:50.189 807 840 V ShellRecents: [98915923] RecentsController.setTransition: id=android.os.BinderProxy@85560c6
09-24 18:38:50.193 1105 1179 I ImeTracker: com.google.android.apps.nexuslauncher:6b3e65eb: onRequestHide at ORIGIN_CLIENT_HIDE_SOFT_INPUT reason HIDE_SOFT_INPUT
09-24 18:38:50.193 1105 1179 I ImeTracker: com.google.android.apps.nexuslauncher:6b3e65eb: onFailed at PHASE_CLIENT_VIEW_SERVED
09-24 18:38:50.196 413 413 I BpBinder: onLastStrongRef automatically unlinking death recipients:
09-24 18:38:50.265 1105 1105 D TaplEvents: Pilfer / pilferPointers
09-24 18:38:50.271 561 1169 I InputDispatcher: Channel [Gesture Monitor] swipe-up (server) is stealing touch from [2db6a31 com.example.qtquickview_kotlin/com.example.qtquickview_kotlin.MainActivity (server), [Gesture Monitor] edge-swipe (server)]
09-24 18:38:50.287 807 840 V WindowManagerShell: onTransitionReady android.os.BinderProxy@85560c6: {id=45 t=TO_FRONT f=0x80 trk=0 r=[0@Point(0, 0)] c=[{WCT{android.window.IWindowContainerToken$Stub$Proxy@22cbbab} m=SHOW f=SHOW_WALLPAPER leash=Surface(name=Task=1)/@0xf7c3208 sb=Rect(0, 0 - 1080, 2400) eb=Rect(0, 0 - 1080, 2400) d=0},{WCT{android.window.IWindowContainerToken$Stub$Proxy@94feda1} m=HIDE f=NONE leash=Surface(name=Task=23)/@0xcf56bc6 sb=Rect(0, 0 - 1080, 2400) eb=Rect(0, 0 - 1080, 2400) d=0},{null m=SHOW f=IS_WALLPAPER leash=Surface(name=WallpaperWindowToken{c35888f token=android.os.Binder@348cbee})/@0xc796787 sb=Rect(0, 0 - 1080, 2400) eb=Rect(0, 0 - 1080, 2400) d=0}]}
09-24 18:38:50.287 807 840 V WindowManagerShell: Playing animation for (#45)android.os.BinderProxy@85560c6@0
09-24 18:38:50.287 807 840 V WindowManagerShell: try firstHandler com.android.wm.shell.recents.RecentsTransitionHandler@48ea264
09-24 18:38:50.287 807 840 V ShellRecents: [98915923] RecentsController.start
09-24 18:38:50.288 807 840 V ShellRecents: adding pausing taskId=23
09-24 18:38:50.289 807 840 V ShellRecents: [98915923] RecentsController.start: calling onAnimationStart
09-24 18:38:50.289 807 840 V WindowManagerShell: animated by firstHandler
09-24 18:38:50.294 807 840 V ShellRecents: [98915923] RecentsController.setInputConsumerEnabled: set focus to recents
09-24 18:38:50.297 561 581 V WindowManager: Sent Transition #45 createdAt=09-24 18:38:50.169
09-24 18:38:50.300 561 581 V WindowManager: startWCT=WindowContainerTransaction { changes = {} hops = [{PendingIntent: options=Bundle[{android.activity.splashScreenStyle=-1, android.activity.sourceInfo=android.app.ActivityOptions$SourceInfo@736a2c2, android.activity.transientLaunch=true}]}] errorCallbackToken=null taskFragmentOrganizer=null }
09-24 18:38:50.301 561 581 V WindowManager: info={id=45 t=TO_FRONT f=0x80 trk=0 r=[0@Point(0, 0)] c=[{WCT{RemoteToken{5486296 Task{6e71f63 #1 type=home}}} m=SHOW f=SHOW_WALLPAPER leash=Surface(name=Task=1)/@0xbadec5f sb=Rect(0, 0 - 1080, 2400) eb=Rect(0, 0 - 1080, 2400) d=0},{WCT{RemoteToken{2615290 Task{2862ea #23 type=standard A=10184:com.example.qtquickview_kotlin}}} m=HIDE f=NONE leash=Surface(name=Task=23)/@0xa7e6542 sb=Rect(0, 0 - 1080, 2400) eb=Rect(0, 0 - 1080, 2400) d=0},{null m=SHOW f=IS_WALLPAPER leash=Surface(name=WallpaperWindowToken{c35888f token=android.os.Binder@348cbee})/@0x94640b9 sb=Rect(0, 0 - 1080, 2400) eb=Rect(0, 0 - 1080, 2400) d=0}]}
09-24 18:38:50.304 561 581 D AutofillManagerService: Close system dialogs
09-24 18:38:50.304 561 694 E HandwritingModeController: Cannot get requestId: Handwriting was not initialized.
09-24 18:38:50.327 807 807 I vol.VolumeDialogImpl: mDialog.dismiss() reason: volume_controller from: com.android.systemui.volume.VolumeDialogImpl$7.onDismissRequested:3
09-24 18:38:50.329 413 429 I BpBinder: onLastStrongRef automatically unlinking death recipients:
09-24 18:38:50.379 5794 5814 D EGL_emulation: app_time_stats: avg=437.52ms min=13.20ms max=2607.47ms count=7
09-24 18:38:50.796 5794 5803 I uickview_kotlin: NativeAlloc concurrent copying GC freed 24505(1837KB) AllocSpace objects, 1(20KB) LOS objects, 49% free, 3879KB/7758KB, paused 84us,17us total 452.166ms
09-24 18:38:50.947 1105 1105 D TaplEvents: TIS / TouchInteractionService.onInputEvent: MotionEvent { action=ACTION_UP, actionButton=0, id[0]=0, x[0]=585.97754, y[0]=5.932617, toolType[0]=TOOL_TYPE_FINGER, buttonState=0, classification=NONE, metaState=0, flags=0x0, edgeFlags=0x0, pointerCount=1, historySize=0, eventTime=374122, downTime=373339, deviceId=4, source=0xd002, displayId=0, eventId=267844531 }
09-24 18:38:50.962 807 2294 V ShellRecents: [98915923] RecentsController.detachNavigationBarFromApp
09-24 18:38:51.043 561 1169 W ProcessStats: Tracking association SourceState{214dcaa com.google.android.apps.nexuslauncher/10151 BTop #5211} whose proc state 2 is better than process ProcessState{ea3774 com.google.android.googlequicksearchbox:search/10123 pkg=com.google.android.googlequicksearchbox} proc state 6 (76 skipped)
09-24 18:38:51.055 969 1204 D BtGatt.ScanManager: uid 10116 isForeground true scanMode 1
09-24 18:38:51.055 969 1204 D BtGatt.ScanManager: uid 10116 isForeground true scanMode -1
09-24 18:38:51.089 413 413 I BpBinder: onLastStrongRef automatically unlinking death recipients:
09-24 18:38:51.095 1658 1853 I AiAiEcho: Predicting[0]:
09-24 18:38:51.096 1658 1853 I AiAiEcho: EchoTargets:
09-24 18:38:51.096 1658 1853 I AiAiEcho: Filtered by AiAi flag check:
09-24 18:38:51.096 1658 1853 I AiAiEcho: Ranked targets strategy: SORT, count: 0, ranking metadata:
09-24 18:38:51.098 1658 1853 I AiAiEcho: #postPredictionTargets: Sending updates to UISurface home with targets# 0 (types=[])
09-24 18:38:51.252 1932 1932 W A : Can't get WAA status for Mavatar!
09-24 18:38:51.252 1932 1932 W A : java.lang.NullPointerException: Attempt to invoke virtual method 'java.lang.Class java.lang.Object.getClass()' on a null object reference
09-24 18:38:51.252 1932 1932 W A : at com.google.apps.tiktok.dataservice.z.b(PG:1)
09-24 18:38:51.252 1932 1932 W A : at com.google.apps.tiktok.dataservice.at.a(PG:1)
09-24 18:38:51.252 1932 1932 W A : at com.google.apps.tiktok.tracing.ec.a(PG:2)
09-24 18:38:51.252 1932 1932 W A : at com.google.common.util.concurrent.aj.a(PG:2)
09-24 18:38:51.252 1932 1932 W A : at com.google.common.util.concurrent.ac.apply(PG:1)
09-24 18:38:51.252 1932 1932 W A : at com.google.common.util.concurrent.h.e(PG:2)
09-24 18:38:51.252 1932 1932 W A : at com.google.common.util.concurrent.j.run(PG:9)
09-24 18:38:51.252 1932 1932 W A : at com.google.common.util.concurrent.bf.execute(PG:1)
09-24 18:38:51.252 1932 1932 W A : at com.google.common.util.concurrent.d.i(PG:1)
09-24 18:38:51.252 1932 1932 W A : at com.google.common.util.concurrent.d.l(PG:12)
09-24 18:38:51.252 1932 1932 W A : at com.google.common.util.concurrent.d.n(PG:2)
09-24 18:38:51.252 1932 1932 W A : at com.google.common.util.concurrent.i.f(PG:1)
09-24 18:38:51.252 1932 1932 W A : at com.google.common.util.concurrent.j.run(PG:12)
09-24 18:38:51.252 1932 1932 W A : at com.google.android.libraries.i.ae.run(PG:1)
09-24 18:38:51.252 1932 1932 W A : at java.util.concurrent.ThreadPoolExecutor.runWorker(ThreadPoolExecutor.java:1145)
09-24 18:38:51.252 1932 1932 W A : at java.util.concurrent.ThreadPoolExecutor$Worker.run(ThreadPoolExecutor.java:644)
09-24 18:38:51.252 1932 1932 W A : at com.google.android.libraries.i.k.run(PG:2)
09-24 18:38:51.252 1932 1932 W A : at com.google.android.libraries.i.p.run(PG:4)
09-24 18:38:51.252 1932 1932 W A : at java.lang.Thread.run(Thread.java:1012)
09-24 18:38:51.255 561 1794 W AppSearchIcing: icing-search-engine.cc:283: Error: 5, Message: Document (com.google.android.googlequicksearchbox$OneSearchZeroStateGoogleSuggestions/default, zp) not found.
09-24 18:38:51.296 1105 1933 D EGL_emulation: app_time_stats: avg=20.73ms min=11.49ms max=42.44ms count=29
09-24 18:38:51.305 1105 2176 D OneSearchSuggestProvider: Created the binder channel successfully for end point service =com.google.android.apps.search.googleapp.search.suggest.plugins.onesearch.server.OneSearchSuggestService , mChannel=z1{delegate=s1{logId=61, target=directaddress:///AndroidComponentAddress%5BIntent%20%7B%20act=grpc.io.action.BIND%20cmp=com.google.android.googlequicksearchbox/com.google.android.apps.search.googleapp.search.suggest.plugins.onesearch.server.OneSearchSuggestService%20%7D%5D}} , mOneSearchConnection=X1.T@c885800
09-24 18:38:51.342 1932 1932 I A : Created gRPC endpoint to "search" for service class com.google.android.apps.search.googleapp.search.suggest.plugins.onesearch.server.OneSearchSuggestService
09-24 18:38:51.421 1105 1105 D SearchTargetUtil: query= size=0
09-24 18:38:51.436 807 807 D StatusBarIconController: ignoring old pipeline callback because the new wifi icon is enabled
09-24 18:38:51.664 807 2294 V ShellRecents: [98915923] RecentsController.screenshotTask: taskId=23
09-24 18:38:51.690 1105 1179 I ImeTracker: com.google.android.apps.nexuslauncher:f6b11af1: onRequestHide at ORIGIN_CLIENT_HIDE_SOFT_INPUT reason HIDE_SOFT_INPUT
09-24 18:38:51.690 1105 1179 I ImeTracker: com.google.android.apps.nexuslauncher:f6b11af1: onFailed at PHASE_CLIENT_VIEW_SERVED
09-24 18:38:51.712 807 840 V ShellRecents: [98915923] RecentsController.finishInner: toHome=true userLeave=true willFinishToHome=true state=0
09-24 18:38:51.712 807 840 V ShellRecents: normal finish
09-24 18:38:51.712 807 840 V ShellRecents: [98915923] RecentsController.cleanup
09-24 18:38:51.712 807 840 V WindowManagerShell: Transition animation finished (aborted=false), notifying core (#45)android.os.BinderProxy@85560c6@0
09-24 18:38:51.719 561 581 V WindowManager: Finish Transition #45: created at
09-24 18:38:50.169 collect-started=0.929ms started=1.018ms ready=12.235ms sent=111.576ms finished=1546.216ms
09-24 18:38:51.768 807 840 V WindowManagerShell: Track 0 became idle
09-24 18:38:51.768 807 840 V WindowManagerShell: All active transition animations finished
09-24 18:38:51.769 807 840 W Looper : Slow dispatch took 56ms wmshell.main h=android.os.Handler c=com.android.wm.shell.recents.RecentsTransitionHandler$RecentsController$$ExternalSyntheticLambda3@f885f37 m=0
09-24 18:38:51.769 561 584 V WindowManager: Unknown focus tokens, dropping reportFocusChanged
09-24 18:38:51.769 561 584 D OomAdjuster: Not killing cached processes
09-24 18:38:51.820 561 657 I ImeTracker: com.google.android.apps.nexuslauncher:7d4cfa2: onRequestHide at ORIGIN_SERVER_HIDE_INPUT reason HIDE_UNSPECIFIED_WINDOW
09-24 18:38:51.822 561 657 I ImeTracker: com.google.android.apps.nexuslauncher:7d4cfa2: onCancelled at PHASE_SERVER_SHOULD_HIDE
09-24 18:38:51.824 1575 1575 I GoogleInputMethodService: GoogleInputMethodService.onFinishInput():3227
09-24 18:38:51.824 1575 1575 I GoogleInputMethodService: GoogleInputMethodService.updateDeviceLockedStatus():2087 repeatCheckTimes = 0, unlocked = true
09-24 18:38:51.824 1575 1575 I GoogleInputMethodService: GoogleInputMethodService.onStartInput():1877 onStartInput(EditorInfo{inputType=0x0(NULL) imeOptions=0x0 privateImeOptions=null actionName=UNSPECIFIED actionLabel=null actionId=0 initialSelStart=-1 initialSelEnd=-1 initialCapsMode=0x0 hintText=null label=null packageName=com.google.android.apps.nexuslauncher fieldId=0 fieldName=null extras=null}, false)
09-24 18:38:51.824 1575 1575 I GoogleInputMethodService: GoogleInputMethodService.shouldHideHeaderOnInitialState():4008 ShouldHideHeaderOnInitialState = false
09-24 18:38:51.825 1575 1575 I GoogleInputMethodService: GoogleInputMethodService.updateDeviceLockedStatus():2087 repeatCheckTimes = 2, unlocked = true
09-24 18:38:51.922 807 840 W Looper : Slow delivery took 43ms wmshell.main h=android.os.Handler c=com.android.wm.shell.pip.PinnedStackListenerForwarder$PinnedTaskListenerImpl$$ExternalSyntheticLambda1@cd993c1 m=0
09-24 18:38:51.956 807 840 W Looper : Drained
09-24 18:38:51.956 807 840 W Looper : Slow dispatch took 32ms wmshell.main h=android.os.Handler c=com.android.wm.shell.common.ShellExecutor$$ExternalSyntheticLambda1@4707c62 m=0
09-24 18:38:52.612 807 824 W ndroid.systemui: Suspending all threads took: 9.527ms
09-24 18:38:52.616 807 824 I ndroid.systemui: Background young concurrent copying GC freed 274578(12MB) AllocSpace objects, 0(0B) LOS objects, 37% free, 19MB/31MB, paused 138us,23.831ms total 62.988ms
09-24 18:38:53.600 1105 1105 D TaplEvents: Main / Touch event: MotionEvent { action=ACTION_DOWN, actionButton=0, id[0]=0, x[0]=930.95996, y[0]=1972.9248, toolType[0]=TOOL_TYPE_FINGER, buttonState=0, classification=NONE, metaState=0, flags=0x0, edgeFlags=0x0, pointerCount=1, historySize=0, eventTime=376755, downTime=376755, deviceId=4, source=0xd002, displayId=0, eventId=796716954 }
09-24 18:38:53.610 1105 1105 D TaplEvents: TIS / TouchInteractionService.onInputEvent: MotionEvent { action=ACTION_DOWN, actionButton=0, id[0]=0, x[0]=930.95996, y[0]=1972.9248, toolType[0]=TOOL_TYPE_FINGER, buttonState=0, classification=NONE, metaState=0, flags=0x0, edgeFlags=0x0, pointerCount=1, historySize=0, eventTime=376755, downTime=376755, deviceId=4, source=0xd002, displayId=0, eventId=796716954 }
09-24 18:38:53.623 1105 1933 D EGL_emulation: app_time_stats: avg=114.56ms min=9.85ms max=1660.29ms count=20
09-24 18:38:53.707 1105 1105 D TaplEvents: Main / Touch event: MotionEvent { action=ACTION_UP, actionButton=0, id[0]=0, x[0]=930.95996, y[0]=1972.9248, toolType[0]=TOOL_TYPE_FINGER, buttonState=0, classification=NONE, metaState=0, flags=0x0, edgeFlags=0x0, pointerCount=1, historySize=0, eventTime=376901, downTime=376755, deviceId=4, source=0xd002, displayId=0, eventId=718052717 }
09-24 18:38:53.707 1105 1105 D TaplEvents: TIS / TouchInteractionService.onInputEvent: MotionEvent { action=ACTION_UP, actionButton=0, id[0]=0, x[0]=930.95996, y[0]=1972.9248, toolType[0]=TOOL_TYPE_FINGER, buttonState=0, classification=NONE, metaState=0, flags=0x0, edgeFlags=0x0, pointerCount=1, historySize=0, eventTime=376901, downTime=376755, deviceId=4, source=0xd002, displayId=0, eventId=718052717 }
09-24 18:38:53.724 1105 1105 D TaplEvents: Main / start: startAppShortcutOrInfoActivity
09-24 18:38:53.793 396 2949 D audioserver: FGS Logger Transaction failed
09-24 18:38:53.793 396 2949 D audioserver: -129
09-24 18:38:53.810 561 1169 I ActivityTaskManager: START u0 {act=android.intent.action.MAIN cat=[android.intent.category.LAUNCHER] flg=0x10200000 cmp=com.example.qtquickview_kotlin/.MainActivity bnds=[832,1873][1005,2068]} with LAUNCH_MULTIPLE from uid 10151 (BAL_ALLOW_ALLOWLISTED_COMPONENT) result code=2
09-24 18:38:53.811 807 840 V WindowManagerShell: Transition requested: android.os.BinderProxy@70f1849 TransitionRequestInfo { type = OPEN, triggerTask = TaskInfo{userId=0 taskId=23 displayId=0 isRunning=true baseIntent=Intent { act=android.intent.action.MAIN cat=[android.intent.category.LAUNCHER] flg=0x10200000 cmp=com.example.qtquickview_kotlin/.MainActivity } baseActivity=ComponentInfo{com.example.qtquickview_kotlin/com.example.qtquickview_kotlin.MainActivity} topActivity=ComponentInfo{com.example.qtquickview_kotlin/com.example.qtquickview_kotlin.MainActivity} origActivity=null realActivity=ComponentInfo{com.example.qtquickview_kotlin/com.example.qtquickview_kotlin.MainActivity} numActivities=1 lastActiveTime=374914 supportsMultiWindow=true resizeMode=1 isResizeable=true minWidth=-1 minHeight=-1 defaultMinSize=220 token=WCT{android.window.IWindowContainerToken$Stub$Proxy@c49c54e} topActivityType=1 pictureInPictureParams=null shouldDockBigOverlays=false launchIntoPipHostTaskId=-1 lastParentTaskIdBeforePip=-1 displayCutoutSafeInsets=Rect(0, 132 - 0, 0) topActivityInfo=ActivityInfo{ddaf66f com.example.qtquickview_kotlin.MainActivity} launchCookies=[android.os.BinderProxy@62aef7c] positionInParent=Point(0, 0) parentTaskId=-1 isFocused=true isVisible=false isSleeping=false topActivityInSizeCompat=false topActivityEligibleForLetterboxEducation= false topActivityLetterboxed= false isFromDoubleTap= false topActivityLetterboxVerticalPosition= -1 topActivityLetterboxHorizontalPosition= -1 topActivityLetterboxWidth=-1 topActivityLetterboxHeight=-1 locusId=null displayAreaFeatureId=1 cameraCompatControlState=hidden}, remoteTransition = RemoteTransition { remoteTransition = android.window.IRemoteTransition$Stub$Proxy@b27f005, appThread = android.app.IApplicationThread$Stub$Proxy@400e85a, debugName = QuickstepLaunch }, displayChange = null }
09-24 18:38:53.812 807 840 V WindowManagerShell: RemoteTransition directly requested for android.os.BinderProxy@70f1849: RemoteTransition { remoteTransition = android.window.IRemoteTransition$Stub$Proxy@b27f005, appThread = android.app.IApplicationThread$Stub$Proxy@400e85a, debugName = QuickstepLaunch }
09-24 18:38:53.820 561 657 W WindowManager: Failed looking up window session=Session{9db3654 807:u0a10159} callers=com.android.server.wm.WindowManagerService.windowForClientLocked:6045 com.android.server.wm.WindowManagerService.removeWindow:1973 com.android.server.wm.Session.remove:231
09-24 18:38:53.830 413 413 I BpBinder: onLastStrongRef automatically unlinking death recipients:
09-24 18:38:53.840 396 524 D AudioFlinger: mixer(0x72df5f8d6930) throttle end: throttle time(44)
09-24 18:38:53.849 561 1169 E Transition: Trying to add a ready-group twice: Display{#0 state=ON size=1080x2400 ROTATION_0}
09-24 18:38:53.869 807 865 V SnapshotDrawerUtils: Drawing snapshot surface sizeMismatch=true
09-24 18:38:53.878 561 581 V WindowManager: Sent Transition #46 createdAt=09-24 18:38:53.784 via request=TransitionRequestInfo { type = OPEN, triggerTask = TaskInfo{userId=0 taskId=23 displayId=0 isRunning=true baseIntent=Intent { act=android.intent.action.MAIN cat=[android.intent.category.LAUNCHER] flg=0x10200000 cmp=com.example.qtquickview_kotlin/.MainActivity } baseActivity=ComponentInfo{com.example.qtquickview_kotlin/com.example.qtquickview_kotlin.MainActivity} topActivity=ComponentInfo{com.example.qtquickview_kotlin/com.example.qtquickview_kotlin.MainActivity} origActivity=null realActivity=ComponentInfo{com.example.qtquickview_kotlin/com.example.qtquickview_kotlin.MainActivity} numActivities=1 lastActiveTime=374914 supportsMultiWindow=true resizeMode=1 isResizeable=true minWidth=-1 minHeight=-1 defaultMinSize=220 token=WCT{RemoteToken{2615290 Task{2862ea #23 type=standard A=10184:com.example.qtquickview_kotlin}}} topActivityType=1 pictureInPictureParams=null shouldDockBigOverlays=false launchIntoPipHostTaskId=-1 lastParentTaskIdBeforePip=-1 displayCutoutSafeInsets=Rect(0, 132 - 0, 0) topActivityInfo=ActivityInfo{5f83789 com.example.qtquickview_kotlin.MainActivity} launchCookies=[android.os.BinderProxy@7231617] positionInParent=Point(0, 0) parentTaskId=-1 isFocused=true isVisible=false isSleeping=false topActivityInSizeCompat=false topActivityEligibleForLetterboxEducation= false topActivityLetterboxed= false isFromDoubleTap= false topActivityLetterboxVerticalPosition= -1 topActivityLetterboxHorizontalPosition= -1 topActivityLetterboxWidth=-1 topActivityLetterboxHeight=-1 locusId=null displayAreaFeatureId=1 cameraCompatControlState=hidden}, remoteTransition = RemoteTransition { remoteTransition = android.window.IRemoteTransition$Stub$Proxy@7759a04, appThread = android.app.IApplicationThread$Stub$Proxy@517fbed, debugName = QuickstepLaunch }, displayChange = null }
09-24 18:38:53.878 561 581 V WindowManager: startWCT=WindowContainerTransaction { changes = {} hops = [] errorCallbackToken=null taskFragmentOrganizer=null }
09-24 18:38:53.879 561 581 V WindowManager: info={id=46 t=OPEN f=0x0 trk=0 r=[0@Point(0, 0)] c=[{WCT{RemoteToken{2615290 Task{2862ea #23 type=standard A=10184:com.example.qtquickview_kotlin}}} m=SHOW f= leash=Surface(name=Task=23)/@0xa7e6542 sb=Rect(0, 0 - 1080, 2400) eb=Rect(0, 0 - 1080, 2400) d=0},{WCT{RemoteToken{5486296 Task{6e71f63 #1 type=home}}} m=HIDE f=SHOW_WALLPAPER leash=Surface(name=Task=1)/@0xbadec5f sb=Rect(0, 0 - 1080, 2400) eb=Rect(0, 0 - 1080, 2400) d=0}]}
09-24 18:38:53.879 807 840 V WindowManagerShell: onTransitionReady android.os.BinderProxy@70f1849: {id=46 t=OPEN f=0x0 trk=0 r=[0@Point(0, 0)] c=[{WCT{android.window.IWindowContainerToken$Stub$Proxy@876cb63} m=SHOW f= leash=Surface(name=Task=23)/@0xe1ef360 sb=Rect(0, 0 - 1080, 2400) eb=Rect(0, 0 - 1080, 2400) d=0},{WCT{android.window.IWindowContainerToken$Stub$Proxy@d951019} m=HIDE f=SHOW_WALLPAPER leash=Surface(name=Task=1)/@0xfb5a8de sb=Rect(0, 0 - 1080, 2400) eb=Rect(0, 0 - 1080, 2400) d=0}]}
09-24 18:38:53.879 807 840 V WindowManagerShell: Playing animation for (#46)android.os.BinderProxy@70f1849@0
09-24 18:38:53.879 807 840 V WindowManagerShell: try firstHandler com.android.wm.shell.transition.DefaultMixedHandler@2bf3891
09-24 18:38:53.879 807 840 V WindowManagerShell: Delegate animation for #46 to RemoteTransition { remoteTransition = android.window.IRemoteTransition$Stub$Proxy@b27f005, appThread = android.app.IApplicationThread$Stub$Proxy@400e85a, debugName = QuickstepLaunch }
09-24 18:38:53.882 807 840 V WindowManagerShell: animated by firstHandler
09-24 18:38:53.951 396 524 D audioserver: FGS Logger Transaction failed
09-24 18:38:53.951 396 524 D audioserver: -129
09-24 18:38:54.110 561 581 W ziparchive: Unable to open '/data/app/~~F4yQBZPHkkiDCvIpIfMWXg==/com.example.qtquickview_kotlin-RM41Tj9q01JxxlLq7edIHg==/base.dm': No such file or directory
09-24 18:38:54.142 807 824 I ndroid.systemui: Background young concurrent copying GC freed 263669(12MB) AllocSpace objects, 0(0B) LOS objects, 33% free, 21MB/31MB, paused 129us,43us total 110.845ms
09-24 18:38:54.206 561 657 I ImeTracker: com.example.qtquickview_kotlin:36ddd4c7: onRequestHide at ORIGIN_SERVER_HIDE_INPUT reason HIDE_UNSPECIFIED_WINDOW
09-24 18:38:54.207 561 657 I ImeTracker: com.example.qtquickview_kotlin:36ddd4c7: onCancelled at PHASE_SERVER_SHOULD_HIDE
09-24 18:38:54.224 1575 1575 I GoogleInputMethodService: GoogleInputMethodService.onFinishInput():3227
09-24 18:38:54.257 1575 1575 I GoogleInputMethodService: GoogleInputMethodService.updateDeviceLockedStatus():2087 repeatCheckTimes = 0, unlocked = true
09-24 18:38:54.259 1575 1575 I GoogleInputMethodService: GoogleInputMethodService.onStartInput():1877 onStartInput(EditorInfo{inputType=0x0(NULL) imeOptions=0x0 privateImeOptions=null actionName=UNSPECIFIED actionLabel=null actionId=0 initialSelStart=-1 initialSelEnd=-1 initialCapsMode=0x0 hintText=null label=null packageName=com.example.qtquickview_kotlin fieldId=0 fieldName=null extras=null}, false)
09-24 18:38:54.259 1575 1575 I GoogleInputMethodService: GoogleInputMethodService.shouldHideHeaderOnInitialState():4008 ShouldHideHeaderOnInitialState = false
09-24 18:38:54.261 1575 1575 I GoogleInputMethodService: GoogleInputMethodService.updateDeviceLockedStatus():2087 repeatCheckTimes = 2, unlocked = true
09-24 18:38:54.464 807 840 V WindowManagerShell: Transition animation finished (aborted=false), notifying core (#46)android.os.BinderProxy@70f1849@0
09-24 18:38:54.465 561 581 V WindowManager: Finish Transition #46: created at
09-24 18:38:53.784 collect-started=0.036ms request-sent=24.863ms started=28.549ms ready=84.245ms sent=94.128ms finished=681.251ms
09-24 18:38:54.466 807 840 V WindowManagerShell: Track 0 became idle
09-24 18:38:54.466 807 840 V WindowManagerShell: All active transition animations finished
09-24 18:38:54.485 969 1204 D BtGatt.ScanManager: uid 10116 isForeground true scanMode 1
09-24 18:38:54.485 969 1204 D BtGatt.ScanManager: uid 10116 isForeground true scanMode -1
09-24 18:38:54.555 1105 2176 D OneSearchSuggestProvider: Shut down the binder channel
09-24 18:38:54.559 1105 5781 I IPCThreadState: oneway function results for code 2 on binder at 0x799fb5134b00 will be dropped but finished with status UNKNOWN_TRANSACTION
09-24 18:38:54.564 1105 1179 I ImeTracker: com.google.android.apps.nexuslauncher:20a91a1f: onRequestHide at ORIGIN_CLIENT_HIDE_SOFT_INPUT reason HIDE_SOFT_INPUT
09-24 18:38:54.566 1105 1179 I ImeTracker: com.google.android.apps.nexuslauncher:20a91a1f: onFailed at PHASE_CLIENT_VIEW_SERVED
09-24 18:38:54.566 1105 1105 W FrameTracker: Missed App frame:UNKNOWN: 88, 170127, 0, CUJ=J
09-24 18:38:54.566 1105 1105 W FrameTracker: Missed SF frame:UNKNOWN: 88, 170127, 0, CUJ=J
09-24 18:38:54.566 1105 1105 W FrameTracker: Missing HWUI jank callback for vsyncId: 170127, CUJ=J
09-24 18:38:54.566 1105 1105 W FrameTracker: Missing HWUI jank callback for vsyncId: 170149, CUJ=J
09-24 18:38:54.566 1105 1105 W FrameTracker: Missed App frame:UNKNOWN: 88, 170598, 0, CUJ=J
09-24 18:38:54.566 1105 1105 W FrameTracker: Missed SF frame:UNKNOWN: 88, 170598, 0, CUJ=J
09-24 18:38:54.566 1105 1105 W FrameTracker: Missing HWUI jank callback for vsyncId: 170598, CUJ=J
09-24 18:38:54.567 1105 1105 W FrameTracker: Missed SF frame:UNKNOWN: 80, 170622, 95072321, CUJ=J
09-24 18:38:54.571 807 807 D StatusBarIconController: ignoring old pipeline callback because the new wifi icon is enabled
09-24 18:38:54.602 413 413 W SurfaceFlinger: couldn't log to binary event log: overflow.
09-24 18:38:54.895 807 824 I ndroid.systemui: Background concurrent copying GC freed 376051(17MB) AllocSpace objects, 0(0B) LOS objects, 49% free, 15MB/31MB, paused 81us,24us total 126.705ms
09-24 18:38:55.091 1105 1105 D TaplEvents: TIS / TouchInteractionService.onInputEvent: MotionEvent { action=ACTION_DOWN, actionButton=0, id[0]=0, x[0]=510.9629, y[0]=2330.8594, toolType[0]=TOOL_TYPE_FINGER, buttonState=0, classification=NONE, metaState=0, flags=0x0, edgeFlags=0x0, pointerCount=1, historySize=0, eventTime=378284, downTime=378284, deviceId=4, source=0xd002, displayId=0, eventId=69636973 }
09-24 18:38:55.108 807 840 V ShellRecents: RecentsTransitionHandler.startRecentsTransition
09-24 18:38:55.109 807 840 V WindowManagerShell: Directly starting a new transition type=3 wct=WindowContainerTransaction { changes = {} hops = [{PendingIntent: options=Bundle[mParcelledData.dataSize=332]}] errorCallbackToken=null taskFragmentOrganizer=null } handler=com.android.wm.shell.recents.RecentsTransitionHandler@48ea264
09-24 18:38:55.118 807 840 V ShellRecents: [164498511] RecentsController.setTransition: id=android.os.BinderProxy@80d9b72
09-24 18:38:55.127 1105 1179 I ImeTracker: com.google.android.apps.nexuslauncher:37e774d2: onRequestHide at ORIGIN_CLIENT_HIDE_SOFT_INPUT reason HIDE_SOFT_INPUT
09-24 18:38:55.127 1105 1179 I ImeTracker: com.google.android.apps.nexuslauncher:37e774d2: onFailed at PHASE_CLIENT_VIEW_SERVED
09-24 18:38:55.130 413 413 I BpBinder: onLastStrongRef automatically unlinking death recipients:
09-24 18:38:55.191 1105 1105 D TaplEvents: Pilfer / pilferPointers
09-24 18:38:55.193 561 657 I InputDispatcher: Channel [Gesture Monitor] swipe-up (server) is stealing touch from [2db6a31 com.example.qtquickview_kotlin/com.example.qtquickview_kotlin.MainActivity (server), [Gesture Monitor] edge-swipe (server)]
09-24 18:38:55.196 807 840 V WindowManagerShell: onTransitionReady android.os.BinderProxy@80d9b72: {id=47 t=TO_FRONT f=0x80 trk=0 r=[0@Point(0, 0)] c=[{WCT{android.window.IWindowContainerToken$Stub$Proxy@f7cb79b} m=SHOW f=SHOW_WALLPAPER leash=Surface(name=Task=1)/@0x4ed9738 sb=Rect(0, 0 - 1080, 2400) eb=Rect(0, 0 - 1080, 2400) d=0},{WCT{android.window.IWindowContainerToken$Stub$Proxy@a8ca311} m=HIDE f=NONE leash=Surface(name=Task=23)/@0x7b6cc76 sb=Rect(0, 0 - 1080, 2400) eb=Rect(0, 0 - 1080, 2400) d=0},{null m=SHOW f=IS_WALLPAPER leash=Surface(name=WallpaperWindowToken{c35888f token=android.os.Binder@348cbee})/@0x4653277 sb=Rect(0, 0 - 1080, 2400) eb=Rect(0, 0 - 1080, 2400) d=0}]}
09-24 18:38:55.196 807 840 V WindowManagerShell: Playing animation for (#47)android.os.BinderProxy@80d9b72@0
09-24 18:38:55.196 807 840 V WindowManagerShell: try firstHandler com.android.wm.shell.recents.RecentsTransitionHandler@48ea264
09-24 18:38:55.196 561 581 V WindowManager: Sent Transition #47 createdAt=09-24 18:38:55.109
09-24 18:38:55.196 561 581 V WindowManager: startWCT=WindowContainerTransaction { changes = {} hops = [{PendingIntent: options=Bundle[{android.activity.splashScreenStyle=-1, android.activity.sourceInfo=android.app.ActivityOptions$SourceInfo@8525ab8, android.activity.transientLaunch=true}]}] errorCallbackToken=null taskFragmentOrganizer=null }
09-24 18:38:55.196 561 581 V WindowManager: info={id=47 t=TO_FRONT f=0x80 trk=0 r=[0@Point(0, 0)] c=[{WCT{RemoteToken{5486296 Task{6e71f63 #1 type=home}}} m=SHOW f=SHOW_WALLPAPER leash=Surface(name=Task=1)/@0xbadec5f sb=Rect(0, 0 - 1080, 2400) eb=Rect(0, 0 - 1080, 2400) d=0},{WCT{RemoteToken{2615290 Task{2862ea #23 type=standard A=10184:com.example.qtquickview_kotlin}}} m=HIDE f=NONE leash=Surface(name=Task=23)/@0xa7e6542 sb=Rect(0, 0 - 1080, 2400) eb=Rect(0, 0 - 1080, 2400) d=0},{null m=SHOW f=IS_WALLPAPER leash=Surface(name=WallpaperWindowToken{c35888f token=android.os.Binder@348cbee})/@0x94640b9 sb=Rect(0, 0 - 1080, 2400) eb=Rect(0, 0 - 1080, 2400) d=0}]}
09-24 18:38:55.203 807 840 V ShellRecents: [164498511] RecentsController.start
09-24 18:38:55.206 807 840 V ShellRecents: adding pausing taskId=23
09-24 18:38:55.208 807 840 V ShellRecents: [164498511] RecentsController.start: calling onAnimationStart
09-24 18:38:55.209 807 840 V WindowManagerShell: animated by firstHandler
09-24 18:38:55.212 413 429 I BpBinder: onLastStrongRef automatically unlinking death recipients:
09-24 18:38:55.226 561 694 E HandwritingModeController: Cannot get requestId: Handwriting was not initialized.
09-24 18:38:55.227 807 840 V ShellRecents: [164498511] RecentsController.setInputConsumerEnabled: set focus to recents
09-24 18:38:55.245 807 807 I vol.VolumeDialogImpl: mDialog.dismiss() reason: volume_controller from: com.android.systemui.volume.VolumeDialogImpl$7.onDismissRequested:3
09-24 18:38:55.249 561 581 D AutofillManagerService: Close system dialogs
09-24 18:38:55.308 5794 5814 D EGL_emulation: app_time_stats: avg=231.19ms min=7.82ms max=899.52ms count=5
09-24 18:38:55.663 1105 1105 D MotionPauseDetector: onMotionPauseChanged, paused=true reason=Didn't have back to back slow speeds, checking for rapid deceleration on first pause only
09-24 18:38:56.226 1105 1933 D EGL_emulation: app_time_stats: avg=16.06ms min=7.28ms max=73.34ms count=32
09-24 18:38:56.309 1105 1105 D MotionPauseDetector: onMotionPauseChanged, paused=false reason=Was paused, but started moving at a fast speed
09-24 18:38:56.968 355 3297 D android.hardware.audio@7.1-impl.ranchu: threadLoop: entering standby, frames: 4329600
09-24 18:38:56.981 1105 1105 D TaplEvents: TIS / TouchInteractionService.onInputEvent: MotionEvent { action=ACTION_UP, actionButton=0, id[0]=0, x[0]=448.96777, y[0]=1.9775391, toolType[0]=TOOL_TYPE_FINGER, buttonState=0, classification=NONE, metaState=0, flags=0x0, edgeFlags=0x0, pointerCount=1, historySize=0, eventTime=380138, downTime=378284, deviceId=4, source=0xd002, displayId=0, eventId=833207264 }
09-24 18:38:57.005 807 2294 V ShellRecents: [164498511] RecentsController.detachNavigationBarFromApp
09-24 18:38:57.034 807 807 D StatusBarIconController: ignoring old pipeline callbacks, because the new mobile icons are enabled
09-24 18:38:57.062 1658 1853 I AiAiEcho: Predicting[0]:
09-24 18:38:57.063 1658 1853 I AiAiEcho: EchoTargets:
09-24 18:38:57.063 1658 1853 I AiAiEcho: Filtered by AiAi flag check:
09-24 18:38:57.066 1658 1853 I AiAiEcho: Ranked targets strategy: SORT, count: 0, ranking metadata:
09-24 18:38:57.067 561 1843 E TaskPersister: File error accessing recents directory (directory doesn't exist?).
09-24 18:38:57.116 1658 1853 I AiAiEcho: #postPredictionTargets: Sending updates to UISurface home with targets# 0 (types=[])
09-24 18:38:57.166 561 1169 D OomAdjuster: Not killing cached processes
09-24 18:38:57.194 969 1204 D BtGatt.ScanManager: uid 10116 isForeground true scanMode 1
09-24 18:38:57.194 969 1204 D BtGatt.ScanManager: uid 10116 isForeground true scanMode -1
09-24 18:38:57.229 1105 1933 D EGL_emulation: app_time_stats: avg=16.70ms min=8.56ms max=84.71ms count=30
09-24 18:38:57.250 1932 1932 W A : Can't get WAA status for Mavatar!
09-24 18:38:57.250 1932 1932 W A : java.lang.NullPointerException: Attempt to invoke virtual method 'java.lang.Class java.lang.Object.getClass()' on a null object reference
09-24 18:38:57.250 1932 1932 W A : at com.google.apps.tiktok.dataservice.z.b(PG:1)
09-24 18:38:57.250 1932 1932 W A : at com.google.apps.tiktok.dataservice.at.a(PG:1)
09-24 18:38:57.250 1932 1932 W A : at com.google.apps.tiktok.tracing.ec.a(PG:2)
09-24 18:38:57.250 1932 1932 W A : at com.google.common.util.concurrent.aj.a(PG:2)
09-24 18:38:57.250 1932 1932 W A : at com.google.common.util.concurrent.ac.apply(PG:1)
09-24 18:38:57.250 1932 1932 W A : at com.google.common.util.concurrent.h.e(PG:2)
09-24 18:38:57.250 1932 1932 W A : at com.google.common.util.concurrent.j.run(PG:9)
09-24 18:38:57.250 1932 1932 W A : at com.google.common.util.concurrent.bf.execute(PG:1)
09-24 18:38:57.250 1932 1932 W A : at com.google.common.util.concurrent.d.i(PG:1)
09-24 18:38:57.250 1932 1932 W A : at com.google.common.util.concurrent.d.l(PG:12)
09-24 18:38:57.250 1932 1932 W A : at com.google.common.util.concurrent.d.n(PG:2)
09-24 18:38:57.250 1932 1932 W A : at com.google.common.util.concurrent.i.f(PG:1)
09-24 18:38:57.250 1932 1932 W A : at com.google.common.util.concurrent.j.run(PG:12)
09-24 18:38:57.250 1932 1932 W A : at com.google.android.libraries.i.ae.run(PG:1)
09-24 18:38:57.250 1932 1932 W A : at java.util.concurrent.ThreadPoolExecutor.runWorker(ThreadPoolExecutor.java:1145)
09-24 18:38:57.250 1932 1932 W A : at java.util.concurrent.ThreadPoolExecutor$Worker.run(ThreadPoolExecutor.java:644)
09-24 18:38:57.250 1932 1932 W A : at com.google.android.libraries.i.k.run(PG:2)
09-24 18:38:57.250 1932 1932 W A : at com.google.android.libraries.i.p.run(PG:4)
09-24 18:38:57.250 1932 1932 W A : at java.lang.Thread.run(Thread.java:1012)
09-24 18:38:57.263 561 1794 W AppSearchIcing: icing-search-engine.cc:283: Error: 5, Message: Document (com.google.android.googlequicksearchbox$OneSearchZeroStateGoogleSuggestions/default, zp) not found.
09-24 18:38:57.285 1105 2176 D OneSearchSuggestProvider: Created the binder channel successfully for end point service =com.google.android.apps.search.googleapp.search.suggest.plugins.onesearch.server.OneSearchSuggestService , mChannel=z1{delegate=s1{logId=65, target=directaddress:///AndroidComponentAddress%5BIntent%20%7B%20act=grpc.io.action.BIND%20cmp=com.google.android.googlequicksearchbox/com.google.android.apps.search.googleapp.search.suggest.plugins.onesearch.server.OneSearchSuggestService%20%7D%5D}} , mOneSearchConnection=X1.T@f089af8
09-24 18:38:57.392 1932 1932 I A : Created gRPC endpoint to "search" for service class com.google.android.apps.search.googleapp.search.suggest.plugins.onesearch.server.OneSearchSuggestService
09-24 18:38:57.476 1105 1105 D SearchTargetUtil: query= size=0
09-24 18:38:57.584 807 807 D StatusBarIconController: ignoring old pipeline callback because the new wifi icon is enabled
09-24 18:38:57.695 807 878 V ShellRecents: [164498511] RecentsController.screenshotTask: taskId=23
09-24 18:38:57.755 1105 1179 I ImeTracker: com.google.android.apps.nexuslauncher:f8f1dfbc: onRequestHide at ORIGIN_CLIENT_HIDE_SOFT_INPUT reason HIDE_SOFT_INPUT
09-24 18:38:57.756 1105 1179 I ImeTracker: com.google.android.apps.nexuslauncher:f8f1dfbc: onFailed at PHASE_CLIENT_VIEW_SERVED
09-24 18:38:57.757 807 840 V ShellRecents: [164498511] RecentsController.finishInner: toHome=true userLeave=true willFinishToHome=true state=0
09-24 18:38:57.757 807 840 V ShellRecents: normal finish
09-24 18:38:57.757 807 840 V ShellRecents: [164498511] RecentsController.cleanup
09-24 18:38:57.757 807 840 V WindowManagerShell: Transition animation finished (aborted=false), notifying core (#47)android.os.BinderProxy@80d9b72@0
09-24 18:38:57.760 561 581 V WindowManager: Finish Transition #47: created at
09-24 18:38:55.109 collect-started=3.099ms started=3.175ms ready=7.106ms sent=85.286ms finished=2648.858ms
09-24 18:38:57.802 807 840 V WindowManagerShell: Track 0 became idle
09-24 18:38:57.802 807 840 V WindowManagerShell: All active transition animations finished
09-24 18:38:57.802 807 840 W Looper : Slow dispatch took 45ms wmshell.main h=android.os.Handler c=com.android.wm.shell.recents.RecentsTransitionHandler$RecentsController$$ExternalSyntheticLambda3@d58f4cb m=0
09-24 18:38:57.805 561 584 V WindowManager: Unknown focus tokens, dropping reportFocusChanged
09-24 18:38:57.853 561 1169 I ImeTracker: com.google.android.apps.nexuslauncher:a08a63bd: onRequestHide at ORIGIN_SERVER_HIDE_INPUT reason HIDE_UNSPECIFIED_WINDOW
09-24 18:38:57.856 561 1169 I ImeTracker: com.google.android.apps.nexuslauncher:a08a63bd: onCancelled at PHASE_SERVER_SHOULD_HIDE
09-24 18:38:57.857 1575 1575 I GoogleInputMethodService: GoogleInputMethodService.onFinishInput():3227
09-24 18:38:57.878 1575 1575 I GoogleInputMethodService: GoogleInputMethodService.updateDeviceLockedStatus():2087 repeatCheckTimes = 0, unlocked = true
09-24 18:38:57.879 1575 1575 I GoogleInputMethodService: GoogleInputMethodService.onStartInput():1877 onStartInput(EditorInfo{inputType=0x0(NULL) imeOptions=0x0 privateImeOptions=null actionName=UNSPECIFIED actionLabel=null actionId=0 initialSelStart=-1 initialSelEnd=-1 initialCapsMode=0x0 hintText=null label=null packageName=com.google.android.apps.nexuslauncher fieldId=0 fieldName=null extras=null}, false)
09-24 18:38:57.879 1575 1575 I GoogleInputMethodService: GoogleInputMethodService.shouldHideHeaderOnInitialState():4008 ShouldHideHeaderOnInitialState = false
09-24 18:38:57.880 1575 1575 I GoogleInputMethodService: GoogleInputMethodService.updateDeviceLockedStatus():2087 repeatCheckTimes = 2, unlocked = true
09-24 18:38:58.120 561 570 I system_server: NativeAlloc concurrent copying GC freed 136906(5311KB) AllocSpace objects, 17(336KB) LOS objects, 47% free, 26MB/50MB, paused 303us,58us total 319.399ms
09-24 18:38:58.121 561 571 W JavaBinder: BinderProxy is being destroyed but the application did not call unlinkToDeath to unlink all of its death recipients beforehand. Releasing leaked death recipient: com.android.server.wm.ActivityRecord$$ExternalSyntheticLambda0
09-24 18:38:58.122 561 571 I BpBinder: onLastStrongRef automatically unlinking death recipients:
