12-10 09:45:36.319 12576 12616 D libEGL : Enabling MSAA 4x
12-10 09:45:36.319 12576 12616 D libEGL : Enabling MSAA 4x
12-10 09:45:36.328 12576 12699 D libMEOW : meow new tls: 0x6f2191aec0
12-10 09:45:36.328 12576 12699 D libMEOW : applied 0 plugin for [io.qt.qtdesignviewer].
12-10 09:45:36.328 12576 12699 D libMEOW : rebuild call chain: 0x6f1c158680
12-10 09:45:36.329 12576 12699 D libEGL : Enabling MSAA 4x
12-10 09:45:36.329 12576 12699 D libEGL : Enabling MSAA 4x
12-10 09:45:36.347 12576 12576 D BufferQueueConsumer: [](id:312000000003,api:0,p:-1,c:12576) connect: controlledByApp=true
12-10 09:45:38.793 12576 12615 E GED : queueBuffer: fence 181 didn't signal in 1000 ms (try = 1)
12-10 09:45:38.794 12576 12615 I GED : queueBuffer: fence(mali-mali.timeline139212-1) status(0)
12-10 09:45:38.794 12576 12615 I GED : queueBuffer: sync point: timeline(mali.timeline) drv(mali) status(0) timestamp(0.000000)
12-10 09:45:39.795 12576 12615 E GED : queueBuffer: fence 181 didn't signal in 1000 ms (try = 2)
12-10 09:45:39.796 12576 12615 I GED : queueBuffer: fence(mali-mali.timeline139212-1) status(0)
12-10 09:45:39.796 12576 12615 I GED : queueBuffer: sync point: timeline(mali.timeline) drv(mali) status(0) timestamp(0.000000)
12-10 09:45:40.798 12576 12615 E GED : queueBuffer: fence 181 didn't signal in 1000 ms (try = 3)
12-10 09:45:40.798 12576 12615 I GED : queueBuffer: fence(mali-mali.timeline139212-1) status(0)
12-10 09:45:40.798 12576 12615 I GED : queueBuffer: sync point: timeline(mali.timeline) drv(mali) status(0) timestamp(0.000000)
12-10 09:45:40.813 12576 12642 E Fence : waitForever: Throttling EGL Production: fence 179 didn't signal in 3000 ms
12-10 09:45:40.814 12576 12642 I Fence : waitForever: fence(mali-mali.timeline139212-1) status(0)
12-10 09:45:40.814 12576 12642 I Fence : waitForever: sync point: timeline(mali.timeline) drv(mali) status(0) timestamp(0.000000)
12-10 09:45:41.800 12576 12615 E GED : queueBuffer: fence 181 didn't signal in 1000 ms (try = 4)
12-10 09:45:41.800 12576 12615 I GED : queueBuffer: fence(mali-mali.timeline139212-1) status(0)
12-10 09:45:41.801 12576 12615 I GED : queueBuffer: sync point: timeline(mali.timeline) drv(mali) status(0) timestamp(0.000000)
12-10 09:45:42.459 12576 12615 I GED : queueBuffer: fence(mali-mali.timeline139212-1) 181 is signaled during 5000 ms
12-10 09:45:43.491 12576 12615 E GED : queueBuffer: fence 152 didn't signal in 1000 ms (try = 1)
12-10 09:45:43.492 12576 12615 I GED : queueBuffer: fence(mali-mali.timeline139149-1) status(0)
12-10 09:45:43.492 12576 12615 I GED : queueBuffer: sync point: timeline(mali.timeline) drv(mali) status(0) timestamp(0.000000)
12-10 09:45:44.494 12576 12615 E GED : queueBuffer: fence 152 didn't signal in 1000 ms (try = 2)
12-10 09:45:44.494 12576 12615 I GED : queueBuffer: fence(mali-mali.timeline139149-1) status(0)
12-10 09:45:44.495 12576 12615 I GED : queueBuffer: sync point: timeline(mali.timeline) drv(mali) status(0) timestamp(0.000000)
12-10 09:45:45.496 12576 12615 E GED : queueBuffer: fence 152 didn't signal in 1000 ms (try = 3)
12-10 09:45:45.497 12576 12615 I GED : queueBuffer: fence(mali-mali.timeline139149-1) status(0)
12-10 09:45:45.497 12576 12615 I GED : queueBuffer: sync point: timeline(mali.timeline) drv(mali) status(0) timestamp(0.000000)
12-10 09:45:46.064 12576 12642 E Fence : waitForever: Throttling EGL Production: fence 138 didn't signal in 3000 ms
12-10 09:45:46.064 12576 12642 I Fence : waitForever: fence(mali-mali.timeline139149-1) status(0)
12-10 09:45:46.065 12576 12642 I Fence : waitForever: sync point: timeline(mali.timeline) drv(mali) status(0) timestamp(0.000000)
12-10 09:45:46.499 12576 12615 E GED : queueBuffer: fence 152 didn't signal in 1000 ms (try = 4)
12-10 09:45:46.500 12576 12615 I GED : queueBuffer: fence(mali-mali.timeline139149-1) status(0)
12-10 09:45:46.500 12576 12615 I GED : queueBuffer: sync point: timeline(mali.timeline) drv(mali) status(0) timestamp(0.000000)
12-10 09:45:47.148 12576 12615 I GED : queueBuffer: fence(mali-mali.timeline139149-1) 152 is signaled during 5000 ms
12-10 09:45:48.150 12576 12615 E GED : queueBuffer: fence 183 didn't signal in 1000 ms (try = 1)
12-10 09:45:48.151 12576 12615 I GED : queueBuffer: fence(mali-mali.timeline139179-1) status(0)
12-10 09:45:48.151 12576 12615 I GED : queueBuffer: sync point: timeline(mali.timeline) drv(mali) status(0) timestamp(0.000000)
12-10 09:45:48.862 12576 12615 I GED : queueBuffer: fence(mali-mali.timeline139179-1) 183 is signaled during 2000 ms
12-10 09:45:49.863 12576 12615 E GED : queueBuffer: fence 178 didn't signal in 1000 ms (try = 1)
12-10 09:45:49.864 12576 12615 I GED : queueBuffer: fence(mali-mali.timeline139023-2) status(0)
12-10 09:45:49.864 12576 12615 I GED : queueBuffer: sync point: timeline(mali.timeline) drv(mali) status(0) timestamp(0.000000)
12-10 09:45:50.865 12576 12615 E GED : queueBuffer: fence 178 didn't signal in 1000 ms (try = 2)
12-10 09:45:50.865 12576 12615 I GED : queueBuffer: fence(mali-mali.timeline139023-2) status(0)
12-10 09:45:50.865 12576 12615 I GED : queueBuffer: sync point: timeline(mali.timeline) drv(mali) status(0) timestamp(0.000000)
12-10 09:45:51.802 12576 12615 I GED : queueBuffer: fence(mali-mali.timeline139023-2) 178 is signaled during 3000 ms
12-10 09:45:52.814 12576 12615 E GED : queueBuffer: fence 153 didn't signal in 1000 ms (try = 1)
12-10 09:45:52.814 12576 12615 I GED : queueBuffer: fence(mali-mali.timeline139017-1) status(0)
12-10 09:45:52.814 12576 12615 I GED : queueBuffer: sync point: timeline(mali.timeline) drv(mali) status(0) timestamp(0.000000)
12-10 09:45:53.815 12576 12615 E GED : queueBuffer: fence 153 didn't signal in 1000 ms (try = 2)
12-10 09:45:53.816 12576 12615 I GED : queueBuffer: fence(mali-mali.timeline139017-1) status(0)
12-10 09:45:53.816 12576 12615 I GED : queueBuffer: sync point: timeline(mali.timeline) drv(mali) status(0) timestamp(0.000000)
12-10 09:45:54.818 12576 12615 E GED : queueBuffer: fence 153 didn't signal in 1000 ms (try = 3)
12-10 09:45:54.818 12576 12615 I GED : queueBuffer: fence(mali-mali.timeline139017-1) status(0)
12-10 09:45:54.819 12576 12615 I GED : queueBuffer: sync point: timeline(mali.timeline) drv(mali) status(0) timestamp(0.000000)
12-10 09:45:54.821 12576 12642 E Fence : waitForever: Throttling EGL Production: fence 140 didn't signal in 3000 ms
12-10 09:45:54.822 12576 12642 I Fence : waitForever: fence(mali-mali.timeline139017-1) status(0)
12-10 09:45:54.822 12576 12642 I Fence : waitForever: sync point: timeline(mali.timeline) drv(mali) status(0) timestamp(0.000000)
12-10 09:45:55.820 12576 12615 E GED : queueBuffer: fence 153 didn't signal in 1000 ms (try = 4)
12-10 09:45:55.820 12576 12615 I GED : queueBuffer: fence(mali-mali.timeline139017-1) status(0)
12-10 09:45:55.820 12576 12615 I GED : queueBuffer: sync point: timeline(mali.timeline) drv(mali) status(0) timestamp(0.000000)
12-10 09:45:56.462 12576 12615 I GED : queueBuffer: fence(mali-mali.timeline139017-1) 153 is signaled during 5000 ms
12-10 09:45:57.608 12576 12615 E GED : queueBuffer: fence 181 didn't signal in 1000 ms (try = 1)
12-10 09:45:57.608 12576 12615 I GED : queueBuffer: fence(mali-mali.timeline139002-2) status(0)
12-10 09:45:57.609 12576 12615 I GED : queueBuffer: sync point: timeline(mali.timeline) drv(mali) status(0) timestamp(0.000000)
12-10 09:45:58.610 12576 12615 E GED : queueBuffer: fence 181 didn't signal in 1000 ms (try = 2)
12-10 09:45:58.611 12576 12615 I GED : queueBuffer: fence(mali-mali.timeline139002-2) status(0)
12-10 09:45:58.611 12576 12615 I GED : queueBuffer: sync point: timeline(mali.timeline) drv(mali) status(0) timestamp(0.000000)
12-10 09:45:59.612 12576 12615 E GED : queueBuffer: fence 181 didn't signal in 1000 ms (try = 3)
12-10 09:45:59.613 12576 12615 I GED : queueBuffer: fence(mali-mali.timeline139002-2) status(0)
12-10 09:45:59.613 12576 12615 I GED : queueBuffer: sync point: timeline(mali.timeline) drv(mali) status(0) timestamp(0.000000)
12-10 09:45:59.615 12576 12642 E Fence : waitForever: Throttling EGL Production: fence 179 didn't signal in 3000 ms
12-10 09:45:59.615 12576 12642 I Fence : waitForever: fence(mali-mali.timeline139002-2) status(0)
12-10 09:45:59.615 12576 12642 I Fence : waitForever: sync point: timeline(mali.timeline) drv(mali) status(0) timestamp(0.000000)
12-10 09:46:00.373 12576 12576 I ImeTracker: io.qt.qtdesignviewer:5e41f17d: onRequestHide at ORIGIN_CLIENT_HIDE_SOFT_INPUT reason HIDE_SOFT_INPUT
12-10 09:46:00.374 12576 12576 I InputMethodManager_LC: hsifw() - flag : 0
12-10 09:46:00.375 12576 12576 I InputMethodManager_LC: hsifw() - mService.hideSoftInput
12-10 09:46:00.381 12576 12576 I ImeTracker: io.qt.qtdesignviewer:988bbe04: onRequestHide at ORIGIN_CLIENT_HIDE_SOFT_INPUT reason HIDE_SOFT_INPUT
12-10 09:46:00.381 12576 12576 I InputMethodManager_LC: hsifw() - flag : 0
12-10 09:46:00.381 12576 12576 I InputMethodManager_LC: hsifw() - mService.hideSoftInput
12-10 09:46:00.614 12576 12615 E GED : queueBuffer: fence 181 didn't signal in 1000 ms (try = 4)
12-10 09:46:00.615 12576 12615 I GED : queueBuffer: fence(mali-mali.timeline139002-2) status(0)
12-10 09:46:00.615 12576 12615 I GED : queueBuffer: sync point: timeline(mali.timeline) drv(mali) status(0) timestamp(0.000000)
12-10 09:46:01.249 12576 12615 I GED : queueBuffer: fence(mali-mali.timeline139002-2) 181 is signaled during 5000 ms
12-10 09:46:01.296 12576 12592 I OpenGLRenderer: Davey! duration=932ms; Flags=0, FrameTimelineVsyncId=2075544, IntendedVsync=1273229319697318, Vsync=1273229319697318, InputEventId=0, HandleInputStart=1273229321050576, AnimationStart=1273229321060422, PerformTraversalsStart=1273229321069345, DrawStart=1273229321788115, FrameDeadline=1273229339697318, FrameInterval=1273229321014499, FrameStartTime=16666667, SyncQueued=1273229322138884, SyncStart=1273229325079807, IssueDrawCommandsStart=1273229325364038, SwapBuffers=1273229328227730, FrameCompleted=1273230255591730, DequeueBufferDuration=103616, QueueBufferDuration=1328616, GpuCompleted=1273230255591730, SwapBuffersCompleted=1273229456632653, DisplayPresentTime=0, CommandSubmissionCompleted=1273229328227730,
12-10 09:46:01.528 12576 12616 D Qt_UI_Viewer: Debug: QTime("09:46:01.528") popup_close
12-10 09:46:01.594 12576 12699 E Surface : freeAllBuffers: 1 buffers were freed while being dequeued!