12-05 10:06:48.295 7800 9617 I GmsCoreXrpcWrapper: Returning a channel provider with trafficStatsTag=4097 trafficStatsUid=-1
12-05 10:06:48.322 563 794 D ConnectivityService: NetReassign [no changes]
12-05 10:06:48.341 426 9723 D CCodec : allocate(c2.android.vorbis.decoder)
12-05 10:06:48.346 426 9723 I CCodec : setting up 'default' as default (vendor) store
12-05 10:06:48.348 430 955 V C2Store : in init
12-05 10:06:48.348 7846 9401 W Auth : [TokenResponseCallback] TokenResponse failed with exception [CONTEXT service_id=343 ]
12-05 10:06:48.348 7846 9401 W Auth : bqjl: Failed to process request
12-05 10:06:48.348 7846 9401 W Auth : at bqjr.a(:com.google.android.gms@244337026@24.43.37 (150800-693941914):23)
12-05 10:06:48.348 7846 9401 W Auth : at bqnk.b(:com.google.android.gms@244337026@24.43.37 (150800-693941914):15)
12-05 10:06:48.348 7846 9401 W Auth : at bqny.onFailed(:com.google.android.gms@244337026@24.43.37 (150800-693941914):15)
12-05 10:06:48.348 7846 9401 W Auth : at m.lg.onFailed(:com.google.android.gms.dynamite_cronetdynamite@244337026@24.43.37 (150800-0):3)
12-05 10:06:48.348 7846 9401 W Auth : at m.kh.run(:com.google.android.gms.dynamite_cronetdynamite@244337026@24.43.37 (150800-0):9)
12-05 10:06:48.348 7846 9401 W Auth : at amjy.c(:com.google.android.gms@244337026@24.43.37 (150800-693941914):50)
12-05 10:06:48.348 7846 9401 W Auth : at amjy.run(:com.google.android.gms@244337026@24.43.37 (150800-693941914):76)
12-05 10:06:48.348 7846 9401 W Auth : at java.util.concurrent.ThreadPoolExecutor.runWorker(ThreadPoolExecutor.java:1167)
12-05 10:06:48.348 7846 9401 W Auth : at java.util.concurrent.ThreadPoolExecutor$Worker.run(ThreadPoolExecutor.java:641)
12-05 10:06:48.348 7846 9401 W Auth : at ampj.run(:com.google.android.gms@244337026@24.43.37 (150800-693941914):8)
12-05 10:06:48.348 7846 9401 W Auth : at java.lang.Thread.run(Thread.java:920)
12-05 10:06:48.348 7846 9401 W Auth : Caused by: m.kq: Exception in CronetUrlRequest: net::ERR_FAILED, ErrorCode=11, InternalErrorCode=-2, Retryable=false
12-05 10:06:48.348 7846 9401 W Auth : at org.chromium.net.impl.CronetUrlRequest.onError(:com.google.android.gms.dynamite_cronetdynamite@244337026@24.43.37 (150800-0):4)
12-05 10:06:48.349 430 955 V C2Store : loading dll
12-05 10:06:48.362 426 9723 I CCodec : Created component [c2.android.vorbis.decoder]
12-05 10:06:48.362 426 9723 D CCodecConfig: read media type: audio/vorbis
12-05 10:06:48.365 426 9723 D ReflectedParamUpdater: extent() != 1 for single value type: algo.buffers.max-count.values
12-05 10:06:48.370 426 9723 D ReflectedParamUpdater: extent() != 1 for single value type: output.subscribed-indices.values
12-05 10:06:48.370 426 9723 D ReflectedParamUpdater: extent() != 1 for single value type: input.buffers.allocator-ids.values
12-05 10:06:48.371 426 9723 D ReflectedParamUpdater: extent() != 1 for single value type: output.buffers.allocator-ids.values
12-05 10:06:48.371 426 9723 D ReflectedParamUpdater: extent() != 1 for single value type: algo.buffers.allocator-ids.values
12-05 10:06:48.371 426 9723 D ReflectedParamUpdater: extent() != 1 for single value type: output.buffers.pool-ids.values
12-05 10:06:48.371 426 9723 D ReflectedParamUpdater: extent() != 1 for single value type: algo.buffers.pool-ids.values
12-05 10:06:48.372 426 9723 I CCodecConfig: query failed after returning 7 values (BAD_INDEX)
12-05 10:06:48.372 426 9723 D CCodecConfig: c2 config diff is Dict {
12-05 10:06:48.372 426 9723 D CCodecConfig: c2::u32 coded.bitrate.value = 64000
12-05 10:06:48.372 426 9723 D CCodecConfig: c2::u32 input.buffers.max-size.value = 32768
12-05 10:06:48.372 426 9723 D CCodecConfig: c2::u32 input.delay.value = 0
12-05 10:06:48.372 426 9723 D CCodecConfig: string input.media-type.value = "audio/vorbis"
12-05 10:06:48.372 426 9723 D CCodecConfig: string output.media-type.value = "audio/raw"
12-05 10:06:48.372 426 9723 D CCodecConfig: c2::u32 raw.channel-count.value = 1
12-05 10:06:48.372 426 9723 D CCodecConfig: c2::u32 raw.sample-rate.value = 48000
12-05 10:06:48.372 426 9723 D CCodecConfig: }
12-05 10:06:48.372 426 9723 D CCodec : [c2.android.vorbis.decoder] buffers are bound to CCodec for this session
12-05 10:06:48.372 426 9723 D CCodecConfig: no c2 equivalents for durationUs
12-05 10:06:48.372 426 9723 D CCodecConfig: no c2 equivalents for csd-1
12-05 10:06:48.372 426 9723 D CCodecConfig: no c2 equivalents for channel-mask
12-05 10:06:48.372 426 9723 D CCodecConfig: no c2 equivalents for flags
12-05 10:06:48.380 426 9723 D CCodecConfig: c2 config diff is c2::u32 coded.bitrate.value = 70000
12-05 10:06:48.381 426 9723 W Codec2Client: query -- param skipped: index = 1107298332.
12-05 10:06:48.381 426 9723 D CCodec : setup formats input: AMessage(what = 0x00000000) = {
12-05 10:06:48.381 426 9723 D CCodec : int32_t bitrate = 70000
12-05 10:06:48.381 426 9723 D CCodec : int32_t channel-count = 1
12-05 10:06:48.381 426 9723 D CCodec : int32_t max-input-size = 32768
12-05 10:06:48.381 426 9723 D CCodec : string mime = "audio/vorbis"
12-05 10:06:48.381 426 9723 D CCodec : int32_t sample-rate = 48000
12-05 10:06:48.381 426 9723 D CCodec : }
12-05 10:06:48.381 426 9723 D CCodec : setup formats output: AMessage(what = 0x00000000) = {
12-05 10:06:48.381 426 9723 D CCodec : int32_t channel-count = 1
12-05 10:06:48.381 426 9723 D CCodec : string mime = "audio/raw"
12-05 10:06:48.381 426 9723 D CCodec : int32_t sample-rate = 48000
12-05 10:06:48.381 426 9723 D CCodec : int32_t channel-mask = 1
12-05 10:06:48.381 426 9723 D CCodec : }
12-05 10:06:48.382 426 9723 I CCodecConfig: query failed after returning 7 values (BAD_INDEX)
12-05 10:06:48.382 426 9723 I MediaCodec: MediaCodec will operate in async mode
12-05 10:06:48.382 426 9722 D MediaCodec: keep callback message for reclaim
12-05 10:06:48.385 426 9723 W Codec2Client: query -- param skipped: index = 1342179345.
12-05 10:06:48.385 426 9723 W Codec2Client: query -- param skipped: index = 2415921170.
12-05 10:06:48.386 426 9723 D CCodecBufferChannel: [c2.android.vorbis.decoder#338] Created input block pool with allocatorID 16 => poolID 21 - OK (0)
12-05 10:06:48.386 430 953 D BufferPoolAccessor2.0: bufferpool2 0x77a0e5f82508 : 0(0 size) total buffers - 0(0 size) used buffers - 93/97 (recycle/alloc) - 4/96 (fetch/transfer)
12-05 10:06:48.386 430 953 D BufferPoolAccessor2.0: Destruction - bufferpool2 0x77a0e5f82508 cached: 0/0M, 0/0% in use; allocs: 97, 96% recycled; transfers: 96, 96% unfetched
12-05 10:06:48.387 426 8854 D BufferPoolAccessor2.0: bufferpool2 0x79b561a5abc8 : 0(0 size) total buffers - 0(0 size) used buffers - 93/101 (recycle/alloc) - 8/198 (fetch/transfer)
12-05 10:06:48.387 426 8854 D BufferPoolAccessor2.0: Destruction - bufferpool2 0x79b561a5abc8 cached: 0/0M, 0/0% in use; allocs: 101, 92% recycled; transfers: 198, 96% unfetched
12-05 10:06:48.387 426 9723 I CCodecBufferChannel: [c2.android.vorbis.decoder#338] Created output block pool with allocatorID 16 => poolID 30 - OK
12-05 10:06:48.387 426 9723 D CCodecBufferChannel: [c2.android.vorbis.decoder#338] Configured output block pool ids 30 => OK
12-05 10:06:48.389 430 9724 D SimpleC2Component: Using output block pool with poolID 30 => got 30 - 0
12-05 10:06:48.407 371 1228 D AudioFlinger: Client defaulted notificationFrames to 12213 for frameCount 24426
12-05 10:06:48.418 371 1228 D AF::TrackHandle: OpPlayAudio: track:57 usage:5 not muted
12-05 10:06:48.447 338 338 E android.hardware.audio@7.0-impl.ranchu: device/generic/goldfish/audio/stream_out.cpp:updateSourceMetadata:388 failure: Result::NOT_SUPPORTED
12-05 10:06:48.449 426 9721 D AudioTrack: getTimestamp_l(17): device stall time corrected using current time 572760918569
12-05 10:06:48.466 1931 1931 W earchbox:searc: Long monitor contention with owner glide-animation-thread-0 (3240) at android.graphics.Bitmap com.bumptech.glide.load.a.a.m.g(int, int, android.graphics.Bitmap$Config)(SourceFile:27) waiters=0 in void com.bumptech.glide.load.a.a.m.d(android.graphics.Bitmap) for 144ms
12-05 10:06:48.482 7800 7902 W AsyncOperation: operation=HandleSyncOperation, opStatusCode=38003 [CONTEXT service_id=215 ]
12-05 10:06:48.482 7800 7902 W AsyncOperation: OperationException[Status{statusCode=Sync failed with an authentication error!, resolution=null}]
12-05 10:06:48.482 7800 7902 W AsyncOperation: at buul.f(:com.google.android.gms@244337026@24.43.37 (150800-693941914):567)
12-05 10:06:48.482 7800 7902 W AsyncOperation: at bpnh.fj(:com.google.android.gms@244337026@24.43.37 (150800-693941914):1)
12-05 10:06:48.482 7800 7902 W AsyncOperation: at bpnt.run(:com.google.android.gms@244337026@24.43.37 (150800-693941914):66)
12-05 10:06:48.482 7800 7902 W AsyncOperation: at eaxt.run(:com.google.android.gms@244337026@24.43.37 (150800-693941914):21)
12-05 10:06:48.482 7800 7902 W AsyncOperation: at amjy.c(:com.google.android.gms@244337026@24.43.37 (150800-693941914):50)
12-05 10:06:48.482 7800 7902 W AsyncOperation: at amjy.run(:com.google.android.gms@244337026@24.43.37 (150800-693941914):97)
12-05 10:06:48.482 7800 7902 W AsyncOperation: at java.util.concurrent.ThreadPoolExecutor.runWorker(ThreadPoolExecutor.java:1167)
12-05 10:06:48.482 7800 7902 W AsyncOperation: at java.util.concurrent.ThreadPoolExecutor$Worker.run(ThreadPoolExecutor.java:641)
12-05 10:06:48.482 7800 7902 W AsyncOperation: at ampj.run(:com.google.android.gms@244337026@24.43.37 (150800-693941914):8)
12-05 10:06:48.482 7800 7902 W AsyncOperation: at java.lang.Thread.run(Thread.java:920)
12-05 10:06:48.482 7800 7902 W AsyncOperation: Caused by: buuo: fola: UNAUTHENTICATED
12-05 10:06:48.482 7800 7902 W AsyncOperation: at buqh.a(:com.google.android.gms@244337026@24.43.37 (150800-693941914):82)
12-05 10:06:48.482 7800 7902 W AsyncOperation: at buoo.a(:com.google.android.gms@244337026@24.43.37 (150800-693941914):3)
12-05 10:06:48.482 7800 7902 W AsyncOperation: at eidu.d(:com.google.android.gms@244337026@24.43.37 (150800-693941914):3)
12-05 10:06:48.482 7800 7902 W AsyncOperation: at eidw.run(:com.google.android.gms@244337026@24.43.37 (150800-693941914):130)
12-05 10:06:48.482 7800 7902 W AsyncOperation: at eifp.execute(:com.google.android.gms@244337026@24.43.37 (150800-693941914):1)
12-05 10:06:48.482 7800 7902 W AsyncOperation: at eidx.h(:com.google.android.gms@244337026@24.43.37 (150800-693941914):1)
12-05 10:06:48.482 7800 7902 W AsyncOperation: at eidx.l(:com.google.android.gms@244337026@24.43.37 (150800-693941914):101)
12-05 10:06:48.482 7800 7902 W AsyncOperation: at eidx.p(:com.google.android.gms@244337026@24.43.37 (150800-693941914):19)
12-05 10:06:48.482 7800 7902 W AsyncOperation: at eied.run(:com.google.android.gms@244337026@24.43.37 (150800-693941914):81)
12-05 10:06:48.482 7800 7902 W AsyncOperation: at eifp.execute(:com.google.android.gms@244337026@24.43.37 (150800-693941914):1)
12-05 10:06:48.482 7800 7902 W AsyncOperation: at eidx.h(:com.google.android.gms@244337026@24.43.37 (150800-693941914):1)
12-05 10:06:48.482 7800 7902 W AsyncOperation: at eidx.l(:com.google.android.gms@244337026@24.43.37 (150800-693941914):101)
12-05 10:06:48.482 7800 7902 W AsyncOperation: at eidx.p(:com.google.android.gms@244337026@24.43.37 (150800-693941914):19)
12-05 10:06:48.482 7800 7902 W AsyncOperation: at eied.run(:com.google.android.gms@244337026@24.43.37 (150800-693941914):81)
12-05 10:06:48.482 7800 7902 W AsyncOperation: at eifp.execute(:com.google.android.gms@244337026@24.43.37 (150800-693941914):1)
12-05 10:06:48.482 7800 7902 W AsyncOperation: at eidx.h(:com.google.android.gms@244337026@24.43.37 (150800-693941914):1)
12-05 10:06:48.482 7800 7902 W AsyncOperation: at eidx.l(:com.google.android.gms@244337026@24.43.37 (150800-693941914):101)
12-05 10:06:48.482 7800 7902 W AsyncOperation: at eidx.p(:com.google.android.gms@244337026@24.43.37 (150800-693941914):19)
12-05 10:06:48.482 7800 7902 W AsyncOperation: at eied.run(:com.google.android.gms@244337026@24.43.37 (150800-693941914):81)
12-05 10:06:48.482 7800 7902 W AsyncOperation: at eifp.execute(:com.google.android.gms@244337026@24.43.37 (150800-693941914):1)
12-05 10:06:48.482 7800 7902 W AsyncOperation: at eidx.h(:com.google.android.gms@244337026@24.43.37 (150800-693941914):1)
12-05 10:06:48.482 7800 7902 W AsyncOperation: at eidx.l(:com.google.android.gms@244337026@24.43.37 (150800-693941914):101)
12-05 10:06:48.482 7800 7902 W AsyncOperation: at eidx.p(:com.google.android.gms@244337026@24.43.37 (150800-693941914):19)
12-05 10:06:48.482 7800 7902 W AsyncOperation: at eied.run(:com.google.android.gms@244337026@24.43.37 (150800-693941914):81)
12-05 10:06:48.482 7800 7902 W AsyncOperation: at eifp.execute(:com.google.android.gms@244337026@24.43.37 (150800-693941914):1)
12-05 10:06:48.482 7800 7902 W AsyncOperation: at eidx.h(:com.google.android.gms@244337026@24.43.37 (150800-693941914):1)
12-05 10:06:48.482 7800 7902 W AsyncOperation: at eidx.l(:com.google.android.gms@244337026@24.43.37 (150800-693941914):101)
12-05 10:06:48.482 7800 7902 W AsyncOperation: at eidx.r(:com.google.android.gms@244337026@24.43.37 (150800-693941914):28)
12-05 10:06:48.482 7800 7902 W AsyncOperation: at eigm.run(:com.google.android.gms@244337026@24.43.37 (150800-693941914):5)
12-05 10:06:48.482 7800 7902 W AsyncOperation: at eifp.execute(:com.google.android.gms@244337026@24.43.37 (150800-693941914):1)
12-05 10:06:48.482 7800 7902 W AsyncOperation: at eidx.h(:com.google.android.gms@244337026@24.43.37 (150800-693941914):1)
12-05 10:06:48.482 7800 7902 W AsyncOperation: at eidx.l(:com.google.android.gms@244337026@24.43.37 (150800-693941914):101)
12-05 10:06:48.482 7800 7902 W AsyncOperation: at eidx.r(:com.google.android.gms@244337026@24.43.37 (150800-693941914):28)
12-05 10:06:48.482 7800 7902 W AsyncOperation: at eigm.run(:com.google.android.gms@244337026@24.43.37 (150800-693941914):5)
12-05 10:06:48.482 7800 7902 W AsyncOperation: at eifp.execute(:com.google.android.gms@244337026@24.43.37 (150800-693941914):1)
12-05 10:06:48.482 7800 7902 W AsyncOperation: at eidx.h(:com.google.android.gms@244337026@24.43.37 (150800-693941914):1)
12-05 10:06:48.482 7800 7902 W AsyncOperation: at eidx.l(:com.google.android.gms@244337026@24.43.37 (150800-693941914):101)
12-05 10:06:48.482 7800 7902 W AsyncOperation: at eidx.p(:com.google.android.gms@244337026@24.43.37 (150800-693941914):19)
12-05 10:06:48.482 7800 7902 W AsyncOperation: at eifn.d(:com.google.android.gms@244337026@24.43.37 (150800-693941914):18)
12-05 10:06:48.482 7800 7902 W AsyncOperation: at eiha.run(:com.google.android.gms@244337026@24.43.37 (150800-693941914):39)
12-05 10:06:48.482 7800 7902 W AsyncOperation: at amjy.c(:com.google.android.gms@244337026@24.43.37 (150800-693941914):50)
12-05 10:06:48.482 7800 7902 W AsyncOperation: at amjy.run(:com.google.android.gms@244337026@24.43.37 (150800-693941914):76)
12-05 10:06:48.482 7800 7902 W AsyncOperation: ... 4 more
12-05 10:06:48.482 7800 7902 W AsyncOperation: Caused by: fola: UNAUTHENTICATED
12-05 10:06:48.482 7800 7902 W AsyncOperation: at fpeq.a(:com.google.android.gms@244337026@24.43.37 (150800-693941914):41)
12-05 10:06:48.482 7800 7902 W AsyncOperation: at elgb.f(:com.google.android.gms@244337026@24.43.37 (150800-693941914):93)
12-05 10:06:48.482 7800 7902 W AsyncOperation: at elgb.h(:com.google.android.gms@244337026@24.43.37 (150800-693941914):23)
12-05 10:06:48.482 7800 7902 W AsyncOperation: at elgb.a(:com.google.android.gms@244337026@24.43.37 (150800-693941914):8)
12-05 10:06:48.482 7800 7902 W AsyncOperation: at elgk.run(:com.google.android.gms@244337026@24.43.37 (150800-693941914):9)
12-05 10:06:48.482 7800 7902 W AsyncOperation: at elgm.e(:com.google.android.gms@244337026@24.43.37 (150800-693941914):22)
12-05 10:06:48.482 7800 7902 W AsyncOperation: at elgm.a(:com.google.android.gms@244337026@24.43.37 (150800-693941914):6)
12-05 10:06:48.482 7800 7902 W AsyncOperation: at elfs.run(:com.google.android.gms@244337026@24.43.37 (150800-693941914):14)
12-05 10:06:48.482 7800 7902 W AsyncOperation: at elfp.run(:com.google.android.gms@244337026@24.43.37 (150800-693941914):3)
12-05 10:06:48.482 7800 7902 W AsyncOperation: at eihq.run(:com.google.android.gms@244337026@24.43.37 (150800-693941914):3)
12-05 10:06:48.482 7800 7902 W AsyncOperation: at eihr.run(:com.google.android.gms@244337026@24.43.37 (150800-693941914):76)
12-05 10:06:48.482 7800 7902 W AsyncOperation: at eifp.execute(:com.google.android.gms@244337026@24.43.37 (150800-693941914):1)
12-05 10:06:48.482 7800 7902 W AsyncOperation: at elfx.execute(:com.google.android.gms@244337026@24.43.37 (150800-693941914):3)
12-05 10:06:48.482 7800 7902 W AsyncOperation: at eihs.execute(:com.google.android.gms@244337026@24.43.37 (150800-693941914):36)
12-05 10:06:48.482 7800 7902 W AsyncOperation: at elfg.execute(:com.google.android.gms@244337026@24.43.37 (150800-693941914):10)
12-05 10:06:48.482 7800 7902 W AsyncOperation: at elfv.a(:com.google.android.gms@244337026@24.43.37 (150800-693941914):10)
12-05 10:06:48.482 7800 7902 W AsyncOperation: at elgb.f(:com.google.android.gms@244337026@24.43.37 (150800-693941914):93)
12-05 10:06:48.482 7800 7902 W AsyncOperation: at elgb.h(:com.google.android.gms@244337026@24.43.37 (150800-693941914):23)
12-05 10:06:48.482 7800 7902 W AsyncOperation: at elgb.a(:com.google.android.gms@244337026@24.43.37 (150800-693941914):8)
12-05 10:06:48.482 7800 7902 W AsyncOperation: at elgk.run(:com.google.android.gms@244337026@24.43.37 (150800-693941914):9)
12-05 10:06:48.482 7800 7902 W AsyncOperation: at elgm.e(:com.google.android.gms@244337026@24.43.37 (150800-693941914):22)
12-05 10:06:48.482 7800 7902 W AsyncOperation: at elgm.a(:com.google.android.gms@244337026@24.43.37 (150800-693941914):6)
12-05 10:06:48.482 7800 7902 W AsyncOperation: at elfs.run(:com.google.android.gms@244337026@24.43.37 (150800-693941914):14)
12-05 10:06:48.482 7800 7902 W AsyncOperation: at elfp.run(:com.google.android.gms@244337026@24.43.37 (150800-693941914):3)
12-05 10:06:48.482 7800 7902 W AsyncOperation: at eihq.run(:com.google.android.gms@244337026@24.43.37 (150800-693941914):3)
12-05 10:06:48.482 7800 7902 W AsyncOperation: at eihr.run(:com.google.android.gms@244337026@24.43.37 (150800-693941914):76)
12-05 10:06:48.482 7800 7902 W AsyncOperation: at eifp.execute(:com.google.android.gms@244337026@24.43.37 (150800-693941914):1)
12-05 10:06:48.482 7800 7902 W AsyncOperation: at elfx.execute(:com.google.android.gms@244337026@24.43.37 (150800-693941914):3)
12-05 10:06:48.482 7800 7902 W AsyncOperation: at eihs.execute(:com.google.android.gms@244337026@24.43.37 (150800-693941914):36)
12-05 10:06:48.482 7800 7902 W AsyncOperation: at elfg.execute(:com.google.android.gms@244337026@24.43.37 (150800-693941914):10)
12-05 10:06:48.482 7800 7902 W AsyncOperation: at elfv.a(:com.google.android.gms@244337026@24.43.37 (150800-693941914):10)
12-05 10:06:48.482 7800 7902 W AsyncOperation: at elgb.f(:com.google.android.gms@244337026@24.43.37 (150800-693941914):93)
12-05 10:06:48.482 7800 7902 W AsyncOperation: at elgb.h(:com.google.android.gms@244337026@24.43.37 (150800-693941914):23)
12-05 10:06:48.482 7800 7902 W AsyncOperation: at elgb.a(:com.google.android.gms@244337026@24.43.37 (150800-693941914):8)
12-05 10:06:48.482 7800 7902 W AsyncOperation: at elgk.run(:com.google.android.gms@244337026@24.43.37 (150800-693941914):9)
12-05 10:06:48.482 7800 7902 W AsyncOperation: at elgm.e(:com.google.android.gms@244337026@24.43.37 (150800-693941914):22)
12-05 10:06:48.482 7800 7902 W AsyncOperation: at elgm.a(:com.google.android.gms@244337026@24.43.37 (150800-693941914):6)
12-05 10:06:48.482 7800 7902 W AsyncOperation: at elfs.run(:com.google.android.gms@244337026@24.43.37 (150800-693941914):14)
12-05 10:06:48.482 7800 7902 W AsyncOperation: at elfp.run(:com.google.android.gms@244337026@24.43.37 (150800-693941914):3)
12-05 10:06:48.482 7800 7902 W AsyncOperation: at eihr.run(:com.google.android.gms@244337026@24.43.37 (150800-693941914):76)
12-05 10:06:48.482 7800 7902 W AsyncOperation: at eifp.execute(:com.google.android.gms@244337026@24.43.37 (150800-693941914):1)
12-05 10:06:48.482 7800 7902 W AsyncOperation: at elfx.execute(:com.google.android.gms@244337026@24.43.37 (150800-693941914):3)
12-05 10:06:48.482 7800 7902 W AsyncOperation: at eihs.execute(:com.google.android.gms@244337026@24.43.37 (150800-693941914):36)
12-05 10:06:48.482 7800 7902 W AsyncOperation: at elfg.execute(:com.google.android.gms@244337026@24.43.37 (150800-693941914):10)
12-05 10:06:48.482 7800 7902 W AsyncOperation: at eift.c(:com.google.android.gms@244337026@24.43.37 (150800-693941914):1)
12-05 10:06:48.482 7800 7902 W AsyncOperation: at eift.b(:com.google.android.gms@244337026@24.43.37 (150800-693941914):32)
12-05 10:06:48.482 7800 7902 W AsyncOperation: at eihd.done(:com.google.android.gms@244337026@24.43.37 (150800-693941914):3)
12-05 10:06:48.491 7800 7902 W AsyncOperation: at java.util.concurrent.FutureTask.finishCompletion(FutureTask.java:383)
12-05 10:06:48.491 7800 7902 W AsyncOperation: at java.util.concurrent.FutureTask.setException(FutureTask.java:252)
12-05 10:06:48.491 7800 7902 W AsyncOperation: at java.util.concurrent.FutureTask.run(FutureTask.java:271)
12-05 10:06:48.491 7800 7902 W AsyncOperation: ... 6 more
12-05 10:06:48.491 7800 7902 W AsyncOperation: Caused by: com.google.android.gms.auth.UserRecoverableAuthException: NeedRemoteConsent
12-05 10:06:48.491 7800 7902 W AsyncOperation: at snz.p(:com.google.android.gms@244337026@24.43.37 (150800-693941914):41)
12-05 10:06:48.491 7800 7902 W AsyncOperation: at snz.t(:com.google.android.gms@244337026@24.43.37 (150800-693941914):32)
12-05 10:06:48.491 7800 7902 W AsyncOperation: at sns.a(:com.google.android.gms@244337026@24.43.37 (150800-693941914):55)
12-05 10:06:48.491 7800 7902 W AsyncOperation: at snz.s(:com.google.android.gms@244337026@24.43.37 (150800-693941914):34)
12-05 10:06:48.491 7800 7902 W AsyncOperation: at snz.v(:com.google.android.gms@244337026@24.43.37 (150800-693941914):153)
12-05 10:06:48.491 7800 7902 W AsyncOperation: at eldc.d(:com.google.android.gms@244337026@24.43.37 (150800-693941914):10)
12-05 10:06:48.491 7800 7902 W AsyncOperation: at eldc.c(:com.google.android.gms@244337026@24.43.37 (150800-693941914):69)
12-05 10:06:48.491 7800 7902 W AsyncOperation: at elcz.call(:com.google.android.gms@244337026@24.43.37 (150800-693941914):8)
12-05 10:06:48.491 7800 7902 W AsyncOperation: at java.util.concurrent.FutureTask.run(FutureTask.java:266)
12-05 10:06:48.491 7800 7902 W AsyncOperation: at eldc.a(:com.google.android.gms@244337026@24.43.37 (150800-693941914):63)
12-05 10:06:48.491 7800 7902 W AsyncOperation: at elcc.call(:com.google.android.gms@244337026@24.43.37 (150800-693941914):25)
12-05 10:06:48.491 7800 7902 W AsyncOperation: at eaxq.call(:com.google.android.gms@244337026@24.43.37 (150800-693941914):13)
12-05 10:06:48.491 7800 7902 W AsyncOperation: at java.util.concurrent.FutureTask.run(FutureTask.java:266)
12-05 10:06:48.491 7800 7902 W AsyncOperation: ... 6 more
12-05 10:06:48.492 7800 7902 I MdiSyncModule: Operation '1' failed with status '38003'!
12-05 10:06:48.492 7800 7902 I MdiSyncModule: Executing operation '1'...
12-05 10:06:48.495 7993 8014 E OneGoogle: Failed to load profile data
12-05 10:06:48.495 7993 8014 E OneGoogle: com.google.android.libraries.onegoogle.owners.mdi.MdiOwnersLoader$MdiException: alow: 38003: Sync failed with an authentication error!
12-05 10:06:48.495 7993 8014 E OneGoogle: at java.lang.reflect.Constructor.newInstance0(Native Method)
12-05 10:06:48.495 7993 8014 E OneGoogle: at java.lang.reflect.Constructor.newInstance(Constructor.java:343)
12-05 10:06:48.495 7993 8014 E OneGoogle: at bhtd.f(PG:9)
12-05 10:06:48.495 7993 8014 E OneGoogle: at bhtd.e(PG:6)
12-05 10:06:48.495 7993 8014 E OneGoogle: at bhtd.g(PG:5)
12-05 10:06:48.495 7993 8014 E OneGoogle: at bhtd.b(PG:4)
12-05 10:06:48.495 7993 8014 E OneGoogle: at aycs.call(PG:6)
12-05 10:06:48.495 7993 8014 E OneGoogle: at bdxr.call(PG:2)
12-05 10:06:48.495 7993 8014 E OneGoogle: at bhrs.a(PG:1)
12-05 10:06:48.495 7993 8014 E OneGoogle: at bhtl.run(PG:4)
12-05 10:06:48.495 7993 8014 E OneGoogle: at bhrv.execute(PG:1)
12-05 10:06:48.495 7993 8014 E OneGoogle: at bhrt.f(PG:1)
12-05 10:06:48.495 7993 8014 E OneGoogle: at bhru.o(PG:1)
12-05 10:06:48.495 7993 8014 E OneGoogle: at bhqf.g(PG:6)
12-05 10:06:48.495 7993 8014 E OneGoogle: at bhqc.run(Unknown Source:4)
12-05 10:06:48.495 7993 8014 E OneGoogle: at bhrv.execute(PG:1)
12-05 10:06:48.495 7993 8014 E OneGoogle: at bhpx.o(PG:1)
12-05 10:06:48.495 7993 8014 E OneGoogle: at bhpx.j(PG:12)
12-05 10:06:48.495 7993 8014 E OneGoogle: at bhpx.setException(PG:3)
12-05 10:06:48.495 7993 8014 E OneGoogle: at bhqb.run(PG:7)
12-05 10:06:48.495 7993 8014 E OneGoogle: at bhrv.execute(PG:1)
12-05 10:06:48.495 7993 8014 E OneGoogle: at bhpx.o(PG:1)
12-05 10:06:48.495 7993 8014 E OneGoogle: at bhpx.j(PG:12)
12-05 10:06:48.495 7993 8014 E OneGoogle: at bhpx.setException(PG:3)
12-05 10:06:48.495 7993 8014 E OneGoogle: at bhpw.run(PG:12)
12-05 10:06:48.495 7993 8014 E OneGoogle: at bhrv.execute(PG:1)
12-05 10:06:48.495 7993 8014 E OneGoogle: at bhpx.o(PG:1)
12-05 10:06:48.495 7993 8014 E OneGoogle: at bhpx.j(PG:12)
12-05 10:06:48.495 7993 8014 E OneGoogle: at bhpx.setException(PG:3)
12-05 10:06:48.495 7993 8014 E OneGoogle: at bhqb.run(PG:7)
12-05 10:06:48.495 7993 8014 E OneGoogle: at bhrv.execute(PG:1)
12-05 10:06:48.495 7993 8014 E OneGoogle: at bhpx.o(PG:1)
12-05 10:06:48.495 7993 8014 E OneGoogle: at bhpx.j(PG:12)
12-05 10:06:48.495 7993 8014 E OneGoogle: at bhpx.setException(PG:3)
12-05 10:06:48.495 7993 8014 E OneGoogle: at bhqb.run(PG:7)
12-05 10:06:48.495 7993 8014 E OneGoogle: at bhrv.execute(PG:1)
12-05 10:06:48.495 7993 8014 E OneGoogle: at bhpx.o(PG:1)
12-05 10:06:48.495 7993 8014 E OneGoogle: at bhpx.j(PG:12)
12-05 10:06:48.495 7993 8014 E OneGoogle: at bhpx.setException(PG:3)
12-05 10:06:48.495 7993 8014 E OneGoogle: at bhqb.run(PG:7)
12-05 10:06:48.495 7993 8014 E OneGoogle: at bhrv.execute(PG:1)
12-05 10:06:48.495 7993 8014 E OneGoogle: at bhpx.o(PG:1)
12-05 10:06:48.495 7993 8014 E OneGoogle: at bhpx.j(PG:12)
12-05 10:06:48.495 7993 8014 E OneGoogle: at bhpx.setException(PG:3)
12-05 10:06:48.495 7993 8014 E OneGoogle: at com.google.common.util.concurrent.SettableFuture.setException(PG:1)
12-05 10:06:48.495 7993 8014 E OneGoogle: at aurj.a(PG:5)
12-05 10:06:48.495 7993 8014 E OneGoogle: at anpe.run(PG:1)
12-05 10:06:48.495 7993 8014 E OneGoogle: at bhrv.execute(PG:1)
12-05 10:06:48.495 7993 8014 E OneGoogle: at anpf.a(PG:3)
12-05 10:06:48.495 7993 8014 E OneGoogle: at anpu.b(PG:5)
12-05 10:06:48.495 7993 8014 E OneGoogle: at anpw.c(PG:4)
12-05 10:06:48.495 7993 8014 E OneGoogle: at altw.c(PG:3)
12-05 10:06:48.495 7993 8014 E OneGoogle: at amrq.onSyncComplete(PG:2)
12-05 10:06:48.495 7993 8014 E OneGoogle: at com.google.android.gms.mdisync.internal.IMdiSyncCallbacks$Stub.dispatchTransaction(PG:3)
12-05 10:06:48.495 7993 8014 E OneGoogle: at com.google.android.aidl.BaseStub.onTransact(PG:2)
12-05 10:06:48.495 7993 8014 E OneGoogle: at android.os.Binder.execTransactInternal(Binder.java:1184)
12-05 10:06:48.495 7993 8014 E OneGoogle: at android.os.Binder.execTransact(Binder.java:1143)
12-05 10:06:48.495 7993 8014 E OneGoogle: Caused by: alow: 38003: Sync failed with an authentication error!
12-05 10:06:48.495 7993 8014 E OneGoogle: ... 6 more
12-05 10:06:48.503 7800 7906 W gle.android.gm: Long monitor contention with owner GoogleApiHandler (7888) at boolean alsq.handleMessage(android.os.Message)(:com.google.android.gms@244337026@24.43.37 (150800-693941914):141) waiters=0 in com.google.android.gms.common.ConnectionResult also.d(alsn, android.content.ServiceConnection, java.lang.String, java.util.concurrent.Executor) for 206ms
12-05 10:06:48.506 7993 8055 I GmsAccounts: GMSCore Auth returned 1 accounts.
12-05 10:06:48.510 7993 8055 I GmsAccounts: GoogleOwnersProvider returned 1 accounts.
12-05 10:06:48.511 7993 8055 W GmsAccounts: GoogleOwnersProvider had 1 missing ids.
12-05 10:06:48.561 338 338 E android.hardware.audio@7.0-impl.ranchu: device/generic/goldfish/audio/stream_out.cpp:updateSourceMetadata:388 failure: Result::NOT_SUPPORTED
12-05 10:06:48.736 8132 8207 W ProtoDataStoreFlagStore: Unable to retrieve flag snapshot for com.google.apps.tasks.shared.android#com.google.android.calendar, using defaults.
12-05 10:06:48.752 868 1002 D PeopleSpaceWidgetMgr: Sbn doesn't contain valid PeopleTileKey: null/0/com.google.android.gms
12-05 10:06:48.770 8132 9692 W DynamiteModule: Local module descriptor class for com.google.android.gms.providerinstaller.dynamite not found.
12-05 10:06:48.772 7846 9714 W ProviderHelper: Unknown dynamite feature providerinstaller.dynamite
12-05 10:06:48.795 8132 9692 W ProviderInstaller: Failed to load providerinstaller module: No acceptable module found. Local version is 0 and remote version is 0.
12-05 10:06:48.795 8132 9692 W ProviderInstaller: Failed to report request stats: com.google.android.gms.common.security.ProviderInstallerImpl.reportRequestStats [class android.content.Context, long, long]
12-05 10:06:48.831 563 1842 D CompatibilityChangeReporter: Compat change id reported: 168419799; UID 10117; state: DISABLED
12-05 10:06:48.928 9624 9646 V ClearcutMetricXmitter: Transmission is done.
12-05 10:06:48.941 8132 9734 W DynamiteModule: Local module descriptor class for com.google.android.gms.providerinstaller.dynamite not found.
12-05 10:06:48.945 7846 8692 W ProviderHelper: Unknown dynamite feature providerinstaller.dynamite
12-05 10:06:48.951 8132 9734 W ProviderInstaller: Failed to load providerinstaller module: No acceptable module found. Local version is 0 and remote version is 0.
12-05 10:06:48.951 8132 9734 W ProviderInstaller: Failed to report request stats: com.google.android.gms.common.security.ProviderInstallerImpl.reportRequestStats [class android.content.Context, long, long]
12-05 10:06:48.952 8132 9734 W cal.xfq : Application name is not set. Call Builder#setApplicationName.
12-05 10:06:49.012 7846 8086 E AuthPII : [RequestTokenManager] getToken() -> NETWORK_ERROR. App: com.google.android.apps.docs, Service: oauth2:https://www.googleapis.com/auth/drive https://www.googleapis.com/auth/drive.file https://www.googleapis.com/auth/drive.metadata.readonly https://www.googleapis.com/auth/drive.readonly https://docs.google.com/feeds https://docs.googleusercontent.com https://spreadsheets.google.com/feeds https://www.googleapis.com/auth/activity https://www.googleapis.com/auth/cloudprint https://www.googleapis.com/auth/discussions https://www.googleapis.com/auth/docs https://www.googleapis.com/auth/drive.apps https://www.googleapis.com/auth/drive.categories.readonly https://www.googleapis.com/auth/memento https://www.googleapis.com/auth/notifications https://www.googleapis.com/auth/spreadsheets https://www.googleapis.com/auth/vouchers https://www.googleapis.com/auth/gmail.readonly https://www.googleapis.com/auth/subscriptions https://www.googleapis.com/auth/peopleapi.readonly https://www.googleapis.com/auth/drive.activity.readonly https://www.googleapis.com/auth/cloud_search.query
12-05 10:06:49.012 7846 8086 E AuthPII : alhs: Error when calling server using GmsNetworkStack.
12-05 10:06:49.012 7846 8086 E AuthPII : at tiu.b(:com.google.android.gms@244337026@24.43.37 (150800-693941914):1394)
12-05 10:06:49.012 7846 8086 E AuthPII : at tis.a(:com.google.android.gms@244337026@24.43.37 (150800-693941914):611)
12-05 10:06:49.012 7846 8086 E AuthPII : at tir.b(:com.google.android.gms@244337026@24.43.37 (150800-693941914):94)
12-05 10:06:49.012 7846 8086 E AuthPII : at nit.g(:com.google.android.gms@244337026@24.43.37 (150800-693941914):226)
12-05 10:06:49.012 7846 8086 E AuthPII : at nit.h(:com.google.android.gms@244337026@24.43.37 (150800-693941914):2)
12-05 10:06:49.012 7846 8086 E AuthPII : at tbc.getAuthToken(:com.google.android.gms@244337026@24.43.37 (150800-693941914):404)
12-05 10:06:49.012 7846 8086 E AuthPII : at android.accounts.AbstractAccountAuthenticator$Transport.getAuthToken(AbstractAccountAuthenticator.java:245)
12-05 10:06:49.012 7846 8086 E AuthPII : at android.accounts.IAccountAuthenticator$Stub.onTransact(IAccountAuthenticator.java:284)
12-05 10:06:49.012 7846 8086 E AuthPII : at android.os.Binder.transact(Binder.java:1064)
12-05 10:06:49.012 7846 8086 E AuthPII : at bjev.onTransact(:com.google.android.gms@244337026@24.43.37 (150800-693941914):10)
12-05 10:06:49.012 7846 8086 E AuthPII : at android.os.Binder.transact(Binder.java:1064)
12-05 10:06:49.012 7846 8086 E AuthPII : at baop.onTransact(:com.google.android.gms@244337026@24.43.37 (150800-693941914):148)
12-05 10:06:49.012 7846 8086 E AuthPII : at android.os.Binder.execTransactInternal(Binder.java:1184)
12-05 10:06:49.012 7846 8086 E AuthPII : at android.os.Binder.execTransact(Binder.java:1143)
12-05 10:06:49.012 7846 8086 E AuthPII : Caused by: alhs: Error requesting token.
12-05 10:06:49.012 7846 8086 E AuthPII : at tiu.d(:com.google.android.gms@244337026@24.43.37 (150800-693941914):210)
12-05 10:06:49.012 7846 8086 E AuthPII : at tiu.b(:com.google.android.gms@244337026@24.43.37 (150800-693941914):57)
12-05 10:06:49.012 7846 8086 E AuthPII : ... 13 more
12-05 10:06:49.012 7846 8086 E AuthPII : Caused by: java.util.concurrent.ExecutionException: bqjl: Failed to process request
12-05 10:06:49.012 7846 8086 E AuthPII : at eidx.s(:com.google.android.gms@244337026@24.43.37 (150800-693941914):21)
12-05 10:06:49.012 7846 8086 E AuthPII : at eidx.get(:com.google.android.gms@244337026@24.43.37 (150800-693941914):28)
12-05 10:06:49.012 7846 8086 E AuthPII : at tiu.d(:com.google.android.gms@244337026@24.43.37 (150800-693941914):192)
12-05 10:06:49.012 7846 8086 E AuthPII : ... 14 more
12-05 10:06:49.012 7846 8086 E AuthPII : Caused by: bqjl: Failed to process request
12-05 10:06:49.012 7846 8086 E AuthPII : at bqjr.a(:com.google.android.gms@244337026@24.43.37 (150800-693941914):23)
12-05 10:06:49.012 7846 8086 E AuthPII : at bqnk.b(:com.google.android.gms@244337026@24.43.37 (150800-693941914):15)
12-05 10:06:49.012 7846 8086 E AuthPII : at bqny.onFailed(:com.google.android.gms@244337026@24.43.37 (150800-693941914):15)
12-05 10:06:49.012 7846 8086 E AuthPII : at m.lg.onFailed(:com.google.android.gms.dynamite_cronetdynamite@244337026@24.43.37 (150800-0):3)
12-05 10:06:49.012 7846 8086 E AuthPII : at m.kh.run(:com.google.android.gms.dynamite_cronetdynamite@244337026@24.43.37 (150800-0):9)
12-05 10:06:49.012 7846 8086 E AuthPII : at amjy.c(:com.google.android.gms@244337026@24.43.37 (150800-693941914):50)
12-05 10:06:49.012 7846 8086 E AuthPII : at amjy.run(:com.google.android.gms@244337026@24.43.37 (150800-693941914):76)
12-05 10:06:49.012 7846 8086 E AuthPII : at java.util.concurrent.ThreadPoolExecutor.runWorker(ThreadPoolExecutor.java:1167)
12-05 10:06:49.012 7846 8086 E AuthPII : at java.util.concurrent.ThreadPoolExecutor$Worker.run(ThreadPoolExecutor.java:641)
12-05 10:06:49.012 7846 8086 E AuthPII : at ampj.run(:com.google.android.gms@244337026@24.43.37 (150800-693941914):8)
12-05 10:06:49.012 7846 8086 E AuthPII : at java.lang.Thread.run(Thread.java:920)
12-05 10:06:49.012 7846 8086 E AuthPII : Caused by: m.kq: Exception in CronetUrlRequest: net::ERR_FAILED, ErrorCode=11, InternalErrorCode=-2, Retryable=false
12-05 10:06:49.012 7846 8086 E AuthPII : at org.chromium.net.impl.CronetUrlRequest.onError(:com.google.android.gms.dynamite_cronetdynamite@244337026@24.43.37 (150800-0):4)
12-05 10:06:49.012 7846 8086 E AuthPII : Message is Error when calling server using GmsNetworkStack.
12-05 10:06:49.012 7846 8086 E AuthPII : alhs: Error when calling server using GmsNetworkStack.
12-05 10:06:49.012 7846 8086 E AuthPII : at tiu.b(:com.google.android.gms@244337026@24.43.37 (150800-693941914):1394)
12-05 10:06:49.012 7846 8086 E AuthPII : at tis.a(:com.google.android.gms@244337026@24.43.37 (150800-693941914):611)
12-05 10:06:49.012 7846 8086 E AuthPII : at tir.b(:com.google.android.gms@244337026@24.43.37 (150800-693941914):94)
12-05 10:06:49.012 7846 8086 E AuthPII : at nit.g(:com.google.android.gms@244337026@24.43.37 (150800-693941914):226)
12-05 10:06:49.012 7846 8086 E AuthPII : at nit.h(:com.google.android.gms@244337026@24.43.37 (150800-693941914):2)
12-05 10:06:49.012 7846 8086 E AuthPII : at tbc.getAuthToken(:com.google.android.gms@244337026@24.43.37 (150800-693941914):404)
12-05 10:06:49.012 7846 8086 E AuthPII : at android.accounts.AbstractAccountAuthenticator$Transport.getAuthToken(AbstractAccountAuthenticator.java:245)
12-05 10:06:49.012 7846 8086 E AuthPII : at android.accounts.IAccountAuthenticator$Stub.onTransact(IAccountAuthenticator.java:284)
12-05 10:06:49.012 7846 8086 E AuthPII : at android.os.Binder.transact(Binder.java:1064)
12-05 10:06:49.012 7846 8086 E AuthPII : at bjev.onTransact(:com.google.android.gms@244337026@24.43.37 (150800-693941914):10)
12-05 10:06:49.012 7846 8086 E AuthPII : at android.os.Binder.transact(Binder.java:1064)
12-05 10:06:49.012 7846 8086 E AuthPII : at baop.onTransact(:com.google.android.gms@244337026@24.43.37 (150800-693941914):148)
12-05 10:06:49.012 7846 8086 E AuthPII : at android.os.Binder.execTransactInternal(Binder.java:1184)
12-05 10:06:49.012 7846 8086 E AuthPII : at android.os.Binder.execTransact(Binder.java:1143)
12-05 10:06:49.012 7846 8086 E AuthPII : Caused by: alhs: Error requesting token.
12-05 10:06:49.012 7846 8086 E AuthPII : at tiu.d(:com.google.android.gms@244337026@24.43.37 (150800-693941914):210)
12-05 10:06:49.012 7846 8086 E AuthPII : at tiu.b(:com.google.android.gms@244337026@24.43.37 (150800-693941914):57)
12-05 10:06:49.012 7846 8086 E AuthPII : ... 13 more
12-05 10:06:49.012 7846 8086 E AuthPII : Caused by: java.util.concurrent.ExecutionException: bqjl: Failed to process request
12-05 10:06:49.012 7846 8086 E AuthPII : at eidx.s(:com.google.android.gms@244337026@24.43.37 (150800-693941914):21)
12-05 10:06:49.012 7846 8086 E AuthPII : at eidx.get(:com.google.android.gms@244337026@24.43.37 (150800-693941914):28)
12-05 10:06:49.012 7846 8086 E AuthPII : at tiu.d(:com.google.android.gms@244337026@24.43.37 (150800-693941914):192)
12-05 10:06:49.012 7846 8086 E AuthPII : ... 14 more
12-05 10:06:49.012 7846 8086 E AuthPII : Caused by: bqjl: Failed to process request
12-05 10:06:49.012 7846 8086 E AuthPII : at bqjr.a(:com.google.android.gms@244337026@24.43.37 (150800-693941914):23)
12-05 10:06:49.012 7846 8086 E AuthPII : at bqnk.b(:com.google.android.gms@244337026@24.43.37 (150800-693941914):15)
12-05 10:06:49.012 7846 8086 E AuthPII : at bqny.onFailed(:com.google.android.gms@244337026@24.43.37 (150800-693941914):15)
12-05 10:06:49.012 7846 8086 E AuthPII : at m.lg.onFailed(:com.google.android.gms.dynamite_cronetdynamite@244337026@24.43.37 (150800-0):3)
12-05 10:06:49.012 7846 8086 E AuthPII : at m.kh.run(:com.google.android.gms.dynamite_cronetdynamite@244337026@24.43.37 (150800-0):9)
12-05 10:06:49.012 7846 8086 E AuthPII : at amjy.c(:com.google.android.gms@244337026@24.43.37 (150800-693941914):50)
12-05 10:06:49.012 7846 8086 E AuthPII : at amjy.run(:com.google.android.gms@244337026@24.43.37 (150800-693941914):76)
12-05 10:06:49.012 7846 8086 E AuthPII : at java.util.concurrent.ThreadPoolExecutor.runWorker(ThreadPoolExecutor.java:1167)
12-05 10:06:49.012 7846 8086 E AuthPII : at java.util.concurrent.ThreadPoolExecutor$Worker.run(ThreadPoolExecutor.java:641)
12-05 10:06:49.012 7846 8086 E AuthPII : at ampj.run(:com.google.android.gms@244337026@24.43.37 (150800-693941914):8)
12-05 10:06:49.012 7846 8086 E AuthPII : at java.lang.Thread.run(Thread.java:920)
12-05 10:06:49.012 7846 8086 E AuthPII : Caused by: m.kq: Exception in CronetUrlRequest: net::ERR_FAILED, ErrorCode=11, InternalErrorCode=-2, Retryable=false
12-05 10:06:49.012 7846 8086 E AuthPII : at org.chromium.net.impl.CronetUrlRequest.onError(:com.google.android.gms.dynamite_cronetdynamite@244337026@24.43.37 (150800-0):4)
12-05 10:06:49.033 7846 8086 W Auth : [GetToken] GetToken failed with status code: NetworkError [CONTEXT service_id=343 ]
12-05 10:06:49.040 352 352 W RanchuHwc: validateDisplay: layer 31 CompositionType 1, fallback
12-05 10:06:49.041 7846 8086 W GLSActivity: [GmsAccountAuthenticatorImpl] error status while fetching token:NetworkError
12-05 10:06:49.051 352 352 W RanchuHwc: presentDisplay display has no layers to compose, flushing client target buffer.
12-05 10:06:49.062 9381 9565 W droid.apps.doc: Long monitor contention with owner io-1 (9446) at java.lang.String nqn.a()(PG:2) waiters=0 in java.lang.String nqn.a() for 1.147s
12-05 10:06:49.062 9381 9525 E Cello : [9525:NonCelloThread] drive_v2_cloud_store_no_apiary.cc:3720:DumpToLog Request 0x7d05c6bf5e10: 0 https://www.googleapis.com/drive/v2internal/about?fields=rootFolderId&reason=304&openDrive=false&syncType=2&featureLabel=android-sync-native transport: Status::SUCCESS reader: Status::SUCCESS
12-05 10:06:49.062 9381 9525 E Cello : [9525:NonCelloThread] drive_v2_cloud_store_no_apiary.cc:3720:DumpToLog Response body 0x7d05c6bf5e10: (no response body)
12-05 10:06:49.105 563 1756 D AccountManagerService: no credentials permission for usage of Account {name=xxxxxxxxxxxxxxxxxxxxxxxxxx-xx@xxxxxxxxxxxxxxxxxxxx.xxx, type=com.google}, null by uid 10117 but ignoring since device is in test harness.
12-05 10:06:49.170 7846 7871 W Auth : [RequestTokenManager] getToken() -> NEED_REMOTE_CONSENT. App: com.google.android.gms, Service: oauth2:https://www.googleapis.com/auth/webhistory
12-05 10:06:49.176 371 521 D AudioFlinger: mixer(0x70bad9d76a60) throttle end: throttle time(15)
12-05 10:06:49.215 7846 7867 W Auth : [RequestTokenManager] getToken() -> NEED_REMOTE_CONSENT. App: com.google.android.calendar, Service: oauth2:https://www.googleapis.com/auth/calendar
12-05 10:06:49.323 7846 7867 W Auth : [GetToken] GetToken failed with status code: NeedRemoteConsent [CONTEXT service_id=343 ]
12-05 10:06:49.323 7846 7884 E GCM : Missing checkin config file
12-05 10:06:49.326 7846 7871 W Auth : [GetToken] GetToken failed with status code: NeedRemoteConsent [CONTEXT service_id=343 ]
12-05 10:06:49.326 7846 9714 W Auth : [RequestTokenManager] getToken() -> NEED_REMOTE_CONSENT. App: com.google.android.calendar, Service: oauth2:https://www.googleapis.com/auth/tasks
12-05 10:06:49.331 7846 8086 W Auth : [RequestTokenManager] getToken() -> NEED_REMOTE_CONSENT. App: com.google.android.apps.docs, Service: oauth2:https://www.googleapis.com/auth/drive https://www.googleapis.com/auth/drive.file https://www.googleapis.com/auth/drive.metadata.readonly https://www.googleapis.com/auth/drive.readonly https://docs.google.com/feeds https://docs.googleusercontent.com https://spreadsheets.google.com/feeds https://www.googleapis.com/auth/activity https://www.googleapis.com/auth/cloudprint https://www.googleapis.com/auth/discussions https://www.googleapis.com/auth/docs https://www.googleapis.com/auth/drive.apps https://www.googleapis.com/auth/drive.categories.readonly https://www.googleapis.com/auth/memento https://www.googleapis.com/auth/notifications https://www.googleapis.com/auth/spreadsheets https://www.googleapis.com/auth/vouchers https://www.googleapis.com/auth/gmail.readonly https://www.googleapis.com/auth/subscriptions https://www.googleapis.com/auth/peopleapi.readonly https://www.googleapis.com/auth/drive.activity.readonly https://www.googleapis.com/auth/cloud_search.query
12-05 10:06:49.336 7846 9714 W Auth : [GetToken] GetToken failed with status code: NeedRemoteConsent [CONTEXT service_id=343 ]
12-05 10:06:49.340 7846 8086 W Auth : [GetToken] GetToken failed with status code: NeedRemoteConsent [CONTEXT service_id=343 ]
12-05 10:06:49.370 7846 7884 W GCM : GCM FAILED TO INITIALIZE - missing checkin
12-05 10:06:49.385 8132 9685 E Notifications: Failed to get android ID.
12-05 10:06:49.478 8132 9692 W Auth : [GoogleAuthUtil] GoogleAuthUtil
12-05 10:06:49.488 8132 8206 W PlatformNetworkImpl: Network error, RPC Status Code = UNKNOWN
12-05 10:06:49.488 8132 8206 W PlatformNetworkImpl: java.lang.RuntimeException: com.google.android.calendar.timely.net.grpc.GrpcStubException: Failed to retrieve auth token
12-05 10:06:49.488 8132 8206 W PlatformNetworkImpl: at cal.xqf.a(PG:9)
12-05 10:06:49.488 8132 8206 W PlatformNetworkImpl: at cal.abjx.c(PG:2)
12-05 10:06:49.488 8132 8206 W PlatformNetworkImpl: at cal.abjz.run(PG:13)
12-05 10:06:49.488 8132 8206 W PlatformNetworkImpl: at cal.ablv.execute(PG:1)
12-05 10:06:49.488 8132 8206 W PlatformNetworkImpl: at cal.ablx.b(PG:1)
12-05 10:06:49.488 8132 8206 W PlatformNetworkImpl: at cal.abnd.done(PG:4)
12-05 10:06:49.488 8132 8206 W PlatformNetworkImpl: at java.util.concurrent.FutureTask.finishCompletion(FutureTask.java:383)
12-05 10:06:49.488 8132 8206 W PlatformNetworkImpl: at java.util.concurrent.FutureTask.setException(FutureTask.java:252)
12-05 10:06:49.488 8132 8206 W PlatformNetworkImpl: at java.util.concurrent.FutureTask.run(FutureTask.java:271)
12-05 10:06:49.488 8132 8206 W PlatformNetworkImpl: at cal.eku.run(PG:1)
12-05 10:06:49.488 8132 8206 W PlatformNetworkImpl: at java.util.concurrent.Executors$RunnableAdapter.call(Executors.java:462)
12-05 10:06:49.488 8132 8206 W PlatformNetworkImpl: at java.util.concurrent.FutureTask.run(FutureTask.java:266)
12-05 10:06:49.488 8132 8206 W PlatformNetworkImpl: at java.util.concurrent.ScheduledThreadPoolExecutor$ScheduledFutureTask.run(ScheduledThreadPoolExecutor.java:301)
12-05 10:06:49.488 8132 8206 W PlatformNetworkImpl: at java.util.concurrent.ThreadPoolExecutor.runWorker(ThreadPoolExecutor.java:1167)
12-05 10:06:49.488 8132 8206 W PlatformNetworkImpl: at java.util.concurrent.ThreadPoolExecutor$Worker.run(ThreadPoolExecutor.java:641)
12-05 10:06:49.488 8132 8206 W PlatformNetworkImpl: at cal.eks.run(PG:7)
12-05 10:06:49.488 8132 8206 W PlatformNetworkImpl: at java.lang.Thread.run(Thread.java:920)
12-05 10:06:49.488 8132 8206 W PlatformNetworkImpl: Caused by: com.google.android.calendar.timely.net.grpc.GrpcStubException: Failed to retrieve auth token
12-05 10:06:49.488 8132 8206 W PlatformNetworkImpl: at cal.pff.g(PG:8)
12-05 10:06:49.488 8132 8206 W PlatformNetworkImpl: at cal.pff.h(PG:10)
12-05 10:06:49.488 8132 8206 W PlatformNetworkImpl: at cal.pff.d(PG:1)
12-05 10:06:49.488 8132 8206 W PlatformNetworkImpl: at cal.ioy.call(PG:1)
12-05 10:06:49.488 8132 8206 W PlatformNetworkImpl: at java.util.concurrent.FutureTask.run(FutureTask.java:266)
12-05 10:06:49.488 8132 8206 W PlatformNetworkImpl: ... 8 more
12-05 10:06:49.488 8132 8206 W PlatformNetworkImpl: Caused by: com.google.android.gms.auth.UserRecoverableAuthException: NeedRemoteConsent
12-05 10:06:49.488 8132 8206 W PlatformNetworkImpl: at cal.qez.f(PG:20)
12-05 10:06:49.488 8132 8206 W PlatformNetworkImpl: at cal.qeu.a(PG:19)
12-05 10:06:49.488 8132 8206 W PlatformNetworkImpl: at cal.qez.h(PG:12)
12-05 10:06:49.488 8132 8206 W PlatformNetworkImpl: at cal.qez.g(PG:28)
12-05 10:06:49.488 8132 8206 W PlatformNetworkImpl: at cal.pff.g(PG:6)
12-05 10:06:49.488 8132 8206 W PlatformNetworkImpl: ... 12 more
12-05 10:06:49.503 8132 8206 I c.yjj : Received sync error; type=GRPC_ERROR, latencyMs=735
12-05 10:06:49.528 9656 9656 I dex2oat64: dex2oat took 6.830s (4.246s cpu) (threads: 2) arena alloc=0B (0B) java alloc=22MB (23208512B) native alloc=3676KB (3764928B) free=1493KB (1528928B)
12-05 10:06:49.573 422 448 V installd: DexInv: --- END '/data/app/~~lTyaaOq0Oool9LzMxxj7PA==/com.gsoftteam.farmmilkthecow-WVWL0nJmQO-XHT7MD3VJXw==/base.apk' (success) ---
12-05 10:06:49.588 563 1756 I AccountManagerService: the accounts changed, sending broadcast of android.accounts.LOGIN_ACCOUNTS_CHANGED
12-05 10:06:49.611 563 661 W PackageManager: User 0 is not ready. Restore at install didn't take place.
12-05 10:06:49.621 422 448 E installd: Couldn't opendir /data/app/vmdl2100583779.tmp: No such file or directory
12-05 10:06:49.621 422 448 E installd: Failed to delete /data/app/vmdl2100583779.tmp: No such file or directory
12-05 10:06:49.624 371 521 D AudioFlinger: mixer(0x70bad9d76a60) throttle end: throttle time(3)
12-05 10:06:49.641 7631 7631 I abb : StartCommandInProcess(73657474696e67730067657400656e61 settings.get.ena [truncated])
12-05 10:06:49.652 7631 7631 I abb : StartCommandInProcess(7061636b61676500696e7374616c6c00 package.install. [truncated])
12-05 10:06:49.654 563 661 D CompatibilityChangeReporter: Compat change id reported: 168419799; UID 10163; state: DISABLED
12-05 10:06:49.671 7846 8086 W GLSActivity: [GmsAccountAuthenticatorImpl] error status while fetching token:NeedRemoteConsent
12-05 10:06:49.702 1615 1615 I MediaProvider: Invalidating LocalCallingIdentity cache for package com.gsoftteam.farmmilkthecow. Reason: package android.intent.action.PACKAGE_ADDED
12-05 10:06:49.705 9381 9525 E Cello : [9525:NonCelloThread] drive_v2_cloud_store_no_apiary.cc:3720:DumpToLog Request 0x7d05c6bee670: 0 https://www.googleapis.com/drive/v2internal/about?fields=rootFolderId%2cquotaBytesTotal%2cquotaBytesUsed%2cquotaBytesByService%28bytesUsed%2cserviceName%29%2cquotaBytesUsedAggregate%2cquotaType%2cexportFormats%2cimportFormats%2cmaxUploadSizes%2cadditionalRoleInfo%2cuser%2cadminSecureLinkSetting%2cgraceQuotaInfo%28additionalQuotaBytes%2cendDate%29%2cquotaStatus&reason=304&openDrive=false&syncType=2&featureLabel=android-sync-native transport: Status::SUCCESS reader: Status::SUCCESS
12-05 10:06:49.705 9381 9525 E Cello : [9525:NonCelloThread] drive_v2_cloud_store_no_apiary.cc:3720:DumpToLog Response body 0x7d05c6bee670: (no response body)
12-05 10:06:49.708 9381 9467 W CelloCake: [io-4] Exception set on future for 'getAccount(request=# com.google.apps.drive.dataservice.UserAccountRequest@8bc88)'. Cello error 2. Network error Cleared request. Failed task: getAccount(request=# com.google.apps.drive.dataservice.UserAccountRequest@8bc88)
