12-05 10:05:41.278 7846 8070 I GmsActivityDetector: at duiw.b(:com.google.android.gms@244337026@24.43.37 (150800-693941914):29)
12-05 10:05:41.278 7846 8070 I GmsActivityDetector: at duis.run(:com.google.android.gms@244337026@24.43.37 (150800-693941914):26)
12-05 10:05:41.278 7846 8070 I GmsActivityDetector: at amjy.c(:com.google.android.gms@244337026@24.43.37 (150800-693941914):50)
12-05 10:05:41.278 7846 8070 I GmsActivityDetector: at amjy.run(:com.google.android.gms@244337026@24.43.37 (150800-693941914):76)
12-05 10:05:41.278 7846 8070 I GmsActivityDetector: at java.util.concurrent.ThreadPoolExecutor.runWorker(ThreadPoolExecutor.java:1167)
12-05 10:05:41.278 7846 8070 I GmsActivityDetector: at java.util.concurrent.ThreadPoolExecutor$Worker.run(ThreadPoolExecutor.java:641)
12-05 10:05:41.278 7846 8070 I GmsActivityDetector: at ampj.run(:com.google.android.gms@244337026@24.43.37 (150800-693941914):8)
12-05 10:05:41.278 7846 8070 I GmsActivityDetector: at java.lang.Thread.run(Thread.java:920)
12-05 10:05:41.278 7846 8070 I GmsActivityDetector: Caused by: android.system.ErrnoException: open failed: ENOENT (No such file or directory)
12-05 10:05:41.278 7846 8070 I GmsActivityDetector: at libcore.io.Linux.open(Native Method)
12-05 10:05:41.278 7846 8070 I GmsActivityDetector: at libcore.io.ForwardingOs.open(ForwardingOs.java:567)
12-05 10:05:41.278 7846 8070 I GmsActivityDetector: at libcore.io.BlockGuardOs.open(BlockGuardOs.java:273)
12-05 10:05:41.278 7846 8070 I GmsActivityDetector: at libcore.io.ForwardingOs.open(ForwardingOs.java:567)
12-05 10:05:41.278 7846 8070 I GmsActivityDetector: at android.app.ActivityThread$AndroidOs.open(ActivityThread.java:7756)
12-05 10:05:41.278 7846 8070 I GmsActivityDetector: at libcore.io.IoBridge.open(IoBridge.java:561)
12-05 10:05:41.278 7846 8070 I GmsActivityDetector: ... 13 more
12-05 10:05:41.316 7846 7846 D BoundBrokerSvc: onBind: Intent { act=com.google.android.gms.nearby.connection.service.START pkg=com.google.android.gms }
12-05 10:05:41.317 7846 7846 D BoundBrokerSvc: Loading bound service for intent: Intent { act=com.google.android.gms.nearby.connection.service.START pkg=com.google.android.gms }
12-05 10:05:41.320 7846 8095 D CompatibilityChangeReporter: Compat change id reported: 148180766; UID 10105; state: ENABLED
12-05 10:05:41.334 7846 7846 D BoundBrokerSvc: onBind: Intent { act=com.google.android.gms.nearby.presence.service.START dat=chimera-action: cmp=com.google.android.gms/.chimera.PersistentApiServiceNoInstantApps }
12-05 10:05:41.353 7800 7887 I CondFlagRegistrar: Registered for com.google.android.gms.providerinstaller#com.google.android.gms
12-05 10:05:41.361 7800 7947 I Icing : Usage reports ok 0, Failed Usage reports 0, indexed 0, rejected 0
12-05 10:05:41.361 7846 7846 D BoundBrokerSvc: Loading bound service for intent: Intent { act=com.google.android.gms.nearby.presence.service.START dat=chimera-action: cmp=com.google.android.gms/.chimera.PersistentApiServiceNoInstantApps }
12-05 10:05:41.390 7846 7846 W ctxmgr : [ContextManagerPersistentService]Unable to start system_memory_cache. [CONTEXT service_id=47 ]
12-05 10:05:41.407 8132 8158 W ndroid.calenda: Accessing hidden field Ljava/util/Collections$SynchronizedCollection;->mutex:Ljava/lang/Object; (max-target-o, reflection, denied)
12-05 10:05:41.407 8132 8158 W ndroid.calenda: Accessing hidden method Ljava/util/Collections$SynchronizedSet;->(Ljava/util/Set;Ljava/lang/Object;)V (max-target-o, reflection, denied)
12-05 10:05:41.407 8132 8158 W ndroid.calenda: Accessing hidden method Ljava/util/Collections$SynchronizedCollection;->(Ljava/util/Collection;Ljava/lang/Object;)V (max-target-o, reflection, denied)
12-05 10:05:41.415 7846 8062 I MagicTether: [AutoDisconnectIntentOperation] Canceling task. [CONTEXT service_id=276 ]
12-05 10:05:41.424 7846 7846 D BoundBrokerSvc: onBind: Intent { act=com.google.android.gms.multidevice.apis.featuresettingsapi.FeatureSettingsApiService.START dat=chimera-action: cmp=com.google.android.gms/.chimera.PersistentApiService }
12-05 10:05:41.424 7846 7846 D BoundBrokerSvc: Loading bound service for intent: Intent { act=com.google.android.gms.multidevice.apis.featuresettingsapi.FeatureSettingsApiService.START dat=chimera-action: cmp=com.google.android.gms/.chimera.PersistentApiService }
12-05 10:05:41.445 7846 8062 I MagicTether: [HostTetherRole] enableProximityAuth: true [CONTEXT service_id=276 ]
12-05 10:05:41.446 7800 8078 I AdvertisingIdClient: shouldSendLog -1
12-05 10:05:41.456 7800 8078 I AdvertisingIdClient: GetInfoInternal elapse 850ms
12-05 10:05:41.466 7846 7846 D BoundBrokerSvc: onRebind: Intent { act=com.google.android.gms.clearcut.bootcount.service.START pkg=com.google.android.gms }
12-05 10:05:41.472 7846 7846 D BoundBrokerSvc: onBind: Intent { act=com.google.android.gms.findmydevice.spot.service.locationreport.START dat=chimera-action: cmp=com.google.android.gms/.chimera.PersistentApiService }
12-05 10:05:41.472 7846 7846 D BoundBrokerSvc: Loading bound service for intent: Intent { act=com.google.android.gms.findmydevice.spot.service.locationreport.START dat=chimera-action: cmp=com.google.android.gms/.chimera.PersistentApiService }
12-05 10:05:41.482 7846 7897 I GmsCoreXrpcWrapper: Returning a channel provider with trafficStatsTag=67118596 trafficStatsUid=10105
12-05 10:05:41.501 563 1008 D CompatibilityChangeReporter: Compat change id reported: 135634846; UID 10058; state: DISABLED
12-05 10:05:41.501 563 1008 D CompatibilityChangeReporter: Compat change id reported: 177438394; UID 10058; state: DISABLED
12-05 10:05:41.501 563 1008 D CompatibilityChangeReporter: Compat change id reported: 135772972; UID 10058; state: DISABLED
12-05 10:05:41.501 563 1008 D CompatibilityChangeReporter: Compat change id reported: 135754954; UID 10058; state: ENABLED
12-05 10:05:41.504 563 633 D CompatibilityChangeReporter: Compat change id reported: 143937733; UID 10058; state: ENABLED
12-05 10:05:41.523 332 332 D Zygote : Forked child process 8166
12-05 10:05:41.530 563 633 I ActivityManager: Start proc 8166:com.android.providers.calendar/u0a58 for content provider {com.android.providers.calendar/com.android.providers.calendar.CalendarProvider2}
12-05 10:05:41.530 563 1008 D ConnectivityService: requestNetwork for uid/pid:10127/8132 activeRequest: null callbackRequest: 205 [NetworkRequest [ REQUEST id=206, [ Capabilities: INTERNET&NOT_RESTRICTED&TRUSTED&NOT_VCN_MANAGED Uid: 10127 RequestorUid: 10127 RequestorPkg: com.google.android.calendar UnderlyingNetworks: Null] ]] callback flags: 0 order: 2147483647
12-05 10:05:41.532 8166 8166 I Zygote : seccomp disabled by setenforce 0
12-05 10:05:41.537 563 794 D ConnectivityService: NetReassign [206 : null → 100]
12-05 10:05:41.547 8166 8166 W viders.calenda: Unexpected CPU variant for X86 using defaults: x86_64
12-05 10:05:41.548 563 785 D WifiNetworkFactory: got request NetworkRequest [ REQUEST id=206, [ Capabilities: INTERNET&NOT_RESTRICTED&TRUSTED&NOT_VCN_MANAGED Uid: 10127 RequestorUid: 10127 RequestorPkg: com.google.android.calendar UnderlyingNetworks: Null] ]
12-05 10:05:41.548 563 785 D UntrustedWifiNetworkFactory: got request NetworkRequest [ REQUEST id=206, [ Capabilities: INTERNET&NOT_RESTRICTED&TRUSTED&NOT_VCN_MANAGED Uid: 10127 RequestorUid: 10127 RequestorPkg: com.google.android.calendar UnderlyingNetworks: Null] ]
12-05 10:05:41.549 563 785 D OemPaidWifiNetworkFactory: got request NetworkRequest [ REQUEST id=206, [ Capabilities: INTERNET&NOT_RESTRICTED&TRUSTED&NOT_VCN_MANAGED Uid: 10127 RequestorUid: 10127 RequestorPkg: com.google.android.calendar UnderlyingNetworks: Null] ]
12-05 10:05:41.558 408 481 I adbd : jdwp connection from 8166
12-05 10:05:41.570 563 1008 D CompatibilityChangeReporter: Compat change id reported: 168419799; UID 10058; state: DISABLED
12-05 10:05:41.580 8166 8166 D CompatibilityChangeReporter: Compat change id reported: 171979766; UID 10058; state: ENABLED
12-05 10:05:41.610 7800 7947 I Icing : Usage reports ok 0, Failed Usage reports 0, indexed 0, rejected 0
12-05 10:05:41.618 8166 8166 V GraphicsEnvironment: ANGLE Developer option for 'com.android.providers.calendar' set to: 'default'
12-05 10:05:41.622 8166 8166 V GraphicsEnvironment: ANGLE GameManagerService for com.android.providers.calendar: false
12-05 10:05:41.622 8166 8166 V GraphicsEnvironment: Neither updatable production driver nor prerelease driver is supported.
12-05 10:05:41.624 7846 8062 W MagicTether: [HostEnablementUtils] Invalid account list. [CONTEXT service_id=276 ]
12-05 10:05:41.637 8166 8166 D NetworkSecurityConfig: No Network Security Config specified, using platform default
12-05 10:05:41.637 8166 8166 D NetworkSecurityConfig: No Network Security Config specified, using platform default
12-05 10:05:41.657 7846 7846 D BoundBrokerSvc: onBind: Intent { act=com.google.android.gms.libs.gmscorelogger.service.START dat=chimera-action: cmp=com.google.android.gms/.chimera.PersistentDirectBootAwareApiService }
12-05 10:05:41.657 7846 7846 D BoundBrokerSvc: Loading bound service for intent: Intent { act=com.google.android.gms.libs.gmscorelogger.service.START dat=chimera-action: cmp=com.google.android.gms/.chimera.PersistentDirectBootAwareApiService }
12-05 10:05:41.658 7846 8107 I NearbyPresence: BroadcastEngineImplV1: Start BleAdvertiseBluetoothProvider. [CONTEXT service_id=317 ]
12-05 10:05:41.671 7846 7846 D BoundBrokerSvc: onBind: Intent { act=com.google.android.gms.common.telemetry.service.START dat=chimera-action: cmp=com.google.android.gms/.chimera.PersistentApiService }
12-05 10:05:41.671 7846 7846 D BoundBrokerSvc: Loading bound service for intent: Intent { act=com.google.android.gms.common.telemetry.service.START dat=chimera-action: cmp=com.google.android.gms/.chimera.PersistentApiService }
12-05 10:05:41.685 563 794 D ConnectivityService: NetReassign [no changes]
12-05 10:05:41.718 8166 8166 I CalendarProvider2: Created com.android.providers.calendar.CalendarAlarmManager@73bf385(com.android.providers.calendar.CalendarProvider2@69765da)
12-05 10:05:41.729 7846 8062 I MagicTether: [HostTetherRole] Nearby host is active: isNearbyActive: UNKNOWN | isProxAuthActive: INACTIVE [CONTEXT service_id=276 ]
12-05 10:05:41.730 7846 8062 I MagicTether: [TetherService] Registering Tidepool update listener [CONTEXT service_id=276 ]
12-05 10:05:41.746 563 829 D CompatibilityChangeReporter: Compat change id reported: 143231523; UID 10127; state: DISABLED
12-05 10:05:41.755 7800 7947 I Icing : Usage reports ok 0, Failed Usage reports 0, indexed 0, rejected 0
12-05 10:05:41.764 7846 7891 I CondFlagRegistrar: Registered for com.google.android.gms.providerinstaller#com.google.android.gms
12-05 10:05:41.787 7800 7800 I AdvertisingIdClient: getting error as 17: API: ClientTelemetry.API is not available on this device. Connection failed with: ConnectionResult{statusCode=API_DISABLED_FOR_CONNECTION, resolution=null, message=null}
12-05 10:05:41.791 563 1749 D CompatibilityChangeReporter: Compat change id reported: 143231523; UID 10058; state: DISABLED
12-05 10:05:41.804 7846 8062 I MagicTether: [TetherService] starting runnable [CONTEXT service_id=276 ]
12-05 10:05:41.804 7846 8062 I MagicTether: [TetherService] Starting Instant Hotspot feature. [CONTEXT service_id=276 ]
12-05 10:05:41.805 7846 8062 I MagicTether: [HostTetherRole] enableProximityAuth: true [CONTEXT service_id=276 ]
12-05 10:05:41.813 8132 8205 I c.zjk : Obtained writable database SQLiteDatabase/182887084 instance with path /data/user/0/com.google.android.calendar/databases/cal_v2a
12-05 10:05:41.818 8132 8202 I c.zhr : The schema version is 18, the database version is 18, and there are 0 migrations
12-05 10:05:41.852 7846 8196 W ctxmgr : [FencePendingIntentCache]Sending CONTEXT_MANAGER_RESTARTED broadcast to com.google.android.apps.wellbeing [CONTEXT service_id=47 ]
12-05 10:05:41.871 7846 7846 D BoundBrokerSvc: onBind: Intent { act=com.google.android.gms.gmscompliance.service.START dat=chimera-action: cmp=com.google.android.gms/.chimera.PersistentBoundBrokerService }
12-05 10:05:41.871 7846 7846 D BoundBrokerSvc: Loading bound service for intent: Intent { act=com.google.android.gms.gmscompliance.service.START dat=chimera-action: cmp=com.google.android.gms/.chimera.PersistentBoundBrokerService }
12-05 10:05:41.900 563 1756 W AlarmManager: Window length 1383505805528113408ms too long; limiting to 1 day
12-05 10:05:41.900 563 797 D NsdService: New client listening to asynchronous messages
12-05 10:05:41.900 563 797 D NsdService: New client, channel: com.android.internal.util.AsyncChannel@8f94bff messenger: android.os.Messenger@d873dcc
12-05 10:05:41.901 7846 8062 W MagicTether: [HostEnablementUtils] Invalid account list. [CONTEXT service_id=276 ]
12-05 10:05:41.906 7846 8107 D CompatibilityChangeReporter: Compat change id reported: 191844585; UID 10105; state: ENABLED
12-05 10:05:41.908 7846 8107 I NearbyPresence: cdtt verified [!=] new request BroadcastEngineRequest: does not equal to the old request null [CONTEXT service_id=317 ]
12-05 10:05:41.909 7846 8107 I NearbyPresence: cdtg verified [!=] new request BroadcastEngineRequest: does not equal to the old request null [CONTEXT service_id=317 ]
12-05 10:05:41.945 7800 8022 I LocationHistory: [IntentOperation] Handling action android.location.PROVIDERS_CHANGED [CONTEXT service_id=314 ]
12-05 10:05:41.952 7846 7898 W WearableService: onGetService: Wear is not available on this device.
12-05 10:05:41.955 7800 8022 I LocationHistory: [IntentOperation] Device settings changed to ENABLED. Scheduling periodic tasks. [CONTEXT service_id=314 ]
12-05 10:05:41.973 7800 8022 I SemanticLocation: [Scheduler] Periodic Task com.google.android.gms.semanticlocationhistory.deidentifieddata.storevisits.StoreVisitsProcessingService.StoreVisitsProcessing is scheduled to run EVERY_6_HOURS [CONTEXT service_id=173 ]
12-05 10:05:41.978 7846 7846 D BoundBrokerSvc: onBind: Intent { act=com.google.android.gms.auth.proximity.devicesyncservice.START dat=chimera-action: cmp=com.google.android.gms/.chimera.PersistentBoundBrokerService }
12-05 10:05:41.978 7846 7846 D BoundBrokerSvc: Loading bound service for intent: Intent { act=com.google.android.gms.auth.proximity.devicesyncservice.START dat=chimera-action: cmp=com.google.android.gms/.chimera.PersistentBoundBrokerService }
12-05 10:05:41.989 7846 8188 I Nearby : is blocked device type false, isAuto=false, isIot=false, isLatchsky=false, isChinaWearable=false, isTv=false, isWearable=false (supportWearOs=false), isChromeOsDevice=false (supportChromeOs=false) [CONTEXT service_id=49 ]
12-05 10:05:41.996 7800 8022 I SemanticLocation: [Scheduler] Housekeeping Task com.google.android.gms.semanticlocationhistory.deidentifieddata.wifi.WifiPlaceVisitProcessingService.WifiPlaceVisit is scheduled to run at cadence bqrx@931e6cb [CONTEXT service_id=173 ]
12-05 10:05:42.004 8132 8132 D CompatibilityChangeReporter: Compat change id reported: 160794467; UID 10127; state: ENABLED
12-05 10:05:42.013 7800 8022 I SemanticLocation: [Scheduler] Periodic Task com.google.android.gms.semanticlocationhistory.deidentifieddata.uploads.BatchDeidentifiedDataUploadService.BatchDeidentifiedDataUpload is scheduled to run EVERY_6_HOURS [CONTEXT service_id=173 ]
12-05 10:05:42.018 7846 8075 W Settings: Setting airplane_mode_on has moved from android.provider.Settings.System to android.provider.Settings.Global, returning read-only value.
12-05 10:05:42.030 7800 8022 I SemanticLocation: [Scheduler] Housekeeping Task com.google.android.gms.semanticlocationhistory.deidentifieddata.historicalbusyness.HistoricalBusynessProcessingService.HistoricalBusyness is scheduled to run at cadence bqrx@931e6cb [CONTEXT service_id=173 ]
12-05 10:05:42.038 7800 7947 I Icing : Usage reports ok 0, Failed Usage reports 0, indexed 0, rejected 0
12-05 10:05:42.050 7846 7846 I NearbyDiscovery: DiscoveryService created [CONTEXT service_id=265 ]
12-05 10:05:42.096 7800 8022 I SemanticLocation: [Scheduler] Periodic Task com.google.android.gms.semanticlocationhistory.pulp.PulpInferenceService.PulpInference is scheduled to run EVERY_DAY [CONTEXT service_id=173 ]
12-05 10:05:42.101 7800 8022 I SemanticLocation: [Scheduler] Housekeeping Task com.google.android.gms.semanticlocationhistory.pulp.PulpMddDownloadScheduleService.PulpMddRefreshDownloadTask is scheduled to run at cadence bqrx@931e6cb [CONTEXT service_id=173 ]
12-05 10:05:42.102 7800 8022 I SemanticLocation: [Scheduler] Housekeeping Task com.google.android.gms.semanticlocationhistory.pulp.PulpMddMaintenanceService.PulpMddMaintenanceTask is scheduled to run at cadence bqrx@931e6cb [CONTEXT service_id=173 ]
12-05 10:05:42.103 7800 8022 I SemanticLocation: [Scheduler] Periodic Task com.google.android.gms.semanticlocationhistory.deidentifieddata.pulptraining.PulpTrainingService.PulpTraining is scheduled to run EVERY_7_DAYS [CONTEXT service_id=173 ]
12-05 10:05:42.105 7800 8022 I SemanticLocation: [Scheduler] Periodic Task com.google.android.gms.semanticlocationhistory.topplace.TopPlaceProcessingService.TopPlaceProcessing is scheduled to run EVERY_3_DAYS [CONTEXT service_id=173 ]
12-05 10:05:42.110 7846 8062 I MagicTether: [HostTetherRole] Nearby host is active: isNearbyActive: UNKNOWN | isProxAuthActive: INACTIVE [CONTEXT service_id=276 ]
12-05 10:05:42.115 7846 7846 W ChimeraUtils: Module com.google.android.gms.nearby missing resource null(0)
12-05 10:05:42.131 7800 8022 I SemanticLocation: [Scheduler] Housekeeping Task com.google.android.gms.semanticlocationhistory.federated.FederatedScheduleService.FederatedLocation is scheduled to run at cadence bqrx@931e6cb [CONTEXT service_id=173 ]
12-05 10:05:42.132 7800 8022 I SemanticLocation: [Scheduler] Housekeeping Task com.google.android.gms.semanticlocationhistory.federated.FederatedTaskIdentityDataService.FederatedTaskIdentityDataService is scheduled to run at cadence bqrx@931e6cb [CONTEXT service_id=173 ]
12-05 10:05:42.146 7846 8062 I MagicTether: [TidepoolFeatureStatusManager] isInstantHotspotEnabled=false [CONTEXT service_id=276 ]
12-05 10:05:42.149 7846 8075 W SystemServiceRegistry: No service published for: wifirtt
12-05 10:05:42.159 7800 8022 I SemanticLocation: [Scheduler] Housekeeping Task com.google.android.gms.semanticlocationhistory.federated.FederatedJobHistoryService.FederatedJobHistoryService is scheduled to run at cadence bqrx@931e6cb [CONTEXT service_id=173 ]
12-05 10:05:42.164 7800 8022 I SemanticLocation: [Scheduler] Housekeeping Task com.google.android.gms.semanticlocationhistory.federated.BrellaInvocationService.BrellaInvocationServiceFirstPopulation is scheduled to run at cadence bqrx@931e6cb [CONTEXT service_id=173 ]
12-05 10:05:42.165 563 1749 D CompatibilityChangeReporter: Compat change id reported: 135634846; UID 10150; state: DISABLED
12-05 10:05:42.166 563 1749 D CompatibilityChangeReporter: Compat change id reported: 177438394; UID 10150; state: DISABLED
12-05 10:05:42.166 563 1749 D CompatibilityChangeReporter: Compat change id reported: 135772972; UID 10150; state: DISABLED
12-05 10:05:42.168 563 1749 D CompatibilityChangeReporter: Compat change id reported: 135754954; UID 10150; state: ENABLED
12-05 10:05:42.170 563 633 D CompatibilityChangeReporter: Compat change id reported: 143937733; UID 10150; state: ENABLED
12-05 10:05:42.188 7846 7846 W ChimeraUtils: Module com.google.android.gms.nearby missing resource null(0)
12-05 10:05:42.192 332 332 D Zygote : Forked child process 8235
12-05 10:05:42.198 8235 8235 I Zygote : seccomp disabled by setenforce 0
12-05 10:05:42.199 563 633 I ActivityManager: Start proc 8235:com.google.android.cellbroadcastreceiver/u0a150 for broadcast {com.google.android.cellbroadcastreceiver/com.android.cellbroadcastreceiver.CellBroadcastReceiver}
12-05 10:05:42.208 7846 8107 I NearbyPresence: cdtv verified [!=] new request BroadcastEngineRequest: does not equal to the old request null [CONTEXT service_id=317 ]
12-05 10:05:42.213 7846 8062 I MagicTether: [TetherService] Stopping Nearby component. [CONTEXT service_id=276 ]
12-05 10:05:42.214 7846 8062 I MagicTether: [HostTetherRole] Nearby host role already stopped [CONTEXT service_id=276 ]
12-05 10:05:42.218 8235 8235 W oadcastreceive: Unexpected CPU variant for X86 using defaults: x86_64
12-05 10:05:42.227 7800 7947 I Icing : Indexing com.google.android.gms-postals_data_id from com.google.android.gms
12-05 10:05:42.234 408 481 I adbd : jdwp connection from 8235
12-05 10:05:42.235 7800 8022 I SemanticLocation: [Scheduler] Housekeeping Task com.google.android.gms.semanticlocationhistory.federated.BrellaInvocationService.BrellaInvocationServiceSecondPopulation is scheduled to run at cadence bqrx@931e6cb [CONTEXT service_id=173 ]
12-05 10:05:42.235 7800 8022 I SemanticLocation: [Scheduler] Housekeeping Task com.google.android.gms.semanticlocationhistory.federated.BrellaInvocationService.BrellaInvocationServiceThirdPopulation is scheduled to run at cadence bqrx@931e6cb [CONTEXT service_id=173 ]
12-05 10:05:42.236 7800 8022 I SemanticLocation: [Scheduler] Housekeeping Task com.google.android.gms.semanticlocationhistory.federated.BrellaInvocationService.BrellaInvocationServiceFourthPopulation is scheduled to run at cadence bqrx@931e6cb [CONTEXT service_id=173 ]
12-05 10:05:42.245 7800 8022 I SemanticLocation: [Scheduler] Housekeeping Task com.google.android.gms.semanticlocationhistory.federated.BrellaInvocationService.BrellaInvocationServiceFifthPopulation is scheduled to run at cadence bqrx@931e6cb [CONTEXT service_id=173 ]
12-05 10:05:42.246 7800 8022 I SemanticLocation: [Scheduler] Housekeeping Task com.google.android.gms.semanticlocationhistory.federated.regionfetcher.RegionMddMaintenanceService.RegionMddMaintenanceTask is scheduled to run at cadence bqrx@931e6cb [CONTEXT service_id=173 ]
12-05 10:05:42.255 7800 8022 I SemanticLocation: [Scheduler] Periodic Task com.google.android.gms.semanticlocationhistory.federated.regionfetcher.RegionMddDownloadScheduleService.RegionMddRefreshDownloadTask is scheduled to run EVERY_6_HOURS [CONTEXT service_id=173 ]
12-05 10:05:42.256 7800 8022 I SemanticLocation: [Scheduler] Housekeeping Task com.google.android.gms.semanticlocationhistory.db.backup.OdlhBackupService.OdlhBackup is scheduled to run at cadence bqrx@931e6cb [CONTEXT service_id=173 ]
12-05 10:05:42.259 7800 8022 I SemanticLocation: [Scheduler] Housekeeping Task com.google.android.gms.semanticlocationhistory.edit.EditUploadJob.EditUploadJob is scheduled to run at cadence bqrx@931e6cb [CONTEXT service_id=173 ]
12-05 10:05:42.264 7846 8107 I NearbyPresence: MdnsServerProviderController is not enabled or requested [CONTEXT service_id=317 ]
12-05 10:05:42.264 7846 8107 I NearbyPresence: BleAdvertiseProviderController: request.isRequested() false [CONTEXT service_id=317 ]
12-05 10:05:42.265 7846 8107 I NearbyPresence: BroadcastEngineImplV1: Overriding the broadcastV1 request to : BroadcastEngineRequest: [CONTEXT service_id=317 ]
12-05 10:05:42.268 563 1749 D CompatibilityChangeReporter: Compat change id reported: 168419799; UID 10150; state: DISABLED
12-05 10:05:42.269 7800 8023 I LocationHistory: [IntentOperation] Handling action android.location.PROVIDERS_CHANGED [CONTEXT service_id=314 ]
12-05 10:05:42.270 7800 8023 I LocationHistory: [IntentOperation] Device settings changed to ENABLED. Scheduling periodic tasks. [CONTEXT service_id=314 ]
12-05 10:05:42.273 7800 8023 I SemanticLocation: [Scheduler] Periodic Task com.google.android.gms.semanticlocationhistory.deidentifieddata.storevisits.StoreVisitsProcessingService.StoreVisitsProcessing is scheduled to run EVERY_6_HOURS [CONTEXT service_id=173 ]
12-05 10:05:42.277 7800 8023 I SemanticLocation: [Scheduler] Housekeeping Task com.google.android.gms.semanticlocationhistory.deidentifieddata.wifi.WifiPlaceVisitProcessingService.WifiPlaceVisit is scheduled to run at cadence bqrx@931e6cb [CONTEXT service_id=173 ]
12-05 10:05:42.278 7800 8023 I SemanticLocation: [Scheduler] Periodic Task com.google.android.gms.semanticlocationhistory.deidentifieddata.uploads.BatchDeidentifiedDataUploadService.BatchDeidentifiedDataUpload is scheduled to run EVERY_6_HOURS [CONTEXT service_id=173 ]
12-05 10:05:42.278 7800 8023 I SemanticLocation: [Scheduler] Housekeeping Task com.google.android.gms.semanticlocationhistory.deidentifieddata.historicalbusyness.HistoricalBusynessProcessingService.HistoricalBusyness is scheduled to run at cadence bqrx@931e6cb [CONTEXT service_id=173 ]
12-05 10:05:42.279 7800 8023 I SemanticLocation: [Scheduler] Periodic Task com.google.android.gms.semanticlocationhistory.pulp.PulpInferenceService.PulpInference is scheduled to run EVERY_DAY [CONTEXT service_id=173 ]
12-05 10:05:42.279 7800 8023 I SemanticLocation: [Scheduler] Housekeeping Task com.google.android.gms.semanticlocationhistory.pulp.PulpMddDownloadScheduleService.PulpMddRefreshDownloadTask is scheduled to run at cadence bqrx@931e6cb [CONTEXT service_id=173 ]
12-05 10:05:42.280 7800 8023 I SemanticLocation: [Scheduler] Housekeeping Task com.google.android.gms.semanticlocationhistory.pulp.PulpMddMaintenanceService.PulpMddMaintenanceTask is scheduled to run at cadence bqrx@931e6cb [CONTEXT service_id=173 ]
12-05 10:05:42.280 7800 8023 I SemanticLocation: [Scheduler] Periodic Task com.google.android.gms.semanticlocationhistory.deidentifieddata.pulptraining.PulpTrainingService.PulpTraining is scheduled to run EVERY_7_DAYS [CONTEXT service_id=173 ]
12-05 10:05:42.281 7800 8023 I SemanticLocation: [Scheduler] Periodic Task com.google.android.gms.semanticlocationhistory.topplace.TopPlaceProcessingService.TopPlaceProcessing is scheduled to run EVERY_3_DAYS [CONTEXT service_id=173 ]
12-05 10:05:42.281 7800 8023 I SemanticLocation: [Scheduler] Housekeeping Task com.google.android.gms.semanticlocationhistory.federated.FederatedScheduleService.FederatedLocation is scheduled to run at cadence bqrx@931e6cb [CONTEXT service_id=173 ]
12-05 10:05:42.282 7800 8023 I SemanticLocation: [Scheduler] Housekeeping Task com.google.android.gms.semanticlocationhistory.federated.FederatedTaskIdentityDataService.FederatedTaskIdentityDataService is scheduled to run at cadence bqrx@931e6cb [CONTEXT service_id=173 ]
12-05 10:05:42.290 8235 8235 D CompatibilityChangeReporter: Compat change id reported: 171979766; UID 10150; state: ENABLED
12-05 10:05:42.292 7846 7897 I NearbySharing: There is no account metadata, return default instance.
12-05 10:05:42.305 7800 8023 I SemanticLocation: [Scheduler] Housekeeping Task com.google.android.gms.semanticlocationhistory.federated.FederatedJobHistoryService.FederatedJobHistoryService is scheduled to run at cadence bqrx@931e6cb [CONTEXT service_id=173 ]
12-05 10:05:42.309 7800 8023 I SemanticLocation: [Scheduler] Housekeeping Task com.google.android.gms.semanticlocationhistory.federated.BrellaInvocationService.BrellaInvocationServiceFirstPopulation is scheduled to run at cadence bqrx@931e6cb [CONTEXT service_id=173 ]
12-05 10:05:42.310 7800 8023 I SemanticLocation: [Scheduler] Housekeeping Task com.google.android.gms.semanticlocationhistory.federated.BrellaInvocationService.BrellaInvocationServiceSecondPopulation is scheduled to run at cadence bqrx@931e6cb [CONTEXT service_id=173 ]
12-05 10:05:42.310 7800 8023 I SemanticLocation: [Scheduler] Housekeeping Task com.google.android.gms.semanticlocationhistory.federated.BrellaInvocationService.BrellaInvocationServiceThirdPopulation is scheduled to run at cadence bqrx@931e6cb [CONTEXT service_id=173 ]
12-05 10:05:42.310 7800 8023 I SemanticLocation: [Scheduler] Housekeeping Task com.google.android.gms.semanticlocationhistory.federated.BrellaInvocationService.BrellaInvocationServiceFourthPopulation is scheduled to run at cadence bqrx@931e6cb [CONTEXT service_id=173 ]
12-05 10:05:42.311 7800 8023 I SemanticLocation: [Scheduler] Housekeeping Task com.google.android.gms.semanticlocationhistory.federated.BrellaInvocationService.BrellaInvocationServiceFifthPopulation is scheduled to run at cadence bqrx@931e6cb [CONTEXT service_id=173 ]
12-05 10:05:42.311 7800 8023 I SemanticLocation: [Scheduler] Housekeeping Task com.google.android.gms.semanticlocationhistory.federated.regionfetcher.RegionMddMaintenanceService.RegionMddMaintenanceTask is scheduled to run at cadence bqrx@931e6cb [CONTEXT service_id=173 ]
12-05 10:05:42.312 7800 8023 I SemanticLocation: [Scheduler] Periodic Task com.google.android.gms.semanticlocationhistory.federated.regionfetcher.RegionMddDownloadScheduleService.RegionMddRefreshDownloadTask is scheduled to run EVERY_6_HOURS [CONTEXT service_id=173 ]
12-05 10:05:42.317 7800 8023 I SemanticLocation: [Scheduler] Housekeeping Task com.google.android.gms.semanticlocationhistory.db.backup.OdlhBackupService.OdlhBackup is scheduled to run at cadence bqrx@931e6cb [CONTEXT service_id=173 ]
12-05 10:05:42.319 7800 8023 I SemanticLocation: [Scheduler] Housekeeping Task com.google.android.gms.semanticlocationhistory.edit.EditUploadJob.EditUploadJob is scheduled to run at cadence bqrx@931e6cb [CONTEXT service_id=173 ]
12-05 10:05:42.328 7846 8107 I NearbyPresence: BroadcastEngineImplV1: Enabling engine. [CONTEXT service_id=317 ]
12-05 10:05:42.345 563 1749 W AlarmManager: Window length 1383505805528113152ms too long; limiting to 1 day
12-05 10:05:42.350 7800 7947 I Icing : Indexing done com.google.android.gms-postals_data_id
12-05 10:05:42.352 7846 7846 W .gms.persisten: Accessing hidden method Landroid/bluetooth/BluetoothAdapter;->registerBluetoothConnectionCallback(Ljava/util/concurrent/Executor;Landroid/bluetooth/BluetoothAdapter$BluetoothConnectionCallback;)Z (blocked, reflection, denied)
12-05 10:05:42.355 7846 7846 I NearbyShared: BTConnStateMgr: BluetoothConnectionCallback not supported.
12-05 10:05:42.355 7846 7846 I NearbyShared: java.lang.NoSuchMethodException: android.bluetooth.BluetoothAdapter.registerBluetoothConnectionCallback [interface java.util.concurrent.Executor, class android.bluetooth.BluetoothAdapter$BluetoothConnectionCallback]
12-05 10:05:42.355 7846 7846 I NearbyShared: at java.lang.Class.getMethod(Class.java:2103)
12-05 10:05:42.355 7846 7846 I NearbyShared: at java.lang.Class.getMethod(Class.java:1724)
12-05 10:05:42.355 7846 7846 I NearbyShared: at ergr.(:com.google.android.gms@244337026@24.43.37 (150800-693941914):156)
12-05 10:05:42.355 7846 7846 I NearbyShared: at byug.a(:com.google.android.gms@244337026@24.43.37 (150800-693941914):730)
12-05 10:05:42.355 7846 7846 I NearbyShared: at bxwn.i(:com.google.android.gms@244337026@24.43.37 (150800-693941914):37)
12-05 10:05:42.355 7846 7846 I NearbyShared: at bxwn.d(:com.google.android.gms@244337026@24.43.37 (150800-693941914):1)
12-05 10:05:42.355 7846 7846 I NearbyShared: at bxwn.b(:com.google.android.gms@244337026@24.43.37 (150800-693941914):1)
12-05 10:05:42.355 7846 7846 I NearbyShared: at bxwn.c(:com.google.android.gms@244337026@24.43.37 (150800-693941914):7)
12-05 10:05:42.355 7846 7846 I NearbyShared: at bzdi.(:com.google.android.gms@244337026@24.43.37 (150800-693941914):32)
12-05 10:05:42.355 7846 7846 I NearbyShared: at byug.a(:com.google.android.gms@244337026@24.43.37 (150800-693941914):1258)
12-05 10:05:42.355 7846 7846 I NearbyShared: at bxwn.i(:com.google.android.gms@244337026@24.43.37 (150800-693941914):37)
12-05 10:05:42.355 7846 7846 I NearbyShared: at bxwn.d(:com.google.android.gms@244337026@24.43.37 (150800-693941914):1)
12-05 10:05:42.355 7846 7846 I NearbyShared: at bxwn.b(:com.google.android.gms@244337026@24.43.37 (150800-693941914):1)
12-05 10:05:42.355 7846 7846 I NearbyShared: at bxwn.c(:com.google.android.gms@244337026@24.43.37 (150800-693941914):7)
12-05 10:05:42.355 7846 7846 I NearbyShared: at bzhz.(:com.google.android.gms@244337026@24.43.37 (150800-693941914):65)
12-05 10:05:42.355 7846 7846 I NearbyShared: at byug.a(:com.google.android.gms@244337026@24.43.37 (150800-693941914):437)
12-05 10:05:42.355 7846 7846 I NearbyShared: at bxwn.i(:com.google.android.gms@244337026@24.43.37 (150800-693941914):37)
12-05 10:05:42.355 7846 7846 I NearbyShared: at bxwn.d(:com.google.android.gms@244337026@24.43.37 (150800-693941914):1)
12-05 10:05:42.355 7846 7846 I NearbyShared: at bxwn.b(:com.google.android.gms@244337026@24.43.37 (150800-693941914):1)
12-05 10:05:42.355 7846 7846 I NearbyShared: at bxwn.c(:com.google.android.gms@244337026@24.43.37 (150800-693941914):7)
12-05 10:05:42.355 7846 7846 I NearbyShared: at bzeq.(:com.google.android.gms@244337026@24.43.37 (150800-693941914):67)
12-05 10:05:42.355 7846 7846 I NearbyShared: at byug.a(:com.google.android.gms@244337026@24.43.37 (150800-693941914):418)
12-05 10:05:42.355 7846 7846 I NearbyShared: at bxwn.i(:com.google.android.gms@244337026@24.43.37 (150800-693941914):37)
12-05 10:05:42.355 7846 7846 I NearbyShared: at bxwn.d(:com.google.android.gms@244337026@24.43.37 (150800-693941914):1)
12-05 10:05:42.355 7846 7846 I NearbyShared: at bxwn.b(:com.google.android.gms@244337026@24.43.37 (150800-693941914):1)
12-05 10:05:42.355 7846 7846 I NearbyShared: at bxwn.c(:com.google.android.gms@244337026@24.43.37 (150800-693941914):7)
12-05 10:05:42.355 7846 7846 I NearbyShared: at calf.(:com.google.android.gms@244337026@24.43.37 (150800-693941914):142)
12-05 10:05:42.355 7846 7846 I NearbyShared: at byug.a(:com.google.android.gms@244337026@24.43.37 (150800-693941914):749)
12-05 10:05:42.355 7846 7846 I NearbyShared: at bxwn.i(:com.google.android.gms@244337026@24.43.37 (150800-693941914):37)
12-05 10:05:42.355 7846 7846 I NearbyShared: at bxwn.d(:com.google.android.gms@244337026@24.43.37 (150800-693941914):1)
12-05 10:05:42.355 7846 7846 I NearbyShared: at bxwn.b(:com.google.android.gms@244337026@24.43.37 (150800-693941914):1)
12-05 10:05:42.355 7846 7846 I NearbyShared: at bxwn.c(:com.google.android.gms@244337026@24.43.37 (150800-693941914):7)
12-05 10:05:42.355 7846 7846 I NearbyShared: at com.google.android.gms.nearby.discovery.service.DiscoveryChimeraService.onCreate(:com.google.android.gms@244337026@24.43.37 (150800-693941914):44)
12-05 10:05:42.355 7846 7846 I NearbyShared: at nor.onCreate(:com.google.android.gms@244337026@24.43.37 (150800-693941914):18)
12-05 10:05:42.355 7846 7846 I NearbyShared: at aijh.onCreate(:com.google.android.gms@244337026@24.43.37 (150800-693941914):16)
12-05 10:05:42.355 7846 7846 I NearbyShared: at android.app.ActivityThread.handleCreateService(ActivityThread.java:4554)
12-05 10:05:42.355 7846 7846 I NearbyShared: at android.app.ActivityThread.access$1700(ActivityThread.java:256)
12-05 10:05:42.355 7846 7846 I NearbyShared: at android.app.ActivityThread$H.handleMessage(ActivityThread.java:2110)
12-05 10:05:42.355 7846 7846 I NearbyShared: at android.os.Handler.dispatchMessage(Handler.java:106)
12-05 10:05:42.355 7846 7846 I NearbyShared: at android.os.Looper.loopOnce(Looper.java:201)
12-05 10:05:42.355 7846 7846 I NearbyShared: at android.os.Looper.loop(Looper.java:288)
12-05 10:05:42.355 7846 7846 I NearbyShared: at android.app.ActivityThread.main(ActivityThread.java:7870)
12-05 10:05:42.355 7846 7846 I NearbyShared: at java.lang.reflect.Method.invoke(Native Method)
12-05 10:05:42.355 7846 7846 I NearbyShared: at com.android.internal.os.RuntimeInit$MethodAndArgsCaller.run(RuntimeInit.java:548)
12-05 10:05:42.355 7846 7846 I NearbyShared: at com.android.internal.os.ZygoteInit.main(ZygoteInit.java:1003)
12-05 10:05:42.362 7846 7897 W NearbySharing: No supported accounts found.
12-05 10:05:42.390 8235 8235 V GraphicsEnvironment: ANGLE Developer option for 'com.google.android.cellbroadcastreceiver' set to: 'default'
12-05 10:05:42.394 8235 8235 V GraphicsEnvironment: ANGLE GameManagerService for com.google.android.cellbroadcastreceiver: false
12-05 10:05:42.396 8235 8235 V GraphicsEnvironment: Neither updatable production driver nor prerelease driver is supported.
12-05 10:05:42.399 7846 8069 I NearbyFastPair: DynamicSupportModule: onSupportStateUpdate start [CONTEXT service_id=265 ]
12-05 10:05:42.401 8235 8235 D NetworkSecurityConfig: No Network Security Config specified, using platform default
12-05 10:05:42.403 8235 8235 D NetworkSecurityConfig: No Network Security Config specified, using platform default
12-05 10:05:42.405 7846 8106 W SystemServiceRegistry: No service published for: wifirtt
12-05 10:05:42.411 7846 8062 I MagicTether: [TetherService] Stopping Nearby client role [CONTEXT service_id=276 ]
12-05 10:05:42.413 7846 8062 I MagicTether: [ClientTetherRole] Client role already stopped [CONTEXT service_id=276 ]
12-05 10:05:42.416 7846 7897 I NearbySharing: There is no account metadata, return default instance.
12-05 10:05:42.426 8235 8235 D CellBroadcastReceiver: onReceive Intent { act=android.intent.action.LOCALE_CHANGED flg=0x11200010 cmp=com.google.android.cellbroadcastreceiver/com.android.cellbroadcastreceiver.CellBroadcastReceiver }
12-05 10:05:42.441 7800 7947 I Icing : Indexing com.google.android.gms-contacts_contact_id from com.google.android.gms
12-05 10:05:42.452 7846 8230 I NearbyDiscovery: FastPairController: register location ble observer [CONTEXT service_id=265 ]
12-05 10:05:42.453 7846 8113 I AlarmManager: set [name: SystemMemoryCache type: 2 triggerAtMillis: 315360506722 windowMillis: -1 intervalMillis: 0]
12-05 10:05:42.463 7846 8069 I NearbyFastPair: DynamicSupportModule: onSupportStateUpdate end [CONTEXT service_id=265 ]
12-05 10:05:42.474 563 2751 D CompatibilityChangeReporter: Compat change id reported: 135634846; UID 10115; state: DISABLED
12-05 10:05:42.476 563 2751 D CompatibilityChangeReporter: Compat change id reported: 177438394; UID 10115; state: DISABLED
12-05 10:05:42.478 563 2751 D CompatibilityChangeReporter: Compat change id reported: 135772972; UID 10115; state: DISABLED
12-05 10:05:42.480 563 2751 D CompatibilityChangeReporter: Compat change id reported: 135754954; UID 10115; state: ENABLED
12-05 10:05:42.482 563 633 D CompatibilityChangeReporter: Compat change id reported: 143937733; UID 10115; state: ENABLED
12-05 10:05:42.488 7846 8069 I NearbyFastPair: DynamicSupportModule: onSupportStateUpdate start [CONTEXT service_id=265 ]
12-05 10:05:42.496 7846 8069 I NearbyFastPair: DynamicSupportModule: onSupportStateUpdate end [CONTEXT service_id=265 ]
12-05 10:05:42.502 332 332 D Zygote : Forked child process 8260
12-05 10:05:42.511 563 633 I ActivityManager: Start proc 8260:com.google.android.deskclock/u0a115 for broadcast {com.google.android.deskclock/com.android.deskclock.AlarmInitReceiver}
12-05 10:05:42.514 7846 7846 I NearbyDiscovery: DiscoveryService onStartCommand action: com.google.android.gms.nearby.discovery:ACTION_PERMISSION_CHANGE [CONTEXT service_id=265 ]
12-05 10:05:42.519 8260 8260 I Zygote : seccomp disabled by setenforce 0
12-05 10:05:42.521 7846 8107 I NearbyPresence: cdtv verified [!=] new request BroadcastEngineRequest: does not equal to the old request BroadcastEngineRequest: [CONTEXT service_id=317 ]
12-05 10:05:42.521 7846 7897 I NearbySharing: There is no account metadata, return default instance.
12-05 10:05:42.524 7846 8230 I NearbyDiscovery: FastPairScanner: isScreenOn=true, isLocationEnabled=true, disableLocationRequirement=true, isDiscoveryScanningEnabled=false, during24GhzWifiWarmingUpPeriod=false [CONTEXT service_id=265 ]
12-05 10:05:42.526 7846 7897 I NearbySharing: There is no account metadata, return default instance.
12-05 10:05:42.528 7846 7897 W NearbySharing: Cannot set visibility on DisabledNearbySharingProvider.
12-05 10:05:42.534 7846 7897 I NearbySharing: Not qualified for default opt-in. Multiple accounts are found.
12-05 10:05:42.543 8260 8260 W droid.deskcloc: Unexpected CPU variant for X86 using defaults: x86_64
12-05 10:05:42.547 408 481 I adbd : jdwp connection from 8260
12-05 10:05:42.548 7846 7897 I NearbySharing: Broadcasting NearbySharing state change.
12-05 10:05:42.548 7846 7884 I Nearby : is blocked device type false, isAuto=false, isIot=false, isLatchsky=false, isChinaWearable=false, isTv=false, isWearable=false (supportWearOs=false), isChromeOsDevice=false (supportChromeOs=false) [CONTEXT service_id=49 ]
12-05 10:05:42.575 563 1008 D CompatibilityChangeReporter: Compat change id reported: 168419799; UID 10115; state: DISABLED
12-05 10:05:42.585 8260 8260 D CompatibilityChangeReporter: Compat change id reported: 171979766; UID 10115; state: ENABLED
12-05 10:05:42.602 8260 8260 D nativeloader: classloader namespace configured for unbundled product apk. library_path=/product/app/PrebuiltDeskClockGoogle/lib/x86_64:/product/lib64:/system/product/lib64
12-05 10:05:42.602 7800 7800 D BoundBrokerSvc: onUnbind: Intent { act=com.google.android.gms.people.service.START pkg=com.google.android.gms }
12-05 10:05:42.605 7846 8230 D BluetoothAdapter: isLeEnabled(): ON
12-05 10:05:42.609 7846 8230 I NearbyDiscovery: FastPairScanner: eventType=SERVICE_INITIALIZE, intReq=false, scanning=false, scanAllowed=false, bleEnabled=true, lockScanRate=false, startScanningByLowPowerMode=false [CONTEXT service_id=265 ]
12-05 10:05:42.613 7800 7947 I Icing : Indexing done com.google.android.gms-contacts_contact_id
12-05 10:05:42.620 7846 7897 I NearbySharing: Screen is unlocked
12-05 10:05:42.622 8260 8260 V GraphicsEnvironment: ANGLE Developer option for 'com.google.android.deskclock' set to: 'default'
12-05 10:05:42.628 8260 8260 V GraphicsEnvironment: ANGLE GameManagerService for com.google.android.deskclock: false
12-05 10:05:42.629 8260 8260 V GraphicsEnvironment: Neither updatable production driver nor prerelease driver is supported.
12-05 10:05:42.635 563 794 D ConnectivityService: NetReassign [no changes]
12-05 10:05:42.640 8260 8260 D NetworkSecurityConfig: No Network Security Config specified, using platform default
12-05 10:05:42.642 8260 8260 D NetworkSecurityConfig: No Network Security Config specified, using platform default
12-05 10:05:42.649 8260 8260 D AlarmClock: ClockSliceProvider: Creating slice provider. Granting read permissions to packages.
12-05 10:05:42.680 7846 8097 I NearbyPresence: NetworkMonitorImpl onAvailable 100 [CONTEXT service_id=317 ]
12-05 10:05:42.680 7846 8107 I NearbyPresence: NetworkMonitorImpl started. [CONTEXT service_id=317 ]
12-05 10:05:42.680 7846 8222 I Nearby : is blocked device type false, isAuto=false, isIot=false, isLatchsky=false, isChinaWearable=false, isTv=false, isWearable=false (supportWearOs=false), isChromeOsDevice=false (supportChromeOs=false) [CONTEXT service_id=49 ]
12-05 10:05:42.691 7800 7947 I Icing : Indexing com.google.android.gms-emails_data_id from com.google.android.gms
12-05 10:05:42.702 8260 8260 D PrimesApiImpl: Primes instant initialization
12-05 10:05:42.711 7846 8088 I FontLog : Received query Google Sans, URI content://com.google.android.gms.fonts [CONTEXT service_id=132 ]
12-05 10:05:42.714 7800 7947 I Icing : Indexing done com.google.android.gms-emails_data_id
12-05 10:05:42.715 7800 7947 I Icing : Indexing com.google.android.gms-apps from com.google.android.gms
12-05 10:05:42.716 7846 7861 W .gms.persisten: Suspending all threads took: 40.720ms
12-05 10:05:42.723 8260 8285 I GAv4 : Google Analytics 214.0.10 is starting up. To enable debug logging on a device run:
12-05 10:05:42.723 8260 8285 I GAv4 : adb shell setprop log.tag.GAv4 DEBUG
12-05 10:05:42.723 8260 8285 I GAv4 : adb logcat -s GAv4
12-05 10:05:42.730 7846 8088 I FontLog : Query [Google Sans] resolved to {Google Sans, wdth 100.0, wght 400, ital 0.0, bestEffort false} [CONTEXT service_id=132 ]
12-05 10:05:42.739 8260 8260 I AlarmClock: AlarmInitReceiver android.intent.action.LOCALE_CHANGED
12-05 10:05:42.743 7846 8097 I NearbyPresence: NetworkMonitorImpl onLinkPropertiesChanged 100 [CONTEXT service_id=317 ]
12-05 10:05:42.747 7846 7897 I NearbySharing: Location is enabled
12-05 10:05:42.747 7846 7897 I NearbySharing: Uwb feature is off.
12-05 10:05:42.747 7846 7897 I NearbySharing: Stopping scanning because Bluetooth is disabled.
12-05 10:05:42.776 7846 8088 I FontLog : Font PFD returned from cache for {Google Sans, wdth 100.0, wght 400, ital 0.0, bestEffort false} [CONTEXT service_id=132 ]
12-05 10:05:42.776 7846 8088 I FontLog : Fetch {Google Sans, wdth 100.0, wght 400, ital 0.0, bestEffort false} end status Status{statusCode=SUCCESS, resolution=null} [CONTEXT service_id=132 ]
12-05 10:05:42.782 7846 8230 I NearbyDiscovery: FastPair: HeadsetPieceImage, grant permission files:0 [CONTEXT service_id=265 ]
12-05 10:05:42.782 7846 8230 I NearbyDiscovery: FastPairController: initializeProfileConnectionState: set event stream listener [CONTEXT service_id=265 ]
12-05 10:05:42.782 5170 5170 I DialerNotificationChannelUpdateReceiver: com.android.dialer.notification.channel.NotificationChannelUpdateReceiver.onReceive:51 Updating notification channels
12-05 10:05:42.794 7846 7898 I NearbySharing: A new client has bound to the NearbySharingService ClientBridge for calling package com.google.android.gms and PID 7846
12-05 10:05:42.802 7846 8107 I NearbyPresence: Scheduled Presence server sync periodic task with period 72000 seconds. [CONTEXT service_id=317 ]
12-05 10:05:42.803 7846 8107 I NearbyPresence: cdtv verified [==] new request BroadcastEngineRequest: equals to the old request [CONTEXT service_id=317 ]
12-05 10:05:42.842 8260 8285 D CompatibilityChangeReporter: Compat change id reported: 160794467; UID 10115; state: ENABLED
12-05 10:05:42.848 7846 7897 I NearbySharing: Stopping Fast Init advertisement because Bluetooth is off.
12-05 10:05:42.848 7846 7897 I NearbySharing: Stopping advertising because Bluetooth is disabled.
12-05 10:05:42.853 8260 8291 W GAv4 : AnalyticsReceiver is not registered or is disabled. Register the receiver for reliable dispatching on non-Google Play devices. See http://goo.gl/8Rd3yj for instructions.
12-05 10:05:42.860 8260 8291 W GAv4 : CampaignTrackingReceiver is not registered, not exported or is disabled. Installation campaign tracking is not possible. See http://goo.gl/8Rd3yj for instructions.
12-05 10:05:42.864 8260 8291 W GAv4 : AnalyticsService not registered in the app manifest. Hits might not be delivered reliably. See http://goo.gl/8Rd3yj for instructions.
12-05 10:05:42.887 7846 7897 I NearbySharing: There is no account metadata, return default instance.
12-05 10:05:42.889 7800 7947 I Icing : Using regular flags by method 2
12-05 10:05:42.901 7846 8075 I ActivityScheduler: nextTriggerTime: 742512, in 235300ms, detectorType: 39, FULL_TYPE alarmWindowMillis: 30000
12-05 10:05:42.908 7846 7846 I MagicTether: [AutoDisconnectIntentOperation] Canceling task. [CONTEXT service_id=276 ]
12-05 10:05:42.918 7846 7846 D BoundBrokerSvc: onBind: Intent { act=com.google.android.gms.time.trustedtime.singleuserapi.service.START dat=chimera-action: cmp=com.google.android.gms/.chimera.PersistentSingleUserInternalApiService }
12-05 10:05:42.918 7846 7846 D BoundBrokerSvc: Loading bound service for intent: Intent { act=com.google.android.gms.time.trustedtime.singleuserapi.service.START dat=chimera-action: cmp=com.google.android.gms/.chimera.PersistentSingleUserInternalApiService }
12-05 10:05:42.933 7846 8104 I WearableLocationShim: paired wearable location unsupported - wearable APIs unavailable [CONTEXT service_id=6 ]
12-05 10:05:42.941 7846 7846 I NearbyDiscovery: DiscoveryService onStartCommand action: com.google.android.gms.nearby.discovery:ACTION_PERMISSION_CHANGE [CONTEXT service_id=265 ]
12-05 10:05:42.947 7846 8113 I Nearby : is blocked device type false, isAuto=false, isIot=false, isLatchsky=false, isChinaWearable=false, isTv=false, isWearable=false (supportWearOs=false), isChromeOsDevice=false (supportChromeOs=false) [CONTEXT service_id=49 ]
12-05 10:05:42.956 7846 8222 I MagicTether: [AutoDisconnectIntentOperation] Canceling task. [CONTEXT service_id=276 ]
12-05 10:05:42.964 563 1008 I Telecom : PhoneAccountRegistrar: getSimCallManager: SimCallManager for subId 1 queried, returning: null: TSI.gDOPA@AOk
12-05 10:05:42.974 7993 8024 I BugleRcsEngine: [602] aotd.l: Reinitialize CSLib Flags: com.google.android.ims.library
12-05 10:05:42.975 563 1749 D CompatibilityChangeReporter: Compat change id reported: 183407956; UID 10101; state: ENABLED
12-05 10:05:42.981 7846 8103 E GCM : Missing checkin config file
12-05 10:05:42.981 7846 8103 W GCM : GCM FAILED TO INITIALIZE - missing checkin
12-05 10:05:43.000 7993 8024 I Bugle : RcsAvailabilityUtilForProvisioningEngineV2: updateAvailabilityAsync, hint: NO_HINT
12-05 10:05:43.000 7846 8222 I MagicTether: [AutoDisconnectIntentOperation] Canceling task. [CONTEXT service_id=276 ]
12-05 10:05:43.005 8132 8206 W ndroid.calenda: Long monitor contention with owner BACKGROUND_1 (8207) at java.lang.String cal.syh.b()(PG:28) waiters=0 in java.lang.String cal.syh.b() for 1.013s
12-05 10:05:43.027 7846 8088 I FontLog : Pulling font file for id = 3, cache size = 3 [CONTEXT service_id=132 ]
12-05 10:05:43.047 7846 7897 I NearbySharing: Fast Initiation Scanning has stopped
12-05 10:05:43.047 7846 7897 I NearbySharing: Stopping FastInitiation scanning because Bluetooth is disabled.
12-05 10:05:43.048 7846 7897 I NearbySharing: Dismissing HUN as there's no device nearby.
12-05 10:05:43.081 7846 8230 I Nearby : is blocked device type false, isAuto=false, isIot=false, isLatchsky=false, isChinaWearable=false, isTv=false, isWearable=false (supportWearOs=false), isChromeOsDevice=false (supportChromeOs=false) [CONTEXT service_id=49 ]
12-05 10:05:43.093 7846 8230 I NearbyDiscovery: DiscoveryController, showNotification, itemSize=0 [CONTEXT service_id=265 ]
12-05 10:05:43.094 7846 8230 I NearbyDiscovery: Show notifications: 0 total, no changes since last shown, no-op. [CONTEXT service_id=265 ]
12-05 10:05:43.096 7846 8230 I NearbyDiscovery: FastPairHandler: Received action android.net.wifi.STATE_CHANGE [CONTEXT service_id=265 ]
12-05 10:05:43.102 7993 8024 I BugleRcsEngine: [602] aotd.l: Reinitialize CSLib Flags: com.google.android.ims.library
12-05 10:05:43.104 7846 8230 I NearbyDiscovery: FastPairHandler: Received action android.net.conn.CONNECTIVITY_CHANGE [CONTEXT service_id=265 ]
12-05 10:05:43.107 7846 7897 I NearbySharing: Bluetooth is enabled
12-05 10:05:43.107 7846 7897 I NearbySharing: Uwb feature is off.
