12-05 10:06:21.626 563 563 I ExplicitHealthCheckController: Service not ready to get health check supported packages. Binding...
12-05 10:06:21.636 563 563 I ExplicitHealthCheckController: Explicit health check service is bound
12-05 10:06:21.640 563 563 I ExplicitHealthCheckController: Explicit health check service is connected ComponentInfo{com.google.android.ext.services/android.ext.services.watchdog.ExplicitHealthCheckServiceImpl}
12-05 10:06:21.644 563 563 I ExplicitHealthCheckController: Service initialized, syncing requests
12-05 10:06:21.646 563 563 I PackageWatchdog: Syncing health check requests for packages: {}
12-05 10:06:21.648 563 563 D ExplicitHealthCheckController: Getting health check supported packages
12-05 10:06:21.650 563 962 I ExplicitHealthCheckController: Explicit health check supported packages [PackageConfig{com.google.android.networkstack, 86400000}]
12-05 10:06:21.652 563 962 D PackageWatchdog: Received supported packages [PackageConfig{com.google.android.networkstack, 86400000}]
12-05 10:06:21.653 563 962 D ExplicitHealthCheckController: Getting health check requested packages
12-05 10:06:21.655 563 1031 I ExplicitHealthCheckController: Explicit health check requested packages []
12-05 10:06:21.657 563 1031 I ExplicitHealthCheckController: No more health check requests, unbinding...
12-05 10:06:21.662 563 1031 I ExplicitHealthCheckController: Explicit health check service is unbound
12-05 10:06:21.704 563 962 I RescueParty: Starting to observe: [com.google.android.apps.nexuslauncher], updated namespace: launcher
12-05 10:06:21.705 563 631 I PackageWatchdog: Syncing state, reason: observing new packages
12-05 10:06:21.706 563 631 D PackageWatchdog: rescue-party-observer added the following packages to monitor [com.google.android.apps.nexuslauncher]
12-05 10:06:21.706 563 631 I PackageWatchdog: Syncing state, reason: updated observers
12-05 10:06:21.706 563 631 I PackageWatchdog: Not pruning observers, elapsed time: 0ms
12-05 10:06:21.706 563 631 I PackageWatchdog: Saving observer state to file
12-05 10:06:21.710 563 563 I PackageWatchdog: Syncing health check requests for packages: {}
12-05 10:06:21.714 563 563 I ExplicitHealthCheckController: Service not ready to get health check supported packages. Binding...
12-05 10:06:21.721 563 563 I ExplicitHealthCheckController: Explicit health check service is bound
12-05 10:06:21.724 563 563 I ExplicitHealthCheckController: Explicit health check service is connected ComponentInfo{com.google.android.ext.services/android.ext.services.watchdog.ExplicitHealthCheckServiceImpl}
12-05 10:06:21.726 563 563 I ExplicitHealthCheckController: Service initialized, syncing requests
12-05 10:06:21.726 9257 9257 I dex2oat64: Explicit concurrent copying GC freed 70345(13MB) AllocSpace objects, 5(84KB) LOS objects, 31% free, 13MB/19MB, paused 10us,10us total 135.619ms
12-05 10:06:21.728 563 563 I PackageWatchdog: Syncing health check requests for packages: {}
12-05 10:06:21.730 563 563 D ExplicitHealthCheckController: Getting health check supported packages
12-05 10:06:21.733 563 962 I ExplicitHealthCheckController: Explicit health check supported packages [PackageConfig{com.google.android.networkstack, 86400000}]
12-05 10:06:21.734 563 962 D PackageWatchdog: Received supported packages [PackageConfig{com.google.android.networkstack, 86400000}]
12-05 10:06:21.735 563 962 D ExplicitHealthCheckController: Getting health check requested packages
12-05 10:06:21.737 563 1031 I ExplicitHealthCheckController: Explicit health check requested packages []
12-05 10:06:21.738 563 1031 I ExplicitHealthCheckController: No more health check requests, unbinding...
12-05 10:06:21.743 563 1031 I ExplicitHealthCheckController: Explicit health check service is unbound
12-05 10:06:21.755 563 1031 I RescueParty: Starting to observe: [android], updated namespace: configuration
12-05 10:06:21.756 563 631 I PackageWatchdog: Syncing state, reason: observing new packages
12-05 10:06:21.756 563 631 D PackageWatchdog: rescue-party-observer added the following packages to monitor [android]
12-05 10:06:21.756 563 631 I PackageWatchdog: Syncing state, reason: updated observers
12-05 10:06:21.756 563 631 I PackageWatchdog: Not pruning observers, elapsed time: 0ms
12-05 10:06:21.756 563 631 I PackageWatchdog: Saving observer state to file
12-05 10:06:21.761 563 563 I PackageWatchdog: Syncing health check requests for packages: {}
12-05 10:06:21.761 563 563 I ExplicitHealthCheckController: Service not ready to get health check supported packages. Binding...
12-05 10:06:21.765 563 901 E SettingsToPropertiesMapper: adservices/disable_sdk_sandbox,adservices/enforce_broadcast_receiver_restrictions,adservices/fledge_ad_selection_enforce_foreground_status_custom_audience,adservices/fledge_custom_audience_max_count,adservices/fledge_custom_audience_max_num_ads,adservices/fledge_custom_audience_max_owner_count,adservices/fledge_custom_audience_per_app_max_count,adservices/fledge_js_isolate_enforce_max_heap_size,adservices/fledge_js_isolate_max_heap_size_bytes,adservices/sdk_request_permits_per_second,adservices/sdksandbox_customized_sdk_context_enabled,configuration/namespace_to_package_mapping,constrain_display_apis/always_constrain_display_apis,constrain_display_apis/never_constrain_display_apis,constrain_display_apis/never_constrain_display_apis_all_packages,device_policy_manager/disable_resources_updatability,flipendo/default_savings_mode_launch,flipendo/essential_apps,flipendo/flipendo_enabled_launch,flipendo/grayscale_enabled_launch,flipendo/lever_ble_scanning_enabled_launch,flipendo/lever_hotspot_enabled_launch,flipendo/lever_work_profile_enabled_launch,flipendo/resuspend_delay_minutes,namespace/key,namespace1/key1,namespace1/key2,namespace2/key1,namespace2/key2,package_manager_service/incfs_default_timeouts,package_manager_service/known_digesters_list,privacy/location_access_check_periodic_interval_millis,rollback/enable_rollback_timeout,rollback/watchdog_explicit_health_check_enabled,rollback/watchdog_request_timeout_millis,rollback/watchdog_trigger_failure_count,rollback/watchdog_trigger_failure_duration_millis,rollback_boot/rollback_lifetime_in_millis,systemui/nas_generate_actions,systemui/nas_generate_replies,systemui/nas_max_messages_to_extract,systemui/nas_max_suggestions,testspace/another,testspace/flagname,textclassifier/config_updater_model_enabled,textclassifier/key,textclassifier/key2,textclassifier/manifest_url_annotator_en,textclassifier/manifest_url_annotator_ru,textclassifier/model_download_backoff_delay_in_millis,textclassifier/model_download_manager_enabled,textclassifier/multi_language_support_enabled,textclassifier/testing_locale_list_override,textclassifier/textclassifier_service_package_override,window_manager/enable_default_rescind_bal_privileges_from_pending_intent_sender,wrong/nas_generate_replies, exceeds system property max length.
12-05 10:06:21.771 563 632 I DropBoxManagerService: add tag=system_server_wtf isTagEnabled=true flags=0x2
12-05 10:06:21.778 563 563 I ExplicitHealthCheckController: Explicit health check service is bound
12-05 10:06:21.782 563 563 I ExplicitHealthCheckController: Explicit health check service is connected ComponentInfo{com.google.android.ext.services/android.ext.services.watchdog.ExplicitHealthCheckServiceImpl}
12-05 10:06:21.784 563 563 I ExplicitHealthCheckController: Service initialized, syncing requests
12-05 10:06:21.803 563 563 D CompatibilityChangeReporter: Compat change id reported: 168419799; UID 10091; state: DISABLED
12-05 10:06:21.814 563 563 I PackageWatchdog: Syncing health check requests for packages: {}
12-05 10:06:21.815 563 563 D ExplicitHealthCheckController: Getting health check supported packages
12-05 10:06:21.819 563 1031 I ExplicitHealthCheckController: Explicit health check supported packages [PackageConfig{com.google.android.networkstack, 86400000}]
12-05 10:06:21.820 563 1031 D PackageWatchdog: Received supported packages [PackageConfig{com.google.android.networkstack, 86400000}]
12-05 10:06:21.822 563 1031 D ExplicitHealthCheckController: Getting health check requested packages
12-05 10:06:21.824 563 1031 I ExplicitHealthCheckController: Explicit health check requested packages []
12-05 10:06:21.825 563 1031 I ExplicitHealthCheckController: No more health check requests, unbinding...
12-05 10:06:21.832 563 1031 I ExplicitHealthCheckController: Explicit health check service is unbound
12-05 10:06:21.877 563 1031 I RescueParty: Starting to observe: [com.google.android.providers.media.module, android, com.google.android.as, com.google.android.permissioncontroller, com.google.android.networkstack, com.google.android.gms, com.google.android.gsf, com.google.android.apps.nexuslauncher, com.android.settings, com.google.android.settings.intelligence, com.google.android.apps.wallpaper, com.android.phone, com.android.systemui, com.android.bluetooth, com.android.providers.contacts], updated namespace: privacy
12-05 10:06:21.880 563 631 I PackageWatchdog: Syncing state, reason: observing new packages
12-05 10:06:21.880 563 631 D PackageWatchdog: rescue-party-observer added the following packages to monitor [com.google.android.providers.media.module, android, com.google.android.as, com.google.android.permissioncontroller, com.google.android.networkstack, com.google.android.gms, com.google.android.gsf, com.google.android.apps.nexuslauncher, com.android.settings, com.google.android.settings.intelligence, com.google.android.apps.wallpaper, com.android.phone, com.android.systemui, com.android.bluetooth, com.android.providers.contacts]
12-05 10:06:21.880 563 631 I PackageWatchdog: Syncing state, reason: updated observers
12-05 10:06:21.880 563 631 I PackageWatchdog: Saving observer state to file
12-05 10:06:21.894 7846 8918 D CompatibilityChangeReporter: Compat change id reported: 150939131; UID 10105; state: ENABLED
12-05 10:06:21.903 8495 8535 D CompatibilityChangeReporter: Compat change id reported: 150939131; UID 1000; state: ENABLED
12-05 10:06:21.910 563 563 I PackageWatchdog: Syncing health check requests for packages: {com.google.android.gsf, com.google.android.settings.intelligence, com.google.android.apps.wallpaper}
12-05 10:06:21.914 563 563 I ExplicitHealthCheckController: Service not ready to get health check supported packages. Binding...
12-05 10:06:21.925 563 563 I ExplicitHealthCheckController: Explicit health check service is bound
12-05 10:06:21.926 563 563 I ExplicitHealthCheckController: Explicit health check service is connected ComponentInfo{com.google.android.ext.services/android.ext.services.watchdog.ExplicitHealthCheckServiceImpl}
12-05 10:06:21.928 563 563 I ExplicitHealthCheckController: Service initialized, syncing requests
12-05 10:06:21.930 563 563 I PackageWatchdog: Syncing health check requests for packages: {com.google.android.gsf, com.google.android.settings.intelligence, com.google.android.apps.wallpaper}
12-05 10:06:21.932 563 563 D ExplicitHealthCheckController: Getting health check supported packages
12-05 10:06:21.935 563 2383 I ExplicitHealthCheckController: Explicit health check supported packages [PackageConfig{com.google.android.networkstack, 86400000}]
12-05 10:06:21.936 563 2383 D PackageWatchdog: Received supported packages [PackageConfig{com.google.android.networkstack, 86400000}]
12-05 10:06:21.938 563 2383 I PackageWatchdog: Updated health check state for package com.google.android.gsf: INACTIVE -> PASSED
12-05 10:06:21.939 563 2383 I PackageWatchdog: Updated health check state for package com.google.android.settings.intelligence: INACTIVE -> PASSED
12-05 10:06:21.940 563 2383 I PackageWatchdog: Updated health check state for package com.google.android.apps.wallpaper: INACTIVE -> PASSED
12-05 10:06:21.941 563 2383 I PackageWatchdog: Syncing state, reason: updated health check supported packages [PackageConfig{com.google.android.networkstack, 86400000}]
12-05 10:06:21.943 563 2383 D ExplicitHealthCheckController: Getting health check requested packages
12-05 10:06:21.944 563 631 I PackageWatchdog: Saving observer state to file
12-05 10:06:21.947 563 563 I PackageWatchdog: Syncing health check requests for packages: {}
12-05 10:06:21.949 563 1031 I ExplicitHealthCheckController: Explicit health check requested packages []
12-05 10:06:21.951 563 563 D ExplicitHealthCheckController: Getting health check supported packages
12-05 10:06:21.952 563 1031 I ExplicitHealthCheckController: No more health check requests, unbinding...
12-05 10:06:21.957 563 1031 I ExplicitHealthCheckController: Explicit health check service is unbound
12-05 10:06:21.970 563 2383 I ExplicitHealthCheckController: Explicit health check supported packages [PackageConfig{com.google.android.networkstack, 86400000}]
12-05 10:06:21.970 563 2383 D PackageWatchdog: Received supported packages [PackageConfig{com.google.android.networkstack, 86400000}]
12-05 10:06:21.971 563 2383 I ExplicitHealthCheckController: Service not ready to get health check requested packages. Binding...
12-05 10:06:21.984 563 563 I ExplicitHealthCheckController: Explicit health check service is connected ComponentInfo{com.google.android.ext.services/android.ext.services.watchdog.ExplicitHealthCheckServiceImpl}
12-05 10:06:21.987 563 2383 I ExplicitHealthCheckController: Explicit health check service is bound
12-05 10:06:21.989 563 563 I ExplicitHealthCheckController: Service initialized, syncing requests
12-05 10:06:21.990 563 563 I PackageWatchdog: Syncing health check requests for packages: {}
12-05 10:06:21.991 563 563 D ExplicitHealthCheckController: Getting health check supported packages
12-05 10:06:21.993 563 1031 I ExplicitHealthCheckController: Explicit health check supported packages [PackageConfig{com.google.android.networkstack, 86400000}]
12-05 10:06:21.994 563 1031 D PackageWatchdog: Received supported packages [PackageConfig{com.google.android.networkstack, 86400000}]
12-05 10:06:21.995 563 1031 D ExplicitHealthCheckController: Getting health check requested packages
12-05 10:06:21.997 563 1830 I ExplicitHealthCheckController: Explicit health check requested packages []
12-05 10:06:21.997 563 1830 I ExplicitHealthCheckController: No more health check requests, unbinding...
12-05 10:06:22.004 563 1830 I ExplicitHealthCheckController: Explicit health check service is unbound
12-05 10:06:22.023 352 352 W RanchuHwc: validateDisplay: layer 31 CompositionType 1, fallback
12-05 10:06:22.038 352 352 W RanchuHwc: presentDisplay display has no layers to compose, flushing client target buffer.
12-05 10:06:22.134 563 2383 I RescueParty: Starting to observe: [android, com.google.android.as, com.android.systemui], updated namespace: systemui
12-05 10:06:22.139 563 631 I PackageWatchdog: Syncing state, reason: observing new packages
12-05 10:06:22.140 563 631 D PackageWatchdog: rescue-party-observer added the following packages to monitor [android, com.google.android.as, com.android.systemui]
12-05 10:06:22.140 563 631 I PackageWatchdog: Syncing state, reason: updated observers
12-05 10:06:22.140 563 631 I PackageWatchdog: Not pruning observers, elapsed time: 0ms
12-05 10:06:22.140 563 631 I PackageWatchdog: Saving observer state to file
12-05 10:06:22.144 563 563 I PackageWatchdog: Syncing health check requests for packages: {}
12-05 10:06:22.145 563 563 I ExplicitHealthCheckController: Service not ready to get health check supported packages. Binding...
12-05 10:06:22.152 563 563 I ExplicitHealthCheckController: Explicit health check service is bound
12-05 10:06:22.160 563 563 I ExplicitHealthCheckController: Explicit health check service is connected ComponentInfo{com.google.android.ext.services/android.ext.services.watchdog.ExplicitHealthCheckServiceImpl}
12-05 10:06:22.162 563 563 I ExplicitHealthCheckController: Service initialized, syncing requests
12-05 10:06:22.164 563 563 I PackageWatchdog: Syncing health check requests for packages: {}
12-05 10:06:22.164 563 563 D ExplicitHealthCheckController: Getting health check supported packages
12-05 10:06:22.168 563 1031 I ExplicitHealthCheckController: Explicit health check supported packages [PackageConfig{com.google.android.networkstack, 86400000}]
12-05 10:06:22.170 563 1031 D PackageWatchdog: Received supported packages [PackageConfig{com.google.android.networkstack, 86400000}]
12-05 10:06:22.171 563 1031 D ExplicitHealthCheckController: Getting health check requested packages
12-05 10:06:22.173 563 1830 I ExplicitHealthCheckController: Explicit health check requested packages []
12-05 10:06:22.174 563 1830 I ExplicitHealthCheckController: No more health check requests, unbinding...
12-05 10:06:22.179 563 1830 I ExplicitHealthCheckController: Explicit health check service is unbound
12-05 10:06:22.181 868 868 D NavigationModeController: getCurrentUserContext: contextUser=0 currentUser=0
12-05 10:06:22.196 563 2383 I RescueParty: Starting to observe: [android], updated namespace: media
12-05 10:06:22.198 563 631 I PackageWatchdog: Syncing state, reason: observing new packages
12-05 10:06:22.198 563 631 D PackageWatchdog: rescue-party-observer added the following packages to monitor [android]
12-05 10:06:22.198 563 631 I PackageWatchdog: Syncing state, reason: updated observers
12-05 10:06:22.198 563 631 I PackageWatchdog: Not pruning observers, elapsed time: 0ms
12-05 10:06:22.198 563 631 I PackageWatchdog: Saving observer state to file
12-05 10:06:22.204 563 563 I PackageWatchdog: Syncing health check requests for packages: {}
12-05 10:06:22.206 563 563 I ExplicitHealthCheckController: Service not ready to get health check supported packages. Binding...
12-05 10:06:22.213 563 563 I ExplicitHealthCheckController: Explicit health check service is bound
12-05 10:06:22.219 563 563 I ExplicitHealthCheckController: Explicit health check service is connected ComponentInfo{com.google.android.ext.services/android.ext.services.watchdog.ExplicitHealthCheckServiceImpl}
12-05 10:06:22.223 563 563 I ExplicitHealthCheckController: Service initialized, syncing requests
12-05 10:06:22.227 9257 9257 I dex2oat64: Explicit concurrent copying GC freed 38623(6417KB) AllocSpace objects, 0(0B) LOS objects, 46% free, 7150KB/12MB, paused 11us,12us total 104.614ms
12-05 10:06:22.230 563 563 I PackageWatchdog: Syncing health check requests for packages: {}
12-05 10:06:22.231 563 563 D ExplicitHealthCheckController: Getting health check supported packages
12-05 10:06:22.234 563 2383 I ExplicitHealthCheckController: Explicit health check supported packages [PackageConfig{com.google.android.networkstack, 86400000}]
12-05 10:06:22.238 563 2383 D PackageWatchdog: Received supported packages [PackageConfig{com.google.android.networkstack, 86400000}]
12-05 10:06:22.240 563 2383 D ExplicitHealthCheckController: Getting health check requested packages
12-05 10:06:22.249 563 1031 I ExplicitHealthCheckController: Explicit health check requested packages []
12-05 10:06:22.250 563 1031 I ExplicitHealthCheckController: No more health check requests, unbinding...
12-05 10:06:22.255 563 1031 I ExplicitHealthCheckController: Explicit health check service is unbound
12-05 10:06:22.267 7846 9120 I PlatformConfigurator: updateFromConfigurations using legacy put method [CONTEXT service_id=204 ]
12-05 10:06:22.332 563 2383 I RescueParty: Starting to observe: [android, com.google.android.permissioncontroller, com.android.settings], updated namespace: app_hibernation
12-05 10:06:22.332 563 631 I PackageWatchdog: Syncing state, reason: observing new packages
12-05 10:06:22.333 563 631 D PackageWatchdog: rescue-party-observer added the following packages to monitor [android, com.google.android.permissioncontroller, com.android.settings]
12-05 10:06:22.333 563 631 I PackageWatchdog: Syncing state, reason: updated observers
12-05 10:06:22.333 563 631 I PackageWatchdog: Not pruning observers, elapsed time: 0ms
12-05 10:06:22.333 563 631 I PackageWatchdog: Saving observer state to file
12-05 10:06:22.338 563 563 I PackageWatchdog: Syncing health check requests for packages: {}
12-05 10:06:22.338 563 563 I ExplicitHealthCheckController: Service not ready to get health check supported packages. Binding...
12-05 10:06:22.356 563 563 I ExplicitHealthCheckController: Explicit health check service is bound
12-05 10:06:22.365 563 563 I PackageWatchdog: Syncing health check requests for packages: {}
12-05 10:06:22.365 563 563 I ExplicitHealthCheckController: Service not ready to get health check supported packages. Binding...
12-05 10:06:22.368 563 563 I ExplicitHealthCheckController: Not binding to service, service already connecting
12-05 10:06:22.371 563 563 I ExplicitHealthCheckController: Explicit health check service is connected ComponentInfo{com.google.android.ext.services/android.ext.services.watchdog.ExplicitHealthCheckServiceImpl}
12-05 10:06:22.373 563 563 I ExplicitHealthCheckController: Service initialized, syncing requests
12-05 10:06:22.373 563 563 I PackageWatchdog: Syncing health check requests for packages: {}
12-05 10:06:22.373 563 563 D ExplicitHealthCheckController: Getting health check supported packages
12-05 10:06:22.376 563 1031 I ExplicitHealthCheckController: Explicit health check supported packages [PackageConfig{com.google.android.networkstack, 86400000}]
12-05 10:06:22.376 563 1031 D PackageWatchdog: Received supported packages [PackageConfig{com.google.android.networkstack, 86400000}]
12-05 10:06:22.377 563 1031 D ExplicitHealthCheckController: Getting health check requested packages
12-05 10:06:22.379 563 2383 I ExplicitHealthCheckController: Explicit health check requested packages []
12-05 10:06:22.380 563 2383 I ExplicitHealthCheckController: No more health check requests, unbinding...
12-05 10:06:22.384 563 2383 I ExplicitHealthCheckController: Explicit health check service is unbound
12-05 10:06:22.469 563 1031 I RescueParty: Starting to observe: [android, com.android.systemui], updated namespace: window_manager
12-05 10:06:22.469 563 631 I PackageWatchdog: Syncing state, reason: observing new packages
12-05 10:06:22.471 563 631 D PackageWatchdog: rescue-party-observer added the following packages to monitor [android, com.android.systemui]
12-05 10:06:22.471 563 631 I PackageWatchdog: Syncing state, reason: updated observers
12-05 10:06:22.471 563 631 I PackageWatchdog: Not pruning observers, elapsed time: 0ms
12-05 10:06:22.471 563 631 I PackageWatchdog: Saving observer state to file
12-05 10:06:22.475 563 563 I PackageWatchdog: Syncing health check requests for packages: {}
12-05 10:06:22.475 563 563 I ExplicitHealthCheckController: Service not ready to get health check supported packages. Binding...
12-05 10:06:22.483 563 563 I ExplicitHealthCheckController: Explicit health check service is bound
12-05 10:06:22.493 563 563 I ExplicitHealthCheckController: Explicit health check service is connected ComponentInfo{com.google.android.ext.services/android.ext.services.watchdog.ExplicitHealthCheckServiceImpl}
12-05 10:06:22.493 563 563 I ExplicitHealthCheckController: Service initialized, syncing requests
12-05 10:06:22.493 563 563 I PackageWatchdog: Syncing health check requests for packages: {}
12-05 10:06:22.493 563 563 D ExplicitHealthCheckController: Getting health check supported packages
12-05 10:06:22.501 563 2383 I ExplicitHealthCheckController: Explicit health check supported packages [PackageConfig{com.google.android.networkstack, 86400000}]
12-05 10:06:22.501 563 2383 D PackageWatchdog: Received supported packages [PackageConfig{com.google.android.networkstack, 86400000}]
12-05 10:06:22.501 563 2383 D ExplicitHealthCheckController: Getting health check requested packages
12-05 10:06:22.505 563 2383 I ExplicitHealthCheckController: Explicit health check requested packages []
12-05 10:06:22.505 563 2383 I ExplicitHealthCheckController: No more health check requests, unbinding...
12-05 10:06:22.523 563 2383 I ExplicitHealthCheckController: Explicit health check service is unbound
12-05 10:06:22.691 563 2383 I RescueParty: Starting to observe: [android, com.android.bluetooth], updated namespace: bluetooth
12-05 10:06:22.693 563 631 I PackageWatchdog: Syncing state, reason: observing new packages
12-05 10:06:22.693 563 631 D PackageWatchdog: rescue-party-observer added the following packages to monitor [android, com.android.bluetooth]
12-05 10:06:22.693 563 631 I PackageWatchdog: Syncing state, reason: updated observers
12-05 10:06:22.693 563 631 I PackageWatchdog: Not pruning observers, elapsed time: 0ms
12-05 10:06:22.693 563 631 I PackageWatchdog: Saving observer state to file
12-05 10:06:22.694 563 563 D BluetoothDeviceConfigListener: onPropertiesChanged: location_denylist_name='',location_denylist_advertising_data='⊈0016AAFE40/00FFFFFFF0,⊆0016AAFE/00FFFFFF,⊆00FF4C0002/00FFFFFFFF',location_denylist_mac=''
12-05 10:06:22.699 563 563 I PackageWatchdog: Syncing health check requests for packages: {}
12-05 10:06:22.699 563 563 I ExplicitHealthCheckController: Service not ready to get health check supported packages. Binding...
12-05 10:06:22.708 563 563 I ExplicitHealthCheckController: Explicit health check service is bound
12-05 10:06:22.710 563 563 I ExplicitHealthCheckController: Explicit health check service is connected ComponentInfo{com.google.android.ext.services/android.ext.services.watchdog.ExplicitHealthCheckServiceImpl}
12-05 10:06:22.710 563 563 I ExplicitHealthCheckController: Service initialized, syncing requests
12-05 10:06:22.711 563 563 I PackageWatchdog: Syncing health check requests for packages: {}
12-05 10:06:22.711 563 563 D ExplicitHealthCheckController: Getting health check supported packages
12-05 10:06:22.713 563 2383 I ExplicitHealthCheckController: Explicit health check supported packages [PackageConfig{com.google.android.networkstack, 86400000}]
12-05 10:06:22.713 563 2383 D PackageWatchdog: Received supported packages [PackageConfig{com.google.android.networkstack, 86400000}]
12-05 10:06:22.715 563 2383 D ExplicitHealthCheckController: Getting health check requested packages
12-05 10:06:22.716 563 2383 I ExplicitHealthCheckController: Explicit health check requested packages []
12-05 10:06:22.716 563 2383 I ExplicitHealthCheckController: No more health check requests, unbinding...
12-05 10:06:22.720 563 2383 I ExplicitHealthCheckController: Explicit health check service is unbound
12-05 10:06:22.738 563 2383 I RescueParty: Starting to observe: [android, com.android.systemui], updated namespace: latency_tracker
12-05 10:06:22.739 563 631 I PackageWatchdog: Syncing state, reason: observing new packages
12-05 10:06:22.739 563 631 D PackageWatchdog: rescue-party-observer added the following packages to monitor [android, com.android.systemui]
12-05 10:06:22.739 563 631 I PackageWatchdog: Syncing state, reason: updated observers
12-05 10:06:22.739 563 631 I PackageWatchdog: Not pruning observers, elapsed time: 0ms
12-05 10:06:22.739 563 631 I PackageWatchdog: Saving observer state to file
12-05 10:06:22.742 563 563 I PackageWatchdog: Syncing health check requests for packages: {}
12-05 10:06:22.742 563 563 I ExplicitHealthCheckController: Service not ready to get health check supported packages. Binding...
12-05 10:06:22.754 563 563 I ExplicitHealthCheckController: Explicit health check service is bound
12-05 10:06:22.758 563 563 I ExplicitHealthCheckController: Explicit health check service is connected ComponentInfo{com.google.android.ext.services/android.ext.services.watchdog.ExplicitHealthCheckServiceImpl}
12-05 10:06:22.759 563 563 I ExplicitHealthCheckController: Service initialized, syncing requests
12-05 10:06:22.761 563 563 I PackageWatchdog: Syncing health check requests for packages: {}
12-05 10:06:22.761 563 563 D ExplicitHealthCheckController: Getting health check supported packages
12-05 10:06:22.764 563 2383 I ExplicitHealthCheckController: Explicit health check supported packages [PackageConfig{com.google.android.networkstack, 86400000}]
12-05 10:06:22.764 563 2383 D PackageWatchdog: Received supported packages [PackageConfig{com.google.android.networkstack, 86400000}]
12-05 10:06:22.766 563 2383 D ExplicitHealthCheckController: Getting health check requested packages
12-05 10:06:22.767 563 1031 I ExplicitHealthCheckController: Explicit health check requested packages []
12-05 10:06:22.768 563 1031 I ExplicitHealthCheckController: No more health check requests, unbinding...
12-05 10:06:22.773 563 1031 I ExplicitHealthCheckController: Explicit health check service is unbound
12-05 10:06:22.783 563 2383 I RescueParty: Starting to observe: [android], updated namespace: battery_saver
12-05 10:06:22.784 563 631 I PackageWatchdog: Syncing state, reason: observing new packages
12-05 10:06:22.785 563 631 D PackageWatchdog: rescue-party-observer added the following packages to monitor [android]
12-05 10:06:22.785 563 631 I PackageWatchdog: Syncing state, reason: updated observers
12-05 10:06:22.785 563 631 I PackageWatchdog: Saving observer state to file
12-05 10:06:22.790 563 563 I PackageWatchdog: Syncing health check requests for packages: {}
12-05 10:06:22.790 563 563 I ExplicitHealthCheckController: Service not ready to get health check supported packages. Binding...
12-05 10:06:22.802 563 563 I ExplicitHealthCheckController: Explicit health check service is bound
12-05 10:06:22.810 563 563 I ExplicitHealthCheckController: Explicit health check service is connected ComponentInfo{com.google.android.ext.services/android.ext.services.watchdog.ExplicitHealthCheckServiceImpl}
12-05 10:06:22.811 563 563 I ExplicitHealthCheckController: Service initialized, syncing requests
12-05 10:06:22.814 563 563 E DeviceConfig: Parsing int failed for location_mode
12-05 10:06:22.819 563 563 I PackageWatchdog: Syncing health check requests for packages: {}
12-05 10:06:22.819 563 563 D ExplicitHealthCheckController: Getting health check supported packages
12-05 10:06:22.823 563 2383 I ExplicitHealthCheckController: Explicit health check supported packages [PackageConfig{com.google.android.networkstack, 86400000}]
12-05 10:06:22.823 563 2383 D PackageWatchdog: Received supported packages [PackageConfig{com.google.android.networkstack, 86400000}]
12-05 10:06:22.826 563 2383 D ExplicitHealthCheckController: Getting health check requested packages
12-05 10:06:22.828 563 1031 I ExplicitHealthCheckController: Explicit health check requested packages []
12-05 10:06:22.830 563 1031 I ExplicitHealthCheckController: No more health check requests, unbinding...
12-05 10:06:22.835 563 1031 I ExplicitHealthCheckController: Explicit health check service is unbound
12-05 10:06:22.848 563 2383 I RescueParty: Starting to observe: [android], updated namespace: constrain_display_apis
12-05 10:06:22.849 563 631 I PackageWatchdog: Syncing state, reason: observing new packages
12-05 10:06:22.850 563 631 D PackageWatchdog: rescue-party-observer added the following packages to monitor [android]
12-05 10:06:22.850 563 631 I PackageWatchdog: Syncing state, reason: updated observers
12-05 10:06:22.850 563 631 I PackageWatchdog: Not pruning observers, elapsed time: 0ms
12-05 10:06:22.850 563 631 I PackageWatchdog: Saving observer state to file
12-05 10:06:22.855 563 563 I PackageWatchdog: Syncing health check requests for packages: {}
12-05 10:06:22.855 563 563 I ExplicitHealthCheckController: Service not ready to get health check supported packages. Binding...
12-05 10:06:22.863 563 563 I ExplicitHealthCheckController: Explicit health check service is bound
12-05 10:06:22.867 563 563 I ExplicitHealthCheckController: Explicit health check service is connected ComponentInfo{com.google.android.ext.services/android.ext.services.watchdog.ExplicitHealthCheckServiceImpl}
12-05 10:06:22.868 563 563 I ExplicitHealthCheckController: Service initialized, syncing requests
12-05 10:06:22.869 563 563 I PackageWatchdog: Syncing health check requests for packages: {}
12-05 10:06:22.869 563 563 D ExplicitHealthCheckController: Getting health check supported packages
12-05 10:06:22.873 563 2383 I ExplicitHealthCheckController: Explicit health check supported packages [PackageConfig{com.google.android.networkstack, 86400000}]
12-05 10:06:22.873 563 2383 D PackageWatchdog: Received supported packages [PackageConfig{com.google.android.networkstack, 86400000}]
12-05 10:06:22.880 563 2383 D ExplicitHealthCheckController: Getting health check requested packages
12-05 10:06:22.882 563 1031 I ExplicitHealthCheckController: Explicit health check requested packages []
12-05 10:06:22.883 563 1031 I ExplicitHealthCheckController: No more health check requests, unbinding...
12-05 10:06:22.893 563 1031 I ExplicitHealthCheckController: Explicit health check service is unbound
12-05 10:06:22.996 563 2383 I RescueParty: Starting to observe: [android], updated namespace: location
12-05 10:06:22.997 563 631 I PackageWatchdog: Syncing state, reason: observing new packages
12-05 10:06:22.997 563 631 D PackageWatchdog: rescue-party-observer added the following packages to monitor [android]
12-05 10:06:22.997 563 631 I PackageWatchdog: Syncing state, reason: updated observers
12-05 10:06:22.997 563 631 I PackageWatchdog: Not pruning observers, elapsed time: 0ms
12-05 10:06:22.997 563 631 I PackageWatchdog: Saving observer state to file
12-05 10:06:23.001 563 563 I PackageWatchdog: Syncing health check requests for packages: {}
12-05 10:06:23.001 563 563 I ExplicitHealthCheckController: Service not ready to get health check supported packages. Binding...
12-05 10:06:23.021 563 563 I ExplicitHealthCheckController: Explicit health check service is bound
12-05 10:06:23.027 8696 8775 D EGL_emulation: app_time_stats: avg=998.87ms min=987.15ms max=1010.59ms count=2
12-05 10:06:23.040 352 352 W RanchuHwc: validateDisplay: layer 31 CompositionType 1, fallback
12-05 10:06:23.058 563 563 I ExplicitHealthCheckController: Explicit health check service is connected ComponentInfo{com.google.android.ext.services/android.ext.services.watchdog.ExplicitHealthCheckServiceImpl}
12-05 10:06:23.059 563 563 I ExplicitHealthCheckController: Service initialized, syncing requests
12-05 10:06:23.059 563 563 I PackageWatchdog: Syncing health check requests for packages: {}
12-05 10:06:23.059 563 563 D ExplicitHealthCheckController: Getting health check supported packages
12-05 10:06:23.060 563 1031 I ExplicitHealthCheckController: Explicit health check supported packages [PackageConfig{com.google.android.networkstack, 86400000}]
12-05 10:06:23.061 563 1031 D PackageWatchdog: Received supported packages [PackageConfig{com.google.android.networkstack, 86400000}]
12-05 10:06:23.061 563 1031 D ExplicitHealthCheckController: Getting health check requested packages
12-05 10:06:23.061 563 2383 I ExplicitHealthCheckController: Explicit health check requested packages []
12-05 10:06:23.061 563 2383 I ExplicitHealthCheckController: No more health check requests, unbinding...
12-05 10:06:23.062 352 352 W RanchuHwc: presentDisplay display has no layers to compose, flushing client target buffer.
12-05 10:06:23.063 563 2383 I ExplicitHealthCheckController: Explicit health check service is unbound
12-05 10:06:23.184 9257 9257 I dex2oat64: dex2oat took 6.418s (6.503s cpu) (threads: 2) arena alloc=0B (0B) java alloc=7166KB (7338000B) native alloc=21MB (22247776B) free=3522KB (3607008B)
12-05 10:06:23.319 9255 9255 D app_process: Time zone APEX ICU file found: /apex/com.android.tzdata/etc/icu/icu_tzdata.dat
12-05 10:06:23.319 9255 9255 D app_process: I18n APEX ICU file found: /apex/com.android.i18n/etc/icu/icudt68l.dat
12-05 10:06:23.332 9255 9255 W app_process: Unexpected CPU variant for X86 using defaults: x86_64
12-05 10:06:23.361 9255 9255 D AndroidRuntime: Calling main entry com.android.commands.am.Am
12-05 10:06:23.369 8320 8851 W CursorConverter: Cannot get icon, pkg/id :com.android.settings/2130838411
12-05 10:06:23.370 8320 8851 W CursorConverter: Cannot get icon, pkg/id :com.android.settings/2130838290
12-05 10:06:23.371 8320 8851 W CursorConverter: Cannot get icon, pkg/id :com.android.settings/2130837938
12-05 10:06:23.372 8320 8851 W CursorConverter: Cannot get icon, pkg/id :com.android.settings/2130837867
12-05 10:06:23.374 8320 8851 W CursorConverter: Cannot get icon, pkg/id :com.android.settings/2130838410
12-05 10:06:23.375 8320 8851 W CursorConverter: Cannot get icon, pkg/id :com.android.settings/2130838409
12-05 10:06:23.376 8320 8851 W CursorConverter: Cannot get icon, pkg/id :com.android.settings/2130838423
12-05 10:06:23.376 8320 8851 W CursorConverter: Cannot get icon, pkg/id :com.android.settings/2130838075
12-05 10:06:23.378 563 1031 I ActivityManager: Force stopping com.google.android.apps.mtaas.loginutil appid=10155 user=0: start instr
12-05 10:06:23.378 8320 8851 W CursorConverter: Cannot get icon, pkg/id :com.android.settings/2130837915
12-05 10:06:23.379 8320 8851 W CursorConverter: Cannot get icon, pkg/id :com.android.settings/2130838295
12-05 10:06:23.379 8320 8851 W CursorConverter: Cannot get icon, pkg/id :com.android.settings/2130838031
12-05 10:06:23.380 8320 8851 W CursorConverter: Cannot get icon, pkg/id :com.android.settings/2130837894
12-05 10:06:23.405 563 1031 D CompatibilityChangeReporter: Compat change id reported: 135634846; UID 10155; state: DISABLED
12-05 10:06:23.406 563 1031 D CompatibilityChangeReporter: Compat change id reported: 177438394; UID 10155; state: DISABLED
12-05 10:06:23.406 563 1031 D CompatibilityChangeReporter: Compat change id reported: 135772972; UID 10155; state: DISABLED
12-05 10:06:23.406 563 1031 D CompatibilityChangeReporter: Compat change id reported: 135754954; UID 10155; state: DISABLED
12-05 10:06:23.406 563 633 D CompatibilityChangeReporter: Compat change id reported: 143937733; UID 10155; state: DISABLED
12-05 10:06:23.411 8320 8851 W CursorConverter: Cannot get icon, pkg/id :com.android.settings/2130838097
12-05 10:06:23.428 332 332 D Zygote : Forked child process 9295
12-05 10:06:23.430 563 633 I ActivityManager: Start proc 9295:com.google.android.apps.mtaas.loginutil/u0a155 for added application com.google.android.apps.mtaas.loginutil
12-05 10:06:23.431 8320 8851 W CursorConverter: Cannot get icon, pkg/id :com.android.settings/2130837981
12-05 10:06:23.436 9295 9295 I Zygote : seccomp disabled by setenforce 0
12-05 10:06:23.440 9295 9295 W mtaas.loginuti: Unexpected CPU variant for X86 using defaults: x86_64
12-05 10:06:23.445 8320 8851 W CursorConverter: Cannot get icon, pkg/id :com.android.settings/2130838298
12-05 10:06:23.446 8320 8851 W CursorConverter: Cannot get icon, pkg/id :com.android.settings/2130837984
12-05 10:06:23.446 8320 8851 W CursorConverter: Cannot get icon, pkg/id :com.android.settings/2130837937
12-05 10:06:23.446 8320 8851 W CursorConverter: Cannot get icon, pkg/id :com.android.settings/2130837931
12-05 10:06:23.451 408 481 I adbd : jdwp connection from 9295
12-05 10:06:23.474 9295 9295 D CompatibilityChangeReporter: Compat change id reported: 171979766; UID 10155; state: DISABLED
12-05 10:06:23.483 9295 9295 D ApplicationLoaders: Returning zygote-cached class loader: /system/framework/android.test.base.jar
12-05 10:06:23.497 9295 9295 V GraphicsEnvironment: ANGLE Developer option for 'com.google.android.apps.mtaas.loginutil' set to: 'default'
12-05 10:06:23.499 9295 9295 V GraphicsEnvironment: ANGLE GameManagerService for com.google.android.apps.mtaas.loginutil: false
12-05 10:06:23.500 9295 9295 V GraphicsEnvironment: Neither updatable production driver nor prerelease driver is supported.
12-05 10:06:23.504 9295 9295 D NetworkSecurityConfig: No Network Security Config specified, using platform default
12-05 10:06:23.504 9295 9295 D NetworkSecurityConfig: No Network Security Config specified, using platform default
12-05 10:06:23.506 9295 9316 I LoginUtil: onStart
12-05 10:06:23.507 9295 9316 I LoginUtil: Checking for Internet
12-05 10:06:23.512 331 9317 D resolv : GetAddrInfoHandler::run: {100 100 100 983140 10155 0}
12-05 10:06:23.513 331 9317 D resolv : resolv_getaddrinfo: explore_fqdn(): ai_family=0 ai_socktype=1 ai_protocol=6
12-05 10:06:23.515 331 9319 D resolv : doQuery: (1, 1)
12-05 10:06:23.516 331 9319 D resolv : res_nmkquery: (QUERY, IN, A)
12-05 10:06:23.516 331 9319 D resolv : res_nsend
12-05 10:06:23.517 331 9319 I resolv : resolv_cache_lookup: lookup
12-05 10:06:23.517 331 9319 I resolv : resolv_cache_lookup: NOT IN CACHE
12-05 10:06:23.517 331 9319 I resolv : resolv_populate_res_for_net: netid=100
12-05 10:06:23.519 331 9319 I resolv : res_stats_usable_server: NS stats: S 62 + E 0 + T 2 + I 0 = 64, rtt = 6, min_samples = 8
12-05 10:06:23.520 331 9319 I resolv : res_stats_usable_server: success rate 96
12-05 10:06:23.520 331 9319 D resolv : res_nsend: Querying server (# 1) address = 10.0.2.3:53
12-05 10:06:23.520 331 9319 D resolv : send_dg: new DG socket
12-05 10:06:23.520 331 9319 I resolv : get_timeout: using timeout of 5000 msec
12-05 10:06:23.520 331 9319 I resolv : retrying_poll: 55 retrying_poll
12-05 10:06:23.523 331 9319 I resolv : retrying_poll: 55 retrying_poll returning 1
12-05 10:06:23.523 331 9319 I resolv : res_nsend: used send_dg 124 terrno: 0
12-05 10:06:23.523 331 9319 I resolv : res_stats_set_sample: rcode = 0, sec = 3
12-05 10:06:23.523 331 9319 I resolv : res_cache_add_stats_sample_locked: adding sample to stats, next = 22, count = 64
12-05 10:06:23.523 331 9319 D resolv : res_nsend: got answer:
12-05 10:06:23.523 331 9319 I resolv : answer_getTTL: TTL = 300
12-05 10:06:23.523 331 9319 I resolv : _cache_add_p: entry 87 added (count=67)
12-05 10:06:23.523 331 9319 I resolv : cache_dump_mru_locked: MRU LIST (67): 87 71 70 72 69 86 85 84 83 82 81 80 79 78 77 76 75 74 73 68 67 42 41 37 38 60 59 36 35 54 55 39 40 15 16 66 65 57 58 64 63 62 61 24 23 56 21 53 52 17 18 50 49 48 47 43 44 7 8 30 29 20 19 10 9 2 1
12-05 10:06:23.523 331 9319 D resolv : doQuery: rcode=0, ancount=6
12-05 10:06:23.527 331 9318 D resolv : doQuery: (1, 28)
12-05 10:06:23.527 331 9318 D resolv : res_nmkquery: (QUERY, IN, AAAA)
12-05 10:06:23.527 331 9318 D resolv : res_nsend
12-05 10:06:23.527 331 9318 I resolv : resolv_cache_lookup: lookup
12-05 10:06:23.527 331 9318 I resolv : resolv_cache_lookup: NOT IN CACHE
12-05 10:06:23.527 331 9318 I resolv : resolv_populate_res_for_net: netid=100
12-05 10:06:23.527 331 9318 I resolv : res_stats_usable_server: NS stats: S 62 + E 0 + T 2 + I 0 = 64, rtt = 6, min_samples = 8
12-05 10:06:23.527 331 9318 I resolv : res_stats_usable_server: success rate 96
12-05 10:06:23.527 331 9318 D resolv : res_nsend: Querying server (# 1) address = 10.0.2.3:53
12-05 10:06:23.527 331 9318 D resolv : send_dg: new DG socket
12-05 10:06:23.527 331 9318 I resolv : get_timeout: using timeout of 5000 msec
12-05 10:06:23.527 331 9318 I resolv : retrying_poll: 55 retrying_poll
12-05 10:06:23.529 331 9318 I resolv : retrying_poll: 55 retrying_poll returning 1
12-05 10:06:23.529 331 9318 I resolv : res_nsend: used send_dg 140 terrno: 0
12-05 10:06:23.529 331 9318 I resolv : res_stats_set_sample: rcode = 0, sec = 2
12-05 10:06:23.529 331 9318 I resolv : res_cache_add_stats_sample_locked: adding sample to stats, next = 23, count = 64
12-05 10:06:23.529 331 9318 D resolv : res_nsend: got answer:
12-05 10:06:23.529 331 9318 I resolv : answer_getTTL: TTL = 300
12-05 10:06:23.529 331 9318 I resolv : _cache_add_p: entry 88 added (count=68)
12-05 10:06:23.529 331 9318 I resolv : cache_dump_mru_locked: MRU LIST (68): 88 87 71 70 72 69 86 85 84 83 82 81 80 79 78 77 76 75 74 73 68 67 42 41 37 38 60 59 36 35 54 55 39 40 15 16 66 65 57 58 64 63 62 61 24 23 56 21 53 52 17 18 50 49 48 47 43 44 7 8 30 29 20 19 10 9 2 1
12-05 10:06:23.530 331 9318 D resolv : doQuery: rcode=0, ancount=4
12-05 10:06:23.539 9295 9316 I LoginUtil: Connected to Internet
12-05 10:06:23.550 9295 9316 I LoginUtil: Adding Account {name=BTPMJ354TFE33L6N4TBZXWF2SM-00@cloudtestlabaccounts.com, type=com.google}
12-05 10:06:23.562 563 1830 D CompatibilityChangeReporter: Compat change id reported: 135634846; UID 10156; state: DISABLED
12-05 10:06:23.562 563 1830 D CompatibilityChangeReporter: Compat change id reported: 177438394; UID 10156; state: DISABLED
12-05 10:06:23.563 563 1830 D CompatibilityChangeReporter: Compat change id reported: 135772972; UID 10156; state: DISABLED
12-05 10:06:23.563 563 1830 D CompatibilityChangeReporter: Compat change id reported: 135754954; UID 10156; state: DISABLED
12-05 10:06:23.565 563 633 D CompatibilityChangeReporter: Compat change id reported: 143937733; UID 10156; state: DISABLED
12-05 10:06:23.579 332 332 D Zygote : Forked child process 9321
12-05 10:06:23.585 9321 9321 I Zygote : seccomp disabled by setenforce 0
12-05 10:06:23.590 563 633 I ActivityManager: Start proc 9321:com.google.android.apps.auth.test.support/u0a156 for service {com.google.android.apps.auth.test.support/com.google.android.apps.auth.test.support.services.AccountService}
12-05 10:06:23.591 9321 9321 W th.test.suppor: Unexpected CPU variant for X86 using defaults: x86_64
12-05 10:06:23.598 408 481 I adbd : jdwp connection from 9321
12-05 10:06:23.623 9321 9321 D CompatibilityChangeReporter: Compat change id reported: 171979766; UID 10156; state: DISABLED
12-05 10:06:23.631 9321 9321 D ApplicationLoaders: Returning zygote-cached class loader: /system/framework/android.test.base.jar
12-05 10:06:23.644 9321 9321 V GraphicsEnvironment: ANGLE Developer option for 'com.google.android.apps.auth.test.support' set to: 'default'
12-05 10:06:23.644 9321 9321 V GraphicsEnvironment: ANGLE GameManagerService for com.google.android.apps.auth.test.support: false
12-05 10:06:23.644 9321 9321 V GraphicsEnvironment: Neither updatable production driver nor prerelease driver is supported.
12-05 10:06:23.648 9321 9321 D NetworkSecurityConfig: Using Network Security Config from resource network_security_config debugBuild: false
12-05 10:06:23.650 9321 9321 D NetworkSecurityConfig: Using Network Security Config from resource network_security_config debugBuild: false
12-05 10:06:23.661 8495 8535 D SlicesDatabaseHelper: Created databases
12-05 10:06:23.669 563 1830 D CompatibilityChangeReporter: Compat change id reported: 135634846; UID 10158; state: DISABLED
12-05 10:06:23.669 563 1830 D CompatibilityChangeReporter: Compat change id reported: 177438394; UID 10158; state: DISABLED
12-05 10:06:23.669 563 1830 D CompatibilityChangeReporter: Compat change id reported: 135772972; UID 10158; state: DISABLED
12-05 10:06:23.669 563 1830 D CompatibilityChangeReporter: Compat change id reported: 135754954; UID 10158; state: ENABLED
12-05 10:06:23.670 563 633 D CompatibilityChangeReporter: Compat change id reported: 143937733; UID 10158; state: ENABLED
12-05 10:06:23.690 332 332 D Zygote : Forked child process 9344
12-05 10:06:23.695 563 633 I ActivityManager: Start proc 9344:androidx.test.services/u0a158 for content provider {androidx.test.services/androidx.test.services.storage.provider.TestArgsContentProvider}
12-05 10:06:23.696 849 1896 D BluetoothDatabase: getBondedDevicesOrdered: Invalid address for device LocalStorage
12-05 10:06:23.705 9344 9344 I Zygote : seccomp disabled by setenforce 0
12-05 10:06:23.709 9344 9344 I x.test.service: Late-enabling -Xcheck:jni
12-05 10:06:23.715 8495 8535 D AssistGesture: mAssistOnly:false, isSupported:false, isSensorAvailable:false
12-05 10:06:23.715 8495 8535 D AssistGesture: mAssistOnly:false, isSupported:false, isSensorAvailable:false
12-05 10:06:23.743 9344 9344 W x.test.service: Unexpected CPU variant for X86 using defaults: x86_64
12-05 10:06:23.748 408 481 I adbd : jdwp connection from 9344
12-05 10:06:23.763 8495 8535 W SliceDataConverter: Get slice data from XML failed
12-05 10:06:23.763 8495 8535 W SliceDataConverter: java.lang.IllegalStateException: Invalid preference controller: com.google.android.settings.gestures.columbus.ColumbusEnabledPreferenceController
12-05 10:06:23.763 8495 8535 W SliceDataConverter: at com.android.settings.core.BasePreferenceController.createInstance(BasePreferenceController.java:144)
12-05 10:06:23.763 8495 8535 W SliceDataConverter: at com.android.settings.slices.SliceBuilderUtils.getPreferenceController(SliceBuilderUtils.java:387)
12-05 10:06:23.763 8495 8535 W SliceDataConverter: at com.android.settings.slices.SliceDataConverter.getSliceDataFromXML(SliceDataConverter.java:203)
12-05 10:06:23.763 8495 8535 W SliceDataConverter: at com.android.settings.slices.SliceDataConverter.getSliceDataFromProvider(SliceDataConverter.java:148)
12-05 10:06:23.763 8495 8535 W SliceDataConverter: at com.android.settings.slices.SliceDataConverter.getSliceData(SliceDataConverter.java:118)
12-05 10:06:23.763 8495 8535 W SliceDataConverter: at com.android.settings.slices.SlicesIndexer.getSliceData(SlicesIndexer.java:94)
12-05 10:06:23.763 8495 8535 W SliceDataConverter: at com.android.settings.slices.SlicesIndexer.indexSliceData(SlicesIndexer.java:75)
12-05 10:06:23.763 8495 8535 W SliceDataConverter: at com.android.settings.slices.SlicesFeatureProviderImpl.indexSliceData(SlicesFeatureProviderImpl.java:63)
12-05 10:06:23.763 8495 8535 W SliceDataConverter: at com.android.settings.slices.SlicesDatabaseAccessor.verifyIndexing(SlicesDatabaseAccessor.java:194)
12-05 10:06:23.763 8495 8535 W SliceDataConverter: at com.android.settings.slices.SlicesDatabaseAccessor.getSliceUris(SlicesDatabaseAccessor.java:96)
12-05 10:06:23.763 8495 8535 W SliceDataConverter: at com.android.settings.slices.SettingsSliceProvider.onGetSliceDescendants(SettingsSliceProvider.java:338)
12-05 10:06:23.763 8495 8535 W SliceDataConverter: at androidx.slice.compat.SliceProviderWrapperContainer$SliceProviderWrapper.onGetSliceDescendants(SliceProviderWrapperContainer.java:165)
12-05 10:06:23.763 8495 8535 W SliceDataConverter: at android.app.slice.SliceProvider.handleGetDescendants(SliceProvider.java:425)
12-05 10:06:23.763 8495 8535 W SliceDataConverter: at android.app.slice.SliceProvider.call(SliceProvider.java:406)
