12-05 10:06:08.022 8320 8406 W IndexDataConverter: Skipping index for null-key item IndexData.Builder {title: Tema oscuro,package: com.android.settings}
12-05 10:06:08.023 352 352 W RanchuHwc: validateDisplay: layer 31 CompositionType 1, fallback
12-05 10:06:08.049 352 352 W RanchuHwc: presentDisplay display has no layers to compose, flushing client target buffer.
12-05 10:06:08.130 7846 8079 I NetworkScheduler.Stats: Task com.google.android.gms/com.google.android.gms.clearcut.uploader.QosUploaderService started execution. cause:5 exec_start_elapsed_seconds: 531 [CONTEXT service_id=218 ]
12-05 10:06:08.162 7800 7946 I Icing : Indexing done com.google.android.gms-apps
12-05 10:06:08.179 7800 7946 I Icing : Indexing com.google.android.gms-apps from com.google.android.gms
12-05 10:06:08.207 7846 7884 I NetworkScheduler.Stats: Task com.google.android.gms/com.google.android.gms.tapandpay.gcmtask.TapAndPayGcmTaskService started execution. cause:5 exec_start_elapsed_seconds: 532 [CONTEXT service_id=218 ]
12-05 10:06:08.216 7846 8670 W TapAndPay: NfcAdapter is null while obtaining CardEmulation instance. [CONTEXT service_id=79 ]
12-05 10:06:08.216 7846 8670 W TapAndPay: java.lang.NullPointerException: NfcAdapter is null
12-05 10:06:08.216 7846 8670 W TapAndPay: at android.nfc.cardemulation.CardEmulation.getInstance(CardEmulation.java:150)
12-05 10:06:08.216 7846 8670 W TapAndPay: at cwzz.(:com.google.android.gms@244337026@24.43.37 (150800-693941914):15)
12-05 10:06:08.216 7846 8670 W TapAndPay: at com.google.android.gms.tapandpay.hce.task.TapAndPayAidRegistrationTaskOperation.a(:com.google.android.gms@244337026@24.43.37 (150800-693941914):50)
12-05 10:06:08.216 7846 8670 W TapAndPay: at com.google.android.gms.tapandpay.gcmtask.TapAndPayGcmTaskChimeraService.a(:com.google.android.gms@244337026@24.43.37 (150800-693941914):32)
12-05 10:06:08.216 7846 8670 W TapAndPay: at bqrh.call(:com.google.android.gms@244337026@24.43.37 (150800-693941914):32)
12-05 10:06:08.216 7846 8670 W TapAndPay: at java.util.concurrent.FutureTask.run(FutureTask.java:266)
12-05 10:06:08.216 7846 8670 W TapAndPay: at amjy.c(:com.google.android.gms@244337026@24.43.37 (150800-693941914):50)
12-05 10:06:08.216 7846 8670 W TapAndPay: at amjy.run(:com.google.android.gms@244337026@24.43.37 (150800-693941914):76)
12-05 10:06:08.216 7846 8670 W TapAndPay: at java.util.concurrent.ThreadPoolExecutor.runWorker(ThreadPoolExecutor.java:1167)
12-05 10:06:08.216 7846 8670 W TapAndPay: at java.util.concurrent.ThreadPoolExecutor$Worker.run(ThreadPoolExecutor.java:641)
12-05 10:06:08.216 7846 8670 W TapAndPay: at ampj.run(:com.google.android.gms@244337026@24.43.37 (150800-693941914):8)
12-05 10:06:08.216 7846 8670 W TapAndPay: at java.lang.Thread.run(Thread.java:920)
12-05 10:06:08.225 7846 8106 I NetworkScheduler.Stats: Task com.google.android.gms/com.google.android.gms.clearcut.uploader.QosUploaderService finished executing. cause:5 result: 1 elapsed_millis: 698 uptime_millis: 698 exec_start_elapsed_seconds: 531 [CONTEXT service_id=218 ]
12-05 10:06:08.229 7800 7946 I Icing : Indexing done com.google.android.gms-apps
12-05 10:06:08.247 7846 8106 I NetworkScheduler.Stats: Task com.google.android.gms/com.google.android.gms.tapandpay.gcmtask.TapAndPayGcmTaskService finished executing. cause:5 result: 3 elapsed_millis: 53 uptime_millis: 53 exec_start_elapsed_seconds: 532 [CONTEXT service_id=218 ]
12-05 10:06:08.250 563 749 I ActivityManager: Killing 7506:com.google.android.apps.docs/u0a129 (adj 985): empty #17
12-05 10:06:08.257 7800 7946 I Icing : Indexing com.google.android.gms-apps from com.google.android.gms
12-05 10:06:08.259 7800 7946 I Icing : Indexing done com.google.android.gms-apps
12-05 10:06:08.288 8320 8406 W IndexDataConverter: Skipping index for null-key item IndexData.Builder {title: Advertencia de límite de datos,package: com.android.settings}
12-05 10:06:08.311 563 634 I libprocessgroup: Successfully killed process cgroup uid 10129 pid 7506 in 58ms
12-05 10:06:08.370 332 332 I Zygote : Process 7506 exited due to signal 9 (Killed)
12-05 10:06:08.376 7846 7846 D BoundBrokerSvc: onUnbind: Intent { act=com.google.android.gms.tapandpay.service.BIND dat=chimera-action: cmp=com.google.android.gms/.chimera.PersistentApiService }
12-05 10:06:08.407 7846 7846 D BoundBrokerSvc: onUnbind: Intent { act=com.google.android.gms.trustagent.BridgeApi.START dat=chimera-action: cmp=com.google.android.gms/.chimera.PersistentInternalApiService }
12-05 10:06:08.455 7846 7884 I NetworkScheduler.Stats: Task com.google.android.gms/com.google.android.gms.tapandpay.gcmtask.TapAndPayGcmTaskService started execution. cause:5 exec_start_elapsed_seconds: 532 [CONTEXT service_id=218 ]
12-05 10:06:08.467 7846 8079 W TapAndPay: No gcm id available, rescheduling [CONTEXT service_id=79 ]
12-05 10:06:08.474 7800 9066 I GCM : Checking if the GCM ID is available and maybe schedule a task to register GMS if not.
12-05 10:06:08.474 7800 9066 I GCM-GMS : Scheduling task to register GMS
12-05 10:06:08.482 7846 8079 I NetworkScheduler.Stats: Task com.google.android.gms/com.google.android.gms.tapandpay.gcmtask.TapAndPayGcmTaskService started execution. cause:5 exec_start_elapsed_seconds: 532 [CONTEXT service_id=218 ]
12-05 10:06:08.502 8495 8535 D BackupCallingPrefCtrl: Not supported by framework. subId = 1
12-05 10:06:08.522 7846 8079 I NetworkScheduler.Stats: Task com.google.android.gms/com.google.android.gms.tapandpay.gcmtask.TapAndPayGcmTaskService finished executing. cause:5 result: 3 elapsed_millis: 182 uptime_millis: 182 exec_start_elapsed_seconds: 532 [CONTEXT service_id=218 ]
12-05 10:06:08.541 8320 8406 W IndexDataConverter: Skipping index for null-key item IndexData.Builder {title: Conectados anteriormente,package: com.android.settings}
12-05 10:06:08.550 8320 8406 W IndexDataConverter: Skipping index for null-key item IndexData.Builder {title: Fecha y hora,package: com.android.settings}
12-05 10:06:08.565 8495 8535 D BackupCallingPrefCtrl: Not supported by framework. subId = 1
12-05 10:06:08.565 7846 8079 I NetworkScheduler.Stats: Task com.google.android.gms/com.google.android.gms.tapandpay.gcmtask.TapAndPayGcmTaskService finished executing. cause:5 result: 1 elapsed_millis: 79 uptime_millis: 79 exec_start_elapsed_seconds: 532 [CONTEXT service_id=218 ]
12-05 10:06:08.569 8320 8406 W IndexDataConverter: Skipping index for null-key item IndexData.Builder {title: Ahorro de datos,package: com.android.settings}
12-05 10:06:08.584 8320 8406 W IndexDataConverter: Skipping index for null-key item IndexData.Builder {title: Vibración y tecnología háptica,package: com.android.settings}
12-05 10:06:08.604 8320 8406 W IndexDataConverter: Skipping index for null-key item IndexData.Builder {title: Hotspot de Wi-Fi,package: com.android.settings}
12-05 10:06:08.615 8320 8406 W IndexDataConverter: Skipping index for null-key item IndexData.Builder {title: Gestos,package: com.android.settings}
12-05 10:06:08.616 8320 8406 W IndexDataConverter: Skipping index for null-key item IndexData.Builder {title: Pagos sin contacto,package: com.android.settings}
12-05 10:06:08.628 8320 8406 W IndexDataConverter: Skipping index for null-key item IndexData.Builder {title: Presiona rápidamente 5 veces o más el botón de encendido para comenzar las acciones que se describen más abajo,package: com.android.settings}
12-05 10:06:08.629 8320 8406 W IndexDataConverter: Skipping index for null-key item IndexData.Builder {title: Emergencia SOS,package: com.android.settings}
12-05 10:06:08.629 8320 8406 W IndexDataConverter: Skipping index for null-key item IndexData.Builder {title: Si configuras Desbloqueo facial y Desbloqueo con huellas dactilares, el teléfono te pedirá la huella dactilar en caso de que tengas puesta una mascarilla o estés en una zona oscura,package: com.android.settings}
12-05 10:06:08.632 8320 8406 W IndexDataConverter: Skipping index for null-key item IndexData.Builder {title: Desbloqueo facial y con huellas dactilares,package: com.android.settings}
12-05 10:06:08.658 8320 8406 W IndexDataConverter: Skipping index for null-key item IndexData.Builder {title: Encriptación y credenciales,package: com.android.settings}
12-05 10:06:08.701 8320 8406 W IndexDataConverter: Skipping index for null-key item IndexData.Builder {title: NFC,package: com.android.settings}
12-05 10:06:08.702 8320 8406 W IndexDataConverter: Skipping index for null-key item IndexData.Builder {title: Instalar un certificado,package: com.android.settings}
12-05 10:06:08.715 8320 8406 W IndexDataConverter: Skipping index for null-key item IndexData.Builder {title: Usa Quick Tap para iniciar acciones,package: com.android.settings}
12-05 10:06:08.724 7846 8079 I NetworkScheduler.Stats: Task com.google.android.gms/com.google.android.gms.tapandpay.gcmtask.TapAndPayGcmTaskService started execution. cause:5 exec_start_elapsed_seconds: 532 [CONTEXT service_id=218 ]
12-05 10:06:08.732 7846 8079 I NetworkScheduler.Stats: Task com.google.android.gms/com.google.android.gms.tapandpay.gcmtask.TapAndPayGcmTaskService finished executing. cause:5 result: 1 elapsed_millis: 85 uptime_millis: 85 exec_start_elapsed_seconds: 532 [CONTEXT service_id=218 ]
12-05 10:06:08.755 7846 7846 D BoundBrokerSvc: onUnbind: Intent { act=com.google.android.gms.pseudonymous.service.START dat=chimera-action: cmp=com.google.android.gms/.chimera.PersistentApiService }
12-05 10:06:08.775 8320 8406 W IndexDataConverter: Skipping index for null-key item IndexData.Builder {title: Tiempo de acción,package: com.android.settings}
12-05 10:06:08.791 8320 8406 W IndexDataConverter: Skipping index for null-key item IndexData.Builder {title: Marcas de función,package: com.android.settings}
12-05 10:06:08.792 8320 8406 W IndexDataConverter: Skipping index for null-key item IndexData.Builder {title: App de admin. de certificados,package: com.android.settings}
12-05 10:06:08.822 8320 8406 W IndexDataConverter: Skipping index for null-key item IndexData.Builder {title: Salida de texto a voz,package: com.android.settings}
12-05 10:06:08.837 8320 8406 W IndexDataConverter: Skipping index for null-key item IndexData.Builder {title: null,package: com.android.settings}
12-05 10:06:08.837 8320 8406 W IndexDataConverter: Skipping index for null-key item IndexData.Builder {title: Girar automáticamente la pantalla,package: com.android.settings}
12-05 10:06:08.855 8320 8406 W IndexDataConverter: Skipping index for null-key item IndexData.Builder {title: Wi-Fi,package: com.android.settings}
12-05 10:06:08.876 8495 8535 W Enable2gPreferenceController: Telephony manager not yet initialized
12-05 10:06:08.919 8495 8535 D VoNrSettings: init:
12-05 10:06:08.928 8495 8535 D VoNrSettings: mHas5gCapability: true,mIsNrEnabledFromCarrierConfig: true,mIsVonrEnabledFromCarrierConfig: false,mIsVonrVisibleFromCarrierConfig: true
12-05 10:06:08.928 8495 8535 D VoNrSettings: init:
12-05 10:06:08.936 8495 8535 D VoNrSettings: mHas5gCapability: true,mIsNrEnabledFromCarrierConfig: true,mIsVonrEnabledFromCarrierConfig: false,mIsVonrVisibleFromCarrierConfig: true
12-05 10:06:08.950 1081 1120 W SQLiteLog: (28) double-quoted string literal: "89860318640220133897"
12-05 10:06:08.953 1081 1120 W SQLiteLog: (28) double-quoted string literal: "89860318640220133897"
12-05 10:06:08.965 7846 8079 I NetworkScheduler.Stats: Task com.google.android.gms/com.google.android.gms.tapandpay.gcmtask.TapAndPayGcmTaskService started execution. cause:5 exec_start_elapsed_seconds: 533 [CONTEXT service_id=218 ]
12-05 10:06:08.974 563 632 W BroadcastQueue: Background execution not allowed: receiving Intent { act=android.intent.action.DROPBOX_ENTRY_ADDED flg=0x10 (has extras) } to com.google.android.gms/.stats.service.DropBoxEntryAddedReceiver
12-05 10:06:08.983 8320 8406 W IndexDataConverter: Skipping index for null-key item IndexData.Builder {title: Internet,package: com.android.settings}
12-05 10:06:08.984 8320 8406 W IndexDataConverter: Skipping index for null-key item IndexData.Builder {title: Protector de pantalla,package: com.android.settings}
12-05 10:06:08.990 1081 1120 W SQLiteLog: (28) double-quoted string literal: "89860318640220133897"
12-05 10:06:09.000 8320 8406 W IndexDataConverter: Skipping index for null-key item IndexData.Builder {title: null,package: com.android.settings}
12-05 10:06:09.001 8320 8406 W IndexDataConverter: Skipping index for null-key item IndexData.Builder {title: Burbujas,package: com.android.settings}
12-05 10:06:09.016 1081 1120 W SQLiteLog: (28) double-quoted string literal: "89860318640220133897"
12-05 10:06:09.021 8320 8406 W IndexDataConverter: Skipping index for null-key item IndexData.Builder {title: Sonidos del perfil de trabajo,package: com.android.settings}
12-05 10:06:09.023 8696 8775 D EGL_emulation: app_time_stats: avg=1001.68ms min=1001.68ms max=1001.68ms count=1
12-05 10:06:09.023 352 352 W RanchuHwc: validateDisplay: layer 31 CompositionType 1, fallback
12-05 10:06:09.039 352 352 W RanchuHwc: presentDisplay display has no layers to compose, flushing client target buffer.
12-05 10:06:09.078 8320 8406 W IndexDataConverter: Skipping index for null-key item IndexData.Builder {title: Alarmas y otras interrupciones,package: com.android.settings}
12-05 10:06:09.119 1081 1120 W SQLiteLog: (28) double-quoted string literal: "89860318640220133897"
12-05 10:06:09.125 1081 1120 W SQLiteLog: (28) double-quoted string literal: "89860318640220133897"
12-05 10:06:09.173 8495 8535 W SettingsPrefController: Skipping updateNonIndexableKeys, key already in list. com.android.settings.network.telephony.DisableSimFooterPreferenceController@d545fd6
12-05 10:06:09.173 8495 8535 W SettingsPrefController: Skipping updateNonIndexableKeys, key already in list. com.android.settings.network.telephony.NrDisabledInDsdsFooterPreferenceController@7a43257
12-05 10:06:09.189 7846 8106 I TapAndPay: Sending QUICK_ACCESS_WALLET_STATE_CHANGED broadcast to wallet app. [CONTEXT service_id=79 ]
12-05 10:06:09.193 8407 8881 E GoogleApiManager: Failed to get service from broker.
12-05 10:06:09.193 8407 8881 E GoogleApiManager: java.lang.SecurityException: Unknown calling package name 'com.google.android.gms'.
12-05 10:06:09.193 8407 8881 E GoogleApiManager: at android.os.Parcel.createExceptionOrNull(Parcel.java:2425)
12-05 10:06:09.193 8407 8881 E GoogleApiManager: at android.os.Parcel.createException(Parcel.java:2409)
12-05 10:06:09.193 8407 8881 E GoogleApiManager: at android.os.Parcel.readException(Parcel.java:2392)
12-05 10:06:09.193 8407 8881 E GoogleApiManager: at android.os.Parcel.readException(Parcel.java:2334)
12-05 10:06:09.193 8407 8881 E GoogleApiManager: at alti.a(:com.google.android.gms@244337026@24.43.37 (150800-693941914):36)
12-05 10:06:09.193 8407 8881 E GoogleApiManager: at alrp.z(:com.google.android.gms@244337026@24.43.37 (150800-693941914):150)
12-05 10:06:09.193 8407 8881 E GoogleApiManager: at akyx.run(:com.google.android.gms@244337026@24.43.37 (150800-693941914):54)
12-05 10:06:09.193 8407 8881 E GoogleApiManager: at android.os.Handler.handleCallback(Handler.java:938)
12-05 10:06:09.193 8407 8881 E GoogleApiManager: at android.os.Handler.dispatchMessage(Handler.java:99)
12-05 10:06:09.193 8407 8881 E GoogleApiManager: at bqpi.lQ(:com.google.android.gms@244337026@24.43.37 (150800-693941914):1)
12-05 10:06:09.193 8407 8881 E GoogleApiManager: at bqpi.dispatchMessage(:com.google.android.gms@244337026@24.43.37 (150800-693941914):5)
12-05 10:06:09.193 8407 8881 E GoogleApiManager: at android.os.Looper.loopOnce(Looper.java:201)
12-05 10:06:09.193 8407 8881 E GoogleApiManager: at android.os.Looper.loop(Looper.java:288)
12-05 10:06:09.193 8407 8881 E GoogleApiManager: at android.os.HandlerThread.run(HandlerThread.java:67)
12-05 10:06:09.202 8495 8535 D PrefCtrlListHelper: Could not find Context-only controller for pref: com.android.settings.display.AutoBrightnessPreferenceController
12-05 10:06:09.202 8495 8535 D PrefCtrlListHelper: Could not find Context-only controller for pref: com.android.settings.security.screenlock.LockScreenPreferenceController
12-05 10:06:09.202 8495 8535 D PrefCtrlListHelper: Could not find Context-only controller for pref: com.android.settings.display.ScreenTimeoutPreferenceController
12-05 10:06:09.203 8495 8535 D PrefCtrlListHelper: Could not find Context-only controller for pref: com.android.settings.display.DarkUIPreferenceController
12-05 10:06:09.204 8495 8535 D PrefCtrlListHelper: Could not find Context-only controller for pref: com.android.settings.display.FontSizePreferenceController
12-05 10:06:09.206 8495 8535 D PrefCtrlListHelper: Could not find Context-only controller for pref: com.android.settings.display.NightDisplayPreferenceController
12-05 10:06:09.228 8495 8535 D PrefCtrlListHelper: Could not find Context-only controller for pref: com.android.settings.display.ColorModePreferenceController
12-05 10:06:09.228 8495 8535 D PrefCtrlListHelper: Could not find Context-only controller for pref: com.android.settings.display.SmartAutoRotatePreferenceController
12-05 10:06:09.231 8495 8535 D PrefCtrlListHelper: Could not find Context-only controller for pref: com.android.settings.display.DisplayWhiteBalancePreferenceController
12-05 10:06:09.231 8495 8535 D PrefCtrlListHelper: Could not find Context-only controller for pref: com.android.settings.display.PeakRefreshRatePreferenceController
12-05 10:06:09.232 8495 8535 D RefreshRatePrefCtr: DEFAULT_REFRESH_RATE : 60.0 mPeakRefreshRate : 60.0
12-05 10:06:09.248 8320 8406 W IndexDataConverter: Skipping index for null-key item IndexData.Builder {title: Administrar teclados en pantalla,package: com.android.settings}
12-05 10:06:09.252 8495 8535 D PrefCtrlListHelper: Could not find Context-only controller for pref: com.google.android.settings.touch.TouchSensitivityPreferenceController
12-05 10:06:09.269 7846 8106 I NetworkScheduler.Stats: Task com.google.android.gms/com.google.android.gms.tapandpay.gcmtask.TapAndPayGcmTaskService started execution. cause:5 exec_start_elapsed_seconds: 533 [CONTEXT service_id=218 ]
12-05 10:06:09.271 7846 8106 W ChimeraUtils: Module com.google.android.gms.tapandpay missing resource null(0)
12-05 10:06:09.274 8320 8406 W IndexDataConverter: Skipping index for null-key item IndexData.Builder {title: null,package: com.android.settings}
12-05 10:06:09.279 8320 8406 W IndexDataConverter: Skipping index for null-key item IndexData.Builder {title: null,package: com.android.settings}
12-05 10:06:09.279 8320 8406 W IndexDataConverter: Skipping index for null-key item IndexData.Builder {title: null,package: com.android.settings}
12-05 10:06:09.294 7846 7846 D BoundBrokerSvc: onUnbind: Intent { act=com.google.android.gms.nearby.presence.service.START dat=chimera-action: cmp=com.google.android.gms/.chimera.PersistentApiServiceNoInstantApps }
12-05 10:06:09.295 7846 8106 W ChimeraUtils: Module com.google.android.gms.tapandpay missing resource null(0)
12-05 10:06:09.317 8320 8406 W IndexDataConverter: Skipping index for null-key item IndexData.Builder {title: Ahorro de batería,package: com.android.settings}
12-05 10:06:09.319 8320 8406 W IndexDataConverter: Skipping index for null-key item IndexData.Builder {title: Extiende la duración de la batería y mejora el rendimiento del dispositivo mediante la administración automática de las conexiones de red,package: com.android.settings}
12-05 10:06:09.321 7846 8079 I NetworkScheduler.Stats: Task com.google.android.gms/com.google.android.gms.tapandpay.gcmtask.TapAndPayGcmTaskService finished executing. cause:5 result: 1 elapsed_millis: 471 uptime_millis: 471 exec_start_elapsed_seconds: 533 [CONTEXT service_id=218 ]
12-05 10:06:09.325 8495 8535 V SettingsSearchProvider: com.android.settings.accessibility.ToggleReduceBrightColorsPreferenceFragment$2@d4f9cf3 tried to add an empty non-indexable key
12-05 10:06:09.326 8495 8535 D PrefCtrlListHelper: Could not find Context-only controller for pref: com.android.settings.applications.specialaccess.vrlistener.VrListenerScreenPreferenceController
12-05 10:06:09.339 8495 8535 D PrefCtrlListHelper: Could not find Context-only controller for pref: com.android.settings.display.AutoRotatePreferenceController
12-05 10:06:09.343 8495 8535 D PrefCtrlListHelper: Could not find Context-only controller for pref: com.android.settings.display.SmartAutoRotatePermissionController
12-05 10:06:09.357 7846 8398 I dpws$a : Unable to retrieve flag snapshot for com.google.android.gms.pay, using defaults.
12-05 10:06:09.359 8495 8535 D PrefCtrlListHelper: Could not find Context-only controller for pref: com.android.settings.display.SmartAutoRotateCameraStateController
12-05 10:06:09.361 8495 8535 D PrefCtrlListHelper: Could not find Context-only controller for pref: com.android.settings.display.SmartAutoRotateBatterySaverController
12-05 10:06:09.362 8495 8535 D PrefCtrlListHelper: Could not find Context-only controller for pref: com.android.settings.display.SmartAutoRotateController
12-05 10:06:09.371 8320 8406 W IndexDataConverter: Skipping index for null-key item IndexData.Builder {title: null,package: com.android.settings}
12-05 10:06:09.378 8320 8406 W IndexDataConverter: Skipping index for null-key item IndexData.Builder {title: Atenuación extra,package: com.android.settings}
12-05 10:06:09.397 8495 8535 V SettingsSearchProvider: com.android.settings.search.BaseSearchIndexProvider@39a54dc tried to add an empty non-indexable key
12-05 10:06:09.397 8495 8535 V SettingsSearchProvider: com.google.android.settings.aware.AwareDisplaySettings$1@6d3cba tried to add an empty non-indexable key
12-05 10:06:09.398 8495 8535 D PrefCtrlListHelper: Could not find Context-only controller for pref: com.android.settings.deviceinfo.legal.CopyrightPreferenceController
12-05 10:06:09.398 8495 8535 D PrefCtrlListHelper: Could not find Context-only controller for pref: com.android.settings.deviceinfo.legal.LicensePreferenceController
12-05 10:06:09.398 8495 8535 D PrefCtrlListHelper: Could not find Context-only controller for pref: com.android.settings.deviceinfo.legal.TermsPreferenceController
12-05 10:06:09.398 8495 8535 D PrefCtrlListHelper: Could not find Context-only controller for pref: com.android.settings.deviceinfo.legal.ModuleLicensesListPreferenceController
12-05 10:06:09.398 8495 8535 D PrefCtrlListHelper: Could not find Context-only controller for pref: com.android.settings.deviceinfo.legal.WebViewLicensePreferenceController
12-05 10:06:09.399 8495 8535 D PrefCtrlListHelper: Could not find Context-only controller for pref: com.android.settings.deviceinfo.legal.WallpaperAttributionsPreferenceController
12-05 10:06:09.444 8495 8535 D PrefCtrlListHelper: Could not find Context-only controller for pref: com.android.settings.privacy.WorkPolicyInfoPreferenceController
12-05 10:06:09.444 8495 8535 D PrefCtrlListHelper: Could not find Context-only controller for pref: com.android.settings.applications.specialaccess.interactacrossprofiles.InteractAcrossProfilesController
12-05 10:06:09.444 8495 8535 D PrefCtrlListHelper: Could not find Context-only controller for pref: com.android.settings.privacy.AccessibilityUsagePreferenceController
12-05 10:06:09.446 8495 8535 D PrefCtrlListHelper: Could not find Context-only controller for pref: com.android.settings.privacy.PrivacyHubPreferenceController
12-05 10:06:09.447 8495 8535 D PrefCtrlListHelper: Could not find Context-only controller for pref: com.android.settings.privacy.CameraToggleController
12-05 10:06:09.448 8495 8535 D PrefCtrlListHelper: Could not find Context-only controller for pref: com.android.settings.privacy.MicToggleController
12-05 10:06:09.448 8495 8535 D PrefCtrlListHelper: Could not find Context-only controller for pref: com.android.settings.privacy.EnableContentCapturePreferenceController
12-05 10:06:09.457 8495 8535 D PrefCtrlListHelper: Could not find Context-only controller for pref: com.android.settings.privacy.EnableContentCaptureWithServiceSettingsPreferenceController
12-05 10:06:09.468 8495 8535 W PrefControllerMixin: Skipping updateNonIndexableKeys due to empty key com.android.settings.notification.LockScreenNotificationPreferenceController@7226a86
12-05 10:06:09.474 8495 8535 W SettingsPrefController: Skipping updateNonIndexableKeys, key already in list. com.android.settings.applications.specialaccess.interactacrossprofiles.InteractAcrossProfilesController@fc05f47
12-05 10:06:09.479 8495 8535 D PrefCtrlListHelper: Could not find Context-only controller for pref: com.android.settings.network.AdaptiveConnectivityTogglePreferenceController
12-05 10:06:09.479 8495 8535 V SettingsSearchProvider: com.android.settings.search.BaseSearchIndexProvider@c01e09d tried to add an empty non-indexable key
12-05 10:06:09.488 8495 8535 D PrefCtrlListHelper: Could not find Context-only controller for pref: com.android.settings.inputmethod.UserDictionaryListPreferenceController
12-05 10:06:09.491 8495 8535 D PrefCtrlListHelper: Could not find Context-only controller for pref: com.android.settings.display.darkmode.DarkModeActivationPreferenceController
12-05 10:06:09.492 8495 8535 D PrefCtrlListHelper: Could not find Context-only controller for pref: com.android.settings.display.TwilightLocationPreferenceController
12-05 10:06:09.492 8495 8535 D PrefCtrlListHelper: Could not find Context-only controller for pref: com.android.settings.display.darkmode.DarkModeScheduleSelectorController
12-05 10:06:09.505 8495 8535 D PrefCtrlListHelper: Could not find Context-only controller for pref: com.android.settings.gestures.DoubleTwistPreferenceController
12-05 10:06:09.506 8495 8535 V SettingsSearchProvider: com.google.android.settings.aware.SkipGestureSettings$1@68d8655 tried to add an empty non-indexable key
12-05 10:06:09.507 7846 8106 I NetworkScheduler.Stats: Task com.google.android.gms/com.google.android.gms.phenotype.service.sync.PhenotypeConfigurator started execution. cause:5 exec_start_elapsed_seconds: 533 [CONTEXT service_id=218 ]
12-05 10:06:09.513 8495 8535 D PrefCtrlListHelper: Could not find Context-only controller for pref: com.android.settings.accessibility.ToggleAutoclickCustomSeekbarController
12-05 10:06:09.513 8495 8535 D PrefCtrlListHelper: Could not find Context-only controller for pref: com.android.settings.accessibility.ToggleAutoclickFooterPreferenceController
12-05 10:06:09.516 8495 8535 D PrefCtrlListHelper: Could not find Context-only controller for pref: com.android.settings.notification.RemoteVolumeGroupController
12-05 10:06:09.526 7846 8079 I NetworkScheduler.Stats: Task com.google.android.gms/com.google.android.gms.tapandpay.gcmtask.TapAndPayGcmTaskService finished executing. cause:5 result: 1 elapsed_millis: 291 uptime_millis: 291 exec_start_elapsed_seconds: 533 [CONTEXT service_id=218 ]
12-05 10:06:09.552 8320 8406 W IndexDataConverter: Skipping index for null-key item IndexData.Builder {title: null,package: com.android.settings}
12-05 10:06:09.558 8320 8406 W IndexDataConverter: Skipping index for null-key item IndexData.Builder {title: null,package: com.android.settings}
12-05 10:06:09.568 8320 8406 W IndexDataConverter: Skipping index for null-key item IndexData.Builder {title: Depuración inalámbrica,package: com.android.settings}
12-05 10:06:09.589 849 1896 D BluetoothDatabase: getBondedDevicesOrdered: Invalid address for device LocalStorage
12-05 10:06:09.599 849 1896 D BluetoothDatabase: getBondedDevicesOrdered: Invalid address for device LocalStorage
12-05 10:06:09.601 8495 8535 D PrefCtrlListHelper: Could not find Context-only controller for pref: com.android.settings.sound.MediaOutputPreferenceController
12-05 10:06:09.672 8495 8535 V MediaRouter: Selecting route: RouteInfo{ name=Dispositivo, description=null, status=null, category=RouteCategory{ name=Sistema types=ROUTE_TYPE_LIVE_AUDIO ROUTE_TYPE_LIVE_VIDEO groupable=false }, supportedTypes=ROUTE_TYPE_LIVE_AUDIO ROUTE_TYPE_LIVE_VIDEO , presentationDisplay=null }
12-05 10:06:09.674 8495 8535 I MediaRouter: Skip setBluetoothA2dpOn(): types=8388615, isPlaybackActive()=false, BT route=null
12-05 10:06:09.677 8495 8535 D PrefCtrlListHelper: Could not find Context-only controller for pref: com.android.settings.notification.CallVolumePreferenceController
12-05 10:06:09.677 8495 8535 D PrefCtrlListHelper: Could not find Context-only controller for pref: com.android.settings.sound.HandsFreeProfileOutputPreferenceController
12-05 10:06:09.685 8495 8535 D PrefCtrlListHelper: Could not find Context-only controller for pref: com.android.settings.notification.zen.ZenModePreferenceController
12-05 10:06:09.686 8495 8535 D PrefCtrlListHelper: Could not find Context-only controller for pref: com.android.settings.sound.MediaControlsParentPreferenceController
12-05 10:06:09.687 8495 8535 D PrefCtrlListHelper: Could not find Context-only controller for pref: com.google.android.settings.accessibility.VibrationPreferenceController
12-05 10:06:09.689 8495 8535 D PrefCtrlListHelper: Could not find Context-only controller for pref: com.android.settings.gestures.PreventRingingParentPreferenceController
12-05 10:06:09.689 8495 8535 D PrefCtrlListHelper: Could not find Context-only controller for pref: com.android.settings.notification.WorkSoundsPreferenceController
12-05 10:06:09.708 8495 8535 D PrefCtrlListHelper: Could not find Context-only controller for pref: com.android.settings.accessibility.MagnificationModePreferenceController
12-05 10:06:09.713 8495 8535 V SettingsSearchProvider: com.android.settings.notification.SoundWorkSettings$1@96b7ac2 tried to add an empty non-indexable key
12-05 10:06:09.714 8495 8535 V WifiManager: registerSoftApCallback: callback=com.android.settings.wifi.tether.WifiTetherSecurityPreferenceController@b8e2410, executor=android.os.HandlerExecutor@ee26b09
12-05 10:06:09.717 8495 8534 V WifiManager: SoftApCallbackProxy: send InfoChanged, newInfo: SoftApInfo{bandwidth= 0, frequency= 0, wifiStandard= 0, mApInstanceIdentifier= null, mIdleShutdownTimeoutMillis= 0}
12-05 10:06:09.718 8495 8534 V WifiManager: SoftApCallbackProxy: send InfoChanged, changedInfoList: []
12-05 10:06:09.718 8495 8534 V WifiManager: SoftApCallbackProxy: send onConnectedClientsChanged(clients): []
12-05 10:06:09.716 8340 8654 D CompatibilityChangeReporter: Compat change id reported: 150939131; UID 10097; state: ENABLED
12-05 10:06:09.718 8495 8495 I wifi_tether_security: WPA3 SAE is not supported on this device
12-05 10:06:09.718 8495 8495 V WifiManager: unregisterSoftApCallback: callback=com.android.settings.wifi.tether.WifiTetherSecurityPreferenceController@b8e2410
12-05 10:06:09.730 8340 8404 I BugleRcsEngine: [640] aotd.l: Reinitialize CSLib Flags: com.google.android.ims.library
12-05 10:06:09.742 7993 8024 I BugleRcsProvisioning: BugleSystemBindingManager: onCsLibPhenotypeUpdated
12-05 10:06:09.747 8495 8535 D WifiTetherMaximizeCompatibilityPref: getBand:1
12-05 10:06:09.772 8495 8535 D PrefCtrlListHelper: Could not find Context-only controller for pref: com.android.settings.gestures.GestureNavigationSettingsAssistController
12-05 10:06:09.809 8495 8535 V SettingsSearchProvider: com.android.settings.nfc.PaymentSettings$1@6bdaec5 tried to add an empty non-indexable key
12-05 10:06:09.811 8495 8535 D PrefCtrlListHelper: Could not find Context-only controller for pref: com.android.settings.gestures.LongPressPowerButtonPreferenceController
12-05 10:06:09.811 8495 8535 D PrefCtrlListHelper: Could not find Context-only controller for pref: com.android.settings.gestures.LongPressPowerSensitivityPreferenceController
12-05 10:06:09.819 8320 8406 W IndexDataConverter: Skipping index for null-key item IndexData.Builder {title: Contenido multimedia,package: com.android.settings}
12-05 10:06:09.822 8495 8535 D PrefCtrlListHelper: Could not find Context-only controller for pref: com.android.settings.network.NetworkProviderSimsCategoryController
12-05 10:06:09.822 8495 8535 W PrefCtrlListHelper: Cannot instantiate controller from reflection: com.android.settings.network.NetworkProviderSimsCategoryController
12-05 10:06:09.823 8495 8535 D PrefCtrlListHelper: Could not find Context-only controller for pref: com.android.settings.network.NetworkProviderDownloadedSimsCategoryController
12-05 10:06:09.823 8495 8535 W PrefCtrlListHelper: Cannot instantiate controller from reflection: com.android.settings.network.NetworkProviderDownloadedSimsCategoryController
12-05 10:06:09.823 8495 8535 D PrefCtrlListHelper: Could not find Context-only controller for pref: com.android.settings.inputmethod.InputMethodPreferenceController
12-05 10:06:09.838 8495 8535 D PrefCtrlListHelper: Could not find Context-only controller for pref: com.android.settings.deviceinfo.hardwareinfo.DeviceModelPreferenceController
12-05 10:06:09.839 8495 8535 D PrefCtrlListHelper: Could not find Context-only controller for pref: com.android.settings.deviceinfo.hardwareinfo.SerialNumberPreferenceController
12-05 10:06:09.839 8495 8535 D PrefCtrlListHelper: Could not find Context-only controller for pref: com.android.settings.deviceinfo.hardwareinfo.HardwareRevisionPreferenceController
12-05 10:06:09.848 8495 8535 D PrefCtrlListHelper: Could not find Context-only controller for pref: com.android.settings.accessibility.AccessibilityButtonPreviewPreferenceController
12-05 10:06:09.848 8495 8535 D PrefCtrlListHelper: Could not find Context-only controller for pref: com.android.settings.accessibility.AccessibilityButtonLocationPreferenceController
12-05 10:06:09.848 8495 8535 D PrefCtrlListHelper: Could not find Context-only controller for pref: com.android.settings.accessibility.AccessibilityButtonGesturePreferenceController
12-05 10:06:09.848 8495 8535 D PrefCtrlListHelper: Could not find Context-only controller for pref: com.android.settings.accessibility.FloatingMenuSizePreferenceController
12-05 10:06:09.848 8495 8535 D PrefCtrlListHelper: Could not find Context-only controller for pref: com.android.settings.accessibility.FloatingMenuFadePreferenceController
12-05 10:06:09.849 8495 8535 D PrefCtrlListHelper: Could not find Context-only controller for pref: com.android.settings.accessibility.FloatingMenuTransparencyPreferenceController
12-05 10:06:09.849 8495 8535 D PrefCtrlListHelper: Could not find Context-only controller for pref: com.android.settings.accessibility.AccessibilityButtonFooterPreferenceController
12-05 10:06:09.852 7846 8396 W coff : Phenotype API error. Event: # fccr@3c152382, EventCode: COMMIT_CONFIG [CONTEXT service_id=51 ]
12-05 10:06:09.852 7846 8396 W coff : codn: 29542: Stale snapshot for com.google.android.apps.messaging#com.google.android.apps.messaging(new configuration available)
12-05 10:06:09.852 7846 8396 W coff : at cofk.c(:com.google.android.gms@244337026@24.43.37 (150800-693941914):350)
12-05 10:06:09.852 7846 8396 W coff : at cofk.b(:com.google.android.gms@244337026@24.43.37 (150800-693941914):94)
12-05 10:06:09.852 7846 8396 W coff : at cofj.i(:com.google.android.gms@244337026@24.43.37 (150800-693941914):3)
12-05 10:06:09.852 7846 8396 W coff : at coff.h(:com.google.android.gms@244337026@24.43.37 (150800-693941914):18)
12-05 10:06:09.852 7846 8396 W coff : at coff.f(:com.google.android.gms@244337026@24.43.37 (150800-693941914):11)
12-05 10:06:09.852 7846 8396 W coff : at bpnh.fj(:com.google.android.gms@244337026@24.43.37 (150800-693941914):1)
12-05 10:06:09.852 7846 8396 W coff : at bpnt.run(:com.google.android.gms@244337026@24.43.37 (150800-693941914):66)
12-05 10:06:09.852 7846 8396 W coff : at eaxt.run(:com.google.android.gms@244337026@24.43.37 (150800-693941914):21)
12-05 10:06:09.852 7846 8396 W coff : at amjy.c(:com.google.android.gms@244337026@24.43.37 (150800-693941914):50)
12-05 10:06:09.852 7846 8396 W coff : at amjy.run(:com.google.android.gms@244337026@24.43.37 (150800-693941914):97)
12-05 10:06:09.852 7846 8396 W coff : at java.util.concurrent.ThreadPoolExecutor.runWorker(ThreadPoolExecutor.java:1167)
12-05 10:06:09.852 7846 8396 W coff : at java.util.concurrent.ThreadPoolExecutor$Worker.run(ThreadPoolExecutor.java:641)
12-05 10:06:09.852 7846 8396 W coff : at ampj.run(:com.google.android.gms@244337026@24.43.37 (150800-693941914):8)
12-05 10:06:09.852 7846 8396 W coff : at java.lang.Thread.run(Thread.java:920)
12-05 10:06:09.872 7846 8396 W AsyncOperation: operation=CommitToConfigurationOperationCall, opStatusCode=29542 [CONTEXT service_id=51 ]
12-05 10:06:09.872 7846 8396 W AsyncOperation: OperationException[Status{statusCode=Stale snapshot for com.google.android.apps.messaging#com.google.android.apps.messaging(new configuration available), resolution=null}]
12-05 10:06:09.872 7846 8396 W AsyncOperation: at coff.h(:com.google.android.gms@244337026@24.43.37 (150800-693941914):48)
12-05 10:06:09.872 7846 8396 W AsyncOperation: at coff.f(:com.google.android.gms@244337026@24.43.37 (150800-693941914):11)
12-05 10:06:09.872 7846 8396 W AsyncOperation: at bpnh.fj(:com.google.android.gms@244337026@24.43.37 (150800-693941914):1)
12-05 10:06:09.872 7846 8396 W AsyncOperation: at bpnt.run(:com.google.android.gms@244337026@24.43.37 (150800-693941914):66)
12-05 10:06:09.872 7846 8396 W AsyncOperation: at eaxt.run(:com.google.android.gms@244337026@24.43.37 (150800-693941914):21)
12-05 10:06:09.872 7846 8396 W AsyncOperation: at amjy.c(:com.google.android.gms@244337026@24.43.37 (150800-693941914):50)
12-05 10:06:09.872 7846 8396 W AsyncOperation: at amjy.run(:com.google.android.gms@244337026@24.43.37 (150800-693941914):97)
12-05 10:06:09.872 7846 8396 W AsyncOperation: at java.util.concurrent.ThreadPoolExecutor.runWorker(ThreadPoolExecutor.java:1167)
12-05 10:06:09.872 7846 8396 W AsyncOperation: at java.util.concurrent.ThreadPoolExecutor$Worker.run(ThreadPoolExecutor.java:641)
12-05 10:06:09.872 7846 8396 W AsyncOperation: at ampj.run(:com.google.android.gms@244337026@24.43.37 (150800-693941914):8)
12-05 10:06:09.872 7846 8396 W AsyncOperation: at java.lang.Thread.run(Thread.java:920)
12-05 10:06:09.877 7993 8028 W PhenotypeFlagCommitter: Committing snapshot for com.google.android.apps.messaging#com.google.android.apps.messaging failed, retrying
12-05 10:06:09.878 8320 8406 W IndexDataConverter: Skipping index for null-key item IndexData.Builder {title: Copia de seguridad,package: com.android.settings}
12-05 10:06:09.885 8320 8406 W IndexDataConverter: Skipping index for null-key item IndexData.Builder {title: Tiempo de espera de la pantalla,package: com.android.settings}
12-05 10:06:09.886 8320 8406 W IndexDataConverter: Skipping index for null-key item IndexData.Builder {title: SIM,package: com.android.settings}
12-05 10:06:09.888 8495 8535 D FaceSettings: FaceManager is null
12-05 10:06:09.889 8495 8535 D FaceSettings: FaceManager is null
12-05 10:06:09.889 8495 8535 D FaceSettings: Get non indexable keys. isFaceHardwareDetected: false, size:12
12-05 10:06:09.889 8495 8535 V SettingsSearchProvider: com.android.settings.biometrics.face.FaceSettings$1@b1554c3 tried to add an empty non-indexable key
12-05 10:06:09.894 8495 8535 V SettingsSearchProvider: com.android.settings.datetime.timezone.TimeZoneSettings$1@dff2879 tried to add an empty non-indexable key
12-05 10:06:09.899 8495 8535 D PrefCtrlListHelper: Could not find Context-only controller for pref: com.android.settings.applications.specialaccess.premiumsms.PremiumSmsScreenPreferenceController
12-05 10:06:09.900 8495 8535 V SettingsSearchProvider: com.google.android.settings.aware.AwareSettings$1@a40d335 tried to add an empty non-indexable key
12-05 10:06:09.914 8495 8535 D PrefCtrlListHelper: Could not find Context-only controller for pref: com.android.settings.backup.BackupDataPreferenceController
12-05 10:06:09.915 8495 8535 D PrefCtrlListHelper: Could not find Context-only controller for pref: com.android.settings.backup.ConfigureAccountPreferenceController
12-05 10:06:09.915 8495 8535 D PrefCtrlListHelper: Could not find Context-only controller for pref: com.android.settings.backup.DataManagementPreferenceController
12-05 10:06:09.915 8495 8535 D PrefCtrlListHelper: Could not find Context-only controller for pref: com.android.settings.backup.AutoRestorePreferenceController
12-05 10:06:09.915 8495 8535 D PrefCtrlListHelper: Could not find Context-only controller for pref: com.android.settings.backup.BackupInactivePreferenceController
12-05 10:06:09.925 1931 1931 W A : Received update for unknown package com.google.android.gms.icing.mdd#com.google.android.googlequicksearchbox; known packages [assistant_auto_tng_libraries_device#com.google.android.googlequicksearchbox, assistant_auto_tng_libraries_user#com.google.android.googlequicksearchbox, com.google.android.apps.search.assistant.verticals.memory#com.google.android.googlequicksearchbox, com.google.android.apps.search.assistant.device#com.google.android.googlequicksearchbox, com.google.android.apps.search.assistant.user#com.google.android.googlequicksearchbox, com.google.android.apps.search.faceviewer#com.google.android.googlequicksearchbox, com.google.android.libraries.search.googleapp.device#com.google.android.googlequicksearchbox, com.google.android.libraries.search.googleapp.user#com.google.android.googlequicksearchbox, com.google.android.apps.search.hsi.device#com.google.android.googlequicksearchbox, com.google.android.apps.gsa.pcp.device#com.google.android.googlequicksearchbox, com.google.android.apps.gsa.pcp.user#com.google.android.googlequicksearchbox, com.google.android.apps.podcasts_android.device#com.google.android.googlequicksearchbox, com.google.android.apps.podcasts_android.user#com.google.android.googlequicksearchbox, com.google.android.apps.search.pronunciationlearning#com.google.android.googlequicksearchbox, com.google.ar.sceneviewer.android.device#com.google.android.googlequicksearchbox, com.google.ar.sceneviewer.android.user#com.google.android.googlequicksearchbox, com.google.android.apps.search.soundsearch.device#com.google.android.googlequicksearchbox, com.google.android.apps.search.soundsearch.user#com.google.android.googlequicksearchbox, com.google.android.libraries.assistant.symbiote#com.google.android.googlequicksearchbox, com.google.android.libraries.search.device#com.google.android.googlequicksearchbox, com.google.android.libraries.search.user#com.google.android.googlequicksearchbox, com.google.android.apps.search.transcription.device#com.google.android.googlequicksearchbox, com.google.android.apps.search.transcription.uidevice#com.google.android.googlequicksearchbox]
12-05 10:06:09.928 8320 8406 W IndexDataConverter: Skipping index for null-key item IndexData.Builder {title: Navegación del sistema,package: com.android.settings}
12-05 10:06:09.962 7993 8024 I BugleRcsEngine: [602] afqy.b: SystemBindingManager: force P/H Flag update scheduled and start updateBinding
12-05 10:06:09.962 7993 8024 I Bugle : RcsAvailabilityUtilForProvisioningEngineV2: onCsLibPhenotypeUpdated
12-05 10:06:09.964 7993 8024 I BugleRcsProvisioning: RcsProvisioningTrigger: onCsLibPhenotypeUpdated, enableProvisioningTaskInBugle = true
12-05 10:06:09.967 1931 1931 I BgTaskExecutorImpl: Starting EXCLUSIVE background task FETCH_CONFIGS_FROM_PHENOTYPE.
12-05 10:06:09.984 8495 8535 D PrefCtrlListHelper: Could not find Context-only controller for pref: com.android.settings.accessibility.ReduceBrightColorsPreferenceController
12-05 10:06:09.984 8495 8535 D PrefCtrlListHelper: Could not find Context-only controller for pref: com.android.settings.display.DarkUIPreferenceController
12-05 10:06:09.987 8495 8535 D PrefCtrlListHelper: Could not find Context-only controller for pref: com.android.settings.accessibility.MagnificationPreferenceController
12-05 10:06:09.988 8495 8535 D PrefCtrlListHelper: Could not find Context-only controller for pref: com.google.android.settings.accessibility.VibrationPreferenceController
12-05 10:06:09.995 8320 8406 W IndexDataConverter: Skipping index for null-key item IndexData.Builder {title: Más opciones,package: com.android.settings}
12-05 10:06:09.999 1931 1931 I Notifications: [ChimeBroadcastReceiver] Intent received for action [com.google.android.gms.phenotype.UPDATE] package [com.google.android.googlequicksearchbox].
12-05 10:06:09.999 1931 1931 I Notifications: [ChimeBroadcastReceiver] Phenotype initialized.
12-05 10:06:10.005 8495 8535 D PrefCtrlListHelper: Could not find Context-only controller for pref: com.android.settings.accessibility.LiveCaptionPreferenceController
12-05 10:06:10.006 8495 8535 D PrefCtrlListHelper: Could not find Context-only controller for pref: com.android.settings.accessibility.CaptioningPreferenceController
12-05 10:06:10.009 7993 8946 W BugleRcsEngine: [659] aoet.x: Unable to send diagnostic log
12-05 10:06:10.014 8495 8535 D PrefCtrlListHelper: Could not find Context-only controller for pref: com.android.settings.accessibility.RTTSettingPreferenceController
12-05 10:06:10.014 8495 8535 D RTTSettingsCtr: init controller
12-05 10:06:10.017 8495 8535 D PrefCtrlListHelper: Could not find Context-only controller for pref: com.android.settings.accessibility.AccessibilityHearingAidPreferenceController
12-05 10:06:10.020 8495 8535 D PrefCtrlListHelper: Could not find Context-only controller for pref: com.android.settings.language.TtsPreferenceController
12-05 10:06:10.033 1931 1931 I Notifications: [ChimeBroadcastReceiver] Validation failed for action [com.google.android.gms.phenotype.UPDATE].
12-05 10:06:10.035 8696 8775 D EGL_emulation: app_time_stats: avg=1011.70ms min=1011.70ms max=1011.70ms count=1
12-05 10:06:10.036 563 1795 D CompatibilityChangeReporter: Compat change id reported: 135634846; UID 10104; state: DISABLED
12-05 10:06:10.037 563 633 D CompatibilityChangeReporter: Compat change id reported: 143937733; UID 10104; state: ENABLED
12-05 10:06:10.040 352 352 W RanchuHwc: validateDisplay: layer 31 CompositionType 1, fallback
12-05 10:06:10.057 352 352 W RanchuHwc: presentDisplay display has no layers to compose, flushing client target buffer.
12-05 10:06:10.083 332 332 D Zygote : Forked child process 9098
12-05 10:06:10.085 8495 8535 D RTTSettingsCtr: isRttSettingSupported [start]
12-05 10:06:10.094 9098 9098 I Zygote : seccomp disabled by setenforce 0
12-05 10:06:10.110 9098 9098 W equicksearchbo: Unexpected CPU variant for X86 using defaults: x86_64
12-05 10:06:10.119 8320 8406 W IndexDataConverter: Skipping index for null-key item IndexData.Builder {title: Compartir batería,package: com.android.settings}
12-05 10:06:10.119 7993 8024 I BugleRcsProvisioning: RcsProvisioningTrigger: updateRcsAvailability : hint = CSLIB_PHENOTYPE_UPDATE
12-05 10:06:10.124 408 481 I adbd : jdwp connection from 9098
12-05 10:06:10.135 7993 8024 I Bugle : RcsAvailabilityUtilForProvisioningEngineV2: updateAvailabilityAsync, hint: CSLIB_PHENOTYPE_UPDATE
12-05 10:06:10.135 7993 8024 I Bugle : RcsAvailabilityUtilForProvisioningEngineV2: swapAvailabilityUpdater, provisioningTaskInBugle: true, activeRcsAvailabilityUpdater: aadu
12-05 10:06:10.156 563 1842 W ActivityManager: Slow operation: 120ms so far, now at startProcess: done updating battery stats
12-05 10:06:10.156 563 1842 W ActivityManager: Slow operation: 121ms so far, now at startProcess: building log message
12-05 10:06:10.156 563 1842 I ActivityManager: Start proc 9098:com.google.android.googlequicksearchbox/u0a104 for broadcast {com.google.android.googlequicksearchbox/com.google.android.libraries.phenotype.client.stable.PhenotypeUpdateBackgroundBroadcastReceiver}
12-05 10:06:10.156 563 1842 W ActivityManager: Slow operation: 121ms so far, now at startProcess: starting to update pids map
12-05 10:06:10.156 563 1842 W ActivityManager: Slow operation: 121ms so far, now at startProcess: done updating pids map
12-05 10:06:10.180 9098 9098 D CompatibilityChangeReporter: Compat change id reported: 171979766; UID 10104; state: DISABLED
12-05 10:06:10.186 7993 8024 W BugleRcsEngine: [602] apjw.a: [SR]: Single Registration is disabled. Skipping Single Registration capability check for subId: 1
12-05 10:06:10.195 563 633 W ActivityManager: Slow operation: 159ms so far, now at startProcess: returned from zygote!
12-05 10:06:10.207 8495 8535 D RTTSettingsCtr: subscription id for the device: 1
12-05 10:06:10.218 563 579 D CompatibilityChangeReporter: Compat change id reported: 183407956; UID 1000; state: ENABLED
12-05 10:06:10.233 563 579 I Telecom : PhoneAccountRegistrar: getSimCallManager: SimCallManager for subId 1 queried, returning: null
12-05 10:06:10.237 8495 8535 D RTTSettingsCtr: rtt calling supported by telecom:: false
12-05 10:06:10.237 8495 8535 D RTTSettingsCtr: isRttSettingSupported [Not support]
12-05 10:06:10.249 7993 8025 I BugleRcsEngine: [601] aobp.run: SystemBindingManager: SystemBinding enabled: true
12-05 10:06:10.250 7993 8025 I BugleRcsEngine: [601] aobq.b: System Binding updated
12-05 10:06:10.250 7993 8947 W BugleRcsEngine: [658] aoet.x: Unable to send diagnostic log
12-05 10:06:10.256 8987 9027 I CondFlagRegistrar: Registered for com.google.android.gms.providerinstaller#com.google.android.gms
12-05 10:06:10.280 8495 8535 W SettingsPrefController: Skipping updateNonIndexableKeys, key already in list. com.android.settings.users.AddUserWhenLockedPreferenceController@764b204
12-05 10:06:10.301 9098 9098 D nativeloader: classloader namespace configured for unbundled product apk. library_path=/product/priv-app/Velvet/lib/x86_64:/product/priv-app/Velvet/Velvet.apk!/lib/x86_64:/product/lib64:/system/product/lib64
12-05 10:06:10.309 8340 8404 W BugleRcsEngine: [640] aoet.x: Unable to send diagnostic log
12-05 10:06:10.309 8340 8404 I BugleRcsEngine: [640] apme.u: ProvisioningEngineManager: onCsLibPhenotypeUpdated, provisioningTaskInBugleEnabled = true, currentProvisioningStrategy = apqk
12-05 10:06:10.329 8495 8535 D PrefCtrlListHelper: Could not find Context-only controller for pref: com.android.settings.connecteddevice.NfcAndPaymentFragmentController
12-05 10:06:10.331 8495 8535 D PrefCtrlListHelper: Could not find Context-only controller for pref: com.android.settings.wfd.WifiDisplayPreferenceController
