12-05 10:06:23.763 8495 8535 W SliceDataConverter: at androidx.slice.compat.SliceProviderWrapperContainer$SliceProviderWrapper.call(SliceProviderWrapperContainer.java:122)
12-05 10:06:23.763 8495 8535 W SliceDataConverter: at android.content.ContentProvider.call(ContentProvider.java:2464)
12-05 10:06:23.763 8495 8535 W SliceDataConverter: at android.content.ContentProvider$Transport.call(ContentProvider.java:512)
12-05 10:06:23.763 8495 8535 W SliceDataConverter: at android.content.ContentProviderNative.onTransact(ContentProviderNative.java:295)
12-05 10:06:23.763 8495 8535 W SliceDataConverter: at android.os.Binder.execTransactInternal(Binder.java:1179)
12-05 10:06:23.763 8495 8535 W SliceDataConverter: at android.os.Binder.execTransact(Binder.java:1143)
12-05 10:06:23.763 8495 8535 W SliceDataConverter: Caused by: java.lang.reflect.InvocationTargetException
12-05 10:06:23.763 8495 8535 W SliceDataConverter: at java.lang.reflect.Constructor.newInstance0(Native Method)
12-05 10:06:23.763 8495 8535 W SliceDataConverter: at java.lang.reflect.Constructor.newInstance(Constructor.java:343)
12-05 10:06:23.763 8495 8535 W SliceDataConverter: at com.android.settings.core.BasePreferenceController.createInstance(BasePreferenceController.java:141)
12-05 10:06:23.763 8495 8535 W SliceDataConverter: ... 19 more
12-05 10:06:23.763 8495 8535 W SliceDataConverter: Caused by: java.lang.NullPointerException: Attempt to read from field 'android.os.MessageQueue android.os.Looper.mQueue' on a null object reference
12-05 10:06:23.763 8495 8535 W SliceDataConverter: at android.os.Handler.(Handler.java:257)
12-05 10:06:23.763 8495 8535 W SliceDataConverter: at android.os.Handler.(Handler.java:162)
12-05 10:06:23.763 8495 8535 W SliceDataConverter: at com.google.android.settings.gestures.columbus.ColumbusEnabledPreferenceController.(ColumbusEnabledPreferenceController.java:49)
12-05 10:06:23.763 8495 8535 W SliceDataConverter: ... 22 more
12-05 10:06:23.780 8495 8535 W UnsafeUtil: platform method missing - proto runtime falling back to safer methods: java.lang.NoSuchMethodException: sun.misc.Unsafe.copyMemory [class java.lang.Object, long, class java.lang.Object, long, long]
12-05 10:06:23.790 563 632 W BroadcastQueue: Background execution not allowed: receiving Intent { act=android.intent.action.DROPBOX_ENTRY_ADDED flg=0x10 (has extras) } to com.google.android.gms/.stats.service.DropBoxEntryAddedReceiver
12-05 10:06:23.798 8495 8535 D RTTSettingsCtr: init controller
12-05 10:06:23.802 8495 8535 D ch_callQuality: isDeviceSupport: falsemIsChecked: true
12-05 10:06:23.802 8495 8535 D ch_d2d : isDeviceSupport: falsemIsChecked: false
12-05 10:06:23.807 9344 9344 D CompatibilityChangeReporter: Compat change id reported: 171979766; UID 10158; state: DISABLED
12-05 10:06:23.811 8495 8535 W SliceDataConverter: Invalid data when building SliceData for com.android.settings.fuelgauge.batterysaver.BatterySaverSettings
12-05 10:06:23.811 8495 8535 W SliceDataConverter: com.android.settings.slices.SliceData$InvalidSliceDataException: Title cannot be empty
12-05 10:06:23.811 8495 8535 W SliceDataConverter: at com.android.settings.slices.SliceData$Builder.build(SliceData.java:264)
12-05 10:06:23.811 8495 8535 W SliceDataConverter: at com.android.settings.slices.SliceDataConverter.getSliceDataFromXML(SliceDataConverter.java:231)
12-05 10:06:23.811 8495 8535 W SliceDataConverter: at com.android.settings.slices.SliceDataConverter.getSliceDataFromProvider(SliceDataConverter.java:148)
12-05 10:06:23.811 8495 8535 W SliceDataConverter: at com.android.settings.slices.SliceDataConverter.getSliceData(SliceDataConverter.java:118)
12-05 10:06:23.811 8495 8535 W SliceDataConverter: at com.android.settings.slices.SlicesIndexer.getSliceData(SlicesIndexer.java:94)
12-05 10:06:23.811 8495 8535 W SliceDataConverter: at com.android.settings.slices.SlicesIndexer.indexSliceData(SlicesIndexer.java:75)
12-05 10:06:23.811 8495 8535 W SliceDataConverter: at com.android.settings.slices.SlicesFeatureProviderImpl.indexSliceData(SlicesFeatureProviderImpl.java:63)
12-05 10:06:23.811 8495 8535 W SliceDataConverter: at com.android.settings.slices.SlicesDatabaseAccessor.verifyIndexing(SlicesDatabaseAccessor.java:194)
12-05 10:06:23.811 8495 8535 W SliceDataConverter: at com.android.settings.slices.SlicesDatabaseAccessor.getSliceUris(SlicesDatabaseAccessor.java:96)
12-05 10:06:23.811 8495 8535 W SliceDataConverter: at com.android.settings.slices.SettingsSliceProvider.onGetSliceDescendants(SettingsSliceProvider.java:338)
12-05 10:06:23.811 8495 8535 W SliceDataConverter: at androidx.slice.compat.SliceProviderWrapperContainer$SliceProviderWrapper.onGetSliceDescendants(SliceProviderWrapperContainer.java:165)
12-05 10:06:23.811 8495 8535 W SliceDataConverter: at android.app.slice.SliceProvider.handleGetDescendants(SliceProvider.java:425)
12-05 10:06:23.811 8495 8535 W SliceDataConverter: at android.app.slice.SliceProvider.call(SliceProvider.java:406)
12-05 10:06:23.811 8495 8535 W SliceDataConverter: at androidx.slice.compat.SliceProviderWrapperContainer$SliceProviderWrapper.call(SliceProviderWrapperContainer.java:122)
12-05 10:06:23.811 8495 8535 W SliceDataConverter: at android.content.ContentProvider.call(ContentProvider.java:2464)
12-05 10:06:23.811 8495 8535 W SliceDataConverter: at android.content.ContentProvider$Transport.call(ContentProvider.java:512)
12-05 10:06:23.811 8495 8535 W SliceDataConverter: at android.content.ContentProviderNative.onTransact(ContentProviderNative.java:295)
12-05 10:06:23.811 8495 8535 W SliceDataConverter: at android.os.Binder.execTransactInternal(Binder.java:1179)
12-05 10:06:23.811 8495 8535 W SliceDataConverter: at android.os.Binder.execTransact(Binder.java:1143)
12-05 10:06:23.837 8495 8535 W SliceDataConverter: Get slice data from XML failed
12-05 10:06:23.837 8495 8535 W SliceDataConverter: java.lang.IllegalStateException: Invalid preference controller: com.android.settings.network.NetworkProviderSimsCategoryController
12-05 10:06:23.837 8495 8535 W SliceDataConverter: at com.android.settings.core.BasePreferenceController.createInstance(BasePreferenceController.java:144)
12-05 10:06:23.837 8495 8535 W SliceDataConverter: at com.android.settings.slices.SliceBuilderUtils.getPreferenceController(SliceBuilderUtils.java:387)
12-05 10:06:23.837 8495 8535 W SliceDataConverter: at com.android.settings.slices.SliceDataConverter.getSliceDataFromXML(SliceDataConverter.java:203)
12-05 10:06:23.837 8495 8535 W SliceDataConverter: at com.android.settings.slices.SliceDataConverter.getSliceDataFromProvider(SliceDataConverter.java:148)
12-05 10:06:23.837 8495 8535 W SliceDataConverter: at com.android.settings.slices.SliceDataConverter.getSliceData(SliceDataConverter.java:118)
12-05 10:06:23.837 8495 8535 W SliceDataConverter: at com.android.settings.slices.SlicesIndexer.getSliceData(SlicesIndexer.java:94)
12-05 10:06:23.837 8495 8535 W SliceDataConverter: at com.android.settings.slices.SlicesIndexer.indexSliceData(SlicesIndexer.java:75)
12-05 10:06:23.837 8495 8535 W SliceDataConverter: at com.android.settings.slices.SlicesFeatureProviderImpl.indexSliceData(SlicesFeatureProviderImpl.java:63)
12-05 10:06:23.837 8495 8535 W SliceDataConverter: at com.android.settings.slices.SlicesDatabaseAccessor.verifyIndexing(SlicesDatabaseAccessor.java:194)
12-05 10:06:23.837 8495 8535 W SliceDataConverter: at com.android.settings.slices.SlicesDatabaseAccessor.getSliceUris(SlicesDatabaseAccessor.java:96)
12-05 10:06:23.837 8495 8535 W SliceDataConverter: at com.android.settings.slices.SettingsSliceProvider.onGetSliceDescendants(SettingsSliceProvider.java:338)
12-05 10:06:23.837 8495 8535 W SliceDataConverter: at androidx.slice.compat.SliceProviderWrapperContainer$SliceProviderWrapper.onGetSliceDescendants(SliceProviderWrapperContainer.java:165)
12-05 10:06:23.837 8495 8535 W SliceDataConverter: at android.app.slice.SliceProvider.handleGetDescendants(SliceProvider.java:425)
12-05 10:06:23.837 8495 8535 W SliceDataConverter: at android.app.slice.SliceProvider.call(SliceProvider.java:406)
12-05 10:06:23.837 8495 8535 W SliceDataConverter: at androidx.slice.compat.SliceProviderWrapperContainer$SliceProviderWrapper.call(SliceProviderWrapperContainer.java:122)
12-05 10:06:23.837 8495 8535 W SliceDataConverter: at android.content.ContentProvider.call(ContentProvider.java:2464)
12-05 10:06:23.837 8495 8535 W SliceDataConverter: at android.content.ContentProvider$Transport.call(ContentProvider.java:512)
12-05 10:06:23.837 8495 8535 W SliceDataConverter: at android.content.ContentProviderNative.onTransact(ContentProviderNative.java:295)
12-05 10:06:23.837 8495 8535 W SliceDataConverter: at android.os.Binder.execTransactInternal(Binder.java:1179)
12-05 10:06:23.837 8495 8535 W SliceDataConverter: at android.os.Binder.execTransact(Binder.java:1143)
12-05 10:06:23.837 8495 8535 W SliceDataConverter: Caused by: java.lang.NoSuchMethodException: com.android.settings.network.NetworkProviderSimsCategoryController. [class android.content.Context, class java.lang.String]
12-05 10:06:23.837 8495 8535 W SliceDataConverter: at java.lang.Class.getConstructor0(Class.java:2363)
12-05 10:06:23.837 8495 8535 W SliceDataConverter: at java.lang.Class.getConstructor(Class.java:1759)
12-05 10:06:23.837 8495 8535 W SliceDataConverter: at com.android.settings.core.BasePreferenceController.createInstance(BasePreferenceController.java:139)
12-05 10:06:23.837 8495 8535 W SliceDataConverter: ... 19 more
12-05 10:06:23.856 8495 8535 W SliceData: Highlight menu key res is empty: com.android.settings.deviceinfo.hardwareinfo.DeviceModelPreferenceController
12-05 10:06:23.887 8495 8535 D RefreshRatePrefCtr: DEFAULT_REFRESH_RATE : 60.0 mPeakRefreshRate : 60.0
12-05 10:06:23.888 8495 8535 D AssistGesture: mAssistOnly:false, isSupported:false, isSensorAvailable:false
12-05 10:06:23.888 8495 8535 D AssistGesture: mAssistOnly:false, isSupported:false, isSensorAvailable:false
12-05 10:06:23.909 9344 9344 V GraphicsEnvironment: ANGLE Developer option for 'androidx.test.services' set to: 'default'
12-05 10:06:23.910 9344 9344 V GraphicsEnvironment: ANGLE GameManagerService for androidx.test.services: false
12-05 10:06:23.910 9344 9344 V GraphicsEnvironment: Neither updatable production driver nor prerelease driver is supported.
12-05 10:06:23.915 9344 9344 D NetworkSecurityConfig: No Network Security Config specified, using platform default
12-05 10:06:23.918 9344 9344 D NetworkSecurityConfig: No Network Security Config specified, using platform default
12-05 10:06:23.928 8495 8535 W SliceData: Highlight menu key res is empty: com.android.settings.deviceinfo.firmwareversion.FirmwareVersionDetailPreferenceController
12-05 10:06:23.936 563 2383 D CompatibilityChangeReporter: Compat change id reported: 149924527; UID 10158; state: ENABLED
12-05 10:06:23.938 563 2383 D CompatibilityChangeReporter: Compat change id reported: 132649864; UID 10158; state: DISABLED
12-05 10:06:23.942 1615 1894 E MediaProvider: Creating a non-default top level directory or deleting an existing one is not allowed!
12-05 10:06:23.946 8495 8535 E SystemServiceRegistry: No service published for: ethernet
12-05 10:06:23.946 8495 8535 E SystemServiceRegistry: android.os.ServiceManager$ServiceNotFoundException: No service published for: ethernet
12-05 10:06:23.946 8495 8535 E SystemServiceRegistry: at android.os.ServiceManager.getServiceOrThrow(ServiceManager.java:153)
12-05 10:06:23.946 8495 8535 E SystemServiceRegistry: at android.app.SystemServiceRegistry$62.createService(SystemServiceRegistry.java:793)
12-05 10:06:23.946 8495 8535 E SystemServiceRegistry: at android.app.SystemServiceRegistry$62.createService(SystemServiceRegistry.java:790)
12-05 10:06:23.946 8495 8535 E SystemServiceRegistry: at android.app.SystemServiceRegistry$CachedServiceFetcher.getService(SystemServiceRegistry.java:1848)
12-05 10:06:23.946 8495 8535 E SystemServiceRegistry: at android.app.SystemServiceRegistry.getSystemService(SystemServiceRegistry.java:1525)
12-05 10:06:23.946 8495 8535 E SystemServiceRegistry: at android.app.ContextImpl.getSystemService(ContextImpl.java:2080)
12-05 10:06:23.946 8495 8535 E SystemServiceRegistry: at android.content.ContextWrapper.getSystemService(ContextWrapper.java:857)
12-05 10:06:23.946 8495 8535 E SystemServiceRegistry: at com.android.settings.network.EthernetTetherPreferenceController.(EthernetTetherPreferenceController.java:46)
12-05 10:06:23.946 8495 8535 E SystemServiceRegistry: at java.lang.reflect.Constructor.newInstance0(Native Method)
12-05 10:06:23.946 8495 8535 E SystemServiceRegistry: at java.lang.reflect.Constructor.newInstance(Constructor.java:343)
12-05 10:06:23.946 8495 8535 E SystemServiceRegistry: at com.android.settings.core.BasePreferenceController.createInstance(BasePreferenceController.java:141)
12-05 10:06:23.946 8495 8535 E SystemServiceRegistry: at com.android.settings.slices.SliceBuilderUtils.getPreferenceController(SliceBuilderUtils.java:387)
12-05 10:06:23.946 8495 8535 E SystemServiceRegistry: at com.android.settings.slices.SliceDataConverter.getSliceDataFromXML(SliceDataConverter.java:203)
12-05 10:06:23.946 8495 8535 E SystemServiceRegistry: at com.android.settings.slices.SliceDataConverter.getSliceDataFromProvider(SliceDataConverter.java:148)
12-05 10:06:23.946 8495 8535 E SystemServiceRegistry: at com.android.settings.slices.SliceDataConverter.getSliceData(SliceDataConverter.java:118)
12-05 10:06:23.946 8495 8535 E SystemServiceRegistry: at com.android.settings.slices.SlicesIndexer.getSliceData(SlicesIndexer.java:94)
12-05 10:06:23.946 8495 8535 E SystemServiceRegistry: at com.android.settings.slices.SlicesIndexer.indexSliceData(SlicesIndexer.java:75)
12-05 10:06:23.946 8495 8535 E SystemServiceRegistry: at com.android.settings.slices.SlicesFeatureProviderImpl.indexSliceData(SlicesFeatureProviderImpl.java:63)
12-05 10:06:23.946 8495 8535 E SystemServiceRegistry: at com.android.settings.slices.SlicesDatabaseAccessor.verifyIndexing(SlicesDatabaseAccessor.java:194)
12-05 10:06:23.946 8495 8535 E SystemServiceRegistry: at com.android.settings.slices.SlicesDatabaseAccessor.getSliceUris(SlicesDatabaseAccessor.java:96)
12-05 10:06:23.946 8495 8535 E SystemServiceRegistry: at com.android.settings.slices.SettingsSliceProvider.onGetSliceDescendants(SettingsSliceProvider.java:338)
12-05 10:06:23.946 8495 8535 E SystemServiceRegistry: at androidx.slice.compat.SliceProviderWrapperContainer$SliceProviderWrapper.onGetSliceDescendants(SliceProviderWrapperContainer.java:165)
12-05 10:06:23.946 8495 8535 E SystemServiceRegistry: at android.app.slice.SliceProvider.handleGetDescendants(SliceProvider.java:425)
12-05 10:06:23.946 8495 8535 E SystemServiceRegistry: at android.app.slice.SliceProvider.call(SliceProvider.java:406)
12-05 10:06:23.946 8495 8535 E SystemServiceRegistry: at androidx.slice.compat.SliceProviderWrapperContainer$SliceProviderWrapper.call(SliceProviderWrapperContainer.java:122)
12-05 10:06:23.946 8495 8535 E SystemServiceRegistry: at android.content.ContentProvider.call(ContentProvider.java:2464)
12-05 10:06:23.946 8495 8535 E SystemServiceRegistry: at android.content.ContentProvider$Transport.call(ContentProvider.java:512)
12-05 10:06:23.946 8495 8535 E SystemServiceRegistry: at android.content.ContentProviderNative.onTransact(ContentProviderNative.java:295)
12-05 10:06:23.946 8495 8535 E SystemServiceRegistry: at android.os.Binder.execTransactInternal(Binder.java:1179)
12-05 10:06:23.946 8495 8535 E SystemServiceRegistry: at android.os.Binder.execTransact(Binder.java:1143)
12-05 10:06:23.956 1615 1963 E MediaProvider: Creating a non-default top level directory or deleting an existing one is not allowed!
12-05 10:06:23.968 563 9365 I DropBoxManagerService: add tag=system_app_wtf isTagEnabled=true flags=0x2
12-05 10:06:24.006 8495 8535 D SlicesIndexer: Indexing slices database took: 393
12-05 10:06:24.040 352 352 W RanchuHwc: validateDisplay: layer 31 CompositionType 1, fallback
12-05 10:06:24.041 8696 8775 D EGL_emulation: app_time_stats: avg=1013.30ms min=1013.30ms max=1013.30ms count=1
12-05 10:06:24.053 352 352 W RanchuHwc: presentDisplay display has no layers to compose, flushing client target buffer.
12-05 10:06:24.070 8495 8535 D SettingsSliceProvider: Allowlisting 14 uris to 2 pkgs.
12-05 10:06:24.163 8495 8535 D SlicesIndexer: Slices already indexed - returning.
12-05 10:06:24.166 8495 8535 D SettingsSliceProvider: Allowlisting 4 uris to 2 pkgs.
12-05 10:06:24.180 9344 9344 E InternalUseOnlyFilesContentProvider: '/storage/emulated/0/googletest/internal_use': could not create output dir!
12-05 10:06:24.181 9344 9344 E AbstractFileContentProvider: Subclass claims hosted directory not ready: /storage/emulated/0/googletest/internal_use
12-05 10:06:24.207 1615 1893 E MediaProvider: Creating a non-default top level directory or deleting an existing one is not allowed!
12-05 10:06:24.211 1615 1894 E MediaProvider: Creating a non-default top level directory or deleting an existing one is not allowed!
12-05 10:06:24.214 9344 9344 E TestFileContentProvider: '/storage/emulated/0/googletest/test_outputfiles': could not create output dir!
12-05 10:06:24.214 9344 9344 E AbstractFileContentProvider: Subclass claims hosted directory not ready: /storage/emulated/0/googletest/test_outputfiles
12-05 10:06:24.222 1615 1963 E MediaProvider: Creating a non-default top level directory or deleting an existing one is not allowed!
12-05 10:06:24.226 1615 1893 E MediaProvider: Creating a non-default top level directory or deleting an existing one is not allowed!
12-05 10:06:24.229 9344 9344 E TestFileContentProvider: '/storage/emulated/0/googletest/test_exportproperties': could not create output dir!
12-05 10:06:24.229 9344 9344 E AbstractFileContentProvider: Subclass claims hosted directory not ready: /storage/emulated/0/googletest/test_exportproperties
12-05 10:06:24.237 1615 1894 E MediaProvider: Creating a non-default top level directory or deleting an existing one is not allowed!
12-05 10:06:24.241 1615 1963 E MediaProvider: Creating a non-default top level directory or deleting an existing one is not allowed!
12-05 10:06:24.243 9344 9344 E AbstractFileContentProvider: Cannot create hosted directory: /storage/emulated/0/googletest/test_runfiles
12-05 10:06:24.261 8495 8535 D SettingsSliceProvider: onBindSlice start: content://com.android.settings.slices/action/media_volume
12-05 10:06:24.265 9321 9321 I TestConfiguration: Unable to parse host and port.
12-05 10:06:24.270 9321 9321 I TestConfiguration: Parsing fst client id: null
12-05 10:06:24.272 8495 8621 D SlicesIndexer: Slices already indexed - returning.
12-05 10:06:24.275 8495 8621 D VolumeSliceHelper: Registering uri for broadcast relay: content://com.android.settings.slices/action/media_volume
12-05 10:06:24.277 8495 8621 D SliceBroadcastRelay: Registering Uri for broadcast relay: content://com.android.settings.slices/action/volume_slices
12-05 10:06:24.287 9321 9321 I TestConfiguration: Unable to parse host and port.
12-05 10:06:24.289 9321 9321 I TestConfiguration: Parsing fst client id: null
12-05 10:06:24.293 8495 8621 D SettingsSliceProvider: Built slice (content://com.android.settings.slices/action/media_volume) in: 22
12-05 10:06:24.296 8495 8561 D SettingsSliceProvider: onSlicePinned: content://com.android.settings.slices/action/media_volume
12-05 10:06:24.299 8495 8719 D SlicesIndexer: Slices already indexed - returning.
12-05 10:06:24.302 8495 8719 D VolumeSliceHelper: Registering uri for broadcast relay: content://com.android.settings.slices/action/media_volume
12-05 10:06:24.304 8495 8535 V SettingsSliceProvider: onBindSlice end
12-05 10:06:24.307 8495 8719 D SettingsSliceProvider: Built slice (content://com.android.settings.slices/action/media_volume) in: 8
12-05 10:06:24.313 9321 9342 I AccountHelper: btpmj354tfe33l6n4tbzxwf2sm-00 is not present on the device.
12-05 10:06:24.315 9321 9342 I EnsureAccountAvailabili: Account 'btpmj354tfe33l6n4tbzxwf2sm-00' is not available in the device. Creating AddAccountOperation
12-05 10:06:24.319 9321 9342 I AddAccountOperation: Call GmsCore API.
12-05 10:06:24.321 8495 8621 D SlicesIndexer: Slices already indexed - returning.
12-05 10:06:24.324 8495 8621 D VolumeSliceHelper: Registering uri for broadcast relay: content://com.android.settings.slices/action/call_volume
12-05 10:06:24.328 8495 8719 D SlicesIndexer: Slices already indexed - returning.
12-05 10:06:24.330 8495 8621 D SettingsSliceProvider: Built slice (content://com.android.settings.slices/action/call_volume) in: 10
12-05 10:06:24.332 563 632 D CompatibilityChangeReporter: Compat change id reported: 168419799; UID 1000; state: DISABLED
12-05 10:06:24.333 8495 8719 D VolumeSliceHelper: Registering uri for broadcast relay: content://com.android.settings.slices/action/ring_volume
12-05 10:06:24.335 8495 8719 D SettingsSliceProvider: Built slice (content://com.android.settings.slices/action/ring_volume) in: 8
12-05 10:06:24.338 8495 8621 D SlicesIndexer: Slices already indexed - returning.
12-05 10:06:24.339 8495 8621 D VolumeSliceHelper: Registering uri for broadcast relay: content://com.android.settings.slices/action/alarm_volume
12-05 10:06:24.344 8495 8621 D SettingsSliceProvider: Built slice (content://com.android.settings.slices/action/alarm_volume) in: 5
12-05 10:06:24.344 8495 8621 D SlicesIndexer: Slices already indexed - returning.
12-05 10:06:24.348 8495 8621 D VolumeSliceHelper: Registering uri for broadcast relay: content://com.android.settings.slices/action/call_volume
12-05 10:06:24.350 8495 8719 D SlicesIndexer: Slices already indexed - returning.
12-05 10:06:24.352 8495 8621 D SettingsSliceProvider: Built slice (content://com.android.settings.slices/action/call_volume) in: 8
12-05 10:06:24.352 8495 8719 D SettingsSliceProvider: Built slice (content://com.android.settings.slices/action/screen_magnification_gestures_preference_screen) in: 3
12-05 10:06:24.370 8495 8535 D SliceBuilder: Creating slice for: com.android.settings.notification.RingVolumePreferenceController
12-05 10:06:24.373 8495 8621 D SlicesIndexer: Slices already indexed - returning.
12-05 10:06:24.374 8495 8621 W SliceData: Highlight menu key res is empty: com.android.settings.deviceinfo.hardwareinfo.DeviceModelPreferenceController
12-05 10:06:24.375 8495 8621 D SettingsSliceProvider: Built slice (content://com.android.settings.slices/action/hardware_info_device_model) in: 2
12-05 10:06:24.378 8320 8320 D CompatibilityChangeReporter: Compat change id reported: 160794467; UID 10091; state: ENABLED
12-05 10:06:24.384 8495 8535 D CompatibilityChangeReporter: Compat change id reported: 160794467; UID 1000; state: ENABLED
12-05 10:06:24.390 8495 8719 D SlicesIndexer: Slices already indexed - returning.
12-05 10:06:24.393 8495 8621 D SlicesIndexer: Slices already indexed - returning.
12-05 10:06:24.396 8495 8719 D SettingsSliceProvider: Built slice (content://com.android.settings.slices/action/smart_battery) in: 7
12-05 10:06:24.396 8495 8621 D SettingsSliceProvider: Built slice (content://com.android.settings.slices/action/gesture_double_tap_power) in: 3
12-05 10:06:24.400 8495 8719 D SlicesIndexer: Slices already indexed - returning.
12-05 10:06:24.403 8495 8719 D SettingsSliceProvider: Built slice (content://com.android.settings.slices/action/auto_rotate) in: 3
12-05 10:06:24.417 8495 8621 D SlicesIndexer: Slices already indexed - returning.
12-05 10:06:24.419 8495 8621 W SliceData: Highlight menu key res is empty: com.android.settings.deviceinfo.firmwareversion.FirmwareVersionDetailPreferenceController
12-05 10:06:24.425 8495 8621 D SettingsSliceProvider: Built slice (content://com.android.settings.slices/action/os_firmware_version) in: 8
12-05 10:06:24.426 563 2751 D CompatibilityChangeReporter: Compat change id reported: 168419799; UID 10105; state: DISABLED
12-05 10:06:24.429 8495 8526 D SliceBroadcastRelay: Registering Uri for broadcast relay: content://com.android.settings.slices/action/mobile_data
12-05 10:06:24.434 7846 8918 I Auth : [BaseGetTokenFromAuthCodeOperation] Initializing sign-in [CONTEXT service_id=153 ]
12-05 10:06:24.435 8495 8495 D SettingsSliceProvider: Starting background worker for: content://com.android.settings.slices/action/mobile_data
12-05 10:06:24.436 8495 8495 D SliceBackgroundWorker: create instance: class com.android.settings.network.telephony.MobileDataSlice$MobileDataWorker
12-05 10:06:24.441 8495 8535 D SliceBuilder: Creating slice for: com.android.settings.notification.AlarmVolumePreferenceController
12-05 10:06:24.443 8495 8719 D SlicesIndexer: Slices already indexed - returning.
12-05 10:06:24.446 8495 8719 D SettingsSliceProvider: Could not create slicedata for uri: content://com.android.settings.slices/intent/wifi_calling
12-05 10:06:24.446 8495 8719 D SettingsSliceProvider: java.lang.IllegalStateException: Invalid Slices key from path: wifi_calling
12-05 10:06:24.446 8495 8719 D SettingsSliceProvider: at com.android.settings.slices.SlicesDatabaseAccessor.getIndexedSliceData(SlicesDatabaseAccessor.java:132)
12-05 10:06:24.446 8495 8719 D SettingsSliceProvider: at com.android.settings.slices.SlicesDatabaseAccessor.getSliceDataFromUri(SlicesDatabaseAccessor.java:75)
12-05 10:06:24.446 8495 8719 D SettingsSliceProvider: at com.android.settings.slices.SettingsSliceProvider.loadSlice(SettingsSliceProvider.java:401)
12-05 10:06:24.446 8495 8719 D SettingsSliceProvider: at com.android.settings.slices.SettingsSliceProvider.lambda$loadSliceInBackground$5(SettingsSliceProvider.java:432)
12-05 10:06:24.446 8495 8719 D SettingsSliceProvider: at com.android.settings.slices.SettingsSliceProvider.$r8$lambda$IApJtz2y7JXGRdMRCkYjf83H4T4(Unknown Source:0)
12-05 10:06:24.446 8495 8719 D SettingsSliceProvider: at com.android.settings.slices.SettingsSliceProvider$$ExternalSyntheticLambda0.run(Unknown Source:4)
12-05 10:06:24.446 8495 8719 D SettingsSliceProvider: at java.util.concurrent.Executors$RunnableAdapter.call(Executors.java:462)
12-05 10:06:24.446 8495 8719 D SettingsSliceProvider: at java.util.concurrent.FutureTask.run(FutureTask.java:266)
12-05 10:06:24.446 8495 8719 D SettingsSliceProvider: at java.util.concurrent.ThreadPoolExecutor.runWorker(ThreadPoolExecutor.java:1167)
12-05 10:06:24.446 8495 8719 D SettingsSliceProvider: at java.util.concurrent.ThreadPoolExecutor$Worker.run(ThreadPoolExecutor.java:641)
12-05 10:06:24.446 8495 8719 D SettingsSliceProvider: at java.lang.Thread.run(Thread.java:920)
12-05 10:06:24.447 8495 8534 D SliceBroadcastRelay: Registering Uri for broadcast relay: content://com.android.settings.slices/action/zen_mode_toggle
12-05 10:06:24.455 8495 8561 D SliceBroadcastRelay: Registering Uri for broadcast relay: content://android.settings.slices/action/bluetooth
12-05 10:06:24.455 8495 8621 D SlicesIndexer: Slices already indexed - returning.
12-05 10:06:24.460 8495 8621 D SettingsSliceProvider: Built slice (content://android.settings.slices/action/airplane_mode) in: 5
12-05 10:06:24.471 8495 8495 D SettingsSliceProvider: Starting background worker for: content://android.settings.slices/action/wifi
12-05 10:06:24.471 8495 8495 D SliceBackgroundWorker: create instance: class com.android.settings.wifi.slice.WifiScanWorker
12-05 10:06:24.475 8495 8561 D VolumeSliceHelper: Unregistering uri broadcast relay: content://com.android.settings.slices/action/ring_volume
12-05 10:06:24.501 563 794 D ConnectivityService: NetReassign [no changes]
12-05 10:06:24.507 563 2751 D ConnectivityService: requestNetwork for uid/pid:1000/8495 activeRequest: null callbackRequest: 230 [NetworkRequest [ REQUEST id=231, [ Capabilities: INTERNET&NOT_RESTRICTED&TRUSTED&NOT_VCN_MANAGED Uid: 1000 RequestorUid: 1000 RequestorPkg: com.android.settings UnderlyingNetworks: Null] ]] callback flags: 0 order: 2147483647
12-05 10:06:24.513 563 794 D ConnectivityService: NetReassign [231 : null → 100]
12-05 10:06:24.513 8495 8534 D SliceBuilder: Creating slice for: com.android.settings.accessibility.MagnificationGesturesPreferenceController
12-05 10:06:24.516 563 2751 W ScanResultUtil: Empty or null ScanResult list
12-05 10:06:24.517 563 2751 W WifiService: Attempt to retrieve WifiConfiguration with invalid scanResult List
12-05 10:06:24.517 8495 8495 D WsuServiceClient: Binding to com.google.android.apps.carrier.carrierwifi
12-05 10:06:24.518 563 2751 W ScanResultUtil: Empty or null ScanResult list
12-05 10:06:24.519 563 2751 E WifiService: Attempt to retrieve passpoint with invalid scanResult List
12-05 10:06:24.520 8495 8495 D WsuServiceClient: the specified wsu service is not installed.
12-05 10:06:24.521 563 2751 W ScanResultUtil: Empty or null ScanResult list
12-05 10:06:24.521 563 2751 W WifiService: Attempt to retrieve OsuProviders with invalid scanResult List
12-05 10:06:24.523 8495 8561 D VolumeSliceHelper: Unregistering uri broadcast relay: content://com.android.settings.slices/action/alarm_volume
12-05 10:06:24.527 563 785 D WifiNetworkFactory: got request NetworkRequest [ REQUEST id=231, [ Capabilities: INTERNET&NOT_RESTRICTED&TRUSTED&NOT_VCN_MANAGED Uid: 1000 RequestorUid: 1000 RequestorPkg: com.android.settings UnderlyingNetworks: Null] ]
12-05 10:06:24.527 563 785 D UntrustedWifiNetworkFactory: got request NetworkRequest [ REQUEST id=231, [ Capabilities: INTERNET&NOT_RESTRICTED&TRUSTED&NOT_VCN_MANAGED Uid: 1000 RequestorUid: 1000 RequestorPkg: com.android.settings UnderlyingNetworks: Null] ]
12-05 10:06:24.529 563 785 D OemPaidWifiNetworkFactory: got request NetworkRequest [ REQUEST id=231, [ Capabilities: INTERNET&NOT_RESTRICTED&TRUSTED&NOT_VCN_MANAGED Uid: 1000 RequestorUid: 1000 RequestorPkg: com.android.settings UnderlyingNetworks: Null] ]
12-05 10:06:24.543 563 1031 I WifiService: startScan uid=1000
12-05 10:06:24.550 8495 8534 D SliceBuilder: Creating slice for: com.android.settings.deviceinfo.hardwareinfo.DeviceModelPreferenceController
12-05 10:06:24.556 563 962 W ScanResultUtil: Empty or null ScanResult list
12-05 10:06:24.556 563 962 W WifiService: Attempt to retrieve WifiConfiguration with invalid scanResult List
12-05 10:06:24.557 563 2751 W ScanResultUtil: Empty or null ScanResult list
12-05 10:06:24.558 563 2751 E WifiService: Attempt to retrieve passpoint with invalid scanResult List
12-05 10:06:24.559 563 2751 W ScanResultUtil: Empty or null ScanResult list
12-05 10:06:24.560 563 2751 W WifiService: Attempt to retrieve OsuProviders with invalid scanResult List
12-05 10:06:24.577 8495 8534 D SliceBuilder: Creating slice for: com.android.settings.fuelgauge.SmartBatteryPreferenceController
12-05 10:06:24.588 8495 8561 D SliceBuilder: Creating slice for: com.android.settings.gestures.DoubleTapPowerPreferenceController
12-05 10:06:24.600 8495 8561 D SliceBuilder: Creating slice for: com.android.settings.display.SmartAutoRotatePreferenceController
12-05 10:06:24.614 8495 8561 D SliceBuilder: Creating slice for: com.android.settings.deviceinfo.firmwareversion.FirmwareVersionDetailPreferenceController
12-05 10:06:24.629 1081 1120 W SQLiteLog: (28) double-quoted string literal: "89860318640220133897"
12-05 10:06:24.632 1081 1120 W SQLiteLog: (28) double-quoted string literal: "89860318640220133897"
12-05 10:06:24.641 1081 1120 W SQLiteLog: (28) double-quoted string literal: "89860318640220133897"
12-05 10:06:24.655 1081 1120 W SQLiteLog: (28) double-quoted string literal: "89860318640220133897"
12-05 10:06:24.658 1081 1120 W SQLiteLog: (28) double-quoted string literal: "89860318640220133897"
12-05 10:06:24.662 1081 1120 W SQLiteLog: (28) double-quoted string literal: "89860318640220133897"
12-05 10:06:24.668 1081 2427 W SQLiteLog: (28) double-quoted string literal: "89860318640220133897"
12-05 10:06:24.670 1081 2427 W SQLiteLog: (28) double-quoted string literal: "89860318640220133897"
12-05 10:06:24.674 1081 2427 W SQLiteLog: (28) double-quoted string literal: "89860318640220133897"
12-05 10:06:24.680 1081 1120 W SQLiteLog: (28) double-quoted string literal: "89860318640220133897"
12-05 10:06:24.683 1081 1120 W SQLiteLog: (28) double-quoted string literal: "89860318640220133897"
12-05 10:06:24.687 1081 1120 W SQLiteLog: (28) double-quoted string literal: "89860318640220133897"
12-05 10:06:24.705 8495 8534 D SliceBroadcastRelay: Unregistering uri broadcast relay: content://com.android.settings.slices/action/mobile_data
12-05 10:06:24.711 7800 7800 D BoundBrokerSvc: onBind: Intent { act=com.google.android.gms.checkin.START pkg=com.google.android.gms }
12-05 10:06:24.711 7800 7800 D BoundBrokerSvc: Loading bound service for intent: Intent { act=com.google.android.gms.checkin.START pkg=com.google.android.gms }
12-05 10:06:24.714 8495 8495 D SettingsSliceProvider: Stopping background worker for: content://com.android.settings.slices/action/mobile_data
12-05 10:06:24.718 7800 9253 I Checkin : [CheckinApiChimeraService] onGetService
12-05 10:06:24.754 7846 8918 I Auth : [BaseGetTokenFromAuthCodeOperation] Fetching token from auth code with GMS network stack. [CONTEXT service_id=153 ]
12-05 10:06:24.759 8495 8561 D WifiCallingSliceHelper: Wifi calling is either not provisioned or not enabled by Platform
12-05 10:06:24.766 331 9374 D resolv : GetAddrInfoHandler::run: {100 786532 100 983140 10105 0}
12-05 10:06:24.768 331 9374 D resolv : resolv_getaddrinfo: explore_fqdn(): ai_family=0 ai_socktype=1 ai_protocol=6
12-05 10:06:24.771 331 9376 D resolv : doQuery: (1, 1)
12-05 10:06:24.771 331 9376 D resolv : res_nmkquery: (QUERY, IN, A)
12-05 10:06:24.772 331 9376 D resolv : res_nsend
12-05 10:06:24.772 331 9376 I resolv : resolv_cache_lookup: lookup
12-05 10:06:24.772 331 9376 I resolv : resolv_cache_lookup: NOT IN CACHE (STALE ENTRY 0x78c91bc63310DISCARDED)
12-05 10:06:24.772 331 9376 I resolv : _cache_remove_p: entry 36 removed (count=67)
12-05 10:06:24.772 331 9376 I resolv : resolv_populate_res_for_net: netid=100
12-05 10:06:24.774 331 9376 I resolv : res_stats_usable_server: NS stats: S 62 + E 0 + T 2 + I 0 = 64, rtt = 6, min_samples = 8
12-05 10:06:24.774 331 9376 I resolv : res_stats_usable_server: success rate 96
12-05 10:06:24.774 331 9376 D resolv : res_nsend: Querying server (# 1) address = 10.0.2.3:53
12-05 10:06:24.776 331 9376 D resolv : send_dg: new DG socket
12-05 10:06:24.778 331 9376 I resolv : get_timeout: using timeout of 5000 msec
12-05 10:06:24.778 331 9376 I resolv : retrying_poll: 55 retrying_poll
12-05 10:06:24.780 331 9375 D resolv : doQuery: (1, 28)
12-05 10:06:24.781 331 9375 D resolv : res_nmkquery: (QUERY, IN, AAAA)
12-05 10:06:24.781 331 9375 D resolv : res_nsend
12-05 10:06:24.781 331 9375 I resolv : resolv_cache_lookup: lookup
12-05 10:06:24.782 331 9375 I resolv : resolv_cache_lookup: NOT IN CACHE (STALE ENTRY 0x78c8fbc60e70DISCARDED)
12-05 10:06:24.782 331 9375 I resolv : _cache_remove_p: entry 35 removed (count=66)
12-05 10:06:24.783 331 9375 I resolv : resolv_populate_res_for_net: netid=100
12-05 10:06:24.783 331 9375 I resolv : res_stats_usable_server: NS stats: S 62 + E 0 + T 2 + I 0 = 64, rtt = 6, min_samples = 8
12-05 10:06:24.784 331 9375 I resolv : res_stats_usable_server: success rate 96
12-05 10:06:24.784 331 9375 D resolv : res_nsend: Querying server (# 1) address = 10.0.2.3:53
12-05 10:06:24.784 331 9375 D resolv : send_dg: new DG socket
12-05 10:06:24.785 331 9375 I resolv : get_timeout: using timeout of 5000 msec
12-05 10:06:24.785 331 9375 I resolv : retrying_poll: 56 retrying_poll
12-05 10:06:24.792 8495 8561 D SliceBroadcastRelay: Unregistering uri broadcast relay: content://com.android.settings.slices/action/zen_mode_toggle
12-05 10:06:24.794 8495 8534 D SliceBuilder: Creating slice for: com.android.settings.network.AirplaneModePreferenceController
12-05 10:06:24.808 8495 8561 D SliceBroadcastRelay: Unregistering uri broadcast relay: content://android.settings.slices/action/bluetooth
12-05 10:06:24.829 8495 8495 D SettingsSliceProvider: Stopping background worker for: content://android.settings.slices/action/wifi
12-05 10:06:25.023 352 352 W RanchuHwc: validateDisplay: layer 31 CompositionType 1, fallback
12-05 10:06:25.038 352 352 W RanchuHwc: presentDisplay display has no layers to compose, flushing client target buffer.
12-05 10:06:25.299 7846 8396 I NearbyPresence: NetworkMonitorImpl stopped. [CONTEXT service_id=317 ]
12-05 10:06:25.302 7846 8396 I NearbyPresence: BroadcastEngineImplV1: Disabling engine. [CONTEXT service_id=317 ]
12-05 10:06:25.306 7846 7898 I NearbyConnections: Removed DeviceProvider(type 2).
12-05 10:06:25.307 7846 7898 I NearbyConnections: Successfully unregister device provider for endpointType 2 by client 132096978
12-05 10:06:25.976 563 632 W BroadcastQueue: Background execution not allowed: receiving Intent { act=android.intent.action.DROPBOX_ENTRY_ADDED flg=0x10 (has extras) } to com.google.android.gms/.stats.service.DropBoxEntryAddedReceiver
12-05 10:06:26.011 8696 8775 D EGL_emulation: app_time_stats: avg=985.30ms min=970.37ms max=1000.22ms count=2
12-05 10:06:26.023 352 352 W RanchuHwc: validateDisplay: layer 31 CompositionType 1, fallback
12-05 10:06:26.037 352 352 W RanchuHwc: presentDisplay display has no layers to compose, flushing client target buffer.
12-05 10:06:27.023 352 352 W RanchuHwc: validateDisplay: layer 31 CompositionType 1, fallback
12-05 10:06:27.038 352 352 W RanchuHwc: presentDisplay display has no layers to compose, flushing client target buffer.
12-05 10:06:28.010 8696 8775 D EGL_emulation: app_time_stats: avg=999.09ms min=997.36ms max=1000.81ms count=2
12-05 10:06:28.023 352 352 W RanchuHwc: validateDisplay: layer 31 CompositionType 1, fallback
12-05 10:06:28.047 352 352 W RanchuHwc: presentDisplay display has no layers to compose, flushing client target buffer.
12-05 10:06:28.305 563 962 D WifiNl80211Manager: Scan result ready event
12-05 10:06:28.305 563 962 D WifiNative: Scan result ready event
12-05 10:06:29.012 8696 8775 D EGL_emulation: app_time_stats: avg=1001.28ms min=1001.28ms max=1001.28ms count=1
12-05 10:06:29.023 352 352 W RanchuHwc: validateDisplay: layer 31 CompositionType 1, fallback
12-05 10:06:29.038 352 352 W RanchuHwc: presentDisplay display has no layers to compose, flushing client target buffer.
12-05 10:06:29.783 331 9376 I resolv : retrying_poll: 55 retrying_poll timeout
12-05 10:06:29.783 331 9376 D resolv : send_dg: 1
12-05 10:06:29.783 331 9376 I resolv : res_nsend: used send_dg 0 terrno: 110
12-05 10:06:29.783 331 9376 I resolv : res_stats_set_sample: rcode = 255, sec = 0
12-05 10:06:29.783 331 9376 I resolv : res_cache_add_stats_sample_locked: adding sample to stats, next = 24, count = 64
12-05 10:06:29.783 331 9376 D resolv : res_nsend: Querying server (# 1) address = 10.0.2.3:53
12-05 10:06:29.783 331 9376 I resolv : get_timeout: using timeout of 5000 msec
12-05 10:06:29.783 331 9376 I resolv : retrying_poll: 55 retrying_poll
12-05 10:06:29.786 331 9376 I resolv : retrying_poll: 55 retrying_poll returning 1
12-05 10:06:29.786 331 9376 I resolv : res_nsend: used send_dg 280 terrno: 0
12-05 10:06:29.786 331 9376 D resolv : res_nsend: got answer:
12-05 10:06:29.786 331 9376 I resolv : answer_getTTL: TTL = 295
12-05 10:06:29.786 331 9376 I resolv : _cache_add_p: entry 89 added (count=67)
12-05 10:06:29.786 331 9376 I resolv : cache_dump_mru_locked: MRU LIST (67): 89 88 87 71 70 72 69 86 85 84 83 82 81 80 79 78 77 76 75 74 73 68 67 42 41 37 38 60 59 54 55 39 40 15 16 66 65 57 58 64 63 62 61 24 23 56 21 53 52 17 18 50 49 48 47 43 44 7 8 30 29 20 19 10 9 2 1
12-05 10:06:29.786 331 9376 D resolv : doQuery: rcode=0, ancount=15
12-05 10:06:29.788 331 9375 I resolv : retrying_poll: 56 retrying_poll timeout
12-05 10:06:29.788 331 9375 D resolv : send_dg: 1
12-05 10:06:29.788 331 9375 I resolv : res_nsend: used send_dg 0 terrno: 110
12-05 10:06:29.788 331 9375 I resolv : res_stats_set_sample: rcode = 255, sec = 0
12-05 10:06:29.788 331 9375 I resolv : res_cache_add_stats_sample_locked: adding sample to stats, next = 25, count = 64
12-05 10:06:29.788 331 9375 D resolv : res_nsend: Querying server (# 1) address = 10.0.2.3:53
12-05 10:06:29.789 331 9375 I resolv : get_timeout: using timeout of 5000 msec
12-05 10:06:29.789 331 9375 I resolv : retrying_poll: 56 retrying_poll
12-05 10:06:29.790 331 9375 I resolv : retrying_poll: 56 retrying_poll returning 1
12-05 10:06:29.790 331 9375 I resolv : res_nsend: used send_dg 152 terrno: 0
12-05 10:06:29.790 331 9375 D resolv : res_nsend: got answer:
12-05 10:06:29.790 331 9375 I resolv : answer_getTTL: TTL = 295
12-05 10:06:29.790 331 9375 I resolv : _cache_add_p: entry 90 added (count=68)
12-05 10:06:29.790 331 9375 I resolv : cache_dump_mru_locked: MRU LIST (68): 90 89 88 87 71 70 72 69 86 85 84 83 82 81 80 79 78 77 76 75 74 73 68 67 42 41 37 38 60 59 54 55 39 40 15 16 66 65 57 58 64 63 62 61 24 23 56 21 53 52 17 18 50 49 48 47 43 44 7 8 30 29 20 19 10 9 2 1
12-05 10:06:29.790 331 9375 D resolv : doQuery: rcode=0, ancount=4
12-05 10:06:29.878 7846 7846 D BoundBrokerSvc: onUnbind: Intent { act=com.google.android.gms.usagereporting.service.START pkg=com.google.android.gms }
12-05 10:06:30.012 8696 8775 D EGL_emulation: app_time_stats: avg=1000.10ms min=1000.10ms max=1000.10ms count=1
12-05 10:06:30.023 352 352 W RanchuHwc: validateDisplay: layer 31 CompositionType 1, fallback
12-05 10:06:30.037 352 352 W RanchuHwc: presentDisplay display has no layers to compose, flushing client target buffer.
12-05 10:06:30.469 7846 8918 I Auth : [AddAccountOperation] Handling AddAccountResponse. [CONTEXT service_id=153 ]
12-05 10:06:30.471 7846 8918 I Auth : [AddAccountOperation] possible Seed account with hasUsername=true [CONTEXT service_id=153 ]
12-05 10:06:30.483 7846 8918 I Auth : [AddAccountHelper] Adding account with 4 allowlisted packages [CONTEXT service_id=343 ]
12-05 10:06:30.489 7846 7884 I Auth : [AddAccountOperation] successfully updated accountname and gaia id to db [CONTEXT service_id=153 ]
12-05 10:06:30.515 563 962 D AccountManagerService: Visibility was not initialized
12-05 10:06:30.557 563 962 I AccountManagerService: the accounts changed, sending broadcast of android.accounts.LOGIN_ACCOUNTS_CHANGED
12-05 10:06:30.574 7846 8918 I Auth : [AddAccountHelper] Account added successfully to AccountManager [CONTEXT service_id=343 ]
12-05 10:06:30.588 563 632 D CompatibilityChangeReporter: Compat change id reported: 135634846; UID 10129; state: DISABLED
12-05 10:06:30.591 563 633 D CompatibilityChangeReporter: Compat change id reported: 143937733; UID 10129; state: ENABLED
12-05 10:06:30.598 7846 7846 I Multidevice: [bwxt] Updated accounts sent. [CONTEXT service_id=348 ]
12-05 10:06:30.611 332 332 D Zygote : Forked child process 9381
12-05 10:06:30.619 5654 9380 I ContactsProvider: Accounts changed
12-05 10:06:30.624 9381 9381 I Zygote : seccomp disabled by setenforce 0
12-05 10:06:30.649 9381 9381 W droid.apps.doc: Unexpected CPU variant for X86 using defaults: x86_64
12-05 10:06:30.657 408 481 I adbd : jdwp connection from 9381
12-05 10:06:30.663 5654 9380 I ContactsProvider: Accounts changed
12-05 10:06:30.670 563 633 W ActivityManager: Slow operation: 85ms so far, now at startProcess: done updating battery stats
12-05 10:06:30.670 563 633 W ActivityManager: Slow operation: 86ms so far, now at startProcess: building log message
12-05 10:06:30.670 563 633 I ActivityManager: Start proc 9381:com.google.android.apps.docs/u0a129 for broadcast {com.google.android.apps.docs/com.google.android.libraries.notifications.entrypoints.accountchanged.AccountChangedReceiver}
12-05 10:06:30.670 563 633 W ActivityManager: Slow operation: 86ms so far, now at startProcess: starting to update pids map
12-05 10:06:30.674 563 633 W ActivityManager: Slow operation: 90ms so far, now at startProcess: done updating pids map
12-05 10:06:30.718 9381 9381 D CompatibilityChangeReporter: Compat change id reported: 171979766; UID 10129; state: DISABLED
12-05 10:06:30.746 7800 7800 D BoundBrokerSvc: onBind: Intent { act=com.google.android.gms.mdisync.service.START dat=chimera-action: cmp=com.google.android.gms/.chimera.GmsApiService }
12-05 10:06:30.746 7800 7800 D BoundBrokerSvc: Loading bound service for intent: Intent { act=com.google.android.gms.mdisync.service.START dat=chimera-action: cmp=com.google.android.gms/.chimera.GmsApiService }
12-05 10:06:30.751 7846 9388 I Multidevice: [bxba] presenceClient.sync( [CONTEXT service_id=348 ]
12-05 10:06:30.752 7846 9388 I Multidevice: [bxba] multideviceEnabled: false [CONTEXT service_id=348 ]
12-05 10:06:30.752 7846 9388 I Multidevice: [bxba] deviceName: sdk_goog3_gpc_x86_64 [CONTEXT service_id=348 ]
12-05 10:06:30.752 7846 7904 I Multidevice: [bwxt] accountsFlow.collect : it = [Account {name=BTPMJ354TFE33L6N4TBZXWF2SM-00@cloudtestlabaccounts.com, type=com.google}] [CONTEXT service_id=348 ]
12-05 10:06:30.752 7846 9388 I Multidevice: [bxba] accountListForSync: [] [CONTEXT service_id=348 ]
12-05 10:06:30.752 7846 9388 I Multidevice: [bxba] ) [CONTEXT service_id=348 ]
12-05 10:06:30.757 7800 7906 I Icing : updateResources: need to parse befp{com.google.android.gm}
12-05 10:06:30.759 7846 8398 I Multidevice: [bxba] settingsState.collect(): bxat@79e3e73 [CONTEXT service_id=348 ]
12-05 10:06:30.762 563 1031 W PermissionManagerService: Datasource AttributionSource { uid = 10130, packageName = com.google.android.gm, attributionTag = null, token = android.os.BinderProxy@c93c64, next = android.content.AttributionSourceState@4020382 } protecting data with platform defined runtime permission android.permission.READ_CONTACTS while not having android.permission.UPDATE_APP_OPS_STATS
12-05 10:06:30.776 7846 7846 D BoundBrokerSvc: onRebind: Intent { act=com.google.android.gms.auth.aang.events.services.START dat=chimera-action: cmp=com.google.android.gms/.chimera.PersistentApiService }
12-05 10:06:30.785 7846 7846 D BoundBrokerSvc: onRebind: Intent { act=com.google.android.gms.nearby.presence.service.START dat=chimera-action: cmp=com.google.android.gms/.chimera.PersistentApiServiceNoInstantApps }
12-05 10:06:30.829 5239 5276 W ogle.android.g: Long monitor contention with owner main (5239) at void android.accounts.AccountManager$18.run()(AccountManager.java:2332) waiters=0 in void android.accounts.AccountManager$18.run() for 259ms
12-05 10:06:30.844 7846 7846 D BoundBrokerSvc: onBind: Intent { act=com.google.android.gms.auth.account.workaccount.START dat=chimera-action: cmp=com.google.android.gms/.chimera.PersistentApiService }
12-05 10:06:30.844 7846 7846 D BoundBrokerSvc: Loading bound service for intent: Intent { act=com.google.android.gms.auth.account.workaccount.START dat=chimera-action: cmp=com.google.android.gms/.chimera.PersistentApiService }
12-05 10:06:30.852 9381 9381 D nativeloader: classloader namespace configured for unbundled product apk. library_path=/product/app/Drive/lib/x86_64:/product/app/Drive/Drive.apk!/lib/x86_64:/product/lib64:/system/product/lib64
12-05 10:06:30.877 9381 9381 V GraphicsEnvironment: ANGLE Developer option for 'com.google.android.apps.docs' set to: 'default'
12-05 10:06:30.880 9381 9381 V GraphicsEnvironment: ANGLE GameManagerService for com.google.android.apps.docs: false
12-05 10:06:30.880 9381 9381 V GraphicsEnvironment: Neither updatable production driver nor prerelease driver is supported.
12-05 10:06:30.884 9381 9381 D NetworkSecurityConfig: Using Network Security Config from resource network_security_config debugBuild: false
12-05 10:06:30.885 9381 9381 D NetworkSecurityConfig: Using Network Security Config from resource network_security_config debugBuild: false
12-05 10:06:30.902 7800 8306 I PeopleGalProvider: Gal directories started.
12-05 10:06:30.909 7800 9253 I MdiSyncModule: Receiving API connection from package 'com.google.android.gm'...
12-05 10:06:30.915 563 1749 I AccountManagerService: the accounts changed, sending broadcast of android.accounts.LOGIN_ACCOUNTS_CHANGED
12-05 10:06:30.941 7800 7906 W Icing : Package com.google.android.gm Corpus messages/com.google/XXXXXXXXXXXXXXXXXXXXXXXXXXXXXXXXXXXXXXXXXXXXXXXXXXXXXX Version 1 failed appdatasearch-corpus-whitelist
12-05 10:06:30.960 7800 8306 I PeopleGalProvider: Method 1 completed.
12-05 10:06:30.961 7800 8306 I PeopleGalProvider: Method 1 finished successfully.
12-05 10:06:30.981 7846 7846 I Multidevice: [bwxt] Updated accounts sent. [CONTEXT service_id=348 ]
12-05 10:06:31.012 8696 8775 D EGL_emulation: app_time_stats: avg=1000.40ms min=1000.40ms max=1000.40ms count=1
12-05 10:06:31.023 352 352 W RanchuHwc: validateDisplay: layer 31 CompositionType 1, fallback
12-05 10:06:31.037 352 352 W RanchuHwc: presentDisplay display has no layers to compose, flushing client target buffer.
12-05 10:06:31.050 7846 8398 I NearbyPresence: BroadcastEngineImplV1: Start BleAdvertiseBluetoothProvider. [CONTEXT service_id=317 ]
12-05 10:06:31.081 7800 9136 I Checkin : [CheckinApiChimeraService] onGetService
12-05 10:06:31.085 7846 8398 I NearbyPresence: cdtt verified [!=] new request BroadcastEngineRequest: does not equal to the old request null [CONTEXT service_id=317 ]
12-05 10:06:31.091 7846 8398 I NearbyPresence: cdtg verified [!=] new request BroadcastEngineRequest: does not equal to the old request null [CONTEXT service_id=317 ]
12-05 10:06:31.101 7846 8398 I NearbyPresence: cdtv verified [!=] new request BroadcastEngineRequest: does not equal to the old request null [CONTEXT service_id=317 ]
12-05 10:06:31.102 7846 8398 I NearbyPresence: MdnsServerProviderController is not enabled or requested [CONTEXT service_id=317 ]
12-05 10:06:31.102 7846 8398 I NearbyPresence: BleAdvertiseProviderController: request.isRequested() false [CONTEXT service_id=317 ]
12-05 10:06:31.102 7846 8398 I NearbyPresence: BroadcastEngineImplV1: Overriding the broadcastV1 request to : BroadcastEngineRequest: [CONTEXT service_id=317 ]
12-05 10:06:31.103 7846 8398 I NearbyPresence: BroadcastEngineImplV1: Enabling engine. [CONTEXT service_id=317 ]
12-05 10:06:31.103 563 794 D ConnectivityService: NetReassign [no changes]
