12-05 10:05:47.354 331 8571 I resolv : resolv_cache_lookup: lookup
12-05 10:05:47.354 331 8571 I resolv : resolv_cache_lookup: FOUND IN CACHE entry=0x78c8fbc61e30
12-05 10:05:47.354 331 8571 D resolv : doQuery: rcode=0, ancount=4
12-05 10:05:47.355 331 8572 D resolv : doQuery: (1, 1)
12-05 10:05:47.355 331 8572 D resolv : res_nmkquery: (QUERY, IN, A)
12-05 10:05:47.355 331 8572 D resolv : res_nsend
12-05 10:05:47.356 331 8572 I resolv : resolv_cache_lookup: lookup
12-05 10:05:47.356 331 8572 I resolv : resolv_cache_lookup: FOUND IN CACHE entry=0x78c8fbc608d0
12-05 10:05:47.356 331 8572 D resolv : doQuery: rcode=0, ancount=6
12-05 10:05:47.360 8456 8456 V GraphicsEnvironment: ANGLE Developer option for 'com.android.emergency' set to: 'default'
12-05 10:05:47.361 8456 8456 V GraphicsEnvironment: ANGLE GameManagerService for com.android.emergency: false
12-05 10:05:47.364 8456 8456 V GraphicsEnvironment: Neither updatable production driver nor prerelease driver is supported.
12-05 10:05:47.375 8456 8456 D NetworkSecurityConfig: No Network Security Config specified, using platform default
12-05 10:05:47.375 8456 8456 D NetworkSecurityConfig: No Network Security Config specified, using platform default
12-05 10:05:47.398 974 8551 D NetworkMonitor/100: PROBE_HTTPS https://www.google.com/generate_204 time=67ms ret=204 request={Connection=[close], User-Agent=[Mozilla/5.0 (X11; Linux x86_64) AppleWebKit/537.36 (KHTML, like Gecko) Chrome/60.0.3112.32 Safari/537.36]} headers={null=[HTTP/1.1 204 No Content], Connection=[close], Content-Length=[0], Cross-Origin-Resource-Policy=[cross-origin], Date=[Thu, 05 Dec 2024 18:05:47 GMT], X-Android-Received-Millis=[1733421947394], X-Android-Response-Source=[NETWORK 204], X-Android-Selected-Protocol=[http/1.1], X-Android-Sent-Millis=[1733421947390]}
12-05 10:05:47.404 974 8536 D NetworkMonitor/100: isCaptivePortal: isSuccessful()=true isPortal()=false RedirectUrl=null isPartialConnectivity()=false Time=348ms
12-05 10:05:47.405 8495 8534 D HighlightableMenu: add menu key: top_level_wellbeing
12-05 10:05:47.406 332 332 I Zygote : Process 7478 exited due to signal 9 (Killed)
12-05 10:05:47.406 8495 8534 D HighlightableMenu: add menu key: top_level_google
12-05 10:05:47.419 974 8552 D NetworkMonitor/100: PROBE_DNS connectivitycheck.gstatic.com 305ms OK 64.233.181.94,2607:f8b0:4001:c11::5e
12-05 10:05:47.427 563 794 D ConnectivityService: [100 WIFI] validation passed
12-05 10:05:47.433 8476 8476 V GraphicsEnvironment: ANGLE Developer option for 'com.android.traceur' set to: 'default'
12-05 10:05:47.439 8476 8476 V GraphicsEnvironment: ANGLE GameManagerService for com.android.traceur: false
12-05 10:05:47.439 8476 8476 V GraphicsEnvironment: Neither updatable production driver nor prerelease driver is supported.
12-05 10:05:47.444 331 8574 D resolv : GetAddrInfoHandler::run: {100 983140 100 983140 1073 1}
12-05 10:05:47.444 331 8574 D resolv : resolv_getaddrinfo: explore_fqdn(): ai_family=0 ai_socktype=1 ai_protocol=6
12-05 10:05:47.450 8476 8476 D NetworkSecurityConfig: No Network Security Config specified, using platform default
12-05 10:05:47.450 8476 8476 D NetworkSecurityConfig: No Network Security Config specified, using platform default
12-05 10:05:47.451 331 8575 D resolv : doQuery: (1, 28)
12-05 10:05:47.451 331 8575 D resolv : res_nmkquery: (QUERY, IN, AAAA)
12-05 10:05:47.451 331 8575 D resolv : res_nsend
12-05 10:05:47.451 331 8575 I resolv : resolv_cache_lookup: lookup
12-05 10:05:47.451 331 8575 I resolv : resolv_cache_lookup: FOUND IN CACHE entry=0x78c8ebc64850
12-05 10:05:47.451 331 8575 D resolv : doQuery: rcode=0, ancount=1
12-05 10:05:47.458 331 8576 D resolv : doQuery: (1, 1)
12-05 10:05:47.458 331 8576 D resolv : res_nmkquery: (QUERY, IN, A)
12-05 10:05:47.458 331 8576 D resolv : res_nsend
12-05 10:05:47.458 331 8576 I resolv : resolv_cache_lookup: lookup
12-05 10:05:47.458 331 8576 I resolv : resolv_cache_lookup: FOUND IN CACHE entry=0x78c8ebc621d0
12-05 10:05:47.458 331 8576 D resolv : doQuery: rcode=0, ancount=1
12-05 10:05:47.465 7846 7846 W .gms.persisten: Long monitor contention with owner GoogleApiHandler (7898) at boolean android.os.MessageQueue.enqueueMessage(android.os.Message, long)(MessageQueue.java:600) waiters=0 in android.os.Message android.os.MessageQueue.next() for 109ms
12-05 10:05:47.467 974 8552 D NetworkMonitor/100: PROBE_HTTP http://connectivitycheck.gstatic.com/generate_204 time=38ms ret=204 request={Connection=[close], User-Agent=[Mozilla/5.0 (X11; Linux x86_64) AppleWebKit/537.36 (KHTML, like Gecko) Chrome/60.0.3112.32 Safari/537.36]} headers={null=[HTTP/1.1 204 No Content], Connection=[close], Content-Length=[0], Cross-Origin-Resource-Policy=[cross-origin], Date=[Thu, 05 Dec 2024 18:05:47 GMT], X-Android-Received-Millis=[1733421947466], X-Android-Response-Source=[NETWORK 204], X-Android-Selected-Protocol=[http/1.1], X-Android-Sent-Millis=[1733421947465]}
12-05 10:05:47.472 8320 8449 W IndexableDataCollector: Null cursor. Cannot add index data for Uri: content://com.android.emergency/settings/indexables_xml_res
12-05 10:05:47.472 8320 8449 W IndexableDataCollector: Null cursor. Cannot add index data for Uri: content://com.android.emergency/settings/indexables_raw
12-05 10:05:47.473 8320 8449 W IndexableDataCollector: Null cursor. Cannot add index data for Uri: content://com.android.emergency/settings/non_indexables_key
12-05 10:05:47.478 7846 8113 W TapAndPay: NfcAdapter is null while obtaining CardEmulation instance. [CONTEXT service_id=79 ]
12-05 10:05:47.478 7846 8113 W TapAndPay: java.lang.NullPointerException: NfcAdapter is null
12-05 10:05:47.478 7846 8113 W TapAndPay: at android.nfc.cardemulation.CardEmulation.getInstance(CardEmulation.java:150)
12-05 10:05:47.478 7846 8113 W TapAndPay: at cwzz.(:com.google.android.gms@244337026@24.43.37 (150800-693941914):15)
12-05 10:05:47.478 7846 8113 W TapAndPay: at com.google.android.gms.tapandpay.hce.task.TapAndPayAidRegistrationTaskOperation.a(:com.google.android.gms@244337026@24.43.37 (150800-693941914):50)
12-05 10:05:47.478 7846 8113 W TapAndPay: at com.google.android.gms.tapandpay.gcmtask.TapAndPayGcmTaskChimeraService.a(:com.google.android.gms@244337026@24.43.37 (150800-693941914):32)
12-05 10:05:47.478 7846 8113 W TapAndPay: at bqrh.call(:com.google.android.gms@244337026@24.43.37 (150800-693941914):32)
12-05 10:05:47.478 7846 8113 W TapAndPay: at java.util.concurrent.FutureTask.run(FutureTask.java:266)
12-05 10:05:47.478 7846 8113 W TapAndPay: at amjy.c(:com.google.android.gms@244337026@24.43.37 (150800-693941914):50)
12-05 10:05:47.478 7846 8113 W TapAndPay: at amjy.run(:com.google.android.gms@244337026@24.43.37 (150800-693941914):76)
12-05 10:05:47.478 7846 8113 W TapAndPay: at java.util.concurrent.ThreadPoolExecutor.runWorker(ThreadPoolExecutor.java:1167)
12-05 10:05:47.478 7846 8113 W TapAndPay: at java.util.concurrent.ThreadPoolExecutor$Worker.run(ThreadPoolExecutor.java:641)
12-05 10:05:47.478 7846 8113 W TapAndPay: at ampj.run(:com.google.android.gms@244337026@24.43.37 (150800-693941914):8)
12-05 10:05:47.478 7846 8113 W TapAndPay: at java.lang.Thread.run(Thread.java:920)
12-05 10:05:47.505 8320 8453 W IndexableDataCollector: Null cursor. Cannot add index data for Uri: content://com.android.traceur/settings/indexables_xml_res
12-05 10:05:47.518 563 563 W system_server: Long monitor contention with owner jobscheduler.bg (749) at void com.android.server.DeviceIdleController.checkTempAppWhitelistTimeout(int)(DeviceIdleController.java:2993) waiters=0 in int[] com.android.server.DeviceIdleController.getAppIdTempWhitelistInternal() for 164ms
12-05 10:05:47.519 563 563 W Looper : Slow dispatch took 165ms main h=android.app.ActivityThread$H c=android.app.LoadedApk$ReceiverDispatcher$Args$$ExternalSyntheticLambda0@877df5d m=0
12-05 10:05:47.549 7800 7800 D BoundBrokerSvc: onBind: Intent { act=com.google.android.mdd.service.START dat=chimera-action: cmp=com.google.android.gms/.chimera.GmsBoundBrokerService }
12-05 10:05:47.549 7800 7800 D BoundBrokerSvc: Loading bound service for intent: Intent { act=com.google.android.mdd.service.START dat=chimera-action: cmp=com.google.android.gms/.chimera.GmsBoundBrokerService }
12-05 10:05:47.582 563 634 I libprocessgroup: Successfully killed process cgroup uid 10056 pid 7478 in 0ms
12-05 10:05:47.605 332 332 I Zygote : Process 7455 exited due to signal 9 (Killed)
12-05 10:05:47.631 8528 8528 W ProviderHelper: Unknown dynamite feature providerinstaller.dynamite
12-05 10:05:47.632 8528 8528 I DynamiteModule: Considering local module com.google.android.gms.providerinstaller.dynamite:1 and remote module com.google.android.gms.providerinstaller.dynamite:0
12-05 10:05:47.632 8528 8528 I DynamiteModule: Selected local version of com.google.android.gms.providerinstaller.dynamite
12-05 10:05:47.641 8528 8560 I DynamiteModule: Considering local module com.google.android.gms.googlecertificates:7 and remote module com.google.android.gms.googlecertificates:7
12-05 10:05:47.641 8528 8560 I DynamiteModule: Selected local version of com.google.android.gms.googlecertificates
12-05 10:05:47.677 8320 8474 W IndexableDataCollector: Null cursor. Cannot add index data for Uri: content://com.google.android.gms.accountsettings.content/settings/indexables_xml_res
12-05 10:05:47.699 8528 8528 V NativeCrypto: Registering com/google/android/gms/org/conscrypt/NativeCrypto's 305 native methods...
12-05 10:05:47.730 8407 8407 W android.youtub: Accessing hidden field Ljava/util/Collections$SynchronizedCollection;->mutex:Ljava/lang/Object; (max-target-o, reflection, denied)
12-05 10:05:47.743 8407 8407 W android.youtub: Accessing hidden method Ljava/util/Collections$SynchronizedSet;->(Ljava/util/Set;Ljava/lang/Object;)V (max-target-o, reflection, denied)
12-05 10:05:47.743 8407 8407 W android.youtub: Accessing hidden method Ljava/util/Collections$SynchronizedCollection;->(Ljava/util/Collection;Ljava/lang/Object;)V (max-target-o, reflection, denied)
12-05 10:05:47.762 8528 8528 I ProviderInstaller: Installed default security provider GmsCore_OpenSSL
12-05 10:05:47.770 7800 7800 D BoundBrokerSvc: onBind: Intent { act=com.google.android.mobstore.service.START pkg=com.google.android.gms }
12-05 10:05:47.770 7800 7800 D BoundBrokerSvc: Loading bound service for intent: Intent { act=com.google.android.mobstore.service.START pkg=com.google.android.gms }
12-05 10:05:47.782 8528 8598 I dpws$a : Unable to retrieve flag snapshot for com.google.android.gms.providerinstaller#com.google.android.gms, using defaults.
12-05 10:05:47.822 8340 8443 I CarrierServices: [646] aqiz.T: (Sim): Skipping writing to Msisdn because this is not main bugle process.
12-05 10:05:47.826 8340 8443 I CarrierServices: [646] aqiz.x: (Sim): Updated SIM info: currentSimId: redacted-pii:sim_id[chars:20]; imsi: redacted-pii:imsi[chars:15]; rawMsisdn: redacted-pii:phone_number[chars:12,last2:67]; formattedMsisdn: redacted-pii:phone_number[chars:0,last2:]; mccmnc: redacted-pii:sim_operator[chars:6] isFiDevice: false; subId: 1; slotIndex: 0
12-05 10:05:47.836 8340 8443 I CarrierServices: [646] aqiz.K: (Sim): Broadcasting Intent { act=com.google.android.ims.SIM_LOADED (has extras) }
12-05 10:05:47.839 8340 8443 I CarrierServices: [646] aoio.b: Initializing Carrier Services Library.
12-05 10:05:47.839 8340 8443 I CarrierServices: [646] aotd.l: Reinitialize CSLib Flags: com.google.android.ims.library
12-05 10:05:47.875 8528 8616 I GMS_MM_Logger: Start time: 191935
12-05 10:05:47.875 8528 8616 I GMS_MM_Logger: Started.
12-05 10:05:47.888 8340 8443 I CarrierServices: [646] aoio.a: Initializing Carrier Services Logging.
12-05 10:05:47.912 8340 8443 I LogSaver: LogSaver new instance with filename: carrier_services
12-05 10:05:47.922 7800 8023 I ChimeraConfigurator: Starting update, reason: 4 urgentFeatures: tflite_dynamite:-1
12-05 10:05:47.937 8528 8528 I GmsApplication: [gms_startup_benchmark] Static start time (ms): 511606, Startup latency (ms): 587, Is system user: true
12-05 10:05:47.944 7800 8023 W FeatureMgr: Attempted to request and unrequest the same feature: appsearch_impl. Ignoring unrequest.
12-05 10:05:47.949 7800 8023 W FeatureMgr: Attempted to request and unrequest the same feature: antifingerprinting. Ignoring unrequest.
12-05 10:05:47.958 563 2751 D ConnectivityService: requestNetwork for uid/pid:10114/8407 activeRequest: null callbackRequest: 209 [NetworkRequest [ REQUEST id=210, [ Capabilities: INTERNET&NOT_RESTRICTED&TRUSTED&NOT_VCN_MANAGED Uid: 10114 RequestorUid: 10114 RequestorPkg: com.google.android.youtube UnderlyingNetworks: Null] ]] callback flags: 0 order: 2147483647
12-05 10:05:47.959 563 794 D ConnectivityService: NetReassign [210 : null → 100]
12-05 10:05:47.965 563 785 D WifiNetworkFactory: got request NetworkRequest [ REQUEST id=210, [ Capabilities: INTERNET&NOT_RESTRICTED&TRUSTED&NOT_VCN_MANAGED Uid: 10114 RequestorUid: 10114 RequestorPkg: com.google.android.youtube UnderlyingNetworks: Null] ]
12-05 10:05:47.971 8495 8535 D PrefCtrlListHelper: Could not find Context-only controller for pref: com.android.settings.accessibility.CaptionFooterPreferenceController
12-05 10:05:47.975 563 785 D UntrustedWifiNetworkFactory: got request NetworkRequest [ REQUEST id=210, [ Capabilities: INTERNET&NOT_RESTRICTED&TRUSTED&NOT_VCN_MANAGED Uid: 10114 RequestorUid: 10114 RequestorPkg: com.google.android.youtube UnderlyingNetworks: Null] ]
12-05 10:05:47.975 563 785 D OemPaidWifiNetworkFactory: got request NetworkRequest [ REQUEST id=210, [ Capabilities: INTERNET&NOT_RESTRICTED&TRUSTED&NOT_VCN_MANAGED Uid: 10114 RequestorUid: 10114 RequestorPkg: com.google.android.youtube UnderlyingNetworks: Null] ]
12-05 10:05:47.982 8528 8620 D CompatibilityChangeReporter: Compat change id reported: 160794467; UID 10105; state: ENABLED
12-05 10:05:47.988 8495 8535 V SettingsSearchProvider: com.google.android.settings.gamemode.GameModeSettings$1@fafe4ff tried to add an empty non-indexable key
12-05 10:05:48.019 8407 8589 I DynamiteModule: Considering local module com.google.android.gms.ads.dynamite:0 and remote module com.google.android.gms.ads.dynamite:243220703
12-05 10:05:48.019 8407 8589 I DynamiteModule: Selected remote version of com.google.android.gms.ads.dynamite, version >= 243220703
12-05 10:05:48.050 8407 8589 I android.youtub: Waiting for a blocking GC ClassLinker
12-05 10:05:48.051 7846 7846 D BoundBrokerSvc: onBind: Intent { act=com.google.android.gms.auth.aang.events.services.START dat=chimera-action: cmp=com.google.android.gms/.chimera.PersistentApiService }
12-05 10:05:48.051 7846 7846 D BoundBrokerSvc: Loading bound service for intent: Intent { act=com.google.android.gms.auth.aang.events.services.START dat=chimera-action: cmp=com.google.android.gms/.chimera.PersistentApiService }
12-05 10:05:48.066 8495 8535 I TetheringManager: registerTetheringEventCallback:com.android.settings
12-05 10:05:48.077 7846 7898 I Multidevice: [FeatureSettingsApiService] registerXdFeatureStatusListener(featureKeys: [6, 0, 2], enableImmediateCallback: true) [CONTEXT service_id=348 ]
12-05 10:05:48.088 8495 8535 D PrefCtrlListHelper: Could not find Context-only controller for pref: com.android.settings.gestures.AssistGestureSettingsPreferenceController
12-05 10:05:48.093 7800 7901 I Icing : Query from package: com.google.android.gms, component: AppsCorpus, restrict package: com.google.android.gms, start: 0, num: 100
12-05 10:05:48.108 8495 8535 D AssistGesture: mAssistOnly:false, isSupported:false, isSensorAvailable:false
12-05 10:05:48.108 8495 8535 D PrefCtrlListHelper: Could not find Context-only controller for pref: com.android.settings.gestures.SwipeToNotificationPreferenceController
12-05 10:05:48.108 8495 8535 D PrefCtrlListHelper: Could not find Context-only controller for pref: com.android.settings.gestures.DoubleTapPowerPreferenceController
12-05 10:05:48.108 8495 8535 D PrefCtrlListHelper: Could not find Context-only controller for pref: com.android.settings.gestures.DoubleTwistPreferenceController
12-05 10:05:48.108 8495 8535 D PrefCtrlListHelper: Could not find Context-only controller for pref: com.android.settings.gestures.SystemNavigationPreferenceController
12-05 10:05:48.108 8495 8535 D PrefCtrlListHelper: Could not find Context-only controller for pref: com.android.settings.gestures.OneHandedEnablePreferenceController
12-05 10:05:48.109 8495 8535 D PrefCtrlListHelper: Could not find Context-only controller for pref: com.android.settings.gestures.TapScreenGesturePreferenceController
12-05 10:05:48.109 8495 8535 D PrefCtrlListHelper: Could not find Context-only controller for pref: com.android.settings.gestures.DoubleTapScreenPreferenceController
12-05 10:05:48.109 8495 8535 D PrefCtrlListHelper: Could not find Context-only controller for pref: com.android.settings.gestures.PickupGesturePreferenceController
12-05 10:05:48.109 8495 8535 D PrefCtrlListHelper: Could not find Context-only controller for pref: com.android.settings.gestures.PowerMenuPreferenceController
12-05 10:05:48.109 8495 8535 D PrefCtrlListHelper: Could not find Context-only controller for pref: com.android.settings.gestures.PreventRingingParentPreferenceController
12-05 10:05:48.109 8495 8535 D AssistGesture: mAssistOnly:false, isSupported:false, isSensorAvailable:false
12-05 10:05:48.132 8340 8443 I BugleRcsEngine: [646] RcsEngineProxyImpl.initializeRcsEngine: RcsEngineProxy: Initializing RCS Engine.
12-05 10:05:48.145 8340 8443 I BugleRcsEngine: [646] aqiz.n: (Sim): Processing an intent
12-05 10:05:48.147 8340 8443 I BugleRcsEngine: [646] aqiz.x: (Sim): Ignoring duplicate SIM state: LOADED
12-05 10:05:48.160 8340 8443 I BugleRcsEngine: [646] aotd.l: Reinitialize CSLib Flags: com.google.android.ims.library
12-05 10:05:48.191 7800 8023 I ChimeraConfigurator: Detected pending changes for urgent request: [tflite_dynamite]. Pending module sets: container:2443379150800+tflite_dynamite
12-05 10:05:48.217 7800 8023 I DynamiteModule: Considering local module com.google.android.gms.cronet_dynamite:0 and remote module com.google.android.gms.cronet_dynamite:3411
12-05 10:05:48.217 7800 8023 I DynamiteModule: Selected remote version of com.google.android.gms.cronet_dynamite, version >= 3411
12-05 10:05:48.278 8495 8535 W SettingsPrefController: Skipping updateNonIndexableKeys, key already in list. com.android.settings.gestures.SwipeToNotificationPreferenceController@22688f6
12-05 10:05:48.280 8528 8643 D Backup : [BackupGoogleSettingsIO] Back up or restore entry point is not enabled
12-05 10:05:48.290 8340 8443 I BugleRcsEngine: [646] aptr.d: No RCS Configuration was found in Bugle for simID: redacted-pii:sim_id[chars:20]
12-05 10:05:48.300 8528 8651 D CompatibilityChangeReporter: Compat change id reported: 158482162; UID 10105; state: ENABLED
12-05 10:05:48.305 563 1842 D CompatibilityChangeReporter: Compat change id reported: 158482162; UID 10105; state: ENABLED
12-05 10:05:48.306 8528 8651 D Backup : [BackupGoogleSettingsIO] Backup settings item not available
12-05 10:05:48.316 7800 7800 D BoundBrokerSvc: onBind: Intent { act=com.google.android.gms.asterism.service.START pkg=com.google.android.gms }
12-05 10:05:48.316 7800 7800 D BoundBrokerSvc: Loading bound service for intent: Intent { act=com.google.android.gms.asterism.service.START pkg=com.google.android.gms }
12-05 10:05:48.330 8340 8443 I BugleRcsEngine: [646] aoio.a: Initializing Carrier Services Logging.
12-05 10:05:48.338 8340 8443 D BugleRcsEngine: log_saver already enabled
12-05 10:05:48.353 7800 7906 W GmscoreIpa: Can't build MobileApplication indexable: URL too long intent:#Intent;action=android.intent.action.MAIN;category=android.intent.category.LAUNCHER;package=com.google.testing.helium.utp.android.companion.instrumentations.locale;component=com.google.testing.helium.utp.android.companion.instrumentations.locale/com.google.testing.helium.utp.android.companion.activities.BlankActivity;end [CONTEXT service_id=255 ]
12-05 10:05:48.364 8340 8653 I BugleRcsEngine: [651] aqjd.c: do not delay first event
12-05 10:05:48.381 7846 7871 I Multidevice: [FeatureSettingsApiService] onGetService called from: com.google.android.gms [CONTEXT service_id=348 ]
12-05 10:05:48.388 8340 8443 I BugleRcsEngine: [646] RcsEngineImpl.: RcsEngine(DUAL_REG): Constructor running in com.google.android.apps.messaging
12-05 10:05:48.396 8528 8643 I CAR.DRIVINGMODE: DrivingMode Settings Indexed from the location module
12-05 10:05:48.397 8340 8443 I BugleRcsEngine: [646] EventHubProxy.subscribe: Adding event listener apsk@b1ef188 for category 8 with key 186577288 for hub ENGINE
12-05 10:05:48.411 563 829 D ConnectivityService: requestNetwork for uid/pid:10097/8340 activeRequest: null callbackRequest: 211 [NetworkRequest [ REQUEST id=212, [ Capabilities: INTERNET&NOT_RESTRICTED&TRUSTED&NOT_VCN_MANAGED Uid: 10097 RequestorUid: 10097 RequestorPkg: com.google.android.apps.messaging UnderlyingNetworks: Null] ]] callback flags: 0 order: 2147483647
12-05 10:05:48.417 563 794 D ConnectivityService: NetReassign [212 : null → 100]
12-05 10:05:48.423 563 785 D WifiNetworkFactory: got request NetworkRequest [ REQUEST id=212, [ Capabilities: INTERNET&NOT_RESTRICTED&TRUSTED&NOT_VCN_MANAGED Uid: 10097 RequestorUid: 10097 RequestorPkg: com.google.android.apps.messaging UnderlyingNetworks: Null] ]
12-05 10:05:48.423 563 785 D UntrustedWifiNetworkFactory: got request NetworkRequest [ REQUEST id=212, [ Capabilities: INTERNET&NOT_RESTRICTED&TRUSTED&NOT_VCN_MANAGED Uid: 10097 RequestorUid: 10097 RequestorPkg: com.google.android.apps.messaging UnderlyingNetworks: Null] ]
12-05 10:05:48.423 563 785 D OemPaidWifiNetworkFactory: got request NetworkRequest [ REQUEST id=212, [ Capabilities: INTERNET&NOT_RESTRICTED&TRUSTED&NOT_VCN_MANAGED Uid: 10097 RequestorUid: 10097 RequestorPkg: com.google.android.apps.messaging UnderlyingNetworks: Null] ]
12-05 10:05:48.435 8495 8535 W SettingsPrefController: Skipping updateNonIndexableKeys, key already in list. com.android.settings.gestures.DoubleTwistPreferenceController@c6774f7
12-05 10:05:48.441 8495 8535 W SettingsPrefController: Skipping updateNonIndexableKeys, key already in list. com.android.settings.gestures.TapScreenGesturePreferenceController@bba3f64
12-05 10:05:48.441 8495 8535 W SettingsPrefController: Skipping updateNonIndexableKeys, key already in list. com.android.settings.gestures.DoubleTapScreenPreferenceController@8f5a5cd
12-05 10:05:48.441 8495 8535 W SettingsPrefController: Skipping updateNonIndexableKeys, key already in list. com.android.settings.gestures.PickupGesturePreferenceController@2aa3e82
12-05 10:05:48.444 8340 8662 I BugleRcsEngine: [654] apcv.c: Connected state: [1], networkType: [WIFI]
12-05 10:05:48.446 8340 8662 I BugleRcsEngine: [654] apcv.c: Connected state: [1], networkType: [WIFI]
12-05 10:05:48.454 8340 8443 I BugleRcsEngine: [646] apme.u: ProvisioningEngineManager: onCsLibPhenotypeUpdated, provisioningTaskInBugleEnabled = true, currentProvisioningStrategy = apqk
12-05 10:05:48.457 8495 8535 D PrefCtrlListHelper: Could not find Context-only controller for pref: com.android.settings.security.CredentialManagementAppPreferenceController
12-05 10:05:48.470 8340 8661 I BugleRcsEngine: [653] aptr.f: No RCS Configuration was found in Bugle for simID: redacted-pii:sim_id[chars:20]
12-05 10:05:48.493 8340 8443 D BugleRcsEngine: log_saver already enabled
12-05 10:05:48.497 8495 8535 D PrefCtrlListHelper: Could not find Context-only controller for pref: com.android.settings.applications.specialaccess.interactacrossprofiles.InteractAcrossProfilesController
12-05 10:05:48.498 8495 8535 D PrefCtrlListHelper: Could not find Context-only controller for pref: com.android.settings.enterprise.ManageDeviceAdminPreferenceController
12-05 10:05:48.501 563 1842 D ConnectivityService: requestNetwork for uid/pid:10114/8407 activeRequest: null callbackRequest: 213 [NetworkRequest [ REQUEST id=214, [ Capabilities: INTERNET&NOT_RESTRICTED&TRUSTED&NOT_VCN_MANAGED Uid: 10114 RequestorUid: 10114 RequestorPkg: com.google.android.youtube UnderlyingNetworks: Null] ]] callback flags: 0 order: 2147483647
12-05 10:05:48.501 563 794 D ConnectivityService: NetReassign [214 : null → 100]
12-05 10:05:48.503 563 785 D WifiNetworkFactory: got request NetworkRequest [ REQUEST id=214, [ Capabilities: INTERNET&NOT_RESTRICTED&TRUSTED&NOT_VCN_MANAGED Uid: 10114 RequestorUid: 10114 RequestorPkg: com.google.android.youtube UnderlyingNetworks: Null] ]
12-05 10:05:48.503 563 785 D UntrustedWifiNetworkFactory: got request NetworkRequest [ REQUEST id=214, [ Capabilities: INTERNET&NOT_RESTRICTED&TRUSTED&NOT_VCN_MANAGED Uid: 10114 RequestorUid: 10114 RequestorPkg: com.google.android.youtube UnderlyingNetworks: Null] ]
12-05 10:05:48.503 563 785 D OemPaidWifiNetworkFactory: got request NetworkRequest [ REQUEST id=214, [ Capabilities: INTERNET&NOT_RESTRICTED&TRUSTED&NOT_VCN_MANAGED Uid: 10114 RequestorUid: 10114 RequestorPkg: com.google.android.youtube UnderlyingNetworks: Null] ]
12-05 10:05:48.505 8495 8535 D PrefCtrlListHelper: Could not find Context-only controller for pref: com.android.settings.applications.specialaccess.SystemAlertWindowPreferenceController
12-05 10:05:48.506 8495 8535 D PrefCtrlListHelper: Could not find Context-only controller for pref: com.android.settings.applications.specialaccess.zenaccess.ZenAccessController
12-05 10:05:48.506 8495 8535 D PrefCtrlListHelper: Could not find Context-only controller for pref: com.android.settings.applications.specialaccess.notificationaccess.NotificationAccessController
12-05 10:05:48.506 8495 8535 D PrefCtrlListHelper: Could not find Context-only controller for pref: com.android.settings.applications.specialaccess.pictureinpicture.PictureInPictureController
12-05 10:05:48.506 8495 8535 D PrefCtrlListHelper: Could not find Context-only controller for pref: com.android.settings.applications.specialaccess.premiumsms.PremiumSmsController
12-05 10:05:48.506 8495 8535 D PrefCtrlListHelper: Could not find Context-only controller for pref: com.android.settings.applications.specialaccess.DataSaverController
12-05 10:05:48.506 8495 8535 D PrefCtrlListHelper: Could not find Context-only controller for pref: com.android.settings.applications.specialaccess.vrlistener.EnabledVrListenersController
12-05 10:05:48.506 8495 8535 D PrefCtrlListHelper: Could not find Context-only controller for pref: com.android.settings.applications.specialaccess.MoreSpecialAccessPreferenceController
12-05 10:05:48.526 563 794 D ConnectivityService: NetReassign [no changes]
12-05 10:05:48.531 8340 8428 I BugleRcsEngine: [642] aptr.d: No RCS Configuration was found in Bugle for simID: redacted-pii:sim_id[chars:20]
12-05 10:05:48.532 8340 8428 W BugleRcsEngine: [642] aofe.h: Unable to send RCS extension log
12-05 10:05:48.539 8340 8661 I BugleRcsEngine: [653] aptr.f: No RCS Configuration was found in Bugle for simID: redacted-pii:sim_id[chars:20]
12-05 10:05:48.542 8340 8428 I BugleRcsEngine: [642] aput.e: Created new RcsProvisioningProtoDataStorage for sim redacted-pii:sim_id[chars:20]
12-05 10:05:48.544 8340 8428 W BugleRcsEngine: [642] apvr.b: Unable to send provisioning event log
12-05 10:05:48.574 8340 8653 W s.messaging:rc: Long monitor contention with owner pool-3-thread-1 (8427) at void aqiz.v(android.content.Intent)(PG:35) waiters=0 in void aqiz.A(android.content.Context) for 197ms
12-05 10:05:48.578 7846 8079 I NetworkScheduler.Stats: Task com.google.android.gms/com.google.android.gms.tapandpay.gcmtask.TapAndPayGcmTaskService started execution. cause:7 exec_start_elapsed_seconds: 510 [CONTEXT service_id=218 ]
12-05 10:05:48.579 7846 8079 I NetworkScheduler.Stats: Task com.google.android.gms/com.google.android.gms.tapandpay.gcmtask.TapAndPayGcmTaskService started execution. cause:7 exec_start_elapsed_seconds: 511 [CONTEXT service_id=218 ]
12-05 10:05:48.585 7846 7871 I Multidevice: [FeatureSettingsApiService] Created API Stub. [CONTEXT service_id=348 ]
12-05 10:05:48.589 8495 8535 D PrefCtrlListHelper: Could not find Context-only controller for pref: com.android.settings.wifi.CellularFallbackPreferenceController
12-05 10:05:48.598 7800 7946 I Icing : Indexing com.google.android.gms-apps from com.google.android.gms
12-05 10:05:48.600 8340 8653 I BugleRcsEngine: [651] aqiz.n: (Sim): Processing an intent
12-05 10:05:48.605 8528 8626 I Nearby : is blocked device type false, isAuto=false, isIot=false, isLatchsky=false, isChinaWearable=false, isTv=false, isWearable=false (supportWearOs=false), isChromeOsDevice=false (supportChromeOs=false) [CONTEXT service_id=49 ]
12-05 10:05:48.607 8340 8427 I BugleRcsEngine: [641] aqjd.c: SIM state event delay enabled: attempts 0, maxAttempts 3, delaySeconds 90 MSIM delayseconds 90, effective delay seconds 90
12-05 10:05:48.607 8340 8427 I BugleRcsEngine: [641] aqjd.c: posted simEventProcessTask to handler with delay 90
12-05 10:05:48.613 8340 8653 I BugleRcsEngine: [651] aqiz.x: (Sim): Ignoring duplicate SIM state: LOADED
12-05 10:05:48.629 7846 7846 I Dtdi : [TidepoolSettingsSubDelegate] Tidepool Toggles: CrossDeviceState(state=0), CallTransferState(state=0), CallTransferPullState(state=0) [CONTEXT service_id=312 ]
12-05 10:05:48.631 8495 8535 D PrefCtrlListHelper: Could not find Context-only controller for pref: com.google.android.settings.games.GameSettingsController
12-05 10:05:48.631 8495 8535 D PrefCtrlListHelper: Could not find Context-only controller for pref: com.google.android.settings.games.GameDashboardAlwaysOnController
12-05 10:05:48.632 8495 8535 D PrefCtrlListHelper: Could not find Context-only controller for pref: com.google.android.settings.games.GameDashboardDNDController
12-05 10:05:48.632 8495 8535 D PrefCtrlListHelper: Could not find Context-only controller for pref: com.android.settings.applications.specialaccess.deviceadmin.DeviceAdminListPreferenceController
12-05 10:05:48.644 8495 8535 D PrefCtrlListHelper: Could not find Context-only controller for pref: com.android.settings.accessibility.CaptionFooterPreferenceController
12-05 10:05:48.654 8495 8535 D PrefCtrlListHelper: Could not find Context-only controller for pref: com.android.settings.display.FontSizePreferenceController
12-05 10:05:48.654 8495 8535 D PrefCtrlListHelper: Could not find Context-only controller for pref: com.android.settings.accessibility.FontWeightAdjustmentPreferenceController
12-05 10:05:48.658 8407 8592 D CompatibilityChangeReporter: Compat change id reported: 160794467; UID 10114; state: ENABLED
12-05 10:05:48.664 8340 8427 I BugleRcsEngine: [641] aqiz.d: (Sim): delay SIM event: android.intent.action.SIM_STATE_CHANGED, LOADED
12-05 10:05:48.667 8495 8535 D PrefCtrlListHelper: Could not find Context-only controller for pref: com.android.settings.accessibility.DaltonizerPreferenceController
12-05 10:05:48.667 8495 8535 D PrefCtrlListHelper: Could not find Context-only controller for pref: com.android.settings.accessibility.ColorInversionPreferenceController
12-05 10:05:48.672 8495 8535 D PrefCtrlListHelper: Could not find Context-only controller for pref: com.android.settings.accessibility.DisableAnimationsPreferenceController
12-05 10:05:48.672 8495 8535 D PrefCtrlListHelper: Could not find Context-only controller for pref: com.android.settings.accessibility.LargePointerIconPreferenceController
12-05 10:05:48.672 8495 8535 D PrefCtrlListHelper: Could not find Context-only controller for pref: com.android.settings.accessibility.HighTextContrastPreferenceController
12-05 10:05:48.673 8407 8421 W android.youtub: Suspending all threads took: 13.994ms
12-05 10:05:48.680 8340 8668 W BugleRcsEngine: [656] apvr.a: Unable to send provisioning snapshots log
12-05 10:05:48.694 6825 6825 W ContextManagerRestartBr: Context manager broadcast triggered fence restoration
12-05 10:05:48.695 6825 6825 W AutoDndManagerImpl: Context manager requested to re-register fence
12-05 10:05:48.698 8495 8535 D PrefCtrlListHelper: Could not find Context-only controller for pref: com.android.settings.network.telephony.CallsDefaultSubscriptionController
12-05 10:05:48.699 8495 8535 D PrefCtrlListHelper: Could not find Context-only controller for pref: com.android.settings.network.telephony.SmsDefaultSubscriptionController
12-05 10:05:48.699 8495 8535 D PrefCtrlListHelper: Could not find Context-only controller for pref: com.android.settings.network.telephony.NetworkProviderWifiCallingPreferenceController
12-05 10:05:48.699 8495 8535 D PrefCtrlListHelper: Could not find Context-only controller for pref: com.android.settings.network.telephony.NetworkProviderBackupCallingPreferenceController
12-05 10:05:48.699 8495 8535 D PrefCtrlListHelper: Could not find Context-only controller for pref: com.google.android.settings.network.ConnectivityHelperCallQualityPreferenceController
12-05 10:05:48.699 8495 8535 D ch_callQuality: isDeviceSupport: falsemIsChecked: true
12-05 10:05:48.700 8495 8535 D PrefCtrlListHelper: Could not find Context-only controller for pref: com.google.android.settings.network.ConnectivityHelperDeviceToDevicePreferenceController
12-05 10:05:48.700 8495 8535 D ch_d2d : isDeviceSupport: falsemIsChecked: false
12-05 10:05:48.714 7846 8398 I Dtdi : [AdvertisingSettings] Advertising settings updated to crossDeviceState=CrossDeviceState(state=0), callTransferState=CallTransferState(state=-1), sharingVisibility=SharingVisibility(visibility=4) [CONTEXT service_id=312 ]
12-05 10:05:48.715 7846 8398 I Dtdi : [AdvertisingSettings] Stopping advertising tidepool main switch disabled. [CONTEXT service_id=312 ]
12-05 10:05:48.715 7846 8398 I Dtdi : [NearbyPresenceDiscovery] Stopping advertising for feature CROSS_DEVICE_SDK with visibility null. shouldUseContactsCallbacks=false [CONTEXT service_id=312 ]
12-05 10:05:48.715 7846 8398 I Dtdi : [NearbyPresenceDiscovery] Already not advertising. Skipping stopAdvertising for feature CROSS_DEVICE_SDK, visibility=null [CONTEXT service_id=312 ]
12-05 10:05:48.715 7846 8398 I Dtdi : [NearbyPresenceDiscovery] Stopping advertising for feature CALL_TRANSFER with visibility null. shouldUseContactsCallbacks=false [CONTEXT service_id=312 ]
12-05 10:05:48.715 7846 8398 I Dtdi : [NearbyPresenceDiscovery] Already not advertising. Skipping stopAdvertising for feature CALL_TRANSFER, visibility=null [CONTEXT service_id=312 ]
12-05 10:05:48.755 8407 8589 I android.youtub: WaitForGcToComplete blocked ClassLinker on Background for 705.007ms
12-05 10:05:48.767 7846 7846 D BoundBrokerSvc: onBind: Intent { act=com.google.android.gms.instantapps.START pkg=com.google.android.gms }
12-05 10:05:48.767 7846 7846 D BoundBrokerSvc: Loading bound service for intent: Intent { act=com.google.android.gms.instantapps.START pkg=com.google.android.gms }
12-05 10:05:48.774 6825 6825 W ent : Fence recovery - Context manager restart broadcast triggered.
12-05 10:05:48.803 8495 8535 D PrefCtrlListHelper: Could not find Context-only controller for pref: com.android.settings.emergency.MoreSettingsPreferenceController
12-05 10:05:48.804 563 773 W RuleEvaluation: Integrity rule files are not available.
12-05 10:05:48.808 8495 8535 D PrefCtrlListHelper: Could not find Context-only controller for pref: com.android.settings.emergency.EmergencyGestureEntrypointPreferenceController
12-05 10:05:48.812 8340 8443 W BugleRcsEngine: [646] JibeService.b: Ignoring start action: com.google.android.ims.SIM_LOADED
12-05 10:05:48.814 8495 8535 D PrefCtrlListHelper: Could not find Context-only controller for pref: com.android.settings.network.NetworkMobileProviderController
12-05 10:05:48.817 563 661 I PackageManager: Integrity check passed for file:///data/app/vmdl2003639152.tmp
12-05 10:05:48.819 7846 8398 I Dtdi : [AdvertisingSettings] Advertising settings updated to crossDeviceState=CrossDeviceState(state=0), callTransferState=CallTransferState(state=0), sharingVisibility=SharingVisibility(visibility=4) [CONTEXT service_id=312 ]
12-05 10:05:48.820 7846 8398 I Dtdi : [AdvertisingSettings] Stopping advertising tidepool main switch disabled. [CONTEXT service_id=312 ]
12-05 10:05:48.820 7846 8398 I Dtdi : [NearbyPresenceDiscovery] Stopping advertising for feature CROSS_DEVICE_SDK with visibility null. shouldUseContactsCallbacks=false [CONTEXT service_id=312 ]
12-05 10:05:48.820 7846 8398 I Dtdi : [NearbyPresenceDiscovery] Already not advertising. Skipping stopAdvertising for feature CROSS_DEVICE_SDK, visibility=null [CONTEXT service_id=312 ]
12-05 10:05:48.820 7846 8398 I Dtdi : [NearbyPresenceDiscovery] Stopping advertising for feature CALL_TRANSFER with visibility null. shouldUseContactsCallbacks=false [CONTEXT service_id=312 ]
12-05 10:05:48.820 7846 8398 I Dtdi : [NearbyPresenceDiscovery] Already not advertising. Skipping stopAdvertising for feature CALL_TRANSFER, visibility=null [CONTEXT service_id=312 ]
12-05 10:05:48.846 8340 8427 W BugleRcsEngine: [641] aqiz.d: (Sim): Unexpected action: android.intent.action.ACTION_DEFAULT_DATA_SUBSCRIPTION_CHANGED
12-05 10:05:48.869 563 661 I PackageManager: Permission ownership changed. Updating all permissions.
12-05 10:05:48.871 8340 8427 W BugleRcsEngine: [641] aqiz.d: (Sim): Unexpected action: android.intent.action.ACTION_DEFAULT_VOICE_SUBSCRIPTION_CHANGED
12-05 10:05:48.892 7846 8079 I NetworkScheduler.Stats: Task com.google.android.gms/com.google.android.gms.tapandpay.gcmtask.TapAndPayGcmTaskService finished executing. cause:7 result: 3 elapsed_millis: 810 uptime_millis: 810 exec_start_elapsed_seconds: 510 [CONTEXT service_id=218 ]
12-05 10:05:48.927 7846 8670 I Multidevice: [FeatureSettingsApiService] getXdFeatureStatus( 0 ): 0 [CONTEXT service_id=348 ]
12-05 10:05:48.937 563 661 D PackageManager: Instant App installer not found with android.intent.action.INSTALL_INSTANT_APP_PACKAGE
12-05 10:05:48.937 563 661 D PackageManager: Clear ephemeral installer activity
12-05 10:05:48.951 563 661 W PackageManager: User 0 is not ready. Restore at install didn't take place.
12-05 10:05:48.955 422 448 E installd: Couldn't opendir /data/app/vmdl2003639152.tmp: No such file or directory
12-05 10:05:48.955 422 448 E installd: Failed to delete /data/app/vmdl2003639152.tmp: No such file or directory
12-05 10:05:48.968 563 661 D CompatibilityChangeReporter: Compat change id reported: 168419799; UID 10161; state: DISABLED
12-05 10:05:48.982 1615 1615 I MediaProvider: Invalidating LocalCallingIdentity cache for package com.google.testing.helium.utp.android.companion.backdrop. Reason: package android.intent.action.PACKAGE_ADDED
12-05 10:05:49.008 331 398 I netd : trafficSetNetPermForUids(0, [10161]) <0.02ms>
12-05 10:05:49.022 563 765 I InputReader: Reconfiguring input devices, changes=KEYBOARD_LAYOUTS |
12-05 10:05:49.030 6825 6825 W ContextManagerRestarted: Context manager broadcast triggered power state fence restoration
12-05 10:05:49.031 6825 6825 W PowerStateManagerImpl: Context manager requested to re-register fence
12-05 10:05:49.041 563 616 W Looper : Slow dispatch took 170ms android.fg h=android.os.Handler c= m=0
12-05 10:05:49.054 849 849 V MediaPlayerList: mPackageChangedBroadcastReceiver: action: android.intent.action.PACKAGE_ADDED
12-05 10:05:49.054 849 849 D MediaPlayerList: Name of package changed: com.google.testing.helium.utp.android.companion.backdrop
12-05 10:05:49.117 331 8683 D resolv : GetAddrInfoHandler::run: {100 100 100 983140 10114 0}
12-05 10:05:49.118 331 8683 D resolv : resolv_getaddrinfo: explore_fqdn(): ai_family=0 ai_socktype=1 ai_protocol=6
12-05 10:05:49.132 331 8687 D resolv : doQuery: (1, 1)
12-05 10:05:49.132 331 8687 D resolv : res_nmkquery: (QUERY, IN, A)
12-05 10:05:49.132 331 8687 D resolv : res_nsend
12-05 10:05:49.132 331 8687 I resolv : resolv_cache_lookup: lookup
12-05 10:05:49.132 331 8687 I resolv : resolv_cache_lookup: NOT IN CACHE (STALE ENTRY 0x78c92bc67c00DISCARDED)
12-05 10:05:49.132 331 8687 I resolv : _cache_remove_p: entry 28 removed (count=63)
12-05 10:05:49.133 331 8687 I resolv : resolv_populate_res_for_net: netid=100
12-05 10:05:49.133 331 8686 D resolv : doQuery: (1, 28)
12-05 10:05:49.133 331 8686 D resolv : res_nmkquery: (QUERY, IN, AAAA)
12-05 10:05:49.133 331 8686 D resolv : res_nsend
12-05 10:05:49.133 331 8686 I resolv : resolv_cache_lookup: lookup
12-05 10:05:49.133 331 8686 I resolv : resolv_cache_lookup: NOT IN CACHE (STALE ENTRY 0x78c90bc6c950DISCARDED)
12-05 10:05:49.133 331 8686 I resolv : _cache_remove_p: entry 27 removed (count=62)
12-05 10:05:49.133 331 8686 I resolv : resolv_populate_res_for_net: netid=100
12-05 10:05:49.133 331 8686 I resolv : res_stats_usable_server: NS stats: S 62 + E 0 + T 2 + I 0 = 64, rtt = 6, min_samples = 8
12-05 10:05:49.133 331 8686 I resolv : res_stats_usable_server: success rate 96
12-05 10:05:49.133 331 8686 D resolv : res_nsend: Querying server (# 1) address = 10.0.2.3:53
12-05 10:05:49.133 331 8686 D resolv : send_dg: new DG socket
12-05 10:05:49.134 331 8686 I resolv : get_timeout: using timeout of 5000 msec
12-05 10:05:49.134 331 8686 I resolv : retrying_poll: 55 retrying_poll
12-05 10:05:49.135 331 8687 I resolv : res_stats_usable_server: NS stats: S 62 + E 0 + T 2 + I 0 = 64, rtt = 6, min_samples = 8
12-05 10:05:49.135 331 8687 I resolv : res_stats_usable_server: success rate 96
12-05 10:05:49.135 331 8687 D resolv : res_nsend: Querying server (# 1) address = 10.0.2.3:53
12-05 10:05:49.135 331 8687 D resolv : send_dg: new DG socket
12-05 10:05:49.135 331 8687 I resolv : get_timeout: using timeout of 5000 msec
12-05 10:05:49.135 331 8687 I resolv : retrying_poll: 56 retrying_poll
12-05 10:05:49.137 331 8686 I resolv : retrying_poll: 55 retrying_poll returning 1
12-05 10:05:49.137 331 8686 I resolv : res_nsend: used send_dg 179 terrno: 0
12-05 10:05:49.137 331 8686 I resolv : res_stats_set_sample: rcode = 0, sec = 3
12-05 10:05:49.137 331 8686 I resolv : res_cache_add_stats_sample_locked: adding sample to stats, next = 8, count = 64
12-05 10:05:49.137 331 8686 D resolv : res_nsend: got answer:
12-05 10:05:49.137 331 8686 I resolv : answer_getTTL: TTL = 300
12-05 10:05:49.137 331 8686 I resolv : _cache_add_p: entry 73 added (count=63)
12-05 10:05:49.137 331 8686 I resolv : cache_dump_mru_locked: MRU LIST (63): 73 70 71 72 69 68 67 42 41 37 38 60 59 36 35 54 55 39 40 34 33 15 16 66 65 26 25 13 51 12 11 45 46 57 58 64 63 62 61 24 23 56 21 53 52 17 18 50 49 48 47 43 44 7 8 30 29 20 19 10 9 2 1
12-05 10:05:49.137 331 8686 D resolv : doQuery: rcode=0, ancount=5
12-05 10:05:49.138 331 8687 I resolv : retrying_poll: 56 retrying_poll returning 1
12-05 10:05:49.138 331 8687 I resolv : res_nsend: used send_dg 323 terrno: 0
12-05 10:05:49.138 331 8687 I resolv : res_stats_set_sample: rcode = 0, sec = 3
12-05 10:05:49.138 331 8687 I resolv : res_cache_add_stats_sample_locked: adding sample to stats, next = 9, count = 64
12-05 10:05:49.138 331 8687 D resolv : res_nsend: got answer:
12-05 10:05:49.138 331 8687 I resolv : answer_getTTL: TTL = 109
12-05 10:05:49.138 331 8687 I resolv : _cache_add_p: entry 74 added (count=64)
12-05 10:05:49.138 331 8687 I resolv : cache_dump_mru_locked: MRU LIST (64): 74 73 70 71 72 69 68 67 42 41 37 38 60 59 36 35 54 55 39 40 34 33 15 16 66 65 26 25 13 51 12 11 45 46 57 58 64 63 62 61 24 23 56 21 53 52 17 18 50 49 48 47 43 44 7 8 30 29 20 19 10 9 2 1
12-05 10:05:49.138 331 8687 D resolv : doQuery: rcode=0, ancount=17
12-05 10:05:49.182 563 756 I RoleService: Granting default roles...
12-05 10:05:49.202 5485 5622 I PermissionControllerServiceImpl: Updating user sensitive for uid 10161
12-05 10:05:49.208 7800 8023 I GmsDebugLogger: [73] 1801
12-05 10:05:49.212 563 782 W system_server: Long monitor contention with owner jobscheduler.bg (749) at boolean com.android.server.usage.AppStandbyController.isCarrierApp(java.lang.String)(AppStandbyController.java:1647) waiters=0 in boolean com.android.server.usage.AppStandbyController.isCarrierApp(java.lang.String) for 205ms
12-05 10:05:49.223 563 563 W Looper : Slow dispatch took 142ms main h=com.android.server.accessibility.AccessibilityManagerService$MainHandler c= m=0
12-05 10:05:49.223 563 563 W Looper : Slow delivery took 218ms main h=com.android.server.alarm.AlarmManagerService$AlarmHandler c=null m=11
12-05 10:05:49.231 8495 8535 V SettingsSearchProvider: com.android.settings.development.WirelessDebuggingFragment$2@77add83 tried to add an empty non-indexable key
12-05 10:05:49.231 8495 8535 D PrefCtrlListHelper: Could not find Context-only controller for pref: com.android.settings.widget.VideoPreferenceController
12-05 10:05:49.231 8495 8535 D PrefCtrlListHelper: Could not find Context-only controller for pref: com.android.settings.gestures.DoubleTapScreenPreferenceController
12-05 10:05:49.234 8495 8535 V SettingsSearchProvider: com.android.settings.emergency.EmergencyGestureSettings$1@483cedf tried to add an empty non-indexable key
12-05 10:05:49.235 8495 8535 V SettingsSearchProvider: com.android.settings.display.ColorModePreferenceFragment$3@f7c15f5 tried to add an empty non-indexable key
12-05 10:05:49.240 563 563 I Telecom : DefaultDialerCache: Refreshing default dialer for user 0: now com.google.android.dialer: DDC.oR@AO0
12-05 10:05:49.263 563 1828 I ActivityTaskManager: START u0 {act=android.intent.action.MAIN cat=[android.intent.category.LAUNCHER] flg=0x10000000 cmp=com.google.testing.helium.utp.android.companion.backdrop/.BackdropActivity} from uid 0
12-05 10:05:49.271 683 736 I ActivityControllerCore: activityStarting: com.google.testing.helium.utp.android.companion.backdrop/Intent { act=android.intent.action.MAIN cat=[android.intent.category.LAUNCHER] cmp=com.google.testing.helium.utp.android.companion.backdrop/.BackdropActivity }
12-05 10:05:49.282 5485 8373 W Role : Cannot get ApplicationInfo for default holder: com.google.android.contacts
12-05 10:05:49.288 563 1828 D CompatibilityChangeReporter: Compat change id reported: 174042980; UID 10161; state: DISABLED
12-05 10:05:49.293 563 1828 W ActivityTaskManager: Can't find TaskDisplayArea to determine support for multi window. Task id=6 attached=false
12-05 10:05:49.300 563 1828 D CompatibilityChangeReporter: Compat change id reported: 184838306; UID 10161; state: DISABLED
12-05 10:05:49.302 8495 8535 D PrefCtrlListHelper: Could not find Context-only controller for pref: com.android.settings.applications.DefaultAppsPreferenceController
12-05 10:05:49.304 8495 8535 D PrefCtrlListHelper: Could not find Context-only controller for pref: com.android.settings.applications.GameSettingsPreferenceController
12-05 10:05:49.305 8495 8535 D PrefCtrlListHelper: Could not find Context-only controller for pref: com.android.settings.applications.HibernatedAppsPreferenceController
12-05 10:05:49.305 8495 8535 D PrefCtrlListHelper: Could not find Context-only controller for pref: com.android.settings.applications.SpecialAppAccessPreferenceController
12-05 10:05:49.395 8495 8535 W SettingsPrefController: Skipping updateNonIndexableKeys, key already in list. com.android.settings.applications.AppsPreferenceController@20079fb
12-05 10:05:49.405 563 563 W Looper : Drained
12-05 10:05:49.413 8495 8535 D PrefCtrlListHelper: Could not find Context-only controller for pref: com.android.settings.applications.specialaccess.interactacrossprofiles.InteractAcrossProfilesController
12-05 10:05:49.413 8495 8535 W PrefCtrlListHelper: Controller requires key but it's not defined in xml: com.android.settings.applications.specialaccess.interactacrossprofiles.InteractAcrossProfilesController
12-05 10:05:49.417 563 1828 D CompatibilityChangeReporter: Compat change id reported: 185004937; UID 10161; state: DISABLED
12-05 10:05:49.424 563 1828 D CompatibilityChangeReporter: Compat change id reported: 181136395; UID 10161; state: DISABLED
12-05 10:05:49.425 563 1828 D CompatibilityChangeReporter: Compat change id reported: 174042936; UID 10161; state: DISABLED
12-05 10:05:49.431 8495 8535 V SettingsSearchProvider: com.google.android.settings.security.SecurityHubDashboard$1@9f13fc4 tried to add an empty non-indexable key
12-05 10:05:49.432 8495 8535 D PrefCtrlListHelper: Could not find Context-only controller for pref: com.android.settings.notification.BubbleNotificationPreferenceController
12-05 10:05:49.436 563 1828 D CompatibilityChangeReporter: Compat change id reported: 197654537; UID 10161; state: ENABLED
12-05 10:05:49.461 8495 8535 V SettingsSearchProvider: com.android.settings.development.graphicsdriver.GraphicsDriverDashboard$1@c1e2d73 tried to add an empty non-indexable key
12-05 10:05:49.492 8495 8535 D PrefCtrlListHelper: Could not find Context-only controller for pref: com.android.settings.enterprise.ManageDeviceAdminPreferenceController
12-05 10:05:49.492 8495 8535 D PrefCtrlListHelper: Could not find Context-only controller for pref: com.android.settings.security.ConfirmSimDeletionPreferenceController
12-05 10:05:49.514 8495 8535 W PrefCtrlListHelper: visiblepattern_profile already has a controller
12-05 10:05:49.546 7846 7898 I NearbyConnections: Client 198328238 requested setting downloads directory to null.
12-05 10:05:49.547 7846 7898 I NearbyConnections: Client 198328238 with package name 0p:com.google.android.gms.nearby.sharing and sdk version 244337000 has connected, downloads dir is set to null.
12-05 10:05:49.556 7846 7898 I Multidevice: [FeatureSettingsApiService] registerXdFeatureStatusListener(featureKeys: [4], enableImmediateCallback: true) [CONTEXT service_id=348 ]
12-05 10:05:49.560 7846 7846 I MagicTether: [TidepoolFeatureStatusManager] Successfully registered TidepoolListener [CONTEXT service_id=276 ]
12-05 10:05:49.570 7846 7846 I MagicTether: [TidepoolFeatureStatusManager] onFeatureStatusChanged: INTERNET_SHARING_HOTSPOT=false [CONTEXT service_id=276 ]
12-05 10:05:49.570 7846 7846 I MagicTether: [TetherService] TidepoolUpdateListener#onInstantHotspotUpdate isInstantHotspotEnabled=false [CONTEXT service_id=276 ]
12-05 10:05:49.575 7846 8113 I MagicTether: [TetherService] starting runnable [CONTEXT service_id=276 ]
12-05 10:05:49.590 7846 8113 I MagicTether: [TetherService] Starting Instant Hotspot feature. [CONTEXT service_id=276 ]
