12-05 10:05:27.643 7426 7752 W oid.documentsu: Long monitor contention with owner pool-12-thread-6 (7756) at void com.android.documentsui.roots.ProvidersCache$MultiProviderUpdateTask.handleDocumentsProvider(android.content.pm.ProviderInfo, com.android.documentsui.base.UserId)(ProvidersCache.java:646) waiters=3 in void com.android.documentsui.roots.ProvidersCache$MultiProviderUpdateTask.handleDocumentsProvider(android.content.pm.ProviderInfo, com.android.documentsui.base.UserId) for 360ms
12-05 10:05:27.650 1482 2897 I SP : Scheduling job with delay of 0s for {m:b:u:l, fg}, 1 candidates
12-05 10:05:27.651 563 2728 I ActivityManager: Background started FGS: Allowed [callingPackage: com.google.android.inputmethod.latin; callingUid: 10121; uidState: IMPB; intent: Intent { cmp=com.google.android.inputmethod.latin/com.google.android.apps.inputmethod.libs.dataservice.superpacks.SuperpacksForegroundTaskService }; code:CURRENT_INPUT_METHOD; tempAllowListReason:; targetSdkVersion:31; callerTargetSdkVersion:31; startForegroundCount:0; bindFromPackage:null]
12-05 10:05:27.667 1482 1482 I SuperpacksForegroundTaskService: SuperpacksForegroundTaskService.onStartCommand():40 SuperpacksForegroundTaskService.onStartCommand(): 1
12-05 10:05:27.669 1590 1984 W ogle.android.a: Long monitor contention with owner main (1590) at android.content.res.ApkAssets android.app.ResourcesManager.loadApkAssets(android.app.ResourcesManager$ApkKey)(ResourcesManager.java:436) waiters=0 in android.content.res.ApkAssets android.app.ResourcesManager.loadApkAssets(android.app.ResourcesManager$ApkKey) for 361ms
12-05 10:05:27.675 563 1831 W ActivityManager: Foreground service started from background can not have location/camera/microphone access: service com.google.android.inputmethod.latin/com.google.android.apps.inputmethod.libs.dataservice.superpacks.SuperpacksForegroundTaskService
12-05 10:05:27.689 868 924 W Looper : Drained
12-05 10:05:27.694 1482 1482 I SP : ====> Starting job {m:b:u:l, fg}
12-05 10:05:27.706 1081 1094 I m.android.phon: Background young concurrent copying GC freed 43691(2604KB) AllocSpace objects, 0(0B) LOS objects, 32% free, 3983KB/5942KB, paused 52us,32us total 768.727ms
12-05 10:05:27.723 563 563 W InputMethodManagerService: Illegal subtype state: old subtype = null, new subtype = android.view.inputmethod.InputMethodSubtype@70bfcd7e
12-05 10:05:27.727 1482 1502 I putmethod.lati: Background young concurrent copying GC freed 107382(3815KB) AllocSpace objects, 4(264KB) LOS objects, 43% free, 12MB/22MB, paused 598us,29us total 607.428ms
12-05 10:05:27.733 1160 1160 I Choreographer: Skipped 91 frames! The application may be doing too much work on its main thread.
12-05 10:05:27.735 563 794 D ConnectivityService: NetReassign [no changes]
12-05 10:05:27.746 563 563 W Looper : Slow dispatch took 812ms main h=android.app.ActivityThread$H c=android.app.LoadedApk$ReceiverDispatcher$Args$$ExternalSyntheticLambda0@3a1de31 m=0
12-05 10:05:27.746 563 563 I Telecom : : Locale change; recreating channels.
12-05 10:05:27.767 563 2383 D CompatibilityChangeReporter: Compat change id reported: 168419799; UID 10081; state: DISABLED
12-05 10:05:27.769 563 829 W system_server: Long monitor contention with owner main (563) at void com.android.server.inputmethod.InputMethodManagerService.onActionLocaleChanged()(InputMethodManagerService.java:1193) waiters=0 in void com.android.server.inputmethod.InputMethodManagerService.reportFullscreenMode(android.os.IBinder, boolean) for 672ms
12-05 10:05:27.770 1160 1834 D EGL_emulation: app_time_stats: avg=6007.08ms min=6007.08ms max=6007.08ms count=1
12-05 10:05:27.823 563 2383 W ActivityManager: Slow operation: 59ms so far, now at attachApplicationLocked: immediately before bindApplication
12-05 10:05:27.841 563 2383 W ActivityManager: Slow operation: 77ms so far, now at attachApplicationLocked: immediately after bindApplication
12-05 10:05:27.844 563 2383 W ActivityManager: Slow operation: 80ms so far, now at attachApplicationLocked: after updateLruProcessLocked
12-05 10:05:27.855 1160 1179 I OpenGLRenderer: Davey! duration=1564ms; Flags=0, FrameTimelineVsyncId=9177, IntendedVsync=490517746173, Vsync=492034412779, InputEventId=0, HandleInputStart=492044784862, AnimationStart=492044788389, PerformTraversalsStart=492044822302, DrawStart=492046712793, FrameDeadline=490534412839, FrameInterval=492044693273, FrameStartTime=16666666, SyncQueued=492046774290, SyncStart=492047216001, IssueDrawCommandsStart=492047314794, SwapBuffers=492048032705, FrameCompleted=492082293766, DequeueBufferDuration=7803, QueueBufferDuration=862082, GpuCompleted=492082083129, SwapBuffersCompleted=492082293766, DisplayPresentTime=0,
12-05 10:05:27.858 1931 1931 I A : onApplyWindowInsets: systemWindowInsets=Insets{left=0, top=0, right=0, bottom=0}
12-05 10:05:27.866 1931 1931 I A : onApplyWindowInsets: systemWindowInsets=Insets{left=0, top=0, right=0, bottom=0}
12-05 10:05:27.878 351 351 D goldfish-address-space: claimShared: Ask to claim region [0x3f51a2000 0x3f51f3000]
12-05 10:05:27.933 351 351 D goldfish-address-space: claimShared: Ask to claim region [0x3f51f3000 0x3f5244000]
12-05 10:05:27.934 351 351 D goldfish-address-space: claimShared: Ask to claim region [0x3f5244000 0x3f5295000]
12-05 10:05:27.947 563 2383 W ActivityManager: Slow operation: 183ms so far, now at attachApplicationLocked: after mServices.attachApplicationLocked
12-05 10:05:27.952 563 2383 W ActivityManager: Slow operation: 188ms so far, now at attachApplicationLocked: after sendPendingBroadcastsLocked
12-05 10:05:27.956 7758 7758 D CompatibilityChangeReporter: Compat change id reported: 171979766; UID 10081; state: ENABLED
00-00 00:00:00.000 0 0 ? (none) : --------- beginning of kernel
12-05 10:05:28.021 0 0 I binder : undelivered transaction 318134, process died.
12-05 10:05:27.989 563 2794 D ConnectivityService: ConnectivityService NetworkRequestInfo binderDied(uid/pid:10105/2128, [NetworkRequest [ REQUEST id=171, [ Capabilities: INTERNET&NOT_RESTRICTED&TRUSTED&NOT_VCN_MANAGED Uid: 10105 RequestorUid: 10105 RequestorPkg: com.google.android.gms UnderlyingNetworks: Null] ]], android.os.BinderProxy@571d4ee)
12-05 10:05:27.989 563 2794 D ConnectivityService: ConnectivityService NetworkRequestInfo binderDied(uid/pid:10105/2128, [NetworkRequest [ REQUEST id=105, [ Capabilities: INTERNET&NOT_RESTRICTED&TRUSTED&NOT_VCN_MANAGED Uid: 10105 RequestorUid: 10105 RequestorPkg: com.google.android.gms UnderlyingNetworks: Null] ]], android.os.BinderProxy@e6c5d8f)
12-05 10:05:27.989 563 2794 D ConnectivityService: ConnectivityService NetworkRequestInfo binderDied(uid/pid:10105/2128, [NetworkRequest [ LISTEN id=106, [ Capabilities: INTERNET&NOT_RESTRICTED&TRUSTED&NOT_VCN_MANAGED Uid: 10105 RequestorUid: 10105 RequestorPkg: com.google.android.gms UnderlyingNetworks: Null] ]], android.os.BinderProxy@43f981c)
12-05 10:05:27.990 563 634 I libprocessgroup: Successfully killed process cgroup uid 10105 pid 2128 in 0ms
12-05 10:05:27.993 563 2751 I ActivityManager: Process com.google.android.gms (pid 2128) has died: vis BTOP
12-05 10:05:27.995 563 794 D ConnectivityService: releasing NetworkRequest [ REQUEST id=171, [ Capabilities: INTERNET&NOT_RESTRICTED&TRUSTED&NOT_VCN_MANAGED Uid: 10105 RequestorUid: 10105 RequestorPkg: com.google.android.gms UnderlyingNetworks: Null] ] (release request)
12-05 10:05:27.995 563 794 D ConnectivityService: releasing NetworkRequest [ REQUEST id=105, [ Capabilities: INTERNET&NOT_RESTRICTED&TRUSTED&NOT_VCN_MANAGED Uid: 10105 RequestorUid: 10105 RequestorPkg: com.google.android.gms UnderlyingNetworks: Null] ] (release request)
12-05 10:05:27.996 1931 1931 I A : onApplyWindowInsets: systemWindowInsets=Insets{left=0, top=0, right=0, bottom=60}
12-05 10:05:27.996 1931 1931 I A : onApplyWindowInsets: systemWindowInsets=Insets{left=0, top=0, right=0, bottom=60}
12-05 10:05:28.004 563 2751 W ActivityManager: Scheduling restart of crashed service com.google.android.gms/.ads.identifier.service.AdvertisingIdService in 1000ms for connection
12-05 10:05:28.004 563 2751 W ActivityManager: Scheduling restart of crashed service com.google.android.gms/.icing.service.IndexService in 11000ms for connection
12-05 10:05:28.004 563 2751 W ActivityManager: Scheduling restart of crashed service com.google.android.gms/.chimera.GmsBoundBrokerService in 20999ms for connection
12-05 10:05:28.005 563 2751 W ActivityManager: Scheduling restart of crashed service com.google.android.gms/.icing.service.AppIndexingService in 30999ms for connection
12-05 10:05:28.005 332 332 I Zygote : Process 2128 exited due to signal 9 (Killed)
12-05 10:05:28.006 1931 2284 D EGL_emulation: app_time_stats: avg=1279.33ms min=1279.33ms max=1279.33ms count=1
12-05 10:05:28.013 1482 2897 I SP : Scheduling: download registered, 0 started, 0 paused, 1 scheduled, 1 pending: delight:main_es_us_2021121500_1 * {m:b:u:l, fg}
12-05 10:05:28.014 1482 2897 I SP : Registering bundled_delight.2021111100, url: null, constraints: *:*:*:*, flags: *, requested: 2021111100, current: 2021111100
12-05 10:05:28.120 563 563 W Looper : Slow dispatch took 375ms main h=android.app.ActivityThread$H c=android.app.LoadedApk$ReceiverDispatcher$Args$$ExternalSyntheticLambda0@1147c25 m=0
12-05 10:05:28.126 563 2833 W system_server: Long monitor contention with owner android.anim (620) at void com.android.server.wm.WindowAnimator.lambda$new$1$WindowAnimator(long)(WindowAnimator.java:110) waiters=0 in int com.android.server.wm.WindowManagerService.relayoutWindow(com.android.server.wm.Session, android.view.IWindow, android.view.WindowManager$LayoutParams, int, int, int, int, long, android.window.ClientWindowFrames, android.util.MergedConfiguration, android.view.SurfaceControl, android.view.InsetsState, android.view.InsetsSourceControl[], android.graphics.Point) for 122ms
12-05 10:05:28.143 563 2751 W ActivityManager: Scheduling restart of crashed service com.google.android.gms/.chimera.GmsIntentOperationService in 40861ms for start-requested
12-05 10:05:28.143 563 2751 W ActivityManager: Scheduling restart of crashed service com.google.android.gms/.checkin.CheckinApiService in 50861ms for connection
12-05 10:05:28.154 563 1525 I Telecom : PhoneAccountRegistrar: Modify account: [ComponentInfo{com.android.phone/com.android.services.telephony.TelephonyConnectionService}, ***, UserHandle{0}]: TSI.rPA@AOY
12-05 10:05:28.167 1160 3460 I OpenGLRenderer: Davey! duration=1878ms; Flags=1, FrameTimelineVsyncId=9177, IntendedVsync=490517746173, Vsync=492034412779, InputEventId=0, HandleInputStart=492044784862, AnimationStart=492044788389, PerformTraversalsStart=492044822302, DrawStart=492256227900, FrameDeadline=490534412839, FrameInterval=492044693273, FrameStartTime=16666666, SyncQueued=492262890036, SyncStart=492266769500, IssueDrawCommandsStart=492267369391, SwapBuffers=492300042403, FrameCompleted=492399690487, DequeueBufferDuration=8107, QueueBufferDuration=60704008, GpuCompleted=492399567602, SwapBuffersCompleted=492399690487, DisplayPresentTime=0,
12-05 10:05:28.171 563 1525 I Telecom : CallsManager: handlePhoneAccountChanged: phoneAccount=[[X] PhoneAccount: ComponentInfo{com.android.phone/com.android.services.telephony.TelephonyConnectionService}, ***, UserHandle{0} Capabilities: CallProvider MultiUser PlaceEmerg SimSub Audio Routes: BESW Schemes: tel voicemail Extras: Bundle[{android.telecom.extra.SUPPORTS_VIDEO_CALLING_FALLBACK=true}] GroupId: ***]: TSI.rPA@AOY
12-05 10:05:28.177 1081 1081 I Telephony: AccountEntry: Registered phoneAccount: [[ ] PhoneAccount: ComponentInfo{com.android.phone/com.android.services.telephony.TelephonyConnectionService}, ***, UserHandle{0} Capabilities: CallProvider MultiUser PlaceEmerg SimSub Audio Routes: BESW Schemes: tel voicemail Extras: Bundle[{android.telecom.extra.SUPPORTS_VIDEO_CALLING_FALLBACK=true}] GroupId: ***] with handle: ComponentInfo{com.android.phone/com.android.services.telephony.TelephonyConnectionService}, ***, UserHandle{0}
12-05 10:05:28.188 1081 1081 I Telephony: PstnIncomingCallNotifier: Registering: Handler (com.android.internal.telephony.GsmCdmaPhone) {5d800dd}
12-05 10:05:28.261 1482 2897 I SP : Scheduling: job start ({m:b:u:l, fg}), 1 started, 0 paused, 0 scheduled, 1 pending: delight:main_es_us_2021121500_1 @ * {m:b:u:l, fg}
12-05 10:05:28.268 1482 2897 I SP : Requesting download of URL https://www.gstatic.com/android/keyboard/dictionarypack/prod/es-us_d3_2021121500_xzq1rd59u_r_00ksmain.dict to main_es_us_2021121500_1.fst-decompress.fetched (constraints: m:b:u:l)
12-05 10:05:28.269 1081 1081 D Telephony: Registering: Handler (com.android.internal.telephony.GsmCdmaPhone) {5d800dd}
12-05 10:05:28.284 1590 1741 I AiAiEcho: Settings cha with uri: content://settings/secure/input_methods_subtype_history
12-05 10:05:28.294 331 7784 D resolv : GetAddrInfoHandler::run: {100 100 100 983140 10121 0}
12-05 10:05:28.294 331 7784 D resolv : resolv_getaddrinfo: explore_fqdn(): ai_family=0 ai_socktype=1 ai_protocol=6
12-05 10:05:28.294 563 563 W Looper : Drained
12-05 10:05:28.300 1590 1741 I AiAiEcho: Settings cha with uri: content://settings/secure/default_input_method
12-05 10:05:28.303 331 7786 D resolv : doQuery: (1, 1)
12-05 10:05:28.304 331 7786 D resolv : res_nmkquery: (QUERY, IN, A)
12-05 10:05:28.304 331 7786 D resolv : res_nsend
12-05 10:05:28.304 331 7786 I resolv : resolv_cache_lookup: lookup
12-05 10:05:28.304 331 7786 I resolv : resolv_cache_lookup: NOT IN CACHE (STALE ENTRY 0x78c8dbc60190DISCARDED)
12-05 10:05:28.304 331 7786 I resolv : _cache_remove_p: entry 31 removed (count=63)
12-05 10:05:28.304 331 7786 I resolv : resolv_populate_res_for_net: netid=100
12-05 10:05:28.304 331 7785 D resolv : doQuery: (1, 28)
12-05 10:05:28.304 331 7785 D resolv : res_nmkquery: (QUERY, IN, AAAA)
12-05 10:05:28.305 331 7785 D resolv : res_nsend
12-05 10:05:28.305 331 7785 I resolv : resolv_cache_lookup: lookup
12-05 10:05:28.305 331 7785 I resolv : resolv_cache_lookup: NOT IN CACHE (STALE ENTRY 0x78c8dbc60610DISCARDED)
12-05 10:05:28.305 331 7785 I resolv : _cache_remove_p: entry 32 removed (count=62)
12-05 10:05:28.305 331 7785 I resolv : resolv_populate_res_for_net: netid=100
12-05 10:05:28.305 331 7785 I resolv : res_stats_usable_server: NS stats: S 62 + E 0 + T 2 + I 0 = 64, rtt = 5, min_samples = 8
12-05 10:05:28.305 331 7785 I resolv : res_stats_usable_server: success rate 96
12-05 10:05:28.306 331 7785 D resolv : res_nsend: Querying server (# 1) address = 10.0.2.3:53
12-05 10:05:28.306 331 7785 D resolv : send_dg: new DG socket
12-05 10:05:28.306 331 7786 I resolv : res_stats_usable_server: NS stats: S 62 + E 0 + T 2 + I 0 = 64, rtt = 5, min_samples = 8
12-05 10:05:28.306 331 7786 I resolv : res_stats_usable_server: success rate 96
12-05 10:05:28.307 331 7786 D resolv : res_nsend: Querying server (# 1) address = 10.0.2.3:53
12-05 10:05:28.307 331 7786 D resolv : send_dg: new DG socket
12-05 10:05:28.321 331 7785 I resolv : get_timeout: using timeout of 5000 msec
12-05 10:05:28.322 331 7785 I resolv : retrying_poll: 55 retrying_poll
12-05 10:05:28.307 331 7786 I resolv : get_timeout: using timeout of 5000 msec
12-05 10:05:28.322 331 7786 I resolv : retrying_poll: 56 retrying_poll
12-05 10:05:28.324 1081 1081 W Telephony: registerMmTelCapabilityCallback: registration failed, no ImsService available. Exception: CapabilityCallbackManager - MmTelFeature binder is dead. (code: 1)
12-05 10:05:28.326 1590 1882 I AiAiEcho: Predicting[0]:
12-05 10:05:28.328 1590 1882 I AiAiEcho: Ranked targets strategy: SORT, count: 0, ranking metadata:
12-05 10:05:28.329 1590 1882 I AiAiEcho: Predicting[0]:
12-05 10:05:28.329 1590 1882 I AiAiEcho: Ranked targets strategy: SORT, count: 0, ranking metadata:
12-05 10:05:28.330 1590 1882 I AiAiEcho: Predicting[0]:
12-05 10:05:28.379 331 7785 I resolv : retrying_poll: 55 retrying_poll returning 1
12-05 10:05:28.379 331 7785 I resolv : res_nsend: used send_dg 61 terrno: 0
12-05 10:05:28.379 331 7785 I resolv : res_stats_set_sample: rcode = 0, sec = 57
12-05 10:05:28.379 331 7785 I resolv : res_cache_add_stats_sample_locked: adding sample to stats, next = 2, count = 64
12-05 10:05:28.379 331 7785 D resolv : res_nsend: got answer:
12-05 10:05:28.379 331 7785 I resolv : answer_getTTL: TTL = 300
12-05 10:05:28.379 331 7785 I resolv : _cache_add_p: entry 67 added (count=63)
12-05 10:05:28.379 331 7785 I resolv : cache_dump_mru_locked: MRU LIST (63): 67 37 38 60 59 36 35 54 55 39 40 34 33 15 16 3 6 5 4 66 65 26 25 13 51 12 11 27 28 45 46 57 58 64 63 62 61 24 23 56 21 53 52 17 18 50 49 48 47 43 44 42 41 7 8 30 29 20 19 10 9 2 1
12-05 10:05:28.379 331 7785 D resolv : doQuery: rcode=0, ancount=1
12-05 10:05:28.379 331 7786 I resolv : retrying_poll: 56 retrying_poll returning 1
12-05 10:05:28.379 331 7786 I resolv : res_nsend: used send_dg 49 terrno: 0
12-05 10:05:28.379 331 7786 I resolv : res_stats_set_sample: rcode = 0, sec = 57
12-05 10:05:28.379 331 7786 I resolv : res_cache_add_stats_sample_locked: adding sample to stats, next = 3, count = 64
12-05 10:05:28.379 331 7786 D resolv : res_nsend: got answer:
12-05 10:05:28.379 331 7786 I resolv : answer_getTTL: TTL = 300
12-05 10:05:28.379 331 7786 I resolv : _cache_add_p: entry 68 added (count=64)
12-05 10:05:28.379 331 7786 I resolv : cache_dump_mru_locked: MRU LIST (64): 68 67 37 38 60 59 36 35 54 55 39 40 34 33 15 16 3 6 5 4 66 65 26 25 13 51 12 11 27 28 45 46 57 58 64 63 62 61 24 23 56 21 53 52 17 18 50 49 48 47 43 44 42 41 7 8 30 29 20 19 10 9 2 1
12-05 10:05:28.379 331 7786 D resolv : doQuery: rcode=0, ancount=1
12-05 10:05:28.386 1482 7783 W putmethod.lati: Accessing hidden method Lcom/android/org/conscrypt/ConscryptEngineSocket;->setUseSessionTickets(Z)V (max-target-q,core-platform-api, reflection, denied)
12-05 10:05:28.386 1482 7783 W putmethod.lati: Accessing hidden method Lcom/android/org/conscrypt/OpenSSLSocketImpl;->setUseSessionTickets(Z)V (max-target-q,core-platform-api, reflection, denied)
12-05 10:05:28.386 1482 7783 W putmethod.lati: Accessing hidden method Lcom/android/org/conscrypt/AbstractConscryptSocket;->setUseSessionTickets(Z)V (max-target-q, reflection, denied)
12-05 10:05:28.387 1482 7783 W putmethod.lati: Accessing hidden method Lcom/android/org/conscrypt/ConscryptEngineSocket;->setHostname(Ljava/lang/String;)V (max-target-q,core-platform-api, reflection, denied)
12-05 10:05:28.387 1482 7783 W putmethod.lati: Accessing hidden method Lcom/android/org/conscrypt/OpenSSLSocketImpl;->setHostname(Ljava/lang/String;)V (max-target-q,core-platform-api, reflection, denied)
12-05 10:05:28.387 1482 7783 W putmethod.lati: Accessing hidden method Lcom/android/org/conscrypt/AbstractConscryptSocket;->setHostname(Ljava/lang/String;)V (max-target-q, reflection, denied)
12-05 10:05:28.387 1482 7783 W putmethod.lati: Accessing hidden method Lcom/android/org/conscrypt/OpenSSLSocketImpl;->setAlpnProtocols([B)V (max-target-q,core-platform-api, reflection, denied)
12-05 10:05:28.387 1482 7783 W putmethod.lati: Accessing hidden method Lcom/android/org/conscrypt/AbstractConscryptSocket;->setAlpnProtocols([B)V (max-target-q, reflection, denied)
12-05 10:05:28.393 1081 1081 E MmTelFeatureConn [0]: ImsRegistrationCallbackAdapter: ImsRegistration is null
12-05 10:05:28.393 1081 1081 W Telephony: registerImsRegistrationCallback: registration failed, no ImsService available. Exception: ImsRegistrationCallbackAdapter: MmTelFeature isnot available! (code: 1)
12-05 10:05:28.434 563 617 W system_server: Long monitor contention with owner android.anim (620) at android.window.TaskSnapshot com.android.server.wm.TaskSnapshotCache.getSnapshot(int, int, boolean, boolean)(TaskSnapshotCache.java:68) waiters=1 in void com.android.server.wm.WindowManagerService.updateRotationUnchecked(boolean, boolean) for 147ms
12-05 10:05:28.444 563 617 W Looper : Slow dispatch took 157ms android.ui h=com.android.server.policy.PhoneWindowManager$PolicyHandler c=android.database.ContentObserver$$ExternalSyntheticLambda0@9727d23 m=0
12-05 10:05:28.447 563 1226 W InputManager-JNI: Input channel object 'c2f9546 com.google.android.apps.nexuslauncher (client)' was disposed without first being removed with the input manager!
12-05 10:05:28.478 1482 7783 W putmethod.lati: Accessing hidden method Lcom/android/org/conscrypt/OpenSSLSocketImpl;->getAlpnSelectedProtocol()[B (max-target-q,core-platform-api, reflection, denied)
12-05 10:05:28.478 1482 7783 W putmethod.lati: Accessing hidden method Lcom/android/org/conscrypt/AbstractConscryptSocket;->getAlpnSelectedProtocol()[B (max-target-q, reflection, denied)
12-05 10:05:28.506 0 0 I binder : undelivered TRANSACTION_COMPLETE
12-05 10:05:28.510 0 0 I binder : undelivered transaction 318462, process died.
12-05 10:05:28.531 868 924 W Looper : Slow dispatch took 55ms wmshell.main h=android.os.Handler c=com.android.wm.shell.common.DisplayInsetsController$PerDisplay$DisplayWindowInsetsControllerImpl$$ExternalSyntheticLambda3@815c42e m=0
12-05 10:05:28.533 1590 1590 I AiAiEcho: EchoSearch: WidgetFetcherImpl is initialized with [13] widgets [reason=locale changed]
12-05 10:05:28.561 563 619 V WindowManager: Unknown focus tokens, dropping reportFocusChanged
12-05 10:05:28.596 332 332 I Zygote : Process 7716 exited due to signal 9 (Killed)
12-05 10:05:28.601 1590 1590 I AiAiEcho: EchoSearch: AppFetcherImpl is initialized with [19] apps [time=66, reason=device locale is changed.]
12-05 10:05:28.607 563 619 W WindowManager: App freeze timeout expired.
12-05 10:05:28.613 563 619 W WindowManager: Force clearing freeze: ActivityRecord{1b69692 u0 com.google.android.apps.nexuslauncher/.NexusLauncherActivity t4}
12-05 10:05:28.639 1590 1996 I AiAiMatchmaker: Locale changed: en-us -> es-us
12-05 10:05:28.659 563 619 I WindowManager: Screen frozen for +2s452ms due to ActivityRecord{1b69692 u0 com.google.android.apps.nexuslauncher/.NexusLauncherActivity t4}
12-05 10:05:28.663 351 351 D goldfish-address-space: claimShared: Ask to claim region [0x3f5295000 0x3f5646000]
12-05 10:05:28.704 563 619 W ImageReader_JNI: Unable to acquire a buffer item, very likely client tried to acquire more than maxImages buffers
12-05 10:05:28.724 1081 1081 I ImsExternalCallTracker: handleVideoCapabilitiesChanged : isVideoCapable = false
12-05 10:05:28.724 1081 1081 D ImsExternalCallTracker: refreshCallPullState
12-05 10:05:28.724 1081 1081 I Telephony: handleVideoCapabilitesChanged. Video capability - false
12-05 10:05:28.726 1081 1081 D Telephony: isEmergencyPreferredAccount: subId=1, activeData=1
12-05 10:05:28.726 1081 1081 D Telephony: isEmergencyPreferredAccount: Device does not require preference.
12-05 10:05:28.753 7758 7758 V GraphicsEnvironment: ANGLE Developer option for 'com.android.carrierdefaultapp' set to: 'default'
12-05 10:05:28.756 7758 7758 V GraphicsEnvironment: ANGLE GameManagerService for com.android.carrierdefaultapp: false
12-05 10:05:28.756 7758 7758 V GraphicsEnvironment: Neither updatable production driver nor prerelease driver is supported.
12-05 10:05:28.758 1482 2897 I SP : Syncing content_cache (2022011106) with slices: [2eb6579f39fa530502901017d4b8c44d, 73c10eff89726f4122ae1887121fdee6], metadata: true
12-05 10:05:28.761 7758 7758 D NetworkSecurityConfig: No Network Security Config specified, using platform default
12-05 10:05:28.762 7758 7758 D NetworkSecurityConfig: No Network Security Config specified, using platform default
12-05 10:05:28.777 1482 7747 I SuperDelight: SuperDelightManager.lambda$syncBundledLanguageModels$15():810 SuperDelightManager#syncBundledLanguageModels(): Syncing for version 2021111100
12-05 10:05:28.792 1081 1081 W Telephony: registerMmTelCapabilityCallback: registration failed, no ImsService available. Exception: CapabilityCallbackManager - MmTelFeature binder is dead. (code: 1)
12-05 10:05:28.855 1081 1081 I Telephony: isRttCurrentlySupported -- regular acct, hasVoiceAvailability: false
12-05 10:05:28.855 1081 1081 I Telephony: isRttSupported: false
12-05 10:05:28.855 1081 1081 I Telephony: alwaysAllowWhileRoaming: false
12-05 10:05:28.855 1081 1081 I Telephony: isRoaming: false
12-05 10:05:28.855 1081 1081 I Telephony: isOnWfc: false
12-05 10:05:28.870 7758 7758 D CarrierDefaultBroadcastReceiver: onReceive intent: android.intent.action.LOCALE_CHANGED
12-05 10:05:28.888 1590 1882 I AiAiEcho: Ranked targets strategy: SORT, count: 0, ranking metadata:
12-05 10:05:28.892 1590 1882 I AiAiEcho: Predicting[0]:
12-05 10:05:28.892 1590 1882 I AiAiEcho: Ranked targets strategy: SORT, count: 0, ranking metadata:
12-05 10:05:28.895 1590 1996 I AiAiTextClassifier: Locale changed, triggering a sync of Webref model
12-05 10:05:28.896 1590 1996 I AiAiTextClassifier: Syncing webref with url: https://gstatic.com/webref-ondevice/aiai/19071200_pir/2/es-us/superpacks_manifest.zip, version 19071200
12-05 10:05:28.898 1590 1882 I AiAiEcho: Predicting[0]:
12-05 10:05:28.898 1590 1882 I AiAiEcho: Ranked targets strategy: SORT, count: 0, ranking metadata:
12-05 10:05:28.904 1590 1882 I AiAiEcho: Predicting[0]:
12-05 10:05:28.904 1590 1882 I AiAiEcho: Ranked targets strategy: SORT, count: 0, ranking metadata:
12-05 10:05:28.915 563 619 W WindowManager: Window freeze timeout expired.
12-05 10:05:28.916 563 619 W WindowManager: Force clearing orientation change: Window{34eee34 u0 com.google.android.apps.nexuslauncher/com.google.android.apps.nexuslauncher.NexusLauncherActivity}
12-05 10:05:28.917 563 619 W WindowManager: Force clearing orientation change: Window{ea897c2 u0 com.google.android.apps.nexuslauncher/com.google.android.apps.nexuslauncher.NexusLauncherActivity}
12-05 10:05:28.917 563 619 W WindowManager: Force clearing orientation change: Window{fdf5b0f u0 com.android.systemui.ImageWallpaper}
12-05 10:05:28.925 563 1226 W system_server: Long monitor contention with owner android.display (619) at void com.android.server.wm.WindowManagerService$H.handleMessage(android.os.Message)(WindowManagerService.java:5148) waiters=1 in void com.android.server.wm.ActivityServiceConnectionsHolder.removeConnection(java.lang.Object) for 273ms
12-05 10:05:28.970 563 1795 V ActivityManager: Got obituary of 7716:com.google.testing.helium.utp.android.companion.instrumentations.locale
12-05 10:05:29.022 563 632 D CompatibilityChangeReporter: Compat change id reported: 135634846; UID 10105; state: DISABLED
12-05 10:05:29.024 563 633 D CompatibilityChangeReporter: Compat change id reported: 143937733; UID 10105; state: ENABLED
12-05 10:05:29.101 563 563 W Looper : Slow dispatch took 108ms main h=com.android.server.notification.NotificationManagerService$WorkerHandler c=com.android.server.notification.NotificationManagerService$$ExternalSyntheticLambda7@c643d67 m=0
12-05 10:05:29.101 563 616 W Looper : Slow dispatch took 141ms android.fg h=android.os.Handler c=com.android.server.location.injector.SystemAppForegroundHelper$$ExternalSyntheticLambda1@60db714 m=0
12-05 10:05:29.113 332 332 D Zygote : Forked child process 7800
12-05 10:05:29.115 1590 1882 I AiAiEcho: #postPredictionTargets: Sending updates to UISurface lockscreen with targets# 0
12-05 10:05:29.154 7800 7800 I Zygote : seccomp disabled by setenforce 0
12-05 10:05:29.170 563 633 W ActivityManager: Slow operation: 151ms so far, now at startProcess: returned from zygote!
12-05 10:05:29.178 7800 7800 W gle.android.gm: Unexpected CPU variant for X86 using defaults: x86_64
12-05 10:05:29.203 408 481 I adbd : jdwp connection from 7800
12-05 10:05:29.294 1590 1612 I AiAiEcho: Settings cha with uri: content://settings/secure/immersive_mode_confirmations
12-05 10:05:29.301 563 1226 D CompatibilityChangeReporter: Compat change id reported: 168419799; UID 10060; state: DISABLED
12-05 10:05:29.305 563 633 W ActivityManager: Slow operation: 286ms so far, now at startProcess: done updating battery stats
12-05 10:05:29.305 563 633 W ActivityManager: Slow operation: 286ms so far, now at startProcess: building log message
12-05 10:05:29.305 563 633 I ActivityManager: Start proc 7800:com.google.android.gms/u0a105 for service {com.google.android.gms/com.google.android.gms.ads.identifier.service.AdvertisingIdService}
12-05 10:05:29.312 563 633 W ActivityManager: Slow operation: 293ms so far, now at startProcess: starting to update pids map
12-05 10:05:29.315 563 633 W ActivityManager: Slow operation: 296ms so far, now at startProcess: done updating pids map
12-05 10:05:29.330 563 1758 D SearchUiPerUserService: Removing all callbacks for session Id=com.google.android.apps.nexuslauncher:60ba58dd-5ffb-4165-af33-eed0db5eca88,0 and 0 callbacks.
12-05 10:05:29.346 563 632 W BroadcastQueue: Background execution not allowed: receiving Intent { act=android.intent.action.DROPBOX_ENTRY_ADDED flg=0x10 (has extras) } to com.google.android.gms/.stats.service.DropBoxEntryAddedReceiver
12-05 10:05:29.346 563 631 D AutofillManagerServiceImpl: Reset component for user 0:null
12-05 10:05:29.346 1590 1612 I AiAiEcho: Settings cha with uri: content://settings/secure/autofill_service
12-05 10:05:29.347 563 631 D FieldClassificationStrategy: reset(): service is not bound. Do nothing.
12-05 10:05:29.349 563 617 D AutofillUI: destroySaveUiUiThread(): already destroyed
12-05 10:05:29.358 563 1008 W InputManager-JNI: Input channel object 'ea897c2 com.google.android.apps.nexuslauncher/com.google.android.apps.nexuslauncher.NexusLauncherActivity (client)' was disposed without first being removed with the input manager!
12-05 10:05:29.358 1590 1590 D AugmentedAutofillService: onUnbind(): no proxy to destroy
12-05 10:05:29.359 563 563 W ServiceConnector.Impl: mayInterruptIfRunning not supported - ignoring
12-05 10:05:29.365 1590 3594 I AiAiAutofill: Disconnected AiAiAugmentedAutofillService.
12-05 10:05:29.408 563 1008 I Telecom : PhoneAccountRegistrar: Modify account: [ComponentInfo{com.android.phone/com.android.services.telephony.TelephonyConnectionService}, ***, UserHandle{0}]: TSI.rPA@AOg
12-05 10:05:29.410 563 1008 I Telecom : CallsManager: handlePhoneAccountChanged: phoneAccount=[[X] PhoneAccount: ComponentInfo{com.android.phone/com.android.services.telephony.TelephonyConnectionService}, ***, UserHandle{0} Capabilities: CallProvider MultiUser PlaceEmerg SimSub Audio Routes: BESW Schemes: tel voicemail Extras: Bundle[{android.telecom.extra.SUPPORTS_VIDEO_CALLING_FALLBACK=true}] GroupId: ***]: TSI.rPA@AOg
12-05 10:05:29.475 1590 1590 I AiAiAutofill: Created AiAiAugmentedAutofillService.
12-05 10:05:29.536 563 1226 D CompatibilityChangeReporter: Compat change id reported: 168419799; UID 10129; state: DISABLED
12-05 10:05:29.538 563 619 V WindowManager: Unknown focus tokens, dropping reportFocusChanged
12-05 10:05:29.547 563 617 W Looper : Slow dispatch took 100ms android.ui h=com.android.server.am.ActivityManagerService$UiHandler c=null m=68
12-05 10:05:29.549 1590 1590 D AugmentedAutofillService: handleOnConnected(): debug=true, verbose=false
12-05 10:05:29.567 563 1760 E TaskPersister: File error accessing recents directory (directory doesn't exist?).
12-05 10:05:29.588 1590 1882 I AiAiEcho: #postPredictionTargets: Sending updates to UISurface home with targets# 0
12-05 10:05:29.589 1590 1882 I AiAiEcho: #postPredictionTargets: Sending updates to UISurface media_data_manager with targets# 0
12-05 10:05:29.589 1590 1882 I AiAiEcho: #postPredictionTargets: Sending updates to UISurface lockscreen with targets# 0
12-05 10:05:29.590 1590 1882 I AiAiEcho: #postPredictionTargets: Sending updates to UISurface home with targets# 0
12-05 10:05:29.590 1590 1882 I AiAiEcho: #postPredictionTargets: Sending updates to UISurface media_data_manager with targets# 0
12-05 10:05:29.591 1590 1882 I AiAiEcho: Predicting[0]:
12-05 10:05:29.611 1590 1882 I AiAiEcho: Ranked targets strategy: SORT, count: 0, ranking metadata:
12-05 10:05:29.611 5654 7825 I ContactLocale: AddressBook Labels [[es_US]]: […, A, B, C, D, E, F, G, H, I, J, K, L, M, N, Ñ, O, P, Q, R, S, T, U, V, W, X, Y, Z, Α, Β, Γ, Δ, Ε, Ζ, Η, Θ, Ι, Κ, Λ, Μ, Ν, Ξ, Ο, Π, Ρ, Σ, Τ, Υ, Φ, Χ, Ψ, Ω, …, А, Б, В, Г, Д, Ђ, Е, Є, Ж, З, И, І, Й, Ј, К, Л, Љ, М, Н, Њ, О, П, Р, С, Т, Ћ, У, Ф, Х, Ц, Ч, Џ, Ш, Щ, Ю, Я, …, א, ב, ג, ד, ה, ו, ז, ח, ט, י, כ, ל, מ, נ, ס, ע, פ, צ, ק, ר, ש, ת, …, ا, ب, ت, ث, ج, ح, خ, د, ذ, ر, ز, س, ش, ص, ض, ط, ظ, ع, غ, ف, ق, ك, ل, م, ن, ه, و, ي, …, ก, ข, ฃ, ค, ฅ, ฆ, ง, จ, ฉ, ช, ซ, ฌ, ญ, ฎ, ฏ, ฐ, ฑ, ฒ, ณ, ด, ต, ถ, ท, ธ, น, บ, ป, ผ, ฝ, พ, ฟ, ภ, ม, ย, ร, ฤ, ล, ฦ, ว, ศ, ษ, ส, ห, ฬ, อ, ฮ, …, ㄱ, ㄴ, ㄷ, ㄹ, ㅁ, ㅂ, ㅅ, ㅇ, ㅈ, ㅊ, ㅋ, ㅌ, ㅍ, ㅎ, …, あ, か, さ, た, な, は, ま, や, ら, わ, #, …]
12-05 10:05:29.612 1590 1882 I AiAiEcho: #postPredictionTargets: Sending updates to UISurface lockscreen with targets# 0
12-05 10:05:29.613 1590 1882 I AiAiEcho: #postPredictionTargets: Sending updates to UISurface home with targets# 0
12-05 10:05:29.613 1590 1882 I AiAiEcho: #postPredictionTargets: Sending updates to UISurface media_data_manager with targets# 0
12-05 10:05:29.615 1590 1882 I AiAiEcho: #postPredictionTargets: Sending updates to UISurface lockscreen with targets# 0
12-05 10:05:29.615 1590 1882 I AiAiEcho: #postPredictionTargets: Sending updates to UISurface home with targets# 0
12-05 10:05:29.616 1590 1882 I AiAiEcho: #postPredictionTargets: Sending updates to UISurface media_data_manager with targets# 0
12-05 10:05:29.621 563 616 D AutofillManagerService: Close system dialogs
12-05 10:05:29.639 5654 7825 I ContactsProvider: Locale has changed from [en_US] to [es_US]
12-05 10:05:29.673 0 0 I binder : undelivered transaction 318432, process died.
12-05 10:05:29.674 0 0 I binder_alloc: 1339: binder_alloc_buf, no vma
12-05 10:05:29.677 0 0 I binder : undelivered transaction 318436, process died.
12-05 10:05:29.657 563 617 I ActivityTaskManager: START u0 {act=android.intent.action.MAIN cat=[android.intent.category.HOME] flg=0x10000100 cmp=com.google.android.apps.nexuslauncher/.NexusLauncherActivity (has extras)} from uid 0
12-05 10:05:29.695 0 0 I binder : undelivered transaction 318700, process died.
12-05 10:05:29.695 0 0 I binder : 563:1830 transaction failed 29189/-3, size 196-0 line 2921
12-05 10:05:29.698 0 0 I binder : undelivered transaction 319729, process died.
12-05 10:05:29.658 683 736 I ActivityControllerCore: activityStarting: com.google.android.apps.nexuslauncher/Intent { act=android.intent.action.MAIN cat=[android.intent.category.HOME] cmp=com.google.android.apps.nexuslauncher/.NexusLauncherActivity }
12-05 10:05:29.682 1160 1160 D DeviceSearchAlg: search timeout = %d200
12-05 10:05:29.719 0 0 I binder : undelivered transaction 320014, process died.
12-05 10:05:29.689 1590 1882 I AiAiEcho: #postPredictionTargets: Sending updates to UISurface lockscreen with targets# 0
12-05 10:05:29.724 0 0 I binder : undelivered transaction 320019, process died.
12-05 10:05:29.690 1590 1882 I AiAiEcho: #postPredictionTargets: Sending updates to UISurface home with targets# 0
12-05 10:05:29.691 1590 1882 I AiAiEcho: #postPredictionTargets: Sending updates to UISurface media_data_manager with targets# 0
12-05 10:05:29.692 1590 1882 I AiAiEcho: #postPredictionTargets: Sending updates to UISurface lockscreen with targets# 0
12-05 10:05:29.692 332 332 I Zygote : Process 1339 exited due to signal 9 (Killed)
12-05 10:05:29.695 1590 1882 I AiAiEcho: #postPredictionTargets: Sending updates to UISurface home with targets# 0
12-05 10:05:29.731 0 0 I binder : undelivered transaction 318389, process died.
12-05 10:05:29.700 1590 1882 I AiAiEcho: #postPredictionTargets: Sending updates to UISurface media_data_manager with targets# 0
12-05 10:05:29.701 1590 1882 I AiAiEcho: Predicting[0]:
12-05 10:05:29.701 1590 1882 I AiAiEcho: Ranked targets strategy: SORT, count: 0, ranking metadata:
12-05 10:05:29.704 1590 1882 I AiAiEcho: Predicting[0]:
12-05 10:05:29.704 1590 1882 I AiAiEcho: Ranked targets strategy: SORT, count: 0, ranking metadata:
12-05 10:05:29.739 0 0 I binder : undelivered transaction 318392, process died.
12-05 10:05:29.711 5654 7825 I ContactsDatabaseHelper: Switching to locale [es_US] (ICU v68.2.0.0)
12-05 10:05:29.720 1160 1219 I AiAiSuggestUi: Connecting to system intelligence module.
12-05 10:05:29.724 563 1842 D ConnectivityService: ConnectivityService NetworkRequestInfo binderDied(uid/pid:10105/1339, [NetworkRequest [ REQUEST id=109, [ Capabilities: INTERNET&NOT_RESTRICTED&TRUSTED&NOT_VCN_MANAGED Uid: 10105 RequestorUid: 10105 RequestorPkg: com.google.android.gms UnderlyingNetworks: Null] ]], android.os.BinderProxy@4fa4f74)
12-05 10:05:29.726 563 1758 D ConnectivityService: ConnectivityService NetworkRequestInfo binderDied(uid/pid:10105/1339, [NetworkRequest [ REQUEST id=63, [ Capabilities: INTERNET&NOT_RESTRICTED&TRUSTED&NOT_VCN_MANAGED Uid: 10105 RequestorUid: 10105 RequestorPkg: com.google.android.gms UnderlyingNetworks: Null] ]], android.os.BinderProxy@a815c9d)
12-05 10:05:29.727 563 580 D ConnectivityService: ConnectivityService NetworkRequestInfo binderDied(uid/pid:10105/1339, [NetworkRequest [ REQUEST id=72, [ Capabilities: INTERNET&NOT_RESTRICTED&TRUSTED&NOT_VCN_MANAGED Uid: 10105 RequestorUid: 10105 RequestorPkg: com.google.android.gms UnderlyingNetworks: Null] ]], android.os.BinderProxy@1ba7512)
12-05 10:05:29.728 563 1795 D ConnectivityService: ConnectivityService NetworkRequestInfo binderDied(uid/pid:10105/1339, [NetworkRequest [ LISTEN id=107, [ Transports: WIFI Capabilities: NOT_RESTRICTED&TRUSTED&NOT_VPN&NOT_VCN_MANAGED Uid: 10105 RequestorUid: 10105 RequestorPkg: com.google.android.gms UnderlyingNetworks: Null] ]], android.os.BinderProxy@9fb84e3)
12-05 10:05:29.733 563 1831 D ConnectivityService: ConnectivityService NetworkRequestInfo binderDied(uid/pid:10105/1339, [NetworkRequest [ LISTEN id=110, [ Capabilities: INTERNET&NOT_RESTRICTED&TRUSTED&NOT_VCN_MANAGED Uid: 10105 RequestorUid: 10105 RequestorPkg: com.google.android.gms UnderlyingNetworks: Null] ]], android.os.BinderProxy@d26eee0)
12-05 10:05:29.734 563 616 I ServiceWatcher: [HardwareActivityRecognitionProxy] disconnected from 10105/com.google.android.gms/com.google.android.location.internal.server.HardwareArProviderService@1
12-05 10:05:29.734 563 616 I ServiceWatcher: [GeocoderProxy] disconnected from 10105/com.google.android.gms/.location.geocode.GeocodeService@2
12-05 10:05:29.735 563 616 I ServiceWatcher: [fused] disconnected from 10105/com.google.android.gms/com.google.android.location.fused.FusedLocationService@1
12-05 10:05:29.735 563 616 I ServiceWatcher: [network] disconnected from 10105/com.google.android.gms/com.google.android.location.network.NetworkLocationService@2
12-05 10:05:29.736 563 829 D PackageManager: Binder to instant app resolver died
12-05 10:05:29.740 563 962 D ConnectivityService: ConnectivityService NetworkRequestInfo binderDied(uid/pid:10105/1339, [NetworkRequest [ LISTEN id=113, [ Transports: WIFI Capabilities: NOT_RESTRICTED&TRUSTED&NOT_VPN&NOT_VCN_MANAGED Uid: 10105 RequestorUid: 10105 RequestorPkg: com.google.android.gms UnderlyingNetworks: Null] ]], android.os.BinderProxy@79c2599)
12-05 10:05:29.740 563 794 D ConnectivityService: releasing NetworkRequest [ REQUEST id=109, [ Capabilities: INTERNET&NOT_RESTRICTED&TRUSTED&NOT_VCN_MANAGED Uid: 10105 RequestorUid: 10105 RequestorPkg: com.google.android.gms UnderlyingNetworks: Null] ] (release request)
12-05 10:05:29.741 563 794 D ConnectivityService: releasing NetworkRequest [ REQUEST id=63, [ Capabilities: INTERNET&NOT_RESTRICTED&TRUSTED&NOT_VCN_MANAGED Uid: 10105 RequestorUid: 10105 RequestorPkg: com.google.android.gms UnderlyingNetworks: Null] ] (release request)
12-05 10:05:29.741 563 794 D ConnectivityService: releasing NetworkRequest [ REQUEST id=72, [ Capabilities: INTERNET&NOT_RESTRICTED&TRUSTED&NOT_VCN_MANAGED Uid: 10105 RequestorUid: 10105 RequestorPkg: com.google.android.gms UnderlyingNetworks: Null] ] (release request)
12-05 10:05:29.741 563 563 D PackageManager: Disconnected from instant app resolver
12-05 10:05:29.742 563 631 V PackageManager: [Optimistic Bind] Binding to instant app resolver
12-05 10:05:29.748 563 2383 D ConnectivityService: ConnectivityService NetworkRequestInfo binderDied(uid/pid:10105/1339, [NetworkRequest [ LISTEN id=61, [ Capabilities: INTERNET&TRUSTED&NOT_VCN_MANAGED Uid: 10105 RequestorUid: 10105 RequestorPkg: com.google.android.gms UnderlyingNetworks: Null] ]], android.os.BinderProxy@e46d05e)
12-05 10:05:29.753 563 797 D NsdService: Client disconnected
12-05 10:05:29.765 563 1008 W system_server: Long monitor contention with owner android.ui (617) at void com.android.server.wm.TaskChangeNotificationController.forAllLocalListeners(com.android.server.wm.TaskChangeNotificationController$TaskStackConsumer, android.os.Message)(TaskChangeNotificationController.java:342) waiters=0 in void com.android.server.wm.ActivityTaskManagerService$LocalService.preBindApplication(com.android.server.wm.WindowProcessController) for 142ms
12-05 10:05:29.791 563 1008 W ActivityManager: Slow operation: 169ms so far, now at attachApplicationLocked: immediately after bindApplication
12-05 10:05:29.791 563 1008 W ActivityManager: Slow operation: 169ms so far, now at attachApplicationLocked: after updateLruProcessLocked
12-05 10:05:29.803 849 1210 I bt_stack: [INFO:gatt_api.cc(1042)] GATT_Deregister gatt_if=5
12-05 10:05:29.817 563 1008 W ActivityManager: Slow operation: 195ms so far, now at attachApplicationLocked: after mServices.attachApplicationLocked
12-05 10:05:29.826 191 191 W lowmemorykiller: Failed to open /proc/1339/oom_score_adj; errno=2: process 1339 might have been killed
12-05 10:05:29.826 563 1030 E ContentProviderHelper: Existing provider com.google.android.gms/.auth.account.be.legacy.AccountContentProvider is crashing; detaching ProcessRecord{e7f185f 7506:com.google.android.apps.docs/u0a129}
12-05 10:05:29.827 563 617 W Looper : Slow dispatch took 218ms android.ui h=com.android.server.policy.PhoneWindowManager$PolicyHandler c=com.android.server.policy.PhoneWindowManager$DisplayHomeButtonHandler$$ExternalSyntheticLambda0@442ad5b m=0
12-05 10:05:29.827 563 617 W Looper : Slow delivery took 205ms android.ui h=android.os.Handler c=com.android.server.autofill.ui.AutoFillUI$$ExternalSyntheticLambda2@97b9f8 m=0
12-05 10:05:29.831 7800 7800 D CompatibilityChangeReporter: Compat change id reported: 171979766; UID 10105; state: ENABLED
12-05 10:05:29.840 1590 1882 I AiAiEcho: Predicting[0]:
12-05 10:05:29.841 1590 1882 I AiAiEcho: Ranked targets strategy: SORT, count: 0, ranking metadata:
12-05 10:05:29.843 1590 1882 I AiAiEcho: Predicting[0]:
12-05 10:05:29.843 1590 1882 I AiAiEcho: Ranked targets strategy: SORT, count: 0, ranking metadata:
12-05 10:05:29.846 1590 1882 I AiAiEcho: Predicting[0]:
12-05 10:05:29.846 1590 1882 I AiAiEcho: Ranked targets strategy: SORT, count: 0, ranking metadata:
12-05 10:05:29.847 1590 1882 I AiAiEcho: Predicting[0]:
12-05 10:05:29.847 1590 1882 I AiAiEcho: Ranked targets strategy: SORT, count: 0, ranking metadata:
12-05 10:05:29.848 1590 1882 I AiAiEcho: #postPredictionTargets: Sending updates to UISurface lockscreen with targets# 0
12-05 10:05:29.849 1590 1882 I AiAiEcho: #postPredictionTargets: Sending updates to UISurface home with targets# 0
12-05 10:05:29.850 1590 1882 I AiAiEcho: #postPredictionTargets: Sending updates to UISurface media_data_manager with targets# 0
12-05 10:05:29.851 1590 1882 I AiAiEcho: #postPredictionTargets: Sending updates to UISurface lockscreen with targets# 0
12-05 10:05:29.852 1590 1882 I AiAiEcho: #postPredictionTargets: Sending updates to UISurface home with targets# 0
12-05 10:05:29.853 1590 1882 I AiAiEcho: #postPredictionTargets: Sending updates to UISurface media_data_manager with targets# 0
12-05 10:05:29.854 1590 1882 I AiAiEcho: #postPredictionTargets: Sending updates to UISurface lockscreen with targets# 0
12-05 10:05:29.858 1590 1882 I AiAiEcho: #postPredictionTargets: Sending updates to UISurface home with targets# 0
12-05 10:05:29.859 1590 1882 I AiAiEcho: #postPredictionTargets: Sending updates to UISurface media_data_manager with targets# 0
12-05 10:05:29.860 1590 1882 I AiAiEcho: #postPredictionTargets: Sending updates to UISurface lockscreen with targets# 0
12-05 10:05:29.862 1590 1882 I AiAiEcho: #postPredictionTargets: Sending updates to UISurface home with targets# 0
12-05 10:05:29.862 1590 1882 I AiAiEcho: #postPredictionTargets: Sending updates to UISurface media_data_manager with targets# 0
12-05 10:05:29.863 1590 1882 I AiAiEcho: #postPredictionTargets: Sending updates to UISurface lockscreen with targets# 0
12-05 10:05:29.863 1590 1882 I AiAiEcho: #postPredictionTargets: Sending updates to UISurface home with targets# 0
12-05 10:05:29.864 1590 1882 I AiAiEcho: #postPredictionTargets: Sending updates to UISurface media_data_manager with targets# 0
12-05 10:05:29.864 1590 1882 I AiAiEcho: #postPredictionTargets: Sending updates to UISurface lockscreen with targets# 0
12-05 10:05:29.865 1590 1882 I AiAiEcho: #postPredictionTargets: Sending updates to UISurface home with targets# 0
12-05 10:05:29.867 1590 1882 I AiAiEcho: #postPredictionTargets: Sending updates to UISurface media_data_manager with targets# 0
12-05 10:05:29.868 1590 1882 I AiAiEcho: #postPredictionTargets: Sending updates to UISurface lockscreen with targets# 0
12-05 10:05:29.869 1590 1882 I AiAiEcho: #postPredictionTargets: Sending updates to UISurface home with targets# 0
12-05 10:05:29.870 1590 1882 I AiAiEcho: #postPredictionTargets: Sending updates to UISurface media_data_manager with targets# 0
12-05 10:05:29.876 5654 7825 I ContactsDatabaseHelper: Locale change completed in 165ms
12-05 10:05:29.877 5654 7825 I ContactsDatabaseHelper: Switching to locale [es_US] (ICU v68.2.0.0)
12-05 10:05:29.887 563 1030 W ContentProviderHelper: Slow operation: 62ms so far, now at getContentProviderImpl: after set stopped state
12-05 10:05:29.887 563 1030 W ContentProviderHelper: Slow operation: 62ms so far, now at getContentProviderImpl: looking for process record
12-05 10:05:29.887 563 1030 W ContentProviderHelper: Slow operation: 62ms so far, now at getContentProviderImpl: updating data structures
12-05 10:05:29.887 563 1030 W ContentProviderHelper: Slow operation: 62ms so far, now at getContentProviderImpl: done!
12-05 10:05:29.888 563 634 I libprocessgroup: Successfully killed process cgroup uid 10105 pid 1339 in 0ms
12-05 10:05:29.888 563 1031 I ActivityManager: Process com.google.android.gms.persistent (pid 1339) has died: fg BFGS
12-05 10:05:29.918 868 882 I ndroid.systemu: Background young concurrent copying GC freed 223989(10MB) AllocSpace objects, 72(1628KB) LOS objects, 37% free, 18MB/29MB, paused 96us,50us total 2.669s
12-05 10:05:29.975 563 1031 W ActivityManager: Scheduling restart of crashed service com.google.android.gms/.thunderbird.EmergencyPersistentService in 49029ms for start-requested
12-05 10:05:29.975 563 1031 W ActivityManager: Scheduling restart of crashed service com.google.android.gms/com.google.android.location.internal.GoogleLocationManagerService in 59028ms for start-requested
12-05 10:05:29.976 563 1031 W ActivityManager: Scheduling restart of crashed service com.google.android.gms/com.google.android.location.fused.FusedLocationService in 69028ms for connection
12-05 10:05:29.976 563 1031 W ActivityManager: Scheduling restart of crashed service com.google.android.gms/.nearby.sharing.SendSurfaceService in 79028ms for start-requested
12-05 10:05:29.976 563 1031 W ActivityManager: Scheduling restart of crashed service com.google.android.gms/.magictether.service.TetherService in 89027ms for start-requested
12-05 10:05:29.977 563 1031 W ActivityManager: Scheduling restart of crashed service com.google.android.gms/com.google.android.location.internal.server.GoogleLocationService in 99027ms for start-requested
12-05 10:05:29.982 563 1031 W ActivityManager: Scheduling restart of crashed service com.google.android.gms/.personalsafety.service.PersonalSafetyService in 109022ms for start-requested
12-05 10:05:29.983 1482 2897 I SuperDelight: SuperDelightBundledSlicingStrategy.getSlices():39 BundledSlicing#getSlices() : Locale = [es_US]
12-05 10:05:29.984 1482 2897 I SuperDelight: SuperDelightBundledSlicingStrategy.getSlices():65 BundledSlicing#getSlices(): result {slices=[], last batch=true, sync metadata=false}
12-05 10:05:29.984 1482 2897 I SP : Syncing bundled_delight (2021111100) with slices: [], metadata: false
12-05 10:05:29.986 563 1031 W ActivityManager: Scheduling restart of crashed service com.google.android.gms/.auth.setup.devicesignals.LockScreenService in 119017ms for start-requested
12-05 10:05:29.987 563 1031 W ActivityManager: Scheduling restart of crashed service com.google.android.gms/.gcm.nts.SchedulerService in 129017ms for start-requested
12-05 10:05:29.988 563 1031 W ActivityManager: Scheduling restart of crashed service com.google.android.gms/.chimera.PersistentDirectBootAwareApiService in 139016ms for connection
12-05 10:05:29.989 563 1031 W ActivityManager: Scheduling restart of crashed service com.google.android.gms/.chimera.PersistentApiService in 149016ms for connection
12-05 10:05:29.991 563 1031 W ActivityManager: Scheduling restart of crashed service com.google.android.gms/.clearcut.debug.ClearcutDebugDumpService in 159014ms for start-requested
12-05 10:05:29.991 563 1031 W ActivityManager: Scheduling restart of crashed service com.google.android.gms/.location.persistent.LocationPersistentService in 169014ms for start-requested
12-05 10:05:29.992 563 1031 W ActivityManager: Scheduling restart of crashed service com.google.android.gms/.chimera.PersistentIntentOperationService in 179014ms for start-requested
12-05 10:05:29.992 5654 7825 I ContactsDatabaseHelper: Locale change completed in 116ms
12-05 10:05:29.995 563 1031 W ActivityManager: Scheduling restart of crashed service com.google.android.gms/.play.integrity.api.service.IntegrityApiPersistentService in 189012ms for start-requested
12-05 10:05:29.995 563 1031 W ActivityManager: Scheduling restart of crashed service com.google.android.gms/.dtdi.lifecycle.LifecycleService in 199011ms for start-requested
