12-05 10:05:38.446 1590 3582 W AiAiTextClassifier: Caused by: gwa: HTTP_ERROR 404, url: https://gstatic.com/webref-ondevice/aiai/19071200_pir/2/es-us/superpacks_manifest.zip
12-05 10:05:38.446 1590 3582 W AiAiTextClassifier: at hbf.k(PG:9)
12-05 10:05:38.446 1590 3582 W AiAiTextClassifier: at hbd.run(PG:9)
12-05 10:05:38.446 1590 3582 W AiAiTextClassifier: at java.util.concurrent.Executors$RunnableAdapter.call(Executors.java:462)
12-05 10:05:38.446 1590 3582 W AiAiTextClassifier: at java.util.concurrent.FutureTask.run(FutureTask.java:266)
12-05 10:05:38.446 1590 3582 W AiAiTextClassifier: at java.util.concurrent.ScheduledThreadPoolExecutor$ScheduledFutureTask.run(ScheduledThreadPoolExecutor.java:301)
12-05 10:05:38.446 1590 3582 W AiAiTextClassifier: at java.util.concurrent.ThreadPoolExecutor.runWorker(ThreadPoolExecutor.java:1167)
12-05 10:05:38.446 1590 3582 W AiAiTextClassifier: at java.util.concurrent.ThreadPoolExecutor$Worker.run(ThreadPoolExecutor.java:641)
12-05 10:05:38.446 1590 3582 W AiAiTextClassifier: at byc.run(PG:11)
12-05 10:05:38.446 1590 3582 W AiAiTextClassifier: ... 1 more
12-05 10:05:38.460 7993 8025 I CarrierServices: [601] aoio.b: Initializing Carrier Services Library.
12-05 10:05:38.464 7993 8035 I Bugle : TelephonyManagerFactory: Returning per-subscription TelephonyManager (>= N) subscription{id:1}
12-05 10:05:38.494 7993 8037 I CarrierServices: [609] aotd.l: Reinitialize CSLib Flags: com.google.android.ims.library
12-05 10:05:38.528 7993 8025 I CarrierServices: [601] aotd.l: Reinitialize CSLib Flags: com.google.android.ims.library
12-05 10:05:38.555 7846 7846 W .gms.persisten: Long monitor contention with owner Binder:7846_4 (7880) at void amds.c(android.content.Context, android.content.res.Resources)(:com.google.android.gms@244337026@24.43.37 (150800-693941914):243) waiters=0 in void amds.c(android.content.Context, android.content.res.Resources) for 3.754s
12-05 10:05:38.566 563 563 D PackageManager: Connected to instant app resolver
12-05 10:05:38.569 7846 7846 D BoundBrokerSvc: onBind: Intent { act=com.google.android.gms.clearcut.bootcount.service.START pkg=com.google.android.gms }
12-05 10:05:38.569 7846 7846 D BoundBrokerSvc: Loading bound service for intent: Intent { act=com.google.android.gms.clearcut.bootcount.service.START pkg=com.google.android.gms }
12-05 10:05:38.574 7993 8035 I BugleBackup: Registering preference change listener for "buglesub_1".
12-05 10:05:38.597 7846 7846 D BoundBrokerSvc: onBind: Intent { act=android.net.action.RECOMMEND_NETWORKS cmp=com.google.android.gms/.chimera.PersistentBoundBrokerService }
12-05 10:05:38.597 7846 7846 D BoundBrokerSvc: Loading bound service for intent: Intent { act=android.net.action.RECOMMEND_NETWORKS cmp=com.google.android.gms/.chimera.PersistentBoundBrokerService }
12-05 10:05:38.597 7846 7846 I BndSvcConfigHelper: No bound-service is registered for action: android.net.action.RECOMMEND_NETWORKS
12-05 10:05:38.597 7846 7846 I BoundBrokerSvc: Bound service not available for: Intent { act=android.net.action.RECOMMEND_NETWORKS cmp=com.google.android.gms/.chimera.PersistentBoundBrokerService }
12-05 10:05:38.597 7846 7846 I ChimeraSrvcProxy: com.google.android.gms.chimera.PersistentBoundBrokerService returning NullBinder for action android.net.action.RECOMMEND_NETWORKS
12-05 10:05:38.604 7846 7868 W GoogleCertificates: GoogleCertificates has been initialized already
12-05 10:05:38.637 7993 8025 I CarrierServices: [601] aoio.a: Initializing Carrier Services Logging.
12-05 10:05:38.638 7846 7881 I FontLog : Received query Noto Color Emoji Compat, URI content://com.google.android.gms.fonts [CONTEXT service_id=132 ]
12-05 10:05:38.671 7993 8055 I Bugle : BroadcastReceiverAsyncWorkTracker: Acknowledging broadcast of com.google.android.apps.messaging.receiver.PhoneBootAndPackageReplacedReceiver@349ea1a
12-05 10:05:38.671 7846 7880 I FontLog : Received query Noto Color Emoji Compat, URI content://com.google.android.gms.fonts [CONTEXT service_id=132 ]
12-05 10:05:38.718 7846 7881 I FontLog : Query [Noto Color Emoji Compat] resolved to {Noto Color Emoji Compat, wdth 100.0, wght 400, ital 0.0, bestEffort false} [CONTEXT service_id=132 ]
12-05 10:05:38.719 7846 7880 I FontLog : Query [Noto Color Emoji Compat] resolved to {Noto Color Emoji Compat, wdth 100.0, wght 400, ital 0.0, bestEffort false} [CONTEXT service_id=132 ]
12-05 10:05:38.758 7993 8047 I DynamiteModule: Considering local module com.google.android.gms.measurement.dynamite:55 and remote module com.google.android.gms.measurement.dynamite:130
12-05 10:05:38.758 7993 8047 I DynamiteModule: Selected remote version of com.google.android.gms.measurement.dynamite, version >= 130
12-05 10:05:38.758 7993 8047 V DynamiteModule: Dynamite loader version >= 2, using loadModule2NoCrashUtils
12-05 10:05:38.784 7846 7846 I Thunderbird: starting outgoing sms listener [CONTEXT service_id=226 ]
12-05 10:05:38.823 7993 8025 I LogSaver: LogSaver new instance with filename: carrier_services
12-05 10:05:38.829 7993 8021 D CompatibilityChangeReporter: Compat change id reported: 160794467; UID 10097; state: ENABLED
12-05 10:05:38.884 7993 8025 I BugleBackup: Registering preference change listener for "bugle".
12-05 10:05:38.943 7846 7846 I .gms.persisten: Waiting for a blocking GC ClassLinker
12-05 10:05:38.962 7846 7861 I .gms.persisten: Background young concurrent copying GC freed 105084(3346KB) AllocSpace objects, 36(6736KB) LOS objects, 34% free, 15MB/23MB, paused 42us,1.528ms total 328.546ms
12-05 10:05:38.962 7846 7846 I .gms.persisten: WaitForGcToComplete blocked ClassLinker on Background for 18.587ms
12-05 10:05:38.963 7993 8025 W BugleRcs: couldn't get package info for carrier services package with name com.google.android.ims
12-05 10:05:38.963 7993 8025 W BugleRcs: android.content.pm.PackageManager$NameNotFoundException: com.google.android.ims
12-05 10:05:38.963 7993 8025 W BugleRcs: at android.app.ApplicationPackageManager.getPackageInfoAsUser(ApplicationPackageManager.java:241)
12-05 10:05:38.963 7993 8025 W BugleRcs: at android.app.ApplicationPackageManager.getPackageInfo(ApplicationPackageManager.java:213)
12-05 10:05:38.963 7993 8025 W BugleRcs: at afke.(PG:7)
12-05 10:05:38.963 7993 8025 W BugleRcs: at afke.a(PG:1)
12-05 10:05:38.963 7993 8025 W BugleRcs: at yjc.c(PG:4)
12-05 10:05:38.963 7993 8025 W BugleRcs: at oiw.run(PG:2)
12-05 10:05:38.963 7993 8025 W BugleRcs: at bdxp.run(PG:2)
12-05 10:05:38.963 7993 8025 W BugleRcs: at java.util.concurrent.Executors$RunnableAdapter.call(Executors.java:462)
12-05 10:05:38.963 7993 8025 W BugleRcs: at bhui.a(PG:1)
12-05 10:05:38.963 7993 8025 W BugleRcs: at bhtl.run(PG:4)
12-05 10:05:38.963 7993 8025 W BugleRcs: at bhuj.run(PG:1)
12-05 10:05:38.963 7993 8025 W BugleRcs: at atrv.run(PG:1)
12-05 10:05:38.963 7993 8025 W BugleRcs: at java.util.concurrent.ThreadPoolExecutor.runWorker(ThreadPoolExecutor.java:1167)
12-05 10:05:38.963 7993 8025 W BugleRcs: at java.util.concurrent.ThreadPoolExecutor$Worker.run(ThreadPoolExecutor.java:641)
12-05 10:05:38.963 7993 8025 W BugleRcs: at atqx.run(PG:2)
12-05 10:05:38.963 7993 8025 W BugleRcs: at atrh.run(PG:4)
12-05 10:05:38.963 7993 8025 W BugleRcs: at java.lang.Thread.run(Thread.java:920)
12-05 10:05:38.983 563 616 I ServiceWatcher: [fused] connected to {com.google.android.gms/com.google.android.location.fused.FusedLocationService}
12-05 10:05:38.984 563 1030 I LocationManagerService: fused provider loaded extra attribution tags: [activity_recognition_provider, awareness_provider, current_semantic_location, fused_location_provider, geofencer_provider, gnss_location_provider, network_location_calibration, network_location_provider, wearable_flp_shim]
12-05 10:05:39.095 0 0 W audit : audit_lost=1194 audit_rate_limit=5 audit_backlog_limit=64
12-05 10:05:39.103 0 0 E audit : rate limit exceeded
12-05 10:05:39.094 7800 7946 W Icing : Failed to get Lockbox signed-in status: java.util.concurrent.TimeoutException: Timed out waiting for Task
12-05 10:05:39.094 7800 7946 W Icing : getSignedInAccountName: Falling back to default value
12-05 10:05:39.102 7846 7937 D CompatibilityChangeReporter: Compat change id reported: 160794467; UID 10105; state: ENABLED
12-05 10:05:39.124 563 632 W BroadcastQueue: Permission Denial: broadcasting Intent { act=android.net.wifi.STATE_CHANGE flg=0x4000010 (has extras) } from null (pid=-1, uid=-1) requires com.google.android.gms.DYNAMIC_RECEIVER_NOT_EXPORTED_PERMISSION due to registered receiver BroadcastFilter{225bc6f 10105/u0 ReceiverList{78be34e 7846 com.google.android.gms.persistent/10105/u0 remote:7aeee49}}
12-05 10:05:39.137 7800 7896 I Icing : IndexChimeraService.getServiceInterface callingPackage=com.google.android.gms componentName=AppsCorpus serviceId=36
12-05 10:05:39.141 7846 7897 I NearbySharing: Create pesudo logger.
12-05 10:05:39.141 7846 7937 I SystemMemoryMap: [flp] starting initialization [CONTEXT service_id=6 ]
12-05 10:05:39.151 7846 7846 W ChimeraUtils: Module com.google.android.gms.nearby missing resource null(0)
12-05 10:05:39.163 7846 8066 W SystemServiceRegistry: No service published for: contexthub
12-05 10:05:39.164 7993 8072 I FA : App measurement initialized, version: 108014
12-05 10:05:39.164 7993 8072 I FA : To enable debug logging run: adb shell setprop log.tag.FA VERBOSE
12-05 10:05:39.164 7846 8066 I BluePixel: Created Null for FLP
12-05 10:05:39.164 7993 8072 I FA : To enable faster debug mode event logging run:
12-05 10:05:39.164 7993 8072 I FA : adb shell setprop debug.firebase.analytics.app com.google.android.apps.messaging
12-05 10:05:39.183 7846 7846 W ChimeraUtils: Module com.google.android.gms.nearby missing resource null(0)
12-05 10:05:39.185 7993 8072 W FA : Failed to retrieve Firebase Instance Id
12-05 10:05:39.191 7800 7889 I Icing : IndexChimeraService.getServiceInterface callingPackage=com.google.android.gms componentName=AppsCorpus serviceId=32
12-05 10:05:39.192 7846 7937 I SystemMemoryMap: [flp] recovering 0 entries [CONTEXT service_id=6 ]
12-05 10:05:39.213 563 2383 D CompatibilityChangeReporter: Compat change id reported: 168936375; UID 10105; state: ENABLED
12-05 10:05:39.216 563 2383 D CompatibilityChangeReporter: Compat change id reported: 73144566; UID 10105; state: ENABLED
12-05 10:05:39.230 7993 8035 I Bugle : CountryCodeDetector: updateMainDeviceCountry from default subscription network country. detected country: us
12-05 10:05:39.233 7993 8072 W FA : Failed to retrieve Firebase Instance Id
12-05 10:05:39.234 7993 8072 W FA : Failed to retrieve Firebase Instance Id
12-05 10:05:39.234 7800 7800 D BoundBrokerSvc: onBind: Intent { act=com.google.android.gms.measurement.START pkg=com.google.android.gms }
12-05 10:05:39.234 7800 7800 D BoundBrokerSvc: Loading bound service for intent: Intent { act=com.google.android.gms.measurement.START pkg=com.google.android.gms }
12-05 10:05:39.235 7846 7937 I SystemMemoryMap: [flp] initialization complete [CONTEXT service_id=6 ]
12-05 10:05:39.253 7846 7846 I NearbySharing: SendSurfaceService started
12-05 10:05:39.262 7846 7846 D BoundBrokerSvc: onBind: Intent { act=com.google.android.gms.clearcut.service.START pkg=com.google.android.gms }
12-05 10:05:39.262 7846 7846 D BoundBrokerSvc: Loading bound service for intent: Intent { act=com.google.android.gms.clearcut.service.START pkg=com.google.android.gms }
12-05 10:05:39.286 7846 8062 I MagicTether: [TetherService] starting runnable [CONTEXT service_id=276 ]
12-05 10:05:39.335 7846 7846 I SystemMemoryMap: [activityrecognition] starting initialization [CONTEXT service_id=6 ]
12-05 10:05:39.340 7846 7846 I SystemMemoryMap: [activityrecognition] recovering 0 entries [CONTEXT service_id=6 ]
12-05 10:05:39.342 7846 7846 I SystemMemoryMap: [activityrecognition] initialization complete [CONTEXT service_id=6 ]
12-05 10:05:39.343 7846 7846 I SystemMemoryMap: [activitytransition] starting initialization [CONTEXT service_id=6 ]
12-05 10:05:39.347 7846 7846 I SystemMemoryMap: [activitytransition] recovering 0 entries [CONTEXT service_id=6 ]
12-05 10:05:39.349 7846 7846 I SystemMemoryMap: [activitytransition] initialization complete [CONTEXT service_id=6 ]
12-05 10:05:39.351 7846 7846 I SystemMemoryMap: [sleepsegment] starting initialization [CONTEXT service_id=6 ]
12-05 10:05:39.355 7846 7846 I SystemMemoryMap: [sleepsegment] recovering 0 entries [CONTEXT service_id=6 ]
12-05 10:05:39.356 7846 7846 I SystemMemoryMap: [sleepsegment] initialization complete [CONTEXT service_id=6 ]
12-05 10:05:39.365 7846 7846 I PersonalSafety: Init [CONTEXT service_id=310 ]
12-05 10:05:39.366 7846 7846 I PersonalSafety: enabling createOptionalComponents [CONTEXT service_id=310 ]
12-05 10:05:39.385 7846 8062 I MagicTether: [TetherService] Registering Bluetooth state change receiver [CONTEXT service_id=276 ]
12-05 10:05:39.393 1931 1958 I earchbox:searc: Background young concurrent copying GC freed 302800(15MB) AllocSpace objects, 3(248KB) LOS objects, 45% free, 19MB/36MB, paused 112us,54us total 132.329ms
12-05 10:05:39.396 7993 8035 W BugleDataModel: SelfParticipantsData: Failed to update self participants' subscription info. updateCount: 0
12-05 10:05:39.408 7846 7868 W dpcj : Primes not initialized, returning default (no-op) Primes instance which will ignore all calls. Please call Primes.initialize(...) before using any Primes API.
12-05 10:05:39.415 7800 7946 I Icing : Internal init done: storage state 0
12-05 10:05:39.461 7846 7846 E NetworkScheduler: Compat called without init
12-05 10:05:39.472 7846 7846 D BoundBrokerSvc: onBind: Intent { act=com.google.android.contextmanager.service.ContextManagerService.START pkg=com.google.android.gms }
12-05 10:05:39.473 7846 7846 D BoundBrokerSvc: Loading bound service for intent: Intent { act=com.google.android.contextmanager.service.ContextManagerService.START pkg=com.google.android.gms }
12-05 10:05:39.478 7846 8080 W Settings: Setting airplane_mode_on has moved from android.provider.Settings.System to android.provider.Settings.Global, returning read-only value.
12-05 10:05:39.487 7846 8062 I MagicTether: [TetherService] Starting Instant Hotspot feature. [CONTEXT service_id=276 ]
12-05 10:05:39.498 7800 8078 I FA-SVC : App measurement initialized, version: 244337
12-05 10:05:39.538 7846 8080 I PersonalSafety: Create createOptionalComponents: true true false false [CONTEXT service_id=310 ]
12-05 10:05:39.574 7993 8035 W BugleDataModel: SelfParticipantsData: Failed to update self participants' subscription info. updateCount: 0
12-05 10:05:39.576 7846 8079 D BluetoothAdapter: isLeEnabled(): ON
12-05 10:05:39.614 6825 6839 I .apps.wellbein: Background young concurrent copying GC freed 13116(867KB) AllocSpace objects, 0(0B) LOS objects, 38% free, 5159KB/8341KB, paused 50us,38us total 118.574ms
12-05 10:05:39.638 7800 7947 I Icing : 6 corpora need re-polling
12-05 10:05:39.704 7846 7846 D BoundBrokerSvc: onBind: Intent { act=com.google.android.gms.phenotype.service.START pkg=com.google.android.gms }
12-05 10:05:39.704 7846 7846 D BoundBrokerSvc: Loading bound service for intent: Intent { act=com.google.android.gms.phenotype.service.START pkg=com.google.android.gms }
12-05 10:05:39.813 7846 7846 I Dtdi : [LifecycleService] Skipping lifecycle service initialization until onStartCommand [CONTEXT service_id=312 ]
12-05 10:05:39.814 7846 7846 I Dtdi : [LifecycleService] Initializing lifecycle service [CONTEXT service_id=312 ]
12-05 10:05:39.835 868 868 D TileServices: Couldn't find tile for ComponentInfo{com.google.android.apps.wellbeing/com.google.android.apps.wellbeing.focusmode.quicksettings.FocusModeTileService}
12-05 10:05:39.902 563 616 I ServiceWatcher: [GeocoderProxy] connected to {com.google.android.gms/com.google.android.gms.location.geocode.GeocodeService}
12-05 10:05:39.966 7846 8062 I MagicTether: [WifiConnectionHandler] WifiConnectionHandler created [CONTEXT service_id=276 ]
12-05 10:05:39.972 563 619 D ColorDisplayService: Setting saturation level: 100
12-05 10:05:39.974 7846 7846 W .gms.persisten: Accessing hidden method Landroid/net/ConnectivityManager;->isNetworkTypeMobile(I)Z (max-target-p, reflection, denied)
12-05 10:05:40.000 7846 8069 W Dtdi : [DirectDeviceAccessLifecycleDelegate] Direct device discovery is not enabled. [CONTEXT service_id=312 ]
12-05 10:05:40.000 7846 8069 W Dtdi : [DirectDeviceAccessLifecycleDelegate] Direct device access prerelease flag is not enabled. [CONTEXT service_id=312 ]
12-05 10:05:40.001 563 619 D ColorDisplayService: GlobalSaturationTintController Animation cancelled: false to matrix:
12-05 10:05:40.001 563 619 D ColorDisplayService: 1.000000 0.000000 0.000000 0.000000 0.000000 1.000000 0.000000 0.000000 0.000000 0.000000 1.000000 0.000000 0.000000 0.000000 0.000000 1.000000 min matrix coefficients:
12-05 10:05:40.001 563 619 D ColorDisplayService: 1.000000 0.000000 0.000000 0.000000 0.000000 1.000000 0.000000 0.000000 0.000000 0.000000 1.000000 0.000000 0.000000 0.000000 0.000000 1.000000 max matrix coefficients:
12-05 10:05:40.001 563 619 D ColorDisplayService: 1.000000 0.000000 0.000000 0.000000 0.000000 1.000000 0.000000 0.000000 0.000000 0.000000 1.000000 0.000000 0.000000 0.000000 0.000000 1.000000
12-05 10:05:40.019 7846 7937 I AlarmManager: set [name: SystemMemoryCache type: 2 triggerAtMillis: 315360504330 windowMillis: -1 intervalMillis: 0]
12-05 10:05:40.025 7846 8063 I NetworkScheduler: Using standalone scheduling engine [CONTEXT service_id=218 ]
12-05 10:05:40.043 7846 7937 I BluePixel: Created Null for FOP
12-05 10:05:40.045 563 794 D ConnectivityService: NetReassign [no changes]
12-05 10:05:40.054 563 1749 D ConnectivityService: requestNetwork for uid/pid:10105/7846 activeRequest: null callbackRequest: 201 [NetworkRequest [ REQUEST id=202, [ Capabilities: INTERNET&NOT_RESTRICTED&TRUSTED&NOT_VCN_MANAGED Uid: 10105 RequestorUid: 10105 RequestorPkg: com.google.android.gms UnderlyingNetworks: Null] ]] callback flags: 0 order: 2147483647
12-05 10:05:40.057 563 794 D ConnectivityService: NetReassign [202 : null → 100]
12-05 10:05:40.059 7800 7901 W Icing : Failed to get Lockbox signed-in status: java.util.concurrent.TimeoutException: Timed out waiting for Task
12-05 10:05:40.059 7800 7901 W Icing : getSignedInAccountName: Falling back to default value
12-05 10:05:40.066 563 785 D WifiNetworkFactory: got request NetworkRequest [ REQUEST id=202, [ Capabilities: INTERNET&NOT_RESTRICTED&TRUSTED&NOT_VCN_MANAGED Uid: 10105 RequestorUid: 10105 RequestorPkg: com.google.android.gms UnderlyingNetworks: Null] ]
12-05 10:05:40.067 563 785 D UntrustedWifiNetworkFactory: got request NetworkRequest [ REQUEST id=202, [ Capabilities: INTERNET&NOT_RESTRICTED&TRUSTED&NOT_VCN_MANAGED Uid: 10105 RequestorUid: 10105 RequestorPkg: com.google.android.gms UnderlyingNetworks: Null] ]
12-05 10:05:40.067 563 785 D OemPaidWifiNetworkFactory: got request NetworkRequest [ REQUEST id=202, [ Capabilities: INTERNET&NOT_RESTRICTED&TRUSTED&NOT_VCN_MANAGED Uid: 10105 RequestorUid: 10105 RequestorPkg: com.google.android.gms UnderlyingNetworks: Null] ]
12-05 10:05:40.071 7800 7888 W gle.android.gm: Long monitor contention with owner Measurement Worker (8078) at boolean android.os.MessageQueue.enqueueMessage(android.os.Message, long)(MessageQueue.java:600) waiters=0 in android.os.Message android.os.MessageQueue.next() for 106ms
12-05 10:05:40.143 7993 8035 I BugleDataModel: ParticipantFullRefresh: Number of participants refreshed: 0
12-05 10:05:40.171 7846 8062 I MagicTether: [ClientNearbyCoordinator] ClientNearbyCoordinator.initialize [CONTEXT service_id=276 ]
12-05 10:05:40.180 7846 8069 I Dtdi : [CallTransferDelegate] Starting the call transfer state monitor in the background [CONTEXT service_id=312 ]
12-05 10:05:40.211 7846 8079 I AlarmManager: set [name: SystemMemoryCache type: 2 triggerAtMillis: 315360504489 windowMillis: -1 intervalMillis: 0]
12-05 10:05:40.223 7846 8062 I MagicTether: [ClientOrchestrator] ClientOrchestrator.initialize [CONTEXT service_id=276 ]
12-05 10:05:40.224 7846 8062 I MagicTether: [ClientNearbyManager] ClientNearbyManager.initialize [CONTEXT service_id=276 ]
12-05 10:05:40.239 563 616 I ServiceWatcher: [network] connected to {com.google.android.gms/com.google.android.location.network.NetworkLocationService}
12-05 10:05:40.242 563 1756 I LocationManagerService: network provider loaded extra attribution tags: [activity_recognition_provider, awareness_provider, current_semantic_location, fused_location_provider, geofencer_provider, gnss_location_provider, network_location_calibration, network_location_provider, wearable_flp_shim]
12-05 10:05:40.250 7846 7937 I Dtdi : [TidepoolSettingsSubDelegate] registering tidepool listeners [CONTEXT service_id=312 ]
12-05 10:05:40.257 7846 8069 I Dtdi : [AdvertisingSettings] DTDI Persistent service started! [CONTEXT service_id=312 ]
12-05 10:05:40.261 7846 8069 I Dtdi : [LifecycleService] Finished delegate init [CONTEXT service_id=312 ]
12-05 10:05:40.270 563 1756 D CompatibilityChangeReporter: Compat change id reported: 171306433; UID 10105; state: ENABLED
12-05 10:05:40.279 7846 7846 I ChimeraSrvcProxy: com.google.android.location.internal.server.HardwareArProviderService returning NullBinder for action com.android.location.service.ActivityRecognitionProvider
12-05 10:05:40.281 563 616 I ServiceWatcher: [HardwareActivityRecognitionProxy] connected to {com.google.android.gms/com.google.android.location.internal.server.HardwareArProviderService}
12-05 10:05:40.282 563 616 E Parcel : Reading a NULL string not supported here.
12-05 10:05:40.285 563 616 E ARProxy : Unknown descriptor:
12-05 10:05:40.292 7846 7846 I Fido : [AuthenticatorChimeraService] Unregistered the broadcast receiver [CONTEXT service_id=287 ]
12-05 10:05:40.305 7846 8062 I MagicTether: [ClientNearbyCoordinator] registerDiscoveryCallback [CONTEXT service_id=276 ]
12-05 10:05:40.315 7846 8095 I MagicTether: [ClientOrchestrator] No previously connected network. [CONTEXT service_id=276 ]
12-05 10:05:40.333 7846 7846 W ChimeraUtils: Module com.google.android.gms.crisisalerts missing resource null(0)
12-05 10:05:40.352 7846 7846 W ChimeraUtils: Module com.google.android.gms.crisisalerts missing resource null(0)
12-05 10:05:40.365 7846 7897 I Dtdi : [AdvertisingSettings] Advertising settings updated to crossDeviceState=CrossDeviceState(state=-1), callTransferState=CallTransferState(state=-1), sharingVisibility=SharingVisibility(visibility=4) [CONTEXT service_id=312 ]
12-05 10:05:40.365 7846 7897 I Dtdi : [AdvertisingSettings] Stopping advertising tidepool main switch disabled. [CONTEXT service_id=312 ]
12-05 10:05:40.373 7846 7908 I FontLog : Updating from directory version 0 to 28 from disk [CONTEXT service_id=132 ]
12-05 10:05:40.385 7846 8095 I FontLog : Using directory in FlatBuffer format [CONTEXT service_id=132 ]
12-05 10:05:40.388 7846 7880 I FontLog : Fetch {Noto Color Emoji Compat, wdth 100.0, wght 400, ital 0.0, bestEffort false} end status Status{statusCode=SUCCESS, resolution=null} [CONTEXT service_id=132 ]
12-05 10:05:40.393 7846 7881 I FontLog : Fetch {Noto Color Emoji Compat, wdth 100.0, wght 400, ital 0.0, bestEffort false} end status Status{statusCode=SUCCESS, resolution=null} [CONTEXT service_id=132 ]
12-05 10:05:40.397 7846 7897 I Dtdi : [NearbyPresenceDiscovery] Stopping advertising for feature CROSS_DEVICE_SDK with visibility null. shouldUseContactsCallbacks=false [CONTEXT service_id=312 ]
12-05 10:05:40.404 7846 7897 I Dtdi : [NearbyPresenceDiscovery] Already not advertising. Skipping stopAdvertising for feature CROSS_DEVICE_SDK, visibility=null [CONTEXT service_id=312 ]
12-05 10:05:40.411 7846 7871 I FontLog : Pulling font file for id = 2, cache size = 2 [CONTEXT service_id=132 ]
12-05 10:05:40.417 7846 7897 I Dtdi : [NearbyPresenceDiscovery] Stopping advertising for feature CALL_TRANSFER with visibility null. shouldUseContactsCallbacks=false [CONTEXT service_id=312 ]
12-05 10:05:40.423 7846 7867 I FontLog : Pulling font file for id = 1, cache size = 2 [CONTEXT service_id=132 ]
12-05 10:05:40.432 7846 7846 I NearbySharing: ReceiveSurfaceService created with vendorMetadata null
12-05 10:05:40.435 7846 7897 I Dtdi : [NearbyPresenceDiscovery] Already not advertising. Skipping stopAdvertising for feature CALL_TRANSFER, visibility=null [CONTEXT service_id=312 ]
12-05 10:05:40.438 7846 7846 I NearbySharing: ReceiveSurfaceService started
12-05 10:05:40.452 7846 8043 E GCM : Missing checkin config file
12-05 10:05:40.469 7846 7846 W ctxmgr : [ContextManagerPersistentService]Received null intent [CONTEXT service_id=47 ]
12-05 10:05:40.472 7846 7846 D BoundBrokerSvc: onBind: Intent { act=com.google.android.gms.phenotype.service.START dat=chimera-action: cmp=com.google.android.gms/.chimera.PersistentApiService }
12-05 10:05:40.473 7846 7846 D BoundBrokerSvc: Loading bound service for intent: Intent { act=com.google.android.gms.phenotype.service.START dat=chimera-action: cmp=com.google.android.gms/.chimera.PersistentApiService }
12-05 10:05:40.477 7846 7846 D BoundBrokerSvc: onBind: Intent { act=com.google.android.gms.clearcut.service.START dat=chimera-action: cmp=com.google.android.gms/.chimera.PersistentDirectBootAwareApiService }
12-05 10:05:40.478 7846 7846 D BoundBrokerSvc: Loading bound service for intent: Intent { act=com.google.android.gms.clearcut.service.START dat=chimera-action: cmp=com.google.android.gms/.chimera.PersistentDirectBootAwareApiService }
12-05 10:05:40.480 7846 7846 D BoundBrokerSvc: onUnbind: Intent { act=com.google.android.contextmanager.service.ContextManagerService.START pkg=com.google.android.gms }
12-05 10:05:40.482 7846 7846 D BoundBrokerSvc: onUnbind: Intent { act=com.google.android.gms.clearcut.bootcount.service.START pkg=com.google.android.gms }
12-05 10:05:40.485 7846 7846 D BoundBrokerSvc: onBind: Intent { act=com.google.android.gms.usagereporting.service.START dat=chimera-action: cmp=com.google.android.gms/.chimera.PersistentDirectBootAwareApiService }
12-05 10:05:40.486 7846 7846 D BoundBrokerSvc: Loading bound service for intent: Intent { act=com.google.android.gms.usagereporting.service.START dat=chimera-action: cmp=com.google.android.gms/.chimera.PersistentDirectBootAwareApiService }
12-05 10:05:40.495 7846 8075 D CompatibilityChangeReporter: Compat change id reported: 150935354; UID 10105; state: ENABLED
12-05 10:05:40.499 7846 8043 W GCM : GCM FAILED TO INITIALIZE - missing checkin
12-05 10:05:40.512 7846 7871 I FontLog : Pulling font file for id = 1, cache size = 2 [CONTEXT service_id=132 ]
12-05 10:05:40.521 7846 7881 I FontLog : Pulling font file for id = 2, cache size = 2 [CONTEXT service_id=132 ]
12-05 10:05:40.540 7846 8043 E WakeLock: GCM_HB_ALARM release without a matched acquire!
12-05 10:05:40.540 7846 8043 W WakeLock: GCM_HB_ALARM counter does not exist
12-05 10:05:40.542 563 794 D ConnectivityService: reportNetworkConnectivity(100, false) by 10105
12-05 10:05:40.547 974 1922 D NetworkMonitor/100: Forcing reevaluation for UID 10105. Dns signal count: 0
12-05 10:05:40.573 7800 8078 D AdvertisingIdClient: Creating AdvertisingIdClient
12-05 10:05:40.573 7800 8078 D AdvertisingIdClient: AdvertisingIdClient already created.
12-05 10:05:40.573 7800 8078 D AdvertisingIdClient: AdvertisingIdClient is not bounded. Starting to bind it...
12-05 10:05:40.580 7800 7901 W Icing : Failed to get Lockbox signed-in status: java.util.concurrent.TimeoutException: Timed out waiting for Task
12-05 10:05:40.580 7800 7901 W Icing : getSignedInAccountName: Falling back to default value
12-05 10:05:40.583 7800 7947 W gle.android.gm: Long monitor contention with owner highpool[2] (7901) at befp befr.f(java.lang.String)(:com.google.android.gms@244337026@24.43.37 (150800-693941914):12) waiters=0 in bdzk begg.e(behb) for 945ms
12-05 10:05:40.620 0 0 W audit : audit_lost=1196 audit_rate_limit=5 audit_backlog_limit=64
12-05 10:05:40.627 0 0 E audit : rate limit exceeded
12-05 10:05:40.604 7800 8078 D AdvertisingIdClient: AdvertisingIdClient is bounded
12-05 10:05:40.615 331 8119 D resolv : ResNSendHandler::run: 0 / {100 983140 100 983140 1073 1}
12-05 10:05:40.615 331 8119 I resolv : resolv_populate_res_for_net: netid=100
12-05 10:05:40.615 331 8119 D resolv : res_nsend
12-05 10:05:40.615 331 8119 I resolv : resolv_cache_lookup: lookup
12-05 10:05:40.615 331 8119 I resolv : resolv_cache_lookup: NOT IN CACHE (STALE ENTRY 0x78c8fbc61e30DISCARDED)
12-05 10:05:40.615 331 8119 I resolv : _cache_remove_p: entry 4 removed (count=63)
12-05 10:05:40.615 331 8119 I resolv : resolv_populate_res_for_net: netid=100
12-05 10:05:40.615 331 8119 I resolv : res_stats_usable_server: NS stats: S 62 + E 0 + T 2 + I 0 = 64, rtt = 6, min_samples = 8
12-05 10:05:40.616 331 8119 I resolv : res_stats_usable_server: success rate 96
12-05 10:05:40.616 331 8119 D resolv : res_nsend: Querying server (# 1) address = 10.0.2.3:53
12-05 10:05:40.616 331 8119 D resolv : send_dg: new DG socket
12-05 10:05:40.620 331 8120 D resolv : ResNSendHandler::run: 0 / {100 983140 100 983140 1073 1}
12-05 10:05:40.620 331 8120 I resolv : resolv_populate_res_for_net: netid=100
12-05 10:05:40.622 331 8120 D resolv : res_nsend
12-05 10:05:40.622 331 8120 I resolv : resolv_cache_lookup: lookup
12-05 10:05:40.622 331 8120 I resolv : resolv_cache_lookup: NOT IN CACHE (STALE ENTRY 0x78c8ebc64850DISCARDED)
12-05 10:05:40.622 331 8120 I resolv : _cache_remove_p: entry 5 removed (count=62)
12-05 10:05:40.622 331 8120 I resolv : resolv_populate_res_for_net: netid=100
12-05 10:05:40.622 331 8120 I resolv : res_stats_usable_server: NS stats: S 62 + E 0 + T 2 + I 0 = 64, rtt = 6, min_samples = 8
12-05 10:05:40.622 331 8120 I resolv : res_stats_usable_server: success rate 96
12-05 10:05:40.622 331 8120 D resolv : res_nsend: Querying server (# 1) address = 10.0.2.3:53
12-05 10:05:40.623 331 8119 I resolv : get_timeout: using timeout of 5000 msec
12-05 10:05:40.623 331 8119 I resolv : retrying_poll: 58 retrying_poll
12-05 10:05:40.624 331 8119 I resolv : retrying_poll: 58 retrying_poll returning 1
12-05 10:05:40.625 331 8122 D resolv : ResNSendHandler::run: 0 / {100 983140 100 983140 1073 1}
12-05 10:05:40.625 331 8119 I resolv : res_nsend: used send_dg 144 terrno: 0
12-05 10:05:40.625 331 8119 I resolv : res_stats_set_sample: rcode = 0, sec = 2
12-05 10:05:40.625 331 8122 I resolv : resolv_populate_res_for_net: netid=100
12-05 10:05:40.625 331 8119 I resolv : res_cache_add_stats_sample_locked: adding sample to stats, next = 4, count = 64
12-05 10:05:40.625 331 8119 D resolv : res_nsend: got answer:
12-05 10:05:40.625 331 8119 I resolv : answer_getTTL: TTL = 300
12-05 10:05:40.625 331 8119 I resolv : _cache_add_p: entry 69 added (count=63)
12-05 10:05:40.625 331 8120 D resolv : send_dg: new DG socket
12-05 10:05:40.625 331 8119 I resolv : cache_dump_mru_locked: MRU LIST (63): 69 68 67 42 41 37 38 60 59 36 35 54 55 39 40 34 33 15 16 3 6 66 65 26 25 13 51 12 11 27 28 45 46 57 58 64 63 62 61 24 23 56 21 53 52 17 18 50 49 48 47 43 44 7 8 30 29 20 19 10 9 2 1
12-05 10:05:40.625 331 8120 I resolv : get_timeout: using timeout of 5000 msec
12-05 10:05:40.625 331 8120 I resolv : retrying_poll: 60 retrying_poll
12-05 10:05:40.625 331 8122 D resolv : res_nsend
12-05 10:05:40.625 331 8122 I resolv : resolv_cache_lookup: lookup
12-05 10:05:40.625 331 8122 I resolv : resolv_cache_lookup: NOT IN CACHE (STALE ENTRY 0x78c8ebc621d0DISCARDED)
12-05 10:05:40.625 331 8122 I resolv : _cache_remove_p: entry 6 removed (count=62)
12-05 10:05:40.625 331 8122 I resolv : resolv_populate_res_for_net: netid=100
12-05 10:05:40.625 331 8122 I resolv : res_stats_usable_server: NS stats: S 62 + E 0 + T 2 + I 0 = 64, rtt = 6, min_samples = 8
12-05 10:05:40.625 331 8122 I resolv : res_stats_usable_server: success rate 96
12-05 10:05:40.625 331 8122 D resolv : res_nsend: Querying server (# 1) address = 10.0.2.3:53
12-05 10:05:40.625 331 8122 D resolv : send_dg: new DG socket
12-05 10:05:40.626 331 8122 I resolv : get_timeout: using timeout of 5000 msec
12-05 10:05:40.626 331 8122 I resolv : retrying_poll: 55 retrying_poll
12-05 10:05:40.630 331 8120 I resolv : retrying_poll: 60 retrying_poll returning 1
12-05 10:05:40.631 331 8122 I resolv : retrying_poll: 55 retrying_poll returning 1
12-05 10:05:40.631 331 8122 I resolv : res_nsend: used send_dg 63 terrno: 0
12-05 10:05:40.631 331 8122 I resolv : res_stats_set_sample: rcode = 0, sec = 5
12-05 10:05:40.631 331 8122 I resolv : res_cache_add_stats_sample_locked: adding sample to stats, next = 5, count = 64
12-05 10:05:40.631 331 8122 D resolv : res_nsend: got answer:
12-05 10:05:40.631 331 8122 I resolv : answer_getTTL: TTL = 300
12-05 10:05:40.631 331 8122 I resolv : _cache_add_p: entry 70 added (count=63)
12-05 10:05:40.631 331 8122 I resolv : cache_dump_mru_locked: MRU LIST (63): 70 69 68 67 42 41 37 38 60 59 36 35 54 55 39 40 34 33 15 16 3 66 65 26 25 13 51 12 11 27 28 45 46 57 58 64 63 62 61 24 23 56 21 53 52 17 18 50 49 48 47 43 44 7 8 30 29 20 19 10 9 2 1
12-05 10:05:40.631 331 8121 D resolv : ResNSendHandler::run: 0 / {100 983140 100 983140 1073 1}
12-05 10:05:40.631 331 8121 I resolv : resolv_populate_res_for_net: netid=100
12-05 10:05:40.631 331 8121 D resolv : res_nsend
12-05 10:05:40.631 331 8121 I resolv : resolv_cache_lookup: lookup
12-05 10:05:40.631 331 8121 I resolv : resolv_cache_lookup: NOT IN CACHE (STALE ENTRY 0x78c8fbc608d0DISCARDED)
12-05 10:05:40.633 331 8120 I resolv : res_nsend: used send_dg 75 terrno: 0
12-05 10:05:40.632 331 8121 I resolv : _cache_remove_p: entry 3 removed (count=62)
12-05 10:05:40.637 331 8120 I resolv : res_stats_set_sample: rcode = 0, sec = 5
12-05 10:05:40.637 331 8120 I resolv : res_cache_add_stats_sample_locked: adding sample to stats, next = 6, count = 64
12-05 10:05:40.637 331 8120 D resolv : res_nsend: got answer:
12-05 10:05:40.637 331 8120 I resolv : answer_getTTL: TTL = 300
12-05 10:05:40.637 331 8120 I resolv : _cache_add_p: entry 71 added (count=63)
12-05 10:05:40.637 331 8121 I resolv : resolv_populate_res_for_net: netid=100
12-05 10:05:40.637 331 8120 I resolv : cache_dump_mru_locked: MRU LIST (63): 71 70 69 68 67 42 41 37 38 60 59 36 35 54 55 39 40 34 33 15 16 66 65 26 25 13 51 12 11 27 28 45 46 57 58 64 63 62 61 24 23 56 21 53 52 17 18 50 49 48 47 43 44 7 8 30 29 20 19 10 9 2 1
12-05 10:05:40.638 331 8121 I resolv : res_stats_usable_server: NS stats: S 62 + E 0 + T 2 + I 0 = 64, rtt = 6, min_samples = 8
12-05 10:05:40.638 331 8121 I resolv : res_stats_usable_server: success rate 96
12-05 10:05:40.638 331 8121 D resolv : res_nsend: Querying server (# 1) address = 10.0.2.3:53
12-05 10:05:40.638 331 8121 D resolv : send_dg: new DG socket
12-05 10:05:40.639 331 8121 I resolv : get_timeout: using timeout of 5000 msec
12-05 10:05:40.639 331 8121 I resolv : retrying_poll: 54 retrying_poll
12-05 10:05:40.641 331 8121 I resolv : retrying_poll: 54 retrying_poll returning 1
12-05 10:05:40.641 331 8121 I resolv : res_nsend: used send_dg 128 terrno: 0
12-05 10:05:40.641 331 8121 I resolv : res_stats_set_sample: rcode = 0, sec = 2
12-05 10:05:40.641 331 8121 I resolv : res_cache_add_stats_sample_locked: adding sample to stats, next = 7, count = 64
12-05 10:05:40.641 331 8121 D resolv : res_nsend: got answer:
12-05 10:05:40.641 331 8121 I resolv : answer_getTTL: TTL = 300
12-05 10:05:40.641 331 8121 I resolv : _cache_add_p: entry 72 added (count=64)
12-05 10:05:40.641 331 8121 I resolv : cache_dump_mru_locked: MRU LIST (64): 72 71 70 69 68 67 42 41 37 38 60 59 36 35 54 55 39 40 34 33 15 16 66 65 26 25 13 51 12 11 27 28 45 46 57 58 64 63 62 61 24 23 56 21 53 52 17 18 50 49 48 47 43 44 7 8 30 29 20 19 10 9 2 1
12-05 10:05:40.713 974 8117 D NetworkMonitor/100: PROBE_DNS connectivitycheck.gstatic.com 115ms OK 64.233.181.94,2607:f8b0:4001:c11::5e
12-05 10:05:40.719 331 8123 D resolv : GetAddrInfoHandler::run: {100 983140 100 983140 1073 1}
12-05 10:05:40.719 331 8123 D resolv : resolv_getaddrinfo: explore_fqdn(): ai_family=0 ai_socktype=1 ai_protocol=6
12-05 10:05:40.727 7846 8043 I AlarmManager: setExactAndAllowWhileIdle [name: GCM_CONN_ALARM type: 2 triggerAtMillis: 507428]
12-05 10:05:40.730 331 8125 D resolv : doQuery: (1, 1)
12-05 10:05:40.730 331 8125 D resolv : res_nmkquery: (QUERY, IN, A)
12-05 10:05:40.730 331 8125 D resolv : res_nsend
12-05 10:05:40.730 331 8125 I resolv : resolv_cache_lookup: lookup
12-05 10:05:40.730 331 8125 I resolv : resolv_cache_lookup: FOUND IN CACHE entry=0x78c8ebc621d0
12-05 10:05:40.730 331 8125 D resolv : doQuery: rcode=0, ancount=1
12-05 10:05:40.739 331 8124 D resolv : doQuery: (1, 28)
12-05 10:05:40.739 331 8124 D resolv : res_nmkquery: (QUERY, IN, AAAA)
12-05 10:05:40.739 331 8124 D resolv : res_nsend
12-05 10:05:40.739 331 8124 I resolv : resolv_cache_lookup: lookup
12-05 10:05:40.739 331 8124 I resolv : resolv_cache_lookup: FOUND IN CACHE entry=0x78c8ebc64850
12-05 10:05:40.739 331 8124 D resolv : doQuery: rcode=0, ancount=1
12-05 10:05:40.744 7846 7846 D BoundBrokerSvc: onBind: Intent { act=com.google.android.gms.icing.LIGHTWEIGHT_INDEX_SERVICE dat=chimera-action: cmp=com.google.android.gms/.chimera.PersistentApiService }
12-05 10:05:40.745 7846 7846 D BoundBrokerSvc: Loading bound service for intent: Intent { act=com.google.android.gms.icing.LIGHTWEIGHT_INDEX_SERVICE dat=chimera-action: cmp=com.google.android.gms/.chimera.PersistentApiService }
12-05 10:05:40.749 974 8117 D NetworkMonitor/100: PROBE_HTTP http://connectivitycheck.gstatic.com/generate_204 time=35ms ret=204 request={Connection=[close], User-Agent=[Mozilla/5.0 (X11; Linux x86_64) AppleWebKit/537.36 (KHTML, like Gecko) Chrome/60.0.3112.32 Safari/537.36]} headers={null=[HTTP/1.1 204 No Content], Connection=[close], Content-Length=[0], Cross-Origin-Resource-Policy=[cross-origin], Date=[Thu, 05 Dec 2024 18:05:40 GMT], X-Android-Received-Millis=[1733421940748], X-Android-Response-Source=[NETWORK 204], X-Android-Selected-Protocol=[http/1.1], X-Android-Sent-Millis=[1733421940746]}
12-05 10:05:40.790 974 8116 D NetworkMonitor/100: PROBE_DNS www.google.com 204ms OK 108.177.121.103,108.177.121.99,108.177.121.106,108.177.121.105,108.177.121.147,108.177.121.104,2607:f8b0:4001:c01::68,2607:f8b0:4001:c01::93,2607:f8b0:4001:c01::69,2607:f8b0:4001:c01::63
12-05 10:05:40.794 7846 8075 W Settings: Setting airplane_mode_on has moved from android.provider.Settings.System to android.provider.Settings.Global, returning read-only value.
12-05 10:05:40.799 6825 6925 W WindDownScheduler: Missing wind down pause.
12-05 10:05:40.810 331 8127 D resolv : GetAddrInfoHandler::run: {100 983140 100 983140 1073 1}
12-05 10:05:40.810 331 8127 D resolv : resolv_getaddrinfo: explore_fqdn(): ai_family=0 ai_socktype=1 ai_protocol=6
12-05 10:05:40.817 868 868 D TileServices: Couldn't find tile for ComponentInfo{com.google.android.apps.wellbeing/com.google.android.apps.wellbeing.screen.ui.GrayscaleTileService}
12-05 10:05:40.817 331 8128 D resolv : doQuery: (1, 28)
12-05 10:05:40.819 331 8128 D resolv : res_nmkquery: (QUERY, IN, AAAA)
12-05 10:05:40.819 331 8129 D resolv : doQuery: (1, 1)
12-05 10:05:40.819 331 8128 D resolv : res_nsend
12-05 10:05:40.821 331 8128 I resolv : resolv_cache_lookup: lookup
12-05 10:05:40.821 331 8129 D resolv : res_nmkquery: (QUERY, IN, A)
12-05 10:05:40.821 331 8128 I resolv : resolv_cache_lookup: FOUND IN CACHE entry=0x78c8fbc61e30
12-05 10:05:40.821 331 8128 D resolv : doQuery: rcode=0, ancount=4
12-05 10:05:40.823 331 8129 D resolv : res_nsend
12-05 10:05:40.825 331 8129 I resolv : resolv_cache_lookup: lookup
12-05 10:05:40.825 331 8129 I resolv : resolv_cache_lookup: FOUND IN CACHE entry=0x78c8fbc608d0
12-05 10:05:40.825 331 8129 D resolv : doQuery: rcode=0, ancount=6
12-05 10:05:40.851 7846 7846 D BoundBrokerSvc: onBind: Intent { act=com.google.android.gms.herrevad.services.LightweightNetworkQualityAndroidService.START pkg=com.google.android.gms }
12-05 10:05:40.851 7846 7846 D BoundBrokerSvc: Loading bound service for intent: Intent { act=com.google.android.gms.herrevad.services.LightweightNetworkQualityAndroidService.START pkg=com.google.android.gms }
12-05 10:05:40.851 7846 7846 I BndSvcConfigHelper: No bound-service is registered for action: com.google.android.gms.herrevad.services.LightweightNetworkQualityAndroidService.START
12-05 10:05:40.852 7846 7846 I BoundBrokerSvc: Bound service not available for: Intent { act=com.google.android.gms.herrevad.services.LightweightNetworkQualityAndroidService.START pkg=com.google.android.gms }
12-05 10:05:40.854 7846 7846 I GmsApiChimeraSvc: Handling missing api service for: com.google.android.gms.herrevad.services.LightweightNetworkQualityAndroidService.START
12-05 10:05:40.859 7800 7947 I Icing : Post-init done
12-05 10:05:40.862 7846 7867 I GmsApiChimeraSvc: Using MissingApiServiceBroker for com.google.android.gms.herrevad.services.LightweightNetworkQualityAndroidService.START due to missing BoundService implementation
12-05 10:05:40.891 7846 7846 D BoundBrokerSvc: onBind: Intent { act=com.google.android.gms.time.trustedtime.service.START dat=chimera-action: cmp=com.google.android.gms/.chimera.PersistentApiService }
12-05 10:05:40.896 7846 7846 D BoundBrokerSvc: Loading bound service for intent: Intent { act=com.google.android.gms.time.trustedtime.service.START dat=chimera-action: cmp=com.google.android.gms/.chimera.PersistentApiService }
12-05 10:05:40.914 974 8116 D NetworkMonitor/100: PROBE_HTTPS https://www.google.com/generate_204 time=107ms ret=204 request={Connection=[close], User-Agent=[Mozilla/5.0 (X11; Linux x86_64) AppleWebKit/537.36 (KHTML, like Gecko) Chrome/60.0.3112.32 Safari/537.36]} headers={null=[HTTP/1.1 204 No Content], Connection=[close], Content-Length=[0], Cross-Origin-Resource-Policy=[cross-origin], Date=[Thu, 05 Dec 2024 18:05:41 GMT], X-Android-Received-Millis=[1733421940898], X-Android-Response-Source=[NETWORK 204], X-Android-Selected-Protocol=[http/1.1], X-Android-Sent-Millis=[1733421940894]}
12-05 10:05:40.917 7846 8062 I TetheringManager: registerTetheringEventCallback:com.google.android.gms
12-05 10:05:40.929 974 8115 D NetworkMonitor/100: isCaptivePortal: isSuccessful()=true isPortal()=false RedirectUrl=null isPartialConnectivity()=false Time=380ms
12-05 10:05:40.934 563 794 D ConnectivityService: [100 WIFI] validation passed
12-05 10:05:40.936 563 1756 D CompatibilityChangeReporter: Compat change id reported: 135634846; UID 10127; state: DISABLED
12-05 10:05:40.938 563 1756 D CompatibilityChangeReporter: Compat change id reported: 177438394; UID 10127; state: DISABLED
12-05 10:05:40.938 563 1756 D CompatibilityChangeReporter: Compat change id reported: 135772972; UID 10127; state: DISABLED
12-05 10:05:40.940 563 1756 D CompatibilityChangeReporter: Compat change id reported: 135754954; UID 10127; state: ENABLED
12-05 10:05:40.943 563 633 D CompatibilityChangeReporter: Compat change id reported: 143937733; UID 10127; state: ENABLED
12-05 10:05:40.949 7846 7846 D BoundBrokerSvc: onBind: Intent { act=com.google.android.gms.clearcut.bootcount.service.START dat=chimera-action: cmp=com.google.android.gms/.chimera.PersistentBoundBrokerService }
12-05 10:05:40.950 7846 7846 D BoundBrokerSvc: Loading bound service for intent: Intent { act=com.google.android.gms.clearcut.bootcount.service.START dat=chimera-action: cmp=com.google.android.gms/.chimera.PersistentBoundBrokerService }
12-05 10:05:40.950 7846 8114 W Settings: Setting airplane_mode_on has moved from android.provider.Settings.System to android.provider.Settings.Global, returning read-only value.
12-05 10:05:40.965 332 332 D Zygote : Forked child process 8132
12-05 10:05:40.966 7846 8075 W SystemServiceRegistry: No service published for: wifirtt
12-05 10:05:40.969 7846 8114 I PersonalSafety: start auto-detection [CONTEXT service_id=310 ]
12-05 10:05:40.973 563 633 I ActivityManager: Start proc 8132:com.google.android.calendar/u0a127 for broadcast {com.google.android.calendar/com.android.calendar.widget.CalendarAppWidgetProvider}
12-05 10:05:40.978 8132 8132 I Zygote : seccomp disabled by setenforce 0
12-05 10:05:40.985 8132 8132 W ndroid.calenda: Unexpected CPU variant for X86 using defaults: x86_64
12-05 10:05:40.998 408 481 I adbd : jdwp connection from 8132
12-05 10:05:41.009 563 1008 D ConnectivityService: requestNetwork for uid/pid:10105/7846 activeRequest: null callbackRequest: 203 [NetworkRequest [ REQUEST id=204, [ Capabilities: INTERNET&NOT_RESTRICTED&TRUSTED&NOT_VCN_MANAGED Uid: 10105 RequestorUid: 10105 RequestorPkg: com.google.android.gms UnderlyingNetworks: Null] ]] callback flags: 0 order: 2147483647
12-05 10:05:41.012 563 794 D ConnectivityService: NetReassign [204 : null → 100]
12-05 10:05:41.015 563 785 D WifiNetworkFactory: got request NetworkRequest [ REQUEST id=204, [ Capabilities: INTERNET&NOT_RESTRICTED&TRUSTED&NOT_VCN_MANAGED Uid: 10105 RequestorUid: 10105 RequestorPkg: com.google.android.gms UnderlyingNetworks: Null] ]
12-05 10:05:41.016 563 785 D UntrustedWifiNetworkFactory: got request NetworkRequest [ REQUEST id=204, [ Capabilities: INTERNET&NOT_RESTRICTED&TRUSTED&NOT_VCN_MANAGED Uid: 10105 RequestorUid: 10105 RequestorPkg: com.google.android.gms UnderlyingNetworks: Null] ]
12-05 10:05:41.016 563 785 D OemPaidWifiNetworkFactory: got request NetworkRequest [ REQUEST id=204, [ Capabilities: INTERNET&NOT_RESTRICTED&TRUSTED&NOT_VCN_MANAGED Uid: 10105 RequestorUid: 10105 RequestorPkg: com.google.android.gms UnderlyingNetworks: Null] ]
12-05 10:05:41.018 7846 7846 D WearableService: Creating wearable service asynchronously.
12-05 10:05:41.061 7846 8114 I PersonalSafety: AutoD Start settings: true true false false [CONTEXT service_id=310 ]
12-05 10:05:41.068 8132 8132 D CompatibilityChangeReporter: Compat change id reported: 171979766; UID 10127; state: ENABLED
12-05 10:05:41.082 7800 7902 I Icing : IndexChimeraService.getServiceInterface callingPackage=com.google.android.gms componentName=null serviceId=36
12-05 10:05:41.088 7846 7846 D BoundBrokerSvc: onBind: Intent { act=com.google.android.gms.nearby.sharing.START_SERVICE dat=chimera-action: cmp=com.google.android.gms/.chimera.PersistentApiServiceNoInstantApps }
12-05 10:05:41.088 7846 7846 D BoundBrokerSvc: Loading bound service for intent: Intent { act=com.google.android.gms.nearby.sharing.START_SERVICE dat=chimera-action: cmp=com.google.android.gms/.chimera.PersistentApiServiceNoInstantApps }
12-05 10:05:41.103 7846 7846 I NearbySharing: NearbySharingService onCreate
12-05 10:05:41.113 7846 7846 I NearbySharing: NearbySharingService created
12-05 10:05:41.141 7846 7846 D BoundBrokerSvc: onBind: Intent { act=com.google.android.gms.scheduler.ACTION_PROXY_SCHEDULE dat=chimera-action: cmp=com.google.android.gms/.chimera.PersistentDirectBootAwareApiService }
12-05 10:05:41.141 7846 7846 D BoundBrokerSvc: Loading bound service for intent: Intent { act=com.google.android.gms.scheduler.ACTION_PROXY_SCHEDULE dat=chimera-action: cmp=com.google.android.gms/.chimera.PersistentDirectBootAwareApiService }
12-05 10:05:41.168 7846 8151 I Wear_Controller: Wearable module requires a companion app to be installed.
12-05 10:05:41.168 7846 8151 I WearableService: onCreate: Wearable Services not starting. Wear is not available on this device.
12-05 10:05:41.170 8132 8132 D nativeloader: classloader namespace configured for unbundled product apk. library_path=/product/app/CalendarGooglePrebuilt/lib/x86_64:/product/lib64:/system/product/lib64
12-05 10:05:41.204 8132 8132 V GraphicsEnvironment: ANGLE Developer option for 'com.google.android.calendar' set to: 'default'
12-05 10:05:41.205 8132 8132 V GraphicsEnvironment: ANGLE GameManagerService for com.google.android.calendar: false
12-05 10:05:41.205 8132 8132 V GraphicsEnvironment: Neither updatable production driver nor prerelease driver is supported.
12-05 10:05:41.209 8132 8132 D NetworkSecurityConfig: No Network Security Config specified, using platform default
12-05 10:05:41.211 7846 7860 I .gms.persisten: Compiler allocated 4432KB to compile int exxc.c(java.lang.Object, byte[], int, int, int, extc)
12-05 10:05:41.213 8132 8132 D NetworkSecurityConfig: No Network Security Config specified, using platform default
12-05 10:05:41.236 7846 7846 D BoundBrokerSvc: onBind: Intent { act=com.google.android.gms.pseudonymous.service.START dat=chimera-action: cmp=com.google.android.gms/.chimera.PersistentApiService }
12-05 10:05:41.236 7846 7846 D BoundBrokerSvc: Loading bound service for intent: Intent { act=com.google.android.gms.pseudonymous.service.START dat=chimera-action: cmp=com.google.android.gms/.chimera.PersistentApiService }
12-05 10:05:41.246 7800 7800 D BoundBrokerSvc: onBind: Intent { act=com.google.android.gms.feedback.internal.IFeedbackService dat=chimera-action: cmp=com.google.android.gms/.chimera.GmsBoundBrokerService }
12-05 10:05:41.246 7800 7800 D BoundBrokerSvc: Loading bound service for intent: Intent { act=com.google.android.gms.feedback.internal.IFeedbackService dat=chimera-action: cmp=com.google.android.gms/.chimera.GmsBoundBrokerService }
12-05 10:05:41.278 7846 8070 I GmsActivityDetector: Unable to read activity state file [CONTEXT service_id=6 ]
12-05 10:05:41.278 7846 8070 I GmsActivityDetector: java.io.FileNotFoundException: /data/user/0/com.google.android.gms/files/geofencer_ad_state: open failed: ENOENT (No such file or directory)
12-05 10:05:41.278 7846 8070 I GmsActivityDetector: at libcore.io.IoBridge.open(IoBridge.java:575)
12-05 10:05:41.278 7846 8070 I GmsActivityDetector: at java.io.FileInputStream.(FileInputStream.java:160)
12-05 10:05:41.278 7846 8070 I GmsActivityDetector: at dtrt.a(:com.google.android.gms@244337026@24.43.37 (150800-693941914):66)
12-05 10:05:41.278 7846 8070 I GmsActivityDetector: at com.google.android.location.geofencer.service.GmsActivityDetector.d(:com.google.android.gms@244337026@24.43.37 (150800-693941914):60)
12-05 10:05:41.278 7846 8070 I GmsActivityDetector: at duhp.u(:com.google.android.gms@244337026@24.43.37 (150800-693941914):145)
12-05 10:05:41.278 7846 8070 I GmsActivityDetector: at duiw.b(:com.google.android.gms@244337026@24.43.37 (150800-693941914):88)
