00-00 00:00:00.000 0 0 ? (none) : --------- beginning of main
12-05 10:05:20.181 7631 7631 I abb : StartCommandInProcess(73657474696e67730067657400656e61 settings.get.ena [truncated])
12-05 10:05:20.190 7631 7631 I abb : StartCommandInProcess(7061636b61676500696e7374616c6c00 package.install. [truncated])
00-00 00:00:00.000 0 0 ? (none) : --------- beginning of system
12-05 10:05:20.319 563 773 W RuleEvaluation: Integrity rule files are not available.
12-05 10:05:20.321 563 661 I PackageManager: Integrity check passed for file:///data/app/vmdl480313444.tmp
12-05 10:05:20.354 563 661 D PackageManager: Instant App installer not found with android.intent.action.INSTALL_INSTANT_APP_PACKAGE
12-05 10:05:20.354 563 661 D PackageManager: Clear ephemeral installer activity
12-05 10:05:20.365 563 661 W PackageManager: User 0 is not ready. Restore at install didn't take place.
12-05 10:05:20.379 422 448 E installd: Couldn't opendir /data/app/vmdl480313444.tmp: No such file or directory
12-05 10:05:20.379 422 448 E installd: Failed to delete /data/app/vmdl480313444.tmp: No such file or directory
12-05 10:05:20.393 563 661 D CompatibilityChangeReporter: Compat change id reported: 168419799; UID 10160; state: DISABLED
12-05 10:05:20.404 331 398 I netd : trafficSetNetPermForUids(0, [10160]) <0.02ms>
12-05 10:05:20.414 563 756 I RoleService: Granting default roles...
12-05 10:05:20.419 1615 1615 I MediaProvider: Invalidating LocalCallingIdentity cache for package com.google.testing.helium.utp.android.companion.instrumentations.locale. Reason: package android.intent.action.PACKAGE_ADDED
12-05 10:05:20.424 563 765 I InputReader: Reconfiguring input devices, changes=KEYBOARD_LAYOUTS |
12-05 10:05:20.431 849 849 V MediaPlayerList: mPackageChangedBroadcastReceiver: action: android.intent.action.PACKAGE_ADDED
12-05 10:05:20.431 849 849 D MediaPlayerList: Name of package changed: com.google.testing.helium.utp.android.companion.instrumentations.locale
12-05 10:05:20.457 563 632 W BroadcastQueue: Background execution not allowed: receiving Intent { act=android.intent.action.PACKAGE_ADDED dat=package:com.google.testing.helium.utp.android.companion.instrumentations.locale flg=0x4000010 (has extras) } to com.google.android.packageinstaller/com.android.packageinstaller.PackageInstalledReceiver
12-05 10:05:20.493 563 563 I Telecom : DefaultDialerCache: Refreshing default dialer for user 0: now com.google.android.dialer: DDC.oR@AOI
12-05 10:05:20.528 563 632 W BroadcastQueue: Background execution not allowed: receiving Intent { act=android.intent.action.PACKAGE_ADDED dat=package:com.google.testing.helium.utp.android.companion.instrumentations.locale flg=0x4000010 (has extras) } to com.google.android.gms/.chimera.GmsIntentOperationService$PersistentTrustedReceiver
12-05 10:05:20.530 563 632 W BroadcastQueue: Background execution not allowed: receiving Intent { act=android.intent.action.PACKAGE_ADDED dat=package:com.google.testing.helium.utp.android.companion.instrumentations.locale flg=0x4000010 (has extras) } to com.google.android.gms/.games.chimera.GamesSystemBroadcastReceiverProxy
12-05 10:05:20.544 331 7655 D resolv : GetAddrInfoHandler::run: {100 786532 100 983140 10105 0}
12-05 10:05:20.545 331 7655 D resolv : resolv_getaddrinfo: explore_fqdn(): ai_family=0 ai_socktype=1 ai_protocol=6
12-05 10:05:20.548 331 7658 D resolv : doQuery: (1, 1)
12-05 10:05:20.548 331 7658 D resolv : res_nmkquery: (QUERY, IN, A)
12-05 10:05:20.548 331 7658 D resolv : res_nsend
12-05 10:05:20.548 331 7658 I resolv : resolv_cache_lookup: lookup
12-05 10:05:20.548 331 7658 I resolv : resolv_cache_lookup: FOUND IN CACHE entry=0x78c91bc61fd0
12-05 10:05:20.548 331 7658 D resolv : doQuery: rcode=0, ancount=15
12-05 10:05:20.554 563 632 W BroadcastQueue: Background execution not allowed: receiving Intent { act=android.intent.action.PACKAGE_ADDED dat=package:com.google.testing.helium.utp.android.companion.instrumentations.locale flg=0x4000010 (has extras) } to com.google.android.gms/.gass.chimera.PackageChangeBroadcastReceiver
12-05 10:05:20.554 563 632 W BroadcastQueue: Background execution not allowed: receiving Intent { act=android.intent.action.PACKAGE_ADDED dat=package:com.google.testing.helium.utp.android.companion.instrumentations.locale flg=0x4000010 (has extras) } to com.google.android.googlequicksearchbox/com.google.android.apps.gsa.googlequicksearchbox.GelStubAppWatcher
12-05 10:05:20.556 331 7657 D resolv : doQuery: (1, 28)
12-05 10:05:20.556 331 7657 D resolv : res_nmkquery: (QUERY, IN, AAAA)
12-05 10:05:20.557 331 7657 D resolv : res_nsend
12-05 10:05:20.557 331 7657 I resolv : resolv_cache_lookup: lookup
12-05 10:05:20.557 331 7657 I resolv : resolv_cache_lookup: FOUND IN CACHE entry=0x78c90bc6b770
12-05 10:05:20.558 331 7657 D resolv : doQuery: rcode=0, ancount=4
12-05 10:05:20.572 563 632 E ZygoteProcess: Can't set API denylist exemptions: no zygote connection
12-05 10:05:20.572 563 632 E ActivityManager: Failed to set API blacklist exemptions!
12-05 10:05:20.594 563 631 W PackageManager: Failed registering loading progress callback. Package is fully loaded.
12-05 10:05:20.605 563 616 D CompanionDeviceManagerService: onPackageModified(packageName = com.google.testing.helium.utp.android.companion.instrumentations.locale)
12-05 10:05:20.618 849 849 V MediaPlayerList: mPackageChangedBroadcastReceiver: action: android.intent.action.PACKAGE_CHANGED
12-05 10:05:20.619 849 849 D MediaPlayerList: Name of package changed: com.google.testing.helium.utp.android.companion.instrumentations.locale
12-05 10:05:20.637 563 765 I InputReader: Reconfiguring input devices, changes=KEYBOARD_LAYOUTS |
12-05 10:05:20.639 7426 7645 I ProvidersCache: Provider returned no roots. Possibly naughty: com.google.android.apps.docs.storage
12-05 10:05:20.675 563 563 I Telecom : DefaultDialerCache: Refreshing default dialer for user 0: now com.google.android.dialer: DDC.oR@AOM
12-05 10:05:20.733 1160 1834 D EGL_emulation: app_time_stats: avg=20255.25ms min=20255.25ms max=20255.25ms count=1
12-05 10:05:20.903 5485 7651 W Role : Cannot get ApplicationInfo for default holder: com.google.android.contacts
12-05 10:05:20.904 563 656 E VerityUtils: Failed to measure fs-verity, errno 1: /data/app/~~aMjGGtv8piq_xY5h4_7C7w==/com.google.testing.helium.utp.android.companion.instrumentations.locale-jWnlzbfIZCiIUnfelbNxwQ==/base.apk
12-05 10:05:20.931 5485 5506 I PermissionControllerServiceImpl: Updating user sensitive for uid 10160
12-05 10:05:20.932 5485 5506 I PermissionControllerServiceImpl: Updating user sensitive for uid 10160
12-05 10:05:20.969 1590 1590 I AiAiEcho: EchoSearch: WidgetFetcherImpl is initialized with [13] widgets [reason=package added for userId: 0]
12-05 10:05:21.019 1339 7609 I Fitness : OnPackageChangedOperation got intent: Intent { act=android.intent.action.PACKAGE_CHANGED dat=package:com.google.testing.helium.utp.android.companion.instrumentations.locale flg=0x5000010 pkg=com.google.android.gms cmp=com.google.android.gms/.chimera.PersistentIntentOperationService (has extras) } [CONTEXT service_id=17 ]
12-05 10:05:21.068 1590 1590 I AiAiEcho: EchoSearch: AppFetcherImpl is initialized with [19] apps [time=14, reason=com.google.testing.helium.utp.android.companion.instrumentations.locale is added]
12-05 10:05:21.188 7668 7668 D AndroidRuntime: >>>>>> START com.android.internal.os.RuntimeInit uid 0 <<<<<<
12-05 10:05:21.216 7668 7668 I AndroidRuntime: Using default boot image
12-05 10:05:21.226 7668 7668 I AndroidRuntime: Leaving lock profiling enabled
12-05 10:05:21.231 7668 7668 I app_process: Core platform API reporting enabled, enforcing=false
12-05 10:05:21.305 7682 7682 W dex2oat64: Unexpected CPU variant for X86 using defaults: x86_64
12-05 10:05:21.306 7682 7682 W dex2oat64: Mismatch between dex2oat instruction set features to use (ISA: X86_64 Feature string: -ssse3,-sse4.1,-sse4.2,-avx,-avx2,-popcnt) and those from CPP defines (ISA: X86_64 Feature string: ssse3,sse4.1,sse4.2,-avx,-avx2,popcnt) for the command line:
12-05 10:05:21.306 7682 7682 W dex2oat64: /apex/com.android.art/bin/dex2oat64 --runtime-arg -Xbootclasspath:/apex/com.android.art/javalib/core-oj.jar:/apex/com.android.art/javalib/core-libart.jar:/apex/com.android.art/javalib/okhttp.jar:/apex/com.android.art/javalib/bouncycastle.jar:/apex/com.android.art/javalib/apache-xml.jar:/system/framework/framework.jar:/system/framework/framework-graphics.jar:/system/framework/ext.jar:/system/framework/telephony-common.jar:/system/framework/voip-common.jar:/system/framework/ims-common.jar:/apex/com.android.i18n/javalib/core-icu4j.jar --runtime-arg -Xbootclasspath-locations:/apex/com.android.art/javalib/core-oj.jar:/apex/com.android.art/javalib/core-libart.jar:/apex/com.android.art/javalib/okhttp.jar:/apex/com.android.art/javalib/bouncycastle.jar:/apex/com.android.art/javalib/apache-xml.jar:/system/framework/framework.jar:/system/framework/framework-graphics.jar:/system/framework/ext.jar:/system/framework/telephony-common.jar:/system/framework/voip-common.jar:/system/framework/ims-common.jar:/apex/com.android.i18n/javalib/core-icu4j.jar --boot-image=/apex/com.android.art/javalib/boot.art --dex-file=/system/framework/framework.jar --dex-location=/system/framework/framework.jar --dex-file=/system/framework/framework-graphics.jar --dex-location=/system/framework/framework-graphics.jar --dex-file=/system/framework/ext.jar --dex-location=/system/framework/ext.jar --dex-file=/system/framework/telephony-common.jar --dex-location=/system/framework/telephony-common.jar --dex-file=/system/framework/voip-common.jar --dex-location=/system/framework/voip-common.jar --dex-file=/system/framework/ims-common.jar --dex-location=/system/framework/ims-common.jar --dex-file=/apex/com.android.i18n/javalib/core-icu4j.jar --dex-location=/apex/com.android.i18n/javalib/core-icu4j.jar --image-fd=6 --output-vdex-fd=7 --oat-fd=8 --oat-location=/system/framework/x86_64/boot.oat --single-image --image-format=uncompressed --compiler-filter=verify --profile-file=/system/etc/boot-image.prof --avoid-storing-invocation --instruction-set=x86_64 --instruction-set-features=ssse3,sse4.1,sse4.2,-avx,-avx2,popcnt --runtime-arg -Xms64m --runtime-arg -Xmx64m --dirty-image-objects=/system/etc/dirty-image-objects --instruction-set-variant=x86_64 --instruction-set-features=default --generate-mini-debug-info
12-05 10:05:21.319 331 7683 D resolv : GetAddrInfoHandler::run: {100 786532 100 983140 10105 0}
12-05 10:05:21.319 331 7683 D resolv : resolv_getaddrinfo: explore_fqdn(): ai_family=0 ai_socktype=1 ai_protocol=6
12-05 10:05:21.349 331 7686 D resolv : doQuery: (1, 1)
12-05 10:05:21.349 331 7686 D resolv : res_nmkquery: (QUERY, IN, A)
12-05 10:05:21.349 331 7686 D resolv : res_nsend
12-05 10:05:21.349 331 7686 I resolv : resolv_cache_lookup: lookup
12-05 10:05:21.349 331 7686 I resolv : resolv_cache_lookup: FOUND IN CACHE entry=0x78c91bc61c50
12-05 10:05:21.349 331 7686 D resolv : doQuery: rcode=0, ancount=15
12-05 10:05:21.354 331 7685 D resolv : doQuery: (1, 28)
12-05 10:05:21.354 331 7685 D resolv : res_nmkquery: (QUERY, IN, AAAA)
12-05 10:05:21.354 331 7685 D resolv : res_nsend
12-05 10:05:21.354 331 7685 I resolv : resolv_cache_lookup: lookup
12-05 10:05:21.355 331 7685 I resolv : resolv_cache_lookup: FOUND IN CACHE entry=0x78c90bc6e630
12-05 10:05:21.355 331 7685 D resolv : doQuery: rcode=0, ancount=4
12-05 10:05:21.466 7682 7682 I dex2oat64: /apex/com.android.art/bin/dex2oat64 --runtime-arg -Xbootclasspath:/apex/com.android.art/javalib/core-oj.jar:/apex/com.android.art/javalib/core-libart.jar:/apex/com.android.art/javalib/okhttp.jar:/apex/com.android.art/javalib/bouncycastle.jar:/apex/com.android.art/javalib/apache-xml.jar:/system/framework/framework.jar:/system/framework/framework-graphics.jar:/system/framework/ext.jar:/system/framework/telephony-common.jar:/system/framework/voip-common.jar:/system/framework/ims-common.jar:/apex/com.android.i18n/javalib/core-icu4j.jar --runtime-arg -Xbootclasspath-locations:/apex/com.android.art/javalib/core-oj.jar:/apex/com.android.art/javalib/core-libart.jar:/apex/com.android.art/javalib/okhttp.jar:/apex/com.android.art/javalib/bouncycastle.jar:/apex/com.android.art/javalib/apache-xml.jar:/system/framework/framework.jar:/system/framework/framework-graphics.jar:/system/framework/ext.jar:/system/framework/telephony-common.jar:/system/framework/voip-common.jar:/system/framework/ims-common.jar:/apex/com.android.i18n/javalib/core-icu4j.jar --boot-image=/apex/com.android.art/javalib/boot.art --dex-file=/system/framework/framework.jar --dex-location=/system/framework/framework.jar --dex-file=/system/framework/framework-graphics.jar --dex-location=/system/framework/framework-graphics.jar --dex-file=/system/framework/ext.jar --dex-location=/system/framework/ext.jar --dex-file=/system/framework/telephony-common.jar --dex-location=/system/framework/telephony-common.jar --dex-file=/system/framework/voip-common.jar --dex-location=/system/framework/voip-common.jar --dex-file=/system/framework/ims-common.jar --dex-location=/system/framework/ims-common.jar --dex-file=/apex/com.android.i18n/javalib/core-icu4j.jar --dex-location=/apex/com.android.i18n/javalib/core-icu4j.jar --image-fd=6 --output-vdex-fd=7 --oat-fd=8 --oat-location=/system/framework/x86_64/boot.oat --single-image --image-format=uncompressed --compiler-filter=verify --profile-file=/system/etc/boot-image.prof --avoid-storing-invocation --instruction-set=x86_64 --instruction-set-features=ssse3,sse4.1,sse4.2,-avx,-avx2,popcnt --runtime-arg -Xms64m --runtime-arg -Xmx64m --dirty-image-objects=/system/etc/dirty-image-objects --instruction-set-variant=x86_64 --instruction-set-features=default --generate-mini-debug-info
12-05 10:05:21.469 7682 7682 I dex2oat64: setting boot class path to /apex/com.android.art/javalib/core-oj.jar:/apex/com.android.art/javalib/core-libart.jar:/apex/com.android.art/javalib/okhttp.jar:/apex/com.android.art/javalib/bouncycastle.jar:/apex/com.android.art/javalib/apache-xml.jar:/system/framework/framework.jar:/system/framework/framework-graphics.jar:/system/framework/ext.jar:/system/framework/telephony-common.jar:/system/framework/voip-common.jar:/system/framework/ims-common.jar:/apex/com.android.i18n/javalib/core-icu4j.jar
12-05 10:05:21.557 563 580 W system_server: Long monitor contention with owner Binder:563_11 (1753) at boolean com.android.server.am.ActivityManagerService.stopServiceToken(android.content.ComponentName, android.os.IBinder, int)(ActivityManagerService.java:11925) waiters=1 in boolean com.android.server.am.ActivityManagerService.unbindService(android.app.IServiceConnection) for 161ms
12-05 10:05:21.563 563 756 I RoleService: Granting default roles...
12-05 10:05:21.577 563 616 W Looper : Slow delivery took 410ms android.fg h=android.os.Handler c= m=0
12-05 10:05:21.580 1160 1834 D EGL_emulation: app_time_stats: avg=10783.52ms min=629.34ms max=20937.71ms count=2
12-05 10:05:21.731 563 616 W Looper : Slow dispatch took 154ms android.fg h=android.os.Handler c= m=0
12-05 10:05:21.748 1081 1081 D CarrierSvcBindHelper: No carrier app for: 0
12-05 10:05:21.755 2128 3451 I cr_CronetUrlRequestContext: destroyNativeStreamLocked org.chromium.net.impl.CronetBidirectionalStream@d8756f
12-05 10:05:21.761 1160 1834 D EGL_emulation: app_time_stats: avg=342.63ms min=246.00ms max=421.78ms count=3
12-05 10:05:21.843 563 616 W Looper : Slow dispatch took 111ms android.fg h=android.os.Handler c= m=0
12-05 10:05:21.915 2128 7669 I Auth : [SupervisedAccountIntentOperationV2] onHandleIntent: android.intent.action.PACKAGE_ADDED [CONTEXT service_id=42 ]
12-05 10:05:21.917 2128 7669 I Blockstore: [DataStoreImpl] Clearing Blockstore Data for package com.google.testing.helium.utp.android.companion.instrumentations.locale [CONTEXT service_id=258 ]
12-05 10:05:21.917 2128 7669 I Blockstore: [DataStoreImpl] Keyless data not found or its IsLastInstallationData = false. [CONTEXT service_id=258 ]
12-05 10:05:21.919 2128 7672 I Dck : disableDckSupport: false [CONTEXT service_id=289 ]
12-05 10:05:21.919 2128 7672 I Dck : [WirelessCapabilitiesFeatures] wccSysProp: 1 [CONTEXT service_id=289 ]
12-05 10:05:21.919 2128 7672 I Dck : [WirelessCapabilitiesFeatures] wccMendel: 3 [CONTEXT service_id=289 ]
12-05 10:05:21.919 2128 7672 I Dck : [WirelessCapabilitiesFeatures] deviceWccOverride: false [CONTEXT service_id=289 ]
12-05 10:05:21.919 2128 7672 I Dck : Dck module condition - hasWccSupport: false [CONTEXT service_id=289 ]
12-05 10:05:21.919 2128 7672 I Dck : Dck module condition - downloadAllowed: false [CONTEXT service_id=289 ]
12-05 10:05:21.919 2128 7672 W Dck : Dck module not eligible for asynchronous downloading [CONTEXT service_id=289 ]
12-05 10:05:21.928 1339 7679 I Fitness : FitCleanupIntentOperation received Intent android.intent.action.PACKAGE_CHANGED [CONTEXT service_id=17 ]
12-05 10:05:21.961 1339 7680 W GCM : Unexpected forwarded intent: Intent { act=android.intent.action.PACKAGE_ADDED dat=package:com.google.testing.helium.utp.android.companion.instrumentations.locale flg=0x4000010 pkg=com.google.android.gms cmp=com.google.android.gms/.chimera.PersistentIntentOperationService (has extras) }
12-05 10:05:21.964 1339 7677 I FontLog : Package com.google.testing.helium.utp.android.companion.instrumentations.locale has no metadata [CONTEXT service_id=132 ]
12-05 10:05:21.965 1339 7677 W NetworkScheduler: Unexpected forwarded intent: Intent { act=android.intent.action.PACKAGE_ADDED dat=package:com.google.testing.helium.utp.android.companion.instrumentations.locale flg=0x4000010 pkg=com.google.android.gms cmp=com.google.android.gms/.chimera.PersistentIntentOperationService (has extras) }
12-05 10:05:21.969 1339 7680 I PhenotypeResourceReader: unable to find any Phenotype resource metadata for com.google.testing.helium.utp.android.companion.instrumentations.locale
12-05 10:05:22.043 6825 6839 I .apps.wellbein: Background young concurrent copying GC freed 23517(1097KB) AllocSpace objects, 0(0B) LOS objects, 40% free, 5669KB/9575KB, paused 126us,66us total 1.336s
12-05 10:05:22.061 563 616 W Looper : Drained
12-05 10:05:22.083 1339 7676 I Fitness : OnPackageChangedOperation got intent: Intent { act=android.intent.action.PACKAGE_CHANGED dat=package:com.google.testing.helium.utp.android.companion.instrumentations.locale flg=0x5000010 pkg=com.google.android.gms cmp=com.google.android.gms/.chimera.PersistentIntentOperationService (has extras) } [CONTEXT service_id=17 ]
12-05 10:05:22.107 1339 7695 I Fitness : FitCleanupIntentOperation received Intent android.intent.action.PACKAGE_CHANGED [CONTEXT service_id=17 ]
12-05 10:05:22.120 1081 1081 D CarrierSvcBindHelper: No carrier app for: 0
12-05 10:05:22.127 1081 1081 D ImsResolver: maybeAddedImsService, packageName: com.google.testing.helium.utp.android.companion.instrumentations.locale
12-05 10:05:22.130 1081 1081 D CarrierConfigLoader: mHandler: EVENT_PACKAGE_CHANGED phoneId: 0
12-05 10:05:22.133 1081 1081 D ImsResolver: maybeAddedImsService, packageName: com.google.testing.helium.utp.android.companion.instrumentations.locale
12-05 10:05:22.202 2128 2737 D SharedPreferencesImpl: Time required to fsync /data/user/0/com.google.android.gms/shared_prefs/proxy-apps-corpus.xml: [<1: 0, <2: 0, <4: 1, <8: 0, <16: 0, <32: 0, <64: 1, <128: 0, <256: 2, <512: 0, <1024: 0, <2048: 1, <4096: 0, <8192: 0, <16384: 0, >=16384: 0]
12-05 10:05:22.309 563 2794 I ActivityManager: Background started FGS: Allowed [callingPackage: com.google.android.apps.wellbeing; callingUid: 10103; uidState: BTOP; intent: Intent { cmp=com.google.android.apps.wellbeing/com.google.apps.tiktok.concurrent.InternalForegroundService (has extras) }; code:BACKGROUND_ACTIVITY_PERMISSION; tempAllowListReason:; targetSdkVersion:31; callerTargetSdkVersion:31; startForegroundCount:0; bindFromPackage:null]
12-05 10:05:22.357 2128 7365 I Icing : IndexChimeraService.getServiceInterface callingPackage=com.google.android.gms componentName=AppsCorpus serviceId=36
12-05 10:05:22.360 2128 3056 W GmscoreIpa: Can't build MobileApplication indexable: URL too long intent:#Intent;action=android.intent.action.MAIN;category=android.intent.category.LAUNCHER;package=com.google.testing.helium.utp.android.companion.instrumentations.locale;component=com.google.testing.helium.utp.android.companion.instrumentations.locale/com.google.testing.helium.utp.android.companion.activities.BlankActivity;end [CONTEXT service_id=255 ]
12-05 10:05:22.442 5485 7651 W Role : Cannot get ApplicationInfo for default holder: com.google.android.contacts
12-05 10:05:22.593 563 563 I NotificationService: Cannot find enqueued record for key: 0|com.google.android.apps.wellbeing|174344743|null|10103
12-05 10:05:22.662 2128 3056 W GmscoreIpa: Can't build MobileApplication indexable: URL too long intent:#Intent;action=android.intent.action.MAIN;category=android.intent.category.LAUNCHER;package=com.google.testing.helium.utp.android.companion.instrumentations.locale;component=com.google.testing.helium.utp.android.companion.instrumentations.locale/com.google.testing.helium.utp.android.companion.activities.BlankActivity;end [CONTEXT service_id=255 ]
12-05 10:05:22.673 2128 6822 I Icing : Usage reports ok 0, Failed Usage reports 0, indexed 0, rejected 0
12-05 10:05:22.703 2128 6822 I Icing : Indexing com.google.android.gms-apps from com.google.android.gms
12-05 10:05:22.704 2128 3310 I Icing : IndexChimeraService.getServiceInterface callingPackage=com.google.android.gms componentName=null serviceId=30
12-05 10:05:22.730 563 575 I system_server: Background concurrent copying GC freed 403417(21MB) AllocSpace objects, 126(8028KB) LOS objects, 49% free, 20MB/41MB, paused 92us,102us total 2.355s
12-05 10:05:22.783 2128 3056 W GmscoreIpa: Can't build MobileApplication indexable: URL too long intent:#Intent;action=android.intent.action.MAIN;category=android.intent.category.LAUNCHER;package=com.google.testing.helium.utp.android.companion.instrumentations.locale;component=com.google.testing.helium.utp.android.companion.instrumentations.locale/com.google.testing.helium.utp.android.companion.activities.BlankActivity;end [CONTEXT service_id=255 ]
12-05 10:05:22.838 2128 6822 I Icing : Usage reports ok 0, Failed Usage reports 0, indexed 0, rejected 0
12-05 10:05:22.844 2128 6822 I Icing : Indexing done com.google.android.gms-apps
12-05 10:05:22.850 2128 6822 I Icing : Indexing com.google.android.gms-apps from com.google.android.gms
12-05 10:05:22.854 2128 6822 I Icing : Indexing done com.google.android.gms-apps
12-05 10:05:22.914 2128 6822 I Icing : Indexing com.google.android.gms-apps from com.google.android.gms
12-05 10:05:22.933 2128 6822 I Icing : Indexing done com.google.android.gms-apps
12-05 10:05:25.321 7682 7682 I dex2oat64: Explicit concurrent copying GC freed 70354(13MB) AllocSpace objects, 5(84KB) LOS objects, 31% free, 13MB/19MB, paused 8us,8us total 77.801ms
12-05 10:05:25.479 7682 7682 I dex2oat64: Explicit concurrent copying GC freed 38623(6417KB) AllocSpace objects, 0(0B) LOS objects, 46% free, 7150KB/12MB, paused 8us,10us total 34.380ms
12-05 10:05:25.826 7682 7682 I dex2oat64: dex2oat took 4.529s (5.667s cpu) (threads: 2) arena alloc=0B (0B) java alloc=7166KB (7338000B) native alloc=21MB (22247824B) free=3496KB (3580656B)
12-05 10:05:25.934 7668 7668 D app_process: Time zone APEX ICU file found: /apex/com.android.tzdata/etc/icu/icu_tzdata.dat
12-05 10:05:25.934 7668 7668 D app_process: I18n APEX ICU file found: /apex/com.android.i18n/etc/icu/icudt68l.dat
12-05 10:05:25.944 7668 7668 W app_process: Unexpected CPU variant for X86 using defaults: x86_64
12-05 10:05:25.964 7668 7668 D AndroidRuntime: Calling main entry com.android.commands.am.Am
12-05 10:05:25.970 563 722 I ActivityManager: Force stopping com.google.testing.helium.utp.android.companion.instrumentations.locale appid=10160 user=0: start instr
12-05 10:05:25.979 563 722 D CompatibilityChangeReporter: Compat change id reported: 135634846; UID 10160; state: DISABLED
12-05 10:05:25.979 563 722 D CompatibilityChangeReporter: Compat change id reported: 177438394; UID 10160; state: DISABLED
12-05 10:05:25.979 563 722 D CompatibilityChangeReporter: Compat change id reported: 135772972; UID 10160; state: DISABLED
12-05 10:05:25.979 563 722 D CompatibilityChangeReporter: Compat change id reported: 135754954; UID 10160; state: ENABLED
12-05 10:05:25.979 563 633 D CompatibilityChangeReporter: Compat change id reported: 143937733; UID 10160; state: ENABLED
12-05 10:05:25.990 332 332 D Zygote : Forked child process 7716
12-05 10:05:25.993 563 633 I ActivityManager: Start proc 7716:com.google.testing.helium.utp.android.companion.instrumentations.locale/u0a160 for added application com.google.testing.helium.utp.android.companion.instrumentations.locale
12-05 10:05:25.997 7716 7716 I Zygote : seccomp disabled by setenforce 0
12-05 10:05:26.001 7716 7716 I ntations.local: Late-enabling -Xcheck:jni
12-05 10:05:26.020 7716 7716 W ntations.local: Unexpected CPU variant for X86 using defaults: x86_64
12-05 10:05:26.024 408 481 I adbd : jdwp connection from 7716
12-05 10:05:26.049 7716 7716 D CompatibilityChangeReporter: Compat change id reported: 171979766; UID 10160; state: ENABLED
12-05 10:05:26.118 7716 7716 V GraphicsEnvironment: ANGLE Developer option for 'com.google.testing.helium.utp.android.companion.instrumentations.locale' set to: 'default'
12-05 10:05:26.120 7716 7716 V GraphicsEnvironment: ANGLE GameManagerService for com.google.testing.helium.utp.android.companion.instrumentations.locale: false
12-05 10:05:26.122 7716 7716 V GraphicsEnvironment: Neither updatable production driver nor prerelease driver is supported.
12-05 10:05:26.128 7716 7716 D NetworkSecurityConfig: No Network Security Config specified, using platform default
12-05 10:05:26.130 7716 7716 D NetworkSecurityConfig: No Network Security Config specified, using platform default
12-05 10:05:26.139 7716 7716 I ConfigureLocale: Changing system locale to es_US
12-05 10:05:26.142 7716 7716 W ntations.local: Accessing hidden method Landroid/app/ActivityManager;->getService()Landroid/app/IActivityManager; (unsupported, reflection, allowed)
12-05 10:05:26.147 563 722 I ActivityTaskManager: Config changes=2004 {1.0 310mcc260mnc [es_US] ldltr sw768dp w1366dp h684dp 160dpi lrg long land -touch qwerty/v/v dpad/v winConfig={ mBounds=Rect(0, 0 - 1366, 768) mAppBounds=Rect(0, 0 - 1366, 708) mMaxBounds=Rect(0, 0 - 1366, 768) mWindowingMode=freeform mDisplayWindowingMode=freeform mActivityType=undefined mAlwaysOnTop=undefined mRotation=ROTATION_0} as.2 s.109 fontWeightAdjustment=0}
12-05 10:05:26.166 563 722 W ActivityTaskManager: Current config: {1.0 310mcc260mnc [en_US] ldltr sw768dp w1366dp h684dp 160dpi lrg long land -touch qwerty/v/v dpad/v winConfig={ mBounds=Rect(0, 0 - 1366, 768) mAppBounds=Rect(0, 0 - 1366, 708) mMaxBounds=Rect(0, 0 - 1366, 768) mWindowingMode=freeform mDisplayWindowingMode=freeform mActivityType=undefined mAlwaysOnTop=undefined mRotation=ROTATION_0} as.2 s.109 fontWeightAdjustment=0} unchanged for IME proc com.google.android.inputmethod.latin
12-05 10:05:26.178 563 722 I WindowManager: Override config changes=2004 {1.0 310mcc260mnc [es_US] ldltr sw768dp w1366dp h684dp 160dpi lrg long land -touch qwerty/v/v dpad/v winConfig={ mBounds=Rect(0, 0 - 1366, 768) mAppBounds=Rect(0, 0 - 1366, 708) mMaxBounds=Rect(0, 0 - 1366, 768) mWindowingMode=freeform mDisplayWindowingMode=freeform mActivityType=undefined mAlwaysOnTop=undefined mRotation=ROTATION_0} as.2 s.109 fontWeightAdjustment=0} for displayId=0
12-05 10:05:26.186 563 722 V ActivityTaskManager: Sending to IME proc com.google.android.inputmethod.latin new config {1.0 310mcc260mnc [es_US] ldltr sw768dp w1366dp h684dp 160dpi lrg long land -touch qwerty/v/v dpad/v winConfig={ mBounds=Rect(0, 0 - 1366, 768) mAppBounds=Rect(0, 0 - 1366, 708) mMaxBounds=Rect(0, 0 - 1366, 768) mWindowingMode=freeform mDisplayWindowingMode=freeform mActivityType=undefined mAlwaysOnTop=undefined mRotation=ROTATION_0} as.2 s.109 fontWeightAdjustment=0}
12-05 10:05:26.190 1482 1482 I DeviceModeUtil: DeviceModeUtil.getDeviceMode():105 Get device mode tablet by ui mode:1 and smallestScreenWidthDp:768
12-05 10:05:26.205 1482 1482 W GoogleInputMethodService: GoogleInputMethodService.onConfigurationChanged():1656 onConfigurationChanged() : NewConfig = {1.0 310mcc260mnc [es_US] ldltr sw768dp w1366dp h684dp 160dpi lrg long land -touch qwerty/v/v dpad/v winConfig={ mBounds=Rect(0, 0 - 1366, 768) mAppBounds=Rect(0, 0 - 1366, 708) mMaxBounds=Rect(0, 0 - 1366, 768) mWindowingMode=fullscreen mDisplayWindowingMode=freeform mActivityType=undefined mAlwaysOnTop=undefined mRotation=ROTATION_0} as.2 s.109 fontWeightAdjustment=0}
12-05 10:05:26.209 351 443 D goldfish-address-space: claimShared: Ask to claim region [0x3f4d9e000 0x3f519f000]
12-05 10:05:26.272 563 722 W ImageReader_JNI: Unable to acquire a buffer item, very likely client tried to acquire more than maxImages buffers
12-05 10:05:26.333 1339 1339 I LemonContext: Language changed from en to es.
12-05 10:05:26.342 1339 1339 I LemonContext: Killing the process due to language change.
12-05 10:05:26.342 1339 1339 I Process : Sending signal. PID: 1339 SIG: 9
12-05 10:05:26.413 2128 2128 I LemonContext: Language changed from en to es.
12-05 10:05:26.413 2128 2128 I LemonContext: Killing the process due to language change.
12-05 10:05:26.413 2128 2128 I Process : Sending signal. PID: 2128 SIG: 9
12-05 10:05:26.583 563 619 W system_server: Long monitor contention with owner Binder:563_3 (722) at android.content.res.Configuration com.android.server.wm.ActivityTaskManagerService.getGlobalConfigurationForPid(int)(ActivityTaskManagerService.java:1109) waiters=0 in void com.android.server.wm.ActivityTaskManagerService.updateFontScaleIfNeeded(int) for 429ms
12-05 10:05:26.583 563 620 W system_server: Long monitor contention with owner Binder:563_3 (722) at android.content.res.Configuration com.android.server.wm.ActivityTaskManagerService.getGlobalConfigurationForPid(int)(ActivityTaskManagerService.java:1109) waiters=1 in void com.android.server.wm.WindowAnimator.lambda$new$1$WindowAnimator(long) for 392ms
12-05 10:05:26.588 563 1831 W InputManager-JNI: Input channel object '15dfef5 Taskbar (client)' was disposed without first being removed with the input manager!
12-05 10:05:26.593 563 829 W InputDispatcher: 15dfef5 Taskbar has FLAG_SLIPPERY. Please report this in b/157929241
12-05 10:05:26.632 1482 7738 W putmethod.lati: Long monitor contention with owner main (1482) at void hvx.i(java.lang.Class, hvt)(PG:12) waiters=0 in void hvx.f(hvw, java.lang.Class) for 391ms
12-05 10:05:26.634 1482 1482 I NormalModeController: NormalModeController.getKeyboardBodyViewHolderPaddingBottom():110 currentPrimeKeyboardType:HARD_QWERTY systemPaddingBottom:0
12-05 10:05:26.637 1482 7738 W JobInfoUtil: JobInfoUtil.setJobInfo():56 The max execution delay will be ignored for periodic task: daily_ping_task
12-05 10:05:26.690 1931 1931 I A : onApplyWindowInsets: systemWindowInsets=Insets{left=0, top=0, right=0, bottom=0}
12-05 10:05:26.691 1931 1931 I A : onApplyWindowInsets: systemWindowInsets=Insets{left=0, top=0, right=0, bottom=0}
12-05 10:05:26.708 563 785 D WifiService: locale changed
12-05 10:05:26.727 1931 2284 D EGL_emulation: app_time_stats: avg=223073.33ms min=223073.33ms max=223073.33ms count=1
12-05 10:05:26.729 1482 1482 I DeviceModeUtil: DeviceModeUtil.getDeviceMode():105 Get device mode tablet by ui mode:1 and smallestScreenWidthDp:768
12-05 10:05:26.729 1482 1482 I DeviceModeUtil: DeviceModeUtil.getDeviceMode():105 Get device mode tablet by ui mode:1 and smallestScreenWidthDp:768
12-05 10:05:26.729 1482 1482 I DeviceModeUtil: DeviceModeUtil.getDeviceMode():105 Get device mode tablet by ui mode:1 and smallestScreenWidthDp:768
12-05 10:05:26.730 1482 1482 I DeviceModeUtil: DeviceModeUtil.getDeviceMode():105 Get device mode tablet by ui mode:1 and smallestScreenWidthDp:768
12-05 10:05:26.730 1482 1482 I GoogleInputMethodService: GoogleInputMethodService.initializeKeyboardTheme():1406 Apply keyboard theme: theme_border_stylesheet_noshadow_gsans_pillkey_silkpopup_materiallight_tablet_overlay_builtin_dynamic_color_light_base.binarypb:silk-light-fff2f0f4-ffb1c5ff-41231b6fcd6aa9f55b8638dca532449f_land
12-05 10:05:26.737 1482 1482 I DeviceModeUtil: DeviceModeUtil.getDeviceMode():105 Get device mode tablet by ui mode:1 and smallestScreenWidthDp:768
12-05 10:05:26.745 1482 1482 I InputMethodEntryManager: InputMethodEntryManager.startLoadingInputMethodEntrySettings():743 Start loading input method entry settings: [Pair{es-US spanish}, Pair{zz qwerty}]
12-05 10:05:26.806 1482 7738 I JobSchedulerImpl: JobSchedulerImpl.schedule():91 Schedule task: daily_ping_task (id=-1305128564). Success.
12-05 10:05:26.809 1482 1985 I LstmExtension: LstmExtension.onCreate():148 onCreate(): Finished in 0 ms
12-05 10:05:26.812 868 949 D EGL_emulation: app_time_stats: avg=229111.91ms min=229111.91ms max=229111.91ms count=1
12-05 10:05:26.818 351 443 D goldfish-address-space: claimShared: Ask to claim region [0x3f519f000 0x3f51a0000]
12-05 10:05:26.846 1081 1322 D TelephonyProvider: subIdString = 1 subId = 1
12-05 10:05:26.846 1081 1322 D TelephonyProvider: subIdString = 1 subId = 1
12-05 10:05:26.861 563 563 W Looper : Slow dispatch took 175ms main h=com.android.server.pm.UserManagerService$MainHandler c=android.app.LoadedApk$ReceiverDispatcher$Args$$ExternalSyntheticLambda0@2cf4a2e m=0
12-05 10:05:26.896 1160 1834 E FrameEvents: updateAcquireFence: Did not find frame.
12-05 10:05:26.899 351 443 D goldfish-address-space: claimShared: Ask to claim region [0x3f51a0000 0x3f51a1000]
12-05 10:05:26.918 1081 1081 I Telephony: Locale change; re-registering phone accounts.
12-05 10:05:26.933 563 563 W Looper : Slow delivery took 232ms main h=android.app.ActivityThread$H c=android.app.LoadedApk$ReceiverDispatcher$Args$$ExternalSyntheticLambda0@870c9cf m=0
12-05 10:05:26.944 351 443 D goldfish-address-space: claimShared: Ask to claim region [0x3f51a0000 0x3f51a2000]
12-05 10:05:26.990 1160 1834 E FrameEvents: updateAcquireFence: Did not find frame.
12-05 10:05:26.991 7716 7716 I ConfigureLocale: Locale change successful.
12-05 10:05:26.991 351 351 D goldfish-address-space: claimShared: Ask to claim region [0x3f51a2000 0x3f51a4000]
12-05 10:05:26.997 868 949 D EGL_emulation: app_time_stats: avg=229873.89ms min=229873.89ms max=229873.89ms count=1
12-05 10:05:27.018 1482 1482 I KeyboardViewUtil: KeyboardViewUtil.getKeyboardHeightRatio():168 systemKeyboardHeightRatio:1.000000; userKeyboardHeightRatio:1.000000.
12-05 10:05:27.020 1482 1482 I GoogleInputMethodService: GoogleInputMethodService.onStartInput():1989
12-05 10:05:27.030 1482 1482 I GoogleInputMethodService: GoogleInputMethodService.updateDeviceLockedStatus():2181 checkRepeatedly = true, unlocked = true
12-05 10:05:27.030 1482 1482 W SessionManager: SessionManager.beginSession():53 Try to begin an already begun session [INPUT_SESSION], end it first
12-05 10:05:27.045 1482 1482 I Choreographer: Skipped 49 frames! The application may be doing too much work on its main thread.
12-05 10:05:27.054 868 924 W ndroid.systemu: Long monitor contention with owner main (868) at android.content.res.ApkAssets[] android.content.res.AssetManager.getApkAssets()(AssetManager.java:385) waiters=0 in boolean android.content.res.AssetManager.getResourceValue(int, int, android.util.TypedValue, boolean) for 373ms
12-05 10:05:27.054 868 924 W Looper : Slow dispatch took 865ms wmshell.main h=android.os.Handler c=com.android.wm.shell.bubbles.BubbleController$BubblesImpl$$ExternalSyntheticLambda4@5ec0737 m=0
12-05 10:05:27.054 868 924 W Looper : Slow delivery took 856ms wmshell.main h=android.os.Handler c=android.window.DisplayAreaOrganizer$1$$ExternalSyntheticLambda0@b3c04a4 m=0
12-05 10:05:27.058 1160 1160 E libprocessgroup: set_timerslack_ns write failed: Operation not permitted
12-05 10:05:27.066 1160 1160 E libprocessgroup: set_timerslack_ns write failed: Operation not permitted
12-05 10:05:27.068 1482 1482 I GoogleInputMethodService: GoogleInputMethodService.lambda$setDecorViewApplyWindowInsetsListener$10():1125 update screenHeightWithoutNaviBar to: 768
12-05 10:05:27.069 1482 1482 I GoogleInputMethodService: GoogleInputMethodService.lambda$setDecorViewApplyWindowInsetsListener$10():1131 update max height when insets changes
12-05 10:05:27.076 1482 1482 I LstmExtension: LstmExtension.onCreateServiceInternal():159 onCreateServiceInternal()
12-05 10:05:27.076 1482 1482 I LstmTrainingCache: TrainingCache.getCacheConfig():185 getCacheConfig()
12-05 10:05:27.083 1482 1482 I LstmExtension: LstmExtension.onCreateServiceInternal():166 onCreateServiceInternal(): Finished in 7 ms
12-05 10:05:27.099 1482 7747 I LatinImeEntryActivation: LatinImeActivationContentObserver.activeLanguagesHaveChanged():72 Active entries changed: [en-US] -> {es-US}
12-05 10:05:27.099 1482 7747 I SuperDelight: SuperDelightManager.syncBundledLanguageModels():770 syncBundledLanguageModels(): clearing bundled_delight selection
12-05 10:05:27.116 1482 7747 I LmManager: LmManager.asyncUpdateEnabledLanguageModels():87 asyncUpdateEnabledLanguageModels()
12-05 10:05:27.116 1482 7747 I SuperDelight: SuperDelightManager.initializeDelightSuperpacks():343 initializeDelightSuperpacks()
12-05 10:05:27.123 1482 7747 I SuperDelight: SuperDelightManager.getDelightMetadataUriAndVersion():1047 getDelightMetadataUriAndVersion(): Phenotype : 2022022305 : https://www.gstatic.com/android/keyboard/dictionarypack/Datou-normal/metadata.json
12-05 10:05:27.123 1482 7747 I SuperDelight: SuperDelightAppsSuperpacksManager.initializeDelightAppsSuperpacks():92 initializeDelightAppsSuperpacks()
12-05 10:05:27.124 1482 7747 I SuperDelight: SuperDelightManager.initializeOverridesSuperpacks():414 initializeOverridesSuperpacks()
12-05 10:05:27.133 563 631 W system_server: Long monitor contention with owner main (563) at android.content.res.Configuration android.app.ResourcesManager.getConfiguration()(ResourcesManager.java:320) waiters=0 in android.content.res.ApkAssets android.app.ResourcesManager.loadApkAssets(android.app.ResourcesManager$ApkKey) for 131ms
12-05 10:05:27.144 1482 7747 I SuperDelight: SuperDelightManager.lambda$registerAndUpgradeSuperpacks$4():493 SuperDelightManager#registerAndUpgradeSuperpacks(delight): current 2022022305, required 2022022305
12-05 10:05:27.149 1482 7747 I SuperDelight: SuperDelightManager.lambda$syncOverridesLanguageModels$12():715 SuperDelightManager#syncOverridesLanguageModels(): Superpack delight_overrides not found or negative version provided
12-05 10:05:27.155 1482 7747 I SuperDelight: SuperDelightManager.lambda$syncDownloadableLanguageModels$6():592 SuperDelightManager#syncDownloadableLanguageModels(delight): [OnDevice] Syncing for version 2022022305
12-05 10:05:27.163 1482 1482 I DictionarySuperpacksManager: DictionarySuperpacksManager$1.onEnabledInputMethodEntriesChanged():60 onEnabledInputMethodEntriesChanged
12-05 10:05:27.168 1482 2897 I SP : Registering content_cache.2022011106, url: https://www.gstatic.com/android/keyboard/modelpack/contentcache/202201110642/superpacks_manifest.json, constraints: W:*:*:*, flags: bg, requested: 2022011106, current: 2022011106
12-05 10:05:27.173 868 1245 W ndroid.systemu: Long monitor contention with owner SysUiBg (1002) at boolean android.os.MessageQueue.enqueueMessage(android.os.Message, long)(MessageQueue.java:600) waiters=0 in android.os.Message android.os.MessageQueue.next() for 121ms
12-05 10:05:27.174 7716 7716 W ntations.local: Verification of java.lang.Integer kotlin.collections.ArraysKt___ArraysJvmKt.minWith(int[], java.util.Comparator) took 129.708ms (115.64 bytecodes/s) (1672B approximate peak alloc)
12-05 10:05:27.184 1482 7748 I SuperDelight: SuperDelightManager.initializeBundledDelightSuperpacks():383 initializeBundledDelightSuperpacks()
12-05 10:05:27.185 1482 7748 I SuperDelight: SuperDelightManager$4.onSuccess():661 delight_overrides sync success, adding to data file manager
12-05 10:05:27.199 1482 2897 I SuperDelight: SuperDelightDownloadSlicingStrategy.getSlices():82 DownloadSlicing#getSlices() : Locale = [es_US]
12-05 10:05:27.226 1482 1482 I DeviceModeUtil: DeviceModeUtil.getDeviceMode():105 Get device mode tablet by ui mode:1 and smallestScreenWidthDp:768
12-05 10:05:27.227 1482 1482 I DeviceModeUtil: DeviceModeUtil.getDeviceMode():105 Get device mode tablet by ui mode:1 and smallestScreenWidthDp:768
12-05 10:05:27.227 1482 1482 I DeviceModeUtil: DeviceModeUtil.getDeviceMode():105 Get device mode tablet by ui mode:1 and smallestScreenWidthDp:768
12-05 10:05:27.227 1482 1482 I DeviceModeUtil: DeviceModeUtil.getDeviceMode():105 Get device mode tablet by ui mode:1 and smallestScreenWidthDp:768
12-05 10:05:27.227 1482 1482 I GoogleInputMethodService: GoogleInputMethodService.initializeKeyboardTheme():1406 Apply keyboard theme: theme_border_stylesheet_noshadow_gsans_pillkey_silkpopup_materiallight_tablet_overlay_builtin_dynamic_color_light_base.binarypb:silk-light-fff2f0f4-ffb1c5ff-41231b6fcd6aa9f55b8638dca532449f_land
12-05 10:05:27.247 1931 2178 I A : NGA disabled due to not being eligible.
12-05 10:05:27.269 563 632 D CompatibilityChangeReporter: Compat change id reported: 135634846; UID 10081; state: DISABLED
12-05 10:05:27.270 1081 1081 I Telephony: PstnIncomingCallNotifier: Unregistering: Handler (com.android.internal.telephony.GsmCdmaPhone) {5d800dd}
12-05 10:05:27.270 1081 1081 D Telephony: Unregistering: Handler (com.android.internal.telephony.GsmCdmaPhone) {5d800dd}
12-05 10:05:27.271 7716 7716 D Companion: Instrumentation completed successfully
12-05 10:05:27.274 563 632 D CompatibilityChangeReporter: Compat change id reported: 177438394; UID 10081; state: DISABLED
12-05 10:05:27.304 563 632 D CompatibilityChangeReporter: Compat change id reported: 135772972; UID 10081; state: DISABLED
12-05 10:05:27.305 563 632 D CompatibilityChangeReporter: Compat change id reported: 135754954; UID 10081; state: ENABLED
12-05 10:05:27.305 563 633 W ActivityManager: Slow operation: 52ms so far, now at startProcess: asking zygote to start proc
12-05 10:05:27.305 563 633 D CompatibilityChangeReporter: Compat change id reported: 143937733; UID 10081; state: ENABLED
12-05 10:05:27.307 563 632 W ActivityManager: Slow operation: 56ms so far, now at startProcess: done starting proc!
12-05 10:05:27.307 563 617 W system_server: Long monitor contention with owner ActivityManager (632) at void com.android.server.am.BroadcastQueue.processNextBroadcast(boolean)(BroadcastQueue.java:996) waiters=0 in void com.android.server.am.ActivityManagerService$LocalService.updateDeviceIdleTempAllowlist(int[], int, boolean, long, int, int, java.lang.String, int) for 540ms
12-05 10:05:27.308 563 2751 W system_server: Long monitor contention with owner ActivityManager (632) at void com.android.server.am.BroadcastQueue.processNextBroadcast(boolean)(BroadcastQueue.java:996) waiters=2 in android.app.ContentProviderHolder com.android.server.am.ContentProviderHelper.getContentProviderImpl(android.app.IApplicationThread, java.lang.String, android.os.IBinder, int, java.lang.String, java.lang.String, boolean, int) for 149ms
12-05 10:05:27.310 563 2751 E ContentProviderHelper: Existing provider com.google.android.gms/.fonts.provider.FontsProvider is crashing; detaching ProcessRecord{e319718 1482:com.google.android.inputmethod.latin/u0a121}
12-05 10:05:27.311 563 2728 I ActivityManager: Force stopping com.google.testing.helium.utp.android.companion.instrumentations.locale appid=10160 user=0: finished inst
12-05 10:05:27.314 563 2728 I ActivityManager: Killing 7716:com.google.testing.helium.utp.android.companion.instrumentations.locale/u0a160 (adj 0): stop com.google.testing.helium.utp.android.companion.instrumentations.locale due to finished inst
12-05 10:05:27.324 563 617 W Looper : Slow dispatch took 559ms android.ui h=com.android.server.am.ActivityManagerService$UiHandler c=null m=68
12-05 10:05:27.326 563 617 W Looper : Slow delivery took 624ms android.ui h=com.android.server.am.ActivityManagerService$UiHandler c=null m=68
12-05 10:05:27.335 563 632 I DropBoxManagerService: add tag=system_server_wtf isTagEnabled=true flags=0x2
12-05 10:05:27.342 7668 7668 D AndroidRuntime: Shutting down VM
12-05 10:05:27.393 1081 1081 I ImsCallbackAM [0]: Local callback removed: android.telephony.ims.ImsMmTelManager$CapabilityCallback$CapabilityBinder@976506
12-05 10:05:27.448 1081 1081 I ImsCallbackAM [0]: Local callback removed: android.telephony.ims.RegistrationManager$RegistrationCallback$RegistrationBinder@9e207c7
12-05 10:05:27.450 1081 1081 I Telephony: TelecomAccountRegistry: setupAccounts: Found 1 phones. Attempting to register.
12-05 10:05:27.470 332 332 D Zygote : Forked child process 7758
12-05 10:05:27.471 563 633 W ActivityManager: Slow operation: 218ms so far, now at startProcess: returned from zygote!
12-05 10:05:27.533 1081 1081 I Telephony: TelecomAccountRegistry: setupAccounts: Phone with subscription id 1
12-05 10:05:27.535 1081 1081 D Telephony: isEmergencyPreferredAccount: subId=1, activeData=1
12-05 10:05:27.535 1081 1081 D Telephony: isEmergencyPreferredAccount: Device does not require preference.
12-05 10:05:27.548 1081 1081 I Telephony: isRttCurrentlySupported -- regular acct, hasVoiceAvailability: false
12-05 10:05:27.548 1081 1081 I Telephony: isRttSupported: false
12-05 10:05:27.548 1081 1081 I Telephony: alwaysAllowWhileRoaming: false
12-05 10:05:27.548 1081 1081 I Telephony: isRoaming: false
12-05 10:05:27.548 1081 1081 I Telephony: isOnWfc: false
12-05 10:05:27.551 7758 7758 I Zygote : seccomp disabled by setenforce 0
12-05 10:05:27.561 1482 2897 I SuperDelight: SuperDelightDownloadSlicingStrategy.getSlices():233 DownloadSlicing#getSlices(): result {slices=[{delight:main_es_us_2021121500_1, m:*:*:*, fg}], last batch=true, sync metadata=false}
12-05 10:05:27.562 1482 2897 I SP : Syncing delight (2022022305) with slices: [{main_es_us_2021121500_1, m:*:*:*, fg}], metadata: false
12-05 10:05:27.563 563 633 W ActivityManager: Slow operation: 309ms so far, now at startProcess: done updating battery stats
12-05 10:05:27.563 563 633 W ActivityManager: Slow operation: 309ms so far, now at startProcess: building log message
12-05 10:05:27.563 563 633 I ActivityManager: Start proc 7758:com.android.carrierdefaultapp/u0a81 for broadcast {com.android.carrierdefaultapp/com.android.carrierdefaultapp.CarrierDefaultBroadcastReceiver}
12-05 10:05:27.563 563 633 W ActivityManager: Slow operation: 310ms so far, now at startProcess: starting to update pids map
12-05 10:05:27.563 563 633 W ActivityManager: Slow operation: 310ms so far, now at startProcess: done updating pids map
12-05 10:05:27.574 7758 7758 W rrierdefaultap: Unexpected CPU variant for X86 using defaults: x86_64
12-05 10:05:27.579 408 481 I adbd : jdwp connection from 7758
12-05 10:05:27.607 7426 7755 W oid.documentsu: Long monitor contention with owner pool-12-thread-6 (7756) at void com.android.documentsui.roots.ProvidersCache$MultiProviderUpdateTask.handleDocumentsProvider(android.content.pm.ProviderInfo, com.android.documentsui.base.UserId)(ProvidersCache.java:646) waiters=0 in void com.android.documentsui.roots.ProvidersCache$MultiProviderUpdateTask.handleDocumentsProvider(android.content.pm.ProviderInfo, com.android.documentsui.base.UserId) for 328ms
12-05 10:05:27.621 563 617 W Looper : Drained
12-05 10:05:27.623 563 2728 E ContentProviderHelper: Existing provider com.google.android.gms/.auth.account.be.legacy.AccountContentProvider is crashing; detaching ProcessRecord{e7f185f 7506:com.google.android.apps.docs/u0a129}
12-05 10:05:27.624 7506 7759 E ActivityThread: Failed to find provider info for com.google.android.gms.auth.accounts
12-05 10:05:27.624 7506 7759 E AccountsCentral: [Binder:7506_5] Error accessing 'com.google' accounts. Returning empty array.
12-05 10:05:27.624 7506 7759 E AccountsCentral: android.os.RemoteException: The com.google.android.gms.auth.accounts provider is not available.
12-05 10:05:27.624 7506 7759 E AccountsCentral: at lsw.d(PG:8)
12-05 10:05:27.624 7506 7759 E AccountsCentral: at ioh.i(PG:2)
12-05 10:05:27.624 7506 7759 E AccountsCentral: at jon.queryRoots(PG:9)
12-05 10:05:27.624 7506 7759 E AccountsCentral: at android.provider.DocumentsProvider.query(DocumentsProvider.java:915)
12-05 10:05:27.624 7506 7759 E AccountsCentral: at android.content.ContentProvider$Transport.query(ContentProvider.java:272)
12-05 10:05:27.624 7506 7759 E AccountsCentral: at android.content.ContentProviderNative.onTransact(ContentProviderNative.java:107)
12-05 10:05:27.624 7506 7759 E AccountsCentral: at android.os.Binder.execTransactInternal(Binder.java:1179)
12-05 10:05:27.624 7506 7759 E AccountsCentral: at android.os.Binder.execTransact(Binder.java:1143)
12-05 10:05:27.624 563 632 I DropBoxManagerService: add tag=system_server_wtf isTagEnabled=true flags=0x2
12-05 10:05:27.626 563 634 I libprocessgroup: Successfully killed process cgroup uid 10160 pid 7716 in 311ms
12-05 10:05:27.627 7426 7754 I ProvidersCache: Provider returned no roots. Possibly naughty: com.google.android.apps.docs.storage
12-05 10:05:27.627 7426 7753 W oid.documentsu: Long monitor contention with owner pool-12-thread-6 (7756) at void com.android.documentsui.roots.ProvidersCache$MultiProviderUpdateTask.handleDocumentsProvider(android.content.pm.ProviderInfo, com.android.documentsui.base.UserId)(ProvidersCache.java:646) waiters=2 in void com.android.documentsui.roots.ProvidersCache$MultiProviderUpdateTask.handleDocumentsProvider(android.content.pm.ProviderInfo, com.android.documentsui.base.UserId) for 347ms
