12-05 10:06:56.443 7846 8057 W Auth : [RequestTokenManager] getToken() -> NEED_REMOTE_CONSENT. App: com.google.android.calendar, Service: oauth2:https://www.googleapis.com/auth/tasks
12-05 10:06:56.446 7846 8057 W Auth : [GetToken] GetToken failed with status code: NeedRemoteConsent [CONTEXT service_id=343 ]
12-05 10:06:56.457 1590 1608 I ogle.android.a: Background concurrent copying GC freed 97194(4545KB) AllocSpace objects, 0(0B) LOS objects, 49% free, 5774KB/11MB, paused 55us,36us total 821.282ms
12-05 10:06:56.482 7846 7871 W Auth : [RequestTokenManager] getToken() -> NEED_REMOTE_CONSENT. App: com.google.android.apps.docs, Service: oauth2:https://www.googleapis.com/auth/drive https://www.googleapis.com/auth/drive.file https://www.googleapis.com/auth/drive.metadata.readonly https://www.googleapis.com/auth/drive.readonly https://docs.google.com/feeds https://docs.googleusercontent.com https://spreadsheets.google.com/feeds https://www.googleapis.com/auth/activity https://www.googleapis.com/auth/cloudprint https://www.googleapis.com/auth/discussions https://www.googleapis.com/auth/docs https://www.googleapis.com/auth/drive.apps https://www.googleapis.com/auth/drive.categories.readonly https://www.googleapis.com/auth/memento https://www.googleapis.com/auth/notifications https://www.googleapis.com/auth/spreadsheets https://www.googleapis.com/auth/vouchers https://www.googleapis.com/auth/gmail.readonly https://www.googleapis.com/auth/subscriptions https://www.googleapis.com/auth/peopleapi.readonly https://www.googleapis.com/auth/drive.activity.readonly https://www.googleapis.com/auth/cloud_search.query
12-05 10:06:56.489 7846 7871 W Auth : [GetToken] GetToken failed with status code: NeedRemoteConsent [CONTEXT service_id=343 ]
12-05 10:06:56.494 563 773 W RuleEvaluation: Integrity rule files are not available.
12-05 10:06:56.497 563 661 I PackageManager: Integrity check passed for file:///data/app/vmdl838295475.tmp
12-05 10:06:56.502 7800 8792 I Icing : Indexing done com.google.android.gms-apps
12-05 10:06:56.508 868 868 D InterruptionStateProvider: No bubble up: not allowed to bubble: 0|com.google.android.gms|0|com.google.android.gms.auth.TokenNotificationManager:5942ab493d42897174d7592a44ca012a:com.google:com.google.android.apps.docs|10105
12-05 10:06:56.512 868 868 D InterruptionStateProvider: No heads up: unimportant notification: 0|com.google.android.gms|0|com.google.android.gms.auth.TokenNotificationManager:5942ab493d42897174d7592a44ca012a:com.google:com.google.android.apps.docs|10105
12-05 10:06:56.513 563 632 I ActivityManager: Force stopping androidx.test.tools.crawler appid=10164 user=-1: installPackageLI
12-05 10:06:56.521 563 661 I PackageManager: Update package androidx.test.tools.crawler code path from /data/app/~~TiIXeOm2jm11X2NhFsKgLg==/androidx.test.tools.crawler-h-8qX_iqEfWDgkhBUeUtLw== to /data/app/~~bySAiNE2AUugePJbSGt88g==/androidx.test.tools.crawler-hHWS8OLSlvGjrL1YmlMU4w==; Retain data and using new
12-05 10:06:56.530 868 1002 D PeopleSpaceWidgetMgr: Sbn doesn't contain valid PeopleTileKey: null/0/com.google.android.gms
12-05 10:06:56.634 563 661 D PackageManager: Instant App installer not found with android.intent.action.INSTALL_INSTANT_APP_PACKAGE
12-05 10:06:56.635 563 661 D PackageManager: Clear ephemeral installer activity
12-05 10:06:56.648 7846 8692 W Auth : [RequestTokenManager] getToken() -> NEED_REMOTE_CONSENT. App: com.google.android.calendar, Service: oauth2:https://www.googleapis.com/auth/calendar
12-05 10:06:56.660 7846 7884 E GCM : Missing checkin config file
12-05 10:06:56.665 563 616 W Looper : Slow dispatch took 113ms android.fg h=android.os.Handler c= m=0
12-05 10:06:56.669 563 661 I PackageDexOptimizer: Running dexopt (dexoptNeeded=1) on: /data/app/~~bySAiNE2AUugePJbSGt88g==/androidx.test.tools.crawler-hHWS8OLSlvGjrL1YmlMU4w==/base.apk pkg=androidx.test.tools.crawler isa=x86_64 dexoptFlags=boot_complete,profile_guided,public,enable_hidden_api_checks targetFilter=speed-profile oatDir=/data/app/~~bySAiNE2AUugePJbSGt88g==/androidx.test.tools.crawler-hHWS8OLSlvGjrL1YmlMU4w==/oat classLoaderContext=PCL[]{PCL[/system/framework/android.test.base.jar]#PCL[/system/framework/android.test.mock.jar]#PCL[/system/framework/org.apache.http.legacy.jar]#PCL[/system/framework/android.test.runner.jar]{PCL[/system/framework/android.test.base.jar]#PCL[/system/framework/android.test.mock.jar]}}
12-05 10:06:56.671 422 448 V installd: DexInv: --- BEGIN '/data/app/~~bySAiNE2AUugePJbSGt88g==/androidx.test.tools.crawler-hHWS8OLSlvGjrL1YmlMU4w==/base.apk' ---
12-05 10:06:56.671 422 448 V installd: Running /apex/com.android.art/bin/dex2oat64 in=base.apk out=/data/app/~~bySAiNE2AUugePJbSGt88g==/androidx.test.tools.crawler-hHWS8OLSlvGjrL1YmlMU4w==/oat/x86_64/base.odex
12-05 10:06:56.698 563 563 W system_server: Long monitor contention with owner ActivityManager (632) at void com.android.server.am.ActivityManagerService$MainHandler.handleMessage(android.os.Message)(ActivityManagerService.java:1707) waiters=1 in int com.android.server.am.ActivityManagerService.getMemoryTrimLevel() for 156ms
12-05 10:06:56.701 563 563 W Looper : Slow dispatch took 159ms main h=com.android.server.job.JobSchedulerService$JobHandler c=null m=4
12-05 10:06:56.715 9845 9845 W dex2oat64: Unexpected CPU variant for X86 using defaults: x86_64
12-05 10:06:56.716 9845 9845 W dex2oat64: Mismatch between dex2oat instruction set features to use (ISA: X86_64 Feature string: -ssse3,-sse4.1,-sse4.2,-avx,-avx2,-popcnt) and those from CPP defines (ISA: X86_64 Feature string: ssse3,sse4.1,sse4.2,-avx,-avx2,popcnt) for the command line:
12-05 10:06:56.716 9845 9845 W dex2oat64: /apex/com.android.art/bin/dex2oat64 --zip-fd=8 --zip-location=base.apk --oat-fd=9 --oat-location=/data/app/~~bySAiNE2AUugePJbSGt88g==/androidx.test.tools.crawler-hHWS8OLSlvGjrL1YmlMU4w==/oat/x86_64/base.odex --input-vdex-fd=-1 --output-vdex-fd=10 --swap-fd=11 --classpath-dir=/data/app/~~bySAiNE2AUugePJbSGt88g==/androidx.test.tools.crawler-hHWS8OLSlvGjrL1YmlMU4w== --class-loader-context=PCL[]{PCL[/system/framework/android.test.base.jar]#PCL[/system/framework/android.test.mock.jar]#PCL[/system/framework/org.apache.http.legacy.jar]#PCL[/system/framework/android.test.runner.jar]{PCL[/system/framework/android.test.base.jar]#PCL[/system/framework/android.test.mock.jar]}} --compact-dex-level=none --instruction-set=x86_64 --instruction-set-features=default --instruction-set-variant=x86_64 --compiler-filter=speed-profile --compilation-reason=install --max-image-block-size=524288 --resolve-startup-const-strings=true --generate-mini-debug-info --runtime-arg -Xtarget-sdk-version:26 --runtime-arg -Xhidden-api-policy:enabled --cpu-set=0,1 -j2 --runtime-arg -Xms64m --runtime-arg -Xmx512m
12-05 10:06:56.719 9845 9845 I dex2oat64: /apex/com.android.art/bin/dex2oat64 --input-vdex-fd=-1 --output-vdex-fd=10 --classpath-dir=/data/app/~~bySAiNE2AUugePJbSGt88g==/androidx.test.tools.crawler-hHWS8OLSlvGjrL1YmlMU4w== --class-loader-context=PCL[]{PCL[/system/framework/android.test.base.jar]#PCL[/system/framework/android.test.mock.jar]#PCL[/system/framework/org.apache.http.legacy.jar]#PCL[/system/framework/android.test.runner.jar]{PCL[/system/framework/android.test.base.jar]#PCL[/system/framework/android.test.mock.jar]}} --compact-dex-level=none --compiler-filter=speed-profile --compilation-reason=install --max-image-block-size=524288 --resolve-startup-const-strings=true --generate-mini-debug-info --cpu-set=0,1 -j2
12-05 10:06:56.734 7846 7884 W GCM : GCM FAILED TO INITIALIZE - missing checkin
12-05 10:06:56.736 7846 8692 W Auth : [GetToken] GetToken failed with status code: NeedRemoteConsent [CONTEXT service_id=343 ]
12-05 10:06:56.674 7800 7947 W AsyncOperation: operation=SyncActivityControlsSettingsInternalOperation, opStatusCode=7 [CONTEXT service_id=220 ]
12-05 10:06:56.674 7800 7947 W AsyncOperation: OperationException[Status{statusCode=Downloading settings failed!, resolution=null}]
12-05 10:06:56.674 7800 7947 W AsyncOperation: at dbkb.f(:com.google.android.gms@244337026@24.43.37 (150800-693941914):194)
12-05 10:06:56.674 7800 7947 W AsyncOperation: at bpnh.fj(:com.google.android.gms@244337026@24.43.37 (150800-693941914):1)
12-05 10:06:56.674 7800 7947 W AsyncOperation: at bpnt.run(:com.google.android.gms@244337026@24.43.37 (150800-693941914):66)
12-05 10:06:56.674 7800 7947 W AsyncOperation: at eaxt.run(:com.google.android.gms@244337026@24.43.37 (150800-693941914):21)
12-05 10:06:56.674 7800 7947 W AsyncOperation: at amjy.c(:com.google.android.gms@244337026@24.43.37 (150800-693941914):50)
12-05 10:06:56.674 7800 7947 W AsyncOperation: at amjy.run(:com.google.android.gms@244337026@24.43.37 (150800-693941914):76)
12-05 10:06:56.674 7800 7947 W AsyncOperation: at java.util.concurrent.ThreadPoolExecutor.runWorker(ThreadPoolExecutor.java:1167)
12-05 10:06:56.674 7800 7947 W AsyncOperation: at java.util.concurrent.ThreadPoolExecutor$Worker.run(ThreadPoolExecutor.java:641)
12-05 10:06:56.674 7800 7947 W AsyncOperation: at ampj.run(:com.google.android.gms@244337026@24.43.37 (150800-693941914):8)
12-05 10:06:56.674 7800 7947 W AsyncOperation: at java.lang.Thread.run(Thread.java:920)
12-05 10:06:56.674 7800 7947 W AsyncOperation: Caused by: fola: UNAUTHENTICATED
12-05 10:06:56.674 7800 7947 W AsyncOperation: at fper.b(:com.google.android.gms@244337026@24.43.37 (150800-693941914):165)
12-05 10:06:56.674 7800 7947 W AsyncOperation: at exlc.b(:com.google.android.gms@244337026@24.43.37 (150800-693941914):68)
12-05 10:06:56.674 7800 7947 W AsyncOperation: at dboj.n(:com.google.android.gms@244337026@24.43.37 (150800-693941914):399)
12-05 10:06:56.674 7800 7947 W AsyncOperation: at dboj.e(:com.google.android.gms@244337026@24.43.37 (150800-693941914):32)
12-05 10:06:56.674 7800 7947 W AsyncOperation: at dbka.a(:com.google.android.gms@244337026@24.43.37 (150800-693941914):9)
12-05 10:06:56.674 7800 7947 W AsyncOperation: at dlnk.a(:com.google.android.gms@244337026@24.43.37 (150800-693941914):3)
12-05 10:06:56.674 7800 7947 W AsyncOperation: at dlnr.a(:com.google.android.gms@244337026@24.43.37 (150800-693941914):158)
12-05 10:06:56.674 7800 7947 W AsyncOperation: at eaxp.a(:com.google.android.gms@244337026@24.43.37 (150800-693941914):13)
12-05 10:06:56.674 7800 7947 W AsyncOperation: at eieb.d(:com.google.android.gms@244337026@24.43.37 (150800-693941914):3)
12-05 10:06:56.674 7800 7947 W AsyncOperation: at eied.run(:com.google.android.gms@244337026@24.43.37 (150800-693941914):42)
12-05 10:06:56.674 7800 7947 W AsyncOperation: ... 6 more
12-05 10:06:56.674 7800 7947 W AsyncOperation: Caused by: com.google.android.gms.auth.UserRecoverableAuthException: NeedRemoteConsent
12-05 10:06:56.674 7800 7947 W AsyncOperation: at snz.p(:com.google.android.gms@244337026@24.43.37 (150800-693941914):41)
12-05 10:06:56.674 7800 7947 W AsyncOperation: at snz.t(:com.google.android.gms@244337026@24.43.37 (150800-693941914):32)
12-05 10:06:56.674 7800 7947 W AsyncOperation: at sns.a(:com.google.android.gms@244337026@24.43.37 (150800-693941914):55)
12-05 10:06:56.674 7800 7947 W AsyncOperation: at snz.s(:com.google.android.gms@244337026@24.43.37 (150800-693941914):34)
12-05 10:06:56.674 7800 7947 W AsyncOperation: at snz.v(:com.google.android.gms@244337026@24.43.37 (150800-693941914):153)
12-05 10:06:56.674 7800 7947 W AsyncOperation: at eldc.d(:com.google.android.gms@244337026@24.43.37 (150800-693941914):10)
12-05 10:06:56.674 7800 7947 W AsyncOperation: at eldc.c(:com.google.android.gms@244337026@24.43.37 (150800-693941914):69)
12-05 10:06:56.674 7800 7947 W AsyncOperation: at elcz.call(:com.google.android.gms@244337026@24.43.37 (150800-693941914):8)
12-05 10:06:56.674 7800 7947 W AsyncOperation: at java.util.concurrent.FutureTask.run(FutureTask.java:266)
12-05 10:06:56.674 7800 7947 W AsyncOperation: at eldc.a(:com.google.android.gms@244337026@24.43.37 (150800-693941914):63)
12-05 10:06:56.674 7800 7947 W AsyncOperation: at elcc.call(:com.google.android.gms@244337026@24.43.37 (150800-693941914):25)
12-05 10:06:56.674 7800 7947 W AsyncOperation: at eaxq.call(:com.google.android.gms@244337026@24.43.37 (150800-693941914):13)
12-05 10:06:56.674 7800 7947 W AsyncOperation: at java.util.concurrent.FutureTask.run(FutureTask.java:266)
12-05 10:06:56.674 7800 7947 W AsyncOperation: ... 6 more
12-05 10:06:56.742 7800 7947 W FacsCacheGmsModule: Operation 'SyncActivityControlsSettingsInternalOperation' failed with status '7'!
12-05 10:06:56.753 7846 9660 W AsyncOperation: operation=GetActivityControlsSettingsOperation, opStatusCode=7 [CONTEXT service_id=202 ]
12-05 10:06:56.753 7846 9660 W AsyncOperation: OperationException[Status{statusCode=Internal sync API failure!, resolution=null}]
12-05 10:06:56.753 7846 9660 W AsyncOperation: at dbje.i(:com.google.android.gms@244337026@24.43.37 (150800-693941914):27)
12-05 10:06:56.753 7846 9660 W AsyncOperation: at dbjm.f(:com.google.android.gms@244337026@24.43.37 (150800-693941914):139)
12-05 10:06:56.753 7846 9660 W AsyncOperation: at bpnh.fj(:com.google.android.gms@244337026@24.43.37 (150800-693941914):1)
12-05 10:06:56.753 7846 9660 W AsyncOperation: at bpnt.run(:com.google.android.gms@244337026@24.43.37 (150800-693941914):66)
12-05 10:06:56.753 7846 9660 W AsyncOperation: at eaxt.run(:com.google.android.gms@244337026@24.43.37 (150800-693941914):21)
12-05 10:06:56.753 7846 9660 W AsyncOperation: at amjy.c(:com.google.android.gms@244337026@24.43.37 (150800-693941914):50)
12-05 10:06:56.753 7846 9660 W AsyncOperation: at amjy.run(:com.google.android.gms@244337026@24.43.37 (150800-693941914):97)
12-05 10:06:56.753 7846 9660 W AsyncOperation: at java.util.concurrent.ThreadPoolExecutor.runWorker(ThreadPoolExecutor.java:1167)
12-05 10:06:56.753 7846 9660 W AsyncOperation: at java.util.concurrent.ThreadPoolExecutor$Worker.run(ThreadPoolExecutor.java:641)
12-05 10:06:56.753 7846 9660 W AsyncOperation: at ampj.run(:com.google.android.gms@244337026@24.43.37 (150800-693941914):8)
12-05 10:06:56.753 7846 9660 W AsyncOperation: at java.lang.Thread.run(Thread.java:920)
12-05 10:06:56.753 7846 9660 W AsyncOperation: Caused by: akux: 7: Downloading settings failed!
12-05 10:06:56.753 7846 9660 W AsyncOperation: at alrb.a(:com.google.android.gms@244337026@24.43.37 (150800-693941914):15)
12-05 10:06:56.753 7846 9660 W AsyncOperation: at alar.b(:com.google.android.gms@244337026@24.43.37 (150800-693941914):11)
12-05 10:06:56.753 7846 9660 W AsyncOperation: at atfy.c(:com.google.android.gms@244337026@24.43.37 (150800-693941914):10)
12-05 10:06:56.753 7846 9660 W AsyncOperation: at atgp.ff(:com.google.android.gms@244337026@24.43.37 (150800-693941914):51)
12-05 10:06:56.753 7846 9660 W AsyncOperation: at ndh.onTransact(:com.google.android.gms@244337026@24.43.37 (150800-693941914):75)
12-05 10:06:56.753 7846 9660 W AsyncOperation: at android.os.Binder.execTransactInternal(Binder.java:1184)
12-05 10:06:56.753 7846 9660 W AsyncOperation: at android.os.Binder.execTransact(Binder.java:1143)
12-05 10:06:56.762 7846 9660 W FacsCacheGmsModule: Operation 'GetActivityControlsSettingsOperation' failed with status '7'!
12-05 10:06:56.764 8132 9810 E Notifications: Job finished with TRANSIENT_FAILURE. Job ID: '111001001', key: 'RPC_STORE_TARGET'
12-05 10:06:56.764 8132 9810 E Notifications: com.google.android.libraries.notifications.internal.registration.RegistrationTokenNotAvailableException: Registration ID not found.
12-05 10:06:56.764 8132 9810 E Notifications: at cal.syh.b(PG:27)
12-05 10:06:56.764 8132 9810 E Notifications: at cal.szx.a(PG:7)
12-05 10:06:56.764 8132 9810 E Notifications: at cal.syx.h(PG:10)
12-05 10:06:56.764 8132 9810 E Notifications: at cal.taw.a(PG:4)
12-05 10:06:56.764 8132 9810 E Notifications: at cal.tat.e(PG:6)
12-05 10:06:56.764 8132 9810 E Notifications: at cal.suw.run(PG:1)
12-05 10:06:56.764 8132 9810 E Notifications: at cal.eku.run(PG:1)
12-05 10:06:56.764 8132 9810 E Notifications: at java.util.concurrent.Executors$RunnableAdapter.call(Executors.java:462)
12-05 10:06:56.764 8132 9810 E Notifications: at java.util.concurrent.FutureTask.run(FutureTask.java:266)
12-05 10:06:56.764 8132 9810 E Notifications: at java.util.concurrent.ScheduledThreadPoolExecutor$ScheduledFutureTask.run(ScheduledThreadPoolExecutor.java:301)
12-05 10:06:56.764 8132 9810 E Notifications: at java.util.concurrent.ThreadPoolExecutor.runWorker(ThreadPoolExecutor.java:1167)
12-05 10:06:56.764 8132 9810 E Notifications: at java.util.concurrent.ThreadPoolExecutor$Worker.run(ThreadPoolExecutor.java:641)
12-05 10:06:56.764 8132 9810 E Notifications: at cal.eks.run(PG:7)
12-05 10:06:56.764 8132 9810 E Notifications: at java.lang.Thread.run(Thread.java:920)
12-05 10:06:56.764 8132 9810 E Notifications: Caused by: java.io.IOException: AUTHENTICATION_FAILED
12-05 10:06:56.764 8132 9810 E Notifications: at cal.absd.a(PG:12)
12-05 10:06:56.764 8132 9810 E Notifications: at cal.rfk.run(PG:2)
12-05 10:06:56.764 8132 9810 E Notifications: at cal.abrv.execute(Unknown Source:0)
12-05 10:06:56.764 8132 9810 E Notifications: at cal.rfl.a(PG:1)
12-05 10:06:56.764 8132 9810 E Notifications: at cal.rgf.b(PG:5)
12-05 10:06:56.764 8132 9810 E Notifications: at cal.rfk.run(PG:16)
12-05 10:06:56.764 8132 9810 E Notifications: at cal.qhy.execute(Unknown Source:0)
12-05 10:06:56.764 8132 9810 E Notifications: at cal.rfl.a(PG:1)
12-05 10:06:56.764 8132 9810 E Notifications: at cal.rgf.b(PG:5)
12-05 10:06:56.764 8132 9810 E Notifications: at cal.qhq.a(PG:3)
12-05 10:06:56.764 8132 9810 E Notifications: at cal.qhh.handleMessage(PG:14)
12-05 10:06:56.764 8132 9810 E Notifications: at android.os.Handler.dispatchMessage(Handler.java:102)
12-05 10:06:56.764 8132 9810 E Notifications: at android.os.Looper.loopOnce(Looper.java:201)
12-05 10:06:56.764 8132 9810 E Notifications: at android.os.Looper.loop(Looper.java:288)
12-05 10:06:56.764 8132 9810 E Notifications: at android.app.ActivityThread.main(ActivityThread.java:7870)
12-05 10:06:56.764 8132 9810 E Notifications: at java.lang.reflect.Method.invoke(Native Method)
12-05 10:06:56.764 8132 9810 E Notifications: at com.android.internal.os.RuntimeInit$MethodAndArgsCaller.run(RuntimeInit.java:548)
12-05 10:06:56.764 8132 9810 E Notifications: at com.android.internal.os.ZygoteInit.main(ZygoteInit.java:1003)
12-05 10:06:56.766 8132 9810 E Notifications: Failed to get android ID.
12-05 10:06:56.776 7800 8792 I Icing : Indexing com.google.android.gms-apps from com.google.android.gms
12-05 10:06:56.778 7800 8792 I Icing : Indexing done com.google.android.gms-apps
12-05 10:06:56.792 8132 9732 W Auth : [GoogleAuthUtil] GoogleAuthUtil
12-05 10:06:56.802 8132 8211 W PlatformNetworkImpl: Network error, RPC Status Code = UNKNOWN
12-05 10:06:56.802 8132 8211 W PlatformNetworkImpl: java.lang.RuntimeException: com.google.android.calendar.timely.net.grpc.GrpcStubException: Failed to retrieve auth token
12-05 10:06:56.802 8132 8211 W PlatformNetworkImpl: at cal.xqf.a(PG:9)
12-05 10:06:56.802 8132 8211 W PlatformNetworkImpl: at cal.abjx.c(PG:2)
12-05 10:06:56.802 8132 8211 W PlatformNetworkImpl: at cal.abjz.run(PG:13)
12-05 10:06:56.802 8132 8211 W PlatformNetworkImpl: at cal.ablv.execute(PG:1)
12-05 10:06:56.802 8132 8211 W PlatformNetworkImpl: at cal.ablx.b(PG:1)
12-05 10:06:56.802 8132 8211 W PlatformNetworkImpl: at cal.abnd.done(PG:4)
12-05 10:06:56.802 8132 8211 W PlatformNetworkImpl: at java.util.concurrent.FutureTask.finishCompletion(FutureTask.java:383)
12-05 10:06:56.802 8132 8211 W PlatformNetworkImpl: at java.util.concurrent.FutureTask.setException(FutureTask.java:252)
12-05 10:06:56.802 8132 8211 W PlatformNetworkImpl: at java.util.concurrent.FutureTask.run(FutureTask.java:271)
12-05 10:06:56.802 8132 8211 W PlatformNetworkImpl: at cal.eku.run(PG:1)
12-05 10:06:56.802 8132 8211 W PlatformNetworkImpl: at java.util.concurrent.Executors$RunnableAdapter.call(Executors.java:462)
12-05 10:06:56.802 8132 8211 W PlatformNetworkImpl: at java.util.concurrent.FutureTask.run(FutureTask.java:266)
12-05 10:06:56.802 8132 8211 W PlatformNetworkImpl: at java.util.concurrent.ScheduledThreadPoolExecutor$ScheduledFutureTask.run(ScheduledThreadPoolExecutor.java:301)
12-05 10:06:56.802 8132 8211 W PlatformNetworkImpl: at java.util.concurrent.ThreadPoolExecutor.runWorker(ThreadPoolExecutor.java:1167)
12-05 10:06:56.802 8132 8211 W PlatformNetworkImpl: at java.util.concurrent.ThreadPoolExecutor$Worker.run(ThreadPoolExecutor.java:641)
12-05 10:06:56.802 8132 8211 W PlatformNetworkImpl: at cal.eks.run(PG:7)
12-05 10:06:56.802 8132 8211 W PlatformNetworkImpl: at java.lang.Thread.run(Thread.java:920)
12-05 10:06:56.802 8132 8211 W PlatformNetworkImpl: Caused by: com.google.android.calendar.timely.net.grpc.GrpcStubException: Failed to retrieve auth token
12-05 10:06:56.802 8132 8211 W PlatformNetworkImpl: at cal.pff.g(PG:8)
12-05 10:06:56.802 8132 8211 W PlatformNetworkImpl: at cal.pff.h(PG:10)
12-05 10:06:56.802 8132 8211 W PlatformNetworkImpl: at cal.pff.d(PG:1)
12-05 10:06:56.802 8132 8211 W PlatformNetworkImpl: at cal.ioy.call(PG:1)
12-05 10:06:56.802 8132 8211 W PlatformNetworkImpl: at java.util.concurrent.FutureTask.run(FutureTask.java:266)
12-05 10:06:56.802 8132 8211 W PlatformNetworkImpl: ... 8 more
12-05 10:06:56.802 8132 8211 W PlatformNetworkImpl: Caused by: com.google.android.gms.auth.UserRecoverableAuthException: NeedRemoteConsent
12-05 10:06:56.802 8132 8211 W PlatformNetworkImpl: at cal.qez.f(PG:20)
12-05 10:06:56.802 8132 8211 W PlatformNetworkImpl: at cal.qeu.a(PG:19)
12-05 10:06:56.802 8132 8211 W PlatformNetworkImpl: at cal.qez.h(PG:12)
12-05 10:06:56.802 8132 8211 W PlatformNetworkImpl: at cal.qez.g(PG:28)
12-05 10:06:56.802 8132 8211 W PlatformNetworkImpl: at cal.pff.g(PG:6)
12-05 10:06:56.802 8132 8211 W PlatformNetworkImpl: ... 12 more
12-05 10:06:56.803 8132 8211 I c.yjj : Received sync error; type=GRPC_ERROR, latencyMs=961
12-05 10:06:56.850 7800 9797 E SwaaNcc : Gaia accounts check failed [CONTEXT service_id=299 ]
12-05 10:06:56.850 7800 9797 E SwaaNcc : akux: 7: Internal sync API failure!
12-05 10:06:56.850 7800 9797 E SwaaNcc : at alrb.a(:com.google.android.gms@244337026@24.43.37 (150800-693941914):15)
12-05 10:06:56.850 7800 9797 E SwaaNcc : at alar.b(:com.google.android.gms@244337026@24.43.37 (150800-693941914):11)
12-05 10:06:56.850 7800 9797 E SwaaNcc : at atfo.d(:com.google.android.gms@244337026@24.43.37 (150800-693941914):44)
12-05 10:06:56.850 7800 9797 E SwaaNcc : at atgj.ff(:com.google.android.gms@244337026@24.43.37 (150800-693941914):75)
12-05 10:06:56.850 7800 9797 E SwaaNcc : at ndh.onTransact(:com.google.android.gms@244337026@24.43.37 (150800-693941914):75)
12-05 10:06:56.850 7800 9797 E SwaaNcc : at android.os.Binder.execTransactInternal(Binder.java:1184)
12-05 10:06:56.850 7800 9797 E SwaaNcc : at android.os.Binder.execTransact(Binder.java:1143)
12-05 10:06:56.901 7846 8057 I FacsCacheGmsModule: Received 'getActivityControlsSettings' request from package 'com.google.android.gms', instance id 'gmscorelogger', version '1'...
12-05 10:06:56.923 7846 7871 W GLSActivity: [GmsAccountAuthenticatorImpl] error status while fetching token:NeedRemoteConsent
12-05 10:06:56.932 9381 9549 W droid.apps.doc: Long monitor contention with owner io-0 (9434) at java.lang.String nqn.a()(PG:2) waiters=1 in java.lang.String nqn.a() for 1.320s
12-05 10:06:56.932 9381 9525 E Cello : [9525:NonCelloThread] drive_v2_cloud_store_no_apiary.cc:3720:DumpToLog Request 0x7d05c6beea90: 0 https://www.googleapis.com/drive/v2internal/workspaces?reason=801&featureLabel=android-sync-native&orderBy= transport: Status::SUCCESS reader: Status::SUCCESS
12-05 10:06:56.932 9381 9525 E Cello : [9525:NonCelloThread] drive_v2_cloud_store_no_apiary.cc:3720:DumpToLog Response body 0x7d05c6beea90: (no response body)
12-05 10:06:56.936 7846 8057 I FacsCacheGmsModule: Operation 'getActivityControlsSettings' dispatched!
12-05 10:06:56.937 9381 9466 W CelloCake: [io-3] Exception set on future for 'queryWorkspace(request=# com.google.apps.drive.dataservice.WorkspaceQueryRequest@baa4285)'. Cello error 2. Network error Cleared request. Failed task: queryWorkspace(request=# com.google.apps.drive.dataservice.WorkspaceQueryRequest@baa4285)
12-05 10:06:56.941 9381 9565 W CelloCake: [io-13] Failed getting value from future on queryWorkspace(request=# com.google.apps.drive.dataservice.WorkspaceQueryRequest@baa4285){account=9ff85fb7, submitTimeMs=578801, startTimeMs=578802, waitTimeMs=1, endTimeMs=581251, durationMs=2450, failed}
12-05 10:06:56.941 9381 9565 W CelloCake: nlp: Cello error 2. Network error Cleared request. Failed task: queryWorkspace(request=# com.google.apps.drive.dataservice.WorkspaceQueryRequest@baa4285)
12-05 10:06:56.941 9381 9565 W CelloCake: at oba.a(PG:2)
12-05 10:06:56.941 9381 9565 W CelloCake: at obn.f(PG:9)
12-05 10:06:56.941 9381 9565 W CelloCake: at onu.queryWorkspaces(PG:19)
12-05 10:06:56.941 9381 9565 W CelloCake: at omr.c(Unknown Source:11)
12-05 10:06:56.941 9381 9565 W CelloCake: at ooi.apply(PG:9)
12-05 10:06:56.941 9381 9565 W CelloCake: at usf$b.f(PG:2)
12-05 10:06:56.941 9381 9565 W CelloCake: at usf.run(PG:4)
12-05 10:06:56.941 9381 9565 W CelloCake: at java.util.concurrent.ThreadPoolExecutor.runWorker(ThreadPoolExecutor.java:1167)
12-05 10:06:56.941 9381 9565 W CelloCake: at java.util.concurrent.ThreadPoolExecutor$Worker.run(ThreadPoolExecutor.java:641)
12-05 10:06:56.941 9381 9565 W CelloCake: at java.lang.Thread.run(Thread.java:920)
12-05 10:06:56.955 9381 9688 E SyncManagerImpl: [SyncManagerImpl] SyncException
12-05 10:06:56.955 9381 9688 E SyncManagerImpl: drm: nlp: Cello error 2. Network error Cleared request. Failed task: queryWorkspace(request=# com.google.apps.drive.dataservice.WorkspaceQueryRequest@baa4285)
12-05 10:06:56.955 9381 9688 E SyncManagerImpl: at cdp.a(PG:24)
12-05 10:06:56.955 9381 9688 E SyncManagerImpl: at drt.a(PG:12)
12-05 10:06:56.955 9381 9688 E SyncManagerImpl: at drt$1.run(PG:16)
12-05 10:06:56.955 9381 9688 E SyncManagerImpl: at drt.g(PG:10)
12-05 10:06:56.955 9381 9688 E SyncManagerImpl: at drr.run(PG:10)
12-05 10:06:56.955 9381 9688 E SyncManagerImpl: Caused by: nlp: Cello error 2. Network error Cleared request. Failed task: queryWorkspace(request=# com.google.apps.drive.dataservice.WorkspaceQueryRequest@baa4285)
12-05 10:06:56.955 9381 9688 E SyncManagerImpl: at oba.a(PG:2)
12-05 10:06:56.955 9381 9688 E SyncManagerImpl: at obn.f(PG:9)
12-05 10:06:56.955 9381 9688 E SyncManagerImpl: at onu.queryWorkspaces(PG:19)
12-05 10:06:56.955 9381 9688 E SyncManagerImpl: at omr.c(Unknown Source:11)
12-05 10:06:56.955 9381 9688 E SyncManagerImpl: at ooi.apply(PG:9)
12-05 10:06:56.955 9381 9688 E SyncManagerImpl: at usf$b.f(PG:2)
12-05 10:06:56.955 9381 9688 E SyncManagerImpl: at usf.run(PG:4)
12-05 10:06:56.955 9381 9688 E SyncManagerImpl: at java.util.concurrent.ThreadPoolExecutor.runWorker(ThreadPoolExecutor.java:1167)
12-05 10:06:56.955 9381 9688 E SyncManagerImpl: at java.util.concurrent.ThreadPoolExecutor$Worker.run(ThreadPoolExecutor.java:641)
12-05 10:06:56.955 9381 9688 E SyncManagerImpl: at java.lang.Thread.run(Thread.java:920)
12-05 10:06:56.964 7846 9660 I FacsCacheGmsModule: Executing operation 'GetActivityControlsSettingsOperation'...
12-05 10:06:56.998 563 1745 I WifiService: releaseWifiLock uid=10129
12-05 10:06:57.014 9381 9688 W SyncManagerImpl: [SyncManagerImpl] Sync completed for AccountId 9ff85fb7 (com.google.android.apps.docs)
12-05 10:06:57.040 352 352 W RanchuHwc: validateDisplay: layer 31 CompositionType 1, fallback
12-05 10:06:57.059 352 352 W RanchuHwc: presentDisplay display has no layers to compose, flushing client target buffer.
12-05 10:06:57.080 8132 9695 E GoogleApiManager: Failed to get service from broker.
12-05 10:06:57.080 8132 9695 E GoogleApiManager: java.lang.SecurityException: Unknown calling package name 'com.google.android.gms'.
12-05 10:06:57.080 8132 9695 E GoogleApiManager: at android.os.Parcel.createExceptionOrNull(Parcel.java:2425)
12-05 10:06:57.080 8132 9695 E GoogleApiManager: at android.os.Parcel.createException(Parcel.java:2409)
12-05 10:06:57.080 8132 9695 E GoogleApiManager: at android.os.Parcel.readException(Parcel.java:2392)
12-05 10:06:57.080 8132 9695 E GoogleApiManager: at android.os.Parcel.readException(Parcel.java:2334)
12-05 10:06:57.080 8132 9695 E GoogleApiManager: at alti.a(:com.google.android.gms@244337026@24.43.37 (150800-693941914):36)
12-05 10:06:57.080 8132 9695 E GoogleApiManager: at alrp.z(:com.google.android.gms@244337026@24.43.37 (150800-693941914):150)
12-05 10:06:57.080 8132 9695 E GoogleApiManager: at akyx.run(:com.google.android.gms@244337026@24.43.37 (150800-693941914):54)
12-05 10:06:57.080 8132 9695 E GoogleApiManager: at android.os.Handler.handleCallback(Handler.java:938)
12-05 10:06:57.080 8132 9695 E GoogleApiManager: at android.os.Handler.dispatchMessage(Handler.java:99)
12-05 10:06:57.080 8132 9695 E GoogleApiManager: at bqpi.lQ(:com.google.android.gms@244337026@24.43.37 (150800-693941914):1)
12-05 10:06:57.080 8132 9695 E GoogleApiManager: at bqpi.dispatchMessage(:com.google.android.gms@244337026@24.43.37 (150800-693941914):5)
12-05 10:06:57.080 8132 9695 E GoogleApiManager: at android.os.Looper.loopOnce(Looper.java:201)
12-05 10:06:57.080 8132 9695 E GoogleApiManager: at android.os.Looper.loop(Looper.java:288)
12-05 10:06:57.080 8132 9695 E GoogleApiManager: at android.os.HandlerThread.run(HandlerThread.java:67)
12-05 10:06:57.219 1160 1834 D EGL_emulation: app_time_stats: avg=634.79ms min=278.98ms max=990.60ms count=2
12-05 10:06:57.223 352 352 W RanchuHwc: validateDisplay: layer 31 CompositionType 1, fallback
12-05 10:06:57.235 352 352 W RanchuHwc: presentDisplay display has no layers to compose, flushing client target buffer.
12-05 10:06:57.264 868 868 D InterruptionStateProvider: No bubble up: not allowed to bubble: 0|com.google.android.gms|0|com.google.android.gms.auth.TokenNotificationManager:5942ab493d42897174d7592a44ca012a:com.google:com.google.android.apps.docs|10105
12-05 10:06:57.275 7800 8792 I Icing : Indexing com.google.android.gms-apps from com.google.android.gms
12-05 10:06:57.282 7846 9660 I FacsCacheGmsModule: Forwarding operation 'GetActivityControlsSettingsOperation' to internal FACS API...
12-05 10:06:57.286 7800 8792 I Icing : Indexing done com.google.android.gms-apps
12-05 10:06:57.311 868 868 D InterruptionStateProvider: No heads up: unimportant notification: 0|com.google.android.gms|0|com.google.android.gms.auth.TokenNotificationManager:5942ab493d42897174d7592a44ca012a:com.google:com.google.android.apps.docs|10105
12-05 10:06:57.355 868 1002 D PeopleSpaceWidgetMgr: Sbn doesn't contain valid PeopleTileKey: null/0/com.google.android.gms
12-05 10:06:57.401 7800 9844 I FacsCacheGmsModule: Receiving API connection to internal FACS API...
12-05 10:06:57.409 8132 9780 W Auth : [GoogleAuthUtil] GoogleAuthUtil
12-05 10:06:57.410 8132 9780 W GoogleAuthUtil: Error when getting token
12-05 10:06:57.410 8132 9780 W GoogleAuthUtil: com.google.android.gms.auth.UserRecoverableAuthException: NeedRemoteConsent
12-05 10:06:57.410 8132 9780 W GoogleAuthUtil: at cal.qez.f(PG:20)
12-05 10:06:57.410 8132 9780 W GoogleAuthUtil: at cal.qeu.a(PG:19)
12-05 10:06:57.410 8132 9780 W GoogleAuthUtil: at cal.qez.h(PG:12)
12-05 10:06:57.410 8132 9780 W GoogleAuthUtil: at cal.qez.g(PG:28)
12-05 10:06:57.410 8132 9780 W GoogleAuthUtil: at cal.qet.a(PG:1)
12-05 10:06:57.410 8132 9780 W GoogleAuthUtil: at cal.qet.e(PG:9)
12-05 10:06:57.410 8132 9780 W GoogleAuthUtil: at cal.bws.a(PG:1)
12-05 10:06:57.410 8132 9780 W GoogleAuthUtil: at cal.xgh.a(PG:5)
12-05 10:06:57.410 8132 9780 W GoogleAuthUtil: at cal.xbt.call(PG:5)
12-05 10:06:57.410 8132 9780 W GoogleAuthUtil: at java.util.concurrent.FutureTask.run(FutureTask.java:266)
12-05 10:06:57.410 8132 9780 W GoogleAuthUtil: at java.util.concurrent.ThreadPoolExecutor.runWorker(ThreadPoolExecutor.java:1167)
12-05 10:06:57.410 8132 9780 W GoogleAuthUtil: at java.util.concurrent.ThreadPoolExecutor$Worker.run(ThreadPoolExecutor.java:641)
12-05 10:06:57.410 8132 9780 W GoogleAuthUtil: at java.lang.Thread.run(Thread.java:920)
12-05 10:06:57.416 6825 6839 I .apps.wellbein: Background concurrent copying GC freed 70018(3391KB) AllocSpace objects, 0(0B) LOS objects, 49% free, 6279KB/12MB, paused 56us,27us total 808.994ms
12-05 10:06:57.437 7800 9844 I FacsCacheGmsModule: API connection successful!
12-05 10:06:57.445 7800 9844 I FacsCacheGmsModule: Received 'syncActivityControlsSettingsInternal' (forced: false) request...
12-05 10:06:57.459 7800 7901 I OpenFileDescriptorOpera: onFailure [CONTEXT service_id=160 ]
12-05 10:06:57.469 7800 9844 I FacsCacheGmsModule: Operation 'syncActivityControlsSettingsInternal' dispatched!
12-05 10:06:57.499 7800 8792 I FacsCacheGmsModule: Executing operation 'SyncActivityControlsSettingsInternalOperation'...
12-05 10:06:57.504 7800 8792 I FacsCacheGmsModule: Operation 'SyncActivityControlsSettingsInternalOperation' performing sync (type: 'EMPTY_CACHE')...
12-05 10:06:57.513 7846 8057 W Auth : [RequestTokenManager] getToken() -> NEED_REMOTE_CONSENT. App: com.google.android.apps.docs, Service: oauth2:https://www.googleapis.com/auth/drive https://www.googleapis.com/auth/drive.file https://www.googleapis.com/auth/drive.metadata.readonly https://www.googleapis.com/auth/drive.readonly https://docs.google.com/feeds https://docs.googleusercontent.com https://spreadsheets.google.com/feeds https://www.googleapis.com/auth/activity https://www.googleapis.com/auth/cloudprint https://www.googleapis.com/auth/discussions https://www.googleapis.com/auth/docs https://www.googleapis.com/auth/drive.apps https://www.googleapis.com/auth/drive.categories.readonly https://www.googleapis.com/auth/memento https://www.googleapis.com/auth/notifications https://www.googleapis.com/auth/spreadsheets https://www.googleapis.com/auth/vouchers https://www.googleapis.com/auth/gmail.readonly https://www.googleapis.com/auth/subscriptions https://www.googleapis.com/auth/peopleapi.readonly https://www.googleapis.com/auth/drive.activity.readonly https://www.googleapis.com/auth/cloud_search.query
12-05 10:06:57.517 7846 8057 W Auth : [GetToken] GetToken failed with status code: NeedRemoteConsent [CONTEXT service_id=343 ]
12-05 10:06:57.521 7800 7901 I OpenFileDescriptorOpera: onFailure [CONTEXT service_id=160 ]
12-05 10:06:57.542 7800 9844 I MdiSyncModule: Received request for operation '1' from package 'com.google.android.apps.wellbeing', instance id 'profile-OneGoogle', version '1'...
12-05 10:06:57.543 7800 9844 I MdiSyncModule: Operation '1' dispatched!
12-05 10:06:57.559 868 868 D InterruptionStateProvider: No bubble up: not allowed to bubble: 0|com.google.android.gms|0|com.google.android.gms.auth.TokenNotificationManager:5942ab493d42897174d7592a44ca012a:com.google:com.google.android.calendar|10105
12-05 10:06:57.569 868 868 D InterruptionStateProvider: No heads up: unimportant notification: 0|com.google.android.gms|0|com.google.android.gms.auth.TokenNotificationManager:5942ab493d42897174d7592a44ca012a:com.google:com.google.android.calendar|10105
12-05 10:06:57.613 868 1002 D PeopleSpaceWidgetMgr: Sbn doesn't contain valid PeopleTileKey: null/0/com.google.android.gms
12-05 10:06:57.623 352 352 W RanchuHwc: validateDisplay: layer 31 CompositionType 1, fallback
12-05 10:06:57.638 7846 9691 W Auth : [RequestTokenManager] getToken() -> NEED_REMOTE_CONSENT. App: com.google.android.gms, Service: oauth2:https://www.googleapis.com/auth/peopleapi.legacy.readwrite https://www.googleapis.com/auth/peopleapi.readonly https://www.googleapis.com/auth/peopleapi.readwrite https://www.googleapis.com/auth/plus.peopleapi.readwrite https://www.googleapis.com/auth/plus.me
12-05 10:06:57.644 352 352 W RanchuHwc: presentDisplay display has no layers to compose, flushing client target buffer.
12-05 10:06:57.718 8132 9734 W Auth : [GoogleAuthUtil] GoogleAuthUtil
12-05 10:06:57.718 8132 9734 W GoogleAuthUtil: Error when getting token
12-05 10:06:57.718 8132 9734 W GoogleAuthUtil: com.google.android.gms.auth.UserRecoverableAuthException: NeedRemoteConsent
12-05 10:06:57.718 8132 9734 W GoogleAuthUtil: at cal.qez.f(PG:20)
12-05 10:06:57.718 8132 9734 W GoogleAuthUtil: at cal.qeu.a(PG:19)
12-05 10:06:57.718 8132 9734 W GoogleAuthUtil: at cal.qez.h(PG:12)
12-05 10:06:57.718 8132 9734 W GoogleAuthUtil: at cal.qez.g(PG:28)
12-05 10:06:57.718 8132 9734 W GoogleAuthUtil: at cal.qet.a(PG:1)
12-05 10:06:57.718 8132 9734 W GoogleAuthUtil: at cal.qet.e(PG:9)
12-05 10:06:57.718 8132 9734 W GoogleAuthUtil: at cal.bws.a(PG:1)
12-05 10:06:57.718 8132 9734 W GoogleAuthUtil: at cal.xgh.a(PG:5)
12-05 10:06:57.718 8132 9734 W GoogleAuthUtil: at cal.xbv.a(PG:26)
12-05 10:06:57.718 8132 9734 W GoogleAuthUtil: at cal.xbx.f(PG:26)
12-05 10:06:57.718 8132 9734 W GoogleAuthUtil: at cal.xbx.y(PG:105)
12-05 10:06:57.718 8132 9734 W GoogleAuthUtil: at cal.xbx.x(PG:62)
12-05 10:06:57.718 8132 9734 W GoogleAuthUtil: at cal.xbx.a(PG:7)
12-05 10:06:57.718 8132 9734 W GoogleAuthUtil: at cal.bah.onPerformSync(PG:4)
12-05 10:06:57.718 8132 9734 W GoogleAuthUtil: at android.content.AbstractThreadedSyncAdapter$SyncThread.run(AbstractThreadedSyncAdapter.java:334)
12-05 10:06:57.724 8132 9734 E SyncLog : Exception in onPerformLoggedSync
12-05 10:06:57.724 8132 9734 E SyncLog : com.google.android.apiary.AuthenticationException: Could not get an auth token
12-05 10:06:57.724 8132 9734 E SyncLog : at cal.bws.a(PG:7)
12-05 10:06:57.724 8132 9734 E SyncLog : at cal.xgh.a(PG:5)
12-05 10:06:57.724 8132 9734 E SyncLog : at cal.xbv.a(PG:26)
12-05 10:06:57.724 8132 9734 E SyncLog : at cal.xbx.f(PG:26)
12-05 10:06:57.724 8132 9734 E SyncLog : at cal.xbx.y(PG:105)
12-05 10:06:57.724 8132 9734 E SyncLog : at cal.xbx.x(PG:62)
12-05 10:06:57.724 8132 9734 E SyncLog : at cal.xbx.a(PG:7)
12-05 10:06:57.724 8132 9734 E SyncLog : at cal.bah.onPerformSync(PG:4)
12-05 10:06:57.724 8132 9734 E SyncLog : at android.content.AbstractThreadedSyncAdapter$SyncThread.run(AbstractThreadedSyncAdapter.java:334)
12-05 10:06:57.724 8132 9734 E SyncLog : Caused by: com.google.android.gms.auth.UserRecoverableNotifiedException: User intervention required. Notification has been pushed.
12-05 10:06:57.724 8132 9734 E SyncLog : at cal.qet.a(PG:5)
12-05 10:06:57.724 8132 9734 E SyncLog : at cal.qet.e(PG:9)
12-05 10:06:57.724 8132 9734 E SyncLog : at cal.bws.a(PG:1)
12-05 10:06:57.724 8132 9734 E SyncLog : ... 8 more
12-05 10:06:57.726 7846 8057 W GLSActivity: [GmsAccountAuthenticatorImpl] error status while fetching token:NeedRemoteConsent
12-05 10:06:57.735 9381 9525 E Cello : [9525:NonCelloThread] drive_v2_cloud_store_no_apiary.cc:3720:DumpToLog Request 0x7d05c6befdd0: 0 https://www.googleapis.com/drive/v2internal/about?fields=rootFolderId&reason=304&openDrive=false&syncType=2&featureLabel=android-sync-native transport: Status::SUCCESS reader: Status::SUCCESS
12-05 10:06:57.735 9381 9525 E Cello : [9525:NonCelloThread] drive_v2_cloud_store_no_apiary.cc:3720:DumpToLog Response body 0x7d05c6befdd0: (no response body)
12-05 10:06:57.774 7846 9691 W Auth : [GetToken] GetToken failed with status code: NeedRemoteConsent [CONTEXT service_id=343 ]
12-05 10:06:57.840 352 352 W RanchuHwc: validateDisplay: layer 31 CompositionType 1, fallback
12-05 10:06:57.860 352 352 W RanchuHwc: presentDisplay display has no layers to compose, flushing client target buffer.
12-05 10:06:57.867 7800 9776 W Auth : [GoogleAuthUtil] [GoogleAuthUtil] error status:NEED_REMOTE_CONSENT with method:getTokenWithDetails
12-05 10:06:57.959 868 868 D InterruptionStateProvider: No bubble up: not allowed to bubble: 0|com.google.android.gms|0|com.google.android.gms.auth.TokenNotificationManager:5942ab493d42897174d7592a44ca012a:com.google:com.google.android.calendar|10105
12-05 10:06:57.964 868 868 D InterruptionStateProvider: No heads up: unimportant notification: 0|com.google.android.gms|0|com.google.android.gms.auth.TokenNotificationManager:5942ab493d42897174d7592a44ca012a:com.google:com.google.android.calendar|10105
12-05 10:06:57.972 1931 2232 E cr_CronetUrlRequestContext: Exception in upload method
12-05 10:06:57.972 1931 2232 E cr_CronetUrlRequestContext: com.google.android.apps.gsa.shared.q.d: Error code: 656394 | null
12-05 10:06:57.972 1931 2232 E cr_CronetUrlRequestContext: at com.google.android.libraries.gsa.c.a.n.fZ(SourceFile:1)
12-05 10:06:57.972 1931 2232 E cr_CronetUrlRequestContext: at com.google.android.libraries.gsa.k.a.n.fZ(SourceFile:2)
12-05 10:06:57.972 1931 2232 E cr_CronetUrlRequestContext: at com.google.common.w.a.bv.run(SourceFile:6)
12-05 10:06:57.972 1931 2232 E cr_CronetUrlRequestContext: at com.google.android.apps.gsa.shared.util.c.a.bt.b(SourceFile:1)
12-05 10:06:57.972 1931 2232 E cr_CronetUrlRequestContext: at com.google.android.apps.gsa.shared.util.c.a.bw.run(SourceFile:1)
12-05 10:06:57.972 1931 2232 E cr_CronetUrlRequestContext: at com.google.android.libraries.g.ab.run(SourceFile:1)
12-05 10:06:57.972 1931 2232 E cr_CronetUrlRequestContext: at java.util.concurrent.ThreadPoolExecutor.runWorker(ThreadPoolExecutor.java:1167)
12-05 10:06:57.972 1931 2232 E cr_CronetUrlRequestContext: at java.util.concurrent.ThreadPoolExecutor$Worker.run(ThreadPoolExecutor.java:641)
12-05 10:06:57.972 1931 2232 E cr_CronetUrlRequestContext: at com.google.android.libraries.g.n.run(SourceFile:2)
12-05 10:06:57.972 1931 2232 E cr_CronetUrlRequestContext: at com.google.android.libraries.g.d.run(SourceFile:2)
12-05 10:06:57.972 1931 2232 E cr_CronetUrlRequestContext: at java.lang.Thread.run(Thread.java:920)
12-05 10:06:57.972 1931 2232 E cr_CronetUrlRequestContext: Caused by: java.util.concurrent.TimeoutException
12-05 10:06:57.972 1931 2232 E cr_CronetUrlRequestContext: at com.google.android.apps.gsa.shared.util.c.w.run(SourceFile:2)
12-05 10:06:57.972 1931 2232 E cr_CronetUrlRequestContext: at com.google.android.libraries.gsa.k.a.k.run(SourceFile:2)
12-05 10:06:57.972 1931 2232 E cr_CronetUrlRequestContext: at com.google.android.apps.gsa.shared.util.c.a.bt.b(SourceFile:1)
12-05 10:06:57.972 1931 2232 E cr_CronetUrlRequestContext: at com.google.android.apps.gsa.shared.util.c.a.bw.run(SourceFile:1)
12-05 10:06:57.972 1931 2232 E cr_CronetUrlRequestContext: at java.util.concurrent.Executors$RunnableAdapter.call(Executors.java:462)
12-05 10:06:57.972 1931 2232 E cr_CronetUrlRequestContext: at java.util.concurrent.FutureTask.run(FutureTask.java:266)
12-05 10:06:57.972 1931 2232 E cr_CronetUrlRequestContext: at com.google.android.libraries.g.r.run(SourceFile:1)
12-05 10:06:57.972 1931 2232 E cr_CronetUrlRequestContext: ... 5 more
12-05 10:06:57.991 868 1002 D PeopleSpaceWidgetMgr: Sbn doesn't contain valid PeopleTileKey: null/0/com.google.android.gms
12-05 10:06:58.006 352 352 W RanchuHwc: validateDisplay: layer 31 CompositionType 1, fallback
12-05 10:06:58.028 352 352 W RanchuHwc: presentDisplay display has no layers to compose, flushing client target buffer.
12-05 10:06:58.055 7846 7846 D BoundBrokerSvc: onUnbind: Intent { act=com.google.android.gms.phenotype.service.START dat=chimera-action: cmp=com.google.android.gms/.chimera.PersistentApiService }
12-05 10:06:58.112 868 868 D InterruptionStateProvider: No bubble up: not allowed to bubble: 0|com.google.android.gms|0|com.google.android.gms.auth.TokenNotificationManager:5942ab493d42897174d7592a44ca012a:com.google:com.google.android.apps.docs|10105
12-05 10:06:58.118 868 868 D InterruptionStateProvider: No heads up: unimportant notification: 0|com.google.android.gms|0|com.google.android.gms.auth.TokenNotificationManager:5942ab493d42897174d7592a44ca012a:com.google:com.google.android.apps.docs|10105
12-05 10:06:58.146 8696 8775 D EGL_emulation: app_time_stats: avg=1041.83ms min=965.15ms max=1118.51ms count=2
12-05 10:06:58.156 352 352 W RanchuHwc: validateDisplay: layer 31 CompositionType 1, fallback
12-05 10:06:58.171 352 352 W RanchuHwc: presentDisplay display has no layers to compose, flushing client target buffer.
12-05 10:06:58.200 868 1002 D PeopleSpaceWidgetMgr: Sbn doesn't contain valid PeopleTileKey: null/0/com.google.android.gms
12-05 10:06:58.298 7846 9475 E HeterodyneSyncTaskChime: Sync task failure [CONTEXT service_id=51 ]
12-05 10:06:58.298 7846 9475 E HeterodyneSyncTaskChime: codn: 29504: Could not find valid auth token for all requested accounts
12-05 10:06:58.298 7846 9475 E HeterodyneSyncTaskChime: at coin.q(:com.google.android.gms@244337026@24.43.37 (150800-693941914):130)
12-05 10:06:58.298 7846 9475 E HeterodyneSyncTaskChime: at coin.B(:com.google.android.gms@244337026@24.43.37 (150800-693941914):10)
12-05 10:06:58.298 7846 9475 E HeterodyneSyncTaskChime: at coin.p(:com.google.android.gms@244337026@24.43.37 (150800-693941914):11)
12-05 10:06:58.298 7846 9475 E HeterodyneSyncTaskChime: at com.google.android.gms.phenotype.sync.HeterodyneSyncTaskChimeraService.d(:com.google.android.gms@244337026@24.43.37 (150800-693941914):270)
12-05 10:06:58.298 7846 9475 E HeterodyneSyncTaskChime: at com.google.android.gms.phenotype.sync.HeterodyneSyncTaskChimeraService.a(:com.google.android.gms@244337026@24.43.37 (150800-693941914):126)
12-05 10:06:58.298 7846 9475 E HeterodyneSyncTaskChime: at bqrh.call(:com.google.android.gms@244337026@24.43.37 (150800-693941914):32)
12-05 10:06:58.298 7846 9475 E HeterodyneSyncTaskChime: at java.util.concurrent.FutureTask.run(FutureTask.java:266)
12-05 10:06:58.298 7846 9475 E HeterodyneSyncTaskChime: at amjy.c(:com.google.android.gms@244337026@24.43.37 (150800-693941914):50)
12-05 10:06:58.298 7846 9475 E HeterodyneSyncTaskChime: at amjy.run(:com.google.android.gms@244337026@24.43.37 (150800-693941914):76)
12-05 10:06:58.298 7846 9475 E HeterodyneSyncTaskChime: at java.util.concurrent.ThreadPoolExecutor.runWorker(ThreadPoolExecutor.java:1167)
12-05 10:06:58.298 7846 9475 E HeterodyneSyncTaskChime: at java.util.concurrent.ThreadPoolExecutor$Worker.run(ThreadPoolExecutor.java:641)
12-05 10:06:58.298 7846 9475 E HeterodyneSyncTaskChime: at ampj.run(:com.google.android.gms@244337026@24.43.37 (150800-693941914):8)
12-05 10:06:58.298 7846 9475 E HeterodyneSyncTaskChime: at java.lang.Thread.run(Thread.java:920)
12-05 10:06:58.369 7846 9802 I NetworkScheduler.Stats: Task com.google.android.gms/com.google.android.gms.phenotype.service.sync.PhenotypeConfigurator finished executing. cause:5 result: 2 elapsed_millis: 21616 uptime_millis: 21616 exec_start_elapsed_seconds: 561 [CONTEXT service_id=218 ]
12-05 10:06:58.415 7846 9691 I FacsCacheGmsModule: Receiving API connection to FACS API from package 'com.google.android.gms'...
12-05 10:06:58.420 7846 9691 I FacsCacheGmsModule: API connection successful!
12-05 10:06:58.424 7800 7800 D BoundBrokerSvc: onUnbind: Intent { act=com.google.android.gms.checkin.START pkg=com.google.android.gms }
12-05 10:06:58.429 7800 9767 I GCM : Checking if the GCM ID is available and maybe schedule a task to register GMS if not.
12-05 10:06:58.430 7800 9767 I GCM-GMS : Scheduling task to register GMS
12-05 10:06:58.440 7846 9691 I FacsCacheGmsModule: Received 'readDeviceLevelSettings' request from package 'com.google.android.gms'...
12-05 10:06:58.445 7800 7902 W AsyncOperation: operation=HandleSyncOperation, opStatusCode=38003 [CONTEXT service_id=215 ]
12-05 10:06:58.445 7800 7902 W AsyncOperation: OperationException[Status{statusCode=Sync failed with an authentication error!, resolution=null}]
12-05 10:06:58.445 7800 7902 W AsyncOperation: at buul.f(:com.google.android.gms@244337026@24.43.37 (150800-693941914):567)
12-05 10:06:58.445 7800 7902 W AsyncOperation: at bpnh.fj(:com.google.android.gms@244337026@24.43.37 (150800-693941914):1)
12-05 10:06:58.445 7800 7902 W AsyncOperation: at bpnt.run(:com.google.android.gms@244337026@24.43.37 (150800-693941914):66)
12-05 10:06:58.445 7800 7902 W AsyncOperation: at eaxt.run(:com.google.android.gms@244337026@24.43.37 (150800-693941914):21)
12-05 10:06:58.445 7800 7902 W AsyncOperation: at amjy.c(:com.google.android.gms@244337026@24.43.37 (150800-693941914):50)
12-05 10:06:58.445 7800 7902 W AsyncOperation: at amjy.run(:com.google.android.gms@244337026@24.43.37 (150800-693941914):97)
12-05 10:06:58.445 7800 7902 W AsyncOperation: at java.util.concurrent.ThreadPoolExecutor.runWorker(ThreadPoolExecutor.java:1167)
12-05 10:06:58.445 7800 7902 W AsyncOperation: at java.util.concurrent.ThreadPoolExecutor$Worker.run(ThreadPoolExecutor.java:641)
12-05 10:06:58.445 7800 7902 W AsyncOperation: at ampj.run(:com.google.android.gms@244337026@24.43.37 (150800-693941914):8)
12-05 10:06:58.445 7800 7902 W AsyncOperation: at java.lang.Thread.run(Thread.java:920)
12-05 10:06:58.445 7800 7902 W AsyncOperation: Caused by: buuo: fola: UNAUTHENTICATED
12-05 10:06:58.445 7800 7902 W AsyncOperation: at buqh.a(:com.google.android.gms@244337026@24.43.37 (150800-693941914):82)
12-05 10:06:58.445 7800 7902 W AsyncOperation: at buoo.a(:com.google.android.gms@244337026@24.43.37 (150800-693941914):3)
12-05 10:06:58.445 7800 7902 W AsyncOperation: at eidu.d(:com.google.android.gms@244337026@24.43.37 (150800-693941914):3)
12-05 10:06:58.445 7800 7902 W AsyncOperation: at eidw.run(:com.google.android.gms@244337026@24.43.37 (150800-693941914):130)
12-05 10:06:58.445 7800 7902 W AsyncOperation: at eifp.execute(:com.google.android.gms@244337026@24.43.37 (150800-693941914):1)
12-05 10:06:58.445 7800 7902 W AsyncOperation: at eidx.h(:com.google.android.gms@244337026@24.43.37 (150800-693941914):1)
12-05 10:06:58.445 7800 7902 W AsyncOperation: at eidx.l(:com.google.android.gms@244337026@24.43.37 (150800-693941914):101)
12-05 10:06:58.445 7800 7902 W AsyncOperation: at eidx.p(:com.google.android.gms@244337026@24.43.37 (150800-693941914):19)
12-05 10:06:58.445 7800 7902 W AsyncOperation: at eied.run(:com.google.android.gms@244337026@24.43.37 (150800-693941914):81)
12-05 10:06:58.445 7800 7902 W AsyncOperation: at eifp.execute(:com.google.android.gms@244337026@24.43.37 (150800-693941914):1)
12-05 10:06:58.445 7800 7902 W AsyncOperation: at eidx.h(:com.google.android.gms@244337026@24.43.37 (150800-693941914):1)
