12-05 10:06:58.445 7800 7902 W AsyncOperation: at eidx.l(:com.google.android.gms@244337026@24.43.37 (150800-693941914):101)
12-05 10:06:58.445 7800 7902 W AsyncOperation: at eidx.p(:com.google.android.gms@244337026@24.43.37 (150800-693941914):19)
12-05 10:06:58.445 7800 7902 W AsyncOperation: at eied.run(:com.google.android.gms@244337026@24.43.37 (150800-693941914):81)
12-05 10:06:58.445 7800 7902 W AsyncOperation: at eifp.execute(:com.google.android.gms@244337026@24.43.37 (150800-693941914):1)
12-05 10:06:58.445 7800 7902 W AsyncOperation: at eidx.h(:com.google.android.gms@244337026@24.43.37 (150800-693941914):1)
12-05 10:06:58.445 7800 7902 W AsyncOperation: at eidx.l(:com.google.android.gms@244337026@24.43.37 (150800-693941914):101)
12-05 10:06:58.445 7800 7902 W AsyncOperation: at eidx.p(:com.google.android.gms@244337026@24.43.37 (150800-693941914):19)
12-05 10:06:58.445 7800 7902 W AsyncOperation: at eied.run(:com.google.android.gms@244337026@24.43.37 (150800-693941914):81)
12-05 10:06:58.445 7800 7902 W AsyncOperation: at eifp.execute(:com.google.android.gms@244337026@24.43.37 (150800-693941914):1)
12-05 10:06:58.445 7800 7902 W AsyncOperation: at eidx.h(:com.google.android.gms@244337026@24.43.37 (150800-693941914):1)
12-05 10:06:58.445 7800 7902 W AsyncOperation: at eidx.l(:com.google.android.gms@244337026@24.43.37 (150800-693941914):101)
12-05 10:06:58.445 7800 7902 W AsyncOperation: at eidx.p(:com.google.android.gms@244337026@24.43.37 (150800-693941914):19)
12-05 10:06:58.445 7800 7902 W AsyncOperation: at eied.run(:com.google.android.gms@244337026@24.43.37 (150800-693941914):81)
12-05 10:06:58.445 7800 7902 W AsyncOperation: at eifp.execute(:com.google.android.gms@244337026@24.43.37 (150800-693941914):1)
12-05 10:06:58.445 7800 7902 W AsyncOperation: at eidx.h(:com.google.android.gms@244337026@24.43.37 (150800-693941914):1)
12-05 10:06:58.445 7800 7902 W AsyncOperation: at eidx.l(:com.google.android.gms@244337026@24.43.37 (150800-693941914):101)
12-05 10:06:58.445 7800 7902 W AsyncOperation: at eidx.r(:com.google.android.gms@244337026@24.43.37 (150800-693941914):28)
12-05 10:06:58.445 7800 7902 W AsyncOperation: at eigm.run(:com.google.android.gms@244337026@24.43.37 (150800-693941914):5)
12-05 10:06:58.445 7800 7902 W AsyncOperation: at eifp.execute(:com.google.android.gms@244337026@24.43.37 (150800-693941914):1)
12-05 10:06:58.445 7800 7902 W AsyncOperation: at eidx.h(:com.google.android.gms@244337026@24.43.37 (150800-693941914):1)
12-05 10:06:58.445 7800 7902 W AsyncOperation: at eidx.l(:com.google.android.gms@244337026@24.43.37 (150800-693941914):101)
12-05 10:06:58.445 7800 7902 W AsyncOperation: at eidx.r(:com.google.android.gms@244337026@24.43.37 (150800-693941914):28)
12-05 10:06:58.445 7800 7902 W AsyncOperation: at eigm.run(:com.google.android.gms@244337026@24.43.37 (150800-693941914):5)
12-05 10:06:58.445 7800 7902 W AsyncOperation: at eifp.execute(:com.google.android.gms@244337026@24.43.37 (150800-693941914):1)
12-05 10:06:58.445 7800 7902 W AsyncOperation: at eidx.h(:com.google.android.gms@244337026@24.43.37 (150800-693941914):1)
12-05 10:06:58.445 7800 7902 W AsyncOperation: at eidx.l(:com.google.android.gms@244337026@24.43.37 (150800-693941914):101)
12-05 10:06:58.445 7800 7902 W AsyncOperation: at eidx.p(:com.google.android.gms@244337026@24.43.37 (150800-693941914):19)
12-05 10:06:58.445 7800 7902 W AsyncOperation: at eifn.d(:com.google.android.gms@244337026@24.43.37 (150800-693941914):18)
12-05 10:06:58.447 7846 9691 I FacsCacheGmsModule: Operation 'readDeviceLevelSettings' dispatched!
12-05 10:06:58.448 7846 9802 I FacsCacheGmsModule: Executing operation 'ReadDeviceLevelSettingsOperation'...
12-05 10:06:58.453 7800 9573 I GmsCoreXrpcWrapper: Returning a channel provider with trafficStatsTag=4097 trafficStatsUid=-1
12-05 10:06:58.456 7846 9802 I FacsCacheGmsModule: Operation 'ReadDeviceLevelSettingsOperation' successful!
12-05 10:06:58.458 7800 7902 W AsyncOperation: at eiha.run(:com.google.android.gms@244337026@24.43.37 (150800-693941914):39)
12-05 10:06:58.458 7800 7902 W AsyncOperation: at amjy.c(:com.google.android.gms@244337026@24.43.37 (150800-693941914):50)
12-05 10:06:58.458 7800 7902 W AsyncOperation: at amjy.run(:com.google.android.gms@244337026@24.43.37 (150800-693941914):76)
12-05 10:06:58.458 7800 7902 W AsyncOperation: ... 4 more
12-05 10:06:58.458 7800 7902 W AsyncOperation: Caused by: fola: UNAUTHENTICATED
12-05 10:06:58.458 7800 7902 W AsyncOperation: at fpeq.a(:com.google.android.gms@244337026@24.43.37 (150800-693941914):41)
12-05 10:06:58.458 7800 7902 W AsyncOperation: at elgb.f(:com.google.android.gms@244337026@24.43.37 (150800-693941914):93)
12-05 10:06:58.458 7800 7902 W AsyncOperation: at elgb.h(:com.google.android.gms@244337026@24.43.37 (150800-693941914):23)
12-05 10:06:58.458 7800 7902 W AsyncOperation: at elgb.a(:com.google.android.gms@244337026@24.43.37 (150800-693941914):8)
12-05 10:06:58.458 7800 7902 W AsyncOperation: at elgk.run(:com.google.android.gms@244337026@24.43.37 (150800-693941914):9)
12-05 10:06:58.458 7800 7902 W AsyncOperation: at elgm.e(:com.google.android.gms@244337026@24.43.37 (150800-693941914):22)
12-05 10:06:58.458 7800 7902 W AsyncOperation: at elgm.a(:com.google.android.gms@244337026@24.43.37 (150800-693941914):6)
12-05 10:06:58.458 7800 7902 W AsyncOperation: at elfs.run(:com.google.android.gms@244337026@24.43.37 (150800-693941914):14)
12-05 10:06:58.458 7800 7902 W AsyncOperation: at elfp.run(:com.google.android.gms@244337026@24.43.37 (150800-693941914):3)
12-05 10:06:58.458 7800 7902 W AsyncOperation: at eihq.run(:com.google.android.gms@244337026@24.43.37 (150800-693941914):3)
12-05 10:06:58.458 7800 7902 W AsyncOperation: at eihr.run(:com.google.android.gms@244337026@24.43.37 (150800-693941914):76)
12-05 10:06:58.458 7800 7902 W AsyncOperation: at eifp.execute(:com.google.android.gms@244337026@24.43.37 (150800-693941914):1)
12-05 10:06:58.458 7800 7902 W AsyncOperation: at elfx.execute(:com.google.android.gms@244337026@24.43.37 (150800-693941914):3)
12-05 10:06:58.458 7800 7902 W AsyncOperation: at eihs.execute(:com.google.android.gms@244337026@24.43.37 (150800-693941914):36)
12-05 10:06:58.458 7800 7902 W AsyncOperation: at elfg.execute(:com.google.android.gms@244337026@24.43.37 (150800-693941914):10)
12-05 10:06:58.458 7800 7902 W AsyncOperation: at elfv.a(:com.google.android.gms@244337026@24.43.37 (150800-693941914):10)
12-05 10:06:58.458 7800 7902 W AsyncOperation: at elgb.f(:com.google.android.gms@244337026@24.43.37 (150800-693941914):93)
12-05 10:06:58.458 7800 7902 W AsyncOperation: at elgb.h(:com.google.android.gms@244337026@24.43.37 (150800-693941914):23)
12-05 10:06:58.458 7800 7902 W AsyncOperation: at elgb.a(:com.google.android.gms@244337026@24.43.37 (150800-693941914):8)
12-05 10:06:58.458 7800 7902 W AsyncOperation: at elgk.run(:com.google.android.gms@244337026@24.43.37 (150800-693941914):9)
12-05 10:06:58.458 7800 7902 W AsyncOperation: at elgm.e(:com.google.android.gms@244337026@24.43.37 (150800-693941914):22)
12-05 10:06:58.458 7800 7902 W AsyncOperation: at elgm.a(:com.google.android.gms@244337026@24.43.37 (150800-693941914):6)
12-05 10:06:58.458 7800 7902 W AsyncOperation: at elfs.run(:com.google.android.gms@244337026@24.43.37 (150800-693941914):14)
12-05 10:06:58.458 7800 7902 W AsyncOperation: at elfp.run(:com.google.android.gms@244337026@24.43.37 (150800-693941914):3)
12-05 10:06:58.458 7800 7902 W AsyncOperation: at eihq.run(:com.google.android.gms@244337026@24.43.37 (150800-693941914):3)
12-05 10:06:58.458 7800 7902 W AsyncOperation: at eihr.run(:com.google.android.gms@244337026@24.43.37 (150800-693941914):76)
12-05 10:06:58.458 7800 7902 W AsyncOperation: at eifp.execute(:com.google.android.gms@244337026@24.43.37 (150800-693941914):1)
12-05 10:06:58.458 7800 7902 W AsyncOperation: at elfx.execute(:com.google.android.gms@244337026@24.43.37 (150800-693941914):3)
12-05 10:06:58.458 7800 7902 W AsyncOperation: at eihs.execute(:com.google.android.gms@244337026@24.43.37 (150800-693941914):36)
12-05 10:06:58.458 7800 7902 W AsyncOperation: at elfg.execute(:com.google.android.gms@244337026@24.43.37 (150800-693941914):10)
12-05 10:06:58.458 7800 7902 W AsyncOperation: at elfv.a(:com.google.android.gms@244337026@24.43.37 (150800-693941914):10)
12-05 10:06:58.458 7800 7902 W AsyncOperation: at elgb.f(:com.google.android.gms@244337026@24.43.37 (150800-693941914):93)
12-05 10:06:58.458 7800 7902 W AsyncOperation: at elgb.h(:com.google.android.gms@244337026@24.43.37 (150800-693941914):23)
12-05 10:06:58.458 7800 7902 W AsyncOperation: at elgb.a(:com.google.android.gms@244337026@24.43.37 (150800-693941914):8)
12-05 10:06:58.458 7800 7902 W AsyncOperation: at elgk.run(:com.google.android.gms@244337026@24.43.37 (150800-693941914):9)
12-05 10:06:58.458 7800 7902 W AsyncOperation: at elgm.e(:com.google.android.gms@244337026@24.43.37 (150800-693941914):22)
12-05 10:06:58.458 7800 7902 W AsyncOperation: at elgm.a(:com.google.android.gms@244337026@24.43.37 (150800-693941914):6)
12-05 10:06:58.458 7800 7902 W AsyncOperation: at elfs.run(:com.google.android.gms@244337026@24.43.37 (150800-693941914):14)
12-05 10:06:58.458 7800 7902 W AsyncOperation: at elfp.run(:com.google.android.gms@244337026@24.43.37 (150800-693941914):3)
12-05 10:06:58.458 7800 7902 W AsyncOperation: at eihr.run(:com.google.android.gms@244337026@24.43.37 (150800-693941914):76)
12-05 10:06:58.458 7800 7902 W AsyncOperation: at eifp.execute(:com.google.android.gms@244337026@24.43.37 (150800-693941914):1)
12-05 10:06:58.458 7800 7902 W AsyncOperation: at elfx.execute(:com.google.android.gms@244337026@24.43.37 (150800-693941914):3)
12-05 10:06:58.458 7800 7902 W AsyncOperation: at eihs.execute(:com.google.android.gms@244337026@24.43.37 (150800-693941914):36)
12-05 10:06:58.458 7800 7902 W AsyncOperation: at elfg.execute(:com.google.android.gms@244337026@24.43.37 (150800-693941914):10)
12-05 10:06:58.458 7800 7902 W AsyncOperation: at eift.c(:com.google.android.gms@244337026@24.43.37 (150800-693941914):1)
12-05 10:06:58.458 7800 7902 W AsyncOperation: at eift.b(:com.google.android.gms@244337026@24.43.37 (150800-693941914):32)
12-05 10:06:58.458 7800 7902 W AsyncOperation: at eihd.done(:com.google.android.gms@244337026@24.43.37 (150800-693941914):3)
12-05 10:06:58.458 7800 7902 W AsyncOperation: at java.util.concurrent.FutureTask.finishCompletion(FutureTask.java:383)
12-05 10:06:58.458 7800 7902 W AsyncOperation: at java.util.concurrent.FutureTask.setException(FutureTask.java:252)
12-05 10:06:58.458 7800 7902 W AsyncOperation: at java.util.concurrent.FutureTask.run(FutureTask.java:271)
12-05 10:06:58.458 7800 7902 W AsyncOperation: ... 6 more
12-05 10:06:58.458 7800 7902 W AsyncOperation: Caused by: com.google.android.gms.auth.UserRecoverableAuthException: NeedRemoteConsent
12-05 10:06:58.458 7800 7902 W AsyncOperation: at snz.p(:com.google.android.gms@244337026@24.43.37 (150800-693941914):41)
12-05 10:06:58.458 7800 7902 W AsyncOperation: at snz.t(:com.google.android.gms@244337026@24.43.37 (150800-693941914):32)
12-05 10:06:58.458 7800 7902 W AsyncOperation: at sns.a(:com.google.android.gms@244337026@24.43.37 (150800-693941914):55)
12-05 10:06:58.458 7800 7902 W AsyncOperation: at snz.s(:com.google.android.gms@244337026@24.43.37 (150800-693941914):34)
12-05 10:06:58.458 7800 7902 W AsyncOperation: at snz.v(:com.google.android.gms@244337026@24.43.37 (150800-693941914):153)
12-05 10:06:58.458 7800 7902 W AsyncOperation: at eldc.d(:com.google.android.gms@244337026@24.43.37 (150800-693941914):10)
12-05 10:06:58.458 7800 7902 W AsyncOperation: at eldc.c(:com.google.android.gms@244337026@24.43.37 (150800-693941914):69)
12-05 10:06:58.458 7800 7902 W AsyncOperation: at elcz.call(:com.google.android.gms@244337026@24.43.37 (150800-693941914):8)
12-05 10:06:58.458 7800 7902 W AsyncOperation: at java.util.concurrent.FutureTask.run(FutureTask.java:266)
12-05 10:06:58.458 7800 7902 W AsyncOperation: at eldc.a(:com.google.android.gms@244337026@24.43.37 (150800-693941914):63)
12-05 10:06:58.458 7800 7902 W AsyncOperation: at elcc.call(:com.google.android.gms@244337026@24.43.37 (150800-693941914):25)
12-05 10:06:58.458 7800 7902 W AsyncOperation: at eaxq.call(:com.google.android.gms@244337026@24.43.37 (150800-693941914):13)
12-05 10:06:58.458 7800 7902 W AsyncOperation: at java.util.concurrent.FutureTask.run(FutureTask.java:266)
12-05 10:06:58.458 7800 7902 W AsyncOperation: ... 6 more
12-05 10:06:58.461 7846 8057 W OneGoogle: Failed to load owner avatar. exception type: akux
12-05 10:06:58.463 7800 7902 I MdiSyncModule: Operation '1' failed with status '38003'!
12-05 10:06:58.468 7846 9735 W Multidevice: [bwxk] Unable to retrieve user avatar. [CONTEXT service_id=348 ]
12-05 10:06:58.468 7846 9735 W Multidevice: akux: 38003: Sync failed with an authentication error!
12-05 10:06:58.468 7846 9735 W Multidevice: at alrb.a(:com.google.android.gms@244337026@24.43.37 (150800-693941914):15)
12-05 10:06:58.468 7846 9735 W Multidevice: at alar.c(:com.google.android.gms@244337026@24.43.37 (150800-693941914):12)
12-05 10:06:58.468 7846 9735 W Multidevice: at busa.a(:com.google.android.gms@244337026@24.43.37 (150800-693941914):13)
12-05 10:06:58.468 7846 9735 W Multidevice: at busa.ff(:com.google.android.gms@244337026@24.43.37 (150800-693941914):23)
12-05 10:06:58.468 7846 9735 W Multidevice: at ndh.onTransact(:com.google.android.gms@244337026@24.43.37 (150800-693941914):75)
12-05 10:06:58.468 7846 9735 W Multidevice: at android.os.Binder.execTransactInternal(Binder.java:1184)
12-05 10:06:58.468 7846 9735 W Multidevice: at android.os.Binder.execTransact(Binder.java:1143)
12-05 10:06:58.477 7800 7902 I MdiSyncModule: Executing operation '1'...
12-05 10:06:58.480 7846 9399 I Multidevice: [bwxk] accountInfosFlow.collect(): [AccountInfo(account=Account {name=BTPMJ354TFE33L6N4TBZXWF2SM-00@cloudtestlabaccounts.com, type=com.google}, accountDisplayName=BTPMJ354TFE33L6N4TBZXWF2SM-00@cloudtestlabaccounts.com, avatar=null, obfuscatedGaiaId=101193459317283617678)] [CONTEXT service_id=348 ]
12-05 10:06:58.512 7846 9736 I Multidevice: [bxba] presenceClient.sync( [CONTEXT service_id=348 ]
12-05 10:06:58.512 7846 9736 I Multidevice: [bxba] multideviceEnabled: false [CONTEXT service_id=348 ]
12-05 10:06:58.513 7846 9736 I Multidevice: [bxba] deviceName: sdk_goog3_gpc_x86_64 [CONTEXT service_id=348 ]
12-05 10:06:58.521 7846 9736 I Multidevice: [bxba] accountListForSync: [] [CONTEXT service_id=348 ]
12-05 10:06:58.521 7846 9736 I Multidevice: [bxba] ) [CONTEXT service_id=348 ]
12-05 10:06:58.532 7846 7846 D BoundBrokerSvc: onRebind: Intent { act=com.google.android.gms.nearby.presence.service.START dat=chimera-action: cmp=com.google.android.gms/.chimera.PersistentApiServiceNoInstantApps }
12-05 10:06:58.537 7846 9403 I Multidevice: [bxba] settingsState.collect(): bxat@2d18b2a [CONTEXT service_id=348 ]
12-05 10:06:58.581 7800 7800 D BoundBrokerSvc: onRebind: Intent { act=com.google.android.gms.notifications.registration.service.NotificationsRegistrationTaskBoundService.ACTION_TASK_READY dat=chimera-action: cmp=com.google.android.gms/.chimera.GmsInternalBoundBrokerService }
12-05 10:06:58.584 7800 7800 I GmsCoreXrpcWrapper: Returning a channel provider with trafficStatsTag=67175169 trafficStatsUid=-1
12-05 10:06:58.620 7846 9852 I Multidevice: [bwvh] Multidevice Sync Response: com.google.android.gms.nearby.presence.ServerSyncResult@73e47ce [CONTEXT service_id=348 ]
12-05 10:06:58.649 7800 7800 D BoundBrokerSvc: onBind: Intent { act=com.google.android.gms.checkin.START pkg=com.google.android.gms }
12-05 10:06:58.649 7800 7800 D BoundBrokerSvc: Loading bound service for intent: Intent { act=com.google.android.gms.checkin.START pkg=com.google.android.gms }
12-05 10:06:58.653 7800 7888 I Checkin : [CheckinApiChimeraService] onGetService
12-05 10:06:58.656 7846 9802 W .gms.persisten: Long monitor contention with owner netscheduler-queue-handler (8093) at void cqhh.o(int)(:com.google.android.gms@244337026@24.43.37 (150800-693941914):27) waiters=0 in int cqhh.r(cqdf) for 155ms
12-05 10:06:58.660 7846 9802 I NetworkScheduler.Stats: Task com.google.android.gms/com.google.android.gms.notifications.registration.service.NotificationsRegistrationTaskBoundService started execution. cause:5 exec_start_elapsed_seconds: 582 [CONTEXT service_id=218 ]
12-05 10:06:58.667 7846 9802 I NetworkScheduler.Stats: Task com.google.android.gms/com.google.android.gms.clearcut.uploader.QosUploaderService started execution. cause:5 exec_start_elapsed_seconds: 582 [CONTEXT service_id=218 ]
12-05 10:06:58.670 7800 7947 W ChimeGmsRegistrationHan: Failed to create registration request. [CONTEXT service_id=358 ]
12-05 10:06:58.670 7800 7947 W ChimeGmsRegistrationHan: cjrj: Registration ID not found.
12-05 10:06:58.670 7800 7947 W ChimeGmsRegistrationHan: at cjrk.(:com.google.android.gms@244337026@24.43.37 (150800-693941914):2)
12-05 10:06:58.670 7800 7947 W ChimeGmsRegistrationHan: at cjrr.c(:com.google.android.gms@244337026@24.43.37 (150800-693941914):273)
12-05 10:06:58.670 7800 7947 W ChimeGmsRegistrationHan: at cjrr.a(:com.google.android.gms@244337026@24.43.37 (150800-693941914):110)
12-05 10:06:58.670 7800 7947 W ChimeGmsRegistrationHan: at cjps.a(:com.google.android.gms@244337026@24.43.37 (150800-693941914):197)
12-05 10:06:58.670 7800 7947 W ChimeGmsRegistrationHan: at cjpn.a(:com.google.android.gms@244337026@24.43.37 (150800-693941914):406)
12-05 10:06:58.670 7800 7947 W ChimeGmsRegistrationHan: at cjpi.b(:com.google.android.gms@244337026@24.43.37 (150800-693941914):14)
12-05 10:06:58.670 7800 7947 W ChimeGmsRegistrationHan: at fpnu.v(:com.google.android.gms@244337026@24.43.37 (150800-693941914):12)
12-05 10:06:58.670 7800 7947 W ChimeGmsRegistrationHan: at fpwq.run(:com.google.android.gms@244337026@24.43.37 (150800-693941914):112)
12-05 10:06:58.670 7800 7947 W ChimeGmsRegistrationHan: at amjy.c(:com.google.android.gms@244337026@24.43.37 (150800-693941914):50)
12-05 10:06:58.670 7800 7947 W ChimeGmsRegistrationHan: at amjy.run(:com.google.android.gms@244337026@24.43.37 (150800-693941914):76)
12-05 10:06:58.670 7800 7947 W ChimeGmsRegistrationHan: at java.util.concurrent.ThreadPoolExecutor.runWorker(ThreadPoolExecutor.java:1167)
12-05 10:06:58.670 7800 7947 W ChimeGmsRegistrationHan: at java.util.concurrent.ThreadPoolExecutor$Worker.run(ThreadPoolExecutor.java:641)
12-05 10:06:58.670 7800 7947 W ChimeGmsRegistrationHan: at ampj.run(:com.google.android.gms@244337026@24.43.37 (150800-693941914):8)
12-05 10:06:58.670 7800 7947 W ChimeGmsRegistrationHan: at java.lang.Thread.run(Thread.java:920)
12-05 10:06:58.673 7800 7947 I NotificationsModuleTask: Registering accounts to Chime Failed & Rescheduled for later. [CONTEXT service_id=358 ]
12-05 10:06:58.676 7800 9767 I GCM : Checking if the GCM ID is available and maybe schedule a task to register GMS if not.
12-05 10:06:58.677 7800 9767 I GCM-GMS : Scheduling task to register GMS
12-05 10:06:58.683 7846 8106 I NetworkScheduler.Stats: Task com.google.android.gms/com.google.android.gms.notifications.registration.service.NotificationsRegistrationTaskBoundService finished executing. cause:5 result: 3 elapsed_millis: 111 uptime_millis: 111 exec_start_elapsed_seconds: 582 [CONTEXT service_id=218 ]
12-05 10:06:58.692 7846 8692 W Auth : [RequestTokenManager] getToken() -> NEED_REMOTE_CONSENT. App: com.google.android.gms, Service: oauth2:https://www.googleapis.com/auth/webhistory
12-05 10:06:58.696 7800 7800 D BoundBrokerSvc: onUnbind: Intent { act=com.google.android.gms.notifications.registration.service.NotificationsRegistrationTaskBoundService.ACTION_TASK_READY dat=chimera-action: cmp=com.google.android.gms/.chimera.GmsInternalBoundBrokerService }
12-05 10:06:58.708 7846 8692 W Auth : [GetToken] GetToken failed with status code: NeedRemoteConsent [CONTEXT service_id=343 ]
12-05 10:06:58.760 7800 9776 W Auth : [GoogleAuthUtil] [GoogleAuthUtil] error status:NEED_REMOTE_CONSENT with method:getTokenWithDetails
12-05 10:06:58.811 0 0 W audit : audit_lost=1302 audit_rate_limit=5 audit_backlog_limit=64
12-05 10:06:58.823 0 0 E audit : rate limit exceeded
12-05 10:06:58.885 7846 9691 W Auth : [RequestTokenManager] getToken() -> NEED_REMOTE_CONSENT. App: com.google.android.gms, Service: oauth2:https://www.googleapis.com/auth/peopleapi.legacy.readwrite https://www.googleapis.com/auth/peopleapi.readonly https://www.googleapis.com/auth/peopleapi.readwrite https://www.googleapis.com/auth/plus.peopleapi.readwrite https://www.googleapis.com/auth/plus.me
12-05 10:06:58.905 7846 9691 W Auth : [GetToken] GetToken failed with status code: NeedRemoteConsent [CONTEXT service_id=343 ]
12-05 10:06:58.948 7800 7906 W Auth : [GoogleAuthUtil] [GoogleAuthUtil] error status:NEED_REMOTE_CONSENT with method:getTokenWithDetails
12-05 10:06:59.023 352 352 W RanchuHwc: validateDisplay: layer 31 CompositionType 1, fallback
12-05 10:06:59.036 352 352 W RanchuHwc: presentDisplay display has no layers to compose, flushing client target buffer.
12-05 10:06:59.100 1931 2227 E cr_CronetUrlRequestContext: Exception in upload method
12-05 10:06:59.100 1931 2227 E cr_CronetUrlRequestContext: com.google.android.apps.gsa.shared.q.d: Error code: 656394 | null
12-05 10:06:59.100 1931 2227 E cr_CronetUrlRequestContext: at com.google.android.libraries.gsa.c.a.n.fZ(SourceFile:1)
12-05 10:06:59.100 1931 2227 E cr_CronetUrlRequestContext: at com.google.android.libraries.gsa.k.a.n.fZ(SourceFile:2)
12-05 10:06:59.100 1931 2227 E cr_CronetUrlRequestContext: at com.google.common.w.a.bv.run(SourceFile:6)
12-05 10:06:59.100 1931 2227 E cr_CronetUrlRequestContext: at com.google.android.apps.gsa.shared.util.c.a.bt.b(SourceFile:1)
12-05 10:06:59.100 1931 2227 E cr_CronetUrlRequestContext: at com.google.android.apps.gsa.shared.util.c.a.bw.run(SourceFile:1)
12-05 10:06:59.100 1931 2227 E cr_CronetUrlRequestContext: at com.google.android.libraries.g.ab.run(SourceFile:1)
12-05 10:06:59.100 1931 2227 E cr_CronetUrlRequestContext: at java.util.concurrent.ThreadPoolExecutor.runWorker(ThreadPoolExecutor.java:1167)
12-05 10:06:59.100 1931 2227 E cr_CronetUrlRequestContext: at java.util.concurrent.ThreadPoolExecutor$Worker.run(ThreadPoolExecutor.java:641)
12-05 10:06:59.100 1931 2227 E cr_CronetUrlRequestContext: at com.google.android.libraries.g.n.run(SourceFile:2)
12-05 10:06:59.100 1931 2227 E cr_CronetUrlRequestContext: at com.google.android.libraries.g.d.run(SourceFile:2)
12-05 10:06:59.100 1931 2227 E cr_CronetUrlRequestContext: at java.lang.Thread.run(Thread.java:920)
12-05 10:06:59.100 1931 2227 E cr_CronetUrlRequestContext: Caused by: java.util.concurrent.TimeoutException
12-05 10:06:59.100 1931 2227 E cr_CronetUrlRequestContext: at com.google.android.apps.gsa.shared.util.c.w.run(SourceFile:2)
12-05 10:06:59.100 1931 2227 E cr_CronetUrlRequestContext: at com.google.android.libraries.gsa.k.a.k.run(SourceFile:2)
12-05 10:06:59.100 1931 2227 E cr_CronetUrlRequestContext: at com.google.android.apps.gsa.shared.util.c.a.bt.b(SourceFile:1)
12-05 10:06:59.100 1931 2227 E cr_CronetUrlRequestContext: at com.google.android.apps.gsa.shared.util.c.a.bw.run(SourceFile:1)
12-05 10:06:59.100 1931 2227 E cr_CronetUrlRequestContext: at java.util.concurrent.Executors$RunnableAdapter.call(Executors.java:462)
12-05 10:06:59.100 1931 2227 E cr_CronetUrlRequestContext: at java.util.concurrent.FutureTask.run(FutureTask.java:266)
12-05 10:06:59.100 1931 2227 E cr_CronetUrlRequestContext: at com.google.android.libraries.g.r.run(SourceFile:1)
12-05 10:06:59.100 1931 2227 E cr_CronetUrlRequestContext: ... 5 more
12-05 10:06:59.115 7846 8057 W Auth : [RequestTokenManager] getToken() -> NEED_REMOTE_CONSENT. App: com.google.android.gms, Service: oauth2:https://www.googleapis.com/auth/webhistory
12-05 10:06:59.117 7846 8057 W Auth : [GetToken] GetToken failed with status code: NeedRemoteConsent [CONTEXT service_id=343 ]
12-05 10:06:59.149 7846 7861 I .gms.persisten: Background concurrent copying GC freed 277260(13MB) AllocSpace objects, 28(1180KB) LOS objects, 49% free, 15MB/30MB, paused 118us,64us total 289.760ms
12-05 10:06:59.169 7800 9776 W Auth : [GoogleAuthUtil] [GoogleAuthUtil] error status:NEED_REMOTE_CONSENT with method:getTokenWithDetails
12-05 10:06:59.221 360 360 E android.hardware.power.stats@1.0-service-mock: Failed to getEnergyData
12-05 10:06:59.234 7800 8792 W AsyncOperation: operation=SyncActivityControlsSettingsInternalOperation, opStatusCode=7 [CONTEXT service_id=220 ]
12-05 10:06:59.234 7800 8792 W AsyncOperation: OperationException[Status{statusCode=Downloading settings failed!, resolution=null}]
12-05 10:06:59.234 7800 8792 W AsyncOperation: at dbkb.f(:com.google.android.gms@244337026@24.43.37 (150800-693941914):194)
12-05 10:06:59.234 7800 8792 W AsyncOperation: at bpnh.fj(:com.google.android.gms@244337026@24.43.37 (150800-693941914):1)
12-05 10:06:59.234 7800 8792 W AsyncOperation: at bpnt.run(:com.google.android.gms@244337026@24.43.37 (150800-693941914):66)
12-05 10:06:59.234 7800 8792 W AsyncOperation: at eaxt.run(:com.google.android.gms@244337026@24.43.37 (150800-693941914):21)
12-05 10:06:59.234 7800 8792 W AsyncOperation: at amjy.c(:com.google.android.gms@244337026@24.43.37 (150800-693941914):50)
12-05 10:06:59.234 7800 8792 W AsyncOperation: at amjy.run(:com.google.android.gms@244337026@24.43.37 (150800-693941914):76)
12-05 10:06:59.234 7800 8792 W AsyncOperation: at java.util.concurrent.ThreadPoolExecutor.runWorker(ThreadPoolExecutor.java:1167)
12-05 10:06:59.234 7800 8792 W AsyncOperation: at java.util.concurrent.ThreadPoolExecutor$Worker.run(ThreadPoolExecutor.java:641)
12-05 10:06:59.234 7800 8792 W AsyncOperation: at ampj.run(:com.google.android.gms@244337026@24.43.37 (150800-693941914):8)
12-05 10:06:59.234 7800 8792 W AsyncOperation: at java.lang.Thread.run(Thread.java:920)
12-05 10:06:59.234 7800 8792 W AsyncOperation: Caused by: fola: UNAUTHENTICATED
12-05 10:06:59.234 7800 8792 W AsyncOperation: at fper.b(:com.google.android.gms@244337026@24.43.37 (150800-693941914):165)
12-05 10:06:59.234 7800 8792 W AsyncOperation: at exlc.b(:com.google.android.gms@244337026@24.43.37 (150800-693941914):68)
12-05 10:06:59.234 7800 8792 W AsyncOperation: at dboj.n(:com.google.android.gms@244337026@24.43.37 (150800-693941914):399)
12-05 10:06:59.234 7800 8792 W AsyncOperation: at dboj.e(:com.google.android.gms@244337026@24.43.37 (150800-693941914):32)
12-05 10:06:59.234 7800 8792 W AsyncOperation: at dbka.a(:com.google.android.gms@244337026@24.43.37 (150800-693941914):9)
12-05 10:06:59.234 7800 8792 W AsyncOperation: at dlnk.a(:com.google.android.gms@244337026@24.43.37 (150800-693941914):3)
12-05 10:06:59.234 7800 8792 W AsyncOperation: at dlnr.a(:com.google.android.gms@244337026@24.43.37 (150800-693941914):158)
12-05 10:06:59.234 7800 8792 W AsyncOperation: at eaxp.a(:com.google.android.gms@244337026@24.43.37 (150800-693941914):13)
12-05 10:06:59.234 7800 8792 W AsyncOperation: at eieb.d(:com.google.android.gms@244337026@24.43.37 (150800-693941914):3)
12-05 10:06:59.234 7800 8792 W AsyncOperation: at eied.run(:com.google.android.gms@244337026@24.43.37 (150800-693941914):42)
12-05 10:06:59.234 7800 8792 W AsyncOperation: ... 6 more
12-05 10:06:59.234 7800 8792 W AsyncOperation: Caused by: com.google.android.gms.auth.UserRecoverableAuthException: NeedRemoteConsent
12-05 10:06:59.234 7800 8792 W AsyncOperation: at snz.p(:com.google.android.gms@244337026@24.43.37 (150800-693941914):41)
12-05 10:06:59.234 7800 8792 W AsyncOperation: at snz.t(:com.google.android.gms@244337026@24.43.37 (150800-693941914):32)
12-05 10:06:59.234 7800 8792 W AsyncOperation: at sns.a(:com.google.android.gms@244337026@24.43.37 (150800-693941914):55)
12-05 10:06:59.234 7800 8792 W AsyncOperation: at snz.s(:com.google.android.gms@244337026@24.43.37 (150800-693941914):34)
12-05 10:06:59.234 7800 8792 W AsyncOperation: at snz.v(:com.google.android.gms@244337026@24.43.37 (150800-693941914):153)
12-05 10:06:59.234 7800 8792 W AsyncOperation: at eldc.d(:com.google.android.gms@244337026@24.43.37 (150800-693941914):10)
12-05 10:06:59.234 7800 8792 W AsyncOperation: at eldc.c(:com.google.android.gms@244337026@24.43.37 (150800-693941914):69)
12-05 10:06:59.234 7800 8792 W AsyncOperation: at elcz.call(:com.google.android.gms@244337026@24.43.37 (150800-693941914):8)
12-05 10:06:59.234 7800 8792 W AsyncOperation: at java.util.concurrent.FutureTask.run(FutureTask.java:266)
12-05 10:06:59.234 7800 8792 W AsyncOperation: at eldc.a(:com.google.android.gms@244337026@24.43.37 (150800-693941914):63)
12-05 10:06:59.234 7800 8792 W AsyncOperation: at elcc.call(:com.google.android.gms@244337026@24.43.37 (150800-693941914):25)
12-05 10:06:59.234 7800 8792 W AsyncOperation: at eaxq.call(:com.google.android.gms@244337026@24.43.37 (150800-693941914):13)
12-05 10:06:59.234 7800 8792 W AsyncOperation: at java.util.concurrent.FutureTask.run(FutureTask.java:266)
12-05 10:06:59.234 7800 8792 W AsyncOperation: ... 6 more
12-05 10:06:59.240 7800 8792 W FacsCacheGmsModule: Operation 'SyncActivityControlsSettingsInternalOperation' failed with status '7'!
12-05 10:06:59.244 7846 9660 W AsyncOperation: operation=GetActivityControlsSettingsOperation, opStatusCode=7 [CONTEXT service_id=202 ]
12-05 10:06:59.244 7846 9660 W AsyncOperation: OperationException[Status{statusCode=Internal sync API failure!, resolution=null}]
12-05 10:06:59.244 7846 9660 W AsyncOperation: at dbje.i(:com.google.android.gms@244337026@24.43.37 (150800-693941914):27)
12-05 10:06:59.244 7846 9660 W AsyncOperation: at dbjm.f(:com.google.android.gms@244337026@24.43.37 (150800-693941914):139)
12-05 10:06:59.244 7846 9660 W AsyncOperation: at bpnh.fj(:com.google.android.gms@244337026@24.43.37 (150800-693941914):1)
12-05 10:06:59.244 7846 9660 W AsyncOperation: at bpnt.run(:com.google.android.gms@244337026@24.43.37 (150800-693941914):66)
12-05 10:06:59.244 7846 9660 W AsyncOperation: at eaxt.run(:com.google.android.gms@244337026@24.43.37 (150800-693941914):21)
12-05 10:06:59.244 7846 9660 W AsyncOperation: at amjy.c(:com.google.android.gms@244337026@24.43.37 (150800-693941914):50)
12-05 10:06:59.244 7846 9660 W AsyncOperation: at amjy.run(:com.google.android.gms@244337026@24.43.37 (150800-693941914):76)
12-05 10:06:59.244 7846 9660 W AsyncOperation: at java.util.concurrent.ThreadPoolExecutor.runWorker(ThreadPoolExecutor.java:1167)
12-05 10:06:59.244 7846 9660 W AsyncOperation: at java.util.concurrent.ThreadPoolExecutor$Worker.run(ThreadPoolExecutor.java:641)
12-05 10:06:59.244 7846 9660 W AsyncOperation: at ampj.run(:com.google.android.gms@244337026@24.43.37 (150800-693941914):8)
12-05 10:06:59.244 7846 9660 W AsyncOperation: at java.lang.Thread.run(Thread.java:920)
12-05 10:06:59.244 7846 9660 W AsyncOperation: Caused by: akux: 7: Downloading settings failed!
12-05 10:06:59.244 7846 9660 W AsyncOperation: at alrb.a(:com.google.android.gms@244337026@24.43.37 (150800-693941914):15)
12-05 10:06:59.244 7846 9660 W AsyncOperation: at alar.b(:com.google.android.gms@244337026@24.43.37 (150800-693941914):11)
12-05 10:06:59.244 7846 9660 W AsyncOperation: at atfy.c(:com.google.android.gms@244337026@24.43.37 (150800-693941914):10)
12-05 10:06:59.244 7846 9660 W AsyncOperation: at atgp.ff(:com.google.android.gms@244337026@24.43.37 (150800-693941914):51)
12-05 10:06:59.244 7846 9660 W AsyncOperation: at ndh.onTransact(:com.google.android.gms@244337026@24.43.37 (150800-693941914):75)
12-05 10:06:59.244 7846 9660 W AsyncOperation: at android.os.Binder.execTransactInternal(Binder.java:1184)
12-05 10:06:59.244 7846 9660 W AsyncOperation: at android.os.Binder.execTransact(Binder.java:1143)
12-05 10:06:59.255 7846 9660 W FacsCacheGmsModule: Operation 'GetActivityControlsSettingsOperation' failed with status '7'!
12-05 10:06:59.259 7800 9861 E SwaaNcc : Gaia accounts check failed [CONTEXT service_id=299 ]
12-05 10:06:59.259 7800 9861 E SwaaNcc : akux: 7: Internal sync API failure!
12-05 10:06:59.259 7800 9861 E SwaaNcc : at alrb.a(:com.google.android.gms@244337026@24.43.37 (150800-693941914):15)
12-05 10:06:59.259 7800 9861 E SwaaNcc : at alar.b(:com.google.android.gms@244337026@24.43.37 (150800-693941914):11)
12-05 10:06:59.259 7800 9861 E SwaaNcc : at atfo.d(:com.google.android.gms@244337026@24.43.37 (150800-693941914):44)
12-05 10:06:59.259 7800 9861 E SwaaNcc : at atgj.ff(:com.google.android.gms@244337026@24.43.37 (150800-693941914):75)
12-05 10:06:59.259 7800 9861 E SwaaNcc : at ndh.onTransact(:com.google.android.gms@244337026@24.43.37 (150800-693941914):75)
12-05 10:06:59.259 7800 9861 E SwaaNcc : at android.os.Binder.execTransactInternal(Binder.java:1184)
12-05 10:06:59.259 7800 9861 E SwaaNcc : at android.os.Binder.execTransact(Binder.java:1143)
12-05 10:06:59.263 7846 8057 I FacsCacheGmsModule: Received 'getActivityControlsSettings' request from package 'com.google.android.gms', instance id 'gmscorelogger', version '1'...
12-05 10:06:59.267 7846 8057 I FacsCacheGmsModule: Operation 'getActivityControlsSettings' dispatched!
12-05 10:06:59.268 7846 9660 I FacsCacheGmsModule: Executing operation 'GetActivityControlsSettingsOperation'...
12-05 10:06:59.281 7846 8692 W Auth : [RequestTokenManager] getToken() -> NEED_REMOTE_CONSENT. App: com.google.android.gms, Service: oauth2:https://www.googleapis.com/auth/peopleapi.legacy.readwrite https://www.googleapis.com/auth/peopleapi.readonly https://www.googleapis.com/auth/peopleapi.readwrite https://www.googleapis.com/auth/plus.peopleapi.readwrite https://www.googleapis.com/auth/plus.me
12-05 10:06:59.283 7846 8692 W Auth : [GetToken] GetToken failed with status code: NeedRemoteConsent [CONTEXT service_id=343 ]
12-05 10:06:59.292 7846 9660 I FacsCacheGmsModule: Forwarding operation 'GetActivityControlsSettingsOperation' to internal FACS API...
12-05 10:06:59.295 7800 9861 I FacsCacheGmsModule: Received 'syncActivityControlsSettingsInternal' (forced: false) request...
12-05 10:06:59.316 7800 9861 I FacsCacheGmsModule: Operation 'syncActivityControlsSettingsInternal' dispatched!
12-05 10:06:59.319 7800 9573 I FacsCacheGmsModule: Executing operation 'SyncActivityControlsSettingsInternalOperation'...
12-05 10:06:59.321 7800 9573 I FacsCacheGmsModule: Operation 'SyncActivityControlsSettingsInternalOperation' performing sync (type: 'EMPTY_CACHE')...
12-05 10:06:59.344 7800 7947 W Auth : [GoogleAuthUtil] [GoogleAuthUtil] error status:NEED_REMOTE_CONSENT with method:getTokenWithDetails
12-05 10:06:59.409 331 9862 D resolv : GetAddrInfoHandler::run: {100 786532 100 983140 10105 0}
12-05 10:06:59.409 331 9862 D resolv : resolv_getaddrinfo: explore_fqdn(): ai_family=0 ai_socktype=1 ai_protocol=6
12-05 10:06:59.412 331 9863 D resolv : doQuery: (1, 28)
12-05 10:06:59.413 7800 7902 W AsyncOperation: operation=HandleSyncOperation, opStatusCode=38003 [CONTEXT service_id=215 ]
12-05 10:06:59.413 7800 7902 W AsyncOperation: OperationException[Status{statusCode=Sync failed with an authentication error!, resolution=null}]
12-05 10:06:59.413 7800 7902 W AsyncOperation: at buul.f(:com.google.android.gms@244337026@24.43.37 (150800-693941914):567)
12-05 10:06:59.413 7800 7902 W AsyncOperation: at bpnh.fj(:com.google.android.gms@244337026@24.43.37 (150800-693941914):1)
12-05 10:06:59.413 7800 7902 W AsyncOperation: at bpnt.run(:com.google.android.gms@244337026@24.43.37 (150800-693941914):66)
12-05 10:06:59.413 7800 7902 W AsyncOperation: at eaxt.run(:com.google.android.gms@244337026@24.43.37 (150800-693941914):21)
12-05 10:06:59.413 7800 7902 W AsyncOperation: at amjy.c(:com.google.android.gms@244337026@24.43.37 (150800-693941914):50)
12-05 10:06:59.413 7800 7902 W AsyncOperation: at amjy.run(:com.google.android.gms@244337026@24.43.37 (150800-693941914):97)
12-05 10:06:59.413 7800 7902 W AsyncOperation: at java.util.concurrent.ThreadPoolExecutor.runWorker(ThreadPoolExecutor.java:1167)
12-05 10:06:59.413 7800 7902 W AsyncOperation: at java.util.concurrent.ThreadPoolExecutor$Worker.run(ThreadPoolExecutor.java:641)
12-05 10:06:59.413 7800 7902 W AsyncOperation: at ampj.run(:com.google.android.gms@244337026@24.43.37 (150800-693941914):8)
12-05 10:06:59.413 7800 7902 W AsyncOperation: at java.lang.Thread.run(Thread.java:920)
12-05 10:06:59.413 7800 7902 W AsyncOperation: Caused by: buuo: fola: UNAUTHENTICATED
12-05 10:06:59.413 7800 7902 W AsyncOperation: at buqh.a(:com.google.android.gms@244337026@24.43.37 (150800-693941914):82)
12-05 10:06:59.413 7800 7902 W AsyncOperation: at buoo.a(:com.google.android.gms@244337026@24.43.37 (150800-693941914):3)
12-05 10:06:59.413 7800 7902 W AsyncOperation: at eidu.d(:com.google.android.gms@244337026@24.43.37 (150800-693941914):3)
12-05 10:06:59.413 7800 7902 W AsyncOperation: at eidw.run(:com.google.android.gms@244337026@24.43.37 (150800-693941914):130)
12-05 10:06:59.413 7800 7902 W AsyncOperation: at eifp.execute(:com.google.android.gms@244337026@24.43.37 (150800-693941914):1)
12-05 10:06:59.413 7800 7902 W AsyncOperation: at eidx.h(:com.google.android.gms@244337026@24.43.37 (150800-693941914):1)
12-05 10:06:59.413 7800 7902 W AsyncOperation: at eidx.l(:com.google.android.gms@244337026@24.43.37 (150800-693941914):101)
12-05 10:06:59.413 7800 7902 W AsyncOperation: at eidx.p(:com.google.android.gms@244337026@24.43.37 (150800-693941914):19)
12-05 10:06:59.413 7800 7902 W AsyncOperation: at eied.run(:com.google.android.gms@244337026@24.43.37 (150800-693941914):81)
12-05 10:06:59.413 7800 7902 W AsyncOperation: at eifp.execute(:com.google.android.gms@244337026@24.43.37 (150800-693941914):1)
12-05 10:06:59.413 7800 7902 W AsyncOperation: at eidx.h(:com.google.android.gms@244337026@24.43.37 (150800-693941914):1)
12-05 10:06:59.413 7800 7902 W AsyncOperation: at eidx.l(:com.google.android.gms@244337026@24.43.37 (150800-693941914):101)
12-05 10:06:59.413 7800 7902 W AsyncOperation: at eidx.p(:com.google.android.gms@244337026@24.43.37 (150800-693941914):19)
12-05 10:06:59.413 7800 7902 W AsyncOperation: at eied.run(:com.google.android.gms@244337026@24.43.37 (150800-693941914):81)
12-05 10:06:59.413 7800 7902 W AsyncOperation: at eifp.execute(:com.google.android.gms@244337026@24.43.37 (150800-693941914):1)
12-05 10:06:59.413 7800 7902 W AsyncOperation: at eidx.h(:com.google.android.gms@244337026@24.43.37 (150800-693941914):1)
12-05 10:06:59.413 7800 7902 W AsyncOperation: at eidx.l(:com.google.android.gms@244337026@24.43.37 (150800-693941914):101)
12-05 10:06:59.413 7800 7902 W AsyncOperation: at eidx.p(:com.google.android.gms@244337026@24.43.37 (150800-693941914):19)
12-05 10:06:59.413 7800 7902 W AsyncOperation: at eied.run(:com.google.android.gms@244337026@24.43.37 (150800-693941914):81)
12-05 10:06:59.413 7800 7902 W AsyncOperation: at eifp.execute(:com.google.android.gms@244337026@24.43.37 (150800-693941914):1)
12-05 10:06:59.413 7800 7902 W AsyncOperation: at eidx.h(:com.google.android.gms@244337026@24.43.37 (150800-693941914):1)
12-05 10:06:59.413 7800 7902 W AsyncOperation: at eidx.l(:com.google.android.gms@244337026@24.43.37 (150800-693941914):101)
12-05 10:06:59.413 7800 7902 W AsyncOperation: at eidx.p(:com.google.android.gms@244337026@24.43.37 (150800-693941914):19)
12-05 10:06:59.413 7800 7902 W AsyncOperation: at eied.run(:com.google.android.gms@244337026@24.43.37 (150800-693941914):81)
12-05 10:06:59.413 7800 7902 W AsyncOperation: at eifp.execute(:com.google.android.gms@244337026@24.43.37 (150800-693941914):1)
12-05 10:06:59.413 7800 7902 W AsyncOperation: at eidx.h(:com.google.android.gms@244337026@24.43.37 (150800-693941914):1)
12-05 10:06:59.413 7800 7902 W AsyncOperation: at eidx.l(:com.google.android.gms@244337026@24.43.37 (150800-693941914):101)
12-05 10:06:59.413 7800 7902 W AsyncOperation: at eidx.r(:com.google.android.gms@244337026@24.43.37 (150800-693941914):28)
12-05 10:06:59.413 7800 7902 W AsyncOperation: at eigm.run(:com.google.android.gms@244337026@24.43.37 (150800-693941914):5)
12-05 10:06:59.413 7800 7902 W AsyncOperation: at eifp.execute(:com.google.android.gms@244337026@24.43.37 (150800-693941914):1)
12-05 10:06:59.413 7800 7902 W AsyncOperation: at eidx.h(:com.google.android.gms@244337026@24.43.37 (150800-693941914):1)
12-05 10:06:59.413 7800 7902 W AsyncOperation: at eidx.l(:com.google.android.gms@244337026@24.43.37 (150800-693941914):101)
12-05 10:06:59.413 7800 7902 W AsyncOperation: at eidx.r(:com.google.android.gms@244337026@24.43.37 (150800-693941914):28)
12-05 10:06:59.413 7800 7902 W AsyncOperation: at eigm.run(:com.google.android.gms@244337026@24.43.37 (150800-693941914):5)
12-05 10:06:59.413 7800 7902 W AsyncOperation: at eifp.execute(:com.google.android.gms@244337026@24.43.37 (150800-693941914):1)
12-05 10:06:59.413 7800 7902 W AsyncOperation: at eidx.h(:com.google.android.gms@244337026@24.43.37 (150800-693941914):1)
12-05 10:06:59.413 7800 7902 W AsyncOperation: at eidx.l(:com.google.android.gms@244337026@24.43.37 (150800-693941914):101)
12-05 10:06:59.413 7800 7902 W AsyncOperation: at eidx.p(:com.google.android.gms@244337026@24.43.37 (150800-693941914):19)
12-05 10:06:59.413 7800 7902 W AsyncOperation: at eifn.d(:com.google.android.gms@244337026@24.43.37 (150800-693941914):18)
12-05 10:06:59.414 331 9864 D resolv : doQuery: (1, 1)
12-05 10:06:59.414 331 9864 D resolv : res_nmkquery: (QUERY, IN, A)
12-05 10:06:59.414 331 9864 D resolv : res_nsend
12-05 10:06:59.414 331 9864 I resolv : resolv_cache_lookup: lookup
12-05 10:06:59.414 331 9864 I resolv : resolv_cache_lookup: NOT IN CACHE (STALE ENTRY 0x78c8fbc62cd0DISCARDED)
12-05 10:06:59.414 331 9864 I resolv : _cache_remove_p: entry 63 removed (count=69)
12-05 10:06:59.414 331 9864 I resolv : resolv_populate_res_for_net: netid=100
12-05 10:06:59.417 331 9864 I resolv : res_stats_usable_server: NS stats: S 60 + E 0 + T 4 + I 0 = 64, rtt = 6, min_samples = 8
12-05 10:06:59.417 331 9864 I resolv : res_stats_usable_server: success rate 93
12-05 10:06:59.417 331 9864 D resolv : res_nsend: Querying server (# 1) address = 10.0.2.3:53
12-05 10:06:59.417 331 9864 D resolv : send_dg: new DG socket
12-05 10:06:59.417 331 9864 I resolv : get_timeout: using timeout of 5000 msec
12-05 10:06:59.417 331 9864 I resolv : retrying_poll: 55 retrying_poll
12-05 10:06:59.421 331 9864 I resolv : retrying_poll: 55 retrying_poll returning 1
12-05 10:06:59.421 331 9864 I resolv : res_nsend: used send_dg 101 terrno: 0
12-05 10:06:59.421 331 9864 I resolv : res_stats_set_sample: rcode = 0, sec = 4
12-05 10:06:59.421 331 9864 I resolv : res_cache_add_stats_sample_locked: adding sample to stats, next = 28, count = 64
12-05 10:06:59.421 331 9864 D resolv : res_nsend: got answer:
12-05 10:06:59.421 331 9864 I resolv : answer_getTTL: TTL = 300
12-05 10:06:59.421 331 9864 I resolv : _cache_add_p: entry 93 added (count=70)
12-05 10:06:59.421 331 9864 I resolv : cache_dump_mru_locked: MRU LIST (70): 93 92 91 90 89 88 87 71 70 72 69 86 85 84 83 82 81 80 79 78 77 76 75 74 73 68 67 42 41 37 38 60 59 54 55 39 40 15 16 66 65 57 58 64 62 61 24 23 56 21 53 52 17 18 50 49 48 47 43 44 7 8 30 29 20 19 10 9 2 1
12-05 10:06:59.421 331 9864 D resolv : doQuery: rcode=0, ancount=4
12-05 10:06:59.424 331 9863 D resolv : res_nmkquery: (QUERY, IN, AAAA)
12-05 10:06:59.427 331 9863 D resolv : res_nsend
12-05 10:06:59.428 331 9863 I resolv : resolv_cache_lookup: lookup
12-05 10:06:59.429 331 9863 I resolv : resolv_cache_lookup: NOT IN CACHE (STALE ENTRY 0x78c8fbc658b0DISCARDED)
12-05 10:06:59.430 331 9863 I resolv : _cache_remove_p: entry 64 removed (count=69)
12-05 10:06:59.432 7800 7902 W AsyncOperation: at eiha.run(:com.google.android.gms@244337026@24.43.37 (150800-693941914):39)
12-05 10:06:59.432 7800 7902 W AsyncOperation: at amjy.c(:com.google.android.gms@244337026@24.43.37 (150800-693941914):50)
12-05 10:06:59.432 7800 7902 W AsyncOperation: at amjy.run(:com.google.android.gms@244337026@24.43.37 (150800-693941914):76)
12-05 10:06:59.432 7800 7902 W AsyncOperation: ... 4 more
12-05 10:06:59.432 7800 7902 W AsyncOperation: Caused by: fola: UNAUTHENTICATED
12-05 10:06:59.432 7800 7902 W AsyncOperation: at fpeq.a(:com.google.android.gms@244337026@24.43.37 (150800-693941914):41)
12-05 10:06:59.432 7800 7902 W AsyncOperation: at elgb.f(:com.google.android.gms@244337026@24.43.37 (150800-693941914):93)
12-05 10:06:59.432 7800 7902 W AsyncOperation: at elgb.h(:com.google.android.gms@244337026@24.43.37 (150800-693941914):23)
12-05 10:06:59.432 7800 7902 W AsyncOperation: at elgb.a(:com.google.android.gms@244337026@24.43.37 (150800-693941914):8)
12-05 10:06:59.432 7800 7902 W AsyncOperation: at elgk.run(:com.google.android.gms@244337026@24.43.37 (150800-693941914):9)
12-05 10:06:59.432 7800 7902 W AsyncOperation: at elgm.e(:com.google.android.gms@244337026@24.43.37 (150800-693941914):22)
12-05 10:06:59.432 7800 7902 W AsyncOperation: at elgm.a(:com.google.android.gms@244337026@24.43.37 (150800-693941914):6)
12-05 10:06:59.432 7800 7902 W AsyncOperation: at elfs.run(:com.google.android.gms@244337026@24.43.37 (150800-693941914):14)
12-05 10:06:59.432 7800 7902 W AsyncOperation: at elfp.run(:com.google.android.gms@244337026@24.43.37 (150800-693941914):3)
12-05 10:06:59.432 7800 7902 W AsyncOperation: at eihq.run(:com.google.android.gms@244337026@24.43.37 (150800-693941914):3)
12-05 10:06:59.432 7800 7902 W AsyncOperation: at eihr.run(:com.google.android.gms@244337026@24.43.37 (150800-693941914):76)
12-05 10:06:59.432 7800 7902 W AsyncOperation: at eifp.execute(:com.google.android.gms@244337026@24.43.37 (150800-693941914):1)
12-05 10:06:59.432 7800 7902 W AsyncOperation: at elfx.execute(:com.google.android.gms@244337026@24.43.37 (150800-693941914):3)
12-05 10:06:59.432 7800 7902 W AsyncOperation: at eihs.execute(:com.google.android.gms@244337026@24.43.37 (150800-693941914):36)
12-05 10:06:59.432 7800 7902 W AsyncOperation: at elfg.execute(:com.google.android.gms@244337026@24.43.37 (150800-693941914):10)
12-05 10:06:59.432 7800 7902 W AsyncOperation: at elfv.a(:com.google.android.gms@244337026@24.43.37 (150800-693941914):10)
12-05 10:06:59.432 7800 7902 W AsyncOperation: at elgb.f(:com.google.android.gms@244337026@24.43.37 (150800-693941914):93)
12-05 10:06:59.432 7800 7902 W AsyncOperation: at elgb.h(:com.google.android.gms@244337026@24.43.37 (150800-693941914):23)
12-05 10:06:59.432 7800 7902 W AsyncOperation: at elgb.a(:com.google.android.gms@244337026@24.43.37 (150800-693941914):8)
12-05 10:06:59.432 7800 7902 W AsyncOperation: at elgk.run(:com.google.android.gms@244337026@24.43.37 (150800-693941914):9)
12-05 10:06:59.432 7800 7902 W AsyncOperation: at elgm.e(:com.google.android.gms@244337026@24.43.37 (150800-693941914):22)
12-05 10:06:59.432 7800 7902 W AsyncOperation: at elgm.a(:com.google.android.gms@244337026@24.43.37 (150800-693941914):6)
12-05 10:06:59.432 7800 7902 W AsyncOperation: at elfs.run(:com.google.android.gms@244337026@24.43.37 (150800-693941914):14)
12-05 10:06:59.432 7800 7902 W AsyncOperation: at elfp.run(:com.google.android.gms@244337026@24.43.37 (150800-693941914):3)
12-05 10:06:59.432 7800 7902 W AsyncOperation: at eihq.run(:com.google.android.gms@244337026@24.43.37 (150800-693941914):3)
12-05 10:06:59.432 7800 7902 W AsyncOperation: at eihr.run(:com.google.android.gms@244337026@24.43.37 (150800-693941914):76)
12-05 10:06:59.432 7800 7902 W AsyncOperation: at eifp.execute(:com.google.android.gms@244337026@24.43.37 (150800-693941914):1)
12-05 10:06:59.432 7800 7902 W AsyncOperation: at elfx.execute(:com.google.android.gms@244337026@24.43.37 (150800-693941914):3)
12-05 10:06:59.432 7800 7902 W AsyncOperation: at eihs.execute(:com.google.android.gms@244337026@24.43.37 (150800-693941914):36)
12-05 10:06:59.432 7800 7902 W AsyncOperation: at elfg.execute(:com.google.android.gms@244337026@24.43.37 (150800-693941914):10)
12-05 10:06:59.432 7800 7902 W AsyncOperation: at elfv.a(:com.google.android.gms@244337026@24.43.37 (150800-693941914):10)
12-05 10:06:59.432 7800 7902 W AsyncOperation: at elgb.f(:com.google.android.gms@244337026@24.43.37 (150800-693941914):93)
12-05 10:06:59.432 7800 7902 W AsyncOperation: at elgb.h(:com.google.android.gms@244337026@24.43.37 (150800-693941914):23)
12-05 10:06:59.432 7800 7902 W AsyncOperation: at elgb.a(:com.google.android.gms@244337026@24.43.37 (150800-693941914):8)
12-05 10:06:59.432 7800 7902 W AsyncOperation: at elgk.run(:com.google.android.gms@244337026@24.43.37 (150800-693941914):9)
12-05 10:06:59.432 7800 7902 W AsyncOperation: at elgm.e(:com.google.android.gms@244337026@24.43.37 (150800-693941914):22)
12-05 10:06:59.432 7800 7902 W AsyncOperation: at elgm.a(:com.google.android.gms@244337026@24.43.37 (150800-693941914):6)
12-05 10:06:59.432 7800 7902 W AsyncOperation: at elfs.run(:com.google.android.gms@244337026@24.43.37 (150800-693941914):14)
12-05 10:06:59.432 7800 7902 W AsyncOperation: at elfp.run(:com.google.android.gms@244337026@24.43.37 (150800-693941914):3)
12-05 10:06:59.432 7800 7902 W AsyncOperation: at eihr.run(:com.google.android.gms@244337026@24.43.37 (150800-693941914):76)
12-05 10:06:59.432 7800 7902 W AsyncOperation: at eifp.execute(:com.google.android.gms@244337026@24.43.37 (150800-693941914):1)
12-05 10:06:59.432 7800 7902 W AsyncOperation: at elfx.execute(:com.google.android.gms@244337026@24.43.37 (150800-693941914):3)
12-05 10:06:59.432 7800 7902 W AsyncOperation: at eihs.execute(:com.google.android.gms@244337026@24.43.37 (150800-693941914):36)
12-05 10:06:59.432 7800 7902 W AsyncOperation: at elfg.execute(:com.google.android.gms@244337026@24.43.37 (150800-693941914):10)
12-05 10:06:59.432 7800 7902 W AsyncOperation: at eift.c(:com.google.android.gms@244337026@24.43.37 (150800-693941914):1)
12-05 10:06:59.432 7800 7902 W AsyncOperation: at eift.b(:com.google.android.gms@244337026@24.43.37 (150800-693941914):32)
12-05 10:06:59.432 7800 7902 W AsyncOperation: at eihd.done(:com.google.android.gms@244337026@24.43.37 (150800-693941914):3)
12-05 10:06:59.434 331 9863 I resolv : resolv_populate_res_for_net: netid=100
12-05 10:06:59.435 331 9863 I resolv : res_stats_usable_server: NS stats: S 60 + E 0 + T 4 + I 0 = 64, rtt = 6, min_samples = 8
