12-05 10:05:49.591 7846 8113 I MagicTether: [HostTetherRole] enableProximityAuth: true [CONTEXT service_id=276 ]
12-05 10:05:49.602 563 620 W system_server: Long monitor contention with owner Binder:563_15 (1828) at void com.android.server.wm.TaskChangeNotificationController.forAllLocalListeners(com.android.server.wm.TaskChangeNotificationController$TaskStackConsumer, android.os.Message)(TaskChangeNotificationController.java:342) waiters=2 in void com.android.server.wm.InputMonitor$UpdateInputWindows.run() for 302ms
12-05 10:05:49.638 868 932 D SplashScreenView: Build android.window.SplashScreenView{cd0e871 V.E...... ......ID 0,0-0,0}
12-05 10:05:49.638 868 932 D SplashScreenView: Icon: view: android.widget.ImageView{42b9656 V.ED..... ......I. 0,0-0,0 #10204ab android:id/splashscreen_icon_view} drawable: com.android.wm.shell.startingsurface.SplashscreenIconDrawableFactory$ImmobileIconDrawable@ae166d7 size: 160
12-05 10:05:49.638 868 932 D SplashScreenView: Branding: view: android.view.View{987bc4 G.ED..... ......I. 0,0-0,0 #10204aa android:id/splashscreen_branding_view} drawable: null size w: 0 h: 0
12-05 10:05:49.653 563 619 D CompatibilityChangeReporter: Compat change id reported: 135634846; UID 10161; state: DISABLED
12-05 10:05:49.670 563 619 D CompatibilityChangeReporter: Compat change id reported: 177438394; UID 10161; state: DISABLED
12-05 10:05:49.670 563 619 D CompatibilityChangeReporter: Compat change id reported: 135772972; UID 10161; state: DISABLED
12-05 10:05:49.671 563 619 D CompatibilityChangeReporter: Compat change id reported: 135754954; UID 10161; state: ENABLED
12-05 10:05:49.671 563 619 W ActivityManager: Slow operation: 65ms so far, now at startProcess: done starting proc!
12-05 10:05:49.710 8260 8284 D DeferrableExecutor: DeferrableExecutor unblocked after max task delay
12-05 10:05:49.721 868 924 W Looper : Slow delivery took 60ms wmshell.main h=android.os.Handler c=null m=10
12-05 10:05:49.721 563 633 W ActivityManager: Slow operation: 73ms so far, now at startProcess: asking zygote to start proc
12-05 10:05:49.721 563 633 D CompatibilityChangeReporter: Compat change id reported: 143937733; UID 10161; state: ENABLED
12-05 10:05:49.722 563 1758 W system_server: Long monitor contention with owner ActivityManager (632) at void com.android.server.am.BroadcastQueue.processNextBroadcast(boolean)(BroadcastQueue.java:996) waiters=2 in boolean com.android.server.am.ActivityManagerService.stopServiceToken(android.content.ComponentName, android.os.IBinder, int) for 704ms
12-05 10:05:49.735 563 1842 W system_server: Long monitor contention with owner ActivityManager (632) at void com.android.server.am.BroadcastQueue.processNextBroadcast(boolean)(BroadcastQueue.java:996) waiters=3 in int com.android.server.am.ActivityManagerService.bindIsolatedService(android.app.IApplicationThread, android.os.IBinder, android.content.Intent, java.lang.String, android.app.IServiceConnection, int, java.lang.String, java.lang.String, int) for 676ms
12-05 10:05:49.740 332 332 D Zygote : Forked child process 8696
12-05 10:05:49.749 563 633 W ActivityManager: Slow operation: 94ms so far, now at startProcess: returned from zygote!
12-05 10:05:49.753 8696 8696 I Zygote : seccomp disabled by setenforce 0
12-05 10:05:49.769 8696 8696 I panion.backdro: Late-enabling -Xcheck:jni
12-05 10:05:49.811 8260 8695 D PhenotypeContext: Application doesn't implement PhenotypeApplication interface, falling back to globally set context. See go/phenotype-flag#process-stable-init for more info.
12-05 10:05:49.850 8696 8696 W panion.backdro: Unexpected CPU variant for X86 using defaults: x86_64
12-05 10:05:49.861 408 481 I adbd : jdwp connection from 8696
12-05 10:05:49.882 351 351 D goldfish-address-space: claimShared: Ask to claim region [0x3f6e4c000 0x3f6f4a000]
12-05 10:05:49.888 868 924 W Looper : Drained
12-05 10:05:49.945 563 1745 W system_server: Long monitor contention with owner Binder:563_1 (579) at boolean com.android.server.job.JobServiceContext.executeRunnableJob(com.android.server.job.controllers.JobStatus, int)(JobServiceContext.java:354) waiters=0 in int com.android.server.job.JobSchedulerService.scheduleAsPackage(android.app.job.JobInfo, android.app.job.JobWorkItem, int, java.lang.String, int, java.lang.String) for 727ms
12-05 10:05:50.000 351 351 D goldfish-address-space: claimShared: Ask to claim region [0x3f6f4a000 0x3f7048000]
12-05 10:05:50.003 351 351 D goldfish-address-space: claimShared: Ask to claim region [0x3f7048000 0x3f7146000]
12-05 10:05:50.007 563 616 W Looper : Slow dispatch took 903ms android.fg h=android.os.Handler c=com.android.server.om.OverlayManagerService$$ExternalSyntheticLambda2@e9a8dd5 m=0
12-05 10:05:50.027 563 616 W Looper : Slow delivery took 983ms android.fg h=android.os.Handler c= m=0
12-05 10:05:50.045 563 633 W ActivityManager: Slow operation: 397ms so far, now at startProcess: done updating battery stats
12-05 10:05:50.046 563 633 W ActivityManager: Slow operation: 397ms so far, now at startProcess: building log message
12-05 10:05:50.046 563 633 I ActivityManager: Start proc 8696:com.google.testing.helium.utp.android.companion.backdrop/u0a161 for top-activity {com.google.testing.helium.utp.android.companion.backdrop/com.google.testing.helium.utp.android.companion.backdrop.BackdropActivity}
12-05 10:05:50.046 563 633 W ActivityManager: Slow operation: 397ms so far, now at startProcess: starting to update pids map
12-05 10:05:50.076 563 633 W ActivityManager: Slow operation: 428ms so far, now at startProcess: done updating pids map
12-05 10:05:50.102 563 631 W PackageManager: Failed registering loading progress callback. Package is fully loaded.
12-05 10:05:50.170 7846 8069 W NearbyConnections: getCheckboxconsent Execution/Timeout exception [CONTEXT service_id=54 ]
12-05 10:05:50.170 7846 8069 W NearbyConnections: java.util.concurrent.TimeoutException: Timed out waiting for Task
12-05 10:05:50.170 7846 8069 W NearbyConnections: at czpy.n(:com.google.android.gms@244337026@24.43.37 (150800-693941914):53)
12-05 10:05:50.170 7846 8069 W NearbyConnections: at bycy.am(:com.google.android.gms@244337026@24.43.37 (150800-693941914):15)
12-05 10:05:50.170 7846 8069 W NearbyConnections: at bycy.J(:com.google.android.gms@244337026@24.43.37 (150800-693941914):3)
12-05 10:05:50.170 7846 8069 W NearbyConnections: at bycu.run(:com.google.android.gms@244337026@24.43.37 (150800-693941914):3)
12-05 10:05:50.170 7846 8069 W NearbyConnections: at bxvs.run(:com.google.android.gms@244337026@24.43.37 (150800-693941914):20)
12-05 10:05:50.170 7846 8069 W NearbyConnections: at amjy.c(:com.google.android.gms@244337026@24.43.37 (150800-693941914):50)
12-05 10:05:50.170 7846 8069 W NearbyConnections: at amjy.run(:com.google.android.gms@244337026@24.43.37 (150800-693941914):76)
12-05 10:05:50.170 7846 8069 W NearbyConnections: at java.util.concurrent.ThreadPoolExecutor.runWorker(ThreadPoolExecutor.java:1167)
12-05 10:05:50.170 7846 8069 W NearbyConnections: at java.util.concurrent.ThreadPoolExecutor$Worker.run(ThreadPoolExecutor.java:641)
12-05 10:05:50.170 7846 8069 W NearbyConnections: at ampj.run(:com.google.android.gms@244337026@24.43.37 (150800-693941914):8)
12-05 10:05:50.170 7846 8069 W NearbyConnections: at java.lang.Thread.run(Thread.java:920)
12-05 10:05:50.246 563 616 W Looper : Slow dispatch took 199ms android.fg h=android.os.Handler c= m=0
12-05 10:05:50.311 1590 1996 W AiAiAutofill: Failed to set whitelist for augmented autofill service.
12-05 10:05:50.311 1590 1996 W AiAiAutofill: java.lang.SecurityException: caller is not user's Augmented Autofill Service
12-05 10:05:50.311 1590 1996 W AiAiAutofill: at android.view.autofill.AutofillManager.setAugmentedAutofillWhitelist(AutofillManager.java:2157)
12-05 10:05:50.311 1590 1996 W AiAiAutofill: at bti.b(PG:7)
12-05 10:05:50.311 1590 1996 W AiAiAutofill: at btt.g(PG:8)
12-05 10:05:50.311 1590 1996 W AiAiAutofill: at btt.i(Unknown Source:3)
12-05 10:05:50.311 1590 1996 W AiAiAutofill: at btt.h(PG:2)
12-05 10:05:50.311 1590 1996 W AiAiAutofill: at btu.a(PG:2)
12-05 10:05:50.311 1590 1996 W AiAiAutofill: at dgh.run(PG:65)
12-05 10:05:50.311 1590 1996 W AiAiAutofill: at byc.run(PG:13)
12-05 10:05:50.311 1590 1996 W AiAiAutofill: at java.util.concurrent.Executors$RunnableAdapter.call(Executors.java:462)
12-05 10:05:50.311 1590 1996 W AiAiAutofill: at java.util.concurrent.FutureTask.run(FutureTask.java:266)
12-05 10:05:50.311 1590 1996 W AiAiAutofill: at java.util.concurrent.ScheduledThreadPoolExecutor$ScheduledFutureTask.run(ScheduledThreadPoolExecutor.java:301)
12-05 10:05:50.311 1590 1996 W AiAiAutofill: at java.util.concurrent.ThreadPoolExecutor.runWorker(ThreadPoolExecutor.java:1167)
12-05 10:05:50.311 1590 1996 W AiAiAutofill: at java.util.concurrent.ThreadPoolExecutor$Worker.run(ThreadPoolExecutor.java:641)
12-05 10:05:50.311 1590 1996 W AiAiAutofill: at byc.run(PG:11)
12-05 10:05:50.311 1590 1996 W AiAiAutofill: at java.lang.Thread.run(Thread.java:920)
12-05 10:05:50.320 7846 7898 I NearbyConnections: Client 132096978 requested setting downloads directory to null.
12-05 10:05:50.321 7846 7898 I NearbyConnections: Client 132096978 with package name 0p:com.google.android.gms.nearby.presence and sdk version 244337000 has connected, downloads dir is set to null.
12-05 10:05:50.385 563 616 W Looper : Slow dispatch took 117ms android.fg h=android.os.Handler c= m=0
12-05 10:05:50.498 8495 8719 W MobileNetworkUtils: EuiccManager is not enabled.
12-05 10:05:50.503 563 1758 D CompatibilityChangeReporter: Compat change id reported: 158482162; UID 1000; state: ENABLED
12-05 10:05:50.509 8495 8535 D PrefCtrlListHelper: Could not find Context-only controller for pref: com.android.settings.accessibility.PrimaryMonoPreferenceController
12-05 10:05:50.509 8495 8535 D PrefCtrlListHelper: Could not find Context-only controller for pref: com.android.settings.applications.managedomainurls.WebActionCategoryController
12-05 10:05:50.509 8495 8535 D PrefCtrlListHelper: Could not find Context-only controller for pref: com.android.settings.applications.managedomainurls.InstantAppWebActionPreferenceController
12-05 10:05:50.510 8495 8535 D PrefCtrlListHelper: Could not find Context-only controller for pref: com.android.settings.applications.managedomainurls.InstantAppAccountPreferenceController
12-05 10:05:50.517 8495 8535 D PrefCtrlListHelper: Could not find Context-only controller for pref: com.android.settings.applications.managedomainurls.DomainAppPreferenceController
12-05 10:05:50.521 8495 8535 D PrefCtrlListHelper: Could not find Context-only controller for pref: com.android.settings.gestures.SystemNavigationPreferenceController
12-05 10:05:50.521 8495 8535 D PrefCtrlListHelper: Could not find Context-only controller for pref: com.android.settings.gestures.OneHandedEnablePreferenceController
12-05 10:05:50.521 8495 8535 D PrefCtrlListHelper: Could not find Context-only controller for pref: com.android.settings.accessibility.PowerButtonEndsCallPreferenceController
12-05 10:05:50.521 8495 8535 D PrefCtrlListHelper: Could not find Context-only controller for pref: com.android.settings.display.SmartAutoRotatePreferenceController
12-05 10:05:50.533 8495 8535 W SettingsPrefController: Skipping updateNonIndexableKeys, key already in list. com.android.settings.gestures.OneHandedEnablePreferenceController@74503e1
12-05 10:05:50.539 8495 8535 V SettingsSearchProvider: com.android.settings.connecteddevice.NfcAndPaymentFragment$1@9e207c7 tried to add an empty non-indexable key
12-05 10:05:50.542 8495 8535 D PrefCtrlListHelper: Could not find Context-only controller for pref: com.android.settings.accessibility.CaptionFooterPreferenceController
12-05 10:05:50.543 8495 8535 D PrefCtrlListHelper: Could not find Context-only controller for pref: com.android.settings.gestures.PickupGesturePreferenceController
12-05 10:05:50.546 8495 8535 D PrefCtrlListHelper: Could not find Context-only controller for pref: com.android.settings.applications.specialaccess.DataSaverController
12-05 10:05:50.552 8495 8535 D PrefCtrlListHelper: Could not find Context-only controller for pref: com.google.android.settings.fuelgauge.reversecharging.ReverseChargingSwitchPreferenceController
12-05 10:05:50.559 8495 8535 D PrefCtrlListHelper: Could not find Context-only controller for pref: com.google.android.settings.fuelgauge.reversecharging.ReverseChargingTopIntroController
12-05 10:05:50.560 8495 8535 D PrefCtrlListHelper: Could not find Context-only controller for pref: com.google.android.settings.fuelgauge.reversecharging.ReverseChargingSeekBarController
12-05 10:05:50.562 8495 8535 D PrefCtrlListHelper: Could not find Context-only controller for pref: com.android.settings.notification.ConversationListSummaryPreferenceController
12-05 10:05:50.572 8495 8535 D PrefCtrlListHelper: Could not find Context-only controller for pref: com.android.settings.notification.BubbleSummaryNotificationPreferenceController
12-05 10:05:50.572 8495 8535 D PrefCtrlListHelper: Could not find Context-only controller for pref: com.android.settings.applications.specialaccess.notificationaccess.NotificationAccessController
12-05 10:05:50.578 8495 8535 D PrefCtrlListHelper: Could not find Context-only controller for pref: com.android.settings.notification.RedactNotificationPreferenceController
12-05 10:05:50.604 7846 7904 I DynamiteModule: Considering local module com.google.android.gms.cronet_dynamite:0 and remote module com.google.android.gms.cronet_dynamite:3411
12-05 10:05:50.604 7846 7904 I DynamiteModule: Selected remote version of com.google.android.gms.cronet_dynamite, version >= 3411
12-05 10:05:50.608 563 616 W Looper : Slow dispatch took 156ms android.fg h=android.os.Handler c= m=0
12-05 10:05:50.625 7846 8113 W MagicTether: [HostEnablementUtils] Invalid account list. [CONTEXT service_id=276 ]
12-05 10:05:50.646 563 579 W ActivityManager: Slow operation: 550ms so far, now at attachApplicationLocked: after mServices.attachApplicationLocked
12-05 10:05:50.653 563 620 W system_server: Long monitor contention with owner Binder:563_1 (579) at boolean com.android.server.wm.ActivityTaskManagerService$LocalService.attachApplication(com.android.server.wm.WindowProcessController)(ActivityTaskManagerService.java:6034) waiters=1 in void com.android.server.wm.WindowAnimator.lambda$new$1$WindowAnimator(long) for 322ms
12-05 10:05:50.718 563 2371 W system_server: Long monitor contention with owner Binder:563_1 (579) at boolean com.android.server.wm.ActivityTaskManagerService$LocalService.attachApplication(com.android.server.wm.WindowProcessController)(ActivityTaskManagerService.java:6034) waiters=2 in void com.android.server.wm.WindowManagerService.finishDrawingWindow(com.android.server.wm.Session, android.view.IWindow, android.view.SurfaceControl$Transaction) for 335ms
12-05 10:05:50.747 8495 8535 D PrefCtrlListHelper: Could not find Context-only controller for pref: com.android.settings.notification.RedactNotificationPreferenceController
12-05 10:05:50.753 8495 8535 D PrefCtrlListHelper: Could not find Context-only controller for pref: com.android.settings.biometrics.face.FaceSettingsLockscreenBypassPreferenceController
12-05 10:05:50.753 8495 8535 D PrefCtrlListHelper: Could not find Context-only controller for pref: com.android.settings.notification.zen.ZenModePreferenceController
12-05 10:05:50.753 8495 8535 D PrefCtrlListHelper: Could not find Context-only controller for pref: com.android.settings.notification.SnoozeNotificationPreferenceController
12-05 10:05:50.753 8495 8535 D PrefCtrlListHelper: Could not find Context-only controller for pref: com.android.settings.notification.BadgingNotificationPreferenceController
12-05 10:05:50.754 8495 8535 D PrefCtrlListHelper: Could not find Context-only controller for pref: com.android.settings.notification.PulseNotificationPreferenceController
12-05 10:05:50.801 563 579 W ActivityManager: Slow operation: 705ms so far, now at attachApplicationLocked: after updateOomAdjLocked
12-05 10:05:50.883 563 1758 W system_server: Long monitor contention with owner android.fg (616) at int com.android.server.pm.permission.PermissionManagerService.getPermissionFlagsInternal(java.lang.String, java.lang.String, int, int)(PermissionManagerService.java:737) waiters=2 in int com.android.server.pm.permission.PermissionManagerService.checkUidPermission(int, java.lang.String) for 104ms
12-05 10:05:50.924 352 352 W RanchuHwc: validateDisplay: layer 31 CompositionType 1, fallback
12-05 10:05:50.936 8696 8696 D CompatibilityChangeReporter: Compat change id reported: 171979766; UID 10161; state: ENABLED
12-05 10:05:50.938 352 352 W RanchuHwc: presentDisplay display has no layers to compose, flushing client target buffer.
12-05 10:05:50.941 8407 8589 D DynamitePackage: Instantiated singleton DynamitePackage.
12-05 10:05:50.941 8407 8589 D DynamitePackage: Instantiating com.google.android.gms.ads.adshield.ChimeraAdShieldCreatorImpl
12-05 10:05:51.060 352 352 W RanchuHwc: validateDisplay: layer 31 CompositionType 1, fallback
12-05 10:05:51.091 8495 8535 W SettingsPrefController: Skipping updateNonIndexableKeys, key already in list. com.android.settings.biometrics.face.FaceSettingsLockscreenBypassPreferenceController@7d228bf
12-05 10:05:51.098 7800 8023 W ZappDownloader: No successful Zapp module downloads for requested modules [TfliteDynamiteDynamite.integ:242327804100800:permitMetered].
12-05 10:05:51.098 7800 8023 I GmsDebugLogger: [30] [TfliteDynamiteDynamite.integ:242327804100800]
12-05 10:05:51.103 8495 8535 D PrefCtrlListHelper: Could not find Context-only controller for pref: com.android.settings.fuelgauge.batterysaver.BatterySaverButtonPreferenceController
12-05 10:05:51.105 563 616 W Looper : Slow dispatch took 482ms android.fg h=android.os.Handler c= m=0
12-05 10:05:51.120 8495 8535 D PrefCtrlListHelper: Could not find Context-only controller for pref: com.android.settings.fuelgauge.batterysaver.BatterySaverStickyPreferenceController
12-05 10:05:51.122 8495 8535 D PrefCtrlListHelper: Could not find Context-only controller for pref: com.android.settings.location.RecentLocationAccessPreferenceController
12-05 10:05:51.152 8495 8535 D PrefCtrlListHelper: Could not find Context-only controller for pref: com.android.settings.location.RecentLocationAccessSeeAllButtonPreferenceController
12-05 10:05:51.152 8495 8535 D PrefCtrlListHelper: Could not find Context-only controller for pref: com.android.settings.location.LocationForWorkPreferenceController
12-05 10:05:51.161 8495 8535 D PrefCtrlListHelper: Could not find Context-only controller for pref: com.android.settings.location.AppLocationPermissionPreferenceController
12-05 10:05:51.161 8495 8535 D PrefCtrlListHelper: Could not find Context-only controller for pref: com.android.settings.location.LocationServicesPreferenceController
12-05 10:05:51.161 8495 8535 D PrefCtrlListHelper: Could not find Context-only controller for pref: com.android.settings.location.LocationSettingsFooterPreferenceController
12-05 10:05:51.227 426 8437 D BufferPoolAccessor2.0: bufferpool2 0x79b561a60a98 : 0(0 size) total buffers - 0(0 size) used buffers - 0/5 (recycle/alloc) - 2/4 (fetch/transfer)
12-05 10:05:51.227 426 8437 D BufferPoolAccessor2.0: evictor expired: 1, evicted: 1
12-05 10:05:51.227 430 897 D BufferPoolAccessor2.0: evictor expired: 1, evicted: 0
12-05 10:05:51.233 868 1157 D BufferPoolAccessor2.0: evictor expired: 3, evicted: 0
12-05 10:05:51.240 352 352 W RanchuHwc: presentDisplay display has no layers to compose, flushing client target buffer.
12-05 10:05:51.251 1590 1590 I AiAiEcho: EchoSearch: WidgetFetcherImpl is initialized with [13] widgets [reason=package added for userId: 0]
12-05 10:05:51.253 352 352 W RanchuHwc: validateDisplay: layer 31 CompositionType 1, fallback
12-05 10:05:51.253 352 352 W RanchuHwc: presentDisplay display has no layers to compose, flushing client target buffer.
12-05 10:05:51.255 563 972 D BufferPoolAccessor2.0: evictor expired: 6, evicted: 0
12-05 10:05:51.270 8495 8535 D PrefCtrlListHelper: Could not find Context-only controller for pref: com.android.settings.accessibility.AccessibilityControlTimeoutFooterPreferenceController
12-05 10:05:51.299 8495 8535 D PrefCtrlListHelper: Could not find Context-only controller for pref: com.android.settings.language.UserDictionaryPreferenceController
12-05 10:05:51.299 8495 8535 D PrefCtrlListHelper: Could not find Context-only controller for pref: com.android.settings.inputmethod.GameControllerPreferenceController
12-05 10:05:51.299 8495 8535 D PrefCtrlListHelper: Could not find Context-only controller for pref: com.android.settings.inputmethod.VirtualKeyboardForWorkPreferenceController
12-05 10:05:51.310 563 1435 W BroadcastQueue: Background execution not allowed: receiving Intent { act=android.intent.action.PACKAGE_ADDED dat=package:com.google.testing.helium.utp.android.companion.backdrop flg=0x4000010 (has extras) } to com.google.android.packageinstaller/com.android.packageinstaller.PackageInstalledReceiver
12-05 10:05:51.311 8495 8535 D PrefCtrlListHelper: Could not find Context-only controller for pref: com.android.settings.core.WorkPreferenceController
12-05 10:05:51.311 8495 8535 D PrefCtrlListHelper: Could not find Context-only controller for pref: com.android.settings.inputmethod.SpellCheckerForWorkPreferenceController
12-05 10:05:51.320 563 2833 W system_server: Long monitor contention with owner main (563) at void com.android.server.job.JobSchedulerService$JobHandler.handleMessage(android.os.Message)(JobSchedulerService.java:2072) waiters=1 in java.util.List com.android.server.job.JobSchedulerService.getPendingJobs(int) for 989ms
12-05 10:05:51.334 563 563 W Looper : Slow dispatch took 1454ms main h=com.android.server.job.JobSchedulerService$JobHandler c=null m=4
12-05 10:05:51.337 563 632 W BroadcastQueue: Background execution not allowed: receiving Intent { act=android.intent.action.PACKAGE_ADDED dat=package:com.google.testing.helium.utp.android.companion.backdrop flg=0x4000010 (has extras) } to com.google.android.gms/.chimera.GmsIntentOperationService$PersistentTrustedReceiver
12-05 10:05:51.337 563 632 W BroadcastQueue: Background execution not allowed: receiving Intent { act=android.intent.action.PACKAGE_ADDED dat=package:com.google.testing.helium.utp.android.companion.backdrop flg=0x4000010 (has extras) } to com.google.android.gms/.games.chimera.GamesSystemBroadcastReceiverProxy
12-05 10:05:51.338 563 632 W BroadcastQueue: Background execution not allowed: receiving Intent { act=android.intent.action.PACKAGE_ADDED dat=package:com.google.testing.helium.utp.android.companion.backdrop flg=0x4000010 (has extras) } to com.google.android.gms/.gass.chimera.PackageChangeBroadcastReceiver
12-05 10:05:51.338 563 632 W BroadcastQueue: Background execution not allowed: receiving Intent { act=android.intent.action.PACKAGE_ADDED dat=package:com.google.testing.helium.utp.android.companion.backdrop flg=0x4000010 (has extras) } to com.google.android.googlequicksearchbox/com.google.android.apps.gsa.googlequicksearchbox.GelStubAppWatcher
12-05 10:05:51.347 7846 7860 I .gms.persisten: Compiler allocated 5718KB to compile coim coin.t(edhk, ekai, java.lang.String, boolean, edgi, edhk, boolean, exvc)
12-05 10:05:51.425 1081 1094 I m.android.phon: Background concurrent copying GC freed 31466(2052KB) AllocSpace objects, 1(16KB) LOS objects, 49% free, 3482KB/6965KB, paused 98us,33us total 1.830s
12-05 10:05:51.426 563 1749 W system_server: Long monitor contention with owner android.fg (616) at int com.android.server.appop.AppOpsService.checkOperationUnchecked(int, int, java.lang.String, java.lang.String, boolean)(AppOpsService.java:3257) waiters=0 in com.android.server.appop.AppOpsService$PackageVerificationResult com.android.server.appop.AppOpsService.verifyAndGetBypass(int, java.lang.String, java.lang.String, java.lang.String) for 267ms
12-05 10:05:51.437 1081 1081 D CarrierSvcBindHelper: No carrier app for: 0
12-05 10:05:51.447 7846 8113 I MagicTether: [TidepoolFeatureStatusManager] isInstantHotspotEnabled=false [CONTEXT service_id=276 ]
12-05 10:05:51.469 7846 8113 I MagicTether: [TetherService] Stopping Nearby component. [CONTEXT service_id=276 ]
12-05 10:05:51.487 7846 8113 I MagicTether: [HostTetherRole] Nearby host role already stopped [CONTEXT service_id=276 ]
12-05 10:05:51.591 0 0 W audit : audit_lost=1249 audit_rate_limit=5 audit_backlog_limit=64
12-05 10:05:51.607 0 0 E audit : rate limit exceeded
12-05 10:05:51.590 8495 8535 V SettingsSearchProvider: com.google.android.settings.aware.SilenceGestureSettings$1@577efec tried to add an empty non-indexable key
12-05 10:05:51.594 563 1756 W system_server: Long monitor contention with owner Binder:563_1F (2833) at android.content.pm.UserInfo com.android.server.pm.UserManagerService.getUserInfoNoChecks(int)(UserManagerService.java:1728) waiters=6 in int[] com.android.server.pm.UserManagerService.getProfileIds(int, java.lang.String, boolean) for 107ms
12-05 10:05:51.595 563 616 W system_server: Long monitor contention with owner Binder:563_1F (2833) at android.content.pm.UserInfo com.android.server.pm.UserManagerService.getUserInfoNoChecks(int)(UserManagerService.java:1728) waiters=1 in android.content.pm.UserInfo com.android.server.pm.UserManagerService.getUserInfoNoChecks(int) for 148ms
12-05 10:05:51.595 563 616 W Looper : Slow dispatch took 490ms android.fg h=android.os.Handler c= m=0
12-05 10:05:51.607 1160 1834 D EGL_emulation: app_time_stats: avg=3316.89ms min=161.48ms max=6472.30ms count=2
12-05 10:05:51.623 352 352 W RanchuHwc: validateDisplay: layer 31 CompositionType 1, fallback
12-05 10:05:51.640 8260 8722 W droid.deskcloc: Accessing hidden field Ljava/util/Collections$SynchronizedCollection;->mutex:Ljava/lang/Object; (max-target-o, reflection, denied)
12-05 10:05:51.640 8260 8722 W droid.deskcloc: Accessing hidden method Ljava/util/Collections$SynchronizedSet;->(Ljava/util/Set;Ljava/lang/Object;)V (max-target-o, reflection, denied)
12-05 10:05:51.640 8260 8722 W droid.deskcloc: Accessing hidden method Ljava/util/Collections$SynchronizedCollection;->(Ljava/util/Collection;Ljava/lang/Object;)V (max-target-o, reflection, denied)
12-05 10:05:51.648 352 352 W RanchuHwc: presentDisplay display has no layers to compose, flushing client target buffer.
12-05 10:05:51.665 1160 7942 I OpenGLRenderer: Davey! duration=1013ms; Flags=0, FrameTimelineVsyncId=10109, IntendedVsync=514901078531, Vsync=514901078531, InputEventId=0, HandleInputStart=514901406078, AnimationStart=514901410465, PerformTraversalsStart=514901411761, DrawStart=515874515307, FrameDeadline=514917745197, FrameInterval=514901392717, FrameStartTime=16666666, SyncQueued=515874842178, SyncStart=515879844992, IssueDrawCommandsStart=515879962486, SwapBuffers=515880693780, FrameCompleted=515919583143, DequeueBufferDuration=8179, QueueBufferDuration=661980, GpuCompleted=515919196004, SwapBuffersCompleted=515919583143, DisplayPresentTime=8687486266777422823,
12-05 10:05:51.674 563 563 W Looper : Slow delivery took 1298ms main h=com.android.server.job.JobSchedulerService$JobHandler c=null m=7
12-05 10:05:51.674 563 563 W Looper : Slow dispatch took 339ms main h=com.android.server.job.JobSchedulerService$JobHandler c=null m=7
12-05 10:05:51.674 563 749 W system_server: Long monitor contention with owner main (563) at void com.android.server.job.JobSchedulerService$JobHandler.handleMessage(android.os.Message)(JobSchedulerService.java:2072) waiters=1 in void com.android.server.job.controllers.BackgroundJobsController$1.updateJobsForUid(int, boolean) for 324ms
12-05 10:05:51.690 563 2794 W system_server: Long monitor contention with owner ActivityManager (632) at void com.android.server.am.BroadcastQueue.processNextBroadcast(boolean)(BroadcastQueue.java:996) waiters=8 in android.content.Intent com.android.server.am.ActivityManagerService.registerReceiverWithFeature(android.app.IApplicationThread, java.lang.String, java.lang.String, java.lang.String, android.content.IIntentReceiver, android.content.IntentFilter, java.lang.String, int, int) for 330ms
12-05 10:05:51.692 563 1226 W system_server: Long monitor contention with owner ActivityManager (632) at void com.android.server.am.BroadcastQueue.processNextBroadcast(boolean)(BroadcastQueue.java:996) waiters=9 in boolean com.android.server.am.ActivityManagerService.stopServiceToken(android.content.ComponentName, android.os.IBinder, int) for 320ms
12-05 10:05:51.742 7846 8113 I MagicTether: [TetherService] Stopping Nearby client role [CONTEXT service_id=276 ]
12-05 10:05:51.743 563 616 W Looper : Slow dispatch took 147ms android.fg h=android.os.Handler c= m=0
12-05 10:05:51.788 563 1758 W system_server: Long monitor contention with owner Binder:563_D (1745) at int com.android.server.devicepolicy.DevicePolicyManagerService.getDeviceOwnerUserId()(DevicePolicyManagerService.java:8651) waiters=2 in android.content.ComponentName com.android.server.devicepolicy.DevicePolicyManagerService.getDeviceOwnerComponent(boolean) for 177ms
12-05 10:05:51.792 1590 1590 I AiAiEcho: EchoSearch: AppFetcherImpl is initialized with [20] apps [time=535, reason=com.google.testing.helium.utp.android.companion.backdrop is added]
12-05 10:05:51.829 7846 8113 I MagicTether: [ClientTetherRole] Client role already stopped [CONTEXT service_id=276 ]
12-05 10:05:51.833 8495 8535 V SettingsSearchProvider: com.android.settings.wifi.WifiSettings$4@f3e19bb tried to add an empty non-indexable key
12-05 10:05:51.836 8495 8535 D PrefCtrlListHelper: Could not find Context-only controller for pref: com.android.settings.applications.specialaccess.notificationaccess.NotificationAccessScreenPreferenceController
12-05 10:05:51.838 8495 8535 D PrefCtrlListHelper: Could not find Context-only controller for pref: com.android.settings.location.RecentLocationAccessSeeAllPreferenceController
12-05 10:05:51.842 8495 8535 D PrefCtrlListHelper: Could not find Context-only controller for pref: com.android.settings.fuelgauge.BatteryHeaderPreferenceController
12-05 10:05:51.849 8495 8535 D PrefCtrlListHelper: Could not find Context-only controller for pref: com.android.settings.fuelgauge.batterytip.BatteryTipPreferenceController
12-05 10:05:51.850 8495 8535 D PrefCtrlListHelper: Could not find Context-only controller for pref: com.google.android.settings.fuelgauge.reversecharging.ReverseChargingPreferenceController
12-05 10:05:51.851 8495 8535 D PrefCtrlListHelper: Could not find Context-only controller for pref: com.android.settings.display.BatteryPercentagePreferenceController
12-05 10:05:51.894 5654 5669 D StrictMode: StrictMode policy violation: android.os.strictmode.SqliteObjectLeakedViolation: Finalizing a Cursor that has not been deactivated or closed. database = /data/user/0/com.android.providers.contacts/databases/contacts2.db, table = raw_contacts, query = SELECT contacts_view._id AS _id, contacts_view.display_name AS display_name, contacts_view.photo_thumb_uri AS photo_thumb_uri, data1 AS number, data2 AS type, data3 AS label, contacts_view.lookup AS lookup FROM raw_contacts JOIN view_contacts as contacts_view ON (contacts_view._id = raw_contacts.contact_id) JOIN (SELECT data_id,normalized_number FROM phone_lookup WHERE (phone_lookup.min_match = '7654321')) AS lookup ON lookup.data_id=data._id JOIN data ON data.raw_contact_id=raw_contacts._id WHERE (PHONE_NUMBERS_EQUAL(data.data1, '+15551234567', 0, 7)) ORDER BY length(lookup.normalized_number) DESC
12-05 10:05:51.894 5654 5669 D StrictMode: at android.os.StrictMode.onSqliteObjectLeaked(StrictMode.java:2186)
12-05 10:05:51.894 5654 5669 D StrictMode: at android.database.sqlite.SQLiteCursor.finalize(SQLiteCursor.java:282)
12-05 10:05:51.894 5654 5669 D StrictMode: at java.lang.Daemons$FinalizerDaemon.doFinalize(Daemons.java:291)
12-05 10:05:51.894 5654 5669 D StrictMode: at java.lang.Daemons$FinalizerDaemon.runInternal(Daemons.java:278)
12-05 10:05:51.894 5654 5669 D StrictMode: at java.lang.Daemons$Daemon.run(Daemons.java:139)
12-05 10:05:51.894 5654 5669 D StrictMode: at java.lang.Thread.run(Thread.java:920)
12-05 10:05:51.905 563 2751 W system_server: Long monitor contention with owner android.bg (631) at void com.android.server.am.ContentProviderHelper.handleProviderRemoval(com.android.server.am.ContentProviderConnection, boolean, boolean)(ContentProviderHelper.java:1418) waiters=6 in android.content.ComponentName com.android.server.am.ActivityManagerService.startService(android.app.IApplicationThread, android.content.Intent, java.lang.String, boolean, java.lang.String, java.lang.String, int) for 148ms
12-05 10:05:51.917 5654 5669 D StrictMode: StrictMode policy violation: android.os.strictmode.LeakedClosableViolation: A resource was acquired at attached stack trace but never released. See java.io.Closeable for information on avoiding resource leaks.
12-05 10:05:51.917 5654 5669 D StrictMode: at android.os.StrictMode$AndroidCloseGuardReporter.report(StrictMode.java:1987)
12-05 10:05:51.917 5654 5669 D StrictMode: at dalvik.system.CloseGuard.warnIfOpen(CloseGuard.java:345)
12-05 10:05:51.917 5654 5669 D StrictMode: at android.database.AbstractCursor.finalize(AbstractCursor.java:531)
12-05 10:05:51.917 5654 5669 D StrictMode: at android.database.sqlite.SQLiteCursor.finalize(SQLiteCursor.java:291)
12-05 10:05:51.917 5654 5669 D StrictMode: at java.lang.Daemons$FinalizerDaemon.doFinalize(Daemons.java:291)
12-05 10:05:51.917 5654 5669 D StrictMode: at java.lang.Daemons$FinalizerDaemon.runInternal(Daemons.java:278)
12-05 10:05:51.917 5654 5669 D StrictMode: at java.lang.Daemons$Daemon.run(Daemons.java:139)
12-05 10:05:51.917 5654 5669 D StrictMode: at java.lang.Thread.run(Thread.java:920)
12-05 10:05:51.917 5654 5669 D StrictMode: Caused by: java.lang.Throwable: Explicit termination method 'close' not called
12-05 10:05:51.917 5654 5669 D StrictMode: at dalvik.system.CloseGuard.openWithCallSite(CloseGuard.java:295)
12-05 10:05:51.917 5654 5669 D StrictMode: at dalvik.system.CloseGuard.open(CloseGuard.java:263)
12-05 10:05:51.917 5654 5669 D StrictMode: at android.database.AbstractCursor.(AbstractCursor.java:227)
12-05 10:05:51.917 5654 5669 D StrictMode: at android.database.AbstractWindowedCursor.(AbstractWindowedCursor.java:39)
12-05 10:05:51.917 5654 5669 D StrictMode: at android.database.sqlite.SQLiteCursor.(SQLiteCursor.java:98)
12-05 10:05:51.917 5654 5669 D StrictMode: at android.database.sqlite.SQLiteDirectCursorDriver.query(SQLiteDirectCursorDriver.java:52)
12-05 10:05:51.917 5654 5669 D StrictMode: at android.database.sqlite.SQLiteDatabase.rawQueryWithFactory(SQLiteDatabase.java:1546)
12-05 10:05:51.917 5654 5669 D StrictMode: at android.database.sqlite.SQLiteQueryBuilder.query(SQLiteQueryBuilder.java:592)
12-05 10:05:51.917 5654 5669 D StrictMode: at com.android.providers.contacts.ContactsProvider2.doQuery(ContactsProvider2.java:7082)
12-05 10:05:51.917 5654 5669 D StrictMode: at com.android.providers.contacts.ContactsProvider2.queryLocal(ContactsProvider2.java:6788)
12-05 10:05:51.917 5654 5669 D StrictMode: at com.android.providers.contacts.ContactsProvider2.queryCorpLookupIfNecessary(ContactsProvider2.java:7252)
12-05 10:05:51.917 5654 5669 D StrictMode: at com.android.providers.contacts.ContactsProvider2.queryLookupEnterprise(ContactsProvider2.java:7391)
12-05 10:05:51.917 5654 5669 D StrictMode: at com.android.providers.contacts.ContactsProvider2.queryPhoneLookupEnterprise(ContactsProvider2.java:7362)
12-05 10:05:51.917 5654 5669 D StrictMode: at com.android.providers.contacts.ContactsProvider2.queryLocal(ContactsProvider2.java:6711)
12-05 10:05:51.917 5654 5669 D StrictMode: at com.android.providers.contacts.ContactsProvider2.queryDirectoryIfNecessary(ContactsProvider2.java:5500)
12-05 10:05:51.917 5654 5669 D StrictMode: at com.android.providers.contacts.ContactsProvider2.queryInternal(ContactsProvider2.java:5442)
12-05 10:05:51.917 5654 5669 D StrictMode: at com.android.providers.contacts.ContactsProvider2.query(ContactsProvider2.java:5392)
12-05 10:05:51.917 5654 5669 D StrictMode: at android.content.ContentProvider.query(ContentProvider.java:1504)
12-05 10:05:51.917 5654 5669 D StrictMode: at android.content.ContentProvider$Transport.query(ContentProvider.java:272)
12-05 10:05:51.917 5654 5669 D StrictMode: at android.content.ContentProviderNative.onTransact(ContentProviderNative.java:107)
12-05 10:05:51.917 5654 5669 D StrictMode: at android.os.Binder.execTransactInternal(Binder.java:1179)
12-05 10:05:51.917 5654 5669 D StrictMode: at android.os.Binder.execTransact(Binder.java:1143)
12-05 10:05:51.950 563 563 W Looper : Slow dispatch took 137ms main h=android.app.ActivityThread$H c=android.app.LoadedApk$ReceiverDispatcher$Args$$ExternalSyntheticLambda0@136bbba m=0
12-05 10:05:51.951 563 563 W Looper : Drained
12-05 10:05:51.952 7800 8023 W ChimeraConfigService: Retry attempt was throttled. [CONTEXT service_id=264 ]
12-05 10:05:51.952 7800 8023 I GmsDebugLogger: [83] 1 [tflite_dynamite]
12-05 10:05:51.986 7846 7846 I MagicTether: [AutoDisconnectIntentOperation] Canceling task. [CONTEXT service_id=276 ]
12-05 10:05:51.988 8528 8650 W SettingsIntentOperation: No accounts
12-05 10:05:52.031 8528 8644 W PersonalSafety: Debug page in internal setting true, true, false [CONTEXT service_id=310 ]
12-05 10:05:52.035 1081 1081 D ImsResolver: maybeAddedImsService, packageName: com.google.testing.helium.utp.android.companion.backdrop
12-05 10:05:52.036 1081 1081 D CarrierConfigLoader: mHandler: EVENT_PACKAGE_CHANGED phoneId: 0
12-05 10:05:52.057 7800 7800 D BoundBrokerSvc: onUnbind: Intent { act=com.google.android.gms.measurement.START pkg=com.google.android.gms }
12-05 10:05:52.083 563 1745 D ConnectivityService: requestNetwork for uid/pid:10114/8407 activeRequest: null callbackRequest: 216 [NetworkRequest [ REQUEST id=217, [ Capabilities: INTERNET&NOT_RESTRICTED&TRUSTED&NOT_VCN_MANAGED Uid: 10114 RequestorUid: 10114 RequestorPkg: com.google.android.youtube UnderlyingNetworks: Null] ]] callback flags: 0 order: 2147483647
12-05 10:05:52.084 563 1751 D CompatibilityChangeReporter: Compat change id reported: 168419799; UID 10105; state: DISABLED
12-05 10:05:52.084 563 794 D ConnectivityService: NetReassign [217 : null → 100]
12-05 10:05:52.092 563 616 D CompanionDeviceManagerService: onPackageModified(packageName = com.google.testing.helium.utp.android.companion.backdrop)
12-05 10:05:52.095 563 616 W Looper : Drained
12-05 10:05:52.096 563 765 I InputReader: Reconfiguring input devices, changes=KEYBOARD_LAYOUTS |
12-05 10:05:52.101 849 849 V MediaPlayerList: mPackageChangedBroadcastReceiver: action: android.intent.action.PACKAGE_CHANGED
12-05 10:05:52.101 849 849 D MediaPlayerList: Name of package changed: com.google.testing.helium.utp.android.companion.backdrop
12-05 10:05:52.101 5485 5622 I PermissionControllerServiceImpl: Updating user sensitive for uid 10161
12-05 10:05:52.112 563 756 I RoleService: Granting default roles...
12-05 10:05:52.146 8528 8644 I PersonalSafety: Displaying Google Setting item true, true, true [CONTEXT service_id=310 ]
12-05 10:05:52.147 563 785 D WifiNetworkFactory: got request NetworkRequest [ REQUEST id=217, [ Capabilities: INTERNET&NOT_RESTRICTED&TRUSTED&NOT_VCN_MANAGED Uid: 10114 RequestorUid: 10114 RequestorPkg: com.google.android.youtube UnderlyingNetworks: Null] ]
12-05 10:05:52.148 563 785 D UntrustedWifiNetworkFactory: got request NetworkRequest [ REQUEST id=217, [ Capabilities: INTERNET&NOT_RESTRICTED&TRUSTED&NOT_VCN_MANAGED Uid: 10114 RequestorUid: 10114 RequestorPkg: com.google.android.youtube UnderlyingNetworks: Null] ]
12-05 10:05:52.148 563 785 D OemPaidWifiNetworkFactory: got request NetworkRequest [ REQUEST id=217, [ Capabilities: INTERNET&NOT_RESTRICTED&TRUSTED&NOT_VCN_MANAGED Uid: 10114 RequestorUid: 10114 RequestorPkg: com.google.android.youtube UnderlyingNetworks: Null] ]
12-05 10:05:52.148 563 563 I Telecom : DefaultDialerCache: Refreshing default dialer for user 0: now com.google.android.dialer: DDC.oR@APA
12-05 10:05:52.178 1081 1081 D CarrierSvcBindHelper: No carrier app for: 0
12-05 10:05:52.178 1081 1081 D ImsResolver: maybeAddedImsService, packageName: com.google.testing.helium.utp.android.companion.backdrop
12-05 10:05:52.185 563 656 E VerityUtils: Failed to measure fs-verity, errno 1: /product/app/YouTube/YouTube.apk
12-05 10:05:52.190 352 352 W RanchuHwc: validateDisplay: layer 31 CompositionType 1, fallback
12-05 10:05:52.216 352 352 W RanchuHwc: presentDisplay display has no layers to compose, flushing client target buffer.
12-05 10:05:52.221 1160 1834 D EGL_emulation: app_time_stats: avg=3444.54ms min=204.10ms max=6684.99ms count=2
12-05 10:05:52.224 563 1745 W system_server: Long monitor contention with owner Binder:563_B (1435) at void com.android.server.am.ActivityManagerService.finishReceiver(android.os.IBinder, int, java.lang.String, android.os.Bundle, boolean, int)(ActivityManagerService.java:13745) waiters=0 in android.content.Intent com.android.server.am.ActivityManagerService.registerReceiverWithFeature(android.app.IApplicationThread, java.lang.String, java.lang.String, java.lang.String, android.content.IIntentReceiver, android.content.IntentFilter, java.lang.String, int, int) for 107ms
12-05 10:05:52.264 7846 7846 I MagicTether: [AutoDisconnectIntentOperation] Canceling task. [CONTEXT service_id=276 ]
12-05 10:05:52.272 8495 8535 D PrefCtrlListHelper: Could not find Context-only controller for pref: com.android.settings.network.EraseEuiccDataController
12-05 10:05:52.278 563 616 W Looper : Slow dispatch took 138ms android.fg h=android.os.Handler c= m=0
12-05 10:05:52.283 7846 7904 W .gms.persisten: Verification of void org.chromium.net.impl.NativeCronetEngineBuilderImpl.() took 297.023ms (33.67 bytecodes/s) (1584B approximate peak alloc)
12-05 10:05:52.311 7846 7846 D BoundBrokerSvc: onBind: Intent { act=com.google.android.gms.tapandpay.service.BIND dat=chimera-action: cmp=com.google.android.gms/.chimera.PersistentApiService }
12-05 10:05:52.311 7846 7846 D BoundBrokerSvc: Loading bound service for intent: Intent { act=com.google.android.gms.tapandpay.service.BIND dat=chimera-action: cmp=com.google.android.gms/.chimera.PersistentApiService }
12-05 10:05:52.329 8340 8372 V ClearcutMetricXmitter: Transmission is done.
12-05 10:05:52.338 8340 8372 V ClearcutMetricXmitter: Transmission is done.
12-05 10:05:52.339 8340 8372 V ClearcutMetricXmitter: Transmission is done.
12-05 10:05:52.357 8528 8597 I CondFlagRegistrar: Registered for com.google.android.gms.providerinstaller#com.google.android.gms
12-05 10:05:52.373 352 352 W RanchuHwc: validateDisplay: layer 31 CompositionType 1, fallback
12-05 10:05:52.394 352 352 W RanchuHwc: presentDisplay display has no layers to compose, flushing client target buffer.
12-05 10:05:52.421 7846 7898 I NearbyConnections: Client 198328238 requested setting downloads directory to Quick Share.
12-05 10:05:52.424 7846 7898 I NearbyConnections: Add DeviceProvider of type 2.
12-05 10:05:52.424 7846 7898 I NearbyConnections: Successfully register device provider for endpointType 2 by client 132096978
12-05 10:05:52.449 8495 8535 D PrefCtrlListHelper: Could not find Context-only controller for pref: com.android.settings.gestures.DoubleTapPowerPreferenceController
12-05 10:05:52.452 8495 8535 D PrefCtrlListHelper: Could not find Context-only controller for pref: com.android.settings.deviceinfo.DeviceNamePreferenceController
12-05 10:05:52.471 8495 8535 D PrefCtrlListHelper: Could not find Context-only controller for pref: com.android.settings.deviceinfo.BrandedAccountPreferenceController
12-05 10:05:52.472 8495 8535 D PrefCtrlListHelper: Could not find Context-only controller for pref: com.android.settings.deviceinfo.PhoneNumberPreferenceController
12-05 10:05:52.472 8495 8535 D PrefCtrlListHelper: Could not find Context-only controller for pref: com.android.settings.deviceinfo.HardwareInfoPreferenceController
12-05 10:05:52.472 8495 8535 D PrefCtrlListHelper: Could not find Context-only controller for pref: com.android.settings.deviceinfo.imei.ImeiInfoPreferenceController
12-05 10:05:52.472 8495 8535 D PrefCtrlListHelper: Could not find Context-only controller for pref: com.android.settings.deviceinfo.firmwareversion.FirmwareVersionPreferenceController
12-05 10:05:52.473 8495 8535 D PrefCtrlListHelper: Could not find Context-only controller for pref: com.android.settings.deviceinfo.BuildNumberPreferenceController
12-05 10:05:52.479 8696 8696 V GraphicsEnvironment: ANGLE Developer option for 'com.google.testing.helium.utp.android.companion.backdrop' set to: 'default'
12-05 10:05:52.480 8696 8696 V GraphicsEnvironment: ANGLE GameManagerService for com.google.testing.helium.utp.android.companion.backdrop: false
12-05 10:05:52.480 8696 8696 V GraphicsEnvironment: Neither updatable production driver nor prerelease driver is supported.
12-05 10:05:52.480 563 829 W system_server: Long monitor contention with owner Binder:563_1A (2371) at int com.android.server.am.ActivityManagerService.bindIsolatedService(android.app.IApplicationThread, android.os.IBinder, android.content.Intent, java.lang.String, android.app.IServiceConnection, int, java.lang.String, java.lang.String, int)(ActivityManagerService.java:12033) waiters=1 in void com.android.server.am.ActivityManagerService.unregisterReceiver(android.content.IIntentReceiver) for 164ms
12-05 10:05:52.489 8696 8696 D NetworkSecurityConfig: No Network Security Config specified, using platform default
12-05 10:05:52.490 8696 8696 D NetworkSecurityConfig: No Network Security Config specified, using platform default
12-05 10:05:52.491 8696 8696 I MultiDex: VM with version 2.1.0 has multidex support
12-05 10:05:52.491 8696 8696 I MultiDex: Installing application
12-05 10:05:52.491 8696 8696 I MultiDex: VM has multidex support, MultiDex support library is disabled.
12-05 10:05:52.581 7846 8762 I MagicTether: [AutoDisconnectIntentOperation] Canceling task. [CONTEXT service_id=276 ]
12-05 10:05:52.586 8495 8535 D PrefCtrlListHelper: Could not find Context-only controller for pref: com.google.android.settings.accessibility.HapticsSwitchPreferenceController
12-05 10:05:52.604 8495 8535 D PrefCtrlListHelper: Could not find Context-only controller for pref: com.google.android.settings.sound.VibrateForCallsCategoryPreferenceController
12-05 10:05:52.605 8495 8535 D PrefCtrlListHelper: Could not find Context-only controller for pref: com.google.android.settings.sound.VibrateForCallsPreferenceController
12-05 10:05:52.608 8495 8535 D PrefCtrlListHelper: Could not find Context-only controller for pref: com.google.android.settings.accessibility.HapticsStrengthCategoryPreferenceController
12-05 10:05:52.615 7993 8721 E PhenotypeFlagCommitter: Retrieving snapshot for com.google.android.libraries.consentverifier#com.google.android.apps.messaging failed
12-05 10:05:52.615 7993 8721 E PhenotypeFlagCommitter: java.util.concurrent.TimeoutException: Timed out waiting for Task
12-05 10:05:52.615 7993 8721 E PhenotypeFlagCommitter: at anqg.g(PG:8)
12-05 10:05:52.615 7993 8721 E PhenotypeFlagCommitter: at anlb.e(PG:2)
12-05 10:05:52.615 7993 8721 E PhenotypeFlagCommitter: at anlb.d(PG:2)
12-05 10:05:52.615 7993 8721 E PhenotypeFlagCommitter: at atud.run(PG:1)
12-05 10:05:52.615 7993 8721 E PhenotypeFlagCommitter: at java.lang.Thread.run(Thread.java:920)
12-05 10:05:52.615 8495 8535 D PrefCtrlListHelper: Could not find Context-only controller for pref: com.google.android.settings.accessibility.RingVibrationTogglePreferenceController
12-05 10:05:52.623 8495 8535 D PrefCtrlListHelper: Could not find Context-only controller for pref: com.google.android.settings.accessibility.NotificationVibrationTogglePreferenceController
12-05 10:05:52.626 8495 8535 D PrefCtrlListHelper: Could not find Context-only controller for pref: com.google.android.settings.accessibility.HapticFeedbackTogglePreferenceController
12-05 10:05:52.631 8495 8535 D PrefCtrlListHelper: Could not find Context-only controller for pref: com.google.android.settings.accessibility.HapticsErrorInfoPreferenceController
12-05 10:05:52.648 8696 8696 D AppCompatDelegate: Checking for metadata for AppLocalesMetadataHolderService : Service not found
12-05 10:05:52.656 7846 8079 W .gms.persisten: Long monitor contention with owner netscheduler-queue-handler (8093) at void cqhh.o(int)(:com.google.android.gms@244337026@24.43.37 (150800-693941914):27) waiters=0 in void cqhh.u(cqdf, int) for 2.374s
12-05 10:05:52.667 1160 1834 D EGL_emulation: app_time_stats: avg=1059.83ms min=1059.83ms max=1059.83ms count=1
12-05 10:05:52.673 352 352 W RanchuHwc: validateDisplay: layer 31 CompositionType 1, fallback
12-05 10:05:52.685 352 352 W RanchuHwc: presentDisplay display has no layers to compose, flushing client target buffer.
12-05 10:05:52.688 1160 2744 I OpenGLRenderer: Davey! duration=844ms; Flags=0, FrameTimelineVsyncId=10156, IntendedVsync=516134411815, Vsync=516167745147, InputEventId=0, HandleInputStart=516175868044, AnimationStart=516175870898, PerformTraversalsStart=516175924095, DrawStart=516939198214, FrameDeadline=516151078481, FrameInterval=516175854288, FrameStartTime=16666666, SyncQueued=516940138089, SyncStart=516940524939, IssueDrawCommandsStart=516940714841, SwapBuffers=516941940216, FrameCompleted=516979749638, DequeueBufferDuration=8520, QueueBufferDuration=10176276, GpuCompleted=516979119306, SwapBuffersCompleted=516979749638, DisplayPresentTime=-3886300010364440407,
12-05 10:05:52.781 7846 7846 D BoundBrokerSvc: onBind: Intent { act=com.google.android.gms.trustagent.BridgeApi.START dat=chimera-action: cmp=com.google.android.gms/.chimera.PersistentInternalApiService }
12-05 10:05:52.782 7846 7846 D BoundBrokerSvc: Loading bound service for intent: Intent { act=com.google.android.gms.trustagent.BridgeApi.START dat=chimera-action: cmp=com.google.android.gms/.chimera.PersistentInternalApiService }
12-05 10:05:52.792 563 616 W Looper : Slow dispatch took 514ms android.fg h=android.os.Handler c= m=0
