12-05 10:06:41.185 563 633 I ActivityManager: Start proc 9624:com.google.android.setupwizard/u0a96 for service {com.google.android.setupwizard/com.google.android.setupwizard.notification.SetupNotificationService}
12-05 10:06:41.196 9624 9624 I Zygote : seccomp disabled by setenforce 0
12-05 10:06:41.207 9624 9624 W oid.setupwizar: Unexpected CPU variant for X86 using defaults: x86_64
12-05 10:06:41.214 7846 8670 I NetworkScheduler.Stats: Task com.google.android.gms/com.google.android.gms.icing.proxy.IcingInternalCorporaUpdateService finished executing. cause:9 result: 1 elapsed_millis: 450 uptime_millis: 450 exec_start_elapsed_seconds: 565 [CONTEXT service_id=218 ]
12-05 10:06:41.233 408 481 I adbd : jdwp connection from 9624
12-05 10:06:41.242 563 1752 D CompatibilityChangeReporter: Compat change id reported: 168419799; UID 10096; state: DISABLED
12-05 10:06:41.258 9624 9624 D CompatibilityChangeReporter: Compat change id reported: 171979766; UID 10096; state: ENABLED
12-05 10:06:41.277 9624 9624 D nativeloader: classloader namespace configured for unbundled product apk. library_path=/product/priv-app/SetupWizardPrebuilt/lib/x86_64:/product/priv-app/SetupWizardPrebuilt/SetupWizardPrebuilt.apk!/lib/x86_64:/product/lib64:/system/product/lib64
12-05 10:06:41.287 7846 8057 W Auth : [RequestTokenManager] getToken() -> NEED_REMOTE_CONSENT. App: com.google.android.apps.docs, Service: oauth2:https://www.googleapis.com/auth/drive https://www.googleapis.com/auth/drive.file https://www.googleapis.com/auth/drive.metadata.readonly https://www.googleapis.com/auth/drive.readonly https://docs.google.com/feeds https://docs.googleusercontent.com https://spreadsheets.google.com/feeds https://www.googleapis.com/auth/activity https://www.googleapis.com/auth/cloudprint https://www.googleapis.com/auth/discussions https://www.googleapis.com/auth/docs https://www.googleapis.com/auth/drive.apps https://www.googleapis.com/auth/drive.categories.readonly https://www.googleapis.com/auth/memento https://www.googleapis.com/auth/notifications https://www.googleapis.com/auth/spreadsheets https://www.googleapis.com/auth/vouchers https://www.googleapis.com/auth/gmail.readonly https://www.googleapis.com/auth/subscriptions https://www.googleapis.com/auth/peopleapi.readonly https://www.googleapis.com/auth/drive.activity.readonly https://www.googleapis.com/auth/cloud_search.query
12-05 10:06:41.291 7846 8057 W Auth : [GetToken] GetToken failed with status code: NeedRemoteConsent [CONTEXT service_id=343 ]
12-05 10:06:41.337 7846 8057 W GLSActivity: [GmsAccountAuthenticatorImpl] error status while fetching token:NeedRemoteConsent
12-05 10:06:41.346 9624 9624 V GraphicsEnvironment: ANGLE Developer option for 'com.google.android.setupwizard' set to: 'default'
12-05 10:06:41.352 9624 9624 V GraphicsEnvironment: ANGLE GameManagerService for com.google.android.setupwizard: false
12-05 10:06:41.353 9381 9525 E Cello : [9525:NonCelloThread] drive_v2_cloud_store_no_apiary.cc:3720:DumpToLog Request 0x7d05c6bf3fd0: 0 https://www.googleapis.com/drive/v2internal/about?fields=rootFolderId&reason=304&openDrive=false&syncType=2&featureLabel=android-sync-native transport: Status::SUCCESS reader: Status::SUCCESS
12-05 10:06:41.353 9381 9525 E Cello : [9525:NonCelloThread] drive_v2_cloud_store_no_apiary.cc:3720:DumpToLog Response body 0x7d05c6bf3fd0: (no response body)
12-05 10:06:41.353 9381 9525 E Cello : [9525:NonCelloThread] fetch_task.cc:602:RunInternal Could not ensure root ID is set, error: Status::UNAVAILABLE_WHILE_OFFLINE
12-05 10:06:41.357 9624 9624 V GraphicsEnvironment: Neither updatable production driver nor prerelease driver is supported.
12-05 10:06:41.360 9624 9624 D NetworkSecurityConfig: No Network Security Config specified, using platform default
12-05 10:06:41.363 9624 9624 D NetworkSecurityConfig: No Network Security Config specified, using platform default
12-05 10:06:41.440 9624 9624 D PrimesApiImpl: Primes instant initialization
12-05 10:06:41.460 9624 9624 I SetupWizard: [buf] Start loading FRP status
12-05 10:06:41.467 7846 7868 W Auth : [RequestTokenManager] getToken() -> NEED_REMOTE_CONSENT. App: com.google.android.gms, Service: oauth2:https://www.googleapis.com/auth/peopleapi.legacy.readwrite https://www.googleapis.com/auth/peopleapi.readonly https://www.googleapis.com/auth/peopleapi.readwrite https://www.googleapis.com/auth/plus.peopleapi.readwrite https://www.googleapis.com/auth/plus.me
12-05 10:06:41.524 7846 7868 W Auth : [GetToken] GetToken failed with status code: NeedRemoteConsent [CONTEXT service_id=343 ]
12-05 10:06:41.550 9624 9643 E CrossProfileSender: Calling manuallyBind
12-05 10:06:41.559 9624 9643 W SetupWizard: [SetupNotificationService] Manually connect cross profile fail.
12-05 10:06:41.573 868 868 D InterruptionStateProvider: No bubble up: not allowed to bubble: 0|com.google.android.gms|0|com.google.android.gms.auth.TokenNotificationManager:5942ab493d42897174d7592a44ca012a:com.google:com.google.android.apps.docs|10105
12-05 10:06:41.606 352 352 W RanchuHwc: validateDisplay: layer 31 CompositionType 1, fallback
12-05 10:06:41.621 352 352 W RanchuHwc: presentDisplay display has no layers to compose, flushing client target buffer.
12-05 10:06:41.634 868 868 D InterruptionStateProvider: No heads up: unimportant notification: 0|com.google.android.gms|0|com.google.android.gms.auth.TokenNotificationManager:5942ab493d42897174d7592a44ca012a:com.google:com.google.android.apps.docs|10105
12-05 10:06:41.671 9624 9624 I SetupWizard: [buf] frpStatus=supported=false challengeRequired=false duration=206ms
12-05 10:06:41.719 7800 7800 I FSA2_PortalRegistrationUtils: Checking if Portal is available: false
12-05 10:06:41.723 7800 9619 I FSA2_PortalUpdater: Checking if Portal is available: false
12-05 10:06:41.733 563 2751 I ActivityManager: Killing 8235:com.google.android.cellbroadcastreceiver/u0a150 (adj 965): empty #17
12-05 10:06:41.738 563 634 I libprocessgroup: Successfully killed process cgroup uid 10150 pid 8235 in 0ms
12-05 10:06:41.769 7800 9619 W ChimeraUtils: Module com.google.android.gms.people missing resource null(0)
12-05 10:06:41.773 332 332 I Zygote : Process 8235 exited due to signal 9 (Killed)
12-05 10:06:41.849 7846 8057 W Auth : [RequestTokenManager] getToken() -> NEED_REMOTE_CONSENT. App: com.google.android.apps.docs, Service: oauth2:https://www.googleapis.com/auth/drive https://www.googleapis.com/auth/drive.file https://www.googleapis.com/auth/drive.metadata.readonly https://www.googleapis.com/auth/drive.readonly https://docs.google.com/feeds https://docs.googleusercontent.com https://spreadsheets.google.com/feeds https://www.googleapis.com/auth/activity https://www.googleapis.com/auth/cloudprint https://www.googleapis.com/auth/discussions https://www.googleapis.com/auth/docs https://www.googleapis.com/auth/drive.apps https://www.googleapis.com/auth/drive.categories.readonly https://www.googleapis.com/auth/memento https://www.googleapis.com/auth/notifications https://www.googleapis.com/auth/spreadsheets https://www.googleapis.com/auth/vouchers https://www.googleapis.com/auth/gmail.readonly https://www.googleapis.com/auth/subscriptions https://www.googleapis.com/auth/peopleapi.readonly https://www.googleapis.com/auth/drive.activity.readonly https://www.googleapis.com/auth/cloud_search.query
12-05 10:06:41.853 7846 8057 W Auth : [GetToken] GetToken failed with status code: NeedRemoteConsent [CONTEXT service_id=343 ]
12-05 10:06:41.859 7800 9617 W Auth : [GoogleAuthUtil] [GoogleAuthUtil] error status:NEED_REMOTE_CONSENT with method:getTokenWithDetails
12-05 10:06:41.879 868 882 I ndroid.systemu: Background young concurrent copying GC freed 193182(8682KB) AllocSpace objects, 14(492KB) LOS objects, 29% free, 20MB/29MB, paused 73us,55us total 1.262s
12-05 10:06:41.884 7800 8792 W gle.android.gm: Long monitor contention with owner lowpool[10] (9617) at elch eldc.b(elcb, java.util.Set)(:com.google.android.gms@244337026@24.43.37 (150800-693941914):29) waiters=0 in elch eldc.b(elcb, java.util.Set) for 965ms
12-05 10:06:41.908 868 1002 D PeopleSpaceWidgetMgr: Sbn doesn't contain valid PeopleTileKey: null/0/com.google.android.gms
12-05 10:06:41.914 7846 8057 W GLSActivity: [GmsAccountAuthenticatorImpl] error status while fetching token:NeedRemoteConsent
12-05 10:06:41.920 9381 9525 E Cello : [9525:NonCelloThread] drive_v2_cloud_store_no_apiary.cc:3720:DumpToLog Request 0x7d05c6bf30b0: 0 https://www.googleapis.com/drive/v2internal/about?fields=rootFolderId&reason=304&openDrive=false&syncType=2&featureLabel=android-sync-native transport: Status::SUCCESS reader: Status::SUCCESS
12-05 10:06:41.920 9381 9525 E Cello : [9525:NonCelloThread] drive_v2_cloud_store_no_apiary.cc:3720:DumpToLog Response body 0x7d05c6bf30b0: (no response body)
12-05 10:06:41.938 7846 9475 I PhenotypeResourceReader: unable to find any Phenotype resource metadata for androidx.test.orchestrator
12-05 10:06:41.957 563 2087 I ActivityManager: Killing 8260:com.google.android.deskclock/u0a115 (adj 975): empty #17
12-05 10:06:41.964 563 634 I libprocessgroup: Successfully killed process cgroup uid 10115 pid 8260 in 0ms
12-05 10:06:41.987 332 332 I Zygote : Process 8260 exited due to signal 9 (Killed)
12-05 10:06:41.997 7800 9619 W ChimeraUtils: Module com.google.android.gms.people missing resource null(0)
12-05 10:06:42.026 8696 8775 D EGL_emulation: app_time_stats: avg=883.18ms min=752.86ms max=1013.51ms count=2
12-05 10:06:42.040 352 352 W RanchuHwc: validateDisplay: layer 31 CompositionType 1, fallback
12-05 10:06:42.056 352 352 W RanchuHwc: presentDisplay display has no layers to compose, flushing client target buffer.
12-05 10:06:42.156 352 352 W RanchuHwc: validateDisplay: layer 31 CompositionType 1, fallback
12-05 10:06:42.181 352 352 W RanchuHwc: presentDisplay display has no layers to compose, flushing client target buffer.
12-05 10:06:42.189 1160 1834 D EGL_emulation: app_time_stats: avg=703.36ms min=597.79ms max=808.93ms count=2
12-05 10:06:42.193 868 868 D InterruptionStateProvider: No bubble up: not allowed to bubble: 0|com.google.android.gms|0|com.google.android.gms.auth.TokenNotificationManager:5942ab493d42897174d7592a44ca012a:com.google:com.google.android.apps.docs|10105
12-05 10:06:42.193 868 868 D InterruptionStateProvider: No heads up: unimportant notification: 0|com.google.android.gms|0|com.google.android.gms.auth.TokenNotificationManager:5942ab493d42897174d7592a44ca012a:com.google:com.google.android.apps.docs|10105
12-05 10:06:42.215 868 1002 D PeopleSpaceWidgetMgr: Sbn doesn't contain valid PeopleTileKey: null/0/com.google.android.gms
12-05 10:06:42.216 7846 9475 I PhenotypeResourceReader: unable to find any Phenotype resource metadata for com.google.android.apps.mtaas.labtestsupport
12-05 10:06:42.271 7800 7800 D BoundBrokerSvc: onBind: Intent { act=com.google.android.gms.people.contactssync.service.START dat=chimera-action: cmp=com.google.android.gms/.chimera.GmsBoundBrokerService }
12-05 10:06:42.274 7800 7800 D BoundBrokerSvc: Loading bound service for intent: Intent { act=com.google.android.gms.people.contactssync.service.START dat=chimera-action: cmp=com.google.android.gms/.chimera.GmsBoundBrokerService }
12-05 10:06:42.286 7800 7888 I PeopleChimeraService: onService. callbacks = bpni@d07700b, request = com.google.android.gms.common.internal.GetServiceRequest@3d03ee8
12-05 10:06:42.342 7846 9598 I NetworkScheduler.Stats: Task com.google.android.gms/com.google.android.gms.gcm.gmsproc.GcmInGmsTaskService started execution. cause:5 exec_start_elapsed_seconds: 566 [CONTEXT service_id=218 ]
12-05 10:06:42.343 7800 7947 I GCM-GMS : Registering GMS for direct boot.
12-05 10:06:42.356 7846 8918 W Auth : [RequestTokenManager] getToken() -> NEED_REMOTE_CONSENT. App: com.google.android.gms, Service: oauth2:https://www.googleapis.com/auth/webhistory
12-05 10:06:42.373 7846 8918 W Auth : [GetToken] GetToken failed with status code: NeedRemoteConsent [CONTEXT service_id=343 ]
12-05 10:06:42.390 7846 9475 I PhenotypeResourceReader: unable to find any Phenotype resource metadata for com.google.testing.helium.utp.android.companion.instrumentations.locale
12-05 10:06:42.393 7846 9598 E GCM : Missing checkin config file
12-05 10:06:42.401 7846 9598 W GCM : GCM FAILED TO INITIALIZE - missing checkin
12-05 10:06:42.418 7800 8792 W Auth : [GoogleAuthUtil] [GoogleAuthUtil] error status:NEED_REMOTE_CONSENT with method:getTokenWithDetails
12-05 10:06:42.439 7800 7947 W GCM-GMS : Failed to get direct boot token: java.io.IOException: AUTHENTICATION_FAILED
12-05 10:06:42.457 7846 9598 I NetworkScheduler.Stats: Task com.google.android.gms/com.google.android.gms.gcm.gmsproc.GcmInGmsTaskService finished executing. cause:5 result: 3 elapsed_millis: 154 uptime_millis: 154 exec_start_elapsed_seconds: 566 [CONTEXT service_id=218 ]
12-05 10:06:42.466 563 773 W RuleEvaluation: Integrity rule files are not available.
12-05 10:06:42.469 563 661 I PackageManager: Integrity check passed for file:///data/app/vmdl2100583779.tmp
12-05 10:06:42.554 563 661 I PackageManager: Permission ownership changed. Updating all permissions.
12-05 10:06:42.580 7846 7860 I .gms.persisten: Compiler allocated 4886KB to compile com.google.android.gms.auth.aang.GetTokenResponse tir.b(android.accounts.Account, java.lang.String, android.os.Bundle, emnr, java.lang.String, java.lang.String, java.lang.String, boolean, com.google.android.gms.auth.firstparty.shared.AppDescription, int)
12-05 10:06:42.595 7846 7861 I .gms.persisten: Background concurrent copying GC freed 317785(16MB) AllocSpace objects, 15(620KB) LOS objects, 49% free, 14MB/29MB, paused 74us,46us total 583.635ms
12-05 10:06:42.621 563 661 D PackageManager: Instant App installer not found with android.intent.action.INSTALL_INSTANT_APP_PACKAGE
12-05 10:06:42.621 563 661 D PackageManager: Clear ephemeral installer activity
12-05 10:06:42.634 7846 8057 W Auth : [RequestTokenManager] getToken() -> NEED_REMOTE_CONSENT. App: com.google.android.gms, Service: oauth2:https://www.googleapis.com/auth/peopleapi.legacy.readwrite https://www.googleapis.com/auth/peopleapi.readonly https://www.googleapis.com/auth/peopleapi.readwrite https://www.googleapis.com/auth/plus.peopleapi.readwrite https://www.googleapis.com/auth/plus.me
12-05 10:06:42.639 7846 8057 W Auth : [GetToken] GetToken failed with status code: NeedRemoteConsent [CONTEXT service_id=343 ]
12-05 10:06:42.641 563 661 I PackageDexOptimizer: Running dexopt (dexoptNeeded=1) on: /data/app/~~lTyaaOq0Oool9LzMxxj7PA==/com.gsoftteam.farmmilkthecow-WVWL0nJmQO-XHT7MD3VJXw==/base.apk pkg=com.gsoftteam.farmmilkthecow isa=x86_64 dexoptFlags=boot_complete,profile_guided,public,enable_hidden_api_checks targetFilter=speed-profile oatDir=/data/app/~~lTyaaOq0Oool9LzMxxj7PA==/com.gsoftteam.farmmilkthecow-WVWL0nJmQO-XHT7MD3VJXw==/oat classLoaderContext=PCL[]{}
12-05 10:06:42.643 422 448 V installd: DexInv: --- BEGIN '/data/app/~~lTyaaOq0Oool9LzMxxj7PA==/com.gsoftteam.farmmilkthecow-WVWL0nJmQO-XHT7MD3VJXw==/base.apk' ---
12-05 10:06:42.643 422 448 V installd: Running /apex/com.android.art/bin/dex2oat64 in=base.apk out=/data/app/~~lTyaaOq0Oool9LzMxxj7PA==/com.gsoftteam.farmmilkthecow-WVWL0nJmQO-XHT7MD3VJXw==/oat/x86_64/base.odex
12-05 10:06:42.699 9656 9656 W dex2oat64: Unexpected CPU variant for X86 using defaults: x86_64
12-05 10:06:42.712 9656 9656 W dex2oat64: Mismatch between dex2oat instruction set features to use (ISA: X86_64 Feature string: -ssse3,-sse4.1,-sse4.2,-avx,-avx2,-popcnt) and those from CPP defines (ISA: X86_64 Feature string: ssse3,sse4.1,sse4.2,-avx,-avx2,popcnt) for the command line:
12-05 10:06:42.712 9656 9656 W dex2oat64: /apex/com.android.art/bin/dex2oat64 --zip-fd=8 --zip-location=base.apk --oat-fd=9 --oat-location=/data/app/~~lTyaaOq0Oool9LzMxxj7PA==/com.gsoftteam.farmmilkthecow-WVWL0nJmQO-XHT7MD3VJXw==/oat/x86_64/base.odex --input-vdex-fd=-1 --output-vdex-fd=10 --swap-fd=11 --classpath-dir=/data/app/~~lTyaaOq0Oool9LzMxxj7PA==/com.gsoftteam.farmmilkthecow-WVWL0nJmQO-XHT7MD3VJXw== --class-loader-context=PCL[]{} --compact-dex-level=none --instruction-set=x86_64 --instruction-set-features=default --instruction-set-variant=x86_64 --compiler-filter=speed-profile --compilation-reason=install --max-image-block-size=524288 --resolve-startup-const-strings=true --generate-mini-debug-info --runtime-arg -Xtarget-sdk-version:34 --runtime-arg -Xhidden-api-policy:enabled --cpu-set=0,1 -j2 --runtime-arg -Xms64m --runtime-arg -Xmx512m
12-05 10:06:42.712 9656 9656 I dex2oat64: /apex/com.android.art/bin/dex2oat64 --input-vdex-fd=-1 --output-vdex-fd=10 --classpath-dir=/data/app/~~lTyaaOq0Oool9LzMxxj7PA==/com.gsoftteam.farmmilkthecow-WVWL0nJmQO-XHT7MD3VJXw== --class-loader-context=PCL[]{} --compact-dex-level=none --compiler-filter=speed-profile --compilation-reason=install --max-image-block-size=524288 --resolve-startup-const-strings=true --generate-mini-debug-info --cpu-set=0,1 -j2
12-05 10:06:42.717 7800 9616 W Auth : [GoogleAuthUtil] [GoogleAuthUtil] error status:NEED_REMOTE_CONSENT with method:getTokenWithDetails
12-05 10:06:42.735 7800 9658 I FSA2_SyncState: @readSyncState: # cmrl@7bc6f
12-05 10:06:42.764 7846 8670 I NetworkScheduler.Stats: Task com.google.android.gms/com.google.android.gms.tapandpay.gcmtask.TapAndPayGcmTaskService started execution. cause:5 exec_start_elapsed_seconds: 567 [CONTEXT service_id=218 ]
12-05 10:06:42.777 7846 9598 W TapAndPay: NfcAdapter is null while obtaining CardEmulation instance. [CONTEXT service_id=79 ]
12-05 10:06:42.777 7846 9598 W TapAndPay: java.lang.NullPointerException: NfcAdapter is null
12-05 10:06:42.777 7846 9598 W TapAndPay: at android.nfc.cardemulation.CardEmulation.getInstance(CardEmulation.java:150)
12-05 10:06:42.777 7846 9598 W TapAndPay: at cwzz.(:com.google.android.gms@244337026@24.43.37 (150800-693941914):15)
12-05 10:06:42.777 7846 9598 W TapAndPay: at com.google.android.gms.tapandpay.hce.task.TapAndPayAidRegistrationTaskOperation.a(:com.google.android.gms@244337026@24.43.37 (150800-693941914):50)
12-05 10:06:42.777 7846 9598 W TapAndPay: at com.google.android.gms.tapandpay.gcmtask.TapAndPayGcmTaskChimeraService.a(:com.google.android.gms@244337026@24.43.37 (150800-693941914):32)
12-05 10:06:42.777 7846 9598 W TapAndPay: at bqrh.call(:com.google.android.gms@244337026@24.43.37 (150800-693941914):32)
12-05 10:06:42.777 7846 9598 W TapAndPay: at java.util.concurrent.FutureTask.run(FutureTask.java:266)
12-05 10:06:42.777 7846 9598 W TapAndPay: at amjy.c(:com.google.android.gms@244337026@24.43.37 (150800-693941914):50)
12-05 10:06:42.777 7846 9598 W TapAndPay: at amjy.run(:com.google.android.gms@244337026@24.43.37 (150800-693941914):76)
12-05 10:06:42.777 7846 9598 W TapAndPay: at java.util.concurrent.ThreadPoolExecutor.runWorker(ThreadPoolExecutor.java:1167)
12-05 10:06:42.777 7846 9598 W TapAndPay: at java.util.concurrent.ThreadPoolExecutor$Worker.run(ThreadPoolExecutor.java:641)
12-05 10:06:42.777 7846 9598 W TapAndPay: at ampj.run(:com.google.android.gms@244337026@24.43.37 (150800-693941914):8)
12-05 10:06:42.777 7846 9598 W TapAndPay: at java.lang.Thread.run(Thread.java:920)
12-05 10:06:42.806 7800 7902 W AsyncOperation: operation=HandleSyncOperation, opStatusCode=38003 [CONTEXT service_id=215 ]
12-05 10:06:42.806 7800 7902 W AsyncOperation: OperationException[Status{statusCode=Sync failed with an authentication error!, resolution=null}]
12-05 10:06:42.806 7800 7902 W AsyncOperation: at buul.f(:com.google.android.gms@244337026@24.43.37 (150800-693941914):567)
12-05 10:06:42.806 7800 7902 W AsyncOperation: at bpnh.fj(:com.google.android.gms@244337026@24.43.37 (150800-693941914):1)
12-05 10:06:42.806 7800 7902 W AsyncOperation: at bpnt.run(:com.google.android.gms@244337026@24.43.37 (150800-693941914):66)
12-05 10:06:42.806 7800 7902 W AsyncOperation: at eaxt.run(:com.google.android.gms@244337026@24.43.37 (150800-693941914):21)
12-05 10:06:42.806 7800 7902 W AsyncOperation: at amjy.c(:com.google.android.gms@244337026@24.43.37 (150800-693941914):50)
12-05 10:06:42.806 7800 7902 W AsyncOperation: at amjy.run(:com.google.android.gms@244337026@24.43.37 (150800-693941914):97)
12-05 10:06:42.806 7800 7902 W AsyncOperation: at java.util.concurrent.ThreadPoolExecutor.runWorker(ThreadPoolExecutor.java:1167)
12-05 10:06:42.806 7800 7902 W AsyncOperation: at java.util.concurrent.ThreadPoolExecutor$Worker.run(ThreadPoolExecutor.java:641)
12-05 10:06:42.806 7800 7902 W AsyncOperation: at ampj.run(:com.google.android.gms@244337026@24.43.37 (150800-693941914):8)
12-05 10:06:42.806 7800 7902 W AsyncOperation: at java.lang.Thread.run(Thread.java:920)
12-05 10:06:42.806 7800 7902 W AsyncOperation: Caused by: buuo: fola: UNAUTHENTICATED
12-05 10:06:42.806 7800 7902 W AsyncOperation: at buqh.a(:com.google.android.gms@244337026@24.43.37 (150800-693941914):82)
12-05 10:06:42.806 7800 7902 W AsyncOperation: at buoo.a(:com.google.android.gms@244337026@24.43.37 (150800-693941914):3)
12-05 10:06:42.806 7800 7902 W AsyncOperation: at eidu.d(:com.google.android.gms@244337026@24.43.37 (150800-693941914):3)
12-05 10:06:42.806 7800 7902 W AsyncOperation: at eidw.run(:com.google.android.gms@244337026@24.43.37 (150800-693941914):130)
12-05 10:06:42.806 7800 7902 W AsyncOperation: at eifp.execute(:com.google.android.gms@244337026@24.43.37 (150800-693941914):1)
12-05 10:06:42.806 7800 7902 W AsyncOperation: at eidx.h(:com.google.android.gms@244337026@24.43.37 (150800-693941914):1)
12-05 10:06:42.806 7800 7902 W AsyncOperation: at eidx.l(:com.google.android.gms@244337026@24.43.37 (150800-693941914):101)
12-05 10:06:42.806 7800 7902 W AsyncOperation: at eidx.p(:com.google.android.gms@244337026@24.43.37 (150800-693941914):19)
12-05 10:06:42.806 7800 7902 W AsyncOperation: at eied.run(:com.google.android.gms@244337026@24.43.37 (150800-693941914):81)
12-05 10:06:42.806 7800 7902 W AsyncOperation: at eifp.execute(:com.google.android.gms@244337026@24.43.37 (150800-693941914):1)
12-05 10:06:42.806 7800 7902 W AsyncOperation: at eidx.h(:com.google.android.gms@244337026@24.43.37 (150800-693941914):1)
12-05 10:06:42.806 7800 7902 W AsyncOperation: at eidx.l(:com.google.android.gms@244337026@24.43.37 (150800-693941914):101)
12-05 10:06:42.806 7800 7902 W AsyncOperation: at eidx.p(:com.google.android.gms@244337026@24.43.37 (150800-693941914):19)
12-05 10:06:42.806 7800 7902 W AsyncOperation: at eied.run(:com.google.android.gms@244337026@24.43.37 (150800-693941914):81)
12-05 10:06:42.806 7800 7902 W AsyncOperation: at eifp.execute(:com.google.android.gms@244337026@24.43.37 (150800-693941914):1)
12-05 10:06:42.806 7800 7902 W AsyncOperation: at eidx.h(:com.google.android.gms@244337026@24.43.37 (150800-693941914):1)
12-05 10:06:42.806 7800 7902 W AsyncOperation: at eidx.l(:com.google.android.gms@244337026@24.43.37 (150800-693941914):101)
12-05 10:06:42.806 7800 7902 W AsyncOperation: at eidx.p(:com.google.android.gms@244337026@24.43.37 (150800-693941914):19)
12-05 10:06:42.806 7800 7902 W AsyncOperation: at eied.run(:com.google.android.gms@244337026@24.43.37 (150800-693941914):81)
12-05 10:06:42.806 7800 7902 W AsyncOperation: at eifp.execute(:com.google.android.gms@244337026@24.43.37 (150800-693941914):1)
12-05 10:06:42.806 7800 7902 W AsyncOperation: at eidx.h(:com.google.android.gms@244337026@24.43.37 (150800-693941914):1)
12-05 10:06:42.806 7800 7902 W AsyncOperation: at eidx.l(:com.google.android.gms@244337026@24.43.37 (150800-693941914):101)
12-05 10:06:42.806 7800 7902 W AsyncOperation: at eidx.p(:com.google.android.gms@244337026@24.43.37 (150800-693941914):19)
12-05 10:06:42.806 7800 7902 W AsyncOperation: at eied.run(:com.google.android.gms@244337026@24.43.37 (150800-693941914):81)
12-05 10:06:42.806 7800 7902 W AsyncOperation: at eifp.execute(:com.google.android.gms@244337026@24.43.37 (150800-693941914):1)
12-05 10:06:42.806 7800 7902 W AsyncOperation: at eidx.h(:com.google.android.gms@244337026@24.43.37 (150800-693941914):1)
12-05 10:06:42.806 7800 7902 W AsyncOperation: at eidx.l(:com.google.android.gms@244337026@24.43.37 (150800-693941914):101)
12-05 10:06:42.806 7800 7902 W AsyncOperation: at eidx.r(:com.google.android.gms@244337026@24.43.37 (150800-693941914):28)
12-05 10:06:42.806 7800 7902 W AsyncOperation: at eigm.run(:com.google.android.gms@244337026@24.43.37 (150800-693941914):5)
12-05 10:06:42.806 7800 7902 W AsyncOperation: at eifp.execute(:com.google.android.gms@244337026@24.43.37 (150800-693941914):1)
12-05 10:06:42.806 7800 7902 W AsyncOperation: at eidx.h(:com.google.android.gms@244337026@24.43.37 (150800-693941914):1)
12-05 10:06:42.806 7800 7902 W AsyncOperation: at eidx.l(:com.google.android.gms@244337026@24.43.37 (150800-693941914):101)
12-05 10:06:42.806 7800 7902 W AsyncOperation: at eidx.r(:com.google.android.gms@244337026@24.43.37 (150800-693941914):28)
12-05 10:06:42.806 7800 7902 W AsyncOperation: at eigm.run(:com.google.android.gms@244337026@24.43.37 (150800-693941914):5)
12-05 10:06:42.806 7800 7902 W AsyncOperation: at eifp.execute(:com.google.android.gms@244337026@24.43.37 (150800-693941914):1)
12-05 10:06:42.806 7800 7902 W AsyncOperation: at eidx.h(:com.google.android.gms@244337026@24.43.37 (150800-693941914):1)
12-05 10:06:42.806 7800 7902 W AsyncOperation: at eidx.l(:com.google.android.gms@244337026@24.43.37 (150800-693941914):101)
12-05 10:06:42.806 7800 7902 W AsyncOperation: at eidx.p(:com.google.android.gms@244337026@24.43.37 (150800-693941914):19)
12-05 10:06:42.806 7800 7902 W AsyncOperation: at eifn.d(:com.google.android.gms@244337026@24.43.37 (150800-693941914):18)
12-05 10:06:42.842 7800 7902 W AsyncOperation: at eiha.run(:com.google.android.gms@244337026@24.43.37 (150800-693941914):39)
12-05 10:06:42.842 7800 7902 W AsyncOperation: at amjy.c(:com.google.android.gms@244337026@24.43.37 (150800-693941914):50)
12-05 10:06:42.842 7800 7902 W AsyncOperation: at amjy.run(:com.google.android.gms@244337026@24.43.37 (150800-693941914):76)
12-05 10:06:42.842 7800 7902 W AsyncOperation: ... 4 more
12-05 10:06:42.842 7800 7902 W AsyncOperation: Caused by: fola: UNAUTHENTICATED
12-05 10:06:42.842 7800 7902 W AsyncOperation: at fpeq.a(:com.google.android.gms@244337026@24.43.37 (150800-693941914):41)
12-05 10:06:42.842 7800 7902 W AsyncOperation: at elgb.f(:com.google.android.gms@244337026@24.43.37 (150800-693941914):93)
12-05 10:06:42.842 7800 7902 W AsyncOperation: at elgb.h(:com.google.android.gms@244337026@24.43.37 (150800-693941914):23)
12-05 10:06:42.842 7800 7902 W AsyncOperation: at elgb.a(:com.google.android.gms@244337026@24.43.37 (150800-693941914):8)
12-05 10:06:42.842 7800 7902 W AsyncOperation: at elgk.run(:com.google.android.gms@244337026@24.43.37 (150800-693941914):9)
12-05 10:06:42.842 7800 7902 W AsyncOperation: at elgm.e(:com.google.android.gms@244337026@24.43.37 (150800-693941914):22)
12-05 10:06:42.842 7800 7902 W AsyncOperation: at elgm.a(:com.google.android.gms@244337026@24.43.37 (150800-693941914):6)
12-05 10:06:42.842 7800 7902 W AsyncOperation: at elfs.run(:com.google.android.gms@244337026@24.43.37 (150800-693941914):14)
12-05 10:06:42.842 7800 7902 W AsyncOperation: at elfp.run(:com.google.android.gms@244337026@24.43.37 (150800-693941914):3)
12-05 10:06:42.842 7800 7902 W AsyncOperation: at eihq.run(:com.google.android.gms@244337026@24.43.37 (150800-693941914):3)
12-05 10:06:42.842 7800 7902 W AsyncOperation: at eihr.run(:com.google.android.gms@244337026@24.43.37 (150800-693941914):76)
12-05 10:06:42.842 7800 7902 W AsyncOperation: at eifp.execute(:com.google.android.gms@244337026@24.43.37 (150800-693941914):1)
12-05 10:06:42.842 7800 7902 W AsyncOperation: at elfx.execute(:com.google.android.gms@244337026@24.43.37 (150800-693941914):3)
12-05 10:06:42.842 7800 7902 W AsyncOperation: at eihs.execute(:com.google.android.gms@244337026@24.43.37 (150800-693941914):36)
12-05 10:06:42.842 7800 7902 W AsyncOperation: at elfg.execute(:com.google.android.gms@244337026@24.43.37 (150800-693941914):10)
12-05 10:06:42.842 7800 7902 W AsyncOperation: at elfv.a(:com.google.android.gms@244337026@24.43.37 (150800-693941914):10)
12-05 10:06:42.842 7800 7902 W AsyncOperation: at elgb.f(:com.google.android.gms@244337026@24.43.37 (150800-693941914):93)
12-05 10:06:42.842 7800 7902 W AsyncOperation: at elgb.h(:com.google.android.gms@244337026@24.43.37 (150800-693941914):23)
12-05 10:06:42.842 7800 7902 W AsyncOperation: at elgb.a(:com.google.android.gms@244337026@24.43.37 (150800-693941914):8)
12-05 10:06:42.842 7800 7902 W AsyncOperation: at elgk.run(:com.google.android.gms@244337026@24.43.37 (150800-693941914):9)
12-05 10:06:42.842 7800 7902 W AsyncOperation: at elgm.e(:com.google.android.gms@244337026@24.43.37 (150800-693941914):22)
12-05 10:06:42.842 7800 7902 W AsyncOperation: at elgm.a(:com.google.android.gms@244337026@24.43.37 (150800-693941914):6)
12-05 10:06:42.842 7800 7902 W AsyncOperation: at elfs.run(:com.google.android.gms@244337026@24.43.37 (150800-693941914):14)
12-05 10:06:42.842 7800 7902 W AsyncOperation: at elfp.run(:com.google.android.gms@244337026@24.43.37 (150800-693941914):3)
12-05 10:06:42.842 7800 7902 W AsyncOperation: at eihq.run(:com.google.android.gms@244337026@24.43.37 (150800-693941914):3)
12-05 10:06:42.842 7800 7902 W AsyncOperation: at eihr.run(:com.google.android.gms@244337026@24.43.37 (150800-693941914):76)
12-05 10:06:42.842 7800 7902 W AsyncOperation: at eifp.execute(:com.google.android.gms@244337026@24.43.37 (150800-693941914):1)
12-05 10:06:42.842 7800 7902 W AsyncOperation: at elfx.execute(:com.google.android.gms@244337026@24.43.37 (150800-693941914):3)
12-05 10:06:42.842 7800 7902 W AsyncOperation: at eihs.execute(:com.google.android.gms@244337026@24.43.37 (150800-693941914):36)
12-05 10:06:42.842 7800 7902 W AsyncOperation: at elfg.execute(:com.google.android.gms@244337026@24.43.37 (150800-693941914):10)
12-05 10:06:42.842 7800 7902 W AsyncOperation: at elfv.a(:com.google.android.gms@244337026@24.43.37 (150800-693941914):10)
12-05 10:06:42.842 7800 7902 W AsyncOperation: at elgb.f(:com.google.android.gms@244337026@24.43.37 (150800-693941914):93)
12-05 10:06:42.842 7800 7902 W AsyncOperation: at elgb.h(:com.google.android.gms@244337026@24.43.37 (150800-693941914):23)
12-05 10:06:42.842 7800 7902 W AsyncOperation: at elgb.a(:com.google.android.gms@244337026@24.43.37 (150800-693941914):8)
12-05 10:06:42.842 7800 7902 W AsyncOperation: at elgk.run(:com.google.android.gms@244337026@24.43.37 (150800-693941914):9)
12-05 10:06:42.842 7800 7902 W AsyncOperation: at elgm.e(:com.google.android.gms@244337026@24.43.37 (150800-693941914):22)
12-05 10:06:42.842 7800 7902 W AsyncOperation: at elgm.a(:com.google.android.gms@244337026@24.43.37 (150800-693941914):6)
12-05 10:06:42.842 7800 7902 W AsyncOperation: at elfs.run(:com.google.android.gms@244337026@24.43.37 (150800-693941914):14)
12-05 10:06:42.842 7800 7902 W AsyncOperation: at elfp.run(:com.google.android.gms@244337026@24.43.37 (150800-693941914):3)
12-05 10:06:42.842 7800 7902 W AsyncOperation: at eihr.run(:com.google.android.gms@244337026@24.43.37 (150800-693941914):76)
12-05 10:06:42.842 7800 7902 W AsyncOperation: at eifp.execute(:com.google.android.gms@244337026@24.43.37 (150800-693941914):1)
12-05 10:06:42.842 7800 7902 W AsyncOperation: at elfx.execute(:com.google.android.gms@244337026@24.43.37 (150800-693941914):3)
12-05 10:06:42.842 7800 7902 W AsyncOperation: at eihs.execute(:com.google.android.gms@244337026@24.43.37 (150800-693941914):36)
12-05 10:06:42.842 7800 7902 W AsyncOperation: at elfg.execute(:com.google.android.gms@244337026@24.43.37 (150800-693941914):10)
12-05 10:06:42.842 7800 7902 W AsyncOperation: at eift.c(:com.google.android.gms@244337026@24.43.37 (150800-693941914):1)
12-05 10:06:42.842 7800 7902 W AsyncOperation: at eift.b(:com.google.android.gms@244337026@24.43.37 (150800-693941914):32)
12-05 10:06:42.842 7800 7902 W AsyncOperation: at eihd.done(:com.google.android.gms@244337026@24.43.37 (150800-693941914):3)
12-05 10:06:42.843 7800 7902 W AsyncOperation: at java.util.concurrent.FutureTask.finishCompletion(FutureTask.java:383)
12-05 10:06:42.843 7800 7902 W AsyncOperation: at java.util.concurrent.FutureTask.setException(FutureTask.java:252)
12-05 10:06:42.843 7800 7902 W AsyncOperation: at java.util.concurrent.FutureTask.run(FutureTask.java:271)
12-05 10:06:42.843 7800 7902 W AsyncOperation: ... 6 more
12-05 10:06:42.843 7800 7902 W AsyncOperation: Caused by: com.google.android.gms.auth.UserRecoverableAuthException: NeedRemoteConsent
12-05 10:06:42.843 7800 7902 W AsyncOperation: at snz.p(:com.google.android.gms@244337026@24.43.37 (150800-693941914):41)
12-05 10:06:42.843 7800 7902 W AsyncOperation: at snz.t(:com.google.android.gms@244337026@24.43.37 (150800-693941914):32)
12-05 10:06:42.843 7800 7902 W AsyncOperation: at sns.a(:com.google.android.gms@244337026@24.43.37 (150800-693941914):55)
12-05 10:06:42.843 7800 7902 W AsyncOperation: at snz.s(:com.google.android.gms@244337026@24.43.37 (150800-693941914):34)
12-05 10:06:42.843 7800 7902 W AsyncOperation: at snz.v(:com.google.android.gms@244337026@24.43.37 (150800-693941914):153)
12-05 10:06:42.843 7800 7902 W AsyncOperation: at eldc.d(:com.google.android.gms@244337026@24.43.37 (150800-693941914):10)
12-05 10:06:42.843 7800 7902 W AsyncOperation: at eldc.c(:com.google.android.gms@244337026@24.43.37 (150800-693941914):69)
12-05 10:06:42.843 7800 7902 W AsyncOperation: at elcz.call(:com.google.android.gms@244337026@24.43.37 (150800-693941914):8)
12-05 10:06:42.843 7800 7902 W AsyncOperation: at java.util.concurrent.FutureTask.run(FutureTask.java:266)
12-05 10:06:42.843 7800 7902 W AsyncOperation: at eldc.a(:com.google.android.gms@244337026@24.43.37 (150800-693941914):63)
12-05 10:06:42.843 7800 7902 W AsyncOperation: at elcc.call(:com.google.android.gms@244337026@24.43.37 (150800-693941914):25)
12-05 10:06:42.843 7800 7902 W AsyncOperation: at eaxq.call(:com.google.android.gms@244337026@24.43.37 (150800-693941914):13)
12-05 10:06:42.843 7800 7902 W AsyncOperation: at java.util.concurrent.FutureTask.run(FutureTask.java:266)
12-05 10:06:42.843 7800 7902 W AsyncOperation: ... 6 more
12-05 10:06:42.852 7846 9598 I NetworkScheduler.Stats: Task com.google.android.gms/com.google.android.gms.tapandpay.gcmtask.TapAndPayGcmTaskService finished executing. cause:5 result: 3 elapsed_millis: 89 uptime_millis: 89 exec_start_elapsed_seconds: 567 [CONTEXT service_id=218 ]
12-05 10:06:42.856 7846 7868 W OneGoogle: Failed to load profile data. exception: ApiException-38003
12-05 10:06:42.877 7800 7902 I MdiSyncModule: Operation '1' failed with status '38003'!
12-05 10:06:42.885 7846 9399 I dpws$a : Unable to retrieve flag snapshot for com.google.android.libraries.onegoogle#com.google.android.gms, using defaults.
12-05 10:06:42.885 7800 7902 I MdiSyncModule: Executing operation '1'...
12-05 10:06:42.908 7800 9253 I MdiSyncModule: Received request for operation '1' from package 'com.google.android.gms', instance id 'profile-OneGoogle', version '1'...
12-05 10:06:42.911 7800 9253 I MdiSyncModule: Operation '1' dispatched!
12-05 10:06:42.917 7846 8918 W Auth : [RequestTokenManager] getToken() -> NEED_REMOTE_CONSENT. App: com.google.android.gms, Service: oauth2:https://www.googleapis.com/auth/webhistory
12-05 10:06:42.940 7846 8918 W Auth : [GetToken] GetToken failed with status code: NeedRemoteConsent [CONTEXT service_id=343 ]
12-05 10:06:42.962 7846 8057 W GLSUser : [DeviceKeyStore] Cannot load key: Device key file not found.
12-05 10:06:43.023 352 352 W RanchuHwc: validateDisplay: layer 31 CompositionType 1, fallback
12-05 10:06:43.054 352 352 W RanchuHwc: presentDisplay display has no layers to compose, flushing client target buffer.
12-05 10:06:43.094 7800 8792 W Auth : [GoogleAuthUtil] [GoogleAuthUtil] error status:NEED_REMOTE_CONSENT with method:getTokenWithDetails
12-05 10:06:43.153 426 8437 D BufferPoolAccessor2.0: bufferpool2 0x79b561a5abc8 : 0(0 size) total buffers - 0(0 size) used buffers - 93/101 (recycle/alloc) - 8/198 (fetch/transfer)
12-05 10:06:43.153 426 8437 D BufferPoolAccessor2.0: evictor expired: 1, evicted: 1
12-05 10:06:43.220 7800 9562 I GCM : Checking if the GCM ID is available and maybe schedule a task to register GMS if not.
12-05 10:06:43.221 7846 9412 W TapAndPay: No gcm id available, rescheduling [CONTEXT service_id=79 ]
12-05 10:06:43.224 7800 9562 I GCM-GMS : Scheduling task to register GMS
12-05 10:06:43.247 7800 7946 W FacsCacheGmsModule: Account sync failed! [CONTEXT service_id=202 ratelimit_count=100 ]
12-05 10:06:43.247 7800 7946 W FacsCacheGmsModule: fola: UNAUTHENTICATED
12-05 10:06:43.247 7800 7946 W FacsCacheGmsModule: at fper.b(:com.google.android.gms@244337026@24.43.37 (150800-693941914):165)
12-05 10:06:43.247 7800 7946 W FacsCacheGmsModule: at exlc.b(:com.google.android.gms@244337026@24.43.37 (150800-693941914):68)
12-05 10:06:43.247 7800 7946 W FacsCacheGmsModule: at dboj.n(:com.google.android.gms@244337026@24.43.37 (150800-693941914):399)
12-05 10:06:43.247 7800 7946 W FacsCacheGmsModule: at dboj.e(:com.google.android.gms@244337026@24.43.37 (150800-693941914):32)
12-05 10:06:43.247 7800 7946 W FacsCacheGmsModule: at dbka.a(:com.google.android.gms@244337026@24.43.37 (150800-693941914):9)
12-05 10:06:43.247 7800 7946 W FacsCacheGmsModule: at dlnk.a(:com.google.android.gms@244337026@24.43.37 (150800-693941914):3)
12-05 10:06:43.247 7800 7946 W FacsCacheGmsModule: at dlnr.a(:com.google.android.gms@244337026@24.43.37 (150800-693941914):158)
12-05 10:06:43.247 7800 7946 W FacsCacheGmsModule: at eaxp.a(:com.google.android.gms@244337026@24.43.37 (150800-693941914):13)
12-05 10:06:43.247 7800 7946 W FacsCacheGmsModule: at eieb.d(:com.google.android.gms@244337026@24.43.37 (150800-693941914):3)
12-05 10:06:43.247 7800 7946 W FacsCacheGmsModule: at eied.run(:com.google.android.gms@244337026@24.43.37 (150800-693941914):42)
12-05 10:06:43.247 7800 7946 W FacsCacheGmsModule: at amjy.c(:com.google.android.gms@244337026@24.43.37 (150800-693941914):50)
12-05 10:06:43.247 7800 7946 W FacsCacheGmsModule: at amjy.run(:com.google.android.gms@244337026@24.43.37 (150800-693941914):76)
12-05 10:06:43.247 7800 7946 W FacsCacheGmsModule: at java.util.concurrent.ThreadPoolExecutor.runWorker(ThreadPoolExecutor.java:1167)
12-05 10:06:43.247 7800 7946 W FacsCacheGmsModule: at java.util.concurrent.ThreadPoolExecutor$Worker.run(ThreadPoolExecutor.java:641)
12-05 10:06:43.247 7800 7946 W FacsCacheGmsModule: at ampj.run(:com.google.android.gms@244337026@24.43.37 (150800-693941914):8)
12-05 10:06:43.247 7800 7946 W FacsCacheGmsModule: at java.lang.Thread.run(Thread.java:920)
12-05 10:06:43.247 7800 7946 W FacsCacheGmsModule: Caused by: com.google.android.gms.auth.UserRecoverableAuthException: NeedRemoteConsent
12-05 10:06:43.247 7800 7946 W FacsCacheGmsModule: at snz.p(:com.google.android.gms@244337026@24.43.37 (150800-693941914):41)
12-05 10:06:43.247 7800 7946 W FacsCacheGmsModule: at snz.t(:com.google.android.gms@244337026@24.43.37 (150800-693941914):32)
12-05 10:06:43.247 7800 7946 W FacsCacheGmsModule: at sns.a(:com.google.android.gms@244337026@24.43.37 (150800-693941914):55)
12-05 10:06:43.247 7800 7946 W FacsCacheGmsModule: at snz.s(:com.google.android.gms@244337026@24.43.37 (150800-693941914):34)
12-05 10:06:43.247 7800 7946 W FacsCacheGmsModule: at snz.v(:com.google.android.gms@244337026@24.43.37 (150800-693941914):153)
12-05 10:06:43.247 7800 7946 W FacsCacheGmsModule: at eldc.d(:com.google.android.gms@244337026@24.43.37 (150800-693941914):10)
12-05 10:06:43.247 7800 7946 W FacsCacheGmsModule: at eldc.c(:com.google.android.gms@244337026@24.43.37 (150800-693941914):69)
12-05 10:06:43.247 7800 7946 W FacsCacheGmsModule: at elcz.call(:com.google.android.gms@244337026@24.43.37 (150800-693941914):8)
12-05 10:06:43.247 7800 7946 W FacsCacheGmsModule: at java.util.concurrent.FutureTask.run(FutureTask.java:266)
12-05 10:06:43.247 7800 7946 W FacsCacheGmsModule: at eldc.a(:com.google.android.gms@244337026@24.43.37 (150800-693941914):63)
12-05 10:06:43.247 7800 7946 W FacsCacheGmsModule: at elcc.call(:com.google.android.gms@244337026@24.43.37 (150800-693941914):25)
12-05 10:06:43.247 7800 7946 W FacsCacheGmsModule: at eaxq.call(:com.google.android.gms@244337026@24.43.37 (150800-693941914):13)
12-05 10:06:43.247 7800 7946 W FacsCacheGmsModule: at java.util.concurrent.FutureTask.run(FutureTask.java:266)
12-05 10:06:43.247 7800 7946 W FacsCacheGmsModule: ... 6 more
12-05 10:06:43.257 430 897 D BufferPoolAccessor2.0: bufferpool2 0x77a0e5f82508 : 0(0 size) total buffers - 0(0 size) used buffers - 93/97 (recycle/alloc) - 4/96 (fetch/transfer)
12-05 10:06:43.258 430 897 D BufferPoolAccessor2.0: evictor expired: 1, evicted: 1
12-05 10:06:43.297 7846 7884 I NetworkScheduler.Stats: Task com.google.android.gms/com.google.android.gms.tapandpay.gcmtask.TapAndPayGcmTaskService started execution. cause:5 exec_start_elapsed_seconds: 567 [CONTEXT service_id=218 ]
12-05 10:06:43.301 7846 7884 I NetworkScheduler.Stats: Task com.google.android.gms/com.google.android.gms.tapandpay.gcmtask.TapAndPayGcmTaskService finished executing. cause:5 result: 3 elapsed_millis: 284 uptime_millis: 284 exec_start_elapsed_seconds: 567 [CONTEXT service_id=218 ]
12-05 10:06:43.310 7846 7868 W Auth : [RequestTokenManager] getToken() -> NEED_REMOTE_CONSENT. App: com.google.android.apps.docs, Service: oauth2:https://www.googleapis.com/auth/drive https://www.googleapis.com/auth/drive.file https://www.googleapis.com/auth/drive.metadata.readonly https://www.googleapis.com/auth/drive.readonly https://docs.google.com/feeds https://docs.googleusercontent.com https://spreadsheets.google.com/feeds https://www.googleapis.com/auth/activity https://www.googleapis.com/auth/cloudprint https://www.googleapis.com/auth/discussions https://www.googleapis.com/auth/docs https://www.googleapis.com/auth/drive.apps https://www.googleapis.com/auth/drive.categories.readonly https://www.googleapis.com/auth/memento https://www.googleapis.com/auth/notifications https://www.googleapis.com/auth/spreadsheets https://www.googleapis.com/auth/vouchers https://www.googleapis.com/auth/gmail.readonly https://www.googleapis.com/auth/subscriptions https://www.googleapis.com/auth/peopleapi.readonly https://www.googleapis.com/auth/drive.activity.readonly https://www.googleapis.com/auth/cloud_search.query
12-05 10:06:43.314 7800 9253 I Checkin : [CheckinApiChimeraService] onGetService
12-05 10:06:43.323 7846 7868 W Auth : [GetToken] GetToken failed with status code: NeedRemoteConsent [CONTEXT service_id=343 ]
12-05 10:06:43.413 7846 8057 W GmsUrlRequestImpl: Content-Type header is overwritten.
12-05 10:06:43.453 7846 7868 W GLSActivity: [GmsAccountAuthenticatorImpl] error status while fetching token:NeedRemoteConsent
12-05 10:06:43.463 9381 9525 E Cello : [9525:NonCelloThread] drive_v2_cloud_store_no_apiary.cc:3720:DumpToLog Request 0x7d05c6bf9510: 0 https://www.googleapis.com/drive/v2internal/about?fields=rootFolderId&reason=304&openDrive=false&syncType=2&featureLabel=android-sync-native transport: Status::SUCCESS reader: Status::SUCCESS
12-05 10:06:43.463 9381 9525 E Cello : [9525:NonCelloThread] drive_v2_cloud_store_no_apiary.cc:3720:DumpToLog Response body 0x7d05c6bf9510: (no response body)
12-05 10:06:43.463 9381 9525 E Cello : [9525:NonCelloThread] fetch_task.cc:602:RunInternal Could not ensure root ID is set, error: Status::UNAVAILABLE_WHILE_OFFLINE
12-05 10:06:43.516 7846 8057 W GLSUser : [AppCertManager] Exception while requesting key:
12-05 10:06:43.516 7846 8057 W GLSUser : java.util.concurrent.ExecutionException: bqjq: Parse Proto Exception with response code 400
12-05 10:06:43.516 7846 8057 W GLSUser : at eidx.s(:com.google.android.gms@244337026@24.43.37 (150800-693941914):21)
12-05 10:06:43.516 7846 8057 W GLSUser : at eidx.get(:com.google.android.gms@244337026@24.43.37 (150800-693941914):10)
12-05 10:06:43.516 7846 8057 W GLSUser : at wwu.b(:com.google.android.gms@244337026@24.43.37 (150800-693941914):513)
12-05 10:06:43.516 7846 8057 W GLSUser : at wws.a(:com.google.android.gms@244337026@24.43.37 (150800-693941914):70)
12-05 10:06:43.516 7846 8057 W GLSUser : at wws.ff(:com.google.android.gms@244337026@24.43.37 (150800-693941914):16)
12-05 10:06:43.516 7846 8057 W GLSUser : at ndh.onTransact(:com.google.android.gms@244337026@24.43.37 (150800-693941914):97)
12-05 10:06:43.516 7846 8057 W GLSUser : at android.os.Binder.transact(Binder.java:1064)
12-05 10:06:43.516 7846 8057 W GLSUser : at bjev.onTransact(:com.google.android.gms@244337026@24.43.37 (150800-693941914):10)
12-05 10:06:43.516 7846 8057 W GLSUser : at android.os.Binder.transact(Binder.java:1064)
12-05 10:06:43.516 7846 8057 W GLSUser : at baop.onTransact(:com.google.android.gms@244337026@24.43.37 (150800-693941914):148)
12-05 10:06:43.516 7846 8057 W GLSUser : at android.os.Binder.execTransactInternal(Binder.java:1179)
12-05 10:06:43.516 7846 8057 W GLSUser : at android.os.Binder.execTransact(Binder.java:1143)
12-05 10:06:43.516 7846 8057 W GLSUser : Caused by: bqjq: Parse Proto Exception with response code 400
12-05 10:06:43.516 7846 8057 W GLSUser : at bqks.b(:com.google.android.gms@244337026@24.43.37 (150800-693941914):80)
12-05 10:06:43.516 7846 8057 W GLSUser : at bqnk.d(:com.google.android.gms@244337026@24.43.37 (150800-693941914):18)
12-05 10:06:43.516 7846 8057 W GLSUser : at bqny.onSucceeded(:com.google.android.gms@244337026@24.43.37 (150800-693941914):9)
12-05 10:06:43.516 7846 8057 W GLSUser : at m.lg.onSucceeded(:com.google.android.gms.dynamite_cronetdynamite@244337026@24.43.37 (150800-0):3)
12-05 10:06:43.516 7846 8057 W GLSUser : at m.ke.run(:com.google.android.gms.dynamite_cronetdynamite@244337026@24.43.37 (150800-0):25)
12-05 10:06:43.516 7846 8057 W GLSUser : at amjy.c(:com.google.android.gms@244337026@24.43.37 (150800-693941914):50)
12-05 10:06:43.516 7846 8057 W GLSUser : at amjy.run(:com.google.android.gms@244337026@24.43.37 (150800-693941914):76)
12-05 10:06:43.516 7846 8057 W GLSUser : at java.util.concurrent.ThreadPoolExecutor.runWorker(ThreadPoolExecutor.java:1167)
12-05 10:06:43.516 7846 8057 W GLSUser : at java.util.concurrent.ThreadPoolExecutor$Worker.run(ThreadPoolExecutor.java:641)
12-05 10:06:43.516 7846 8057 W GLSUser : at ampj.run(:com.google.android.gms@244337026@24.43.37 (150800-693941914):8)
12-05 10:06:43.516 7846 8057 W GLSUser : at java.lang.Thread.run(Thread.java:920)
12-05 10:06:43.516 7846 8057 W GLSUser : Caused by: exwd: Protocol message contained an invalid tag (zero).
12-05 10:06:43.516 7846 8057 W GLSUser : at extd.l(:com.google.android.gms@244337026@24.43.37 (150800-693941914):43)
12-05 10:06:43.516 7846 8057 W GLSUser : at exxc.c(:com.google.android.gms@244337026@24.43.37 (150800-693941914):394)
12-05 10:06:43.516 7846 8057 W GLSUser : at exxc.i(:com.google.android.gms@244337026@24.43.37 (150800-693941914):8)
12-05 10:06:43.516 7846 8057 W GLSUser : at exvi.x(:com.google.android.gms@244337026@24.43.37 (150800-693941914):25)
12-05 10:06:43.516 7846 8057 W GLSUser : at exvd.f(:com.google.android.gms@244337026@24.43.37 (150800-693941914):3)
12-05 10:06:43.516 7846 8057 W GLSUser : at exsz.d(:com.google.android.gms@244337026@24.43.37 (150800-693941914):1)
12-05 10:06:43.516 7846 8057 W GLSUser : at exsz.c(:com.google.android.gms@244337026@24.43.37 (150800-693941914):3)
12-05 10:06:43.516 7846 8057 W GLSUser : at exsz.n(:com.google.android.gms@244337026@24.43.37 (150800-693941914):1)
12-05 10:06:43.516 7846 8057 W GLSUser : at bqks.g(:com.google.android.gms@244337026@24.43.37 (150800-693941914):69)
12-05 10:06:43.516 7846 8057 W GLSUser : at bqks.b(:com.google.android.gms@244337026@24.43.37 (150800-693941914):11)
12-05 10:06:43.516 7846 8057 W GLSUser : ... 10 more
12-05 10:06:43.520 7846 8057 W GLSUser : [DeviceKeyStore] Cannot load key: Device key file not found.
12-05 10:06:43.582 7800 9573 W AsyncOperation: operation=SyncActivityControlsSettingsInternalOperation, opStatusCode=7 [CONTEXT service_id=220 ]
12-05 10:06:43.582 7800 9573 W AsyncOperation: OperationException[Status{statusCode=Downloading settings failed!, resolution=null}]
12-05 10:06:43.582 7800 9573 W AsyncOperation: at dbkb.f(:com.google.android.gms@244337026@24.43.37 (150800-693941914):194)
12-05 10:06:43.582 7800 9573 W AsyncOperation: at bpnh.fj(:com.google.android.gms@244337026@24.43.37 (150800-693941914):1)
12-05 10:06:43.582 7800 9573 W AsyncOperation: at bpnt.run(:com.google.android.gms@244337026@24.43.37 (150800-693941914):66)
12-05 10:06:43.582 7800 9573 W AsyncOperation: at eaxt.run(:com.google.android.gms@244337026@24.43.37 (150800-693941914):21)
12-05 10:06:43.582 7800 9573 W AsyncOperation: at amjy.c(:com.google.android.gms@244337026@24.43.37 (150800-693941914):50)
12-05 10:06:43.582 7800 9573 W AsyncOperation: at amjy.run(:com.google.android.gms@244337026@24.43.37 (150800-693941914):76)
12-05 10:06:43.582 7800 9573 W AsyncOperation: at java.util.concurrent.ThreadPoolExecutor.runWorker(ThreadPoolExecutor.java:1167)
12-05 10:06:43.582 7800 9573 W AsyncOperation: at java.util.concurrent.ThreadPoolExecutor$Worker.run(ThreadPoolExecutor.java:641)
12-05 10:06:43.582 7800 9573 W AsyncOperation: at ampj.run(:com.google.android.gms@244337026@24.43.37 (150800-693941914):8)
12-05 10:06:43.582 7800 9573 W AsyncOperation: at java.lang.Thread.run(Thread.java:920)
12-05 10:06:43.582 7800 9573 W AsyncOperation: Caused by: fola: UNAUTHENTICATED
12-05 10:06:43.582 7800 9573 W AsyncOperation: at fper.b(:com.google.android.gms@244337026@24.43.37 (150800-693941914):165)
12-05 10:06:43.582 7800 9573 W AsyncOperation: at exlc.b(:com.google.android.gms@244337026@24.43.37 (150800-693941914):68)
12-05 10:06:43.582 7800 9573 W AsyncOperation: at dboj.n(:com.google.android.gms@244337026@24.43.37 (150800-693941914):399)
12-05 10:06:43.582 7800 9573 W AsyncOperation: at dboj.e(:com.google.android.gms@244337026@24.43.37 (150800-693941914):32)
12-05 10:06:43.582 7800 9573 W AsyncOperation: at dbka.a(:com.google.android.gms@244337026@24.43.37 (150800-693941914):9)
