12-05 10:06:16.871 7993 8024 I BugleRcsProvisioning: BugleSystemBindingManager: onCsLibPhenotypeUpdated
12-05 10:06:16.935 7993 8024 I BugleRcsEngine: [602] afqy.b: SystemBindingManager: force P/H Flag update scheduled and start updateBinding
12-05 10:06:16.942 7993 8056 I BugleTransport: isChatAvailable: RcsAvailability is CARRIER_SETUP_PENDING (Carrier RCS is not set up)
12-05 10:06:16.948 7846 7884 I HeterodyneSyncScheduler: Scheduling adaptive one off task with window [14400, 604800] in seconds [CONTEXT service_id=51 ]
12-05 10:06:16.955 7993 8947 W BugleRcsEngine: [658] aoet.x: Unable to send diagnostic log
12-05 10:06:16.962 7993 8946 W BugleAction: Empty msisdn in BugleSharedPrefs
12-05 10:06:16.991 7800 7800 D BoundBrokerSvc: onUnbind: Intent { act=com.google.android.gms.constellation.service.START pkg=com.google.android.gms }
12-05 10:06:17.020 8696 8775 D EGL_emulation: app_time_stats: avg=983.27ms min=977.84ms max=988.71ms count=2
12-05 10:06:17.023 352 352 W RanchuHwc: validateDisplay: layer 31 CompositionType 1, fallback
12-05 10:06:17.034 7846 7884 I NetworkScheduler.Stats: Task com.google.android.gms/com.google.android.gms.phenotype.service.sync.PhenotypeConfigurator finished executing. cause:5 result: 1 elapsed_millis: 7598 uptime_millis: 7598 exec_start_elapsed_seconds: 533 [CONTEXT service_id=218 ]
12-05 10:06:17.042 352 352 W RanchuHwc: presentDisplay display has no layers to compose, flushing client target buffer.
12-05 10:06:17.057 7993 8946 W BugleAction: Failed to get msisdn from Bugle
12-05 10:06:17.059 7993 8025 I BugleRcsEngine: [601] aobp.run: SystemBindingManager: SystemBinding enabled: true
12-05 10:06:17.059 7993 8025 I BugleRcsEngine: [601] aobq.b: System Binding updated
12-05 10:06:17.060 7993 8947 W BugleRcsEngine: [658] aoet.x: Unable to send diagnostic log
12-05 10:06:17.066 7993 8946 W BugleAction: Failed to get msisdn from RcsProfileService
12-05 10:06:17.066 7993 8946 W BugleAction: bbsh: Jibe SDK Service not available. Is the Jibe SDK service running? Did you call connect() and wait for the notification before calling an API function?
12-05 10:06:17.066 7993 8946 W BugleAction: at bbsa.b(PG:2)
12-05 10:06:17.066 7993 8946 W BugleAction: at com.google.android.rcs.client.profile.RcsProfileService.g(PG:1)
12-05 10:06:17.066 7993 8946 W BugleAction: at com.google.android.rcs.client.profile.RcsProfileService.getMsisdn(PG:1)
12-05 10:06:17.066 7993 8946 W BugleAction: at aadi.N(PG:16)
12-05 10:06:17.066 7993 8946 W BugleAction: at ywn.b(PG:1)
12-05 10:06:17.066 7993 8946 W BugleAction: at ywm.call(Unknown Source:2)
12-05 10:06:17.066 7993 8946 W BugleAction: at bdzf.a(PG:1)
12-05 10:06:17.066 7993 8946 W BugleAction: at bdxs.a(PG:2)
12-05 10:06:17.066 7993 8946 W BugleAction: at bhuh.a(PG:1)
12-05 10:06:17.066 7993 8946 W BugleAction: at bhtl.run(PG:4)
12-05 10:06:17.066 7993 8946 W BugleAction: at bhuj.run(PG:1)
12-05 10:06:17.066 7993 8946 W BugleAction: at atrv.run(PG:1)
12-05 10:06:17.066 7993 8946 W BugleAction: at java.util.concurrent.ThreadPoolExecutor.runWorker(ThreadPoolExecutor.java:1167)
12-05 10:06:17.066 7993 8946 W BugleAction: at java.util.concurrent.ThreadPoolExecutor$Worker.run(ThreadPoolExecutor.java:641)
12-05 10:06:17.066 7993 8946 W BugleAction: at atqz.run(PG:3)
12-05 10:06:17.066 7993 8946 W BugleAction: at atrh.run(PG:4)
12-05 10:06:17.066 7993 8946 W BugleAction: at java.lang.Thread.run(Thread.java:920)
12-05 10:06:17.066 7993 8946 W Bugle : SubscriptionMetadataUtils get: invalid subId = -2
12-05 10:06:17.066 7993 8946 W Bugle : SubscriptionMetadataUtils get: invalid subId = -2
12-05 10:06:17.103 7993 8946 W Bugle : SubscriptionMetadataUtils get: invalid subId = -2
12-05 10:06:17.104 7993 8946 W Bugle : SubscriptionUtilsAsOfLMR1: getSelfRawNumber: subInfo is null for subscription{id:-1}
12-05 10:06:17.181 7993 8946 W BugleAction: No default number, returning empty msisdn
12-05 10:06:17.182 7993 8946 W BugleNetwork: RcsMsisdnAccessor: Failed to access Rcs msisdn. subId: -2
12-05 10:06:17.229 7993 8946 W TimedProcessReaper: Scheduling killing of process to refresh configuration
12-05 10:06:17.237 7993 8056 I Bugle : BroadcastReceiverAsyncWorkTracker: Acknowledging broadcast of com.google.android.apps.messaging.shared.experiments.receiver.BuglePhenotypeBroadcastReceiver@8e2c51f
12-05 10:06:17.238 7993 8028 W BugleTransport: Not using Tachygram because it is disabled by RCS Configuration
12-05 10:06:17.240 7993 7993 I PhenotypeBackgroundRecv: Skipping com.google.android.gms.icing.mdd#com.google.android.apps.messaging which doesn't use ProcessStable flags.
12-05 10:06:17.245 7993 7993 W ConfigurationUpdatedRec: Received update for unknown package com.google.android.gms.icing.mdd#com.google.android.apps.messaging; known packages [com.google.android.apps.messaging#com.google.android.apps.messaging, com.google.android.apps.messaging.auto#com.google.android.apps.messaging]
12-05 10:06:17.269 7993 8028 I BugleTransport: Cannot refresh chat transport. No msisdn available
12-05 10:06:17.299 8340 8404 I BugleRcsEngine: [640] ProvisioningEventReceiver.d: Received Provisioning Event: [Bugle information (100)]
12-05 10:06:17.300 8340 8404 I BugleRcsEngine: [640] ProvisioningEventReceiver.d: JibeService is running, passing event to provisioning engine.
12-05 10:06:17.342 7993 8056 I BuglePhenotype: onReceive for cslib package [CONTEXT package_name="com.google.android.ims.library" ]
12-05 10:06:17.343 7993 8055 I Bugle : BroadcastReceiverAsyncWorkTracker: Acknowledging broadcast of com.google.android.apps.messaging.shared.experiments.receiver.BuglePhenotypeBroadcastReceiver@df8943b
12-05 10:06:17.350 7993 7993 I PhenotypeBackgroundRecv: Skipping com.google.android.ims.library which doesn't use ProcessStable flags.
12-05 10:06:17.365 7993 7993 W ConfigurationUpdatedRec: Received update for unknown package com.google.android.ims.library; known packages [com.google.android.apps.messaging#com.google.android.apps.messaging, com.google.android.apps.messaging.auto#com.google.android.apps.messaging]
12-05 10:06:17.370 8340 8404 I BugleRcsEngine: [640] ProvisioningEventReceiver.d: Received Provisioning Event: [Bugle information (100)]
12-05 10:06:17.370 8340 8404 I BugleRcsEngine: [640] ProvisioningEventReceiver.d: JibeService is running, passing event to provisioning engine.
12-05 10:06:17.389 7993 8028 I BuglePhenotype: Notify about updates in current package [CONTEXT current_package_name="com.google.android.ims.library" ]
12-05 10:06:17.391 8340 8404 I BugleRcsEngine: [640] aotd.l: Reinitialize CSLib Flags: com.google.android.ims.library
12-05 10:06:17.419 7993 8028 I BugleRcsProvisioning: BugleSystemBindingManager: onCsLibPhenotypeUpdated
12-05 10:06:17.425 7993 8028 I BugleRcsEngine: [604] afqy.b: SystemBindingManager: force P/H Flag update scheduled and start updateBinding
12-05 10:06:17.426 7993 8028 I Bugle : RcsAvailabilityUtilForProvisioningEngineV2: onCsLibPhenotypeUpdated
12-05 10:06:17.427 7993 8946 W BugleRcsEngine: [659] aoet.x: Unable to send diagnostic log
12-05 10:06:17.428 7993 8028 I BugleRcsProvisioning: RcsProvisioningTrigger: onCsLibPhenotypeUpdated, enableProvisioningTaskInBugle = true
12-05 10:06:17.429 7993 8028 I BugleRcsProvisioning: RcsProvisioningTrigger: updateRcsAvailability : hint = CSLIB_PHENOTYPE_UPDATE
12-05 10:06:17.431 7993 8028 I Bugle : RcsAvailabilityUtilForProvisioningEngineV2: updateAvailabilityAsync, hint: CSLIB_PHENOTYPE_UPDATE
12-05 10:06:17.431 7993 8028 I Bugle : RcsAvailabilityUtilForProvisioningEngineV2: swapAvailabilityUpdater, provisioningTaskInBugle: true, activeRcsAvailabilityUpdater: aadu
12-05 10:06:17.443 7993 8028 W BugleRcsEngine: [604] apjw.a: [SR]: Single Registration is disabled. Skipping Single Registration capability check for subId: 1
12-05 10:06:17.454 7993 8028 I BugleRcsProvisioning: RcsAvailabilityUpdaterLocal: [SR]: SingleRegistration configuration, singleRegistrationRcsConfigAvailableAndEnabled: false, simId: redacted-pii:sim_id[chars:20]
12-05 10:06:17.466 7993 8028 I BugleRcsEngine: [604] apve.b: Using config server URL from aohn
12-05 10:06:17.469 8340 8404 W BugleRcsEngine: [640] aoet.x: Unable to send diagnostic log
12-05 10:06:17.470 8340 8404 I BugleRcsEngine: [640] apme.u: ProvisioningEngineManager: onCsLibPhenotypeUpdated, provisioningTaskInBugleEnabled = true, currentProvisioningStrategy = apqk
12-05 10:06:17.480 7993 8024 I BugleRcsEngine: [602] aobp.run: SystemBindingManager: SystemBinding enabled: true
12-05 10:06:17.481 7993 8024 I BugleRcsEngine: [602] aobq.b: System Binding updated
12-05 10:06:17.481 7993 8037 W BugleRcsEngine: [609] aoet.x: Unable to send diagnostic log
12-05 10:06:17.488 7993 8028 I BugleRcsProvisioning: RcsAvailabilityUpdaterLocal: Provisioning Engine subscription{id:1}, simId: redacted-pii:sim_id[chars:20], provisioningEngineVersion: 3
12-05 10:06:17.488 7993 8028 I BugleRcsProvisioning: RcsAvailabilityUpdaterLocal: updateRcsAvailability, currentAvailability: 10, newAvailability: 10, hint: CSLIB_PHENOTYPE_UPDATE
12-05 10:06:17.494 7993 8025 I BugleRcsProvisioning: RcsProvisioningTrigger: onRcsAvailabilityUpdate : availability is updated to Carrier RCS is not set up, lastAvailability is Carrier RCS is not set up, simId hash = 3293955724959726598, isPev3Enabled = true
12-05 10:06:18.030 8696 8775 D EGL_emulation: app_time_stats: avg=1009.65ms min=1009.65ms max=1009.65ms count=1
12-05 10:06:18.034 9098 9098 V ClearcutMetricXmitter: Transmission is done.
12-05 10:06:18.040 352 352 W RanchuHwc: validateDisplay: layer 31 CompositionType 1, fallback
12-05 10:06:18.066 352 352 W RanchuHwc: presentDisplay display has no layers to compose, flushing client target buffer.
12-05 10:06:18.353 426 8437 D BufferPoolAccessor2.0: bufferpool2 0x79b561a603a8 : 0(0 size) total buffers - 0(0 size) used buffers - 0/5 (recycle/alloc) - 2/4 (fetch/transfer)
12-05 10:06:18.353 426 8437 D BufferPoolAccessor2.0: evictor expired: 2, evicted: 1
12-05 10:06:18.387 430 897 D BufferPoolAccessor2.0: evictor expired: 2, evicted: 0
12-05 10:06:18.512 7846 8106 E GCM : Missing checkin config file
12-05 10:06:18.512 7846 8106 W GCM : GCM FAILED TO INITIALIZE - missing checkin
12-05 10:06:18.520 7846 8106 E WakeLock: GCM_HB_ALARM release without a matched acquire!
12-05 10:06:18.520 7846 8106 W WakeLock: GCM_HB_ALARM counter does not exist
12-05 10:06:18.524 563 794 D ConnectivityService: reportNetworkConnectivity(100, false) by 10105
12-05 10:06:18.525 974 1922 D NetworkMonitor/100: Forcing reevaluation for UID 10105. Dns signal count: 0
12-05 10:06:18.528 7846 8106 I AlarmManager: setExactAndAllowWhileIdle [name: GCM_CONN_ALARM type: 2 triggerAtMillis: 582840]
12-05 10:06:18.538 563 1031 D CompatibilityChangeReporter: Compat change id reported: 171306433; UID 10105; state: ENABLED
12-05 10:06:18.566 0 0 W audit : audit_lost=1277 audit_rate_limit=5 audit_backlog_limit=64
12-05 10:06:18.572 0 0 E audit : rate limit exceeded
12-05 10:06:18.551 331 9269 D resolv : ResNSendHandler::run: 0 / {100 983140 100 983140 1073 1}
12-05 10:06:18.551 331 9269 I resolv : resolv_populate_res_for_net: netid=100
12-05 10:06:18.551 331 9269 D resolv : res_nsend
12-05 10:06:18.551 331 9269 I resolv : resolv_cache_lookup: lookup
12-05 10:06:18.551 331 9269 I resolv : resolv_cache_lookup: FOUND IN CACHE entry=0x78c8ebc64850
12-05 10:06:18.555 331 9270 D resolv : ResNSendHandler::run: 0 / {100 983140 100 983140 1073 1}
12-05 10:06:18.555 331 9270 I resolv : resolv_populate_res_for_net: netid=100
12-05 10:06:18.555 331 9270 D resolv : res_nsend
12-05 10:06:18.555 331 9270 I resolv : resolv_cache_lookup: lookup
12-05 10:06:18.555 331 9270 I resolv : resolv_cache_lookup: FOUND IN CACHE entry=0x78c8fbc61e30
12-05 10:06:18.565 331 9272 D resolv : ResNSendHandler::run: 0 / {100 983140 100 983140 1073 1}
12-05 10:06:18.565 331 9272 I resolv : resolv_populate_res_for_net: netid=100
12-05 10:06:18.565 331 9272 D resolv : res_nsend
12-05 10:06:18.565 331 9272 I resolv : resolv_cache_lookup: lookup
12-05 10:06:18.565 331 9272 I resolv : resolv_cache_lookup: FOUND IN CACHE entry=0x78c8fbc608d0
12-05 10:06:18.568 331 9271 D resolv : ResNSendHandler::run: 0 / {100 983140 100 983140 1073 1}
12-05 10:06:18.569 331 9271 I resolv : resolv_populate_res_for_net: netid=100
12-05 10:06:18.569 331 9271 D resolv : res_nsend
12-05 10:06:18.569 331 9271 I resolv : resolv_cache_lookup: lookup
12-05 10:06:18.569 331 9271 I resolv : resolv_cache_lookup: FOUND IN CACHE entry=0x78c8ebc621d0
12-05 10:06:18.577 974 9267 D NetworkMonitor/100: PROBE_DNS www.google.com 45ms OK 108.177.121.103,108.177.121.99,108.177.121.106,108.177.121.105,108.177.121.147,108.177.121.104,2607:f8b0:4001:c01::68,2607:f8b0:4001:c01::93,2607:f8b0:4001:c01::69,2607:f8b0:4001:c01::63
12-05 10:06:18.586 331 9273 D resolv : GetAddrInfoHandler::run: {100 983140 100 983140 1073 1}
12-05 10:06:18.586 331 9273 D resolv : resolv_getaddrinfo: explore_fqdn(): ai_family=0 ai_socktype=1 ai_protocol=6
12-05 10:06:18.589 974 9268 D NetworkMonitor/100: PROBE_DNS connectivitycheck.gstatic.com 51ms OK 64.233.181.94,2607:f8b0:4001:c11::5e
12-05 10:06:18.595 331 9274 D resolv : doQuery: (1, 28)
12-05 10:06:18.595 331 9274 D resolv : res_nmkquery: (QUERY, IN, AAAA)
12-05 10:06:18.595 331 9274 D resolv : res_nsend
12-05 10:06:18.595 331 9274 I resolv : resolv_cache_lookup: lookup
12-05 10:06:18.595 331 9274 I resolv : resolv_cache_lookup: FOUND IN CACHE entry=0x78c8fbc61e30
12-05 10:06:18.595 331 9274 D resolv : doQuery: rcode=0, ancount=4
12-05 10:06:18.595 331 9275 D resolv : doQuery: (1, 1)
12-05 10:06:18.595 331 9276 D resolv : GetAddrInfoHandler::run: {100 983140 100 983140 1073 1}
12-05 10:06:18.595 331 9275 D resolv : res_nmkquery: (QUERY, IN, A)
12-05 10:06:18.596 331 9276 D resolv : resolv_getaddrinfo: explore_fqdn(): ai_family=0 ai_socktype=1 ai_protocol=6
12-05 10:06:18.596 331 9275 D resolv : res_nsend
12-05 10:06:18.596 331 9275 I resolv : resolv_cache_lookup: lookup
12-05 10:06:18.596 331 9275 I resolv : resolv_cache_lookup: FOUND IN CACHE entry=0x78c8fbc608d0
12-05 10:06:18.596 331 9275 D resolv : doQuery: rcode=0, ancount=6
12-05 10:06:18.601 331 9278 D resolv : doQuery: (1, 1)
12-05 10:06:18.601 331 9278 D resolv : res_nmkquery: (QUERY, IN, A)
12-05 10:06:18.601 331 9278 D resolv : res_nsend
12-05 10:06:18.601 331 9278 I resolv : resolv_cache_lookup: lookup
12-05 10:06:18.601 331 9278 I resolv : resolv_cache_lookup: FOUND IN CACHE entry=0x78c8ebc621d0
12-05 10:06:18.601 331 9278 D resolv : doQuery: rcode=0, ancount=1
12-05 10:06:18.612 331 9277 D resolv : doQuery: (1, 28)
12-05 10:06:18.612 331 9277 D resolv : res_nmkquery: (QUERY, IN, AAAA)
12-05 10:06:18.613 331 9277 D resolv : res_nsend
12-05 10:06:18.613 331 9277 I resolv : resolv_cache_lookup: lookup
12-05 10:06:18.613 331 9277 I resolv : resolv_cache_lookup: FOUND IN CACHE entry=0x78c8ebc64850
12-05 10:06:18.613 331 9277 D resolv : doQuery: rcode=0, ancount=1
12-05 10:06:18.621 974 9268 D NetworkMonitor/100: PROBE_HTTP http://connectivitycheck.gstatic.com/generate_204 time=29ms ret=204 request={Connection=[close], User-Agent=[Mozilla/5.0 (X11; Linux x86_64) AppleWebKit/537.36 (KHTML, like Gecko) Chrome/60.0.3112.32 Safari/537.36]} headers={null=[HTTP/1.1 204 No Content], Connection=[close], Content-Length=[0], Cross-Origin-Resource-Policy=[cross-origin], Date=[Thu, 05 Dec 2024 18:06:18 GMT], X-Android-Received-Millis=[1733421978620], X-Android-Response-Source=[NETWORK 204], X-Android-Selected-Protocol=[http/1.1], X-Android-Sent-Millis=[1733421978619]}
12-05 10:06:18.628 974 9267 D NetworkMonitor/100: PROBE_HTTPS https://www.google.com/generate_204 time=45ms ret=204 request={Connection=[close], User-Agent=[Mozilla/5.0 (X11; Linux x86_64) AppleWebKit/537.36 (KHTML, like Gecko) Chrome/60.0.3112.32 Safari/537.36]} headers={null=[HTTP/1.1 204 No Content], Connection=[close], Content-Length=[0], Cross-Origin-Resource-Policy=[cross-origin], Date=[Thu, 05 Dec 2024 18:06:18 GMT], X-Android-Received-Millis=[1733421978627], X-Android-Response-Source=[NETWORK 204], X-Android-Selected-Protocol=[http/1.1], X-Android-Sent-Millis=[1733421978626]}
12-05 10:06:18.635 974 9266 D NetworkMonitor/100: isCaptivePortal: isSuccessful()=true isPortal()=false RedirectUrl=null isPartialConnectivity()=false Time=109ms
12-05 10:06:18.643 563 794 D ConnectivityService: [100 WIFI] validation passed
12-05 10:06:19.023 352 352 W RanchuHwc: validateDisplay: layer 31 CompositionType 1, fallback
12-05 10:06:19.046 352 352 W RanchuHwc: presentDisplay display has no layers to compose, flushing client target buffer.
12-05 10:06:19.517 563 962 I RescueParty: Starting to observe: [com.google.android.providers.media.module, android], updated namespace: storage_native_boot
12-05 10:06:19.519 563 631 I PackageWatchdog: Syncing state, reason: observing new packages
12-05 10:06:19.520 563 631 D PackageWatchdog: rescue-party-observer added the following packages to monitor [com.google.android.providers.media.module, android]
12-05 10:06:19.520 563 631 I PackageWatchdog: Syncing state, reason: updated observers
12-05 10:06:19.520 563 631 I PackageWatchdog: Saving observer state to file
12-05 10:06:19.529 563 563 I PackageWatchdog: Syncing health check requests for packages: {}
12-05 10:06:19.530 563 563 I ExplicitHealthCheckController: Service not ready to get health check supported packages. Binding...
12-05 10:06:19.531 563 901 E SettingsToPropertiesMapper: com.yelp.android,0,com.yy.biu,0,com.groupme.android,0,air.tv.douyu.android,0,com.baidu.mbaby,0,com.vlocker.locker,0,com.znxh.hyhuo,0,com.yixia.xiaokaxiu,0 exceeds system property max length.
12-05 10:06:19.541 563 632 I DropBoxManagerService: add tag=system_server_wtf isTagEnabled=true flags=0x2
12-05 10:06:19.555 1615 1769 I TranscodeHelper: Empty transcode compat stale
12-05 10:06:19.556 563 563 I ExplicitHealthCheckController: Explicit health check service is bound
12-05 10:06:19.561 563 563 I ExplicitHealthCheckController: Explicit health check service is connected ComponentInfo{com.google.android.ext.services/android.ext.services.watchdog.ExplicitHealthCheckServiceImpl}
12-05 10:06:19.561 563 563 I ExplicitHealthCheckController: Service initialized, syncing requests
12-05 10:06:19.562 563 563 I PackageWatchdog: Syncing health check requests for packages: {}
12-05 10:06:19.567 563 563 D ExplicitHealthCheckController: Getting health check supported packages
12-05 10:06:19.574 563 962 I ExplicitHealthCheckController: Explicit health check supported packages [PackageConfig{com.google.android.networkstack, 86400000}]
12-05 10:06:19.580 563 962 D PackageWatchdog: Received supported packages [PackageConfig{com.google.android.networkstack, 86400000}]
12-05 10:06:19.581 563 962 D ExplicitHealthCheckController: Getting health check requested packages
12-05 10:06:19.587 563 1031 I ExplicitHealthCheckController: Explicit health check requested packages []
12-05 10:06:19.597 563 1031 I ExplicitHealthCheckController: No more health check requests, unbinding...
12-05 10:06:19.602 563 1031 I ExplicitHealthCheckController: Explicit health check service is unbound
12-05 10:06:19.605 1615 1769 I TranscodeHelper: Parsed 0 packages from resource
12-05 10:06:19.614 1615 1769 I TranscodeHelper: Parsed 8 packages from device config
12-05 10:06:19.677 563 962 I RescueParty: Starting to observe: [android], updated namespace: runtime_native_boot
12-05 10:06:19.678 563 631 I PackageWatchdog: Syncing state, reason: observing new packages
12-05 10:06:19.678 563 631 D PackageWatchdog: rescue-party-observer added the following packages to monitor [android]
12-05 10:06:19.678 563 631 I PackageWatchdog: Syncing state, reason: updated observers
12-05 10:06:19.679 563 631 I PackageWatchdog: Saving observer state to file
12-05 10:06:19.684 563 563 I PackageWatchdog: Syncing health check requests for packages: {}
12-05 10:06:19.685 563 563 I ExplicitHealthCheckController: Service not ready to get health check supported packages. Binding...
12-05 10:06:19.697 563 563 I ExplicitHealthCheckController: Explicit health check service is bound
12-05 10:06:19.703 563 563 I ExplicitHealthCheckController: Explicit health check service is connected ComponentInfo{com.google.android.ext.services/android.ext.services.watchdog.ExplicitHealthCheckServiceImpl}
12-05 10:06:19.710 563 563 I ExplicitHealthCheckController: Service initialized, syncing requests
12-05 10:06:19.713 563 563 I PackageWatchdog: Syncing health check requests for packages: {}
12-05 10:06:19.713 563 563 D ExplicitHealthCheckController: Getting health check supported packages
12-05 10:06:19.729 563 962 I ExplicitHealthCheckController: Explicit health check supported packages [PackageConfig{com.google.android.networkstack, 86400000}]
12-05 10:06:19.731 563 962 D PackageWatchdog: Received supported packages [PackageConfig{com.google.android.networkstack, 86400000}]
12-05 10:06:19.731 563 962 D ExplicitHealthCheckController: Getting health check requested packages
12-05 10:06:19.734 563 2383 I ExplicitHealthCheckController: Explicit health check requested packages []
12-05 10:06:19.737 563 2383 I ExplicitHealthCheckController: No more health check requests, unbinding...
12-05 10:06:19.748 563 2383 I ExplicitHealthCheckController: Explicit health check service is unbound
12-05 10:06:19.759 7846 9120 I PlatformConfigurator: updateFromConfigurations using legacy put method [CONTEXT service_id=204 ]
12-05 10:06:19.865 563 962 I RescueParty: Starting to observe: [android], updated namespace: netd_native
12-05 10:06:19.865 563 631 I PackageWatchdog: Syncing state, reason: observing new packages
12-05 10:06:19.865 563 631 D PackageWatchdog: rescue-party-observer added the following packages to monitor [android]
12-05 10:06:19.865 563 631 I PackageWatchdog: Syncing state, reason: updated observers
12-05 10:06:19.865 563 631 I PackageWatchdog: Not pruning observers, elapsed time: 0ms
12-05 10:06:19.865 563 631 I PackageWatchdog: Saving observer state to file
12-05 10:06:19.872 563 563 I PackageWatchdog: Syncing health check requests for packages: {}
12-05 10:06:19.873 563 563 I ExplicitHealthCheckController: Service not ready to get health check supported packages. Binding...
12-05 10:06:19.878 563 563 I ExplicitHealthCheckController: Explicit health check service is bound
12-05 10:06:19.902 563 563 I ExplicitHealthCheckController: Explicit health check service is connected ComponentInfo{com.google.android.ext.services/android.ext.services.watchdog.ExplicitHealthCheckServiceImpl}
12-05 10:06:19.902 563 563 I ExplicitHealthCheckController: Service initialized, syncing requests
12-05 10:06:19.903 563 563 I PackageWatchdog: Syncing health check requests for packages: {}
12-05 10:06:19.903 563 563 D ExplicitHealthCheckController: Getting health check supported packages
12-05 10:06:19.904 563 962 I ExplicitHealthCheckController: Explicit health check supported packages [PackageConfig{com.google.android.networkstack, 86400000}]
12-05 10:06:19.912 563 962 D PackageWatchdog: Received supported packages [PackageConfig{com.google.android.networkstack, 86400000}]
12-05 10:06:19.916 563 962 D ExplicitHealthCheckController: Getting health check requested packages
12-05 10:06:19.918 563 962 I ExplicitHealthCheckController: Explicit health check requested packages []
12-05 10:06:19.918 563 962 I ExplicitHealthCheckController: No more health check requests, unbinding...
12-05 10:06:19.923 563 962 I ExplicitHealthCheckController: Explicit health check service is unbound
12-05 10:06:20.012 8696 8775 D EGL_emulation: app_time_stats: avg=990.70ms min=987.25ms max=994.14ms count=2
12-05 10:06:20.023 352 352 W RanchuHwc: validateDisplay: layer 31 CompositionType 1, fallback
12-05 10:06:20.039 352 352 W RanchuHwc: presentDisplay display has no layers to compose, flushing client target buffer.
12-05 10:06:20.150 563 962 I RescueParty: Starting to observe: [android, com.google.android.networkstack], updated namespace: connectivity
12-05 10:06:20.153 563 631 I PackageWatchdog: Syncing state, reason: observing new packages
12-05 10:06:20.153 563 631 D PackageWatchdog: rescue-party-observer added the following packages to monitor [android, com.google.android.networkstack]
12-05 10:06:20.153 563 631 I PackageWatchdog: Syncing state, reason: updated observers
12-05 10:06:20.153 563 631 I PackageWatchdog: Not pruning observers, elapsed time: 0ms
12-05 10:06:20.154 563 631 I PackageWatchdog: Saving observer state to file
12-05 10:06:20.158 563 563 I PackageWatchdog: Syncing health check requests for packages: {}
12-05 10:06:20.161 563 563 I ExplicitHealthCheckController: Service not ready to get health check supported packages. Binding...
12-05 10:06:20.167 563 563 I ExplicitHealthCheckController: Explicit health check service is bound
12-05 10:06:20.178 563 563 I ExplicitHealthCheckController: Explicit health check service is connected ComponentInfo{com.google.android.ext.services/android.ext.services.watchdog.ExplicitHealthCheckServiceImpl}
12-05 10:06:20.188 563 563 I ExplicitHealthCheckController: Service initialized, syncing requests
12-05 10:06:20.191 563 563 I PackageWatchdog: Syncing health check requests for packages: {}
12-05 10:06:20.192 563 563 D ExplicitHealthCheckController: Getting health check supported packages
12-05 10:06:20.196 563 962 I ExplicitHealthCheckController: Explicit health check supported packages [PackageConfig{com.google.android.networkstack, 86400000}]
12-05 10:06:20.198 563 962 D PackageWatchdog: Received supported packages [PackageConfig{com.google.android.networkstack, 86400000}]
12-05 10:06:20.199 563 962 D ExplicitHealthCheckController: Getting health check requested packages
12-05 10:06:20.201 563 962 I ExplicitHealthCheckController: Explicit health check requested packages []
12-05 10:06:20.201 563 962 I ExplicitHealthCheckController: No more health check requests, unbinding...
12-05 10:06:20.205 563 962 I ExplicitHealthCheckController: Explicit health check service is unbound
12-05 10:06:20.253 563 962 I RescueParty: Starting to observe: [com.google.android.permissioncontroller], updated namespace: permissions
12-05 10:06:20.256 563 631 I PackageWatchdog: Syncing state, reason: observing new packages
12-05 10:06:20.257 563 631 D PackageWatchdog: rescue-party-observer added the following packages to monitor [com.google.android.permissioncontroller]
12-05 10:06:20.257 563 631 I PackageWatchdog: Syncing state, reason: updated observers
12-05 10:06:20.257 563 631 I PackageWatchdog: Not pruning observers, elapsed time: 0ms
12-05 10:06:20.257 563 631 I PackageWatchdog: Saving observer state to file
12-05 10:06:20.261 563 563 I PackageWatchdog: Syncing health check requests for packages: {}
12-05 10:06:20.261 563 563 I ExplicitHealthCheckController: Service not ready to get health check supported packages. Binding...
12-05 10:06:20.281 563 563 I ExplicitHealthCheckController: Explicit health check service is bound
12-05 10:06:20.285 563 563 I ExplicitHealthCheckController: Explicit health check service is connected ComponentInfo{com.google.android.ext.services/android.ext.services.watchdog.ExplicitHealthCheckServiceImpl}
12-05 10:06:20.287 563 563 I ExplicitHealthCheckController: Service initialized, syncing requests
12-05 10:06:20.288 563 563 I PackageWatchdog: Syncing health check requests for packages: {}
12-05 10:06:20.288 563 563 D ExplicitHealthCheckController: Getting health check supported packages
12-05 10:06:20.291 563 962 I ExplicitHealthCheckController: Explicit health check supported packages [PackageConfig{com.google.android.networkstack, 86400000}]
12-05 10:06:20.297 563 962 D PackageWatchdog: Received supported packages [PackageConfig{com.google.android.networkstack, 86400000}]
12-05 10:06:20.299 563 962 D ExplicitHealthCheckController: Getting health check requested packages
12-05 10:06:20.301 563 2383 I ExplicitHealthCheckController: Explicit health check requested packages []
12-05 10:06:20.302 563 2383 I ExplicitHealthCheckController: No more health check requests, unbinding...
12-05 10:06:20.308 563 2383 I ExplicitHealthCheckController: Explicit health check service is unbound
12-05 10:06:20.458 563 962 I RescueParty: Starting to observe: [android], updated namespace: wifi
12-05 10:06:20.460 563 631 I PackageWatchdog: Syncing state, reason: observing new packages
12-05 10:06:20.461 563 631 D PackageWatchdog: rescue-party-observer added the following packages to monitor [android]
12-05 10:06:20.461 563 631 I PackageWatchdog: Syncing state, reason: updated observers
12-05 10:06:20.461 563 631 I PackageWatchdog: Not pruning observers, elapsed time: 0ms
12-05 10:06:20.461 563 631 I PackageWatchdog: Saving observer state to file
12-05 10:06:20.466 563 563 I PackageWatchdog: Syncing health check requests for packages: {}
12-05 10:06:20.466 563 563 I ExplicitHealthCheckController: Service not ready to get health check supported packages. Binding...
12-05 10:06:20.486 563 563 I ExplicitHealthCheckController: Explicit health check service is bound
12-05 10:06:20.487 563 563 I ExplicitHealthCheckController: Explicit health check service is connected ComponentInfo{com.google.android.ext.services/android.ext.services.watchdog.ExplicitHealthCheckServiceImpl}
12-05 10:06:20.489 563 563 I ExplicitHealthCheckController: Service initialized, syncing requests
12-05 10:06:20.494 563 563 I PackageWatchdog: Syncing health check requests for packages: {}
12-05 10:06:20.494 563 563 D ExplicitHealthCheckController: Getting health check supported packages
12-05 10:06:20.498 563 962 I ExplicitHealthCheckController: Explicit health check supported packages [PackageConfig{com.google.android.networkstack, 86400000}]
12-05 10:06:20.500 563 962 D PackageWatchdog: Received supported packages [PackageConfig{com.google.android.networkstack, 86400000}]
12-05 10:06:20.500 563 962 D ExplicitHealthCheckController: Getting health check requested packages
12-05 10:06:20.505 563 1031 I ExplicitHealthCheckController: Explicit health check requested packages []
12-05 10:06:20.518 563 1031 I ExplicitHealthCheckController: No more health check requests, unbinding...
12-05 10:06:20.522 563 1031 I ExplicitHealthCheckController: Explicit health check service is unbound
12-05 10:06:20.656 563 962 I RescueParty: Starting to observe: [com.google.android.apps.nexuslauncher, com.android.systemui], updated namespace: interaction_jank_monitor
12-05 10:06:20.657 563 631 I PackageWatchdog: Syncing state, reason: observing new packages
12-05 10:06:20.657 563 631 D PackageWatchdog: rescue-party-observer added the following packages to monitor [com.google.android.apps.nexuslauncher, com.android.systemui]
12-05 10:06:20.657 563 631 I PackageWatchdog: Syncing state, reason: updated observers
12-05 10:06:20.657 563 631 I PackageWatchdog: Not pruning observers, elapsed time: 0ms
12-05 10:06:20.657 563 631 I PackageWatchdog: Saving observer state to file
12-05 10:06:20.661 563 563 I PackageWatchdog: Syncing health check requests for packages: {}
12-05 10:06:20.662 563 563 I ExplicitHealthCheckController: Service not ready to get health check supported packages. Binding...
12-05 10:06:20.670 563 563 I ExplicitHealthCheckController: Explicit health check service is bound
12-05 10:06:20.676 563 563 I ExplicitHealthCheckController: Explicit health check service is connected ComponentInfo{com.google.android.ext.services/android.ext.services.watchdog.ExplicitHealthCheckServiceImpl}
12-05 10:06:20.678 563 563 I ExplicitHealthCheckController: Service initialized, syncing requests
12-05 10:06:20.679 563 563 I PackageWatchdog: Syncing health check requests for packages: {}
12-05 10:06:20.679 563 563 D ExplicitHealthCheckController: Getting health check supported packages
12-05 10:06:20.687 563 962 I ExplicitHealthCheckController: Explicit health check supported packages [PackageConfig{com.google.android.networkstack, 86400000}]
12-05 10:06:20.687 563 962 D PackageWatchdog: Received supported packages [PackageConfig{com.google.android.networkstack, 86400000}]
12-05 10:06:20.688 563 962 D ExplicitHealthCheckController: Getting health check requested packages
12-05 10:06:20.688 563 1031 I ExplicitHealthCheckController: Explicit health check requested packages []
12-05 10:06:20.691 563 1031 I ExplicitHealthCheckController: No more health check requests, unbinding...
12-05 10:06:20.700 563 1031 I ExplicitHealthCheckController: Explicit health check service is unbound
12-05 10:06:20.749 563 1031 I RescueParty: Starting to observe: [android], updated namespace: runtime_native
12-05 10:06:20.750 563 631 I PackageWatchdog: Syncing state, reason: observing new packages
12-05 10:06:20.750 563 631 D PackageWatchdog: rescue-party-observer added the following packages to monitor [android]
12-05 10:06:20.750 563 631 I PackageWatchdog: Syncing state, reason: updated observers
12-05 10:06:20.750 563 631 I PackageWatchdog: Not pruning observers, elapsed time: 0ms
12-05 10:06:20.750 563 631 I PackageWatchdog: Saving observer state to file
12-05 10:06:20.761 563 563 I PackageWatchdog: Syncing health check requests for packages: {}
12-05 10:06:20.762 563 563 I ExplicitHealthCheckController: Service not ready to get health check supported packages. Binding...
12-05 10:06:20.776 563 563 I ExplicitHealthCheckController: Explicit health check service is bound
12-05 10:06:20.781 563 563 I ExplicitHealthCheckController: Explicit health check service is connected ComponentInfo{com.google.android.ext.services/android.ext.services.watchdog.ExplicitHealthCheckServiceImpl}
12-05 10:06:20.782 563 563 I ExplicitHealthCheckController: Service initialized, syncing requests
12-05 10:06:20.787 563 563 I PackageWatchdog: Syncing health check requests for packages: {}
12-05 10:06:20.787 563 563 D ExplicitHealthCheckController: Getting health check supported packages
12-05 10:06:20.796 563 1031 I ExplicitHealthCheckController: Explicit health check supported packages [PackageConfig{com.google.android.networkstack, 86400000}]
12-05 10:06:20.797 563 1031 D PackageWatchdog: Received supported packages [PackageConfig{com.google.android.networkstack, 86400000}]
12-05 10:06:20.798 563 1031 D ExplicitHealthCheckController: Getting health check requested packages
12-05 10:06:20.804 563 1031 I ExplicitHealthCheckController: Explicit health check requested packages []
12-05 10:06:20.805 563 1031 I ExplicitHealthCheckController: No more health check requests, unbinding...
12-05 10:06:20.810 563 1031 I ExplicitHealthCheckController: Explicit health check service is unbound
12-05 10:06:20.938 563 962 I RescueParty: Starting to observe: [android], updated namespace: lmkd_native
12-05 10:06:20.939 563 631 I PackageWatchdog: Syncing state, reason: observing new packages
12-05 10:06:20.939 563 631 D PackageWatchdog: rescue-party-observer added the following packages to monitor [android]
12-05 10:06:20.939 563 631 I PackageWatchdog: Syncing state, reason: updated observers
12-05 10:06:20.939 563 631 I PackageWatchdog: Not pruning observers, elapsed time: 0ms
12-05 10:06:20.940 563 631 I PackageWatchdog: Saving observer state to file
12-05 10:06:20.957 563 563 I PackageWatchdog: Syncing health check requests for packages: {}
12-05 10:06:20.957 563 563 I ExplicitHealthCheckController: Service not ready to get health check supported packages. Binding...
12-05 10:06:20.981 0 0 I init : processing action (persist.device_config.lmkd_native.thrashing_limit_critical=*) from (/system/etc/init/lmkd.rc:44)
12-05 10:06:20.971 563 563 I ExplicitHealthCheckController: Explicit health check service is bound
12-05 10:06:20.974 563 563 I ExplicitHealthCheckController: Explicit health check service is connected ComponentInfo{com.google.android.ext.services/android.ext.services.watchdog.ExplicitHealthCheckServiceImpl}
12-05 10:06:20.975 563 563 I ExplicitHealthCheckController: Service initialized, syncing requests
12-05 10:06:20.976 563 563 I PackageWatchdog: Syncing health check requests for packages: {}
12-05 10:06:20.977 563 563 D ExplicitHealthCheckController: Getting health check supported packages
12-05 10:06:20.980 563 1031 I ExplicitHealthCheckController: Explicit health check supported packages [PackageConfig{com.google.android.networkstack, 86400000}]
12-05 10:06:20.982 563 1031 D PackageWatchdog: Received supported packages [PackageConfig{com.google.android.networkstack, 86400000}]
12-05 10:06:20.982 563 1031 D ExplicitHealthCheckController: Getting health check requested packages
12-05 10:06:20.983 563 1031 I ExplicitHealthCheckController: Explicit health check requested packages []
12-05 10:06:20.983 563 1031 I ExplicitHealthCheckController: No more health check requests, unbinding...
12-05 10:06:20.999 0 0 I init : processing action (lmkd.reinit=1) from (/system/etc/init/lmkd.rc:10)
12-05 10:06:21.018 0 0 I init : starting service 'exec 24 (/system/bin/lmkd --reinit)'...
12-05 10:06:20.993 563 1031 I ExplicitHealthCheckController: Explicit health check service is unbound
12-05 10:06:21.014 191 191 I lowmemorykiller: lmkd data connection established
12-05 10:06:21.029 8696 8775 D EGL_emulation: app_time_stats: avg=1016.66ms min=1016.66ms max=1016.66ms count=1
12-05 10:06:21.040 352 352 W RanchuHwc: validateDisplay: layer 31 CompositionType 1, fallback
12-05 10:06:21.057 191 191 I lowmemorykiller: Using psi monitors for memory pressure detection
12-05 10:06:21.057 191 191 I lowmemorykiller: Properties reinitilized
12-05 10:06:21.058 352 352 W RanchuHwc: presentDisplay display has no layers to compose, flushing client target buffer.
12-05 10:06:21.060 9281 9281 I lowmemorykiller: lmkd updated properties successfully
12-05 10:06:21.062 191 191 I lowmemorykiller: lmkd data connection dropped
12-05 10:06:21.062 191 191 I lowmemorykiller: closing lmkd data connection
12-05 10:06:21.096 0 0 I init : Service 'exec 24 (/system/bin/lmkd --reinit)' (pid 9281) exited with status 0 oneshot service took 0.062000 seconds in background
12-05 10:06:21.148 0 0 I init : Sending signal 9 to service 'exec 24 (/system/bin/lmkd --reinit)' (pid 9281) process group...
12-05 10:06:21.167 0 0 I libprocessgroup: Successfully killed process cgroup uid 0 pid 9281 in 0ms
12-05 10:06:21.174 563 1031 I RescueParty: Starting to observe: [android], updated namespace: activity_manager
12-05 10:06:21.175 563 631 I PackageWatchdog: Syncing state, reason: observing new packages
12-05 10:06:21.175 563 631 D PackageWatchdog: rescue-party-observer added the following packages to monitor [android]
12-05 10:06:21.175 563 631 I PackageWatchdog: Syncing state, reason: updated observers
12-05 10:06:21.175 563 631 I PackageWatchdog: Not pruning observers, elapsed time: 0ms
12-05 10:06:21.175 563 631 I PackageWatchdog: Saving observer state to file
12-05 10:06:21.182 563 563 I PackageWatchdog: Syncing health check requests for packages: {}
12-05 10:06:21.183 563 563 I ExplicitHealthCheckController: Service not ready to get health check supported packages. Binding...
12-05 10:06:21.191 563 563 I ExplicitHealthCheckController: Explicit health check service is bound
12-05 10:06:21.194 563 563 I ExplicitHealthCheckController: Explicit health check service is connected ComponentInfo{com.google.android.ext.services/android.ext.services.watchdog.ExplicitHealthCheckServiceImpl}
12-05 10:06:21.195 563 563 I ExplicitHealthCheckController: Service initialized, syncing requests
12-05 10:06:21.195 563 563 I PackageWatchdog: Syncing health check requests for packages: {}
12-05 10:06:21.195 563 563 D ExplicitHealthCheckController: Getting health check supported packages
12-05 10:06:21.198 563 1031 I ExplicitHealthCheckController: Explicit health check supported packages [PackageConfig{com.google.android.networkstack, 86400000}]
12-05 10:06:21.199 563 1031 D PackageWatchdog: Received supported packages [PackageConfig{com.google.android.networkstack, 86400000}]
12-05 10:06:21.201 563 1031 D ExplicitHealthCheckController: Getting health check requested packages
12-05 10:06:21.203 563 962 I ExplicitHealthCheckController: Explicit health check requested packages []
12-05 10:06:21.205 563 962 I ExplicitHealthCheckController: No more health check requests, unbinding...
12-05 10:06:21.210 563 962 I ExplicitHealthCheckController: Explicit health check service is unbound
12-05 10:06:21.230 563 1031 I RescueParty: Starting to observe: [android], updated namespace: autofill
12-05 10:06:21.232 563 631 I PackageWatchdog: Syncing state, reason: observing new packages
12-05 10:06:21.232 563 631 D PackageWatchdog: rescue-party-observer added the following packages to monitor [android]
12-05 10:06:21.233 563 631 I PackageWatchdog: Syncing state, reason: updated observers
12-05 10:06:21.233 563 631 I PackageWatchdog: Not pruning observers, elapsed time: 0ms
12-05 10:06:21.233 563 631 I PackageWatchdog: Saving observer state to file
12-05 10:06:21.238 563 563 I PackageWatchdog: Syncing health check requests for packages: {}
12-05 10:06:21.240 563 563 I ExplicitHealthCheckController: Service not ready to get health check supported packages. Binding...
12-05 10:06:21.252 563 563 I ExplicitHealthCheckController: Explicit health check service is bound
12-05 10:06:21.254 563 563 I AutofillManagerService: Ignoring change on augmented_autofill_mode
12-05 10:06:21.257 563 563 I ExplicitHealthCheckController: Explicit health check service is connected ComponentInfo{com.google.android.ext.services/android.ext.services.watchdog.ExplicitHealthCheckServiceImpl}
12-05 10:06:21.260 563 563 I ExplicitHealthCheckController: Service initialized, syncing requests
12-05 10:06:21.263 563 563 I PackageWatchdog: Syncing health check requests for packages: {}
12-05 10:06:21.266 563 563 D ExplicitHealthCheckController: Getting health check supported packages
12-05 10:06:21.270 563 962 I ExplicitHealthCheckController: Explicit health check supported packages [PackageConfig{com.google.android.networkstack, 86400000}]
12-05 10:06:21.272 563 962 D PackageWatchdog: Received supported packages [PackageConfig{com.google.android.networkstack, 86400000}]
12-05 10:06:21.274 563 962 D ExplicitHealthCheckController: Getting health check requested packages
12-05 10:06:21.276 563 962 I ExplicitHealthCheckController: Explicit health check requested packages []
12-05 10:06:21.278 563 962 I ExplicitHealthCheckController: No more health check requests, unbinding...
12-05 10:06:21.284 563 962 I ExplicitHealthCheckController: Explicit health check service is unbound
12-05 10:06:21.347 563 962 I RescueParty: Starting to observe: [com.google.android.as, com.google.android.as.oss], updated namespace: device_personalization_services
12-05 10:06:21.350 563 631 I PackageWatchdog: Syncing state, reason: observing new packages
12-05 10:06:21.350 563 631 D PackageWatchdog: rescue-party-observer added the following packages to monitor [com.google.android.as, com.google.android.as.oss]
12-05 10:06:21.350 563 631 I PackageWatchdog: Syncing state, reason: updated observers
12-05 10:06:21.350 563 631 I PackageWatchdog: Not pruning observers, elapsed time: 0ms
12-05 10:06:21.350 563 631 I PackageWatchdog: Saving observer state to file
12-05 10:06:21.354 563 563 I PackageWatchdog: Syncing health check requests for packages: {}
12-05 10:06:21.356 563 563 I ExplicitHealthCheckController: Service not ready to get health check supported packages. Binding...
12-05 10:06:21.363 563 563 I ExplicitHealthCheckController: Explicit health check service is bound
12-05 10:06:21.366 563 563 I ExplicitHealthCheckController: Explicit health check service is connected ComponentInfo{com.google.android.ext.services/android.ext.services.watchdog.ExplicitHealthCheckServiceImpl}
12-05 10:06:21.370 563 563 I ExplicitHealthCheckController: Service initialized, syncing requests
12-05 10:06:21.372 563 563 I PackageWatchdog: Syncing health check requests for packages: {}
12-05 10:06:21.374 563 563 D ExplicitHealthCheckController: Getting health check supported packages
12-05 10:06:21.381 563 1031 I ExplicitHealthCheckController: Explicit health check supported packages [PackageConfig{com.google.android.networkstack, 86400000}]
12-05 10:06:21.384 563 1031 D PackageWatchdog: Received supported packages [PackageConfig{com.google.android.networkstack, 86400000}]
12-05 10:06:21.387 563 1031 D ExplicitHealthCheckController: Getting health check requested packages
12-05 10:06:21.390 563 1031 I ExplicitHealthCheckController: Explicit health check requested packages []
12-05 10:06:21.391 563 1031 I ExplicitHealthCheckController: No more health check requests, unbinding...
12-05 10:06:21.396 563 1031 I ExplicitHealthCheckController: Explicit health check service is unbound
12-05 10:06:21.421 563 962 I RescueParty: Starting to observe: [android], updated namespace: app_compat
12-05 10:06:21.423 563 631 I PackageWatchdog: Syncing state, reason: observing new packages
12-05 10:06:21.423 563 631 D PackageWatchdog: rescue-party-observer added the following packages to monitor [android]
12-05 10:06:21.423 563 631 I PackageWatchdog: Syncing state, reason: updated observers
12-05 10:06:21.423 563 631 I PackageWatchdog: Not pruning observers, elapsed time: 0ms
12-05 10:06:21.423 563 631 I PackageWatchdog: Saving observer state to file
12-05 10:06:21.427 563 563 I PackageWatchdog: Syncing health check requests for packages: {}
12-05 10:06:21.428 563 563 I ExplicitHealthCheckController: Service not ready to get health check supported packages. Binding...
12-05 10:06:21.436 563 563 I ExplicitHealthCheckController: Explicit health check service is bound
12-05 10:06:21.441 563 563 I ExplicitHealthCheckController: Explicit health check service is connected ComponentInfo{com.google.android.ext.services/android.ext.services.watchdog.ExplicitHealthCheckServiceImpl}
12-05 10:06:21.443 563 563 I ExplicitHealthCheckController: Service initialized, syncing requests
12-05 10:06:21.445 563 563 I PackageWatchdog: Syncing health check requests for packages: {}
12-05 10:06:21.447 563 563 D ExplicitHealthCheckController: Getting health check supported packages
12-05 10:06:21.451 563 962 I ExplicitHealthCheckController: Explicit health check supported packages [PackageConfig{com.google.android.networkstack, 86400000}]
12-05 10:06:21.453 563 962 D PackageWatchdog: Received supported packages [PackageConfig{com.google.android.networkstack, 86400000}]
12-05 10:06:21.454 563 962 D ExplicitHealthCheckController: Getting health check requested packages
12-05 10:06:21.459 563 1031 I ExplicitHealthCheckController: Explicit health check requested packages []
12-05 10:06:21.461 563 1031 I ExplicitHealthCheckController: No more health check requests, unbinding...
12-05 10:06:21.465 563 1031 I ExplicitHealthCheckController: Explicit health check service is unbound
12-05 10:06:21.483 563 962 I RescueParty: Starting to observe: [android], updated namespace: content_capture
12-05 10:06:21.484 563 631 I PackageWatchdog: Syncing state, reason: observing new packages
12-05 10:06:21.484 563 631 D PackageWatchdog: rescue-party-observer added the following packages to monitor [android]
12-05 10:06:21.485 563 631 I PackageWatchdog: Syncing state, reason: updated observers
12-05 10:06:21.485 563 631 I PackageWatchdog: Not pruning observers, elapsed time: 0ms
12-05 10:06:21.485 563 631 I PackageWatchdog: Saving observer state to file
12-05 10:06:21.488 563 563 I PackageWatchdog: Syncing health check requests for packages: {}
12-05 10:06:21.490 563 563 I ExplicitHealthCheckController: Service not ready to get health check supported packages. Binding...
12-05 10:06:21.497 563 563 I ExplicitHealthCheckController: Explicit health check service is bound
12-05 10:06:21.499 563 563 I ExplicitHealthCheckController: Explicit health check service is connected ComponentInfo{com.google.android.ext.services/android.ext.services.watchdog.ExplicitHealthCheckServiceImpl}
12-05 10:06:21.501 563 563 I ExplicitHealthCheckController: Service initialized, syncing requests
12-05 10:06:21.502 563 563 I PackageWatchdog: Syncing health check requests for packages: {}
12-05 10:06:21.503 563 563 D ExplicitHealthCheckController: Getting health check supported packages
12-05 10:06:21.506 563 962 I ExplicitHealthCheckController: Explicit health check supported packages [PackageConfig{com.google.android.networkstack, 86400000}]
12-05 10:06:21.507 563 962 D PackageWatchdog: Received supported packages [PackageConfig{com.google.android.networkstack, 86400000}]
12-05 10:06:21.508 563 962 D ExplicitHealthCheckController: Getting health check requested packages
12-05 10:06:21.510 563 1031 I ExplicitHealthCheckController: Explicit health check requested packages []
12-05 10:06:21.511 563 1031 I ExplicitHealthCheckController: No more health check requests, unbinding...
12-05 10:06:21.516 563 1031 I ExplicitHealthCheckController: Explicit health check service is unbound
12-05 10:06:21.556 563 632 W BroadcastQueue: Background execution not allowed: receiving Intent { act=android.intent.action.DROPBOX_ENTRY_ADDED flg=0x10 (has extras) } to com.google.android.gms/.stats.service.DropBoxEntryAddedReceiver
12-05 10:06:21.574 7800 7800 D BoundBrokerSvc: onUnbind: Intent { act=com.google.android.gms.checkin.START pkg=com.google.android.gms }
12-05 10:06:21.619 563 962 I RescueParty: Starting to observe: [android, com.android.settings], updated namespace: telephony
12-05 10:06:21.621 563 631 I PackageWatchdog: Syncing state, reason: observing new packages
12-05 10:06:21.621 563 631 D PackageWatchdog: rescue-party-observer added the following packages to monitor [android, com.android.settings]
12-05 10:06:21.621 563 631 I PackageWatchdog: Syncing state, reason: updated observers
12-05 10:06:21.621 563 631 I PackageWatchdog: Not pruning observers, elapsed time: 0ms
12-05 10:06:21.621 563 631 I PackageWatchdog: Saving observer state to file
12-05 10:06:21.625 563 563 I PackageWatchdog: Syncing health check requests for packages: {}
