12-05 10:07:06.065 7800 9766 I PaymentsSuwIntentOp: Processing intent action = android.accounts.LOGIN_ACCOUNTS_CHANGED
12-05 10:07:06.098 5239 10085 I dpws.a : Unable to retrieve flag snapshot for com.google.android.gms.providerinstaller#com.google.android.gms, using defaults.
12-05 10:07:06.099 7800 9769 W gle.android.gm: Long monitor contention with owner GoogleApiHandler (7888) at com.google.android.gms.common.ConnectionResult also.d(alsn, android.content.ServiceConnection, java.lang.String, java.util.concurrent.Executor)(:com.google.android.gms@244337026@24.43.37 (150800-693941914):87) waiters=0 in com.google.android.gms.common.ConnectionResult also.d(alsn, android.content.ServiceConnection, java.lang.String, java.util.concurrent.Executor) for 338ms
12-05 10:07:06.123 5239 10068 I ProviderInstaller: Installed default security provider GmsCore_OpenSSL
12-05 10:07:06.123 1931 8319 I Notifications: [ChimeExecutorApiImpl-Tiktok] Finished Broadcast execution [18934832].
12-05 10:07:06.124 1931 1931 I BgTaskExecutorImpl: Starting EXCLUSIVE background task GELLER_REFRESH_TASK.
12-05 10:07:06.130 1931 2239 I MicroDetectionWorker: Initializing MicroDataManager InitializeType-2, isForced-true, isActivePhoneEnrollment-false isActiveGoogleHomeEnrollment-false
12-05 10:07:06.132 5239 10084 E GoogleApiManager: Failed to get service from broker.
12-05 10:07:06.132 5239 10084 E GoogleApiManager: java.lang.SecurityException: Unknown calling package name 'com.google.android.gms'.
12-05 10:07:06.132 5239 10084 E GoogleApiManager: at android.os.Parcel.createExceptionOrNull(Parcel.java:2425)
12-05 10:07:06.132 5239 10084 E GoogleApiManager: at android.os.Parcel.createException(Parcel.java:2409)
12-05 10:07:06.132 5239 10084 E GoogleApiManager: at android.os.Parcel.readException(Parcel.java:2392)
12-05 10:07:06.132 5239 10084 E GoogleApiManager: at android.os.Parcel.readException(Parcel.java:2334)
12-05 10:07:06.132 5239 10084 E GoogleApiManager: at alti.a(:com.google.android.gms@244337026@24.43.37 (150800-693941914):36)
12-05 10:07:06.132 5239 10084 E GoogleApiManager: at alrp.z(:com.google.android.gms@244337026@24.43.37 (150800-693941914):150)
12-05 10:07:06.132 5239 10084 E GoogleApiManager: at akyx.run(:com.google.android.gms@244337026@24.43.37 (150800-693941914):54)
12-05 10:07:06.132 5239 10084 E GoogleApiManager: at android.os.Handler.handleCallback(Handler.java:938)
12-05 10:07:06.132 5239 10084 E GoogleApiManager: at android.os.Handler.dispatchMessage(Handler.java:99)
12-05 10:07:06.132 5239 10084 E GoogleApiManager: at bqpi.lQ(:com.google.android.gms@244337026@24.43.37 (150800-693941914):1)
12-05 10:07:06.132 5239 10084 E GoogleApiManager: at bqpi.dispatchMessage(:com.google.android.gms@244337026@24.43.37 (150800-693941914):5)
12-05 10:07:06.132 5239 10084 E GoogleApiManager: at android.os.Looper.loopOnce(Looper.java:201)
12-05 10:07:06.132 5239 10084 E GoogleApiManager: at android.os.Looper.loop(Looper.java:288)
12-05 10:07:06.132 5239 10084 E GoogleApiManager: at android.os.HandlerThread.run(HandlerThread.java:67)
12-05 10:07:06.137 5239 10083 W CondFlagRegistrar: Failed to register com.google.android.gms.providerinstaller#com.google.android.gms
12-05 10:07:06.137 5239 10083 W CondFlagRegistrar: dpxd: 17: 17: API: Phenotype.API is not available on this device. Connection failed with: ConnectionResult{statusCode=DEVELOPER_ERROR, resolution=null, message=null}
12-05 10:07:06.137 5239 10083 W CondFlagRegistrar: at dpxf.a(:com.google.android.gms@244337026@24.43.37 (150800-693941914):13)
12-05 10:07:06.137 5239 10083 W CondFlagRegistrar: at eidu.d(:com.google.android.gms@244337026@24.43.37 (150800-693941914):3)
12-05 10:07:06.137 5239 10083 W CondFlagRegistrar: at eidw.run(:com.google.android.gms@244337026@24.43.37 (150800-693941914):130)
12-05 10:07:06.137 5239 10083 W CondFlagRegistrar: at eifp.execute(:com.google.android.gms@244337026@24.43.37 (150800-693941914):1)
12-05 10:07:06.137 5239 10083 W CondFlagRegistrar: at eidx.h(:com.google.android.gms@244337026@24.43.37 (150800-693941914):1)
12-05 10:07:06.137 5239 10083 W CondFlagRegistrar: at eidx.l(:com.google.android.gms@244337026@24.43.37 (150800-693941914):101)
12-05 10:07:06.137 5239 10083 W CondFlagRegistrar: at eidx.p(:com.google.android.gms@244337026@24.43.37 (150800-693941914):19)
12-05 10:07:06.137 5239 10083 W CondFlagRegistrar: at difr.hj(:com.google.android.gms@244337026@24.43.37 (150800-693941914):35)
12-05 10:07:06.137 5239 10083 W CondFlagRegistrar: at czop.run(:com.google.android.gms@244337026@24.43.37 (150800-693941914):14)
12-05 10:07:06.137 5239 10083 W CondFlagRegistrar: at eifp.execute(:com.google.android.gms@244337026@24.43.37 (150800-693941914):1)
12-05 10:07:06.137 5239 10083 W CondFlagRegistrar: at czoq.b(:com.google.android.gms@244337026@24.43.37 (150800-693941914):18)
12-05 10:07:06.137 5239 10083 W CondFlagRegistrar: at czpf.b(:com.google.android.gms@244337026@24.43.37 (150800-693941914):36)
12-05 10:07:06.137 5239 10083 W CondFlagRegistrar: at czph.c(:com.google.android.gms@244337026@24.43.37 (150800-693941914):26)
12-05 10:07:06.137 5239 10083 W CondFlagRegistrar: at akwf.c(:com.google.android.gms@244337026@24.43.37 (150800-693941914):9)
12-05 10:07:06.137 5239 10083 W CondFlagRegistrar: at akyv.q(:com.google.android.gms@244337026@24.43.37 (150800-693941914):48)
12-05 10:07:06.137 5239 10083 W CondFlagRegistrar: at akyv.d(:com.google.android.gms@244337026@24.43.37 (150800-693941914):10)
12-05 10:07:06.137 5239 10083 W CondFlagRegistrar: at akyv.g(:com.google.android.gms@244337026@24.43.37 (150800-693941914):211)
12-05 10:07:06.137 5239 10083 W CondFlagRegistrar: at akyv.onConnectionFailed(:com.google.android.gms@244337026@24.43.37 (150800-693941914):2)
12-05 10:07:06.137 5239 10083 W CondFlagRegistrar: at akyx.run(:com.google.android.gms@244337026@24.43.37 (150800-693941914):82)
12-05 10:07:06.137 5239 10083 W CondFlagRegistrar: at android.os.Handler.handleCallback(Handler.java:938)
12-05 10:07:06.137 5239 10083 W CondFlagRegistrar: at android.os.Handler.dispatchMessage(Handler.java:99)
12-05 10:07:06.137 5239 10083 W CondFlagRegistrar: at bqpi.lQ(:com.google.android.gms@244337026@24.43.37 (150800-693941914):1)
12-05 10:07:06.137 5239 10083 W CondFlagRegistrar: at bqpi.dispatchMessage(:com.google.android.gms@244337026@24.43.37 (150800-693941914):5)
12-05 10:07:06.137 5239 10083 W CondFlagRegistrar: at android.os.Looper.loopOnce(Looper.java:201)
12-05 10:07:06.137 5239 10083 W CondFlagRegistrar: at android.os.Looper.loop(Looper.java:288)
12-05 10:07:06.137 5239 10083 W CondFlagRegistrar: at android.os.HandlerThread.run(HandlerThread.java:67)
12-05 10:07:06.137 5239 10083 W CondFlagRegistrar: Caused by: akux: 17: API: Phenotype.API is not available on this device. Connection failed with: ConnectionResult{statusCode=DEVELOPER_ERROR, resolution=null, message=null}
12-05 10:07:06.137 5239 10083 W CondFlagRegistrar: at alrb.a(:com.google.android.gms@244337026@24.43.37 (150800-693941914):15)
12-05 10:07:06.137 5239 10083 W CondFlagRegistrar: at akwi.a(:com.google.android.gms@244337026@24.43.37 (150800-693941914):1)
12-05 10:07:06.137 5239 10083 W CondFlagRegistrar: at akwf.c(:com.google.android.gms@244337026@24.43.37 (150800-693941914):5)
12-05 10:07:06.137 5239 10083 W CondFlagRegistrar: ... 12 more
12-05 10:07:06.152 2288 2288 I A : onCreate
12-05 10:07:06.162 2288 2288 I A : onBind
12-05 10:07:06.167 563 1525 D CleanupManager: Storing serial number for user 0.
12-05 10:07:06.200 7800 10075 W gle.android.gm: Accessing hidden method Landroid/net/ConnectivityManager;->isNetworkTypeMobile(I)Z (max-target-p, reflection, denied)
12-05 10:07:06.200 7800 10075 I GCM-GMS : Scheduling task to register GMS
12-05 10:07:06.214 1931 2153 I A : NGA disabled due to not being eligible.
12-05 10:07:06.243 1931 9145 I NotificationFullFlow: Step 8: NotificationFilterImpl:onEntryChange
12-05 10:07:06.253 7846 9736 W NearbySharing: Account name is empty.
12-05 10:07:06.335 7846 9736 I NearbySharing: There is no account metadata, return default instance.
12-05 10:07:06.346 7846 9736 I NearbySharing: There is no account metadata, return default instance.
12-05 10:07:06.385 9907 9975 E GoogleTagManager: Unsupported Value Escaping: 3
12-05 10:07:06.392 9907 9975 E GoogleTagManager: Unsupported Value Escaping: 3
12-05 10:07:06.392 7800 7800 D BoundBrokerSvc: onBind: Intent { act=com.google.android.gms.payse.service.BIND pkg=com.google.android.gms }
12-05 10:07:06.392 7800 7800 D BoundBrokerSvc: Loading bound service for intent: Intent { act=com.google.android.gms.payse.service.BIND pkg=com.google.android.gms }
12-05 10:07:06.392 7800 7800 I BndSvcConfigHelper: No bound-service is registered for action: com.google.android.gms.payse.service.BIND
12-05 10:07:06.392 7800 7800 I BoundBrokerSvc: Bound service not available for: Intent { act=com.google.android.gms.payse.service.BIND pkg=com.google.android.gms }
12-05 10:07:06.392 7800 7800 I GmsApiChimeraSvc: Handling missing api service for: com.google.android.gms.payse.service.BIND
12-05 10:07:06.431 9907 9975 E GoogleTagManager: Unsupported Value Escaping: 3
12-05 10:07:06.452 7800 7888 I GmsApiChimeraSvc: Using MissingApiServiceBroker for com.google.android.gms.payse.service.BIND due to missing BoundService implementation
12-05 10:07:06.471 1931 1931 I OpaEligibilityChecker: send OpaEligibilityChange broadcast to CommonBroadcastReceiver
12-05 10:07:06.494 7800 9769 I GmsCoreXrpcWrapper: Returning a channel provider with trafficStatsTag=67127296 trafficStatsUid=-1
12-05 10:07:06.641 331 10101 D resolv : GetAddrInfoHandler::run: {100 100 100 983140 10128 0}
12-05 10:07:06.644 331 10101 D resolv : resolv_getaddrinfo: explore_fqdn(): ai_family=0 ai_socktype=1 ai_protocol=6
12-05 10:07:06.649 331 10103 D resolv : doQuery: (1, 1)
12-05 10:07:06.649 331 10103 D resolv : res_nmkquery: (QUERY, IN, A)
12-05 10:07:06.651 331 10103 D resolv : res_nsend
12-05 10:07:06.652 331 10103 I resolv : resolv_cache_lookup: lookup
12-05 10:07:06.652 331 10103 I resolv : resolv_cache_lookup: FOUND IN CACHE entry=0x78c8fbc600f0
12-05 10:07:06.652 331 10103 D resolv : doQuery: rcode=0, ancount=4
12-05 10:07:06.655 331 10102 D resolv : doQuery: (1, 28)
12-05 10:07:06.655 331 10102 D resolv : res_nmkquery: (QUERY, IN, AAAA)
12-05 10:07:06.655 331 10102 D resolv : res_nsend
12-05 10:07:06.655 331 10102 I resolv : resolv_cache_lookup: lookup
12-05 10:07:06.655 331 10102 I resolv : resolv_cache_lookup: NOT IN CACHE (STALE ENTRY 0x78c8fbc5fc70DISCARDED)
12-05 10:07:06.655 331 10102 I resolv : _cache_remove_p: entry 78 removed (count=69)
12-05 10:07:06.657 331 10102 I resolv : resolv_populate_res_for_net: netid=100
12-05 10:07:06.657 331 10102 I resolv : res_stats_usable_server: NS stats: S 60 + E 0 + T 4 + I 0 = 64, rtt = 6, min_samples = 8
12-05 10:07:06.657 331 10102 I resolv : res_stats_usable_server: success rate 93
12-05 10:07:06.657 331 10102 D resolv : res_nsend: Querying server (# 1) address = 10.0.2.3:53
12-05 10:07:06.657 331 10102 D resolv : send_dg: new DG socket
12-05 10:07:06.660 331 10102 I resolv : get_timeout: using timeout of 5000 msec
12-05 10:07:06.660 331 10102 I resolv : retrying_poll: 55 retrying_poll
12-05 10:07:06.661 331 10102 I resolv : retrying_poll: 55 retrying_poll returning 1
12-05 10:07:06.662 331 10102 I resolv : res_nsend: used send_dg 99 terrno: 0
12-05 10:07:06.663 331 10102 I resolv : res_stats_set_sample: rcode = 0, sec = 2
12-05 10:07:06.663 331 10102 I resolv : res_cache_add_stats_sample_locked: adding sample to stats, next = 32, count = 64
12-05 10:07:06.665 331 10102 D resolv : res_nsend: got answer:
12-05 10:07:06.665 331 10102 I resolv : answer_getTTL: TTL = 60
12-05 10:07:06.666 331 10102 I resolv : _cache_add_p: entry 97 added (count=70)
12-05 10:07:06.668 331 10102 I resolv : cache_dump_mru_locked: MRU LIST (70): 97 77 96 95 75 76 94 93 92 91 90 89 88 87 71 70 72 69 86 85 84 83 82 81 80 79 74 73 68 67 42 41 37 38 60 59 54 55 39 40 15 16 66 65 57 58 62 61 24 23 56 21 53 52 17 18 50 49 48 47 43 44 30 29 20 19 10 9 2 1
12-05 10:07:06.668 331 10102 D resolv : doQuery: rcode=0, ancount=0
12-05 10:07:06.709 1931 2194 I MicroDataManager: Location for model with model type: 2 and locale: es-US, is : https://www.gstatic.com/android-search/hotword/x_google/0fe33e88d315dd27f3b9bbc682eae7f7/hotword.data
12-05 10:07:06.741 10098 10098 D AndroidRuntime: >>>>>> START com.android.internal.os.RuntimeInit uid 0 <<<<<<
12-05 10:07:06.753 10098 10098 I AndroidRuntime: Using default boot image
12-05 10:07:06.758 10098 10098 I AndroidRuntime: Leaving lock profiling enabled
12-05 10:07:06.763 10098 10098 I app_process: Core platform API reporting enabled, enforcing=false
12-05 10:07:06.774 7800 7800 D BoundBrokerSvc: onBind: Intent { act=com.google.android.gms.fido.fido2.regular.START dat=chimera-action: cmp=com.google.android.gms/.chimera.GmsBoundBrokerService }
12-05 10:07:06.777 7800 7800 D BoundBrokerSvc: Loading bound service for intent: Intent { act=com.google.android.gms.fido.fido2.regular.START dat=chimera-action: cmp=com.google.android.gms/.chimera.GmsBoundBrokerService }
12-05 10:07:06.779 331 10106 D resolv : GetAddrInfoHandler::run: {100 100 100 983140 10128 0}
12-05 10:07:06.779 331 10106 D resolv : resolv_getaddrinfo: explore_fqdn(): ai_family=0 ai_socktype=1 ai_protocol=6
12-05 10:07:06.784 7846 8692 W GLSUser : [DeviceKeyStore] Cannot load key: Device key file not found.
12-05 10:07:06.790 331 10107 D resolv : doQuery: (1, 28)
12-05 10:07:06.790 331 10107 D resolv : res_nmkquery: (QUERY, IN, AAAA)
12-05 10:07:06.790 331 10107 D resolv : res_nsend
12-05 10:07:06.790 331 10107 I resolv : resolv_cache_lookup: lookup
12-05 10:07:06.790 331 10107 I resolv : resolv_cache_lookup: NOT IN CACHE (STALE ENTRY 0x78c8fbc5f910DISCARDED)
12-05 10:07:06.790 331 10107 I resolv : _cache_remove_p: entry 56 removed (count=69)
12-05 10:07:06.790 331 10107 I resolv : resolv_populate_res_for_net: netid=100
12-05 10:07:06.790 331 10107 I resolv : res_stats_usable_server: NS stats: S 60 + E 0 + T 4 + I 0 = 64, rtt = 6, min_samples = 8
12-05 10:07:06.790 331 10107 I resolv : res_stats_usable_server: success rate 93
12-05 10:07:06.790 331 10107 D resolv : res_nsend: Querying server (# 1) address = 10.0.2.3:53
12-05 10:07:06.791 331 10107 D resolv : send_dg: new DG socket
12-05 10:07:06.791 331 10107 I resolv : get_timeout: using timeout of 5000 msec
12-05 10:07:06.791 331 10107 I resolv : retrying_poll: 55 retrying_poll
12-05 10:07:06.798 331 10108 D resolv : doQuery: (1, 1)
12-05 10:07:06.798 331 10108 D resolv : res_nmkquery: (QUERY, IN, A)
12-05 10:07:06.798 331 10108 D resolv : res_nsend
12-05 10:07:06.798 331 10108 I resolv : resolv_cache_lookup: lookup
12-05 10:07:06.798 331 10108 I resolv : resolv_cache_lookup: NOT IN CACHE (STALE ENTRY 0x78c8ebc63b30DISCARDED)
12-05 10:07:06.798 331 10108 I resolv : _cache_remove_p: entry 21 removed (count=68)
12-05 10:07:06.798 331 10108 I resolv : resolv_populate_res_for_net: netid=100
12-05 10:07:06.801 331 10108 I resolv : res_stats_usable_server: NS stats: S 60 + E 0 + T 4 + I 0 = 64, rtt = 6, min_samples = 8
12-05 10:07:06.801 331 10108 I resolv : res_stats_usable_server: success rate 93
12-05 10:07:06.801 331 10108 D resolv : res_nsend: Querying server (# 1) address = 10.0.2.3:53
12-05 10:07:06.801 331 10108 D resolv : send_dg: new DG socket
12-05 10:07:06.802 331 10108 I resolv : get_timeout: using timeout of 5000 msec
12-05 10:07:06.802 331 10108 I resolv : retrying_poll: 56 retrying_poll
12-05 10:07:06.804 331 10107 I resolv : retrying_poll: 55 retrying_poll returning 1
12-05 10:07:06.804 331 10107 I resolv : res_nsend: used send_dg 96 terrno: 0
12-05 10:07:06.804 331 10107 I resolv : res_stats_set_sample: rcode = 0, sec = 13
12-05 10:07:06.804 331 10107 I resolv : res_cache_add_stats_sample_locked: adding sample to stats, next = 33, count = 64
12-05 10:07:06.804 331 10107 D resolv : res_nsend: got answer:
12-05 10:07:06.804 331 10107 I resolv : answer_getTTL: TTL = 60
12-05 10:07:06.804 331 10107 I resolv : _cache_add_p: entry 98 added (count=69)
12-05 10:07:06.804 331 10107 I resolv : cache_dump_mru_locked: MRU LIST (69): 98 97 77 96 95 75 76 94 93 92 91 90 89 88 87 71 70 72 69 86 85 84 83 82 81 80 79 74 73 68 67 42 41 37 38 60 59 54 55 39 40 15 16 66 65 57 58 62 61 24 23 53 52 17 18 50 49 48 47 43 44 30 29 20 19 10 9 2 1
12-05 10:07:06.804 331 10107 D resolv : doQuery: rcode=0, ancount=0
12-05 10:07:06.806 331 10108 I resolv : retrying_poll: 56 retrying_poll returning 1
12-05 10:07:06.806 331 10108 I resolv : res_nsend: used send_dg 68 terrno: 0
12-05 10:07:06.806 331 10108 I resolv : res_stats_set_sample: rcode = 0, sec = 4
12-05 10:07:06.806 331 10108 I resolv : res_cache_add_stats_sample_locked: adding sample to stats, next = 34, count = 64
12-05 10:07:06.806 331 10108 D resolv : res_nsend: got answer:
12-05 10:07:06.806 331 10108 I resolv : answer_getTTL: TTL = 300
12-05 10:07:06.806 331 10108 I resolv : _cache_add_p: entry 99 added (count=70)
12-05 10:07:06.806 331 10108 I resolv : cache_dump_mru_locked: MRU LIST (70): 99 98 97 77 96 95 75 76 94 93 92 91 90 89 88 87 71 70 72 69 86 85 84 83 82 81 80 79 74 73 68 67 42 41 37 38 60 59 54 55 39 40 15 16 66 65 57 58 62 61 24 23 53 52 17 18 50 49 48 47 43 44 30 29 20 19 10 9 2 1
12-05 10:07:06.806 331 10108 D resolv : doQuery: rcode=0, ancount=2
12-05 10:07:06.823 7846 8692 W GLSUser : [DeviceKeyStore] Cannot load key: Device key file not found.
12-05 10:07:06.836 7846 9736 D SharedPreferencesImpl: Time required to fsync /data/user/0/com.google.android.gms/shared_prefs/nearbysharing:service:state.xml: [<1: 0, <2: 0, <4: 0, <8: 0, <16: 0, <32: 0, <64: 0, <128: 0, <256: 0, <512: 1, <1024: 0, <2048: 0, <4096: 0, <8192: 0, <16384: 0, >=16384: 0]
12-05 10:07:06.847 10105 10105 W dex2oat64: Unexpected CPU variant for X86 using defaults: x86_64
12-05 10:07:06.847 10105 10105 W dex2oat64: Mismatch between dex2oat instruction set features to use (ISA: X86_64 Feature string: -ssse3,-sse4.1,-sse4.2,-avx,-avx2,-popcnt) and those from CPP defines (ISA: X86_64 Feature string: ssse3,sse4.1,sse4.2,-avx,-avx2,popcnt) for the command line:
12-05 10:07:06.847 10105 10105 W dex2oat64: /apex/com.android.art/bin/dex2oat64 --runtime-arg -Xbootclasspath:/apex/com.android.art/javalib/core-oj.jar:/apex/com.android.art/javalib/core-libart.jar:/apex/com.android.art/javalib/okhttp.jar:/apex/com.android.art/javalib/bouncycastle.jar:/apex/com.android.art/javalib/apache-xml.jar:/system/framework/framework.jar:/system/framework/framework-graphics.jar:/system/framework/ext.jar:/system/framework/telephony-common.jar:/system/framework/voip-common.jar:/system/framework/ims-common.jar:/apex/com.android.i18n/javalib/core-icu4j.jar --runtime-arg -Xbootclasspath-locations:/apex/com.android.art/javalib/core-oj.jar:/apex/com.android.art/javalib/core-libart.jar:/apex/com.android.art/javalib/okhttp.jar:/apex/com.android.art/javalib/bouncycastle.jar:/apex/com.android.art/javalib/apache-xml.jar:/system/framework/framework.jar:/system/framework/framework-graphics.jar:/system/framework/ext.jar:/system/framework/telephony-common.jar:/system/framework/voip-common.jar:/system/framework/ims-common.jar:/apex/com.android.i18n/javalib/core-icu4j.jar --boot-image=/apex/com.android.art/javalib/boot.art --dex-file=/system/framework/framework.jar --dex-location=/system/framework/framework.jar --dex-file=/system/framework/framework-graphics.jar --dex-location=/system/framework/framework-graphics.jar --dex-file=/system/framework/ext.jar --dex-location=/system/framework/ext.jar --dex-file=/system/framework/telephony-common.jar --dex-location=/system/framework/telephony-common.jar --dex-file=/system/framework/voip-common.jar --dex-location=/system/framework/voip-common.jar --dex-file=/system/framework/ims-common.jar --dex-location=/system/framework/ims-common.jar --dex-file=/apex/com.android.i18n/javalib/core-icu4j.jar --dex-location=/apex/com.android.i18n/javalib/core-icu4j.jar --image-fd=6 --output-vdex-fd=7 --oat-fd=8 --oat-location=/system/framework/x86_64/boot.oat --single-image --image-format=uncompressed --compiler-filter=verify --profile-file=/system/etc/boot-image.prof --avoid-storing-invocation --instruction-set=x86_64 --instruction-set-features=ssse3,sse4.1,sse4.2,-avx,-avx2,popcnt --runtime-arg -Xms64m --runtime-arg -Xmx64m --dirty-image-objects=/system/etc/dirty-image-objects --instruction-set-variant=x86_64 --instruction-set-features=default --generate-mini-debug-info
12-05 10:07:06.866 1931 8316 I GnpSdk : [PhenotypeManagerImpl] Phenotype registration SUCCESS
12-05 10:07:06.867 331 10111 D resolv : GetAddrInfoHandler::run: {100 100 100 983140 10128 0}
12-05 10:07:06.868 331 10111 D resolv : resolv_getaddrinfo: explore_fqdn(): ai_family=0 ai_socktype=1 ai_protocol=6
12-05 10:07:06.872 7846 9802 E GCM : Missing checkin config file
12-05 10:07:06.876 7846 9802 W GCM : GCM FAILED TO INITIALIZE - missing checkin
12-05 10:07:06.878 331 10112 D resolv : doQuery: (1, 28)
12-05 10:07:06.878 331 10112 D resolv : res_nmkquery: (QUERY, IN, AAAA)
12-05 10:07:06.878 331 10112 D resolv : res_nsend
12-05 10:07:06.878 331 10112 I resolv : resolv_cache_lookup: lookup
12-05 10:07:06.878 331 10112 I resolv : resolv_cache_lookup: NOT IN CACHE (STALE ENTRY 0x78c8fbc60210DISCARDED)
12-05 10:07:06.878 331 10112 I resolv : _cache_remove_p: entry 23 removed (count=69)
12-05 10:07:06.879 331 10112 I resolv : resolv_populate_res_for_net: netid=100
12-05 10:07:06.880 331 10113 D resolv : doQuery: (1, 1)
12-05 10:07:06.880 331 10113 D resolv : res_nmkquery: (QUERY, IN, A)
12-05 10:07:06.880 331 10113 D resolv : res_nsend
12-05 10:07:06.880 331 10113 I resolv : resolv_cache_lookup: lookup
12-05 10:07:06.880 331 10113 I resolv : resolv_cache_lookup: NOT IN CACHE (STALE ENTRY 0x78c8fbc607b0DISCARDED)
12-05 10:07:06.881 331 10113 I resolv : _cache_remove_p: entry 24 removed (count=68)
12-05 10:07:06.881 331 10113 I resolv : resolv_populate_res_for_net: netid=100
12-05 10:07:06.881 331 10112 I resolv : res_stats_usable_server: NS stats: S 60 + E 0 + T 4 + I 0 = 64, rtt = 6, min_samples = 8
12-05 10:07:06.882 331 10112 I resolv : res_stats_usable_server: success rate 93
12-05 10:07:06.882 331 10112 D resolv : res_nsend: Querying server (# 1) address = 10.0.2.3:53
12-05 10:07:06.883 331 10113 I resolv : res_stats_usable_server: NS stats: S 60 + E 0 + T 4 + I 0 = 64, rtt = 6, min_samples = 8
12-05 10:07:06.883 331 10113 I resolv : res_stats_usable_server: success rate 93
12-05 10:07:06.883 331 10113 D resolv : res_nsend: Querying server (# 1) address = 10.0.2.3:53
12-05 10:07:06.883 331 10113 D resolv : send_dg: new DG socket
12-05 10:07:06.883 331 10113 I resolv : get_timeout: using timeout of 5000 msec
12-05 10:07:06.883 331 10113 I resolv : retrying_poll: 55 retrying_poll
12-05 10:07:06.884 331 10112 D resolv : send_dg: new DG socket
12-05 10:07:06.885 331 10112 I resolv : get_timeout: using timeout of 5000 msec
12-05 10:07:06.885 331 10112 I resolv : retrying_poll: 56 retrying_poll
12-05 10:07:06.887 331 10113 I resolv : retrying_poll: 55 retrying_poll returning 1
12-05 10:07:06.887 331 10113 I resolv : res_nsend: used send_dg 102 terrno: 0
12-05 10:07:06.887 331 10113 I resolv : res_stats_set_sample: rcode = 0, sec = 4
12-05 10:07:06.887 331 10113 I resolv : res_cache_add_stats_sample_locked: adding sample to stats, next = 35, count = 64
12-05 10:07:06.887 331 10113 D resolv : res_nsend: got answer:
12-05 10:07:06.887 331 10113 I resolv : answer_getTTL: TTL = 300
12-05 10:07:06.887 331 10113 I resolv : _cache_add_p: entry 100 added (count=69)
12-05 10:07:06.887 331 10113 I resolv : cache_dump_mru_locked: MRU LIST (69): 100 99 98 97 77 96 95 75 76 94 93 92 91 90 89 88 87 71 70 72 69 86 85 84 83 82 81 80 79 74 73 68 67 42 41 37 38 60 59 54 55 39 40 15 16 66 65 57 58 62 61 53 52 17 18 50 49 48 47 43 44 30 29 20 19 10 9 2 1
12-05 10:07:06.887 331 10113 D resolv : doQuery: rcode=0, ancount=4
12-05 10:07:06.888 331 10112 I resolv : retrying_poll: 56 retrying_poll returning 1
12-05 10:07:06.888 331 10112 I resolv : res_nsend: used send_dg 150 terrno: 0
12-05 10:07:06.888 331 10112 I resolv : res_stats_set_sample: rcode = 0, sec = 3
12-05 10:07:06.890 331 10112 I resolv : res_cache_add_stats_sample_locked: adding sample to stats, next = 36, count = 64
12-05 10:07:06.892 331 10112 D resolv : res_nsend: got answer:
12-05 10:07:06.892 331 10112 I resolv : answer_getTTL: TTL = 300
12-05 10:07:06.892 331 10112 I resolv : _cache_add_p: entry 101 added (count=70)
12-05 10:07:06.892 331 10112 I resolv : cache_dump_mru_locked: MRU LIST (70): 101 100 99 98 97 77 96 95 75 76 94 93 92 91 90 89 88 87 71 70 72 69 86 85 84 83 82 81 80 79 74 73 68 67 42 41 37 38 60 59 54 55 39 40 15 16 66 65 57 58 62 61 53 52 17 18 50 49 48 47 43 44 30 29 20 19 10 9 2 1
12-05 10:07:06.893 331 10112 D resolv : doQuery: rcode=0, ancount=4
12-05 10:07:06.893 563 1008 D CompatibilityChangeReporter: Compat change id reported: 124107808; UID 10105; state: ENABLED
12-05 10:07:06.897 1081 1322 E DatabaseUtils: Writing exception to parcel
12-05 10:07:06.897 1081 1322 E DatabaseUtils: java.lang.SecurityException: No permission to access APN settings
12-05 10:07:06.897 1081 1322 E DatabaseUtils: at com.android.providers.telephony.TelephonyProvider.checkPermission(TelephonyProvider.java:4821)
12-05 10:07:06.897 1081 1322 E DatabaseUtils: at com.android.providers.telephony.TelephonyProvider.checkPermissionCompat(TelephonyProvider.java:4838)
12-05 10:07:06.897 1081 1322 E DatabaseUtils: at com.android.providers.telephony.TelephonyProvider.query(TelephonyProvider.java:3705)
12-05 10:07:06.897 1081 1322 E DatabaseUtils: at android.content.ContentProvider.query(ContentProvider.java:1408)
12-05 10:07:06.897 1081 1322 E DatabaseUtils: at android.content.ContentProvider.query(ContentProvider.java:1504)
12-05 10:07:06.897 1081 1322 E DatabaseUtils: at android.content.ContentProvider$Transport.query(ContentProvider.java:272)
12-05 10:07:06.897 1081 1322 E DatabaseUtils: at android.content.ContentProviderNative.onTransact(ContentProviderNative.java:107)
12-05 10:07:06.897 1081 1322 E DatabaseUtils: at android.os.Binder.execTransactInternal(Binder.java:1179)
12-05 10:07:06.897 1081 1322 E DatabaseUtils: at android.os.Binder.execTransact(Binder.java:1143)
12-05 10:07:06.898 7800 9766 E RequestContextBuilder: Could not get APN after (but including) LollipopMr1:
12-05 10:07:06.898 7800 9766 E RequestContextBuilder: java.lang.SecurityException: No permission to access APN settings
12-05 10:07:06.898 7800 9766 E RequestContextBuilder: at android.os.Parcel.createExceptionOrNull(Parcel.java:2425)
12-05 10:07:06.898 7800 9766 E RequestContextBuilder: at android.os.Parcel.createException(Parcel.java:2409)
12-05 10:07:06.898 7800 9766 E RequestContextBuilder: at android.os.Parcel.readException(Parcel.java:2392)
12-05 10:07:06.898 7800 9766 E RequestContextBuilder: at android.database.DatabaseUtils.readExceptionFromParcel(DatabaseUtils.java:190)
12-05 10:07:06.898 7800 9766 E RequestContextBuilder: at android.database.DatabaseUtils.readExceptionFromParcel(DatabaseUtils.java:142)
12-05 10:07:06.898 7800 9766 E RequestContextBuilder: at android.content.ContentProviderProxy.query(ContentProviderNative.java:481)
12-05 10:07:06.898 7800 9766 E RequestContextBuilder: at android.content.ContentResolver.query(ContentResolver.java:1219)
12-05 10:07:06.898 7800 9766 E RequestContextBuilder: at android.content.ContentResolver.query(ContentResolver.java:1151)
12-05 10:07:06.898 7800 9766 E RequestContextBuilder: at android.content.ContentResolver.query(ContentResolver.java:1107)
12-05 10:07:06.898 7800 9766 E RequestContextBuilder: at eacj.c(:com.google.android.gms@244337026@24.43.37 (150800-693941914):114)
12-05 10:07:06.898 7800 9766 E RequestContextBuilder: at eacj.b(:com.google.android.gms@244337026@24.43.37 (150800-693941914):113)
12-05 10:07:06.898 7800 9766 E RequestContextBuilder: at dzqc.b(:com.google.android.gms@244337026@24.43.37 (150800-693941914):513)
12-05 10:07:06.898 7800 9766 E RequestContextBuilder: at dzpv.p(:com.google.android.gms@244337026@24.43.37 (150800-693941914):8)
12-05 10:07:06.898 7800 9766 E RequestContextBuilder: at dzpv.m(:com.google.android.gms@244337026@24.43.37 (150800-693941914):4)
12-05 10:07:06.898 7800 9766 E RequestContextBuilder: at dddd.a(:com.google.android.gms@244337026@24.43.37 (150800-693941914):256)
12-05 10:07:06.898 7800 9766 E RequestContextBuilder: at dysd.b(:com.google.android.gms@244337026@24.43.37 (150800-693941914):398)
12-05 10:07:06.898 7800 9766 E RequestContextBuilder: at ddct.a(:com.google.android.gms@244337026@24.43.37 (150800-693941914):200)
12-05 10:07:06.898 7800 9766 E RequestContextBuilder: at dycb.a(:com.google.android.gms@244337026@24.43.37 (150800-693941914):15)
12-05 10:07:06.898 7800 9766 E RequestContextBuilder: at ddco.a(:com.google.android.gms@244337026@24.43.37 (150800-693941914):3)
12-05 10:07:06.898 7800 9766 E RequestContextBuilder: at dyaq.a(:com.google.android.gms@244337026@24.43.37 (150800-693941914):71)
12-05 10:07:06.898 7800 9766 E RequestContextBuilder: at dddd.c(:com.google.android.gms@244337026@24.43.37 (150800-693941914):39)
12-05 10:07:06.898 7800 9766 E RequestContextBuilder: at com.google.android.gms.wallet.intentoperation.setupwizard.PaymentsSetupWizardAccountChangeIntentOperation.onHandleIntent(:com.google.android.gms@244337026@24.43.37 (150800-693941914):208)
12-05 10:07:06.898 7800 9766 E RequestContextBuilder: at com.google.android.chimera.IntentOperation.onHandleIntent(:com.google.android.gms@244337026@24.43.37 (150800-693941914):2)
12-05 10:07:06.898 7800 9766 E RequestContextBuilder: at aipa.onHandleIntent(:com.google.android.gms@244337026@24.43.37 (150800-693941914):8)
12-05 10:07:06.898 7800 9766 E RequestContextBuilder: at nqo.run(:com.google.android.gms@244337026@24.43.37 (150800-693941914):70)
12-05 10:07:06.898 7800 9766 E RequestContextBuilder: at nqn.run(:com.google.android.gms@244337026@24.43.37 (150800-693941914):152)
12-05 10:07:06.898 7800 9766 E RequestContextBuilder: at eaxt.run(:com.google.android.gms@244337026@24.43.37 (150800-693941914):21)
12-05 10:07:06.898 7800 9766 E RequestContextBuilder: at java.util.concurrent.ThreadPoolExecutor.runWorker(ThreadPoolExecutor.java:1167)
12-05 10:07:06.898 7800 9766 E RequestContextBuilder: at java.util.concurrent.ThreadPoolExecutor$Worker.run(ThreadPoolExecutor.java:641)
12-05 10:07:06.898 7800 9766 E RequestContextBuilder: at java.lang.Thread.run(Thread.java:920)
12-05 10:07:06.934 10105 10105 I dex2oat64: /apex/com.android.art/bin/dex2oat64 --runtime-arg -Xbootclasspath:/apex/com.android.art/javalib/core-oj.jar:/apex/com.android.art/javalib/core-libart.jar:/apex/com.android.art/javalib/okhttp.jar:/apex/com.android.art/javalib/bouncycastle.jar:/apex/com.android.art/javalib/apache-xml.jar:/system/framework/framework.jar:/system/framework/framework-graphics.jar:/system/framework/ext.jar:/system/framework/telephony-common.jar:/system/framework/voip-common.jar:/system/framework/ims-common.jar:/apex/com.android.i18n/javalib/core-icu4j.jar --runtime-arg -Xbootclasspath-locations:/apex/com.android.art/javalib/core-oj.jar:/apex/com.android.art/javalib/core-libart.jar:/apex/com.android.art/javalib/okhttp.jar:/apex/com.android.art/javalib/bouncycastle.jar:/apex/com.android.art/javalib/apache-xml.jar:/system/framework/framework.jar:/system/framework/framework-graphics.jar:/system/framework/ext.jar:/system/framework/telephony-common.jar:/system/framework/voip-common.jar:/system/framework/ims-common.jar:/apex/com.android.i18n/javalib/core-icu4j.jar --boot-image=/apex/com.android.art/javalib/boot.art --dex-file=/system/framework/framework.jar --dex-location=/system/framework/framework.jar --dex-file=/system/framework/framework-graphics.jar --dex-location=/system/framework/framework-graphics.jar --dex-file=/system/framework/ext.jar --dex-location=/system/framework/ext.jar --dex-file=/system/framework/telephony-common.jar --dex-location=/system/framework/telephony-common.jar --dex-file=/system/framework/voip-common.jar --dex-location=/system/framework/voip-common.jar --dex-file=/system/framework/ims-common.jar --dex-location=/system/framework/ims-common.jar --dex-file=/apex/com.android.i18n/javalib/core-icu4j.jar --dex-location=/apex/com.android.i18n/javalib/core-icu4j.jar --image-fd=6 --output-vdex-fd=7 --oat-fd=8 --oat-location=/system/framework/x86_64/boot.oat --single-image --image-format=uncompressed --compiler-filter=verify --profile-file=/system/etc/boot-image.prof --avoid-storing-invocation --instruction-set=x86_64 --instruction-set-features=ssse3,sse4.1,sse4.2,-avx,-avx2,popcnt --runtime-arg -Xms64m --runtime-arg -Xmx64m --dirty-image-objects=/system/etc/dirty-image-objects --instruction-set-variant=x86_64 --instruction-set-features=default --generate-mini-debug-info
12-05 10:07:06.938 10105 10105 I dex2oat64: setting boot class path to /apex/com.android.art/javalib/core-oj.jar:/apex/com.android.art/javalib/core-libart.jar:/apex/com.android.art/javalib/okhttp.jar:/apex/com.android.art/javalib/bouncycastle.jar:/apex/com.android.art/javalib/apache-xml.jar:/system/framework/framework.jar:/system/framework/framework-graphics.jar:/system/framework/ext.jar:/system/framework/telephony-common.jar:/system/framework/voip-common.jar:/system/framework/ims-common.jar:/apex/com.android.i18n/javalib/core-icu4j.jar
12-05 10:07:06.988 5239 5307 E FirebaseInstanceId: Topic sync or token retrieval failed on hard failure exceptions: AUTHENTICATION_FAILED. Won't retry the operation.
12-05 10:07:06.995 5239 10115 E Notifications: [TargetCreatorHelperImpl] Failed to get android ID.
12-05 10:07:07.021 8696 8775 D EGL_emulation: app_time_stats: avg=1004.07ms min=1004.07ms max=1004.07ms count=1
12-05 10:07:07.023 352 352 W RanchuHwc: validateDisplay: layer 31 CompositionType 1, fallback
12-05 10:07:07.035 352 352 W RanchuHwc: presentDisplay display has no layers to compose, flushing client target buffer.
12-05 10:07:07.076 7800 9861 I MdiSyncModule: Receiving API connection from package 'com.google.android.gms'...
12-05 10:07:07.077 7800 9861 I MdiSyncModule: API connection successful!
12-05 10:07:07.077 7800 9861 I MdiSyncModule: Received request for operation '1' from package 'com.google.android.gms', instance id 'profile-OneGoogle', version '1'...
12-05 10:07:07.112 7846 9412 E GCM : Missing checkin config file
12-05 10:07:07.113 7846 9412 W GCM : GCM FAILED TO INITIALIZE - missing checkin
12-05 10:07:07.122 7800 7800 D BoundBrokerSvc: onBind: Intent { act=com.google.android.gms.ocr.service.START dat=chimera-action: cmp=com.google.android.gms/.chimera.GmsApiService }
12-05 10:07:07.122 7800 7800 D BoundBrokerSvc: Loading bound service for intent: Intent { act=com.google.android.gms.ocr.service.START dat=chimera-action: cmp=com.google.android.gms/.chimera.GmsApiService }
12-05 10:07:07.175 1931 8316 I FirebaseApp: Device unlocked: initializing all Firebase APIs for app CHIME_ANDROID_SDK
12-05 10:07:07.230 331 10122 D resolv : GetAddrInfoHandler::run: {100 262244 100 983140 10104 0}
12-05 10:07:07.233 331 10122 D resolv : resolv_getaddrinfo: explore_fqdn(): ai_family=0 ai_socktype=1 ai_protocol=6
12-05 10:07:07.240 331 10124 D resolv : doQuery: (1, 1)
12-05 10:07:07.241 331 10124 D resolv : res_nmkquery: (QUERY, IN, A)
12-05 10:07:07.243 331 10124 D resolv : res_nsend
12-05 10:07:07.243 331 10124 I resolv : resolv_cache_lookup: lookup
12-05 10:07:07.245 331 10124 I resolv : resolv_cache_lookup: FOUND IN CACHE entry=0x78c91bc63d90
12-05 10:07:07.245 331 10124 D resolv : doQuery: rcode=0, ancount=15
12-05 10:07:07.246 331 10123 D resolv : doQuery: (1, 28)
12-05 10:07:07.246 331 10123 D resolv : res_nmkquery: (QUERY, IN, AAAA)
12-05 10:07:07.248 331 10123 D resolv : res_nsend
12-05 10:07:07.249 331 10123 I resolv : resolv_cache_lookup: lookup
12-05 10:07:07.249 331 10123 I resolv : resolv_cache_lookup: FOUND IN CACHE entry=0x78c90bc6bb90
12-05 10:07:07.249 331 10123 D resolv : doQuery: rcode=0, ancount=4
12-05 10:07:07.262 7800 9861 I MdiSyncModule: Operation '1' dispatched!
12-05 10:07:07.300 1931 1931 I OpaLanguageSplitter: #onAccountChange
12-05 10:07:07.303 1931 1931 I OpaLanguageSplitter: schedule language deferred installation es_US
12-05 10:07:07.341 7800 7901 I MdiSyncModule: Executing operation '1'...
12-05 10:07:07.372 7846 8692 W Auth : [RequestTokenManager] getToken() -> NEED_REMOTE_CONSENT. App: com.google.android.gms, Service: oauth2:https://www.googleapis.com/auth/cryptauth
12-05 10:07:07.379 1931 1931 I PlayCore: UID: [10104] PID: [1931] SplitInstallService : deferredLanguageInstall([es-US])
12-05 10:07:07.384 563 2794 D BiometricService: canAuthenticate: User=0, Caller=0, Authenticators=255
12-05 10:07:07.387 563 2794 D BiometricService/PreAuthInfo: Package: com.google.android.gms Sensor ID: 0 Modality: 2 Status: 7
12-05 10:07:07.390 563 2794 D BiometricService/PreAuthInfo: getCanAuthenticateInternal Modality: 2 AuthenticatorStatus: 7
12-05 10:07:07.392 563 2794 D AuthService: canAuthenticate, userId: 0, callingUserId: 0, authenticators: 255, result: 11
12-05 10:07:07.397 1931 1931 I FedAssAccountListener: onSignedInAccountChanged()
12-05 10:07:07.400 1931 2178 I A : Get policy config URI.
12-05 10:07:07.418 1931 10128 I PlayCore: UID: [10104] PID: [1931] SplitInstallService : Initiate binding to the service.
12-05 10:07:07.448 563 2794 W ActivityManager: Unable to start service Intent { act=com.google.android.play.core.splitinstall.BIND_SPLIT_INSTALL_SERVICE pkg=com.android.vending } U=0: not found
12-05 10:07:07.481 7846 8692 W Auth : [GetToken] GetToken failed with status code: NeedRemoteConsent [CONTEXT service_id=343 ]
12-05 10:07:07.519 7800 9766 E RequestContextBuilder: IsUVPAA call failed
12-05 10:07:07.566 1931 10128 I PlayCore: UID: [10104] PID: [1931] SplitInstallService : Failed to bind to the service.
12-05 10:07:07.568 7846 9802 E GCM : Missing checkin config file
12-05 10:07:07.568 7846 9802 W GCM : GCM FAILED TO INITIALIZE - missing checkin
12-05 10:07:07.639 5239 5352 E Notifications: [TargetCreatorHelperImpl] Failed to get android ID.
12-05 10:07:07.662 5239 10127 E Notifications: [ScheduledTaskServiceHandler] Job finished with TRANSIENT_FAILURE. Job ID: '1001001', key: 'RPC_STORE_TARGET'
12-05 10:07:07.662 5239 10127 E Notifications: tfe: Registration ID not found.
12-05 10:07:07.662 5239 10127 E Notifications: at tfg.b(PG:4)
12-05 10:07:07.662 5239 10127 E Notifications: at twi.d(PG:7)
12-05 10:07:07.662 5239 10127 E Notifications: at tfo.h(PG:6)
12-05 10:07:07.662 5239 10127 E Notifications: at tge.a(PG:4)
12-05 10:07:07.662 5239 10127 E Notifications: at tgc.e(PG:7)
12-05 10:07:07.662 5239 10127 E Notifications: at tdv.run(PG:2)
12-05 10:07:07.662 5239 10127 E Notifications: at java.util.concurrent.ThreadPoolExecutor.runWorker(ThreadPoolExecutor.java:1167)
12-05 10:07:07.662 5239 10127 E Notifications: at java.util.concurrent.ThreadPoolExecutor$Worker.run(ThreadPoolExecutor.java:641)
12-05 10:07:07.662 5239 10127 E Notifications: at java.lang.Thread.run(Thread.java:920)
12-05 10:07:07.662 5239 10127 E Notifications: Caused by: java.io.IOException: AUTHENTICATION_FAILED
12-05 10:07:07.662 5239 10127 E Notifications: at akjl.a(PG:14)
12-05 10:07:07.662 5239 10127 E Notifications: at kew.run(PG:17)
12-05 10:07:07.662 5239 10127 E Notifications: at erb.execute(PG:8)
12-05 10:07:07.662 5239 10127 E Notifications: at ljp.a(PG:7)
12-05 10:07:07.662 5239 10127 E Notifications: at anyw.h(PG:5)
12-05 10:07:07.662 5239 10127 E Notifications: at lka.r(PG:3)
12-05 10:07:07.662 5239 10127 E Notifications: at kew.run(PG:21)
12-05 10:07:07.662 5239 10127 E Notifications: at erb.execute(PG:14)
12-05 10:07:07.662 5239 10127 E Notifications: at ljp.a(PG:7)
12-05 10:07:07.662 5239 10127 E Notifications: at anyw.h(PG:5)
12-05 10:07:07.662 5239 10127 E Notifications: at lka.r(PG:3)
12-05 10:07:07.662 5239 10127 E Notifications: at kvx.b(Unknown Source:4)
12-05 10:07:07.662 5239 10127 E Notifications: at krp.d(Unknown Source:2)
12-05 10:07:07.662 5239 10127 E Notifications: at krr.a(PG:2)
12-05 10:07:07.662 5239 10127 E Notifications: at bra.handleMessage(PG:18)
12-05 10:07:07.662 5239 10127 E Notifications: at android.os.Handler.dispatchMessage(Handler.java:102)
12-05 10:07:07.662 5239 10127 E Notifications: at android.os.Looper.loopOnce(Looper.java:201)
12-05 10:07:07.662 5239 10127 E Notifications: at android.os.Looper.loop(Looper.java:288)
12-05 10:07:07.662 5239 10127 E Notifications: at android.app.ActivityThread.main(ActivityThread.java:7870)
12-05 10:07:07.662 5239 10127 E Notifications: at java.lang.reflect.Method.invoke(Native Method)
12-05 10:07:07.662 5239 10127 E Notifications: at com.android.internal.os.RuntimeInit$MethodAndArgsCaller.run(RuntimeInit.java:548)
12-05 10:07:07.662 5239 10127 E Notifications: at com.android.internal.os.ZygoteInit.main(ZygoteInit.java:1003)
12-05 10:07:07.667 563 2383 W system_server: Long monitor contention with owner main (563) at boolean com.android.server.job.JobServiceContext.executeRunnableJob(com.android.server.job.controllers.JobStatus, int)(JobServiceContext.java:354) waiters=0 in android.app.job.JobInfo com.android.server.job.JobSchedulerService.getPendingJob(int, int) for 107ms
12-05 10:07:07.673 563 563 W Looper : Slow dispatch took 112ms main h=android.app.job.JobServiceEngine$JobHandler c=null m=2
12-05 10:07:07.720 7800 9766 W RequestContextBuilder: Availability check via ocr service failed:
12-05 10:07:07.720 7800 9766 W RequestContextBuilder: java.util.concurrent.TimeoutException
12-05 10:07:07.720 7800 9766 W RequestContextBuilder: at java.util.concurrent.FutureTask.get(FutureTask.java:206)
12-05 10:07:07.720 7800 9766 W RequestContextBuilder: at dzqc.b(:com.google.android.gms@244337026@24.43.37 (150800-693941914):2756)
12-05 10:07:07.720 7800 9766 W RequestContextBuilder: at dzpv.p(:com.google.android.gms@244337026@24.43.37 (150800-693941914):8)
12-05 10:07:07.720 7800 9766 W RequestContextBuilder: at dzpv.m(:com.google.android.gms@244337026@24.43.37 (150800-693941914):4)
12-05 10:07:07.720 7800 9766 W RequestContextBuilder: at dddd.a(:com.google.android.gms@244337026@24.43.37 (150800-693941914):256)
12-05 10:07:07.720 7800 9766 W RequestContextBuilder: at dysd.b(:com.google.android.gms@244337026@24.43.37 (150800-693941914):398)
12-05 10:07:07.720 7800 9766 W RequestContextBuilder: at ddct.a(:com.google.android.gms@244337026@24.43.37 (150800-693941914):200)
12-05 10:07:07.720 7800 9766 W RequestContextBuilder: at dycb.a(:com.google.android.gms@244337026@24.43.37 (150800-693941914):15)
12-05 10:07:07.720 7800 9766 W RequestContextBuilder: at ddco.a(:com.google.android.gms@244337026@24.43.37 (150800-693941914):3)
12-05 10:07:07.720 7800 9766 W RequestContextBuilder: at dyaq.a(:com.google.android.gms@244337026@24.43.37 (150800-693941914):71)
12-05 10:07:07.720 7800 9766 W RequestContextBuilder: at dddd.c(:com.google.android.gms@244337026@24.43.37 (150800-693941914):39)
12-05 10:07:07.720 7800 9766 W RequestContextBuilder: at com.google.android.gms.wallet.intentoperation.setupwizard.PaymentsSetupWizardAccountChangeIntentOperation.onHandleIntent(:com.google.android.gms@244337026@24.43.37 (150800-693941914):208)
12-05 10:07:07.720 7800 9766 W RequestContextBuilder: at com.google.android.chimera.IntentOperation.onHandleIntent(:com.google.android.gms@244337026@24.43.37 (150800-693941914):2)
12-05 10:07:07.720 7800 9766 W RequestContextBuilder: at aipa.onHandleIntent(:com.google.android.gms@244337026@24.43.37 (150800-693941914):8)
12-05 10:07:07.720 7800 9766 W RequestContextBuilder: at nqo.run(:com.google.android.gms@244337026@24.43.37 (150800-693941914):70)
12-05 10:07:07.720 7800 9766 W RequestContextBuilder: at nqn.run(:com.google.android.gms@244337026@24.43.37 (150800-693941914):152)
12-05 10:07:07.720 7800 9766 W RequestContextBuilder: at eaxt.run(:com.google.android.gms@244337026@24.43.37 (150800-693941914):21)
12-05 10:07:07.720 7800 9766 W RequestContextBuilder: at java.util.concurrent.ThreadPoolExecutor.runWorker(ThreadPoolExecutor.java:1167)
12-05 10:07:07.720 7800 9766 W RequestContextBuilder: at java.util.concurrent.ThreadPoolExecutor$Worker.run(ThreadPoolExecutor.java:641)
12-05 10:07:07.720 7800 9766 W RequestContextBuilder: at java.lang.Thread.run(Thread.java:920)
12-05 10:07:07.739 563 1226 I ActivityManager: Killing 8407:com.google.android.youtube/u0a114 (adj 975): empty #17
12-05 10:07:07.747 563 634 I libprocessgroup: Successfully killed process cgroup uid 10114 pid 8407 in 0ms
12-05 10:07:07.781 419 419 W ServiceManager: Permission failure: android.permission.SYSTEM_CAMERA from uid=10105 pid=7800
12-05 10:07:07.789 419 419 W ServiceManager: Permission failure: android.permission.SYSTEM_CAMERA from uid=10105 pid=7800
12-05 10:07:07.789 419 419 W ServiceManager: Permission failure: android.permission.SYSTEM_CAMERA from uid=10105 pid=7800
12-05 10:07:07.789 419 419 W ServiceManager: Permission failure: android.permission.SYSTEM_CAMERA from uid=10105 pid=7800
12-05 10:07:07.817 7846 7884 W Nearby : Method is still running after 2000 millis. [CONTEXT service_id=49 ]
12-05 10:07:07.817 7846 7884 W Nearby : bxvp: bxvp
12-05 10:07:07.817 7846 7884 W Nearby : at sun.misc.Unsafe.park(Native Method)
12-05 10:07:07.817 7846 7884 W Nearby : at java.util.concurrent.locks.LockSupport.park(LockSupport.java:190)
12-05 10:07:07.817 7846 7884 W Nearby : at java.util.concurrent.locks.AbstractQueuedSynchronizer.parkAndCheckInterrupt(AbstractQueuedSynchronizer.java:868)
12-05 10:07:07.817 7846 7884 W Nearby : at java.util.concurrent.locks.AbstractQueuedSynchronizer.doAcquireSharedInterruptibly(AbstractQueuedSynchronizer.java:1023)
12-05 10:07:07.817 7846 7884 W Nearby : at java.util.concurrent.locks.AbstractQueuedSynchronizer.acquireSharedInterruptibly(AbstractQueuedSynchronizer.java:1334)
12-05 10:07:07.817 7846 7884 W Nearby : at java.util.concurrent.CountDownLatch.await(CountDownLatch.java:232)
12-05 10:07:07.817 7846 7884 W Nearby : at czpy.m(:com.google.android.gms@244337026@24.43.37 (150800-693941914):28)
12-05 10:07:07.817 7846 7884 W Nearby : at com.google.android.gms.nearby.sharing.NearbySharingChimeraService.y(:com.google.android.gms@244337026@24.43.37 (150800-693941914):17)
12-05 10:07:07.817 7846 7884 W Nearby : at com.google.android.gms.nearby.sharing.NearbySharingChimeraService.z(:com.google.android.gms@244337026@24.43.37 (150800-693941914):24)
12-05 10:07:07.817 7846 7884 W Nearby : at com.google.android.gms.nearby.sharing.NearbySharingChimeraService.j(:com.google.android.gms@244337026@24.43.37 (150800-693941914):115)
12-05 10:07:07.817 7846 7884 W Nearby : at com.google.android.gms.nearby.sharing.NearbySharingChimeraService.ab(:com.google.android.gms@244337026@24.43.37 (150800-693941914):87)
12-05 10:07:07.817 7846 7884 W Nearby : at ceeq.run(:com.google.android.gms@244337026@24.43.37 (150800-693941914):53)
12-05 10:07:07.817 7846 7884 W Nearby : at bxvs.run(:com.google.android.gms@244337026@24.43.37 (150800-693941914):20)
12-05 10:07:07.817 7846 7884 W Nearby : at amjy.c(:com.google.android.gms@244337026@24.43.37 (150800-693941914):50)
12-05 10:07:07.817 7846 7884 W Nearby : at amjy.run(:com.google.android.gms@244337026@24.43.37 (150800-693941914):76)
12-05 10:07:07.817 7846 7884 W Nearby : at java.util.concurrent.ThreadPoolExecutor.runWorker(ThreadPoolExecutor.java:1167)
12-05 10:07:07.817 7846 7884 W Nearby : at java.util.concurrent.ThreadPoolExecutor$Worker.run(ThreadPoolExecutor.java:641)
12-05 10:07:07.817 7846 7884 W Nearby : at ampj.run(:com.google.android.gms@244337026@24.43.37 (150800-693941914):8)
12-05 10:07:07.817 7846 7884 W Nearby : at java.lang.Thread.run(Thread.java:920)
12-05 10:07:07.817 7846 7884 W Nearby : Caused by: bxvp
12-05 10:07:07.817 7846 7884 W Nearby : at bxvu.a(:com.google.android.gms@244337026@24.43.37 (150800-693941914):3)
12-05 10:07:07.817 7846 7884 W Nearby : at bxvv.a(:com.google.android.gms@244337026@24.43.37 (150800-693941914):3)
12-05 10:07:07.817 7846 7884 W Nearby : at bxxg.execute(:com.google.android.gms@244337026@24.43.37 (150800-693941914):5)
12-05 10:07:07.817 7846 7884 W Nearby : at com.google.android.gms.nearby.sharing.NearbySharingChimeraService.Y(:com.google.android.gms@244337026@24.43.37 (150800-693941914):20)
12-05 10:07:07.817 7846 7884 W Nearby : at com.google.android.gms.nearby.sharing.NearbySharingChimeraService$1.jF(:com.google.android.gms@244337026@24.43.37 (150800-693941914):8)
12-05 10:07:07.817 7846 7884 W Nearby : at com.google.android.gms.libs.punchclock.tracing.TracingBroadcastReceiver.onReceive(:com.google.android.gms@244337026@24.43.37 (150800-693941914):17)
12-05 10:07:07.817 7846 7884 W Nearby : at android.app.LoadedApk$ReceiverDispatcher$Args.lambda$getRunnable$0$LoadedApk$ReceiverDispatcher$Args(LoadedApk.java:1679)
12-05 10:07:07.817 7846 7884 W Nearby : at android.app.LoadedApk$ReceiverDispatcher$Args$$ExternalSyntheticLambda0.run(Unknown Source:2)
12-05 10:07:07.817 7846 7884 W Nearby : at android.os.Handler.handleCallback(Handler.java:938)
12-05 10:07:07.817 7846 7884 W Nearby : at android.os.Handler.dispatchMessage(Handler.java:99)
12-05 10:07:07.817 7846 7884 W Nearby : at android.os.Looper.loopOnce(Looper.java:201)
12-05 10:07:07.817 7846 7884 W Nearby : at android.os.Looper.loop(Looper.java:288)
12-05 10:07:07.817 7846 7884 W Nearby : at android.app.ActivityThread.main(ActivityThread.java:7870)
12-05 10:07:07.817 7846 7884 W Nearby : at java.lang.reflect.Method.invoke(Native Method)
12-05 10:07:07.817 7846 7884 W Nearby : at com.android.internal.os.RuntimeInit$MethodAndArgsCaller.run(RuntimeInit.java:548)
12-05 10:07:07.817 7846 7884 W Nearby : at com.android.internal.os.ZygoteInit.main(ZygoteInit.java:1003)
