12-05 10:06:01.272 331 8948 I resolv : resolv_populate_res_for_net: netid=100
12-05 10:06:01.272 331 8948 D resolv : res_nsend
12-05 10:06:01.272 331 8948 I resolv : resolv_cache_lookup: lookup
12-05 10:06:01.272 331 8948 I resolv : resolv_cache_lookup: FOUND IN CACHE entry=0x78c8fbc61e30
12-05 10:06:01.279 7631 7631 I abb : StartCommandInProcess(73657474696e67730067657400656e61 settings.get.ena [truncated])
12-05 10:06:01.296 7993 8024 W .apps.messagin: Long monitor contention with owner BG Thread #0 (8021) at android.database.sqlite.SQLiteConnection android.database.sqlite.SQLiteConnectionPool.waitForConnection(java.lang.String, int, android.os.CancellationSignal)(SQLiteConnectionPool.java:702) waiters=0 in void android.database.sqlite.SQLiteConnectionPool.releaseConnection(android.database.sqlite.SQLiteConnection) for 350ms
12-05 10:06:01.326 7631 7631 I abb : StartCommandInProcess(7061636b61676500696e7374616c6c00 package.install. [truncated])
12-05 10:06:01.356 974 8938 D NetworkMonitor/100: PROBE_DNS www.google.com 320ms OK 108.177.121.103,108.177.121.99,108.177.121.106,108.177.121.105,108.177.121.147,108.177.121.104,2607:f8b0:4001:c01::68,2607:f8b0:4001:c01::93,2607:f8b0:4001:c01::69,2607:f8b0:4001:c01::63
12-05 10:06:01.378 331 8959 D resolv : GetAddrInfoHandler::run: {100 983140 100 983140 1073 1}
12-05 10:06:01.379 331 8959 D resolv : resolv_getaddrinfo: explore_fqdn(): ai_family=0 ai_socktype=1 ai_protocol=6
12-05 10:06:01.392 7846 7846 D BoundBrokerSvc: onUnbind: Intent { act=com.google.android.gms.icing.LIGHTWEIGHT_INDEX_SERVICE dat=chimera-action: cmp=com.google.android.gms/.chimera.PersistentApiService }
12-05 10:06:01.392 331 8961 D resolv : doQuery: (1, 28)
12-05 10:06:01.392 331 8961 D resolv : res_nmkquery: (QUERY, IN, AAAA)
12-05 10:06:01.392 331 8961 D resolv : res_nsend
12-05 10:06:01.393 7846 8086 W ProviderHelper: Unknown dynamite feature providerinstaller.dynamite
12-05 10:06:01.394 331 8961 I resolv : resolv_cache_lookup: lookup
12-05 10:06:01.394 331 8961 I resolv : resolv_cache_lookup: FOUND IN CACHE entry=0x78c8fbc61e30
12-05 10:06:01.394 331 8961 D resolv : doQuery: rcode=0, ancount=4
12-05 10:06:01.400 331 8962 D resolv : doQuery: (1, 1)
12-05 10:06:01.400 331 8962 D resolv : res_nmkquery: (QUERY, IN, A)
12-05 10:06:01.400 331 8962 D resolv : res_nsend
12-05 10:06:01.400 331 8962 I resolv : resolv_cache_lookup: lookup
12-05 10:06:01.400 331 8962 I resolv : resolv_cache_lookup: FOUND IN CACHE entry=0x78c8fbc608d0
12-05 10:06:01.400 331 8962 D resolv : doQuery: rcode=0, ancount=6
12-05 10:06:01.439 7846 8079 W NetworkScheduler: Immediate task was not started com.google.android.gms/.tapandpay.gcmtask.TapAndPayGcmTaskService{u=0 tag="immediate" trigger=window{start=0s,end=1s,earliest=-3s,latest=-2s} requirements=[NET_CONNECTED,PREFERRED_NET_CONNECTED,PREFERRED_CHARGING] attributes=[] scheduled=-3s last_run=N/A exec_window_multiplier=1.0000 jid=N/A status=PENDING retries=0 client_lib=GMS_TASK_SCHEDULER-244337000}. Rescheduling immediate tasks can cause excessive battery drain.
12-05 10:06:01.443 7993 8936 I dpws.a : Unable to retrieve flag snapshot for com.google.android.gms.providerinstaller#com.google.android.gms, using defaults.
12-05 10:06:01.446 7846 8093 W .gms.persisten: Long monitor contention with owner lowpool[4] (8079) at void cqhh.n(cqdf, cqdf, int)(:com.google.android.gms@244337026@24.43.37 (150800-693941914):49) waiters=0 in int cqhh.l(cqgt, bbpz) for 1.137s
12-05 10:06:01.471 7993 8909 I DynamiteModule: Considering local module com.google.android.gms.providerinstaller.dynamite:0 and remote module com.google.android.gms.providerinstaller.dynamite:0
12-05 10:06:01.471 7993 8909 W ProviderInstaller: Failed to load providerinstaller module: No acceptable module com.google.android.gms.providerinstaller.dynamite found. Local version is 0 and remote version is 0.
12-05 10:06:01.479 563 656 E VerityUtils: Failed to measure fs-verity, errno 1: /data/app/~~QPixLNrTfOzaryJsptGSyA==/com.google.testing.helium.utp.android.companion.backdrop-1niDpbDcibyYBy__FY1Qrw==/base.apk
12-05 10:06:01.483 7993 8909 W ProviderInstaller: Failed to report request stats: com.google.android.gms.common.security.ProviderInstallerImpl.reportRequestStats [class android.content.Context, long, long]
12-05 10:06:01.558 974 8938 D NetworkMonitor/100: PROBE_HTTPS https://www.google.com/generate_204 time=201ms ret=204 request={Connection=[close], User-Agent=[Mozilla/5.0 (X11; Linux x86_64) AppleWebKit/537.36 (KHTML, like Gecko) Chrome/60.0.3112.32 Safari/537.36]} headers={null=[HTTP/1.1 204 No Content], Connection=[close], Content-Length=[0], Cross-Origin-Resource-Policy=[cross-origin], Date=[Thu, 05 Dec 2024 18:06:01 GMT], X-Android-Received-Millis=[1733421961552], X-Android-Response-Source=[NETWORK 204], X-Android-Selected-Protocol=[http/1.1], X-Android-Sent-Millis=[1733421961549]}
12-05 10:06:01.564 7993 8037 D MDD WorkManagerTaskScheduler: Scheduling periodic tasks for MDD lib MDD.MAINTENANCE.PERIODIC.GCM.TASK 86400
12-05 10:06:01.565 974 8937 D NetworkMonitor/100: isCaptivePortal: isSuccessful()=true isPortal()=false RedirectUrl=null isPartialConnectivity()=false Time=545ms
12-05 10:06:01.566 7993 8037 D MDD WorkManagerTaskScheduler: Successfully updated periodic tasks for MDD lib MDD.MAINTENANCE.PERIODIC.GCM.TASK 86400
12-05 10:06:01.566 7993 8037 D MDD WorkManagerTaskScheduler: Scheduling periodic tasks for MDD lib MDD.CELLULAR.CHARGING.PERIODIC.TASK 21600
12-05 10:06:01.566 563 794 D ConnectivityService: [100 WIFI] validation passed
12-05 10:06:01.607 7993 8037 D MDD WorkManagerTaskScheduler: Successfully updated periodic tasks for MDD lib MDD.CELLULAR.CHARGING.PERIODIC.TASK 21600
12-05 10:06:01.608 7993 8037 D MDD WorkManagerTaskScheduler: Scheduling periodic tasks for MDD lib MDD.WIFI.CHARGING.PERIODIC.TASK 21600
12-05 10:06:01.609 7993 8037 D MDD WorkManagerTaskScheduler: Successfully updated periodic tasks for MDD lib MDD.WIFI.CHARGING.PERIODIC.TASK 21600
12-05 10:06:01.609 7993 8037 I BugleMDD: MddBackgroundStartupTask: Scheduled MDD periodic tasks.
12-05 10:06:01.628 7800 7800 D BoundBrokerSvc: onBind: Intent { act=com.google.android.gms.checkin.START pkg=com.google.android.gms }
12-05 10:06:01.628 7800 7800 D BoundBrokerSvc: Loading bound service for intent: Intent { act=com.google.android.gms.checkin.START pkg=com.google.android.gms }
12-05 10:06:01.633 7993 8947 W DynamiteModule: Local module descriptor class for com.google.android.gms.providerinstaller.dynamite not found.
12-05 10:06:01.616 0 0 W audit : audit_lost=1274 audit_rate_limit=5 audit_backlog_limit=64
12-05 10:06:01.693 0 0 E audit : rate limit exceeded
12-05 10:06:01.713 7846 8111 E GCM : Missing checkin config file
12-05 10:06:01.713 7846 8111 W GCM : GCM FAILED TO INITIALIZE - missing checkin
12-05 10:06:01.738 8407 8965 E FirebaseInstanceId: Topic sync or token retrieval failed on hard failure exceptions: AUTHENTICATION_FAILED. Won't retry the operation.
12-05 10:06:01.774 563 580 D CompatibilityChangeReporter: Compat change id reported: 168419799; UID 10114; state: DISABLED
12-05 10:06:01.798 7800 7888 I Checkin : [CheckinApiChimeraService] onGetService
12-05 10:06:01.807 7993 8909 W BugleRcsEngine: [652] aoet.x: Unable to send diagnostic log
12-05 10:06:01.811 7846 7871 W ProviderHelper: Unknown dynamite feature providerinstaller.dynamite
12-05 10:06:01.811 7993 8878 I BugleRcsEngine: [639] aplx.d: (PEv2-SM-Bugle-199589617): RequestWithImsiState: event HTTP Response [eb94077f-c7ed-427e-968c-0217ee976ec2]
12-05 10:06:01.821 7993 8878 I BugleRcsEngine: [639] aplx.d: (PEv2-SM-Bugle-199589617): InProgressState: event HTTP Response [eb94077f-c7ed-427e-968c-0217ee976ec2]
12-05 10:06:01.826 7993 8878 W BugleRcsEngine: [639] aoet.x: Unable to send diagnostic log
12-05 10:06:01.826 7993 8878 I BugleRcsEngine: [639] aplx.d: (PEv2-SM-Bugle-199589617): RequestWithImsiState: event HTTP 200 (OK) [eb94077f-c7ed-427e-968c-0217ee976ec2]
12-05 10:06:01.826 7993 8878 W BugleRcsEngine: [639] apmo.d: Couldn't find cookies
12-05 10:06:01.835 7993 8878 I BugleRcsEngine: [639] aplx.d: (PEv2-SM-Bugle-199589617): transitionTo: destState=ProcessConfigurationState [eb94077f-c7ed-427e-968c-0217ee976ec2]
12-05 10:06:01.836 7993 8878 I BugleRcsEngine: [639] aplx.d: (PEv2-SM-Bugle-199589617): onTransitionRequested RequestWithImsiState [eb94077f-c7ed-427e-968c-0217ee976ec2]
12-05 10:06:01.840 7993 8878 I BugleRcsEngine: [639] aplx.d: (PEv2-SM-Bugle-199589617): Exit RequestWithImsiState [eb94077f-c7ed-427e-968c-0217ee976ec2]
12-05 10:06:01.841 7993 8878 W BugleRcsEngine: [639] aoet.x: Unable to send diagnostic log
12-05 10:06:01.845 7993 8878 I BugleRcsEngine: [639] aplx.d: (PEv2-SM-Bugle-199589617): Enter ProcessConfigurationState [eb94077f-c7ed-427e-968c-0217ee976ec2]
12-05 10:06:01.857 7993 8878 W BugleRcsEngine: [639] aoet.x: Unable to send diagnostic log
12-05 10:06:01.859 7993 8878 I BugleRcsEngine: [639] aplx.d: (PEv2-SM-Bugle-199589617): ProcessConfigurationState: event Config document received [eb94077f-c7ed-427e-968c-0217ee976ec2]
12-05 10:06:01.876 7993 8878 I BugleRcsEngine: [639] aptr.d: No RCS Configuration was found in Bugle for simID: redacted-pii:sim_id[chars:20]
12-05 10:06:01.876 7993 8878 I BugleRcsEngine: [639] apmb.d: Configuration update received. Updating
12-05 10:06:01.876 7993 8878 I BugleRcsEngine: from [Type: 0, Version: 0, Validity: 0, Last updated: 0, Remaining validity: 0, Reconfiguration requested: false, Messaging technology: SIMPLE_IM]
12-05 10:06:01.876 7993 8878 I BugleRcsEngine: to [Type: 2, Version: -1, Validity: -1, Last updated: 0, Remaining validity: 0, Reconfiguration requested: false, Messaging technology: SIMPLE_IM]
12-05 10:06:01.876 7993 8878 W BugleRcsEngine: [639] apmb.d: Received configuration with no token or invalid token during refresh.
12-05 10:06:01.890 7993 8947 I DynamiteModule: Considering local module com.google.android.gms.providerinstaller.dynamite:0 and remote module com.google.android.gms.providerinstaller.dynamite:0
12-05 10:06:01.890 7993 8947 W ProviderInstaller: Failed to load providerinstaller module: No acceptable module com.google.android.gms.providerinstaller.dynamite found. Local version is 0 and remote version is 0.
12-05 10:06:01.890 7993 8947 W ProviderInstaller: Failed to report request stats: com.google.android.gms.common.security.ProviderInstallerImpl.reportRequestStats [class android.content.Context, long, long]
12-05 10:06:01.910 331 8980 D resolv : GetAddrInfoHandler::run: {100 786532 100 983140 10097 0}
12-05 10:06:01.910 331 8980 D resolv : resolv_getaddrinfo: explore_fqdn(): ai_family=0 ai_socktype=1 ai_protocol=6
12-05 10:06:01.917 331 8981 D resolv : doQuery: (1, 28)
12-05 10:06:01.917 331 8981 D resolv : res_nmkquery: (QUERY, IN, AAAA)
12-05 10:06:01.917 331 8981 D resolv : res_nsend
12-05 10:06:01.917 331 8981 I resolv : resolv_cache_lookup: lookup
12-05 10:06:01.917 331 8981 I resolv : resolv_cache_lookup: NOT IN CACHE (STALE ENTRY 0x78c90bc6a9b0DISCARDED)
12-05 10:06:01.917 331 8981 I resolv : _cache_remove_p: entry 46 removed (count=65)
12-05 10:06:01.917 331 8981 I resolv : resolv_populate_res_for_net: netid=100
12-05 10:06:01.917 331 8981 I resolv : res_stats_usable_server: NS stats: S 62 + E 0 + T 2 + I 0 = 64, rtt = 6, min_samples = 8
12-05 10:06:01.917 331 8981 I resolv : res_stats_usable_server: success rate 96
12-05 10:06:01.917 331 8981 D resolv : res_nsend: Querying server (# 1) address = 10.0.2.3:53
12-05 10:06:01.917 331 8981 D resolv : send_dg: new DG socket
12-05 10:06:01.917 331 8981 I resolv : get_timeout: using timeout of 5000 msec
12-05 10:06:01.917 331 8981 I resolv : retrying_poll: 55 retrying_poll
12-05 10:06:01.922 331 8981 I resolv : retrying_poll: 55 retrying_poll returning 1
12-05 10:06:01.922 331 8981 I resolv : res_nsend: used send_dg 154 terrno: 0
12-05 10:06:01.922 331 8981 I resolv : res_stats_set_sample: rcode = 0, sec = 5
12-05 10:06:01.922 331 8981 I resolv : res_cache_add_stats_sample_locked: adding sample to stats, next = 18, count = 64
12-05 10:06:01.922 331 8981 D resolv : res_nsend: got answer:
12-05 10:06:01.922 331 8981 I resolv : answer_getTTL: TTL = 300
12-05 10:06:01.922 331 8981 I resolv : _cache_add_p: entry 83 added (count=66)
12-05 10:06:01.922 331 8981 I resolv : cache_dump_mru_locked: MRU LIST (66): 83 72 69 70 71 82 81 80 79 78 77 76 75 74 73 68 67 42 41 37 38 60 59 36 35 54 55 39 40 34 33 15 16 66 65 45 57 58 64 63 62 61 24 23 56 21 53 52 17 18 50 49 48 47 43 44 7 8 30 29 20 19 10 9 2 1
12-05 10:06:01.922 331 8981 D resolv : doQuery: rcode=0, ancount=4
12-05 10:06:01.929 331 8982 D resolv : doQuery: (1, 1)
12-05 10:06:01.929 331 8982 D resolv : res_nmkquery: (QUERY, IN, A)
12-05 10:06:01.930 331 8982 D resolv : res_nsend
12-05 10:06:01.930 331 8982 I resolv : resolv_cache_lookup: lookup
12-05 10:06:01.930 331 8982 I resolv : resolv_cache_lookup: NOT IN CACHE (STALE ENTRY 0x78c91bc66250DISCARDED)
12-05 10:06:01.931 331 8982 I resolv : _cache_remove_p: entry 45 removed (count=65)
12-05 10:06:01.931 331 8982 I resolv : resolv_populate_res_for_net: netid=100
12-05 10:06:01.933 331 8982 I resolv : res_stats_usable_server: NS stats: S 62 + E 0 + T 2 + I 0 = 64, rtt = 6, min_samples = 8
12-05 10:06:01.933 331 8982 I resolv : res_stats_usable_server: success rate 96
12-05 10:06:01.933 331 8982 D resolv : res_nsend: Querying server (# 1) address = 10.0.2.3:53
12-05 10:06:01.933 331 8982 D resolv : send_dg: new DG socket
12-05 10:06:01.934 331 8982 I resolv : get_timeout: using timeout of 5000 msec
12-05 10:06:01.934 331 8982 I resolv : retrying_poll: 55 retrying_poll
12-05 10:06:01.937 331 8982 I resolv : retrying_poll: 55 retrying_poll returning 1
12-05 10:06:01.937 331 8982 I resolv : res_nsend: used send_dg 282 terrno: 0
12-05 10:06:01.937 331 8982 I resolv : res_stats_set_sample: rcode = 0, sec = 3
12-05 10:06:01.937 331 8982 I resolv : res_cache_add_stats_sample_locked: adding sample to stats, next = 19, count = 64
12-05 10:06:01.937 331 8982 D resolv : res_nsend: got answer:
12-05 10:06:01.937 331 8982 I resolv : answer_getTTL: TTL = 300
12-05 10:06:01.937 331 8982 I resolv : _cache_add_p: entry 84 added (count=66)
12-05 10:06:01.937 331 8982 I resolv : cache_dump_mru_locked: MRU LIST (66): 84 83 72 69 70 71 82 81 80 79 78 77 76 75 74 73 68 67 42 41 37 38 60 59 36 35 54 55 39 40 34 33 15 16 66 65 57 58 64 63 62 61 24 23 56 21 53 52 17 18 50 49 48 47 43 44 7 8 30 29 20 19 10 9 2 1
12-05 10:06:01.937 331 8982 D resolv : doQuery: rcode=0, ancount=15
12-05 10:06:01.947 8340 8972 W AssistantConfig: appIntegrationDataInBase64 is null
12-05 10:06:01.971 563 1831 D CompatibilityChangeReporter: Compat change id reported: 135634846; UID 10105; state: DISABLED
12-05 10:06:01.972 563 633 D CompatibilityChangeReporter: Compat change id reported: 143937733; UID 10105; state: ENABLED
12-05 10:06:01.990 8340 8972 E AssistantConnector: Couldn't read whether gRPC is supported from public value
12-05 10:06:01.990 8340 8972 E AssistantConnector: java.lang.IllegalStateException: Failed to query AGSA value. This is most likely caused by a Google signature check failure. Please make sure both of the AGSA app and the client app are either release or dev builds.
12-05 10:06:01.990 8340 8972 E AssistantConnector: at arav.call(PG:16)
12-05 10:06:01.990 8340 8972 E AssistantConnector: at bdxr.call(PG:2)
12-05 10:06:01.990 8340 8972 E AssistantConnector: at bhui.a(PG:1)
12-05 10:06:01.990 8340 8972 E AssistantConnector: at bhtl.run(PG:4)
12-05 10:06:01.990 8340 8972 E AssistantConnector: at bhuj.run(PG:1)
12-05 10:06:01.990 8340 8972 E AssistantConnector: at java.util.concurrent.ThreadPoolExecutor.runWorker(ThreadPoolExecutor.java:1167)
12-05 10:06:01.990 8340 8972 E AssistantConnector: at java.util.concurrent.ThreadPoolExecutor$Worker.run(ThreadPoolExecutor.java:641)
12-05 10:06:01.990 8340 8972 E AssistantConnector: at java.lang.Thread.run(Thread.java:920)
12-05 10:06:01.991 8340 8972 I AssistantConnector: Fallback to Maestro connector
12-05 10:06:01.998 7800 8309 I GCM : Checking if the GCM ID is available and maybe schedule a task to register GMS if not.
12-05 10:06:01.998 7800 8309 I GCM-GMS : Scheduling task to register GMS
12-05 10:06:01.999 332 332 D Zygote : Forked child process 8987
12-05 10:06:02.006 7993 8021 W BugleRcsEngine: [600] aoet.x: Unable to send diagnostic log
12-05 10:06:02.009 563 633 I ActivityManager: Start proc 8987:com.google.android.gms.unstable/u0a105 for service {com.google.android.gms/com.google.android.gms.droidguard.DroidGuardService}
12-05 10:06:02.011 8987 8987 I Zygote : seccomp disabled by setenforce 0
12-05 10:06:02.017 8987 8987 W id.gms.unstabl: Unexpected CPU variant for X86 using defaults: x86_64
12-05 10:06:02.027 8696 8775 D EGL_emulation: app_time_stats: avg=1000.49ms min=1000.49ms max=1000.49ms count=1
12-05 10:06:02.027 5170 5960 I DialerOmtpVvmCarrierConfigHelper: com.android.voicemail.impl.OmtpVvmCarrierConfigHelper.handleEvent:514 OmtpEvent:CONFIG_STATUS_SMS_TIME_OUT PhoneAccountHandle: [ComponentName: com.android.phone/com.android.services.telephony.TelephonyConnectionService subId: 1] [CONTEXT enable_persistent_logger=true ]
12-05 10:06:02.031 7800 7872 W ChimeGmsRegistrationHan: Failed to create registration request. [CONTEXT service_id=358 ]
12-05 10:06:02.031 7800 7872 W ChimeGmsRegistrationHan: cjrj: Registration ID not found.
12-05 10:06:02.031 7800 7872 W ChimeGmsRegistrationHan: at cjrk.(:com.google.android.gms@244337026@24.43.37 (150800-693941914):2)
12-05 10:06:02.031 7800 7872 W ChimeGmsRegistrationHan: at cjrr.c(:com.google.android.gms@244337026@24.43.37 (150800-693941914):273)
12-05 10:06:02.031 7800 7872 W ChimeGmsRegistrationHan: at cjrr.a(:com.google.android.gms@244337026@24.43.37 (150800-693941914):110)
12-05 10:06:02.031 7800 7872 W ChimeGmsRegistrationHan: at cjps.a(:com.google.android.gms@244337026@24.43.37 (150800-693941914):197)
12-05 10:06:02.031 7800 7872 W ChimeGmsRegistrationHan: at cjpn.a(:com.google.android.gms@244337026@24.43.37 (150800-693941914):406)
12-05 10:06:02.031 7800 7872 W ChimeGmsRegistrationHan: at cjpi.b(:com.google.android.gms@244337026@24.43.37 (150800-693941914):14)
12-05 10:06:02.031 7800 7872 W ChimeGmsRegistrationHan: at fpnu.v(:com.google.android.gms@244337026@24.43.37 (150800-693941914):12)
12-05 10:06:02.031 7800 7872 W ChimeGmsRegistrationHan: at fpwq.run(:com.google.android.gms@244337026@24.43.37 (150800-693941914):112)
12-05 10:06:02.031 7800 7872 W ChimeGmsRegistrationHan: at amjy.c(:com.google.android.gms@244337026@24.43.37 (150800-693941914):50)
12-05 10:06:02.031 7800 7872 W ChimeGmsRegistrationHan: at amjy.run(:com.google.android.gms@244337026@24.43.37 (150800-693941914):76)
12-05 10:06:02.031 7800 7872 W ChimeGmsRegistrationHan: at java.util.concurrent.ThreadPoolExecutor.runWorker(ThreadPoolExecutor.java:1167)
12-05 10:06:02.031 7800 7872 W ChimeGmsRegistrationHan: at java.util.concurrent.ThreadPoolExecutor$Worker.run(ThreadPoolExecutor.java:641)
12-05 10:06:02.031 7800 7872 W ChimeGmsRegistrationHan: at ampj.run(:com.google.android.gms@244337026@24.43.37 (150800-693941914):8)
12-05 10:06:02.031 7800 7872 W ChimeGmsRegistrationHan: at java.lang.Thread.run(Thread.java:920)
12-05 10:06:02.031 7800 7872 I NotificationsModuleTask: Registering accounts to Chime Failed & Rescheduled for later. [CONTEXT service_id=358 ]
12-05 10:06:02.033 5170 5170 I DialerRetryPolicy: com.android.voicemail.impl.scheduling.RetryPolicy.onCompleted:105 discarding deferred status [CONTEXT enable_persistent_logger=true ]
12-05 10:06:02.036 408 481 I adbd : jdwp connection from 8987
12-05 10:06:02.040 352 352 W RanchuHwc: validateDisplay: layer 31 CompositionType 1, fallback
12-05 10:06:02.054 352 352 W RanchuHwc: presentDisplay display has no layers to compose, flushing client target buffer.
12-05 10:06:02.083 563 773 W RuleEvaluation: Integrity rule files are not available.
12-05 10:06:02.086 563 661 I PackageManager: Integrity check passed for file:///data/app/vmdl528976143.tmp
12-05 10:06:02.153 8407 8984 W android.youtub: Verification of void m.tm.M(m.ox, m.hc, m.jo) took 115.164ms (2700.49 bytecodes/s) (11312B approximate peak alloc)
12-05 10:06:02.178 7993 8878 I BugleRcsEngine: [639] aptr.r: Rcs Configuration was updated
12-05 10:06:02.195 7993 8878 W BugleRcsEngine: [639] aoet.x: Unable to send diagnostic log
12-05 10:06:02.196 7993 8878 I BugleRcsEngine: [639] apmb.d: Provisioning refreshed with partial configuration.
12-05 10:06:02.198 563 661 D PackageManager: Instant App installer not found with android.intent.action.INSTALL_INSTANT_APP_PACKAGE
12-05 10:06:02.198 563 661 D PackageManager: Clear ephemeral installer activity
12-05 10:06:02.209 5170 5170 I DialerTaskExecutor: com.android.voicemail.impl.scheduling.TaskExecutor.prepareStop:370 no more tasks, stopping service if no task are added in 5000 millis [CONTEXT enable_persistent_logger=true ]
12-05 10:06:02.211 5170 5170 I DialerLogcatLoggingBindings: com.android.dialer.logging.logcat.LogcatLoggingBindings.logImpression:41 Impression: VVM_AUTO_RETRY_ACTIVATION
12-05 10:06:02.220 563 661 W PackageManager: User 0 is not ready. Restore at install didn't take place.
12-05 10:06:02.232 422 448 E installd: Couldn't opendir /data/app/vmdl528976143.tmp: No such file or directory
12-05 10:06:02.232 422 448 E installd: Failed to delete /data/app/vmdl528976143.tmp: No such file or directory
12-05 10:06:02.309 5170 5170 I DialerTaskReceiver: com.android.voicemail.impl.scheduling.TaskReceiver.onReceive:68 task received [CONTEXT enable_persistent_logger=true ]
12-05 10:06:02.311 5170 5170 I DialerTaskReceiver: com.android.voicemail.impl.scheduling.TaskReceiver.onReceive:73 TaskExecutor already running [CONTEXT enable_persistent_logger=true ]
12-05 10:06:02.324 5170 5170 I DialerTasks: com.android.voicemail.impl.scheduling.Tasks.createTask:59 Task.createTask create task:com.android.voicemail.impl.ActivationTask [CONTEXT enable_persistent_logger=true ]
12-05 10:06:02.329 563 661 D CompatibilityChangeReporter: Compat change id reported: 168419799; UID 10162; state: DISABLED
12-05 10:06:02.337 8407 8984 I FA : App measurement disabled by setAnalyticsCollectionEnabled(false)
12-05 10:06:02.339 5170 5170 I DialerRetryPolicy: com.android.voicemail.impl.scheduling.RetryPolicy.onCreate:74 retry #4 for com.android.voicemail.impl.ActivationTask@f42704d queued, executing in 5000 [CONTEXT enable_persistent_logger=true ]
12-05 10:06:02.372 8407 8984 I FA : App measurement initialized, version: 108014
12-05 10:06:02.372 8407 8984 I FA : To enable debug logging run: adb shell setprop log.tag.FA VERBOSE
12-05 10:06:02.373 8407 8984 I FA : To enable faster debug mode event logging run:
12-05 10:06:02.373 8407 8984 I FA : adb shell setprop debug.firebase.analytics.app com.google.android.youtube
12-05 10:06:02.382 8987 8987 D CompatibilityChangeReporter: Compat change id reported: 171979766; UID 10105; state: ENABLED
12-05 10:06:02.397 5170 5170 I DialerTaskExecutor: com.android.voicemail.impl.scheduling.TaskExecutor.addTask:298 com.android.voicemail.impl.ActivationTask@f42704d added [CONTEXT enable_persistent_logger=true ]
12-05 10:06:02.401 1615 1615 I MediaProvider: Invalidating LocalCallingIdentity cache for package com.google.testing.helium.utp.android.companion.instrumentations.runtimestats. Reason: package android.intent.action.PACKAGE_ADDED
12-05 10:06:02.409 5170 5170 I DialerTaskExecutor: com.android.voicemail.impl.scheduling.TaskExecutor.runNextTask:344 minimal wait time:4931 [CONTEXT enable_persistent_logger=true ]
12-05 10:06:02.422 5170 5170 I DialerTaskExecutor: com.android.voicemail.impl.scheduling.TaskExecutor.sleep:354 sleep for 4931 millis [CONTEXT enable_persistent_logger=true ]
12-05 10:06:02.425 7846 7898 I NearbyConnections: Client 0p:com.google.android.gms.nearby.sharing disconnecting
12-05 10:06:02.426 7846 7898 I Nearby : Successfully shutdown executor ClientBridge.alarmExecutor. [CONTEXT service_id=49 ]
12-05 10:06:02.427 7846 8400 I NearbyConnections: Because they unbound from our service, all state for client 198328238 will now be cleaned up.
12-05 10:06:02.436 7993 8878 W BugleRcsEngine: [639] aoet.x: Unable to send diagnostic log
12-05 10:06:02.457 563 756 I RoleService: Granting default roles...
12-05 10:06:02.459 7993 8878 W BugleRcsEngine: [639] aoet.x: Unable to send diagnostic log
12-05 10:06:02.459 7993 8878 I BugleRcsEngine: [639] apve.b: Using config server URL from aohn
12-05 10:06:02.477 563 765 I InputReader: Reconfiguring input devices, changes=KEYBOARD_LAYOUTS |
12-05 10:06:02.505 849 849 V MediaPlayerList: mPackageChangedBroadcastReceiver: action: android.intent.action.PACKAGE_ADDED
12-05 10:06:02.505 849 849 D MediaPlayerList: Name of package changed: com.google.testing.helium.utp.android.companion.instrumentations.runtimestats
12-05 10:06:02.554 5485 8373 W Role : Cannot get ApplicationInfo for default holder: com.google.android.contacts
12-05 10:06:02.574 8987 8987 V GraphicsEnvironment: ANGLE Developer option for 'com.google.android.gms' set to: 'default'
12-05 10:06:02.577 8987 8987 V GraphicsEnvironment: ANGLE GameManagerService for com.google.android.gms: false
12-05 10:06:02.577 8987 8987 V GraphicsEnvironment: Neither updatable production driver nor prerelease driver is supported.
12-05 10:06:02.586 8987 8987 D NetworkSecurityConfig: Using Network Security Config from resource network_security_config debugBuild: false
12-05 10:06:02.593 8987 8987 D NetworkSecurityConfig: Using Network Security Config from resource network_security_config debugBuild: false
12-05 10:06:02.602 7846 8400 I Nearby : Successfully shutdown executor AnalyticsRecorder.analyticsExecutor. [CONTEXT service_id=49 ]
12-05 10:06:02.613 563 563 W Looper : Slow delivery took 210ms main h=android.app.ActivityThread$H c=android.app.LoadedApk$ReceiverDispatcher$Args$$ExternalSyntheticLambda0@407e7d8 m=0
12-05 10:06:02.656 331 398 I netd : trafficSetNetPermForUids(0, [10162]) <0.05ms>
12-05 10:06:02.681 9009 9009 D AndroidRuntime: >>>>>> START com.android.internal.os.RuntimeInit uid 0 <<<<<<
12-05 10:06:02.681 5485 8684 I PermissionControllerServiceImpl: Updating user sensitive for uid 10162
12-05 10:06:02.701 9009 9009 I AndroidRuntime: Using default boot image
12-05 10:06:02.701 9009 9009 I AndroidRuntime: Leaving lock profiling enabled
12-05 10:06:02.710 9009 9009 I app_process: Core platform API reporting enabled, enforcing=false
12-05 10:06:02.709 563 563 I Telecom : DefaultDialerCache: Refreshing default dialer for user 0: now com.google.android.dialer: DDC.oR@API
12-05 10:06:02.725 7993 8009 W .apps.messagin: Suspending all threads took: 52.121ms
12-05 10:06:02.727 7800 7800 D BoundBrokerSvc: onUnbind: Intent { act=com.google.android.gms.notifications.registration.service.NotificationsRegistrationTaskBoundService.ACTION_TASK_READY dat=chimera-action: cmp=com.google.android.gms/.chimera.GmsInternalBoundBrokerService }
12-05 10:06:02.737 7993 8878 I BugleRcsEngine: [639] aplx.d: (PEv2-SM-Bugle-199589617): transitionTo: destState=ConfiguredState [eb94077f-c7ed-427e-968c-0217ee976ec2]
12-05 10:06:02.737 7993 8878 I BugleRcsEngine: [639] aplx.d: (PEv2-SM-Bugle-199589617): onTransitionRequested ProcessConfigurationState [eb94077f-c7ed-427e-968c-0217ee976ec2]
12-05 10:06:02.739 7993 8878 W BugleRcsEngine: [639] aoet.x: Unable to send diagnostic log
12-05 10:06:02.745 7993 8878 I BugleRcsEngine: [639] aplx.d: (PEv2-SM-Bugle-199589617): Exit ProcessConfigurationState [eb94077f-c7ed-427e-968c-0217ee976ec2]
12-05 10:06:02.746 7993 8878 W BugleRcsEngine: [639] aoet.x: Unable to send diagnostic log
12-05 10:06:02.746 7993 8878 I BugleRcsEngine: [639] aplx.d: (PEv2-SM-Bugle-199589617): Exit InProgressState [eb94077f-c7ed-427e-968c-0217ee976ec2]
12-05 10:06:02.755 7993 8878 W BugleRcsEngine: [639] aoet.x: Unable to send diagnostic log
12-05 10:06:02.757 7993 8878 I BugleRcsEngine: [639] aplx.d: (PEv2-SM-Bugle-199589617): Enter ConfiguredState [eb94077f-c7ed-427e-968c-0217ee976ec2]
12-05 10:06:02.771 7993 8878 W BugleRcsEngine: [639] aoet.x: Unable to send diagnostic log
12-05 10:06:02.785 9016 9016 W dex2oat64: Unexpected CPU variant for X86 using defaults: x86_64
12-05 10:06:02.786 9016 9016 W dex2oat64: Mismatch between dex2oat instruction set features to use (ISA: X86_64 Feature string: -ssse3,-sse4.1,-sse4.2,-avx,-avx2,-popcnt) and those from CPP defines (ISA: X86_64 Feature string: ssse3,sse4.1,sse4.2,-avx,-avx2,popcnt) for the command line:
12-05 10:06:02.786 9016 9016 W dex2oat64: /apex/com.android.art/bin/dex2oat64 --runtime-arg -Xbootclasspath:/apex/com.android.art/javalib/core-oj.jar:/apex/com.android.art/javalib/core-libart.jar:/apex/com.android.art/javalib/okhttp.jar:/apex/com.android.art/javalib/bouncycastle.jar:/apex/com.android.art/javalib/apache-xml.jar:/system/framework/framework.jar:/system/framework/framework-graphics.jar:/system/framework/ext.jar:/system/framework/telephony-common.jar:/system/framework/voip-common.jar:/system/framework/ims-common.jar:/apex/com.android.i18n/javalib/core-icu4j.jar --runtime-arg -Xbootclasspath-locations:/apex/com.android.art/javalib/core-oj.jar:/apex/com.android.art/javalib/core-libart.jar:/apex/com.android.art/javalib/okhttp.jar:/apex/com.android.art/javalib/bouncycastle.jar:/apex/com.android.art/javalib/apache-xml.jar:/system/framework/framework.jar:/system/framework/framework-graphics.jar:/system/framework/ext.jar:/system/framework/telephony-common.jar:/system/framework/voip-common.jar:/system/framework/ims-common.jar:/apex/com.android.i18n/javalib/core-icu4j.jar --boot-image=/apex/com.android.art/javalib/boot.art --dex-file=/system/framework/framework.jar --dex-location=/system/framework/framework.jar --dex-file=/system/framework/framework-graphics.jar --dex-location=/system/framework/framework-graphics.jar --dex-file=/system/framework/ext.jar --dex-location=/system/framework/ext.jar --dex-file=/system/framework/telephony-common.jar --dex-location=/system/framework/telephony-common.jar --dex-file=/system/framework/voip-common.jar --dex-location=/system/framework/voip-common.jar --dex-file=/system/framework/ims-common.jar --dex-location=/system/framework/ims-common.jar --dex-file=/apex/com.android.i18n/javalib/core-icu4j.jar --dex-location=/apex/com.android.i18n/javalib/core-icu4j.jar --image-fd=6 --output-vdex-fd=7 --oat-fd=8 --oat-location=/system/framework/x86_64/boot.oat --single-image --image-format=uncompressed --compiler-filter=verify --profile-file=/system/etc/boot-image.prof --avoid-storing-invocation --instruction-set=x86_64 --instruction-set-features=ssse3,sse4.1,sse4.2,-avx,-avx2,popcnt --runtime-arg -Xms64m --runtime-arg -Xmx64m --dirty-image-objects=/system/etc/dirty-image-objects --instruction-set-variant=x86_64 --instruction-set-features=default --generate-mini-debug-info
12-05 10:06:02.792 7993 8878 I BugleRcsEngine: [639] apqe.b: RcsAvailabilityManager: Calculating Rcs Availability
12-05 10:06:02.797 7993 8878 I BugleRcsEngine: [639] aptr.A: Bugle is default SMS app: true
12-05 10:06:02.798 7993 8878 I BugleRcsEngine: [639] apqe.b: Bugle has minimum required RCS permissions: true
12-05 10:06:02.800 7993 8878 I BugleRcsEngine: [639] aptr.z: Rcs is enabled from user settings: true
12-05 10:06:02.800 7993 8878 I BugleRcsEngine: [639] apve.b: Using config server URL from aohn
12-05 10:06:02.820 8407 8421 W android.youtub: Suspending all threads took: 11.206ms
12-05 10:06:02.852 9016 9016 I dex2oat64: /apex/com.android.art/bin/dex2oat64 --runtime-arg -Xbootclasspath:/apex/com.android.art/javalib/core-oj.jar:/apex/com.android.art/javalib/core-libart.jar:/apex/com.android.art/javalib/okhttp.jar:/apex/com.android.art/javalib/bouncycastle.jar:/apex/com.android.art/javalib/apache-xml.jar:/system/framework/framework.jar:/system/framework/framework-graphics.jar:/system/framework/ext.jar:/system/framework/telephony-common.jar:/system/framework/voip-common.jar:/system/framework/ims-common.jar:/apex/com.android.i18n/javalib/core-icu4j.jar --runtime-arg -Xbootclasspath-locations:/apex/com.android.art/javalib/core-oj.jar:/apex/com.android.art/javalib/core-libart.jar:/apex/com.android.art/javalib/okhttp.jar:/apex/com.android.art/javalib/bouncycastle.jar:/apex/com.android.art/javalib/apache-xml.jar:/system/framework/framework.jar:/system/framework/framework-graphics.jar:/system/framework/ext.jar:/system/framework/telephony-common.jar:/system/framework/voip-common.jar:/system/framework/ims-common.jar:/apex/com.android.i18n/javalib/core-icu4j.jar --boot-image=/apex/com.android.art/javalib/boot.art --dex-file=/system/framework/framework.jar --dex-location=/system/framework/framework.jar --dex-file=/system/framework/framework-graphics.jar --dex-location=/system/framework/framework-graphics.jar --dex-file=/system/framework/ext.jar --dex-location=/system/framework/ext.jar --dex-file=/system/framework/telephony-common.jar --dex-location=/system/framework/telephony-common.jar --dex-file=/system/framework/voip-common.jar --dex-location=/system/framework/voip-common.jar --dex-file=/system/framework/ims-common.jar --dex-location=/system/framework/ims-common.jar --dex-file=/apex/com.android.i18n/javalib/core-icu4j.jar --dex-location=/apex/com.android.i18n/javalib/core-icu4j.jar --image-fd=6 --output-vdex-fd=7 --oat-fd=8 --oat-location=/system/framework/x86_64/boot.oat --single-image --image-format=uncompressed --compiler-filter=verify --profile-file=/system/etc/boot-image.prof --avoid-storing-invocation --instruction-set=x86_64 --instruction-set-features=ssse3,sse4.1,sse4.2,-avx,-avx2,popcnt --runtime-arg -Xms64m --runtime-arg -Xmx64m --dirty-image-objects=/system/etc/dirty-image-objects --instruction-set-variant=x86_64 --instruction-set-features=default --generate-mini-debug-info
12-05 10:06:02.861 9016 9016 I dex2oat64: setting boot class path to /apex/com.android.art/javalib/core-oj.jar:/apex/com.android.art/javalib/core-libart.jar:/apex/com.android.art/javalib/okhttp.jar:/apex/com.android.art/javalib/bouncycastle.jar:/apex/com.android.art/javalib/apache-xml.jar:/system/framework/framework.jar:/system/framework/framework-graphics.jar:/system/framework/ext.jar:/system/framework/telephony-common.jar:/system/framework/voip-common.jar:/system/framework/ims-common.jar:/apex/com.android.i18n/javalib/core-icu4j.jar
12-05 10:06:02.872 7800 8792 I GCM-GMS : Registering GMS for direct boot.
12-05 10:06:02.988 7800 7800 D BoundBrokerSvc: onBind: Intent { act=com.google.android.gms.measurement.START pkg=com.google.android.gms }
12-05 10:06:02.988 7800 7800 D BoundBrokerSvc: Loading bound service for intent: Intent { act=com.google.android.gms.measurement.START pkg=com.google.android.gms }
12-05 10:06:03.040 352 352 W RanchuHwc: validateDisplay: layer 31 CompositionType 1, fallback
12-05 10:06:03.054 352 352 W RanchuHwc: presentDisplay display has no layers to compose, flushing client target buffer.
12-05 10:06:03.067 7846 8400 I Nearby : Successfully shutdown executor AnalyticsRecorder.analyticsExecutor. [CONTEXT service_id=49 ]
12-05 10:06:03.107 1081 1081 D CarrierSvcBindHelper: No carrier app for: 0
12-05 10:06:03.107 563 632 I ActivityManager: Waited long enough for: ServiceRecord{3202beb u0 com.google.android.gms/.chimera.UiIntentOperationService}
12-05 10:06:03.137 563 616 W Looper : Slow dispatch took 501ms android.fg h=android.os.Handler c=com.android.server.om.OverlayManagerService$$ExternalSyntheticLambda2@de9b m=0
12-05 10:06:03.137 563 616 W Looper : Slow delivery took 489ms android.fg h=android.os.Handler c=com.android.server.power.hint.HintManagerService$UidObserver$$ExternalSyntheticLambda1@b143238 m=0
12-05 10:06:03.221 563 631 W PackageManager: Failed registering loading progress callback. Package is fully loaded.
12-05 10:06:03.248 8987 8987 W ProviderHelper: Unknown dynamite feature providerinstaller.dynamite
12-05 10:06:03.255 8987 8987 I DynamiteModule: Considering local module com.google.android.gms.providerinstaller.dynamite:1 and remote module com.google.android.gms.providerinstaller.dynamite:0
12-05 10:06:03.255 8987 8987 I DynamiteModule: Selected local version of com.google.android.gms.providerinstaller.dynamite
12-05 10:06:03.261 563 616 W Looper : Slow dispatch took 123ms android.fg h=android.os.Handler c= m=0
12-05 10:06:03.282 563 563 W system_server: Long monitor contention with owner jobscheduler.bg (749) at void com.android.server.DeviceIdleController.checkTempAppWhitelistTimeout(int)(DeviceIdleController.java:2993) waiters=0 in int[] com.android.server.DeviceIdleController.getAppIdTempWhitelistInternal() for 567ms
12-05 10:06:03.282 563 563 W Looper : Slow dispatch took 568ms main h=android.app.ActivityThread$H c=android.app.LoadedApk$ReceiverDispatcher$Args$$ExternalSyntheticLambda0@918f72d m=0
12-05 10:06:03.284 563 749 D CompatibilityChangeReporter: Compat change id reported: 171306433; UID 10127; state: ENABLED
12-05 10:06:03.285 563 2751 W system_server: Long monitor contention with owner main (563) at void com.android.server.job.controllers.DeviceIdleJobsController$1.onReceive(android.content.Context, android.content.Intent)(DeviceIdleJobsController.java:116) waiters=0 in int com.android.server.job.JobSchedulerService.scheduleAsPackage(android.app.job.JobInfo, android.app.job.JobWorkItem, int, java.lang.String, int, java.lang.String) for 425ms
12-05 10:06:03.325 8987 8987 V NativeCrypto: Registering com/google/android/gms/org/conscrypt/NativeCrypto's 305 native methods...
12-05 10:06:03.423 1590 1590 I AiAiEcho: EchoSearch: WidgetFetcherImpl is initialized with [13] widgets [reason=package added for userId: 0]
12-05 10:06:03.457 563 656 E VerityUtils: Failed to measure fs-verity, errno 1: /data/app/~~LZt5vi_npJYxWiCox9ILtQ==/com.google.testing.helium.utp.android.companion.instrumentations.runtimestats-WeaeX5b-oaEGGpCg9mZFrw==/base.apk
12-05 10:06:03.459 1590 1590 I AiAiEcho: EchoSearch: AppFetcherImpl is initialized with [21] apps [time=35, reason=com.google.testing.helium.utp.android.companion.instrumentations.runtimestats is added]
12-05 10:06:03.471 7993 8878 I BugleRcsEngine: [639] apqe.b: Config state is not ACCEPTED, provisioning still in progress
12-05 10:06:03.475 563 616 W Looper : Drained
12-05 10:06:03.475 7993 8878 I BugleRcsEngine: [639] apqe.b: RcsAvailabilityManager: Rcs Availability still CARRIER_SETUP_PENDING (Carrier RCS is not set up)
12-05 10:06:03.516 8987 8987 I ProviderInstaller: Installed default security provider GmsCore_OpenSSL
12-05 10:06:03.518 563 563 W Looper : Slow dispatch took 173ms main h=com.android.server.job.JobSchedulerService$JobHandler c=null m=4
12-05 10:06:03.530 7993 8878 W BugleRcsEngine: [639] aoet.x: Unable to send diagnostic log
12-05 10:06:03.531 7993 8878 I BugleRcsEngine: [639] aplx.d: (PEv2-SM-Bugle-199589617): Provisioned with invalid config. Invoke failure [eb94077f-c7ed-427e-968c-0217ee976ec2]
12-05 10:06:03.531 7993 8878 W BugleRcsEngine: [639] aoet.x: Unable to send diagnostic log
12-05 10:06:03.532 7993 8878 I BugleRcsEngine: [639] apkl.c: Sending ProvisioningEvent to Bugle [Update provisioning status (11)], redacted-pii:[chars:85]
12-05 10:06:03.551 7993 8878 I BugleRcsEngine: [639] aqnq.b: EngineBroadcaster: Broadcasting provisioning intent com.google.android.ims.provisioning.engine.provisioningEventAction to Bugle with extras redacted-pii:[chars:243]
12-05 10:06:03.553 426 8437 D BufferPoolAccessor2.0: evictor expired: 1, evicted: 0
12-05 10:06:03.559 8987 9028 I dpws$a : Unable to retrieve flag snapshot for com.google.android.gms.providerinstaller#com.google.android.gms, using defaults.
12-05 10:06:03.571 7846 8400 I Nearby : Failed to shutdown executor AnalyticsRecorder.analyticsExecutor. [CONTEXT service_id=49 ]
12-05 10:06:03.631 7846 8400 I Nearby : Successfully shutdown executor PayloadManager.streamPayloadExecutor. [CONTEXT service_id=49 ]
12-05 10:06:03.631 7846 8400 I Nearby : Successfully shutdown executor PayloadManager.filePayloadExecutor. [CONTEXT service_id=49 ]
12-05 10:06:03.632 7846 8400 I Nearby : Successfully shutdown executor PayloadManager.bytesPayloadExecutor. [CONTEXT service_id=49 ]
12-05 10:06:03.632 7846 8400 I Nearby : Successfully shutdown executor ClientProxy.endpointRotationAlarmExecutor. [CONTEXT service_id=49 ]
12-05 10:06:03.632 7846 8400 I Nearby : Successfully shutdown executor ClientProxy.endpointIdRotationExecutor. [CONTEXT service_id=49 ]
12-05 10:06:03.667 7993 8878 I BugleRcsEngine: [639] apqe.b: RcsAvailabilityManager: Calculating Rcs Availability
12-05 10:06:03.680 7993 8878 I BugleRcsEngine: [639] aptr.A: Bugle is default SMS app: true
12-05 10:06:03.681 7993 8878 I BugleRcsEngine: [639] apqe.b: Bugle has minimum required RCS permissions: true
12-05 10:06:03.697 563 1758 W system_server: Long monitor contention with owner jobscheduler.bg (749) at int com.android.server.am.ActivityManagerService.broadcastIntentWithFeature(android.app.IApplicationThread, java.lang.String, android.content.Intent, java.lang.String, android.content.IIntentReceiver, int, java.lang.String, android.os.Bundle, java.lang.String[], java.lang.String[], int, android.os.Bundle, boolean, boolean, int)(ActivityManagerService.java:13634) waiters=0 in void com.android.server.am.ActivityManagerService.serviceDoneExecuting(android.os.IBinder, int, int, int) for 156ms
12-05 10:06:03.700 7993 8878 I BugleRcsEngine: [639] aptr.z: Rcs is enabled from user settings: true
12-05 10:06:03.700 7993 8878 I BugleRcsEngine: [639] apve.b: Using config server URL from aohn
12-05 10:06:03.707 563 1758 W BroadcastQueue: Background execution not allowed: receiving Intent { act=android.intent.action.PACKAGE_ADDED dat=package:com.google.testing.helium.utp.android.companion.instrumentations.runtimestats flg=0x4000010 (has extras) } to com.google.android.packageinstaller/com.android.packageinstaller.PackageInstalledReceiver
12-05 10:06:03.710 563 632 W BroadcastQueue: Background execution not allowed: receiving Intent { act=android.intent.action.PACKAGE_ADDED dat=package:com.google.testing.helium.utp.android.companion.instrumentations.runtimestats flg=0x4000010 (has extras) } to com.google.android.gms/.chimera.GmsIntentOperationService$PersistentTrustedReceiver
12-05 10:06:03.710 563 632 W BroadcastQueue: Background execution not allowed: receiving Intent { act=android.intent.action.PACKAGE_ADDED dat=package:com.google.testing.helium.utp.android.companion.instrumentations.runtimestats flg=0x4000010 (has extras) } to com.google.android.gms/.games.chimera.GamesSystemBroadcastReceiverProxy
12-05 10:06:03.710 563 632 W BroadcastQueue: Background execution not allowed: receiving Intent { act=android.intent.action.PACKAGE_ADDED dat=package:com.google.testing.helium.utp.android.companion.instrumentations.runtimestats flg=0x4000010 (has extras) } to com.google.android.gms/.gass.chimera.PackageChangeBroadcastReceiver
12-05 10:06:03.710 563 632 W BroadcastQueue: Background execution not allowed: receiving Intent { act=android.intent.action.PACKAGE_ADDED dat=package:com.google.testing.helium.utp.android.companion.instrumentations.runtimestats flg=0x4000010 (has extras) } to com.google.android.googlequicksearchbox/com.google.android.apps.gsa.googlequicksearchbox.GelStubAppWatcher
12-05 10:06:03.723 1590 1996 W AiAiAutofill: Failed to set whitelist for augmented autofill service.
12-05 10:06:03.723 1590 1996 W AiAiAutofill: java.lang.SecurityException: caller is not user's Augmented Autofill Service
12-05 10:06:03.723 1590 1996 W AiAiAutofill: at android.view.autofill.AutofillManager.setAugmentedAutofillWhitelist(AutofillManager.java:2157)
12-05 10:06:03.723 1590 1996 W AiAiAutofill: at bti.b(PG:7)
12-05 10:06:03.723 1590 1996 W AiAiAutofill: at btt.g(PG:8)
12-05 10:06:03.723 1590 1996 W AiAiAutofill: at btt.i(Unknown Source:3)
12-05 10:06:03.723 1590 1996 W AiAiAutofill: at btt.h(PG:2)
12-05 10:06:03.723 1590 1996 W AiAiAutofill: at btu.a(PG:2)
12-05 10:06:03.723 1590 1996 W AiAiAutofill: at dgh.run(PG:65)
12-05 10:06:03.723 1590 1996 W AiAiAutofill: at byc.run(PG:13)
12-05 10:06:03.723 1590 1996 W AiAiAutofill: at java.util.concurrent.Executors$RunnableAdapter.call(Executors.java:462)
12-05 10:06:03.723 1590 1996 W AiAiAutofill: at java.util.concurrent.FutureTask.run(FutureTask.java:266)
12-05 10:06:03.723 1590 1996 W AiAiAutofill: at java.util.concurrent.ScheduledThreadPoolExecutor$ScheduledFutureTask.run(ScheduledThreadPoolExecutor.java:301)
12-05 10:06:03.723 1590 1996 W AiAiAutofill: at java.util.concurrent.ThreadPoolExecutor.runWorker(ThreadPoolExecutor.java:1167)
12-05 10:06:03.723 1590 1996 W AiAiAutofill: at java.util.concurrent.ThreadPoolExecutor$Worker.run(ThreadPoolExecutor.java:641)
12-05 10:06:03.723 1590 1996 W AiAiAutofill: at byc.run(PG:11)
12-05 10:06:03.723 1590 1996 W AiAiAutofill: at java.lang.Thread.run(Thread.java:920)
12-05 10:06:03.730 7800 9037 I Auth : [SupervisedAccountIntentOperationV2] onHandleIntent: android.intent.action.PACKAGE_ADDED [CONTEXT service_id=42 ]
12-05 10:06:03.732 7800 9037 I Blockstore: [DataStoreImpl] Clearing Blockstore Data for package com.google.testing.helium.utp.android.companion.instrumentations.runtimestats [CONTEXT service_id=258 ]
12-05 10:06:03.751 7846 8762 W GCM : Unexpected forwarded intent: Intent { act=android.intent.action.PACKAGE_ADDED dat=package:com.google.testing.helium.utp.android.companion.instrumentations.runtimestats flg=0x4000010 pkg=com.google.android.gms cmp=com.google.android.gms/.chimera.PersistentIntentOperationService (has extras) }
12-05 10:06:03.789 7846 9025 I FontLog : Package com.google.testing.helium.utp.android.companion.instrumentations.runtimestats has no metadata [CONTEXT service_id=132 ]
12-05 10:06:03.793 7846 8762 I PhenotypeResourceReader: unable to find any Phenotype resource metadata for com.google.testing.helium.utp.android.companion.instrumentations.runtimestats
12-05 10:06:03.796 7846 9025 W NetworkScheduler: Unexpected forwarded intent: Intent { act=android.intent.action.PACKAGE_ADDED dat=package:com.google.testing.helium.utp.android.companion.instrumentations.runtimestats flg=0x4000010 pkg=com.google.android.gms cmp=com.google.android.gms/.chimera.PersistentIntentOperationService (has extras) }
12-05 10:06:03.807 7800 9037 I Blockstore: [DataStoreImpl] Keyless data not found or its IsLastInstallationData = false. [CONTEXT service_id=258 ]
12-05 10:06:03.817 563 563 W system_server: Long monitor contention with owner jobscheduler.bg (749) at void com.android.server.DeviceIdleController.checkTempAppWhitelistTimeout(int)(DeviceIdleController.java:2993) waiters=0 in int[] com.android.server.DeviceIdleController.getAppIdTempWhitelistInternal() for 298ms
12-05 10:06:03.818 563 563 W Looper : Slow dispatch took 298ms main h=android.app.ActivityThread$H c=android.app.LoadedApk$ReceiverDispatcher$Args$$ExternalSyntheticLambda0@fe10322 m=0
12-05 10:06:03.835 8987 8987 I GmsApplication: [gms_startup_benchmark] Static start time (ms): 526910, Startup latency (ms): 1180, Is system user: true
12-05 10:06:03.838 7800 9039 I Dck : disableDckSupport: false [CONTEXT service_id=289 ]
12-05 10:06:03.838 7800 9039 I Dck : [WirelessCapabilitiesFeatures] wccSysProp: 1 [CONTEXT service_id=289 ]
12-05 10:06:03.839 7800 9039 I Dck : [WirelessCapabilitiesFeatures] wccMendel: 3 [CONTEXT service_id=289 ]
12-05 10:06:03.839 7800 9039 I Dck : [WirelessCapabilitiesFeatures] deviceWccOverride: false [CONTEXT service_id=289 ]
12-05 10:06:03.839 7800 9039 I Dck : Dck module condition - hasWccSupport: false [CONTEXT service_id=289 ]
12-05 10:06:03.839 7800 9039 I Dck : Dck module condition - downloadAllowed: false [CONTEXT service_id=289 ]
12-05 10:06:03.839 7800 9039 W Dck : Dck module not eligible for asynchronous downloading [CONTEXT service_id=289 ]
12-05 10:06:03.862 8987 9036 I Watchcat: Started
12-05 10:06:03.863 8987 9036 I GMS_MM_Logger: Start time: 79727
12-05 10:06:03.864 8987 9036 I GMS_MM_Logger: Started.
12-05 10:06:03.908 7993 8947 I BugleRcsProvisioning: RcsProvisioningEventReceiver: Received ProvisioningEvent: Update provisioning status
12-05 10:06:03.911 7993 8055 I Bugle : BroadcastReceiverAsyncWorkTracker: Acknowledging broadcast of com.google.android.apps.messaging.shared.receiver.RcsProvisioningEventReceiver@8448ddb
12-05 10:06:03.920 7846 7861 I .gms.persisten: Background young concurrent copying GC freed 402474(19MB) AllocSpace objects, 51(1296KB) LOS objects, 37% free, 22MB/35MB, paused 178.141ms,73us total 3.633s
12-05 10:06:03.976 563 616 D CompanionDeviceManagerService: onPackageModified(packageName = com.google.testing.helium.utp.android.companion.instrumentations.runtimestats)
12-05 10:06:03.991 563 765 I InputReader: Reconfiguring input devices, changes=KEYBOARD_LAYOUTS |
12-05 10:06:04.006 849 849 V MediaPlayerList: mPackageChangedBroadcastReceiver: action: android.intent.action.PACKAGE_CHANGED
12-05 10:06:04.006 849 849 D MediaPlayerList: Name of package changed: com.google.testing.helium.utp.android.companion.instrumentations.runtimestats
12-05 10:06:04.014 7800 7800 D BoundBrokerSvc: onUnbind: Intent { act=com.google.android.gms.asterism.service.START pkg=com.google.android.gms }
12-05 10:06:04.026 8696 8775 D EGL_emulation: app_time_stats: avg=999.44ms min=999.35ms max=999.53ms count=2
12-05 10:06:04.040 352 352 W RanchuHwc: validateDisplay: layer 31 CompositionType 1, fallback
12-05 10:06:04.051 352 352 W RanchuHwc: presentDisplay display has no layers to compose, flushing client target buffer.
12-05 10:06:04.060 563 563 W system_server: Long monitor contention with owner jobscheduler.bg (749) at void com.android.server.DeviceIdleController.checkTempAppWhitelistTimeout(int)(DeviceIdleController.java:2993) waiters=0 in int[] com.android.server.DeviceIdleController.getAppIdTempWhitelistInternal() for 238ms
12-05 10:06:04.060 563 563 W Looper : Slow dispatch took 239ms main h=android.app.ActivityThread$H c=android.app.LoadedApk$ReceiverDispatcher$Args$$ExternalSyntheticLambda0@c9878f9 m=0
