12-05 10:07:03.611 563 785 D UntrustedWifiNetworkFactory: got request NetworkRequest [ REQUEST id=245, [ Capabilities: INTERNET&NOT_RESTRICTED&TRUSTED&NOT_VCN_MANAGED Uid: 10128 RequestorUid: 10128 RequestorPkg: com.google.android.apps.youtube.music UnderlyingNetworks: Null] ]
12-05 10:07:03.611 563 785 D OemPaidWifiNetworkFactory: got request NetworkRequest [ REQUEST id=245, [ Capabilities: INTERNET&NOT_RESTRICTED&TRUSTED&NOT_VCN_MANAGED Uid: 10128 RequestorUid: 10128 RequestorPkg: com.google.android.apps.youtube.music UnderlyingNetworks: Null] ]
12-05 10:07:03.617 563 794 D ConnectivityService: NetReassign [no changes]
12-05 10:07:03.622 9907 9947 W ProviderInstaller: Failed to load providerinstaller module: No acceptable module found. Local version is 0 and remote version is 0.
12-05 10:07:03.651 9907 9985 I FA : App measurement disabled by setAnalyticsCollectionEnabled(false)
12-05 10:07:03.654 9907 9985 I FA : App measurement initialized, version: 108014
12-05 10:07:03.655 9907 9985 I FA : To enable debug logging run: adb shell setprop log.tag.FA VERBOSE
12-05 10:07:03.655 9907 9985 I FA : To enable faster debug mode event logging run:
12-05 10:07:03.655 9907 9985 I FA : adb shell setprop debug.firebase.analytics.app com.google.android.apps.youtube.music
12-05 10:07:03.666 9907 9958 E AwarenessClientProvider: Account associated with identity was null
12-05 10:07:03.667 9907 9958 E AwarenessRouterSyncMgr: Exception while syncing fences
12-05 10:07:03.667 9907 9958 E AwarenessRouterSyncMgr: java.util.concurrent.ExecutionException: java.lang.IllegalStateException: Account associated with identity was null
12-05 10:07:03.667 9907 9958 E AwarenessRouterSyncMgr: at acyh.s(PG:6)
12-05 10:07:03.667 9907 9958 E AwarenessRouterSyncMgr: at acyh.get(PG:4)
12-05 10:07:03.667 9907 9958 E AwarenessRouterSyncMgr: at adbz.a(PG:1)
12-05 10:07:03.667 9907 9958 E AwarenessRouterSyncMgr: at adaq.p(PG:2)
12-05 10:07:03.667 9907 9958 E AwarenessRouterSyncMgr: at gzf.run(PG:1)
12-05 10:07:03.667 9907 9958 E AwarenessRouterSyncMgr: at nwe.run(PG:1)
12-05 10:07:03.667 9907 9958 E AwarenessRouterSyncMgr: at java.util.concurrent.ThreadPoolExecutor.runWorker(ThreadPoolExecutor.java:1167)
12-05 10:07:03.667 9907 9958 E AwarenessRouterSyncMgr: at java.util.concurrent.ThreadPoolExecutor$Worker.run(ThreadPoolExecutor.java:641)
12-05 10:07:03.667 9907 9958 E AwarenessRouterSyncMgr: at nvp.run(PG:2)
12-05 10:07:03.667 9907 9958 E AwarenessRouterSyncMgr: at nvf.run(PG:2)
12-05 10:07:03.667 9907 9958 E AwarenessRouterSyncMgr: at java.lang.Thread.run(Thread.java:920)
12-05 10:07:03.667 9907 9958 E AwarenessRouterSyncMgr: Caused by: java.lang.IllegalStateException: Account associated with identity was null
12-05 10:07:03.667 9907 9958 E AwarenessRouterSyncMgr: at gyl.a(PG:3)
12-05 10:07:03.667 9907 9958 E AwarenessRouterSyncMgr: at acyj.f(PG:2)
12-05 10:07:03.667 9907 9958 E AwarenessRouterSyncMgr: at acyl.run(PG:9)
12-05 10:07:03.667 9907 9958 E AwarenessRouterSyncMgr: ... 6 more
12-05 10:07:03.679 7800 7800 D BoundBrokerSvc: onBind: Intent { act=com.google.android.gms.measurement.START pkg=com.google.android.gms }
12-05 10:07:03.679 7800 7800 D BoundBrokerSvc: Loading bound service for intent: Intent { act=com.google.android.gms.measurement.START pkg=com.google.android.gms }
12-05 10:07:03.722 9907 9947 W ProviderInstaller: Failed to report request stats: com.google.android.gms.common.security.ProviderInstallerImpl.reportRequestStats [class android.content.Context, long, long]
12-05 10:07:03.737 9907 9972 I DynamiteModule: Considering local module com.google.android.gms.ads.dynamite:0 and remote module com.google.android.gms.ads.dynamite:243220703
12-05 10:07:03.737 9907 9972 I DynamiteModule: Selected remote version of com.google.android.gms.ads.dynamite, version >= 243220703
12-05 10:07:03.745 9907 9947 V NativeCrypto: Registering com/google/android/gms/org/conscrypt/NativeCrypto's 305 native methods...
12-05 10:07:03.755 9907 9993 D CompatibilityChangeReporter: Compat change id reported: 160794467; UID 10128; state: DISABLED
12-05 10:07:03.781 9907 9964 W GoogleTagManager: Failed to extract the container from the resource file. Resource is a UTF-8 encoded string but doesn't contain a JSON container
12-05 10:07:03.886 9907 9972 D DynamitePackage: Instantiated singleton DynamitePackage.
12-05 10:07:03.886 9907 9972 D DynamitePackage: Instantiating com.google.android.gms.ads.adshield.ChimeraAdShieldCreatorImpl
12-05 10:07:03.938 7846 9412 E GCM : Missing checkin config file
12-05 10:07:03.939 7846 9412 W GCM : GCM FAILED TO INITIALIZE - missing checkin
12-05 10:07:03.955 563 1842 D AccountManagerService: no credentials permission for usage of Account {name=xxxxxxxxxxxxxxxxxxxxxxxxxx-xx@xxxxxxxxxxxxxxxxxxxx.xxx, type=com.google}, null by uid 10128 but ignoring since device is in test harness.
12-05 10:07:03.964 9907 9937 E FirebaseInstanceId: Topic sync or token retrieval failed on hard failure exceptions: AUTHENTICATION_FAILED. Won't retry the operation.
12-05 10:07:03.978 7800 10014 D AdvertisingIdClient: AdvertisingIdClient already created.
12-05 10:07:03.978 7800 10014 D AdvertisingIdClient: AdvertisingIdClient is not bounded. Starting to bind it...
12-05 10:07:03.988 7800 10014 D AdvertisingIdClient: AdvertisingIdClient is bounded
12-05 10:07:04.011 9907 10003 E GoogleApiManager: Failed to get service from broker.
12-05 10:07:04.011 9907 10003 E GoogleApiManager: java.lang.SecurityException: Unknown calling package name 'com.google.android.gms'.
12-05 10:07:04.011 9907 10003 E GoogleApiManager: at android.os.Parcel.createExceptionOrNull(Parcel.java:2425)
12-05 10:07:04.011 9907 10003 E GoogleApiManager: at android.os.Parcel.createException(Parcel.java:2409)
12-05 10:07:04.011 9907 10003 E GoogleApiManager: at android.os.Parcel.readException(Parcel.java:2392)
12-05 10:07:04.011 9907 10003 E GoogleApiManager: at android.os.Parcel.readException(Parcel.java:2334)
12-05 10:07:04.011 9907 10003 E GoogleApiManager: at alti.a(:com.google.android.gms@244337026@24.43.37 (150800-693941914):36)
12-05 10:07:04.011 9907 10003 E GoogleApiManager: at alrp.z(:com.google.android.gms@244337026@24.43.37 (150800-693941914):150)
12-05 10:07:04.011 9907 10003 E GoogleApiManager: at akyx.run(:com.google.android.gms@244337026@24.43.37 (150800-693941914):54)
12-05 10:07:04.011 9907 10003 E GoogleApiManager: at android.os.Handler.handleCallback(Handler.java:938)
12-05 10:07:04.011 9907 10003 E GoogleApiManager: at android.os.Handler.dispatchMessage(Handler.java:99)
12-05 10:07:04.011 9907 10003 E GoogleApiManager: at bqpi.lQ(:com.google.android.gms@244337026@24.43.37 (150800-693941914):1)
12-05 10:07:04.011 9907 10003 E GoogleApiManager: at bqpi.dispatchMessage(:com.google.android.gms@244337026@24.43.37 (150800-693941914):5)
12-05 10:07:04.011 9907 10003 E GoogleApiManager: at android.os.Looper.loopOnce(Looper.java:201)
12-05 10:07:04.011 9907 10003 E GoogleApiManager: at android.os.Looper.loop(Looper.java:288)
12-05 10:07:04.011 9907 10003 E GoogleApiManager: at android.os.HandlerThread.run(HandlerThread.java:67)
12-05 10:07:04.016 8132 9692 E Notifications: Failed to get android ID.
12-05 10:07:04.032 9907 10002 W CondFlagRegistrar: Failed to register com.google.android.gms.providerinstaller#com.google.android.gms
12-05 10:07:04.032 9907 10002 W CondFlagRegistrar: dpxd: 17: 17: API: Phenotype.API is not available on this device. Connection failed with: ConnectionResult{statusCode=DEVELOPER_ERROR, resolution=null, message=null}
12-05 10:07:04.032 9907 10002 W CondFlagRegistrar: at dpxf.a(:com.google.android.gms@244337026@24.43.37 (150800-693941914):13)
12-05 10:07:04.032 9907 10002 W CondFlagRegistrar: at eidu.d(:com.google.android.gms@244337026@24.43.37 (150800-693941914):3)
12-05 10:07:04.032 9907 10002 W CondFlagRegistrar: at eidw.run(:com.google.android.gms@244337026@24.43.37 (150800-693941914):130)
12-05 10:07:04.032 9907 10002 W CondFlagRegistrar: at eifp.execute(:com.google.android.gms@244337026@24.43.37 (150800-693941914):1)
12-05 10:07:04.032 9907 10002 W CondFlagRegistrar: at eidx.h(:com.google.android.gms@244337026@24.43.37 (150800-693941914):1)
12-05 10:07:04.032 9907 10002 W CondFlagRegistrar: at eidx.l(:com.google.android.gms@244337026@24.43.37 (150800-693941914):101)
12-05 10:07:04.032 9907 10002 W CondFlagRegistrar: at eidx.p(:com.google.android.gms@244337026@24.43.37 (150800-693941914):19)
12-05 10:07:04.032 9907 10002 W CondFlagRegistrar: at difr.hj(:com.google.android.gms@244337026@24.43.37 (150800-693941914):35)
12-05 10:07:04.032 9907 10002 W CondFlagRegistrar: at czop.run(:com.google.android.gms@244337026@24.43.37 (150800-693941914):14)
12-05 10:07:04.032 9907 10002 W CondFlagRegistrar: at eifp.execute(:com.google.android.gms@244337026@24.43.37 (150800-693941914):1)
12-05 10:07:04.032 9907 10002 W CondFlagRegistrar: at czoq.b(:com.google.android.gms@244337026@24.43.37 (150800-693941914):18)
12-05 10:07:04.032 9907 10002 W CondFlagRegistrar: at czpf.b(:com.google.android.gms@244337026@24.43.37 (150800-693941914):36)
12-05 10:07:04.032 9907 10002 W CondFlagRegistrar: at czph.c(:com.google.android.gms@244337026@24.43.37 (150800-693941914):26)
12-05 10:07:04.032 9907 10002 W CondFlagRegistrar: at akwf.c(:com.google.android.gms@244337026@24.43.37 (150800-693941914):9)
12-05 10:07:04.032 9907 10002 W CondFlagRegistrar: at akyv.q(:com.google.android.gms@244337026@24.43.37 (150800-693941914):48)
12-05 10:07:04.032 9907 10002 W CondFlagRegistrar: at akyv.d(:com.google.android.gms@244337026@24.43.37 (150800-693941914):10)
12-05 10:07:04.032 9907 10002 W CondFlagRegistrar: at akyv.g(:com.google.android.gms@244337026@24.43.37 (150800-693941914):211)
12-05 10:07:04.032 9907 10002 W CondFlagRegistrar: at akyv.onConnectionFailed(:com.google.android.gms@244337026@24.43.37 (150800-693941914):2)
12-05 10:07:04.032 9907 10002 W CondFlagRegistrar: at akyx.run(:com.google.android.gms@244337026@24.43.37 (150800-693941914):82)
12-05 10:07:04.032 9907 10002 W CondFlagRegistrar: at android.os.Handler.handleCallback(Handler.java:938)
12-05 10:07:04.032 9907 10002 W CondFlagRegistrar: at android.os.Handler.dispatchMessage(Handler.java:99)
12-05 10:07:04.032 9907 10002 W CondFlagRegistrar: at bqpi.lQ(:com.google.android.gms@244337026@24.43.37 (150800-693941914):1)
12-05 10:07:04.032 9907 10002 W CondFlagRegistrar: at bqpi.dispatchMessage(:com.google.android.gms@244337026@24.43.37 (150800-693941914):5)
12-05 10:07:04.032 9907 10002 W CondFlagRegistrar: at android.os.Looper.loopOnce(Looper.java:201)
12-05 10:07:04.032 9907 10002 W CondFlagRegistrar: at android.os.Looper.loop(Looper.java:288)
12-05 10:07:04.032 9907 10002 W CondFlagRegistrar: at android.os.HandlerThread.run(HandlerThread.java:67)
12-05 10:07:04.032 9907 10002 W CondFlagRegistrar: Caused by: akux: 17: API: Phenotype.API is not available on this device. Connection failed with: ConnectionResult{statusCode=DEVELOPER_ERROR, resolution=null, message=null}
12-05 10:07:04.032 9907 10002 W CondFlagRegistrar: at alrb.a(:com.google.android.gms@244337026@24.43.37 (150800-693941914):15)
12-05 10:07:04.032 9907 10002 W CondFlagRegistrar: at akwi.a(:com.google.android.gms@244337026@24.43.37 (150800-693941914):1)
12-05 10:07:04.032 9907 10002 W CondFlagRegistrar: at akwf.c(:com.google.android.gms@244337026@24.43.37 (150800-693941914):5)
12-05 10:07:04.032 9907 10002 W CondFlagRegistrar: ... 12 more
12-05 10:07:04.036 8696 8775 D EGL_emulation: app_time_stats: avg=1004.08ms min=1004.08ms max=1004.08ms count=1
12-05 10:07:04.040 352 352 W RanchuHwc: validateDisplay: layer 31 CompositionType 1, fallback
12-05 10:07:04.055 352 352 W RanchuHwc: presentDisplay display has no layers to compose, flushing client target buffer.
12-05 10:07:04.113 7800 10014 I AdvertisingIdClient: shouldSendLog 505735
12-05 10:07:04.113 7800 10014 I AdvertisingIdClient: GetInfoInternal elapse 135ms
12-05 10:07:04.202 9907 10006 I dpws.a : Unable to retrieve flag snapshot for com.google.android.gms.providerinstaller#com.google.android.gms, using defaults.
12-05 10:07:04.282 5239 10026 E Notifications: [TargetCreatorHelperImpl] Failed to get android ID.
12-05 10:07:04.334 9907 9947 I ProviderInstaller: Installed default security provider GmsCore_OpenSSL
12-05 10:07:04.366 7800 9861 W SQLiteLog: (28) double-quoted string literal: "1733249224365"
12-05 10:07:04.366 7800 9861 W SQLiteLog: (28) double-quoted string literal: "1"
12-05 10:07:04.388 563 1525 D ConnectivityService: requestNetwork for uid/pid:10128/9907 activeRequest: null callbackRequest: 247 [NetworkRequest [ REQUEST id=248, [ Capabilities: INTERNET&NOT_RESTRICTED&TRUSTED&NOT_VCN_MANAGED Uid: 10128 RequestorUid: 10128 RequestorPkg: com.google.android.apps.youtube.music UnderlyingNetworks: Null] ]] callback flags: 0 order: 2147483647
12-05 10:07:04.389 563 794 D ConnectivityService: NetReassign [248 : null → 100]
12-05 10:07:04.392 563 785 D WifiNetworkFactory: got request NetworkRequest [ REQUEST id=248, [ Capabilities: INTERNET&NOT_RESTRICTED&TRUSTED&NOT_VCN_MANAGED Uid: 10128 RequestorUid: 10128 RequestorPkg: com.google.android.apps.youtube.music UnderlyingNetworks: Null] ]
12-05 10:07:04.392 563 785 D UntrustedWifiNetworkFactory: got request NetworkRequest [ REQUEST id=248, [ Capabilities: INTERNET&NOT_RESTRICTED&TRUSTED&NOT_VCN_MANAGED Uid: 10128 RequestorUid: 10128 RequestorPkg: com.google.android.apps.youtube.music UnderlyingNetworks: Null] ]
12-05 10:07:04.392 563 785 D OemPaidWifiNetworkFactory: got request NetworkRequest [ REQUEST id=248, [ Capabilities: INTERNET&NOT_RESTRICTED&TRUSTED&NOT_VCN_MANAGED Uid: 10128 RequestorUid: 10128 RequestorPkg: com.google.android.apps.youtube.music UnderlyingNetworks: Null] ]
12-05 10:07:04.527 563 656 E VerityUtils: Failed to measure fs-verity, errno 1: /product/app/YouTubeMusicPrebuilt/YouTubeMusicPrebuilt.apk
12-05 10:07:04.572 7800 9861 I MdiSyncModule: Receiving API connection from package 'com.google.android.gm'...
12-05 10:07:04.577 7800 9861 I MdiSyncModule: API connection successful!
12-05 10:07:04.584 7800 9861 I MdiSyncModule: Received request for operation '1' from package 'com.google.android.gm', instance id 'profile-Hub', version '1'...
12-05 10:07:04.594 7800 9861 I MdiSyncModule: Operation '1' dispatched!
12-05 10:07:04.594 7800 7902 I MdiSyncModule: Executing operation '1'...
12-05 10:07:04.647 331 398 I netd : setProcSysNet(4, 2, wlan0, retrans_time_ms, 750) <0.11ms>
12-05 10:07:04.647 331 398 I netd : setProcSysNet(4, 2, wlan0, ucast_solicit, 10) <0.03ms>
12-05 10:07:04.647 331 398 I netd : setProcSysNet(6, 2, wlan0, retrans_time_ms, 750) <0.04ms>
12-05 10:07:04.648 331 398 I netd : setProcSysNet(6, 2, wlan0, ucast_solicit, 10) <0.02ms>
12-05 10:07:04.684 5239 5315 W rqt : Toggling Chat components off.
12-05 10:07:05.023 352 352 W RanchuHwc: validateDisplay: layer 31 CompositionType 1, fallback
12-05 10:07:05.035 352 352 W RanchuHwc: presentDisplay display has no layers to compose, flushing client target buffer.
12-05 10:07:05.192 7846 7846 D BoundBrokerSvc: onBind: Intent { act=com.google.android.gms.herrevad.services.LightweightNetworkQualityAndroidService.START pkg=com.google.android.gms }
12-05 10:07:05.192 7846 7846 D BoundBrokerSvc: Loading bound service for intent: Intent { act=com.google.android.gms.herrevad.services.LightweightNetworkQualityAndroidService.START pkg=com.google.android.gms }
12-05 10:07:05.192 7846 7846 I BndSvcConfigHelper: No bound-service is registered for action: com.google.android.gms.herrevad.services.LightweightNetworkQualityAndroidService.START
12-05 10:07:05.192 7846 7846 I BoundBrokerSvc: Bound service not available for: Intent { act=com.google.android.gms.herrevad.services.LightweightNetworkQualityAndroidService.START pkg=com.google.android.gms }
12-05 10:07:05.192 7846 8057 I GmsApiChimeraSvc: Using MissingApiServiceBroker for com.google.android.gms.herrevad.services.LightweightNetworkQualityAndroidService.START due to missing BoundService implementation
12-05 10:07:05.251 9907 9907 E YouTubeMusic: Trying to detachMediaView when it wasn't the most recent MediaView Setter
12-05 10:07:05.254 9907 9964 E GoogleTagManager: Invalid macro: _gtm.loadEventEnabled
12-05 10:07:05.397 7846 7871 W Auth : [RequestTokenManager] getToken() -> NEED_REMOTE_CONSENT. App: com.google.android.gms, Service: oauth2:https://www.googleapis.com/auth/peopleapi.legacy.readwrite https://www.googleapis.com/auth/peopleapi.readonly https://www.googleapis.com/auth/peopleapi.readwrite https://www.googleapis.com/auth/plus.peopleapi.readwrite https://www.googleapis.com/auth/plus.me
12-05 10:07:05.410 7846 7871 W Auth : [GetToken] GetToken failed with status code: NeedRemoteConsent [CONTEXT service_id=343 ]
12-05 10:07:05.451 7800 9617 W Auth : [GoogleAuthUtil] [GoogleAuthUtil] error status:NEED_REMOTE_CONSENT with method:getTokenWithDetails
12-05 10:07:05.534 7846 7871 W Auth : [RequestTokenManager] getToken() -> NEED_REMOTE_CONSENT. App: com.google.android.gms, Service: oauth2:https://www.googleapis.com/auth/peopleapi.legacy.readwrite https://www.googleapis.com/auth/peopleapi.readonly https://www.googleapis.com/auth/peopleapi.readwrite https://www.googleapis.com/auth/plus.peopleapi.readwrite https://www.googleapis.com/auth/plus.me
12-05 10:07:05.535 7846 7871 W Auth : [GetToken] GetToken failed with status code: NeedRemoteConsent [CONTEXT service_id=343 ]
12-05 10:07:05.563 7800 7906 W Auth : [GoogleAuthUtil] [GoogleAuthUtil] error status:NEED_REMOTE_CONSENT with method:getTokenWithDetails
12-05 10:07:05.585 7800 7902 W AsyncOperation: operation=HandleSyncOperation, opStatusCode=38003 [CONTEXT service_id=215 ]
12-05 10:07:05.585 7800 7902 W AsyncOperation: OperationException[Status{statusCode=Sync failed with an authentication error!, resolution=null}]
12-05 10:07:05.585 7800 7902 W AsyncOperation: at buul.f(:com.google.android.gms@244337026@24.43.37 (150800-693941914):567)
12-05 10:07:05.585 7800 7902 W AsyncOperation: at bpnh.fj(:com.google.android.gms@244337026@24.43.37 (150800-693941914):1)
12-05 10:07:05.585 7800 7902 W AsyncOperation: at bpnt.run(:com.google.android.gms@244337026@24.43.37 (150800-693941914):66)
12-05 10:07:05.585 7800 7902 W AsyncOperation: at eaxt.run(:com.google.android.gms@244337026@24.43.37 (150800-693941914):21)
12-05 10:07:05.585 7800 7902 W AsyncOperation: at amjy.c(:com.google.android.gms@244337026@24.43.37 (150800-693941914):50)
12-05 10:07:05.585 7800 7902 W AsyncOperation: at amjy.run(:com.google.android.gms@244337026@24.43.37 (150800-693941914):76)
12-05 10:07:05.585 7800 7902 W AsyncOperation: at java.util.concurrent.ThreadPoolExecutor.runWorker(ThreadPoolExecutor.java:1167)
12-05 10:07:05.585 7800 7902 W AsyncOperation: at java.util.concurrent.ThreadPoolExecutor$Worker.run(ThreadPoolExecutor.java:641)
12-05 10:07:05.585 7800 7902 W AsyncOperation: at ampj.run(:com.google.android.gms@244337026@24.43.37 (150800-693941914):8)
12-05 10:07:05.585 7800 7902 W AsyncOperation: at java.lang.Thread.run(Thread.java:920)
12-05 10:07:05.585 7800 7902 W AsyncOperation: Caused by: buuo: fola: UNAUTHENTICATED
12-05 10:07:05.585 7800 7902 W AsyncOperation: at buqh.a(:com.google.android.gms@244337026@24.43.37 (150800-693941914):82)
12-05 10:07:05.585 7800 7902 W AsyncOperation: at buoo.a(:com.google.android.gms@244337026@24.43.37 (150800-693941914):3)
12-05 10:07:05.585 7800 7902 W AsyncOperation: at eidu.d(:com.google.android.gms@244337026@24.43.37 (150800-693941914):3)
12-05 10:07:05.585 7800 7902 W AsyncOperation: at eidw.run(:com.google.android.gms@244337026@24.43.37 (150800-693941914):130)
12-05 10:07:05.585 7800 7902 W AsyncOperation: at eifp.execute(:com.google.android.gms@244337026@24.43.37 (150800-693941914):1)
12-05 10:07:05.585 7800 7902 W AsyncOperation: at eidx.h(:com.google.android.gms@244337026@24.43.37 (150800-693941914):1)
12-05 10:07:05.585 7800 7902 W AsyncOperation: at eidx.l(:com.google.android.gms@244337026@24.43.37 (150800-693941914):101)
12-05 10:07:05.585 7800 7902 W AsyncOperation: at eidx.p(:com.google.android.gms@244337026@24.43.37 (150800-693941914):19)
12-05 10:07:05.585 7800 7902 W AsyncOperation: at eied.run(:com.google.android.gms@244337026@24.43.37 (150800-693941914):81)
12-05 10:07:05.585 7800 7902 W AsyncOperation: at eifp.execute(:com.google.android.gms@244337026@24.43.37 (150800-693941914):1)
12-05 10:07:05.585 7800 7902 W AsyncOperation: at eidx.h(:com.google.android.gms@244337026@24.43.37 (150800-693941914):1)
12-05 10:07:05.585 7800 7902 W AsyncOperation: at eidx.l(:com.google.android.gms@244337026@24.43.37 (150800-693941914):101)
12-05 10:07:05.585 7800 7902 W AsyncOperation: at eidx.p(:com.google.android.gms@244337026@24.43.37 (150800-693941914):19)
12-05 10:07:05.585 7800 7902 W AsyncOperation: at eied.run(:com.google.android.gms@244337026@24.43.37 (150800-693941914):81)
12-05 10:07:05.585 7800 7902 W AsyncOperation: at eifp.execute(:com.google.android.gms@244337026@24.43.37 (150800-693941914):1)
12-05 10:07:05.585 7800 7902 W AsyncOperation: at eidx.h(:com.google.android.gms@244337026@24.43.37 (150800-693941914):1)
12-05 10:07:05.585 7800 7902 W AsyncOperation: at eidx.l(:com.google.android.gms@244337026@24.43.37 (150800-693941914):101)
12-05 10:07:05.585 7800 7902 W AsyncOperation: at eidx.p(:com.google.android.gms@244337026@24.43.37 (150800-693941914):19)
12-05 10:07:05.585 7800 7902 W AsyncOperation: at eied.run(:com.google.android.gms@244337026@24.43.37 (150800-693941914):81)
12-05 10:07:05.585 7800 7902 W AsyncOperation: at eifp.execute(:com.google.android.gms@244337026@24.43.37 (150800-693941914):1)
12-05 10:07:05.585 7800 7902 W AsyncOperation: at eidx.h(:com.google.android.gms@244337026@24.43.37 (150800-693941914):1)
12-05 10:07:05.585 7800 7902 W AsyncOperation: at eidx.l(:com.google.android.gms@244337026@24.43.37 (150800-693941914):101)
12-05 10:07:05.585 7800 7902 W AsyncOperation: at eidx.p(:com.google.android.gms@244337026@24.43.37 (150800-693941914):19)
12-05 10:07:05.585 7800 7902 W AsyncOperation: at eied.run(:com.google.android.gms@244337026@24.43.37 (150800-693941914):81)
12-05 10:07:05.585 7800 7902 W AsyncOperation: at eifp.execute(:com.google.android.gms@244337026@24.43.37 (150800-693941914):1)
12-05 10:07:05.585 7800 7902 W AsyncOperation: at eidx.h(:com.google.android.gms@244337026@24.43.37 (150800-693941914):1)
12-05 10:07:05.585 7800 7902 W AsyncOperation: at eidx.l(:com.google.android.gms@244337026@24.43.37 (150800-693941914):101)
12-05 10:07:05.585 7800 7902 W AsyncOperation: at eidx.r(:com.google.android.gms@244337026@24.43.37 (150800-693941914):28)
12-05 10:07:05.585 7800 7902 W AsyncOperation: at eigm.run(:com.google.android.gms@244337026@24.43.37 (150800-693941914):5)
12-05 10:07:05.585 7800 7902 W AsyncOperation: at eifp.execute(:com.google.android.gms@244337026@24.43.37 (150800-693941914):1)
12-05 10:07:05.585 7800 7902 W AsyncOperation: at eidx.h(:com.google.android.gms@244337026@24.43.37 (150800-693941914):1)
12-05 10:07:05.585 7800 7902 W AsyncOperation: at eidx.l(:com.google.android.gms@244337026@24.43.37 (150800-693941914):101)
12-05 10:07:05.585 7800 7902 W AsyncOperation: at eidx.r(:com.google.android.gms@244337026@24.43.37 (150800-693941914):28)
12-05 10:07:05.585 7800 7902 W AsyncOperation: at eigm.run(:com.google.android.gms@244337026@24.43.37 (150800-693941914):5)
12-05 10:07:05.585 7800 7902 W AsyncOperation: at eifp.execute(:com.google.android.gms@244337026@24.43.37 (150800-693941914):1)
12-05 10:07:05.585 7800 7902 W AsyncOperation: at eidx.h(:com.google.android.gms@244337026@24.43.37 (150800-693941914):1)
12-05 10:07:05.585 7800 7902 W AsyncOperation: at eidx.l(:com.google.android.gms@244337026@24.43.37 (150800-693941914):101)
12-05 10:07:05.585 7800 7902 W AsyncOperation: at eidx.p(:com.google.android.gms@244337026@24.43.37 (150800-693941914):19)
12-05 10:07:05.585 7800 7902 W AsyncOperation: at eifn.d(:com.google.android.gms@244337026@24.43.37 (150800-693941914):18)
12-05 10:07:05.586 7800 7902 W AsyncOperation: at eiha.run(:com.google.android.gms@244337026@24.43.37 (150800-693941914):39)
12-05 10:07:05.586 7800 7902 W AsyncOperation: ... 6 more
12-05 10:07:05.586 7800 7902 W AsyncOperation: Caused by: fola: UNAUTHENTICATED
12-05 10:07:05.586 7800 7902 W AsyncOperation: at fpeq.a(:com.google.android.gms@244337026@24.43.37 (150800-693941914):41)
12-05 10:07:05.586 7800 7902 W AsyncOperation: at elgb.f(:com.google.android.gms@244337026@24.43.37 (150800-693941914):93)
12-05 10:07:05.586 7800 7902 W AsyncOperation: at elgb.h(:com.google.android.gms@244337026@24.43.37 (150800-693941914):23)
12-05 10:07:05.586 7800 7902 W AsyncOperation: at elgb.a(:com.google.android.gms@244337026@24.43.37 (150800-693941914):8)
12-05 10:07:05.586 7800 7902 W AsyncOperation: at elgk.run(:com.google.android.gms@244337026@24.43.37 (150800-693941914):9)
12-05 10:07:05.586 7800 7902 W AsyncOperation: at elgm.e(:com.google.android.gms@244337026@24.43.37 (150800-693941914):22)
12-05 10:07:05.586 7800 7902 W AsyncOperation: at elgm.a(:com.google.android.gms@244337026@24.43.37 (150800-693941914):6)
12-05 10:07:05.586 7800 7902 W AsyncOperation: at elfs.run(:com.google.android.gms@244337026@24.43.37 (150800-693941914):14)
12-05 10:07:05.586 7800 7902 W AsyncOperation: at elfp.run(:com.google.android.gms@244337026@24.43.37 (150800-693941914):3)
12-05 10:07:05.586 7800 7902 W AsyncOperation: at eihq.run(:com.google.android.gms@244337026@24.43.37 (150800-693941914):3)
12-05 10:07:05.586 7800 7902 W AsyncOperation: at eihr.run(:com.google.android.gms@244337026@24.43.37 (150800-693941914):76)
12-05 10:07:05.586 7800 7902 W AsyncOperation: at eifp.execute(:com.google.android.gms@244337026@24.43.37 (150800-693941914):1)
12-05 10:07:05.586 7800 7902 W AsyncOperation: at elfx.execute(:com.google.android.gms@244337026@24.43.37 (150800-693941914):3)
12-05 10:07:05.586 7800 7902 W AsyncOperation: at eihs.execute(:com.google.android.gms@244337026@24.43.37 (150800-693941914):36)
12-05 10:07:05.586 7800 7902 W AsyncOperation: at elfg.execute(:com.google.android.gms@244337026@24.43.37 (150800-693941914):10)
12-05 10:07:05.586 7800 7902 W AsyncOperation: at elfv.a(:com.google.android.gms@244337026@24.43.37 (150800-693941914):10)
12-05 10:07:05.586 7800 7902 W AsyncOperation: at elgb.f(:com.google.android.gms@244337026@24.43.37 (150800-693941914):93)
12-05 10:07:05.586 7800 7902 W AsyncOperation: at elgb.h(:com.google.android.gms@244337026@24.43.37 (150800-693941914):23)
12-05 10:07:05.586 7800 7902 W AsyncOperation: at elgb.a(:com.google.android.gms@244337026@24.43.37 (150800-693941914):8)
12-05 10:07:05.586 7800 7902 W AsyncOperation: at elgk.run(:com.google.android.gms@244337026@24.43.37 (150800-693941914):9)
12-05 10:07:05.586 7800 7902 W AsyncOperation: at elgm.e(:com.google.android.gms@244337026@24.43.37 (150800-693941914):22)
12-05 10:07:05.586 7800 7902 W AsyncOperation: at elgm.a(:com.google.android.gms@244337026@24.43.37 (150800-693941914):6)
12-05 10:07:05.586 7800 7902 W AsyncOperation: at elfs.run(:com.google.android.gms@244337026@24.43.37 (150800-693941914):14)
12-05 10:07:05.586 7800 7902 W AsyncOperation: at elfp.run(:com.google.android.gms@244337026@24.43.37 (150800-693941914):3)
12-05 10:07:05.586 7800 7902 W AsyncOperation: at eihq.run(:com.google.android.gms@244337026@24.43.37 (150800-693941914):3)
12-05 10:07:05.586 7800 7902 W AsyncOperation: at eihr.run(:com.google.android.gms@244337026@24.43.37 (150800-693941914):76)
12-05 10:07:05.586 7800 7902 W AsyncOperation: at eifp.execute(:com.google.android.gms@244337026@24.43.37 (150800-693941914):1)
12-05 10:07:05.586 7800 7902 W AsyncOperation: at elfx.execute(:com.google.android.gms@244337026@24.43.37 (150800-693941914):3)
12-05 10:07:05.586 7800 7902 W AsyncOperation: at eihs.execute(:com.google.android.gms@244337026@24.43.37 (150800-693941914):36)
12-05 10:07:05.586 7800 7902 W AsyncOperation: at elfg.execute(:com.google.android.gms@244337026@24.43.37 (150800-693941914):10)
12-05 10:07:05.586 7800 7902 W AsyncOperation: at elfv.a(:com.google.android.gms@244337026@24.43.37 (150800-693941914):10)
12-05 10:07:05.586 7800 7902 W AsyncOperation: at elgb.f(:com.google.android.gms@244337026@24.43.37 (150800-693941914):93)
12-05 10:07:05.586 7800 7902 W AsyncOperation: at elgb.h(:com.google.android.gms@244337026@24.43.37 (150800-693941914):23)
12-05 10:07:05.586 7800 7902 W AsyncOperation: at elgb.a(:com.google.android.gms@244337026@24.43.37 (150800-693941914):8)
12-05 10:07:05.586 7800 7902 W AsyncOperation: at elgk.run(:com.google.android.gms@244337026@24.43.37 (150800-693941914):9)
12-05 10:07:05.586 7800 7902 W AsyncOperation: at elgm.e(:com.google.android.gms@244337026@24.43.37 (150800-693941914):22)
12-05 10:07:05.586 7800 7902 W AsyncOperation: at elgm.a(:com.google.android.gms@244337026@24.43.37 (150800-693941914):6)
12-05 10:07:05.586 7800 7902 W AsyncOperation: at elfs.run(:com.google.android.gms@244337026@24.43.37 (150800-693941914):14)
12-05 10:07:05.586 7800 7902 W AsyncOperation: at elfp.run(:com.google.android.gms@244337026@24.43.37 (150800-693941914):3)
12-05 10:07:05.586 7800 7902 W AsyncOperation: at eihr.run(:com.google.android.gms@244337026@24.43.37 (150800-693941914):76)
12-05 10:07:05.586 7800 7902 W AsyncOperation: at eifp.execute(:com.google.android.gms@244337026@24.43.37 (150800-693941914):1)
12-05 10:07:05.586 7800 7902 W AsyncOperation: at elfx.execute(:com.google.android.gms@244337026@24.43.37 (150800-693941914):3)
12-05 10:07:05.586 7800 7902 W AsyncOperation: at eihs.execute(:com.google.android.gms@244337026@24.43.37 (150800-693941914):36)
12-05 10:07:05.586 7800 7902 W AsyncOperation: at elfg.execute(:com.google.android.gms@244337026@24.43.37 (150800-693941914):10)
12-05 10:07:05.586 7800 7902 W AsyncOperation: at eift.c(:com.google.android.gms@244337026@24.43.37 (150800-693941914):1)
12-05 10:07:05.586 7800 7902 W AsyncOperation: at eift.b(:com.google.android.gms@244337026@24.43.37 (150800-693941914):32)
12-05 10:07:05.586 7800 7902 W AsyncOperation: at eihd.done(:com.google.android.gms@244337026@24.43.37 (150800-693941914):3)
12-05 10:07:05.586 7800 7902 W AsyncOperation: at java.util.concurrent.FutureTask.finishCompletion(FutureTask.java:383)
12-05 10:07:05.586 7800 7902 W AsyncOperation: at java.util.concurrent.FutureTask.setException(FutureTask.java:252)
12-05 10:07:05.586 7800 7902 W AsyncOperation: at java.util.concurrent.FutureTask.run(FutureTask.java:271)
12-05 10:07:05.586 7800 7902 W AsyncOperation: ... 6 more
12-05 10:07:05.586 7800 7902 W AsyncOperation: Caused by: com.google.android.gms.auth.UserRecoverableAuthException: NeedRemoteConsent
12-05 10:07:05.586 7800 7902 W AsyncOperation: at snz.p(:com.google.android.gms@244337026@24.43.37 (150800-693941914):41)
12-05 10:07:05.586 7800 7902 W AsyncOperation: at snz.t(:com.google.android.gms@244337026@24.43.37 (150800-693941914):32)
12-05 10:07:05.586 7800 7902 W AsyncOperation: at sns.a(:com.google.android.gms@244337026@24.43.37 (150800-693941914):55)
12-05 10:07:05.586 7800 7902 W AsyncOperation: at snz.s(:com.google.android.gms@244337026@24.43.37 (150800-693941914):34)
12-05 10:07:05.586 7800 7902 W AsyncOperation: at snz.v(:com.google.android.gms@244337026@24.43.37 (150800-693941914):153)
12-05 10:07:05.586 7800 7902 W AsyncOperation: at eldc.d(:com.google.android.gms@244337026@24.43.37 (150800-693941914):10)
12-05 10:07:05.586 7800 7902 W AsyncOperation: at eldc.c(:com.google.android.gms@244337026@24.43.37 (150800-693941914):69)
12-05 10:07:05.586 7800 7902 W AsyncOperation: at elcz.call(:com.google.android.gms@244337026@24.43.37 (150800-693941914):8)
12-05 10:07:05.586 7800 7902 W AsyncOperation: at java.util.concurrent.FutureTask.run(FutureTask.java:266)
12-05 10:07:05.586 7800 7902 W AsyncOperation: at eldc.a(:com.google.android.gms@244337026@24.43.37 (150800-693941914):63)
12-05 10:07:05.586 7800 7902 W AsyncOperation: at elcc.call(:com.google.android.gms@244337026@24.43.37 (150800-693941914):25)
12-05 10:07:05.586 7800 7902 W AsyncOperation: at eaxq.call(:com.google.android.gms@244337026@24.43.37 (150800-693941914):13)
12-05 10:07:05.586 7800 7902 W AsyncOperation: at java.util.concurrent.FutureTask.run(FutureTask.java:266)
12-05 10:07:05.586 7800 7902 W AsyncOperation: ... 6 more
12-05 10:07:05.589 5239 5344 E OneGoogle: Failed to load profile data
12-05 10:07:05.589 5239 5344 E OneGoogle: com.google.android.libraries.onegoogle.owners.mdi.MdiOwnersLoader$MdiException: kta: 38003: Sync failed with an authentication error!
12-05 10:07:05.589 5239 5344 E OneGoogle: at java.lang.reflect.Constructor.newInstance0(Native Method)
12-05 10:07:05.589 5239 5344 E OneGoogle: at java.lang.reflect.Constructor.newInstance(Constructor.java:343)
12-05 10:07:05.589 5239 5344 E OneGoogle: at akdx.d(PG:2)
12-05 10:07:05.589 5239 5344 E OneGoogle: at akdx.c(PG:3)
12-05 10:07:05.589 5239 5344 E OneGoogle: at akdx.a(PG:14)
12-05 10:07:05.589 5239 5344 E OneGoogle: at tvo.c(PG:2)
12-05 10:07:05.589 5239 5344 E OneGoogle: at tsr.call(PG:87)
12-05 10:07:05.589 5239 5344 E OneGoogle: at akcm.call(PG:5)
12-05 10:07:05.589 5239 5344 E OneGoogle: at akcw.a(Unknown Source:2)
12-05 10:07:05.589 5239 5344 E OneGoogle: at akec.run(PG:3)
12-05 10:07:05.589 5239 5344 E OneGoogle: at akcz.execute(Unknown Source:0)
12-05 10:07:05.589 5239 5344 E OneGoogle: at akcx.f(PG:1)
12-05 10:07:05.589 5239 5344 E OneGoogle: at akcy.m(Unknown Source:4)
12-05 10:07:05.589 5239 5344 E OneGoogle: at akce.f(PG:5)
12-05 10:07:05.589 5239 5344 E OneGoogle: at akcc.run(Unknown Source:4)
12-05 10:07:05.589 5239 5344 E OneGoogle: at akcz.execute(Unknown Source:0)
12-05 10:07:05.589 5239 5344 E OneGoogle: at akbx.m(PG:1)
12-05 10:07:05.589 5239 5344 E OneGoogle: at akbx.i(PG:8)
12-05 10:07:05.589 5239 5344 E OneGoogle: at akbx.setException(Unknown Source:17)
12-05 10:07:05.589 5239 5344 E OneGoogle: at akcb.run(PG:7)
12-05 10:07:05.589 5239 5344 E OneGoogle: at akcz.execute(Unknown Source:0)
12-05 10:07:05.589 5239 5344 E OneGoogle: at akbx.m(PG:1)
12-05 10:07:05.589 5239 5344 E OneGoogle: at akbx.i(PG:8)
12-05 10:07:05.589 5239 5344 E OneGoogle: at akbx.setException(Unknown Source:17)
12-05 10:07:05.589 5239 5344 E OneGoogle: at akbj.run(PG:11)
12-05 10:07:05.589 5239 5344 E OneGoogle: at akcz.execute(Unknown Source:0)
12-05 10:07:05.589 5239 5344 E OneGoogle: at akbx.m(PG:1)
12-05 10:07:05.589 5239 5344 E OneGoogle: at akbx.i(PG:8)
12-05 10:07:05.589 5239 5344 E OneGoogle: at akbx.setException(Unknown Source:17)
12-05 10:07:05.589 5239 5344 E OneGoogle: at akcb.run(PG:7)
12-05 10:07:05.589 5239 5344 E OneGoogle: at akcz.execute(Unknown Source:0)
12-05 10:07:05.589 5239 5344 E OneGoogle: at akbx.m(PG:1)
12-05 10:07:05.589 5239 5344 E OneGoogle: at akbx.i(PG:8)
12-05 10:07:05.589 5239 5344 E OneGoogle: at akbx.setException(Unknown Source:17)
12-05 10:07:05.589 5239 5344 E OneGoogle: at akcb.run(PG:7)
12-05 10:07:05.589 5239 5344 E OneGoogle: at akcz.execute(Unknown Source:0)
12-05 10:07:05.589 5239 5344 E OneGoogle: at akbx.m(PG:1)
12-05 10:07:05.589 5239 5344 E OneGoogle: at akbx.i(PG:8)
12-05 10:07:05.589 5239 5344 E OneGoogle: at akbx.setException(Unknown Source:17)
12-05 10:07:05.589 5239 5344 E OneGoogle: at akcb.run(PG:7)
12-05 10:07:05.589 5239 5344 E OneGoogle: at akcz.execute(Unknown Source:0)
12-05 10:07:05.589 5239 5344 E OneGoogle: at akbx.m(PG:1)
12-05 10:07:05.589 5239 5344 E OneGoogle: at akbx.i(PG:8)
12-05 10:07:05.589 5239 5344 E OneGoogle: at akbx.setException(Unknown Source:17)
12-05 10:07:05.589 5239 5344 E OneGoogle: at com.google.common.util.concurrent.SettableFuture.setException(Unknown Source:0)
12-05 10:07:05.589 5239 5344 E OneGoogle: at qxw.a(PG:4)
12-05 10:07:05.589 5239 5344 E OneGoogle: at kew.run(PG:6)
12-05 10:07:05.589 5239 5344 E OneGoogle: at akcz.execute(Unknown Source:0)
12-05 10:07:05.589 5239 5344 E OneGoogle: at ljp.a(PG:6)
12-05 10:07:05.589 5239 5344 E OneGoogle: at anyw.h(PG:5)
12-05 10:07:05.589 5239 5344 E OneGoogle: at kvx.c(PG:5)
12-05 10:07:05.589 5239 5344 E OneGoogle: at jix.ak(PG:2)
12-05 10:07:05.589 5239 5344 E OneGoogle: at knc.r(PG:21)
12-05 10:07:05.589 5239 5344 E OneGoogle: at fgt.onTransact(PG:4)
12-05 10:07:05.589 5239 5344 E OneGoogle: at android.os.Binder.execTransactInternal(Binder.java:1184)
12-05 10:07:05.589 5239 5344 E OneGoogle: at android.os.Binder.execTransact(Binder.java:1143)
12-05 10:07:05.589 5239 5344 E OneGoogle: Caused by: kta: 38003: Sync failed with an authentication error!
12-05 10:07:05.589 5239 5344 E OneGoogle: ... 5 more
12-05 10:07:05.593 7800 7902 I MdiSyncModule: Operation '1' failed with status '38003'!
12-05 10:07:05.604 563 563 D CompatibilityChangeReporter: Compat change id reported: 168419799; UID 1000; state: DISABLED
12-05 10:07:05.624 5239 5315 W fgq : [TikTok] GmsAccounts: GoogleOwnersProvider had 1 missing ids.
12-05 10:07:05.700 7846 7846 I WakefulBroadcastRcvr: Processing wakeful broadcast: android.accounts.LOGIN_ACCOUNTS_CHANGED
12-05 10:07:05.735 563 1525 D CompatibilityChangeReporter: Compat change id reported: 168419799; UID 10104; state: DISABLED
12-05 10:07:05.762 1931 1931 I BgTaskExecutorImpl: Starting EXCLUSIVE background task PROCESS_ACCOUNT_CHANGE.
12-05 10:07:05.768 331 10072 D resolv : GetAddrInfoHandler::run: {100 262244 100 983140 10130 0}
12-05 10:07:05.768 331 10072 D resolv : resolv_getaddrinfo: explore_fqdn(): ai_family=0 ai_socktype=1 ai_protocol=6
12-05 10:07:05.776 7846 9833 I HeterodyneSyncScheduler: Scheduling Phenotype for a PhenotypeSyncImmediately(5, null) one off with window [1, 2] in seconds [CONTEXT service_id=51 ]
12-05 10:07:05.776 331 10077 D resolv : doQuery: (1, 1)
12-05 10:07:05.776 331 10077 D resolv : res_nmkquery: (QUERY, IN, A)
12-05 10:07:05.776 331 10077 D resolv : res_nsend
12-05 10:07:05.776 331 10077 I resolv : resolv_cache_lookup: lookup
12-05 10:07:05.776 331 10077 I resolv : resolv_cache_lookup: NOT IN CACHE (STALE ENTRY 0x78c91bc63d90DISCARDED)
12-05 10:07:05.777 331 10077 I resolv : _cache_remove_p: entry 8 removed (count=69)
12-05 10:07:05.777 331 10077 I resolv : resolv_populate_res_for_net: netid=100
12-05 10:07:05.780 331 10077 I resolv : res_stats_usable_server: NS stats: S 60 + E 0 + T 4 + I 0 = 64, rtt = 6, min_samples = 8
12-05 10:07:05.780 331 10077 I resolv : res_stats_usable_server: success rate 93
12-05 10:07:05.780 331 10076 D resolv : doQuery: (1, 28)
12-05 10:07:05.780 331 10077 D resolv : res_nsend: Querying server (# 1) address = 10.0.2.3:53
12-05 10:07:05.780 331 10076 D resolv : res_nmkquery: (QUERY, IN, AAAA)
12-05 10:07:05.780 331 10076 D resolv : res_nsend
12-05 10:07:05.780 331 10076 I resolv : resolv_cache_lookup: lookup
12-05 10:07:05.780 331 10076 I resolv : resolv_cache_lookup: NOT IN CACHE (STALE ENTRY 0x78c90bc6bb90DISCARDED)
12-05 10:07:05.780 331 10076 I resolv : _cache_remove_p: entry 7 removed (count=68)
12-05 10:07:05.780 331 10076 I resolv : resolv_populate_res_for_net: netid=100
12-05 10:07:05.780 331 10076 I resolv : res_stats_usable_server: NS stats: S 60 + E 0 + T 4 + I 0 = 64, rtt = 6, min_samples = 8
12-05 10:07:05.780 331 10076 I resolv : res_stats_usable_server: success rate 93
12-05 10:07:05.780 331 10076 D resolv : res_nsend: Querying server (# 1) address = 10.0.2.3:53
12-05 10:07:05.780 331 10077 D resolv : send_dg: new DG socket
12-05 10:07:05.783 331 10077 I resolv : get_timeout: using timeout of 5000 msec
12-05 10:07:05.783 331 10077 I resolv : retrying_poll: 55 retrying_poll
12-05 10:07:05.783 331 10076 D resolv : send_dg: new DG socket
12-05 10:07:05.783 331 10077 I resolv : retrying_poll: 55 retrying_poll returning 1
12-05 10:07:05.783 331 10077 I resolv : res_nsend: used send_dg 294 terrno: 0
12-05 10:07:05.784 331 10077 I resolv : res_stats_set_sample: rcode = 0, sec = 0
12-05 10:07:05.784 331 10077 I resolv : res_cache_add_stats_sample_locked: adding sample to stats, next = 30, count = 64
12-05 10:07:05.784 331 10077 D resolv : res_nsend: got answer:
12-05 10:07:05.784 331 10077 I resolv : answer_getTTL: TTL = 300
12-05 10:07:05.784 331 10077 I resolv : _cache_add_p: entry 95 added (count=69)
12-05 10:07:05.784 331 10077 I resolv : cache_dump_mru_locked: MRU LIST (69): 95 75 76 94 93 92 91 90 89 88 87 71 70 72 69 86 85 84 83 82 81 80 79 78 77 74 73 68 67 42 41 37 38 60 59 54 55 39 40 15 16 66 65 57 58 62 61 24 23 56 21 53 52 17 18 50 49 48 47 43 44 30 29 20 19 10 9 2 1
12-05 10:07:05.784 331 10077 D resolv : doQuery: rcode=0, ancount=15
12-05 10:07:05.784 331 10076 I resolv : get_timeout: using timeout of 5000 msec
12-05 10:07:05.784 331 10076 I resolv : retrying_poll: 56 retrying_poll
12-05 10:07:05.788 331 10076 I resolv : retrying_poll: 56 retrying_poll returning 1
12-05 10:07:05.788 331 10076 I resolv : res_nsend: used send_dg 166 terrno: 0
12-05 10:07:05.789 331 10076 I resolv : res_stats_set_sample: rcode = 0, sec = 4
12-05 10:07:05.789 331 10076 I resolv : res_cache_add_stats_sample_locked: adding sample to stats, next = 31, count = 64
12-05 10:07:05.789 331 10076 D resolv : res_nsend: got answer:
12-05 10:07:05.789 331 10076 I resolv : answer_getTTL: TTL = 300
12-05 10:07:05.789 331 10076 I resolv : _cache_add_p: entry 96 added (count=70)
12-05 10:07:05.789 331 10076 I resolv : cache_dump_mru_locked: MRU LIST (70): 96 95 75 76 94 93 92 91 90 89 88 87 71 70 72 69 86 85 84 83 82 81 80 79 78 77 74 73 68 67 42 41 37 38 60 59 54 55 39 40 15 16 66 65 57 58 62 61 24 23 56 21 53 52 17 18 50 49 48 47 43 44 30 29 20 19 10 9 2 1
12-05 10:07:05.789 331 10076 D resolv : doQuery: rcode=0, ancount=4
12-05 10:07:05.803 5239 10068 W DynamiteModule: Local module descriptor class for com.google.android.gms.providerinstaller.dynamite not found.
12-05 10:07:05.806 1931 1931 I Notifications: [ChimeBroadcastReceiver] Intent received for action [android.accounts.LOGIN_ACCOUNTS_CHANGED] package [com.google.android.googlequicksearchbox].
12-05 10:07:05.806 1931 1931 I Notifications: [ChimeBroadcastReceiver] Phenotype initialized.
12-05 10:07:05.810 7846 10064 I Auth : [BroadcastManager] [BroadcastManager] Broadcasting account change. [CONTEXT service_id=343 ]
12-05 10:07:05.815 7800 10078 V Backup : [AccountChangedIO] Received intent, action = android.accounts.LOGIN_ACCOUNTS_CHANGED
12-05 10:07:05.816 9907 10056 E GoogleTagManager: Invalid macro: _gtm.loadEventEnabled
12-05 10:07:05.827 1931 1931 I Notifications: [ChimeBroadcastReceiver] Validation OK for action [android.accounts.LOGIN_ACCOUNTS_CHANGED].
12-05 10:07:05.828 1931 1931 I Notifications: [ChimeExecutorApiImpl-Tiktok] Submitting Broadcast execution [18934832] to tiktok executor.
12-05 10:07:05.828 1931 8319 I Notifications: [ChimeBroadcastReceiver] Executing action in BroadcastReceiver [android.accounts.LOGIN_ACCOUNTS_CHANGED].
12-05 10:07:05.831 1931 8316 E Notifications: [TargetCreatorHelperImpl] Failed to get android ID.
12-05 10:07:05.867 7846 7867 W ProviderHelper: Unknown dynamite feature providerinstaller.dynamite
12-05 10:07:05.899 1931 8316 I Search.LoginHelperImpl: #refresh()
12-05 10:07:05.899 1931 8316 I Search.LoginHelperImpl: Getting accounts.
12-05 10:07:05.906 5239 10068 W ProviderInstaller: Failed to load providerinstaller module: No acceptable module com.google.android.gms.providerinstaller.dynamite found. Local version is 0 and remote version is 0.
12-05 10:07:05.941 1931 1931 I A : Geller initializer successfully triggered.
12-05 10:07:05.967 5239 10068 W ProviderInstaller: Failed to report request stats: com.google.android.gms.common.security.ProviderInstallerImpl.reportRequestStats [class android.content.Context, long, long]
12-05 10:07:05.979 5239 10068 V NativeCrypto: Registering com/google/android/gms/org/conscrypt/NativeCrypto's 305 native methods...
12-05 10:07:05.981 7800 10078 E Backup : [LegacyBackupAccountManager] Fail to get legacy transport context.
12-05 10:07:05.981 7800 10078 E Backup : android.content.pm.PackageManager$NameNotFoundException: Application package com.google.android.backup not found
12-05 10:07:05.981 7800 10078 E Backup : at android.app.ContextImpl.createPackageContextAsUser(ContextImpl.java:2541)
12-05 10:07:05.981 7800 10078 E Backup : at android.app.ContextImpl.createPackageContext(ContextImpl.java:2506)
12-05 10:07:05.981 7800 10078 E Backup : at android.content.ContextWrapper.createPackageContext(ContextWrapper.java:1000)
12-05 10:07:05.981 7800 10078 E Backup : at android.content.ContextWrapper.createPackageContext(ContextWrapper.java:1000)
12-05 10:07:05.981 7800 10078 E Backup : at banj.createPackageContext(:com.google.android.gms@244337026@24.43.37 (150800-693941914):3)
12-05 10:07:05.981 7800 10078 E Backup : at aehe.(:com.google.android.gms@244337026@24.43.37 (150800-693941914):25)
12-05 10:07:05.981 7800 10078 E Backup : at aegq.a(:com.google.android.gms@244337026@24.43.37 (150800-693941914):157)
12-05 10:07:05.981 7800 10078 E Backup : at aeda.a(:com.google.android.gms@244337026@24.43.37 (150800-693941914):1)
12-05 10:07:05.981 7800 10078 E Backup : at aedd.b(:com.google.android.gms@244337026@24.43.37 (150800-693941914):52)
12-05 10:07:05.981 7800 10078 E Backup : at aedd.a(:com.google.android.gms@244337026@24.43.37 (150800-693941914):6)
12-05 10:07:05.981 7800 10078 E Backup : at com.google.android.gms.backup.transport.AccountChangedIntentOperation.a(:com.google.android.gms@244337026@24.43.37 (150800-693941914):126)
12-05 10:07:05.981 7800 10078 E Backup : at aejc.onHandleIntent(:com.google.android.gms@244337026@24.43.37 (150800-693941914):36)
12-05 10:07:05.981 7800 10078 E Backup : at com.google.android.chimera.IntentOperation.onHandleIntent(:com.google.android.gms@244337026@24.43.37 (150800-693941914):2)
12-05 10:07:05.981 7800 10078 E Backup : at aipa.onHandleIntent(:com.google.android.gms@244337026@24.43.37 (150800-693941914):8)
12-05 10:07:05.981 7800 10078 E Backup : at nqo.run(:com.google.android.gms@244337026@24.43.37 (150800-693941914):70)
12-05 10:07:05.981 7800 10078 E Backup : at nqn.run(:com.google.android.gms@244337026@24.43.37 (150800-693941914):152)
12-05 10:07:05.981 7800 10078 E Backup : at eaxt.run(:com.google.android.gms@244337026@24.43.37 (150800-693941914):21)
12-05 10:07:05.981 7800 10078 E Backup : at java.util.concurrent.ThreadPoolExecutor.runWorker(ThreadPoolExecutor.java:1167)
12-05 10:07:05.981 7800 10078 E Backup : at java.util.concurrent.ThreadPoolExecutor$Worker.run(ThreadPoolExecutor.java:641)
12-05 10:07:05.981 7800 10078 E Backup : at java.lang.Thread.run(Thread.java:920)
12-05 10:07:06.016 1931 2194 I TrainingCacheConnection: onAccountChanged()
12-05 10:07:06.017 8696 8775 D EGL_emulation: app_time_stats: avg=990.14ms min=980.22ms max=1000.05ms count=2
12-05 10:07:06.023 352 352 W RanchuHwc: validateDisplay: layer 31 CompositionType 1, fallback
12-05 10:07:06.039 352 352 W RanchuHwc: presentDisplay display has no layers to compose, flushing client target buffer.
12-05 10:07:06.048 7800 10078 E Backup : [LegacyBackupAccountManager] Fail to get legacy transport context.
12-05 10:07:06.048 7800 10078 E Backup : android.content.pm.PackageManager$NameNotFoundException: Application package com.google.android.backup not found
12-05 10:07:06.048 7800 10078 E Backup : at android.app.ContextImpl.createPackageContextAsUser(ContextImpl.java:2541)
12-05 10:07:06.048 7800 10078 E Backup : at android.app.ContextImpl.createPackageContext(ContextImpl.java:2506)
12-05 10:07:06.048 7800 10078 E Backup : at android.content.ContextWrapper.createPackageContext(ContextWrapper.java:1000)
12-05 10:07:06.048 7800 10078 E Backup : at android.content.ContextWrapper.createPackageContext(ContextWrapper.java:1000)
12-05 10:07:06.048 7800 10078 E Backup : at banj.createPackageContext(:com.google.android.gms@244337026@24.43.37 (150800-693941914):3)
12-05 10:07:06.048 7800 10078 E Backup : at aehe.(:com.google.android.gms@244337026@24.43.37 (150800-693941914):25)
12-05 10:07:06.048 7800 10078 E Backup : at aegq.a(:com.google.android.gms@244337026@24.43.37 (150800-693941914):157)
12-05 10:07:06.048 7800 10078 E Backup : at aeda.a(:com.google.android.gms@244337026@24.43.37 (150800-693941914):1)
12-05 10:07:06.048 7800 10078 E Backup : at aedd.b(:com.google.android.gms@244337026@24.43.37 (150800-693941914):52)
12-05 10:07:06.048 7800 10078 E Backup : at aedd.a(:com.google.android.gms@244337026@24.43.37 (150800-693941914):6)
12-05 10:07:06.048 7800 10078 E Backup : at agfm.c(:com.google.android.gms@244337026@24.43.37 (150800-693941914):3)
12-05 10:07:06.048 7800 10078 E Backup : at aehv.g(:com.google.android.gms@244337026@24.43.37 (150800-693941914):20)
12-05 10:07:06.048 7800 10078 E Backup : at com.google.android.gms.backup.transport.AccountChangedIntentOperation.a(:com.google.android.gms@244337026@24.43.37 (150800-693941914):142)
12-05 10:07:06.048 7800 10078 E Backup : at aejc.onHandleIntent(:com.google.android.gms@244337026@24.43.37 (150800-693941914):36)
12-05 10:07:06.048 7800 10078 E Backup : at com.google.android.chimera.IntentOperation.onHandleIntent(:com.google.android.gms@244337026@24.43.37 (150800-693941914):2)
12-05 10:07:06.048 7800 10078 E Backup : at aipa.onHandleIntent(:com.google.android.gms@244337026@24.43.37 (150800-693941914):8)
12-05 10:07:06.048 7800 10078 E Backup : at nqo.run(:com.google.android.gms@244337026@24.43.37 (150800-693941914):70)
12-05 10:07:06.048 7800 10078 E Backup : at nqn.run(:com.google.android.gms@244337026@24.43.37 (150800-693941914):152)
12-05 10:07:06.048 7800 10078 E Backup : at eaxt.run(:com.google.android.gms@244337026@24.43.37 (150800-693941914):21)
12-05 10:07:06.048 7800 10078 E Backup : at java.util.concurrent.ThreadPoolExecutor.runWorker(ThreadPoolExecutor.java:1167)
12-05 10:07:06.048 7800 10078 E Backup : at java.util.concurrent.ThreadPoolExecutor$Worker.run(ThreadPoolExecutor.java:641)
12-05 10:07:06.048 7800 10078 E Backup : at java.lang.Thread.run(Thread.java:920)
12-05 10:07:06.055 7800 10078 V Backup : [AccountChangedIO] currentDestinationString: Account {name=BTPMJ354TFE33L6N4TBZXWF2SM-00@cloudtestlabaccounts.com, type=com.google}
