12-05 10:06:44.991 7800 9665 E InternalPeopleServiceGrpcClient: at snz.p(:com.google.android.gms@244337026@24.43.37 (150800-693941914):41)
12-05 10:06:44.991 7800 9665 E InternalPeopleServiceGrpcClient: at snz.t(:com.google.android.gms@244337026@24.43.37 (150800-693941914):32)
12-05 10:06:44.991 7800 9665 E InternalPeopleServiceGrpcClient: at sns.a(:com.google.android.gms@244337026@24.43.37 (150800-693941914):55)
12-05 10:06:44.991 7800 9665 E InternalPeopleServiceGrpcClient: at snz.s(:com.google.android.gms@244337026@24.43.37 (150800-693941914):34)
12-05 10:06:44.991 7800 9665 E InternalPeopleServiceGrpcClient: at snz.v(:com.google.android.gms@244337026@24.43.37 (150800-693941914):153)
12-05 10:06:44.991 7800 9665 E InternalPeopleServiceGrpcClient: at snz.i(:com.google.android.gms@244337026@24.43.37 (150800-693941914):4)
12-05 10:06:44.991 7800 9665 E InternalPeopleServiceGrpcClient: at amfh.b(:com.google.android.gms@244337026@24.43.37 (150800-693941914):36)
12-05 10:06:44.991 7800 9665 E InternalPeopleServiceGrpcClient: at amdz.n(:com.google.android.gms@244337026@24.43.37 (150800-693941914):32)
12-05 10:06:44.991 7800 9665 E InternalPeopleServiceGrpcClient: at amem.C(:com.google.android.gms@244337026@24.43.37 (150800-693941914):8)
12-05 10:06:44.991 7800 9665 E InternalPeopleServiceGrpcClient: at amem.f(:com.google.android.gms@244337026@24.43.37 (150800-693941914):14)
12-05 10:06:44.991 7800 9665 E InternalPeopleServiceGrpcClient: at cnaa.f(:com.google.android.gms@244337026@24.43.37 (150800-693941914):324)
12-05 10:06:44.991 7800 9665 E InternalPeopleServiceGrpcClient: at cnac.g(:com.google.android.gms@244337026@24.43.37 (150800-693941914):160)
12-05 10:06:44.991 7800 9665 E InternalPeopleServiceGrpcClient: at cnad.run(:com.google.android.gms@244337026@24.43.37 (150800-693941914):12)
12-05 10:06:44.991 7800 9665 E InternalPeopleServiceGrpcClient: at java.lang.Thread.run(Thread.java:920)
12-05 10:06:44.998 7800 9665 E FSA2_GroupSyncGrpc: getGroups() failed
12-05 10:06:44.998 7800 9665 E FSA2_GroupSyncGrpc: com.google.android.gms.auth.UserRecoverableAuthException: NeedRemoteConsent
12-05 10:06:44.998 7800 9665 E FSA2_GroupSyncGrpc: at snz.p(:com.google.android.gms@244337026@24.43.37 (150800-693941914):41)
12-05 10:06:44.998 7800 9665 E FSA2_GroupSyncGrpc: at snz.t(:com.google.android.gms@244337026@24.43.37 (150800-693941914):32)
12-05 10:06:44.998 7800 9665 E FSA2_GroupSyncGrpc: at sns.a(:com.google.android.gms@244337026@24.43.37 (150800-693941914):55)
12-05 10:06:44.998 7800 9665 E FSA2_GroupSyncGrpc: at snz.s(:com.google.android.gms@244337026@24.43.37 (150800-693941914):34)
12-05 10:06:44.998 7800 9665 E FSA2_GroupSyncGrpc: at snz.v(:com.google.android.gms@244337026@24.43.37 (150800-693941914):153)
12-05 10:06:44.998 7800 9665 E FSA2_GroupSyncGrpc: at snz.i(:com.google.android.gms@244337026@24.43.37 (150800-693941914):4)
12-05 10:06:44.998 7800 9665 E FSA2_GroupSyncGrpc: at amfh.b(:com.google.android.gms@244337026@24.43.37 (150800-693941914):36)
12-05 10:06:44.998 7800 9665 E FSA2_GroupSyncGrpc: at amdz.n(:com.google.android.gms@244337026@24.43.37 (150800-693941914):32)
12-05 10:06:44.998 7800 9665 E FSA2_GroupSyncGrpc: at amem.C(:com.google.android.gms@244337026@24.43.37 (150800-693941914):8)
12-05 10:06:44.998 7800 9665 E FSA2_GroupSyncGrpc: at amem.f(:com.google.android.gms@244337026@24.43.37 (150800-693941914):14)
12-05 10:06:44.998 7800 9665 E FSA2_GroupSyncGrpc: at cnaa.f(:com.google.android.gms@244337026@24.43.37 (150800-693941914):324)
12-05 10:06:44.998 7800 9665 E FSA2_GroupSyncGrpc: at cnac.g(:com.google.android.gms@244337026@24.43.37 (150800-693941914):160)
12-05 10:06:44.998 7800 9665 E FSA2_GroupSyncGrpc: at cnad.run(:com.google.android.gms@244337026@24.43.37 (150800-693941914):12)
12-05 10:06:44.998 7800 9665 E FSA2_GroupSyncGrpc: at java.lang.Thread.run(Thread.java:920)
12-05 10:06:45.021 7800 9666 E FSA2_PaginatedQueue: BlockingQueue.take interrupted, bailing out
12-05 10:06:45.021 7800 9666 E FSA2_PaginatedQueue: java.lang.InterruptedException
12-05 10:06:45.021 7800 9666 E FSA2_PaginatedQueue: at java.util.concurrent.locks.AbstractQueuedSynchronizer$ConditionObject.reportInterruptAfterWait(AbstractQueuedSynchronizer.java:2042)
12-05 10:06:45.021 7800 9666 E FSA2_PaginatedQueue: at java.util.concurrent.locks.AbstractQueuedSynchronizer$ConditionObject.await(AbstractQueuedSynchronizer.java:2076)
12-05 10:06:45.021 7800 9666 E FSA2_PaginatedQueue: at java.util.concurrent.ArrayBlockingQueue.take(ArrayBlockingQueue.java:387)
12-05 10:06:45.021 7800 9666 E FSA2_PaginatedQueue: at cnam.a(:com.google.android.gms@244337026@24.43.37 (150800-693941914):3)
12-05 10:06:45.021 7800 9666 E FSA2_PaginatedQueue: at cmxy.run(:com.google.android.gms@244337026@24.43.37 (150800-693941914):43)
12-05 10:06:45.021 7800 9666 E FSA2_PaginatedQueue: at java.lang.Thread.run(Thread.java:920)
12-05 10:06:45.023 352 352 W RanchuHwc: validateDisplay: layer 31 CompositionType 1, fallback
12-05 10:06:45.036 352 352 W RanchuHwc: presentDisplay display has no layers to compose, flushing client target buffer.
12-05 10:06:45.036 7800 9664 E FSA2_PaginatedQueue: BlockingQueue.take interrupted, bailing out
12-05 10:06:45.036 7800 9664 E FSA2_PaginatedQueue: java.lang.InterruptedException
12-05 10:06:45.036 7800 9664 E FSA2_PaginatedQueue: at java.util.concurrent.locks.AbstractQueuedSynchronizer$ConditionObject.reportInterruptAfterWait(AbstractQueuedSynchronizer.java:2042)
12-05 10:06:45.036 7800 9664 E FSA2_PaginatedQueue: at java.util.concurrent.locks.AbstractQueuedSynchronizer$ConditionObject.await(AbstractQueuedSynchronizer.java:2076)
12-05 10:06:45.036 7800 9664 E FSA2_PaginatedQueue: at java.util.concurrent.ArrayBlockingQueue.take(ArrayBlockingQueue.java:387)
12-05 10:06:45.036 7800 9664 E FSA2_PaginatedQueue: at cnam.a(:com.google.android.gms@244337026@24.43.37 (150800-693941914):3)
12-05 10:06:45.036 7800 9664 E FSA2_PaginatedQueue: at cmxi.a(:com.google.android.gms@244337026@24.43.37 (150800-693941914):593)
12-05 10:06:45.036 7800 9664 E FSA2_PaginatedQueue: at cmrf.j(:com.google.android.gms@244337026@24.43.37 (150800-693941914):127)
12-05 10:06:45.036 7800 9664 E FSA2_PaginatedQueue: at cmrf.d(:com.google.android.gms@244337026@24.43.37 (150800-693941914):524)
12-05 10:06:45.036 7800 9664 E FSA2_PaginatedQueue: at cmrj.b(:com.google.android.gms@244337026@24.43.37 (150800-693941914):45)
12-05 10:06:45.036 7800 9664 E FSA2_PaginatedQueue: at amit.onPerformSync(:com.google.android.gms@244337026@24.43.37 (150800-693941914):22)
12-05 10:06:45.036 7800 9664 E FSA2_PaginatedQueue: at android.content.AbstractThreadedSyncAdapter$SyncThread.run(AbstractThreadedSyncAdapter.java:334)
12-05 10:06:45.079 7800 8792 W AsyncOperation: operation=SyncActivityControlsSettingsInternalOperation, opStatusCode=7 [CONTEXT service_id=220 ]
12-05 10:06:45.079 7800 8792 W AsyncOperation: OperationException[Status{statusCode=Downloading settings failed!, resolution=null}]
12-05 10:06:45.079 7800 8792 W AsyncOperation: at dbkb.f(:com.google.android.gms@244337026@24.43.37 (150800-693941914):194)
12-05 10:06:45.079 7800 8792 W AsyncOperation: at bpnh.fj(:com.google.android.gms@244337026@24.43.37 (150800-693941914):1)
12-05 10:06:45.079 7800 8792 W AsyncOperation: at bpnt.run(:com.google.android.gms@244337026@24.43.37 (150800-693941914):66)
12-05 10:06:45.079 7800 8792 W AsyncOperation: at eaxt.run(:com.google.android.gms@244337026@24.43.37 (150800-693941914):21)
12-05 10:06:45.079 7800 8792 W AsyncOperation: at amjy.c(:com.google.android.gms@244337026@24.43.37 (150800-693941914):50)
12-05 10:06:45.079 7800 8792 W AsyncOperation: at amjy.run(:com.google.android.gms@244337026@24.43.37 (150800-693941914):76)
12-05 10:06:45.079 7800 8792 W AsyncOperation: at java.util.concurrent.ThreadPoolExecutor.runWorker(ThreadPoolExecutor.java:1167)
12-05 10:06:45.079 7800 8792 W AsyncOperation: at java.util.concurrent.ThreadPoolExecutor$Worker.run(ThreadPoolExecutor.java:641)
12-05 10:06:45.079 7800 8792 W AsyncOperation: at ampj.run(:com.google.android.gms@244337026@24.43.37 (150800-693941914):8)
12-05 10:06:45.079 7800 8792 W AsyncOperation: at java.lang.Thread.run(Thread.java:920)
12-05 10:06:45.079 7800 8792 W AsyncOperation: Caused by: fola: UNAUTHENTICATED
12-05 10:06:45.079 7800 8792 W AsyncOperation: at fper.b(:com.google.android.gms@244337026@24.43.37 (150800-693941914):165)
12-05 10:06:45.079 7800 8792 W AsyncOperation: at exlc.b(:com.google.android.gms@244337026@24.43.37 (150800-693941914):68)
12-05 10:06:45.079 7800 8792 W AsyncOperation: at dboj.n(:com.google.android.gms@244337026@24.43.37 (150800-693941914):399)
12-05 10:06:45.079 7800 8792 W AsyncOperation: at dboj.e(:com.google.android.gms@244337026@24.43.37 (150800-693941914):32)
12-05 10:06:45.079 7800 8792 W AsyncOperation: at dbka.a(:com.google.android.gms@244337026@24.43.37 (150800-693941914):9)
12-05 10:06:45.079 7800 8792 W AsyncOperation: at dlnk.a(:com.google.android.gms@244337026@24.43.37 (150800-693941914):3)
12-05 10:06:45.079 7800 8792 W AsyncOperation: at dlnr.a(:com.google.android.gms@244337026@24.43.37 (150800-693941914):158)
12-05 10:06:45.079 7800 8792 W AsyncOperation: at eaxp.a(:com.google.android.gms@244337026@24.43.37 (150800-693941914):13)
12-05 10:06:45.079 7800 8792 W AsyncOperation: at eieb.d(:com.google.android.gms@244337026@24.43.37 (150800-693941914):3)
12-05 10:06:45.079 7800 8792 W AsyncOperation: at eied.run(:com.google.android.gms@244337026@24.43.37 (150800-693941914):42)
12-05 10:06:45.079 7800 8792 W AsyncOperation: ... 6 more
12-05 10:06:45.079 7800 8792 W AsyncOperation: Caused by: com.google.android.gms.auth.UserRecoverableAuthException: NeedRemoteConsent
12-05 10:06:45.079 7800 8792 W AsyncOperation: at snz.p(:com.google.android.gms@244337026@24.43.37 (150800-693941914):41)
12-05 10:06:45.079 7800 8792 W AsyncOperation: at snz.t(:com.google.android.gms@244337026@24.43.37 (150800-693941914):32)
12-05 10:06:45.079 7800 8792 W AsyncOperation: at sns.a(:com.google.android.gms@244337026@24.43.37 (150800-693941914):55)
12-05 10:06:45.079 7800 8792 W AsyncOperation: at snz.s(:com.google.android.gms@244337026@24.43.37 (150800-693941914):34)
12-05 10:06:45.079 7800 8792 W AsyncOperation: at snz.v(:com.google.android.gms@244337026@24.43.37 (150800-693941914):153)
12-05 10:06:45.079 7800 8792 W AsyncOperation: at eldc.d(:com.google.android.gms@244337026@24.43.37 (150800-693941914):10)
12-05 10:06:45.079 7800 8792 W AsyncOperation: at eldc.c(:com.google.android.gms@244337026@24.43.37 (150800-693941914):69)
12-05 10:06:45.079 7800 8792 W AsyncOperation: at elcz.call(:com.google.android.gms@244337026@24.43.37 (150800-693941914):8)
12-05 10:06:45.079 7800 8792 W AsyncOperation: at java.util.concurrent.FutureTask.run(FutureTask.java:266)
12-05 10:06:45.079 7800 8792 W AsyncOperation: at eldc.a(:com.google.android.gms@244337026@24.43.37 (150800-693941914):63)
12-05 10:06:45.079 7800 8792 W AsyncOperation: at elcc.call(:com.google.android.gms@244337026@24.43.37 (150800-693941914):25)
12-05 10:06:45.079 7800 8792 W AsyncOperation: at eaxq.call(:com.google.android.gms@244337026@24.43.37 (150800-693941914):13)
12-05 10:06:45.079 7800 8792 W AsyncOperation: at java.util.concurrent.FutureTask.run(FutureTask.java:266)
12-05 10:06:45.079 7800 8792 W AsyncOperation: ... 6 more
12-05 10:06:45.122 7846 9660 W AsyncOperation: operation=GetActivityControlsSettingsOperation, opStatusCode=7 [CONTEXT service_id=202 ]
12-05 10:06:45.122 7846 9660 W AsyncOperation: OperationException[Status{statusCode=Internal sync API failure!, resolution=null}]
12-05 10:06:45.122 7846 9660 W AsyncOperation: at dbje.i(:com.google.android.gms@244337026@24.43.37 (150800-693941914):27)
12-05 10:06:45.122 7846 9660 W AsyncOperation: at dbjm.f(:com.google.android.gms@244337026@24.43.37 (150800-693941914):139)
12-05 10:06:45.122 7846 9660 W AsyncOperation: at bpnh.fj(:com.google.android.gms@244337026@24.43.37 (150800-693941914):1)
12-05 10:06:45.122 7846 9660 W AsyncOperation: at bpnt.run(:com.google.android.gms@244337026@24.43.37 (150800-693941914):66)
12-05 10:06:45.122 7846 9660 W AsyncOperation: at eaxt.run(:com.google.android.gms@244337026@24.43.37 (150800-693941914):21)
12-05 10:06:45.122 7846 9660 W AsyncOperation: at amjy.c(:com.google.android.gms@244337026@24.43.37 (150800-693941914):50)
12-05 10:06:45.122 7846 9660 W AsyncOperation: at amjy.run(:com.google.android.gms@244337026@24.43.37 (150800-693941914):76)
12-05 10:06:45.122 7846 9660 W AsyncOperation: at java.util.concurrent.ThreadPoolExecutor.runWorker(ThreadPoolExecutor.java:1167)
12-05 10:06:45.122 7846 9660 W AsyncOperation: at java.util.concurrent.ThreadPoolExecutor$Worker.run(ThreadPoolExecutor.java:641)
12-05 10:06:45.122 7846 9660 W AsyncOperation: at ampj.run(:com.google.android.gms@244337026@24.43.37 (150800-693941914):8)
12-05 10:06:45.122 7846 9660 W AsyncOperation: at java.lang.Thread.run(Thread.java:920)
12-05 10:06:45.122 7846 9660 W AsyncOperation: Caused by: akux: 7: Downloading settings failed!
12-05 10:06:45.122 7846 9660 W AsyncOperation: at alrb.a(:com.google.android.gms@244337026@24.43.37 (150800-693941914):15)
12-05 10:06:45.122 7846 9660 W AsyncOperation: at alar.b(:com.google.android.gms@244337026@24.43.37 (150800-693941914):11)
12-05 10:06:45.122 7846 9660 W AsyncOperation: at atfy.c(:com.google.android.gms@244337026@24.43.37 (150800-693941914):10)
12-05 10:06:45.122 7846 9660 W AsyncOperation: at atgp.ff(:com.google.android.gms@244337026@24.43.37 (150800-693941914):51)
12-05 10:06:45.122 7846 9660 W AsyncOperation: at ndh.onTransact(:com.google.android.gms@244337026@24.43.37 (150800-693941914):75)
12-05 10:06:45.122 7846 9660 W AsyncOperation: at android.os.Binder.execTransactInternal(Binder.java:1184)
12-05 10:06:45.122 7846 9660 W AsyncOperation: at android.os.Binder.execTransact(Binder.java:1143)
12-05 10:06:45.128 7846 9660 W FacsCacheGmsModule: Operation 'GetActivityControlsSettingsOperation' failed with status '7'!
12-05 10:06:45.133 7800 7821 E SwaaNcc : Gaia accounts check failed [CONTEXT service_id=299 ]
12-05 10:06:45.133 7800 7821 E SwaaNcc : akux: 7: Internal sync API failure!
12-05 10:06:45.133 7800 7821 E SwaaNcc : at alrb.a(:com.google.android.gms@244337026@24.43.37 (150800-693941914):15)
12-05 10:06:45.133 7800 7821 E SwaaNcc : at alar.b(:com.google.android.gms@244337026@24.43.37 (150800-693941914):11)
12-05 10:06:45.133 7800 7821 E SwaaNcc : at atfo.d(:com.google.android.gms@244337026@24.43.37 (150800-693941914):44)
12-05 10:06:45.133 7800 7821 E SwaaNcc : at atgj.ff(:com.google.android.gms@244337026@24.43.37 (150800-693941914):75)
12-05 10:06:45.133 7800 7821 E SwaaNcc : at ndh.onTransact(:com.google.android.gms@244337026@24.43.37 (150800-693941914):75)
12-05 10:06:45.133 7800 7821 E SwaaNcc : at android.os.Binder.execTransactInternal(Binder.java:1184)
12-05 10:06:45.133 7800 7821 E SwaaNcc : at android.os.Binder.execTransact(Binder.java:1143)
12-05 10:06:45.136 7846 8077 I FacsCacheGmsModule: Received 'getActivityControlsSettings' request from package 'com.google.android.gms', instance id 'gmscorelogger', version '1'...
12-05 10:06:45.143 7846 8077 I FacsCacheGmsModule: Operation 'getActivityControlsSettings' dispatched!
12-05 10:06:45.150 7846 9660 I FacsCacheGmsModule: Executing operation 'GetActivityControlsSettingsOperation'...
12-05 10:06:45.169 7846 9660 I FacsCacheGmsModule: Forwarding operation 'GetActivityControlsSettingsOperation' to internal FACS API...
12-05 10:06:45.171 7800 8792 W FacsCacheGmsModule: Operation 'SyncActivityControlsSettingsInternalOperation' failed with status '7'!
12-05 10:06:45.175 7800 7821 I FacsCacheGmsModule: Received 'syncActivityControlsSettingsInternal' (forced: false) request...
12-05 10:06:45.187 7846 8918 W Auth : [RequestTokenManager] getToken() -> NEED_REMOTE_CONSENT. App: com.google.android.gms, Service: oauth2:https://www.googleapis.com/auth/peopleapi.legacy.readwrite https://www.googleapis.com/auth/peopleapi.readonly https://www.googleapis.com/auth/peopleapi.readwrite https://www.googleapis.com/auth/plus.peopleapi.readwrite https://www.googleapis.com/auth/plus.me
12-05 10:06:45.193 7800 9664 I FSA2_RawContactSyncer: contact count. before sweep: -1, before sync: 0, after sync down: -1, after sync up: 0
12-05 10:06:45.197 7800 9664 E FSA2_ContactsSyncAdapter: Sync has been terminated.
12-05 10:06:45.197 7800 9664 E FSA2_ContactsSyncAdapter: com.google.android.gms.auth.UserRecoverableAuthException: NeedRemoteConsent
12-05 10:06:45.197 7800 9664 E FSA2_ContactsSyncAdapter: at snz.p(:com.google.android.gms@244337026@24.43.37 (150800-693941914):41)
12-05 10:06:45.197 7800 9664 E FSA2_ContactsSyncAdapter: at snz.t(:com.google.android.gms@244337026@24.43.37 (150800-693941914):32)
12-05 10:06:45.197 7800 9664 E FSA2_ContactsSyncAdapter: at sns.a(:com.google.android.gms@244337026@24.43.37 (150800-693941914):55)
12-05 10:06:45.197 7800 9664 E FSA2_ContactsSyncAdapter: at snz.s(:com.google.android.gms@244337026@24.43.37 (150800-693941914):34)
12-05 10:06:45.197 7800 9664 E FSA2_ContactsSyncAdapter: at snz.v(:com.google.android.gms@244337026@24.43.37 (150800-693941914):153)
12-05 10:06:45.197 7800 9664 E FSA2_ContactsSyncAdapter: at snz.i(:com.google.android.gms@244337026@24.43.37 (150800-693941914):4)
12-05 10:06:45.197 7800 9664 E FSA2_ContactsSyncAdapter: at amfh.b(:com.google.android.gms@244337026@24.43.37 (150800-693941914):36)
12-05 10:06:45.197 7800 9664 E FSA2_ContactsSyncAdapter: at amdz.n(:com.google.android.gms@244337026@24.43.37 (150800-693941914):32)
12-05 10:06:45.197 7800 9664 E FSA2_ContactsSyncAdapter: at amem.C(:com.google.android.gms@244337026@24.43.37 (150800-693941914):8)
12-05 10:06:45.197 7800 9664 E FSA2_ContactsSyncAdapter: at amem.f(:com.google.android.gms@244337026@24.43.37 (150800-693941914):14)
12-05 10:06:45.197 7800 9664 E FSA2_ContactsSyncAdapter: at cnaa.f(:com.google.android.gms@244337026@24.43.37 (150800-693941914):324)
12-05 10:06:45.197 7800 9664 E FSA2_ContactsSyncAdapter: at cnac.g(:com.google.android.gms@244337026@24.43.37 (150800-693941914):160)
12-05 10:06:45.197 7800 9664 E FSA2_ContactsSyncAdapter: at cnad.run(:com.google.android.gms@244337026@24.43.37 (150800-693941914):12)
12-05 10:06:45.197 7800 9664 E FSA2_ContactsSyncAdapter: at java.lang.Thread.run(Thread.java:920)
12-05 10:06:45.208 7800 7821 I FacsCacheGmsModule: Operation 'syncActivityControlsSettingsInternal' dispatched!
12-05 10:06:45.211 7800 9573 I FacsCacheGmsModule: Executing operation 'SyncActivityControlsSettingsInternalOperation'...
12-05 10:06:45.213 7800 9573 I FacsCacheGmsModule: Operation 'SyncActivityControlsSettingsInternalOperation' performing sync (type: 'EMPTY_CACHE')...
12-05 10:06:45.215 7846 8918 W Auth : [GetToken] GetToken failed with status code: NeedRemoteConsent [CONTEXT service_id=343 ]
12-05 10:06:45.245 7800 9664 W ChimeraUtils: Module com.google.android.gms.people missing resource null(0)
12-05 10:06:45.278 7800 9664 W ChimeraUtils: Module com.google.android.gms.people missing resource null(0)
12-05 10:06:45.295 7800 7946 W Auth : [GoogleAuthUtil] [GoogleAuthUtil] error status:NEED_REMOTE_CONSENT with method:getTokenWithDetails
12-05 10:06:45.335 563 848 W SyncManager: failed sync operation JobId=100036 ***/com.google u0 [com.android.contacts] USER ExpectedIn=-8s EXPEDITED STANDBY-EXEMPTED(TOP) Reason=10105, SyncResult: stats [ numAuthExceptions: 1]
12-05 10:06:45.335 563 848 E SyncManager: not retrying sync operation because the error is a hard error: JobId=100036 ***/com.google u0 [com.android.contacts] USER ExpectedIn=-8s EXPEDITED STANDBY-EXEMPTED(TOP) Reason=10105 Retries=1
12-05 10:06:45.354 7800 7902 W AsyncOperation: operation=HandleSyncOperation, opStatusCode=38003 [CONTEXT service_id=215 ]
12-05 10:06:45.354 7800 7902 W AsyncOperation: OperationException[Status{statusCode=Sync failed with an authentication error!, resolution=null}]
12-05 10:06:45.354 7800 7902 W AsyncOperation: at buul.f(:com.google.android.gms@244337026@24.43.37 (150800-693941914):567)
12-05 10:06:45.354 7800 7902 W AsyncOperation: at bpnh.fj(:com.google.android.gms@244337026@24.43.37 (150800-693941914):1)
12-05 10:06:45.354 7800 7902 W AsyncOperation: at bpnt.run(:com.google.android.gms@244337026@24.43.37 (150800-693941914):66)
12-05 10:06:45.354 7800 7902 W AsyncOperation: at eaxt.run(:com.google.android.gms@244337026@24.43.37 (150800-693941914):21)
12-05 10:06:45.354 7800 7902 W AsyncOperation: at amjy.c(:com.google.android.gms@244337026@24.43.37 (150800-693941914):50)
12-05 10:06:45.354 7800 7902 W AsyncOperation: at amjy.run(:com.google.android.gms@244337026@24.43.37 (150800-693941914):97)
12-05 10:06:45.354 7800 7902 W AsyncOperation: at java.util.concurrent.ThreadPoolExecutor.runWorker(ThreadPoolExecutor.java:1167)
12-05 10:06:45.354 7800 7902 W AsyncOperation: at java.util.concurrent.ThreadPoolExecutor$Worker.run(ThreadPoolExecutor.java:641)
12-05 10:06:45.354 7800 7902 W AsyncOperation: at ampj.run(:com.google.android.gms@244337026@24.43.37 (150800-693941914):8)
12-05 10:06:45.354 7800 7902 W AsyncOperation: at java.lang.Thread.run(Thread.java:920)
12-05 10:06:45.354 7800 7902 W AsyncOperation: Caused by: buuo: fola: UNAUTHENTICATED
12-05 10:06:45.354 7800 7902 W AsyncOperation: at buqh.a(:com.google.android.gms@244337026@24.43.37 (150800-693941914):82)
12-05 10:06:45.354 7800 7902 W AsyncOperation: at buoo.a(:com.google.android.gms@244337026@24.43.37 (150800-693941914):3)
12-05 10:06:45.354 7800 7902 W AsyncOperation: at eidu.d(:com.google.android.gms@244337026@24.43.37 (150800-693941914):3)
12-05 10:06:45.354 7800 7902 W AsyncOperation: at eidw.run(:com.google.android.gms@244337026@24.43.37 (150800-693941914):130)
12-05 10:06:45.354 7800 7902 W AsyncOperation: at eifp.execute(:com.google.android.gms@244337026@24.43.37 (150800-693941914):1)
12-05 10:06:45.354 7800 7902 W AsyncOperation: at eidx.h(:com.google.android.gms@244337026@24.43.37 (150800-693941914):1)
12-05 10:06:45.354 7800 7902 W AsyncOperation: at eidx.l(:com.google.android.gms@244337026@24.43.37 (150800-693941914):101)
12-05 10:06:45.354 7800 7902 W AsyncOperation: at eidx.p(:com.google.android.gms@244337026@24.43.37 (150800-693941914):19)
12-05 10:06:45.354 7800 7902 W AsyncOperation: at eied.run(:com.google.android.gms@244337026@24.43.37 (150800-693941914):81)
12-05 10:06:45.354 7800 7902 W AsyncOperation: at eifp.execute(:com.google.android.gms@244337026@24.43.37 (150800-693941914):1)
12-05 10:06:45.354 7800 7902 W AsyncOperation: at eidx.h(:com.google.android.gms@244337026@24.43.37 (150800-693941914):1)
12-05 10:06:45.354 7800 7902 W AsyncOperation: at eidx.l(:com.google.android.gms@244337026@24.43.37 (150800-693941914):101)
12-05 10:06:45.354 7800 7902 W AsyncOperation: at eidx.p(:com.google.android.gms@244337026@24.43.37 (150800-693941914):19)
12-05 10:06:45.354 7800 7902 W AsyncOperation: at eied.run(:com.google.android.gms@244337026@24.43.37 (150800-693941914):81)
12-05 10:06:45.354 7800 7902 W AsyncOperation: at eifp.execute(:com.google.android.gms@244337026@24.43.37 (150800-693941914):1)
12-05 10:06:45.354 7800 7902 W AsyncOperation: at eidx.h(:com.google.android.gms@244337026@24.43.37 (150800-693941914):1)
12-05 10:06:45.354 7800 7902 W AsyncOperation: at eidx.l(:com.google.android.gms@244337026@24.43.37 (150800-693941914):101)
12-05 10:06:45.354 7800 7902 W AsyncOperation: at eidx.p(:com.google.android.gms@244337026@24.43.37 (150800-693941914):19)
12-05 10:06:45.354 7800 7902 W AsyncOperation: at eied.run(:com.google.android.gms@244337026@24.43.37 (150800-693941914):81)
12-05 10:06:45.354 7800 7902 W AsyncOperation: at eifp.execute(:com.google.android.gms@244337026@24.43.37 (150800-693941914):1)
12-05 10:06:45.354 7800 7902 W AsyncOperation: at eidx.h(:com.google.android.gms@244337026@24.43.37 (150800-693941914):1)
12-05 10:06:45.354 7800 7902 W AsyncOperation: at eidx.l(:com.google.android.gms@244337026@24.43.37 (150800-693941914):101)
12-05 10:06:45.354 7800 7902 W AsyncOperation: at eidx.p(:com.google.android.gms@244337026@24.43.37 (150800-693941914):19)
12-05 10:06:45.354 7800 7902 W AsyncOperation: at eied.run(:com.google.android.gms@244337026@24.43.37 (150800-693941914):81)
12-05 10:06:45.354 7800 7902 W AsyncOperation: at eifp.execute(:com.google.android.gms@244337026@24.43.37 (150800-693941914):1)
12-05 10:06:45.354 7800 7902 W AsyncOperation: at eidx.h(:com.google.android.gms@244337026@24.43.37 (150800-693941914):1)
12-05 10:06:45.354 7800 7902 W AsyncOperation: at eidx.l(:com.google.android.gms@244337026@24.43.37 (150800-693941914):101)
12-05 10:06:45.354 7800 7902 W AsyncOperation: at eidx.r(:com.google.android.gms@244337026@24.43.37 (150800-693941914):28)
12-05 10:06:45.354 7800 7902 W AsyncOperation: at eigm.run(:com.google.android.gms@244337026@24.43.37 (150800-693941914):5)
12-05 10:06:45.354 7800 7902 W AsyncOperation: at eifp.execute(:com.google.android.gms@244337026@24.43.37 (150800-693941914):1)
12-05 10:06:45.354 7800 7902 W AsyncOperation: at eidx.h(:com.google.android.gms@244337026@24.43.37 (150800-693941914):1)
12-05 10:06:45.354 7800 7902 W AsyncOperation: at eidx.l(:com.google.android.gms@244337026@24.43.37 (150800-693941914):101)
12-05 10:06:45.354 7800 7902 W AsyncOperation: at eidx.r(:com.google.android.gms@244337026@24.43.37 (150800-693941914):28)
12-05 10:06:45.354 7800 7902 W AsyncOperation: at eigm.run(:com.google.android.gms@244337026@24.43.37 (150800-693941914):5)
12-05 10:06:45.354 7800 7902 W AsyncOperation: at eifp.execute(:com.google.android.gms@244337026@24.43.37 (150800-693941914):1)
12-05 10:06:45.354 7800 7902 W AsyncOperation: at eidx.h(:com.google.android.gms@244337026@24.43.37 (150800-693941914):1)
12-05 10:06:45.354 7800 7902 W AsyncOperation: at eidx.l(:com.google.android.gms@244337026@24.43.37 (150800-693941914):101)
12-05 10:06:45.354 7800 7902 W AsyncOperation: at eidx.p(:com.google.android.gms@244337026@24.43.37 (150800-693941914):19)
12-05 10:06:45.354 7800 7902 W AsyncOperation: at eifn.d(:com.google.android.gms@244337026@24.43.37 (150800-693941914):18)
12-05 10:06:45.364 7800 7902 W AsyncOperation: at eiha.run(:com.google.android.gms@244337026@24.43.37 (150800-693941914):39)
12-05 10:06:45.364 7800 7902 W AsyncOperation: at amjy.c(:com.google.android.gms@244337026@24.43.37 (150800-693941914):50)
12-05 10:06:45.364 7800 7902 W AsyncOperation: at amjy.run(:com.google.android.gms@244337026@24.43.37 (150800-693941914):76)
12-05 10:06:45.364 7800 7902 W AsyncOperation: ... 4 more
12-05 10:06:45.364 7800 7902 W AsyncOperation: Caused by: fola: UNAUTHENTICATED
12-05 10:06:45.364 7800 7902 W AsyncOperation: at fpeq.a(:com.google.android.gms@244337026@24.43.37 (150800-693941914):41)
12-05 10:06:45.364 7800 7902 W AsyncOperation: at elgb.f(:com.google.android.gms@244337026@24.43.37 (150800-693941914):93)
12-05 10:06:45.364 7800 7902 W AsyncOperation: at elgb.h(:com.google.android.gms@244337026@24.43.37 (150800-693941914):23)
12-05 10:06:45.364 7800 7902 W AsyncOperation: at elgb.a(:com.google.android.gms@244337026@24.43.37 (150800-693941914):8)
12-05 10:06:45.364 7800 7902 W AsyncOperation: at elgk.run(:com.google.android.gms@244337026@24.43.37 (150800-693941914):9)
12-05 10:06:45.364 7800 7902 W AsyncOperation: at elgm.e(:com.google.android.gms@244337026@24.43.37 (150800-693941914):22)
12-05 10:06:45.364 7800 7902 W AsyncOperation: at elgm.a(:com.google.android.gms@244337026@24.43.37 (150800-693941914):6)
12-05 10:06:45.364 7800 7902 W AsyncOperation: at elfs.run(:com.google.android.gms@244337026@24.43.37 (150800-693941914):14)
12-05 10:06:45.364 7800 7902 W AsyncOperation: at elfp.run(:com.google.android.gms@244337026@24.43.37 (150800-693941914):3)
12-05 10:06:45.364 7800 7902 W AsyncOperation: at eihq.run(:com.google.android.gms@244337026@24.43.37 (150800-693941914):3)
12-05 10:06:45.364 7800 7902 W AsyncOperation: at eihr.run(:com.google.android.gms@244337026@24.43.37 (150800-693941914):76)
12-05 10:06:45.364 7800 7902 W AsyncOperation: at eifp.execute(:com.google.android.gms@244337026@24.43.37 (150800-693941914):1)
12-05 10:06:45.364 7800 7902 W AsyncOperation: at elfx.execute(:com.google.android.gms@244337026@24.43.37 (150800-693941914):3)
12-05 10:06:45.364 7800 7902 W AsyncOperation: at eihs.execute(:com.google.android.gms@244337026@24.43.37 (150800-693941914):36)
12-05 10:06:45.364 7800 7902 W AsyncOperation: at elfg.execute(:com.google.android.gms@244337026@24.43.37 (150800-693941914):10)
12-05 10:06:45.364 7800 7902 W AsyncOperation: at elfv.a(:com.google.android.gms@244337026@24.43.37 (150800-693941914):10)
12-05 10:06:45.364 7800 7902 W AsyncOperation: at elgb.f(:com.google.android.gms@244337026@24.43.37 (150800-693941914):93)
12-05 10:06:45.364 7800 7902 W AsyncOperation: at elgb.h(:com.google.android.gms@244337026@24.43.37 (150800-693941914):23)
12-05 10:06:45.364 7800 7902 W AsyncOperation: at elgb.a(:com.google.android.gms@244337026@24.43.37 (150800-693941914):8)
12-05 10:06:45.364 7800 7902 W AsyncOperation: at elgk.run(:com.google.android.gms@244337026@24.43.37 (150800-693941914):9)
12-05 10:06:45.364 7800 7902 W AsyncOperation: at elgm.e(:com.google.android.gms@244337026@24.43.37 (150800-693941914):22)
12-05 10:06:45.364 7800 7902 W AsyncOperation: at elgm.a(:com.google.android.gms@244337026@24.43.37 (150800-693941914):6)
12-05 10:06:45.364 7800 7902 W AsyncOperation: at elfs.run(:com.google.android.gms@244337026@24.43.37 (150800-693941914):14)
12-05 10:06:45.364 7800 7902 W AsyncOperation: at elfp.run(:com.google.android.gms@244337026@24.43.37 (150800-693941914):3)
12-05 10:06:45.364 7800 7902 W AsyncOperation: at eihq.run(:com.google.android.gms@244337026@24.43.37 (150800-693941914):3)
12-05 10:06:45.364 7800 7902 W AsyncOperation: at eihr.run(:com.google.android.gms@244337026@24.43.37 (150800-693941914):76)
12-05 10:06:45.364 7800 7902 W AsyncOperation: at eifp.execute(:com.google.android.gms@244337026@24.43.37 (150800-693941914):1)
12-05 10:06:45.364 7800 7902 W AsyncOperation: at elfx.execute(:com.google.android.gms@244337026@24.43.37 (150800-693941914):3)
12-05 10:06:45.364 7800 7902 W AsyncOperation: at eihs.execute(:com.google.android.gms@244337026@24.43.37 (150800-693941914):36)
12-05 10:06:45.364 7800 7902 W AsyncOperation: at elfg.execute(:com.google.android.gms@244337026@24.43.37 (150800-693941914):10)
12-05 10:06:45.364 7800 7902 W AsyncOperation: at elfv.a(:com.google.android.gms@244337026@24.43.37 (150800-693941914):10)
12-05 10:06:45.364 7800 7902 W AsyncOperation: at elgb.f(:com.google.android.gms@244337026@24.43.37 (150800-693941914):93)
12-05 10:06:45.364 7800 7902 W AsyncOperation: at elgb.h(:com.google.android.gms@244337026@24.43.37 (150800-693941914):23)
12-05 10:06:45.364 7800 7902 W AsyncOperation: at elgb.a(:com.google.android.gms@244337026@24.43.37 (150800-693941914):8)
12-05 10:06:45.364 7800 7902 W AsyncOperation: at elgk.run(:com.google.android.gms@244337026@24.43.37 (150800-693941914):9)
12-05 10:06:45.364 7800 7902 W AsyncOperation: at elgm.e(:com.google.android.gms@244337026@24.43.37 (150800-693941914):22)
12-05 10:06:45.364 7800 7902 W AsyncOperation: at elgm.a(:com.google.android.gms@244337026@24.43.37 (150800-693941914):6)
12-05 10:06:45.364 7800 7902 W AsyncOperation: at elfs.run(:com.google.android.gms@244337026@24.43.37 (150800-693941914):14)
12-05 10:06:45.364 7800 7902 W AsyncOperation: at elfp.run(:com.google.android.gms@244337026@24.43.37 (150800-693941914):3)
12-05 10:06:45.364 7800 7902 W AsyncOperation: at eihr.run(:com.google.android.gms@244337026@24.43.37 (150800-693941914):76)
12-05 10:06:45.364 7800 7902 W AsyncOperation: at eifp.execute(:com.google.android.gms@244337026@24.43.37 (150800-693941914):1)
12-05 10:06:45.364 7800 7902 W AsyncOperation: at elfx.execute(:com.google.android.gms@244337026@24.43.37 (150800-693941914):3)
12-05 10:06:45.364 7800 7902 W AsyncOperation: at eihs.execute(:com.google.android.gms@244337026@24.43.37 (150800-693941914):36)
12-05 10:06:45.364 7800 7902 W AsyncOperation: at elfg.execute(:com.google.android.gms@244337026@24.43.37 (150800-693941914):10)
12-05 10:06:45.364 7800 7902 W AsyncOperation: at eift.c(:com.google.android.gms@244337026@24.43.37 (150800-693941914):1)
12-05 10:06:45.364 7800 7902 W AsyncOperation: at eift.b(:com.google.android.gms@244337026@24.43.37 (150800-693941914):32)
12-05 10:06:45.364 7800 7902 W AsyncOperation: at eihd.done(:com.google.android.gms@244337026@24.43.37 (150800-693941914):3)
12-05 10:06:45.373 7800 7902 W AsyncOperation: at java.util.concurrent.FutureTask.finishCompletion(FutureTask.java:383)
12-05 10:06:45.373 7800 7902 W AsyncOperation: at java.util.concurrent.FutureTask.setException(FutureTask.java:252)
12-05 10:06:45.373 7800 7902 W AsyncOperation: at java.util.concurrent.FutureTask.run(FutureTask.java:271)
12-05 10:06:45.373 7800 7902 W AsyncOperation: ... 6 more
12-05 10:06:45.373 7800 7902 W AsyncOperation: Caused by: com.google.android.gms.auth.UserRecoverableAuthException: NeedRemoteConsent
12-05 10:06:45.373 7800 7902 W AsyncOperation: at snz.p(:com.google.android.gms@244337026@24.43.37 (150800-693941914):41)
12-05 10:06:45.373 7800 7902 W AsyncOperation: at snz.t(:com.google.android.gms@244337026@24.43.37 (150800-693941914):32)
12-05 10:06:45.373 7800 7902 W AsyncOperation: at sns.a(:com.google.android.gms@244337026@24.43.37 (150800-693941914):55)
12-05 10:06:45.373 7800 7902 W AsyncOperation: at snz.s(:com.google.android.gms@244337026@24.43.37 (150800-693941914):34)
12-05 10:06:45.373 7800 7902 W AsyncOperation: at snz.v(:com.google.android.gms@244337026@24.43.37 (150800-693941914):153)
12-05 10:06:45.373 7800 7902 W AsyncOperation: at eldc.d(:com.google.android.gms@244337026@24.43.37 (150800-693941914):10)
12-05 10:06:45.373 7800 7902 W AsyncOperation: at eldc.c(:com.google.android.gms@244337026@24.43.37 (150800-693941914):69)
12-05 10:06:45.373 7800 7902 W AsyncOperation: at elcz.call(:com.google.android.gms@244337026@24.43.37 (150800-693941914):8)
12-05 10:06:45.373 7800 7902 W AsyncOperation: at java.util.concurrent.FutureTask.run(FutureTask.java:266)
12-05 10:06:45.373 7800 7902 W AsyncOperation: at eldc.a(:com.google.android.gms@244337026@24.43.37 (150800-693941914):63)
12-05 10:06:45.373 7800 7902 W AsyncOperation: at elcc.call(:com.google.android.gms@244337026@24.43.37 (150800-693941914):25)
12-05 10:06:45.373 7800 7902 W AsyncOperation: at eaxq.call(:com.google.android.gms@244337026@24.43.37 (150800-693941914):13)
12-05 10:06:45.373 7800 7902 W AsyncOperation: at java.util.concurrent.FutureTask.run(FutureTask.java:266)
12-05 10:06:45.373 7800 7902 W AsyncOperation: ... 6 more
12-05 10:06:45.377 7800 7889 E BasePeopleOperation: GetPeopleResponse failed with cause:
12-05 10:06:45.377 7800 7889 E BasePeopleOperation: akux: 38003: Sync failed with an authentication error!
12-05 10:06:45.377 7800 7889 E BasePeopleOperation: at alrb.a(:com.google.android.gms@244337026@24.43.37 (150800-693941914):15)
12-05 10:06:45.377 7800 7889 E BasePeopleOperation: at alar.c(:com.google.android.gms@244337026@24.43.37 (150800-693941914):12)
12-05 10:06:45.377 7800 7889 E BasePeopleOperation: at busa.a(:com.google.android.gms@244337026@24.43.37 (150800-693941914):13)
12-05 10:06:45.377 7800 7889 E BasePeopleOperation: at buul.j(:com.google.android.gms@244337026@24.43.37 (150800-693941914):4)
12-05 10:06:45.377 7800 7889 E BasePeopleOperation: at bpnh.fj(:com.google.android.gms@244337026@24.43.37 (150800-693941914):63)
12-05 10:06:45.377 7800 7889 E BasePeopleOperation: at bpnt.run(:com.google.android.gms@244337026@24.43.37 (150800-693941914):66)
12-05 10:06:45.377 7800 7889 E BasePeopleOperation: at eaxt.run(:com.google.android.gms@244337026@24.43.37 (150800-693941914):21)
12-05 10:06:45.377 7800 7889 E BasePeopleOperation: at amjy.c(:com.google.android.gms@244337026@24.43.37 (150800-693941914):50)
12-05 10:06:45.377 7800 7889 E BasePeopleOperation: at amjy.run(:com.google.android.gms@244337026@24.43.37 (150800-693941914):97)
12-05 10:06:45.377 7800 7889 E BasePeopleOperation: at java.util.concurrent.ThreadPoolExecutor.runWorker(ThreadPoolExecutor.java:1167)
12-05 10:06:45.377 7800 7889 E BasePeopleOperation: at java.util.concurrent.ThreadPoolExecutor$Worker.run(ThreadPoolExecutor.java:641)
12-05 10:06:45.377 7800 7889 E BasePeopleOperation: at ampj.run(:com.google.android.gms@244337026@24.43.37 (150800-693941914):8)
12-05 10:06:45.377 7800 7889 E BasePeopleOperation: at java.lang.Thread.run(Thread.java:920)
12-05 10:06:45.390 7800 7902 I MdiSyncModule: Operation '1' failed with status '38003'!
12-05 10:06:45.401 7800 7902 I MdiSyncModule: Executing operation '1'...
12-05 10:06:45.420 7846 9668 I GCoreUlr: Grpc compression enabled: gzip
12-05 10:06:45.433 7846 9668 E GCoreUlr: Create new device tag of -433776476 without device reboot
12-05 10:06:45.462 7800 9562 I GCM : Checking if the GCM ID is available and maybe schedule a task to register GMS if not.
12-05 10:06:45.465 7800 9562 I GCM-GMS : Scheduling task to register GMS
12-05 10:06:45.471 7846 7867 I FacsCacheGmsModule: Received 'readDeviceLevelSettings' request from package 'com.google.android.gms'...
12-05 10:06:45.475 7846 7867 I FacsCacheGmsModule: Operation 'readDeviceLevelSettings' dispatched!
12-05 10:06:45.478 7846 7884 I FacsCacheGmsModule: Executing operation 'ReadDeviceLevelSettingsOperation'...
12-05 10:06:45.481 7846 7884 I FacsCacheGmsModule: Operation 'ReadDeviceLevelSettingsOperation' successful!
12-05 10:06:45.484 7800 7947 I GmsCoreXrpcWrapper: Returning a channel provider with trafficStatsTag=4097 trafficStatsUid=-1
12-05 10:06:45.495 7800 9562 I GCM : Checking if the GCM ID is available and maybe schedule a task to register GMS if not.
12-05 10:06:45.495 7800 9562 I GCM-GMS : Scheduling task to register GMS
12-05 10:06:45.502 7846 9668 I GCoreUlr: No GCM registration ID
12-05 10:06:45.567 7846 9668 W GLSUser : [DeviceKeyStore] Cannot load key: Device key file not found.
12-05 10:06:45.570 7846 9668 W GLSUser : [DeviceKeyStore] Cannot load key: Device key file not found.
12-05 10:06:45.642 7846 7867 W Auth : [RequestTokenManager] getToken() -> NEED_REMOTE_CONSENT. App: com.google.android.gms, Service: oauth2:https://www.googleapis.com/auth/webhistory
12-05 10:06:45.648 7846 7867 W Auth : [GetToken] GetToken failed with status code: NeedRemoteConsent [CONTEXT service_id=343 ]
12-05 10:06:45.667 7846 9668 W Auth : [RequestTokenManager] getToken() -> NEED_REMOTE_CONSENT. App: com.google.android.gms, Service: oauth2:https://www.googleapis.com/auth/userlocation.reporting
12-05 10:06:45.673 7846 9668 W Auth : [GetToken] GetToken failed with status code: NeedRemoteConsent [CONTEXT service_id=343 ]
12-05 10:06:45.682 7800 9616 W Auth : [GoogleAuthUtil] [GoogleAuthUtil] error status:NEED_REMOTE_CONSENT with method:getTokenWithDetails
12-05 10:06:45.699 7800 9617 W gle.android.gm: Long monitor contention with owner lowpool[9] (9616) at elch eldc.b(elcb, java.util.Set)(:com.google.android.gms@244337026@24.43.37 (150800-693941914):29) waiters=0 in elch eldc.b(elcb, java.util.Set) for 157ms
12-05 10:06:45.707 7846 9668 W Auth : [GoogleAuthUtil] [GoogleAuthUtil] error status:NEED_REMOTE_CONSENT with method:getTokenWithDetails
12-05 10:06:45.711 7846 9668 E GCoreUlr: The Account {name=BTPMJ354TFE33L6N4TBZXWF2SM-00@cloudtestlabaccounts.com, type=com.google} has been under authentication error for 0 minutes
12-05 10:06:45.721 7846 9668 E GCoreUlr: syncNotDefinedYet() auth exception: com.google.android.gms.auth.UserRecoverableAuthException: NeedRemoteConsent
12-05 10:06:45.725 7846 9668 W GCoreUlr: com.google.android.gms.auth.UserRecoverableAuthException: NeedRemoteConsent
12-05 10:06:45.725 7846 9668 W GCoreUlr: at snz.p(:com.google.android.gms@244337026@24.43.37 (150800-693941914):41)
12-05 10:06:45.725 7846 9668 W GCoreUlr: at snz.t(:com.google.android.gms@244337026@24.43.37 (150800-693941914):32)
12-05 10:06:45.725 7846 9668 W GCoreUlr: at sns.a(:com.google.android.gms@244337026@24.43.37 (150800-693941914):55)
12-05 10:06:45.725 7846 9668 W GCoreUlr: at snz.s(:com.google.android.gms@244337026@24.43.37 (150800-693941914):34)
12-05 10:06:45.725 7846 9668 W GCoreUlr: at snz.v(:com.google.android.gms@244337026@24.43.37 (150800-693941914):153)
12-05 10:06:45.725 7846 9668 W GCoreUlr: at snz.i(:com.google.android.gms@244337026@24.43.37 (150800-693941914):4)
12-05 10:06:45.725 7846 9668 W GCoreUlr: at amfh.b(:com.google.android.gms@244337026@24.43.37 (150800-693941914):36)
12-05 10:06:45.725 7846 9668 W GCoreUlr: at amdz.n(:com.google.android.gms@244337026@24.43.37 (150800-693941914):32)
12-05 10:06:45.725 7846 9668 W GCoreUlr: at amem.C(:com.google.android.gms@244337026@24.43.37 (150800-693941914):8)
12-05 10:06:45.725 7846 9668 W GCoreUlr: at amem.f(:com.google.android.gms@244337026@24.43.37 (150800-693941914):14)
12-05 10:06:45.725 7846 9668 W GCoreUlr: at dvpm.a(:com.google.android.gms@244337026@24.43.37 (150800-693941914):1119)
12-05 10:06:45.725 7846 9668 W GCoreUlr: at dvpy.f(:com.google.android.gms@244337026@24.43.37 (150800-693941914):18)
12-05 10:06:45.725 7846 9668 W GCoreUlr: at dvpy.d(:com.google.android.gms@244337026@24.43.37 (150800-693941914):1)
12-05 10:06:45.725 7846 9668 W GCoreUlr: at dvpx.b(:com.google.android.gms@244337026@24.43.37 (150800-693941914):43)
12-05 10:06:45.725 7846 9668 W GCoreUlr: at amit.onPerformSync(:com.google.android.gms@244337026@24.43.37 (150800-693941914):22)
12-05 10:06:45.725 7846 9668 W GCoreUlr: at android.content.AbstractThreadedSyncAdapter$SyncThread.run(AbstractThreadedSyncAdapter.java:334)
12-05 10:06:45.733 9381 9595 E GoogleApiManager: Failed to get service from broker.
12-05 10:06:45.733 9381 9595 E GoogleApiManager: java.lang.SecurityException: Unknown calling package name 'com.google.android.gms'.
12-05 10:06:45.733 9381 9595 E GoogleApiManager: at android.os.Parcel.createExceptionOrNull(Parcel.java:2425)
12-05 10:06:45.733 9381 9595 E GoogleApiManager: at android.os.Parcel.createException(Parcel.java:2409)
12-05 10:06:45.733 9381 9595 E GoogleApiManager: at android.os.Parcel.readException(Parcel.java:2392)
12-05 10:06:45.733 9381 9595 E GoogleApiManager: at android.os.Parcel.readException(Parcel.java:2334)
12-05 10:06:45.733 9381 9595 E GoogleApiManager: at alti.a(:com.google.android.gms@244337026@24.43.37 (150800-693941914):36)
12-05 10:06:45.733 9381 9595 E GoogleApiManager: at alrp.z(:com.google.android.gms@244337026@24.43.37 (150800-693941914):150)
12-05 10:06:45.733 9381 9595 E GoogleApiManager: at akyx.run(:com.google.android.gms@244337026@24.43.37 (150800-693941914):54)
12-05 10:06:45.733 9381 9595 E GoogleApiManager: at android.os.Handler.handleCallback(Handler.java:938)
12-05 10:06:45.733 9381 9595 E GoogleApiManager: at android.os.Handler.dispatchMessage(Handler.java:99)
12-05 10:06:45.733 9381 9595 E GoogleApiManager: at bqpi.lQ(:com.google.android.gms@244337026@24.43.37 (150800-693941914):1)
12-05 10:06:45.733 9381 9595 E GoogleApiManager: at bqpi.dispatchMessage(:com.google.android.gms@244337026@24.43.37 (150800-693941914):5)
12-05 10:06:45.733 9381 9595 E GoogleApiManager: at android.os.Looper.loopOnce(Looper.java:201)
12-05 10:06:45.733 9381 9595 E GoogleApiManager: at android.os.Looper.loop(Looper.java:288)
12-05 10:06:45.733 9381 9595 E GoogleApiManager: at android.os.HandlerThread.run(HandlerThread.java:67)
12-05 10:06:45.775 563 848 W SyncManager: failed sync operation JobId=100032 ***/com.google u0 [com.google.android.location.reporting] OTHER ExpectedIn=-8s STANDBY-EXEMPTED(TOP) Reason=AutoSync, SyncResult: stats [ numAuthExceptions: 1]
12-05 10:06:45.776 563 848 E SyncManager: not retrying sync operation because the error is a hard error: JobId=100032 ***/com.google u0 [com.google.android.location.reporting] OTHER ExpectedIn=-8s STANDBY-EXEMPTED(TOP) Reason=AutoSync Retries=1
12-05 10:06:45.810 7846 7867 W Auth : [RequestTokenManager] getToken() -> NEED_REMOTE_CONSENT. App: com.google.android.gms, Service: oauth2:https://www.googleapis.com/auth/peopleapi.legacy.readwrite https://www.googleapis.com/auth/peopleapi.readonly https://www.googleapis.com/auth/peopleapi.readwrite https://www.googleapis.com/auth/plus.peopleapi.readwrite https://www.googleapis.com/auth/plus.me
12-05 10:06:45.811 7846 7867 W Auth : [GetToken] GetToken failed with status code: NeedRemoteConsent [CONTEXT service_id=343 ]
12-05 10:06:45.854 7800 9669 I RemindersSync: Found sync condition that we don't recognize, re-initializing sync adapter. [T SyncAdapterThread-3:id=704:priority=5:group=main] [CONTEXT service_id=18 ]
12-05 10:06:45.905 7800 9617 W Auth : [GoogleAuthUtil] [GoogleAuthUtil] error status:NEED_REMOTE_CONSENT with method:getTokenWithDetails
12-05 10:06:45.922 563 848 D CompatibilityChangeReporter: Compat change id reported: 168419799; UID 10129; state: DISABLED
12-05 10:06:45.934 563 848 E SyncManager: Job params not found for 100037
12-05 10:06:45.940 7846 7846 D BoundBrokerSvc: onUnbind: Intent { act=com.google.android.gms.nearby.presence.service.START dat=chimera-action: cmp=com.google.android.gms/.chimera.PersistentApiServiceNoInstantApps }
12-05 10:06:46.019 8696 8775 D EGL_emulation: app_time_stats: avg=1001.32ms min=998.24ms max=1004.41ms count=2
12-05 10:06:46.023 352 352 W RanchuHwc: validateDisplay: layer 31 CompositionType 1, fallback
12-05 10:06:46.036 352 352 W RanchuHwc: presentDisplay display has no layers to compose, flushing client target buffer.
12-05 10:06:46.171 7846 9674 I GCoreUlr: No GCM registration ID
12-05 10:06:46.180 7846 7846 D BoundBrokerSvc: onUnbind: Intent { act=com.google.android.gms.auth.aang.events.services.START dat=chimera-action: cmp=com.google.android.gms/.chimera.PersistentApiService }
12-05 10:06:46.195 7800 9562 I GCM : Checking if the GCM ID is available and maybe schedule a task to register GMS if not.
12-05 10:06:46.195 7800 9562 I GCM-GMS : Scheduling task to register GMS
12-05 10:06:46.207 7846 7867 W Auth : [RequestTokenManager] getToken() -> NEED_REMOTE_CONSENT. App: com.google.android.gms, Service: oauth2:https://www.googleapis.com/auth/webhistory
12-05 10:06:46.264 7846 9674 W GLSUser : [DeviceKeyStore] Cannot load key: Device key file not found.
12-05 10:06:46.264 7846 9674 W GLSUser : [DeviceKeyStore] Cannot load key: Device key file not found.
12-05 10:06:46.302 7846 7867 W Auth : [GetToken] GetToken failed with status code: NeedRemoteConsent [CONTEXT service_id=343 ]
12-05 10:06:46.316 8132 9670 W DynamiteModule: Local module descriptor class for com.google.android.gms.providerinstaller.dynamite not found.
12-05 10:06:46.331 563 848 W JobInfo : Requested flex +57m36s0ms for job 100045 is too small; raising to +1h12m0s0ms
12-05 10:06:46.365 7846 9475 W Auth : [RequestTokenManager] getToken() -> NEED_REMOTE_CONSENT. App: com.google.android.gms, Service: oauth2:https://www.googleapis.com/auth/experimentsandconfigs
12-05 10:06:46.366 7846 8918 W ProviderHelper: Unknown dynamite feature providerinstaller.dynamite
12-05 10:06:46.391 7846 9475 W Auth : [GetToken] GetToken failed with status code: NeedRemoteConsent [CONTEXT service_id=343 ]
12-05 10:06:46.405 7846 8918 W GLSUser : [DeviceKeyStore] Cannot load key: Device key file not found.
12-05 10:06:46.406 7846 8918 W GLSUser : [DeviceKeyStore] Cannot load key: Device key file not found.
12-05 10:06:46.417 8132 9670 W ProviderInstaller: Failed to load providerinstaller module: No acceptable module found. Local version is 0 and remote version is 0.
12-05 10:06:46.422 7800 9616 W Auth : [GoogleAuthUtil] [GoogleAuthUtil] error status:NEED_REMOTE_CONSENT with method:getTokenWithDetails
12-05 10:06:46.423 7800 7906 W gle.android.gm: Long monitor contention with owner lowpool[9] (9616) at java.lang.Object elcz.call()(:com.google.android.gms@244337026@24.43.37 (150800-693941914):22) waiters=0 in java.lang.Object elcz.call() for 450ms
12-05 10:06:46.485 7846 9412 E GCM : Missing checkin config file
12-05 10:06:46.498 7846 7884 E GCM : Missing checkin config file
12-05 10:06:46.498 7846 7884 W GCM : GCM FAILED TO INITIALIZE - missing checkin
12-05 10:06:46.506 7846 9412 W GCM : GCM FAILED TO INITIALIZE - missing checkin
12-05 10:06:46.513 9381 9683 E Notifications: [TargetCreatorHelperImpl] Failed to get android ID.
12-05 10:06:46.513 9381 9679 E Notifications: [ScheduledTaskServiceHandler] Job finished with TRANSIENT_FAILURE. Job ID: '111001001', key: 'RPC_STORE_TARGET'
12-05 10:06:46.513 9381 9679 E Notifications: pxy: Registration ID not found.
12-05 10:06:46.513 9381 9679 E Notifications: at pyb.b(PG:7)
12-05 10:06:46.513 9381 9679 E Notifications: at pzq.a(PG:9)
12-05 10:06:46.513 9381 9679 E Notifications: at pyq.h(PG:10)
12-05 10:06:46.513 9381 9679 E Notifications: at qao.a(PG:3)
12-05 10:06:46.513 9381 9679 E Notifications: at qal.e(PG:6)
12-05 10:06:46.513 9381 9679 E Notifications: at pvl.run(PG:2)
12-05 10:06:46.513 9381 9679 E Notifications: at java.util.concurrent.ThreadPoolExecutor.runWorker(ThreadPoolExecutor.java:1167)
12-05 10:06:46.513 9381 9679 E Notifications: at java.util.concurrent.ThreadPoolExecutor$Worker.run(ThreadPoolExecutor.java:641)
12-05 10:06:46.513 9381 9679 E Notifications: at java.lang.Thread.run(Thread.java:920)
12-05 10:06:46.513 9381 9679 E Notifications: Caused by: java.io.IOException: AUTHENTICATION_FAILED
12-05 10:06:46.513 9381 9679 E Notifications: at uxi.a(PG:8)
12-05 10:06:46.513 9381 9679 E Notifications: at mzd$1.run(PG:2)
12-05 10:06:46.513 9381 9679 E Notifications: at uxa.execute(Unknown Source:0)
12-05 10:06:46.513 9381 9679 E Notifications: at mzd.a(Unknown Source:7)
12-05 10:06:46.513 9381 9679 E Notifications: at mzt.b(PG:5)
12-05 10:06:46.513 9381 9679 E Notifications: at mzd$1.run(PG:15)
12-05 10:06:46.513 9381 9679 E Notifications: at mbj.execute(Unknown Source:0)
12-05 10:06:46.513 9381 9679 E Notifications: at mzd.a(Unknown Source:7)
12-05 10:06:46.513 9381 9679 E Notifications: at mzt.b(PG:5)
12-05 10:06:46.513 9381 9679 E Notifications: at mbc$f.a(PG:3)
12-05 10:06:46.513 9381 9679 E Notifications: at maw.handleMessage(PG:10)
