12-05 10:07:07.828 563 2794 D ConnectivityService: ConnectivityService NetworkRequestInfo binderDied(uid/pid:10114/8407, [NetworkRequest [ REQUEST id=210, [ Capabilities: INTERNET&NOT_RESTRICTED&TRUSTED&NOT_VCN_MANAGED Uid: 10114 RequestorUid: 10114 RequestorPkg: com.google.android.youtube UnderlyingNetworks: Null] ]], android.os.BinderProxy@787b8f2)
12-05 10:07:07.828 563 1435 D ConnectivityService: ConnectivityService NetworkRequestInfo binderDied(uid/pid:10114/8407, [NetworkRequest [ REQUEST id=214, [ Capabilities: INTERNET&NOT_RESTRICTED&TRUSTED&NOT_VCN_MANAGED Uid: 10114 RequestorUid: 10114 RequestorPkg: com.google.android.youtube UnderlyingNetworks: Null] ]], android.os.BinderProxy@cec85c0)
12-05 10:07:07.829 563 2794 D ConnectivityService: ConnectivityService NetworkRequestInfo binderDied(uid/pid:10114/8407, [NetworkRequest [ LISTEN id=215, [ Capabilities: INTERNET&NOT_RESTRICTED&TRUSTED&FOREGROUND&NOT_VCN_MANAGED Uid: 10114 RequestorUid: 10114 RequestorPkg: com.google.android.youtube UnderlyingNetworks: Null] ]], android.os.BinderProxy@3f5a2f9)
12-05 10:07:07.829 563 1435 D ConnectivityService: ConnectivityService NetworkRequestInfo binderDied(uid/pid:10114/8407, [NetworkRequest [ REQUEST id=217, [ Capabilities: INTERNET&NOT_RESTRICTED&TRUSTED&NOT_VCN_MANAGED Uid: 10114 RequestorUid: 10114 RequestorPkg: com.google.android.youtube UnderlyingNetworks: Null] ]], android.os.BinderProxy@cd4723e)
12-05 10:07:07.829 563 794 D ConnectivityService: releasing NetworkRequest [ REQUEST id=210, [ Capabilities: INTERNET&NOT_RESTRICTED&TRUSTED&NOT_VCN_MANAGED Uid: 10114 RequestorUid: 10114 RequestorPkg: com.google.android.youtube UnderlyingNetworks: Null] ] (release request)
12-05 10:07:07.829 563 794 D ConnectivityService: releasing NetworkRequest [ REQUEST id=214, [ Capabilities: INTERNET&NOT_RESTRICTED&TRUSTED&NOT_VCN_MANAGED Uid: 10114 RequestorUid: 10114 RequestorPkg: com.google.android.youtube UnderlyingNetworks: Null] ] (release request)
12-05 10:07:07.830 563 794 D ConnectivityService: releasing NetworkRequest [ REQUEST id=217, [ Capabilities: INTERNET&NOT_RESTRICTED&TRUSTED&NOT_VCN_MANAGED Uid: 10114 RequestorUid: 10114 RequestorPkg: com.google.android.youtube UnderlyingNetworks: Null] ] (release request)
12-05 10:07:07.835 563 1828 D ConnectivityService: ConnectivityService NetworkRequestInfo binderDied(uid/pid:10114/8407, [NetworkRequest [ REQUEST id=222, [ Capabilities: INTERNET&NOT_RESTRICTED&TRUSTED&NOT_VCN_MANAGED Uid: 10114 RequestorUid: 10114 RequestorPkg: com.google.android.youtube UnderlyingNetworks: Null] ]], android.os.BinderProxy@c4fab43)
12-05 10:07:07.839 332 332 I Zygote : Process 8407 exited due to signal 9 (Killed)
12-05 10:07:07.861 563 794 D ConnectivityService: releasing NetworkRequest [ REQUEST id=222, [ Capabilities: INTERNET&NOT_RESTRICTED&TRUSTED&NOT_VCN_MANAGED Uid: 10114 RequestorUid: 10114 RequestorPkg: com.google.android.youtube UnderlyingNetworks: Null] ] (release request)
12-05 10:07:07.874 1931 1931 I BgTaskExecutorImpl: Starting EXCLUSIVE background task SEND_GSA_HOME_REQUEST.
12-05 10:07:07.944 7846 7846 D BoundBrokerSvc: onRebind: Intent { act=com.google.android.gms.auth.aang.events.services.START dat=chimera-action: cmp=com.google.android.gms/.chimera.PersistentApiService }
12-05 10:07:07.984 1931 7875 I A : Attempting to cache the data for corpora [36, 21, 55].
12-05 10:07:08.014 2288 7840 I A : binder onAccountChanged
12-05 10:07:08.023 352 352 W RanchuHwc: validateDisplay: layer 31 CompositionType 1, fallback
12-05 10:07:08.035 352 352 W RanchuHwc: presentDisplay display has no layers to compose, flushing client target buffer.
12-05 10:07:08.061 7800 9617 W Auth : [GoogleAuthUtil] [GoogleAuthUtil] error status:NEED_REMOTE_CONSENT with method:getTokenWithDetails
12-05 10:07:08.073 7800 9766 E RequestContextBuilder: IsUVPAA call failed
12-05 10:07:08.077 5170 5960 I DialerOmtpVvmCarrierConfigHelper: com.android.voicemail.impl.OmtpVvmCarrierConfigHelper.handleEvent:514 OmtpEvent:CONFIG_STATUS_SMS_TIME_OUT PhoneAccountHandle: [ComponentName: com.android.phone/com.android.services.telephony.TelephonyConnectionService subId: 1] [CONTEXT enable_persistent_logger=true ]
12-05 10:07:08.100 5170 5170 I DialerRetryPolicy: com.android.voicemail.impl.scheduling.RetryPolicy.onCompleted:99 Retry limit for com.android.voicemail.impl.ActivationTask@f42704d reached [CONTEXT enable_persistent_logger=true ]
12-05 10:07:08.101 5170 5170 I DialerRetryPolicy: com.android.voicemail.impl.scheduling.RetryPolicy.onCompleted:101 committing deferred status [CONTEXT enable_persistent_logger=true ]
12-05 10:07:08.109 5170 5170 I DialerVoicemailStatus: com.android.voicemail.impl.VoicemailStatus$Editor.apply:102 enter
12-05 10:07:08.127 1931 2194 I A : Refusing EXCLUSIVE task 48, it is already pending. Try again in 299 seconds.
12-05 10:07:08.128 1931 2194 I A : Refusing EXCLUSIVE task 48, it is already pending. Try again in 299 seconds.
12-05 10:07:08.128 1931 2194 I A : Refusing EXCLUSIVE task 48, it is already pending. Try again in 299 seconds.
12-05 10:07:08.128 1931 2194 I A : Refusing EXCLUSIVE task 48, it is already pending. Try again in 299 seconds.
12-05 10:07:08.128 1931 2194 I A : Refusing EXCLUSIVE task 48, it is already pending. Try again in 299 seconds.
12-05 10:07:08.150 1931 2232 I MicroDataManager: MicroDataManager InitializationTask. googleHotwordData is null: true, hotwordModel is null: false , sourceLocationOfCurrentHotwordModel https://www.gstatic.com/android-search/hotword/x_google/0fe33e88d315dd27f3b9bbc682eae7f7/hotword.data
12-05 10:07:08.154 1931 2239 I MicroDetectionState: Should stop hotword detection immediately - true
12-05 10:07:08.202 563 563 D CompatibilityChangeReporter: Compat change id reported: 175319604; UID 1000; state: ENABLED
12-05 10:07:08.274 7800 9766 W RequestContextBuilder: Availability check via ocr service failed:
12-05 10:07:08.274 7800 9766 W RequestContextBuilder: java.util.concurrent.TimeoutException
12-05 10:07:08.274 7800 9766 W RequestContextBuilder: at java.util.concurrent.FutureTask.get(FutureTask.java:206)
12-05 10:07:08.274 7800 9766 W RequestContextBuilder: at dzqc.b(:com.google.android.gms@244337026@24.43.37 (150800-693941914):2756)
12-05 10:07:08.274 7800 9766 W RequestContextBuilder: at dzpv.p(:com.google.android.gms@244337026@24.43.37 (150800-693941914):8)
12-05 10:07:08.274 7800 9766 W RequestContextBuilder: at dzpv.m(:com.google.android.gms@244337026@24.43.37 (150800-693941914):4)
12-05 10:07:08.274 7800 9766 W RequestContextBuilder: at dddd.a(:com.google.android.gms@244337026@24.43.37 (150800-693941914):256)
12-05 10:07:08.274 7800 9766 W RequestContextBuilder: at dysd.b(:com.google.android.gms@244337026@24.43.37 (150800-693941914):398)
12-05 10:07:08.274 7800 9766 W RequestContextBuilder: at ddct.a(:com.google.android.gms@244337026@24.43.37 (150800-693941914):200)
12-05 10:07:08.274 7800 9766 W RequestContextBuilder: at dycb.a(:com.google.android.gms@244337026@24.43.37 (150800-693941914):15)
12-05 10:07:08.274 7800 9766 W RequestContextBuilder: at ddco.a(:com.google.android.gms@244337026@24.43.37 (150800-693941914):3)
12-05 10:07:08.274 7800 9766 W RequestContextBuilder: at dyaq.a(:com.google.android.gms@244337026@24.43.37 (150800-693941914):71)
12-05 10:07:08.274 7800 9766 W RequestContextBuilder: at dddd.c(:com.google.android.gms@244337026@24.43.37 (150800-693941914):39)
12-05 10:07:08.274 7800 9766 W RequestContextBuilder: at ddiw.e(:com.google.android.gms@244337026@24.43.37 (150800-693941914):186)
12-05 10:07:08.274 7800 9766 W RequestContextBuilder: at ddiw.d(:com.google.android.gms@244337026@24.43.37 (150800-693941914):55)
12-05 10:07:08.274 7800 9766 W RequestContextBuilder: at ddiv.w(:com.google.android.gms@244337026@24.43.37 (150800-693941914):38)
12-05 10:07:08.274 7800 9766 W RequestContextBuilder: at com.google.android.gms.wallet.intentoperation.setupwizard.PaymentsSetupWizardAccountChangeIntentOperation.onHandleIntent(:com.google.android.gms@244337026@24.43.37 (150800-693941914):421)
12-05 10:07:08.274 7800 9766 W RequestContextBuilder: at com.google.android.chimera.IntentOperation.onHandleIntent(:com.google.android.gms@244337026@24.43.37 (150800-693941914):2)
12-05 10:07:08.274 7800 9766 W RequestContextBuilder: at aipa.onHandleIntent(:com.google.android.gms@244337026@24.43.37 (150800-693941914):8)
12-05 10:07:08.274 7800 9766 W RequestContextBuilder: at nqo.run(:com.google.android.gms@244337026@24.43.37 (150800-693941914):70)
12-05 10:07:08.274 7800 9766 W RequestContextBuilder: at nqn.run(:com.google.android.gms@244337026@24.43.37 (150800-693941914):152)
12-05 10:07:08.274 7800 9766 W RequestContextBuilder: at eaxt.run(:com.google.android.gms@244337026@24.43.37 (150800-693941914):21)
12-05 10:07:08.274 7800 9766 W RequestContextBuilder: at java.util.concurrent.ThreadPoolExecutor.runWorker(ThreadPoolExecutor.java:1167)
12-05 10:07:08.274 7800 9766 W RequestContextBuilder: at java.util.concurrent.ThreadPoolExecutor$Worker.run(ThreadPoolExecutor.java:641)
12-05 10:07:08.274 7800 9766 W RequestContextBuilder: at java.lang.Thread.run(Thread.java:920)
12-05 10:07:08.281 7846 7846 D BoundBrokerSvc: onBind: Intent { act=com.google.android.gms.facs.cache.service.START pkg=com.google.android.gms }
12-05 10:07:08.281 7846 7846 D BoundBrokerSvc: Loading bound service for intent: Intent { act=com.google.android.gms.facs.cache.service.START pkg=com.google.android.gms }
12-05 10:07:08.295 1931 2101 W A : isEligible(): Absent status for permission VOICE_AND_AUDIO_ACTIVITY. Calling ensureCachedSettingsLoaded().
12-05 10:07:08.332 1931 2101 W A : Absent status for permission VOICE_AND_AUDIO_ACTIVITY. Calling ensureCachedSettingsLoaded().
12-05 10:07:08.332 1931 2101 I A : Falling back to non-UDC sources
12-05 10:07:08.363 1931 2101 I A : Setting = LOCATION_HISTORY_AND_REPORTING, optedInt = false
12-05 10:07:08.363 1931 2101 I A : Falling back to non-UDC sources
12-05 10:07:08.363 1931 2101 I A : Setting = NOW_CARDS, optedInt = false
12-05 10:07:08.363 1931 2101 I A : Falling back to non-UDC sources
12-05 10:07:08.364 1931 2101 I A : Setting = NOW_NOTIFICATIONS, optedInt = true
12-05 10:07:08.388 563 563 W Looper : Slow dispatch took 212ms main h=com.android.server.notification.NotificationManagerService$WorkerHandler c=com.android.server.notification.NotificationManagerService$NotificationListeners$$ExternalSyntheticLambda5@c51b857 m=0
12-05 10:07:08.389 563 563 W Looper : Slow delivery took 215ms main h=com.android.server.notification.NotificationManagerService$WorkerHandler c=com.android.server.notification.NotificationManagerService$NotificationListeners$$ExternalSyntheticLambda5@f402f44 m=0
12-05 10:07:08.402 5170 5170 I DialerVoicemailStatusDataServiceImpl: com.android.dialer.voicemailstatus.dataservice.impl.VoicemailStatusDataServiceImpl.insertVoicemailStatus:151 enter
12-05 10:07:08.410 1931 2101 W A : isEligible(): Absent status for permission WEB_AND_APP_ACTIVITY. Calling ensureCachedSettingsLoaded().
12-05 10:07:08.411 1931 2101 W A : Absent status for permission WEB_AND_APP_ACTIVITY. Calling ensureCachedSettingsLoaded().
12-05 10:07:08.412 1931 2101 W A : isEligible(): Absent status for permission SUPPLEMENTAL_WEB_AND_APP_ACTIVITY. Calling ensureCachedSettingsLoaded().
12-05 10:07:08.417 563 563 W Looper : Drained
12-05 10:07:08.412 1931 2101 W A : Absent status for permission SUPPLEMENTAL_WEB_AND_APP_ACTIVITY. Calling ensureCachedSettingsLoaded().
12-05 10:07:08.468 1931 2101 I A : Falling back to non-UDC sources
12-05 10:07:08.469 1931 2101 I A : Setting = CHROME_HISTORY_SYNC, optedInt = false
12-05 10:07:08.470 1931 2101 W A : isEligible(): Absent status for permission DEVICE_APPS. Calling ensureCachedSettingsLoaded().
12-05 10:07:08.470 1931 2101 W A : Absent status for permission DEVICE_APPS. Calling ensureCachedSettingsLoaded().
12-05 10:07:08.471 1931 2101 W A : isEligible(): Absent status for permission DEVICE_CONTACTS. Calling ensureCachedSettingsLoaded().
12-05 10:07:08.474 7846 9412 E GCM : Missing checkin config file
12-05 10:07:08.474 7846 9412 W GCM : GCM FAILED TO INITIALIZE - missing checkin
12-05 10:07:08.515 1931 2101 W A : Absent status for permission DEVICE_CONTACTS. Calling ensureCachedSettingsLoaded().
12-05 10:07:08.556 352 352 W RanchuHwc: validateDisplay: layer 31 CompositionType 1, fallback
12-05 10:07:08.557 1160 1834 D EGL_emulation: app_time_stats: avg=2917.94ms min=502.55ms max=5333.32ms count=2
12-05 10:07:08.567 352 352 W RanchuHwc: presentDisplay display has no layers to compose, flushing client target buffer.
12-05 10:07:08.595 1931 2101 I ChAmOptIn: Not enabled for version S+
12-05 10:07:08.612 7846 8692 I FacsCacheGmsModule: Receiving API connection to FACS API from package 'com.google.android.googlequicksearchbox'...
12-05 10:07:08.615 7846 8692 I FacsCacheGmsModule: API connection successful!
12-05 10:07:08.636 7846 8692 I FacsCacheGmsModule: Received 'getActivityControlsSettings' request from package 'com.google.android.googlequicksearchbox', instance id 'AGSA_UDC_INSTANCE', version '1'...
12-05 10:07:08.637 7846 8692 I FacsCacheGmsModule: Operation 'getActivityControlsSettings' dispatched!
12-05 10:07:08.637 7846 9851 I FacsCacheGmsModule: Executing operation 'GetActivityControlsSettingsOperation'...
12-05 10:07:08.638 7846 9851 I FacsCacheGmsModule: Forwarding operation 'GetActivityControlsSettingsOperation' to internal FACS API...
12-05 10:07:08.648 7800 9136 I FacsCacheGmsModule: Received 'syncActivityControlsSettingsInternal' (forced: false) request...
12-05 10:07:08.693 1931 2101 E ApplicationPropertiesBu: Date 2021-12-06T00:00:00Z is out of expected range.
12-05 10:07:08.712 1931 2101 E ApplicationPropertiesBu: Date 2022-02-15T00:00:00Z is out of expected range.
12-05 10:07:08.721 7800 7800 D BoundBrokerSvc: onBind: Intent { act=com.google.android.gms.chimera.container.moduleinstall.ModuleInstallService.START dat=chimera-action: cmp=com.google.android.gms/.chimera.GmsApiService }
12-05 10:07:08.721 7800 7800 D BoundBrokerSvc: Loading bound service for intent: Intent { act=com.google.android.gms.chimera.container.moduleinstall.ModuleInstallService.START dat=chimera-action: cmp=com.google.android.gms/.chimera.GmsApiService }
12-05 10:07:08.738 868 1002 D PeopleSpaceWidgetMgr: Sbn doesn't contain valid PeopleTileKey: null/0/com.google.android.googlequicksearchbox
12-05 10:07:08.742 1931 2101 E ApplicationPropertiesBu: Date 2022-02-22T00:00:00Z is out of expected range.
12-05 10:07:08.810 563 579 I SoundTriggerService: getModuleProperties()
12-05 10:07:08.813 7800 9136 I FacsCacheGmsModule: Operation 'syncActivityControlsSettingsInternal' dispatched!
12-05 10:07:08.821 7800 9616 I FacsCacheGmsModule: Executing operation 'SyncActivityControlsSettingsInternalOperation'...
12-05 10:07:08.821 7800 9616 I FacsCacheGmsModule: Operation 'SyncActivityControlsSettingsInternalOperation' performing sync (type: 'EMPTY_CACHE')...
12-05 10:07:08.825 1931 9149 I A : getModuleProperties: device does not support SoundTrigger recognition
12-05 10:07:08.921 1931 9149 E Notifications: [TargetCreatorHelperImpl] Failed to get android ID.
12-05 10:07:08.984 7846 8065 W .gms.persisten: Long monitor contention with owner Binder:7846_4 (7880) at boolean android.os.MessageQueue.enqueueMessage(android.os.Message, long)(MessageQueue.java:600) waiters=0 in android.os.Message android.os.MessageQueue.next() for 282ms
12-05 10:07:09.003 5239 5297 D StrictMode: StrictMode policy violation: android.os.strictmode.DiskReadViolation
12-05 10:07:09.003 5239 5297 D StrictMode: at android.os.StrictMode$AndroidBlockGuardPolicy.onReadFromDisk(StrictMode.java:1659)
12-05 10:07:09.003 5239 5297 D StrictMode: at android.app.SharedPreferencesImpl.hasFileChangedUnexpectedly(SharedPreferencesImpl.java:244)
12-05 10:07:09.003 5239 5297 D StrictMode: at android.app.SharedPreferencesImpl.startReloadIfChangedUnexpectedly(SharedPreferencesImpl.java:220)
12-05 10:07:09.003 5239 5297 D StrictMode: at android.app.ContextImpl.getSharedPreferences(ContextImpl.java:578)
12-05 10:07:09.003 5239 5297 D StrictMode: at android.app.ContextImpl.getSharedPreferences(ContextImpl.java:549)
12-05 10:07:09.003 5239 5297 D StrictMode: at android.content.ContextWrapper.getSharedPreferences(ContextWrapper.java:196)
12-05 10:07:09.003 5239 5297 D StrictMode: at android.content.ContextWrapper.getSharedPreferences(ContextWrapper.java:196)
12-05 10:07:09.003 5239 5297 D StrictMode: at bjmh.a(:com.google.android.gms@244337026@24.43.37 (150800-693941914):59)
12-05 10:07:09.003 5239 5297 D StrictMode: at banj.getSharedPreferences(:com.google.android.gms@244337026@24.43.37 (150800-693941914):5)
12-05 10:07:09.003 5239 5297 D StrictMode: at com.google.android.gms.ads.identifier.settings.b.b(:com.google.android.gms@244337026@24.43.37 (150800-693941914):6)
12-05 10:07:09.003 5239 5297 D StrictMode: at com.google.android.gms.ads.identifier.settings.b.m(:com.google.android.gms@244337026@24.43.37 (150800-693941914):4)
12-05 10:07:09.003 5239 5297 D StrictMode: at com.google.android.gms.ads.identifier.settings.b.o(:com.google.android.gms@244337026@24.43.37 (150800-693941914):4)
12-05 10:07:09.003 5239 5297 D StrictMode: at com.google.android.gms.ads.identifier.settings.b.f(:com.google.android.gms@244337026@24.43.37 (150800-693941914):12)
12-05 10:07:09.003 5239 5297 D StrictMode: at com.google.android.gms.ads.identifier.internal.c.c(:com.google.android.gms@244337026@24.43.37 (150800-693941914):7)
12-05 10:07:09.003 5239 5297 D StrictMode: at com.google.android.gms.ads.identifier.internal.c.ff(:com.google.android.gms@244337026@24.43.37 (150800-693941914):194)
12-05 10:07:09.003 5239 5297 D StrictMode: at ndh.onTransact(:com.google.android.gms@244337026@24.43.37 (150800-693941914):97)
12-05 10:07:09.003 5239 5297 D StrictMode: at android.os.Binder.transact(Binder.java:1064)
12-05 10:07:09.003 5239 5297 D StrictMode: at bjev.onTransact(:com.google.android.gms@244337026@24.43.37 (150800-693941914):10)
12-05 10:07:09.003 5239 5297 D StrictMode: at android.os.Binder.transact(Binder.java:1064)
12-05 10:07:09.003 5239 5297 D StrictMode: at baop.onTransact(:com.google.android.gms@244337026@24.43.37 (150800-693941914):148)
12-05 10:07:09.003 5239 5297 D StrictMode: at android.os.Binder.execTransactInternal(Binder.java:1179)
12-05 10:07:09.003 5239 5297 D StrictMode: at android.os.Binder.execTransact(Binder.java:1143)
12-05 10:07:09.003 5239 5297 D StrictMode: # via Binder call with stack:
12-05 10:07:09.003 5239 5297 D StrictMode: at android.os.StrictMode.readAndHandleBinderCallViolations(StrictMode.java:2497)
12-05 10:07:09.003 5239 5297 D StrictMode: at android.os.Parcel.readExceptionCode(Parcel.java:2370)
12-05 10:07:09.003 5239 5297 D StrictMode: at android.os.Parcel.readException(Parcel.java:2331)
12-05 10:07:09.003 5239 5297 D StrictMode: at fgs.s(PG:2)
12-05 10:07:09.003 5239 5297 D StrictMode: at avo.run(PG:27)
12-05 10:07:09.003 5239 5297 D StrictMode: at qel.run(PG:4)
12-05 10:07:09.003 5239 5297 D StrictMode: at java.util.concurrent.ThreadPoolExecutor.runWorker(ThreadPoolExecutor.java:1167)
12-05 10:07:09.003 5239 5297 D StrictMode: at java.util.concurrent.ThreadPoolExecutor$Worker.run(ThreadPoolExecutor.java:641)
12-05 10:07:09.003 5239 5297 D StrictMode: at pls.run(PG:44)
12-05 10:07:09.003 5239 5297 D StrictMode: at jhb.run(PG:25)
12-05 10:07:09.003 5239 5297 D StrictMode: at java.lang.Thread.run(Thread.java:920)
12-05 10:07:09.004 5239 5297 D StrictMode: StrictMode policy violation: android.os.strictmode.DiskReadViolation
12-05 10:07:09.004 5239 5297 D StrictMode: at android.os.StrictMode$AndroidBlockGuardPolicy.onReadFromDisk(StrictMode.java:1659)
12-05 10:07:09.004 5239 5297 D StrictMode: at libcore.io.BlockGuardOs.stat(BlockGuardOs.java:418)
12-05 10:07:09.004 5239 5297 D StrictMode: at libcore.io.ForwardingOs.stat(ForwardingOs.java:853)
12-05 10:07:09.004 5239 5297 D StrictMode: at android.app.ActivityThread$AndroidOs.stat(ActivityThread.java:7770)
12-05 10:07:09.004 5239 5297 D StrictMode: at android.system.Os.stat(Os.java:919)
12-05 10:07:09.004 5239 5297 D StrictMode: at android.app.SharedPreferencesImpl.hasFileChangedUnexpectedly(SharedPreferencesImpl.java:245)
12-05 10:07:09.004 5239 5297 D StrictMode: at android.app.SharedPreferencesImpl.startReloadIfChangedUnexpectedly(SharedPreferencesImpl.java:220)
12-05 10:07:09.004 5239 5297 D StrictMode: at android.app.ContextImpl.getSharedPreferences(ContextImpl.java:578)
12-05 10:07:09.004 5239 5297 D StrictMode: at android.app.ContextImpl.getSharedPreferences(ContextImpl.java:549)
12-05 10:07:09.004 5239 5297 D StrictMode: at android.content.ContextWrapper.getSharedPreferences(ContextWrapper.java:196)
12-05 10:07:09.004 5239 5297 D StrictMode: at android.content.ContextWrapper.getSharedPreferences(ContextWrapper.java:196)
12-05 10:07:09.004 5239 5297 D StrictMode: at bjmh.a(:com.google.android.gms@244337026@24.43.37 (150800-693941914):59)
12-05 10:07:09.004 5239 5297 D StrictMode: at banj.getSharedPreferences(:com.google.android.gms@244337026@24.43.37 (150800-693941914):5)
12-05 10:07:09.004 5239 5297 D StrictMode: at com.google.android.gms.ads.identifier.settings.b.b(:com.google.android.gms@244337026@24.43.37 (150800-693941914):6)
12-05 10:07:09.004 5239 5297 D StrictMode: at com.google.android.gms.ads.identifier.settings.b.m(:com.google.android.gms@244337026@24.43.37 (150800-693941914):4)
12-05 10:07:09.004 5239 5297 D StrictMode: at com.google.android.gms.ads.identifier.settings.b.o(:com.google.android.gms@244337026@24.43.37 (150800-693941914):4)
12-05 10:07:09.004 5239 5297 D StrictMode: at com.google.android.gms.ads.identifier.settings.b.f(:com.google.android.gms@244337026@24.43.37 (150800-693941914):12)
12-05 10:07:09.004 5239 5297 D StrictMode: at com.google.android.gms.ads.identifier.internal.c.c(:com.google.android.gms@244337026@24.43.37 (150800-693941914):7)
12-05 10:07:09.004 5239 5297 D StrictMode: at com.google.android.gms.ads.identifier.internal.c.ff(:com.google.android.gms@244337026@24.43.37 (150800-693941914):194)
12-05 10:07:09.004 5239 5297 D StrictMode: at ndh.onTransact(:com.google.android.gms@244337026@24.43.37 (150800-693941914):97)
12-05 10:07:09.004 5239 5297 D StrictMode: at android.os.Binder.transact(Binder.java:1064)
12-05 10:07:09.004 5239 5297 D StrictMode: at bjev.onTransact(:com.google.android.gms@244337026@24.43.37 (150800-693941914):10)
12-05 10:07:09.004 5239 5297 D StrictMode: at android.os.Binder.transact(Binder.java:1064)
12-05 10:07:09.004 5239 5297 D StrictMode: at baop.onTransact(:com.google.android.gms@244337026@24.43.37 (150800-693941914):148)
12-05 10:07:09.004 5239 5297 D StrictMode: at android.os.Binder.execTransactInternal(Binder.java:1179)
12-05 10:07:09.004 5239 5297 D StrictMode: at android.os.Binder.execTransact(Binder.java:1143)
12-05 10:07:09.004 5239 5297 D StrictMode: # via Binder call with stack:
12-05 10:07:09.004 5239 5297 D StrictMode: at android.os.StrictMode.readAndHandleBinderCallViolations(StrictMode.java:2497)
12-05 10:07:09.004 5239 5297 D StrictMode: at android.os.Parcel.readExceptionCode(Parcel.java:2370)
12-05 10:07:09.004 5239 5297 D StrictMode: at android.os.Parcel.readException(Parcel.java:2331)
12-05 10:07:09.004 5239 5297 D StrictMode: at fgs.s(PG:2)
12-05 10:07:09.004 5239 5297 D StrictMode: at avo.run(PG:27)
12-05 10:07:09.004 5239 5297 D StrictMode: at qel.run(PG:4)
12-05 10:07:09.004 5239 5297 D StrictMode: at java.util.concurrent.ThreadPoolExecutor.runWorker(ThreadPoolExecutor.java:1167)
12-05 10:07:09.004 5239 5297 D StrictMode: at java.util.concurrent.ThreadPoolExecutor$Worker.run(ThreadPoolExecutor.java:641)
12-05 10:07:09.004 5239 5297 D StrictMode: at pls.run(PG:44)
12-05 10:07:09.004 5239 5297 D StrictMode: at jhb.run(PG:25)
12-05 10:07:09.004 5239 5297 D StrictMode: at java.lang.Thread.run(Thread.java:920)
12-05 10:07:09.013 5239 5297 D StrictMode: StrictMode policy violation: android.os.strictmode.DiskReadViolation
12-05 10:07:09.013 5239 5297 D StrictMode: at android.os.StrictMode$AndroidBlockGuardPolicy.onReadFromDisk(StrictMode.java:1659)
12-05 10:07:09.013 5239 5297 D StrictMode: at android.app.SharedPreferencesImpl.hasFileChangedUnexpectedly(SharedPreferencesImpl.java:244)
12-05 10:07:09.013 5239 5297 D StrictMode: at android.app.SharedPreferencesImpl.startReloadIfChangedUnexpectedly(SharedPreferencesImpl.java:220)
12-05 10:07:09.013 5239 5297 D StrictMode: at android.app.ContextImpl.getSharedPreferences(ContextImpl.java:578)
12-05 10:07:09.013 5239 5297 D StrictMode: at android.app.ContextImpl.getSharedPreferences(ContextImpl.java:549)
12-05 10:07:09.013 5239 5297 D StrictMode: at android.content.ContextWrapper.getSharedPreferences(ContextWrapper.java:196)
12-05 10:07:09.013 5239 5297 D StrictMode: at android.content.ContextWrapper.getSharedPreferences(ContextWrapper.java:196)
12-05 10:07:09.013 5239 5297 D StrictMode: at bjmh.a(:com.google.android.gms@244337026@24.43.37 (150800-693941914):59)
12-05 10:07:09.013 5239 5297 D StrictMode: at banj.getSharedPreferences(:com.google.android.gms@244337026@24.43.37 (150800-693941914):5)
12-05 10:07:09.013 5239 5297 D StrictMode: at com.google.android.gms.ads.identifier.settings.b.b(:com.google.android.gms@244337026@24.43.37 (150800-693941914):6)
12-05 10:07:09.013 5239 5297 D StrictMode: at com.google.android.gms.ads.identifier.settings.b.m(:com.google.android.gms@244337026@24.43.37 (150800-693941914):20)
12-05 10:07:09.013 5239 5297 D StrictMode: at com.google.android.gms.ads.identifier.settings.b.o(:com.google.android.gms@244337026@24.43.37 (150800-693941914):4)
12-05 10:07:09.013 5239 5297 D StrictMode: at com.google.android.gms.ads.identifier.settings.b.f(:com.google.android.gms@244337026@24.43.37 (150800-693941914):12)
12-05 10:07:09.013 5239 5297 D StrictMode: at com.google.android.gms.ads.identifier.internal.c.c(:com.google.android.gms@244337026@24.43.37 (150800-693941914):7)
12-05 10:07:09.013 5239 5297 D StrictMode: at com.google.android.gms.ads.identifier.internal.c.ff(:com.google.android.gms@244337026@24.43.37 (150800-693941914):194)
12-05 10:07:09.013 5239 5297 D StrictMode: at ndh.onTransact(:com.google.android.gms@244337026@24.43.37 (150800-693941914):97)
12-05 10:07:09.013 5239 5297 D StrictMode: at android.os.Binder.transact(Binder.java:1064)
12-05 10:07:09.013 5239 5297 D StrictMode: at bjev.onTransact(:com.google.android.gms@244337026@24.43.37 (150800-693941914):10)
12-05 10:07:09.013 5239 5297 D StrictMode: at android.os.Binder.transact(Binder.java:1064)
12-05 10:07:09.013 5239 5297 D StrictMode: at baop.onTransact(:com.google.android.gms@244337026@24.43.37 (150800-693941914):148)
12-05 10:07:09.013 5239 5297 D StrictMode: at android.os.Binder.execTransactInternal(Binder.java:1179)
12-05 10:07:09.013 5239 5297 D StrictMode: at android.os.Binder.execTransact(Binder.java:1143)
12-05 10:07:09.013 5239 5297 D StrictMode: # via Binder call with stack:
12-05 10:07:09.013 5239 5297 D StrictMode: at android.os.StrictMode.readAndHandleBinderCallViolations(StrictMode.java:2497)
12-05 10:07:09.013 5239 5297 D StrictMode: at android.os.Parcel.readExceptionCode(Parcel.java:2370)
12-05 10:07:09.013 5239 5297 D StrictMode: at android.os.Parcel.readException(Parcel.java:2331)
12-05 10:07:09.013 5239 5297 D StrictMode: at fgs.s(PG:2)
12-05 10:07:09.013 5239 5297 D StrictMode: at avo.run(PG:27)
12-05 10:07:09.013 5239 5297 D StrictMode: at qel.run(PG:4)
12-05 10:07:09.013 5239 5297 D StrictMode: at java.util.concurrent.ThreadPoolExecutor.runWorker(ThreadPoolExecutor.java:1167)
12-05 10:07:09.013 5239 5297 D StrictMode: at java.util.concurrent.ThreadPoolExecutor$Worker.run(ThreadPoolExecutor.java:641)
12-05 10:07:09.013 5239 5297 D StrictMode: at pls.run(PG:44)
12-05 10:07:09.013 5239 5297 D StrictMode: at jhb.run(PG:25)
12-05 10:07:09.013 5239 5297 D StrictMode: at java.lang.Thread.run(Thread.java:920)
12-05 10:07:09.024 5239 5297 D StrictMode: StrictMode policy violation: android.os.strictmode.DiskReadViolation
12-05 10:07:09.024 5239 5297 D StrictMode: at android.os.StrictMode$AndroidBlockGuardPolicy.onReadFromDisk(StrictMode.java:1659)
12-05 10:07:09.024 5239 5297 D StrictMode: at android.app.SharedPreferencesImpl.hasFileChangedUnexpectedly(SharedPreferencesImpl.java:244)
12-05 10:07:09.024 5239 5297 D StrictMode: at android.app.SharedPreferencesImpl.startReloadIfChangedUnexpectedly(SharedPreferencesImpl.java:220)
12-05 10:07:09.024 5239 5297 D StrictMode: at android.app.ContextImpl.getSharedPreferences(ContextImpl.java:578)
12-05 10:07:09.024 5239 5297 D StrictMode: at android.app.ContextImpl.getSharedPreferences(ContextImpl.java:549)
12-05 10:07:09.024 5239 5297 D StrictMode: at android.content.ContextWrapper.getSharedPreferences(ContextWrapper.java:196)
12-05 10:07:09.024 5239 5297 D StrictMode: at android.content.ContextWrapper.getSharedPreferences(ContextWrapper.java:196)
12-05 10:07:09.024 5239 5297 D StrictMode: at bjmh.a(:com.google.android.gms@244337026@24.43.37 (150800-693941914):59)
12-05 10:07:09.024 5239 5297 D StrictMode: at banj.getSharedPreferences(:com.google.android.gms@244337026@24.43.37 (150800-693941914):5)
12-05 10:07:09.024 5239 5297 D StrictMode: at com.google.android.gms.ads.identifier.settings.b.b(:com.google.android.gms@244337026@24.43.37 (150800-693941914):6)
12-05 10:07:09.024 5239 5297 D StrictMode: at com.google.android.gms.ads.identifier.settings.b.m(:com.google.android.gms@244337026@24.43.37 (150800-693941914):4)
12-05 10:07:09.024 5239 5297 D StrictMode: at com.google.android.gms.ads.identifier.settings.b.o(:com.google.android.gms@244337026@24.43.37 (150800-693941914):4)
12-05 10:07:09.024 5239 5297 D StrictMode: at com.google.android.gms.ads.identifier.internal.c.n(:com.google.android.gms@244337026@24.43.37 (150800-693941914):7)
12-05 10:07:09.024 5239 5297 D StrictMode: at com.google.android.gms.ads.identifier.internal.c.ff(:com.google.android.gms@244337026@24.43.37 (150800-693941914):183)
12-05 10:07:09.024 5239 5297 D StrictMode: at ndh.onTransact(:com.google.android.gms@244337026@24.43.37 (150800-693941914):97)
12-05 10:07:09.024 5239 5297 D StrictMode: at android.os.Binder.transact(Binder.java:1064)
12-05 10:07:09.024 5239 5297 D StrictMode: at bjev.onTransact(:com.google.android.gms@244337026@24.43.37 (150800-693941914):10)
12-05 10:07:09.024 5239 5297 D StrictMode: at android.os.Binder.transact(Binder.java:1064)
12-05 10:07:09.024 5239 5297 D StrictMode: at baop.onTransact(:com.google.android.gms@244337026@24.43.37 (150800-693941914):148)
12-05 10:07:09.024 5239 5297 D StrictMode: at android.os.Binder.execTransactInternal(Binder.java:1179)
12-05 10:07:09.024 5239 5297 D StrictMode: at android.os.Binder.execTransact(Binder.java:1143)
12-05 10:07:09.024 5239 5297 D StrictMode: # via Binder call with stack:
12-05 10:07:09.024 5239 5297 D StrictMode: at android.os.StrictMode.readAndHandleBinderCallViolations(StrictMode.java:2497)
12-05 10:07:09.024 5239 5297 D StrictMode: at android.os.Parcel.readExceptionCode(Parcel.java:2370)
12-05 10:07:09.024 5239 5297 D StrictMode: at android.os.Parcel.readException(Parcel.java:2331)
12-05 10:07:09.024 5239 5297 D StrictMode: at fgs.s(PG:2)
12-05 10:07:09.024 5239 5297 D StrictMode: at avo.run(PG:29)
12-05 10:07:09.024 5239 5297 D StrictMode: at qel.run(PG:4)
12-05 10:07:09.024 5239 5297 D StrictMode: at java.util.concurrent.ThreadPoolExecutor.runWorker(ThreadPoolExecutor.java:1167)
12-05 10:07:09.024 5239 5297 D StrictMode: at java.util.concurrent.ThreadPoolExecutor$Worker.run(ThreadPoolExecutor.java:641)
12-05 10:07:09.024 5239 5297 D StrictMode: at pls.run(PG:44)
12-05 10:07:09.024 5239 5297 D StrictMode: at jhb.run(PG:25)
12-05 10:07:09.024 5239 5297 D StrictMode: at java.lang.Thread.run(Thread.java:920)
12-05 10:07:09.037 5239 5297 D StrictMode: StrictMode policy violation: android.os.strictmode.DiskReadViolation
12-05 10:07:09.037 5239 5297 D StrictMode: at android.os.StrictMode$AndroidBlockGuardPolicy.onReadFromDisk(StrictMode.java:1659)
12-05 10:07:09.037 5239 5297 D StrictMode: at libcore.io.BlockGuardOs.stat(BlockGuardOs.java:418)
12-05 10:07:09.037 5239 5297 D StrictMode: at libcore.io.ForwardingOs.stat(ForwardingOs.java:853)
12-05 10:07:09.037 5239 5297 D StrictMode: at android.app.ActivityThread$AndroidOs.stat(ActivityThread.java:7770)
12-05 10:07:09.037 5239 5297 D StrictMode: at android.system.Os.stat(Os.java:919)
12-05 10:07:09.037 5239 5297 D StrictMode: at android.app.SharedPreferencesImpl.hasFileChangedUnexpectedly(SharedPreferencesImpl.java:245)
12-05 10:07:09.037 5239 5297 D StrictMode: at android.app.SharedPreferencesImpl.startReloadIfChangedUnexpectedly(SharedPreferencesImpl.java:220)
12-05 10:07:09.037 5239 5297 D StrictMode: at android.app.ContextImpl.getSharedPreferences(ContextImpl.java:578)
12-05 10:07:09.037 5239 5297 D StrictMode: at android.app.ContextImpl.getSharedPreferences(ContextImpl.java:549)
12-05 10:07:09.037 5239 5297 D StrictMode: at android.content.ContextWrapper.getSharedPreferences(ContextWrapper.java:196)
12-05 10:07:09.037 5239 5297 D StrictMode: at android.content.ContextWrapper.getSharedPreferences(ContextWrapper.java:196)
12-05 10:07:09.037 5239 5297 D StrictMode: at bjmh.a(:com.google.android.gms@244337026@24.43.37 (150800-693941914):59)
12-05 10:07:09.037 5239 5297 D StrictMode: at banj.getSharedPreferences(:com.google.android.gms@244337026@24.43.37 (150800-693941914):5)
12-05 10:07:09.037 5239 5297 D StrictMode: at com.google.android.gms.ads.identifier.settings.b.b(:com.google.android.gms@244337026@24.43.37 (150800-693941914):6)
12-05 10:07:09.037 5239 5297 D StrictMode: at com.google.android.gms.ads.identifier.settings.b.m(:com.google.android.gms@244337026@24.43.37 (150800-693941914):4)
12-05 10:07:09.037 5239 5297 D StrictMode: at com.google.android.gms.ads.identifier.settings.b.o(:com.google.android.gms@244337026@24.43.37 (150800-693941914):4)
12-05 10:07:09.037 5239 5297 D StrictMode: at com.google.android.gms.ads.identifier.internal.c.n(:com.google.android.gms@244337026@24.43.37 (150800-693941914):7)
12-05 10:07:09.037 5239 5297 D StrictMode: at com.google.android.gms.ads.identifier.internal.c.ff(:com.google.android.gms@244337026@24.43.37 (150800-693941914):183)
12-05 10:07:09.037 5239 5297 D StrictMode: at ndh.onTransact(:com.google.android.gms@244337026@24.43.37 (150800-693941914):97)
12-05 10:07:09.037 5239 5297 D StrictMode: at android.os.Binder.transact(Binder.java:1064)
12-05 10:07:09.037 5239 5297 D StrictMode: at bjev.onTransact(:com.google.android.gms@244337026@24.43.37 (150800-693941914):10)
12-05 10:07:09.037 5239 5297 D StrictMode: at android.os.Binder.transact(Binder.java:1064)
12-05 10:07:09.037 5239 5297 D StrictMode: at baop.onTransact(:com.google.android.gms@244337026@24.43.37 (150800-693941914):148)
12-05 10:07:09.037 5239 5297 D StrictMode: at android.os.Binder.execTransactInternal(Binder.java:1179)
12-05 10:07:09.037 5239 5297 D StrictMode: at android.os.Binder.execTransact(Binder.java:1143)
12-05 10:07:09.037 5239 5297 D StrictMode: # via Binder call with stack:
12-05 10:07:09.037 5239 5297 D StrictMode: at android.os.StrictMode.readAndHandleBinderCallViolations(StrictMode.java:2497)
12-05 10:07:09.037 5239 5297 D StrictMode: at android.os.Parcel.readExceptionCode(Parcel.java:2370)
12-05 10:07:09.037 5239 5297 D StrictMode: at android.os.Parcel.readException(Parcel.java:2331)
12-05 10:07:09.037 5239 5297 D StrictMode: at fgs.s(PG:2)
12-05 10:07:09.037 5239 5297 D StrictMode: at avo.run(PG:29)
12-05 10:07:09.037 5239 5297 D StrictMode: at qel.run(PG:4)
12-05 10:07:09.037 5239 5297 D StrictMode: at java.util.concurrent.ThreadPoolExecutor.runWorker(ThreadPoolExecutor.java:1167)
12-05 10:07:09.037 5239 5297 D StrictMode: at java.util.concurrent.ThreadPoolExecutor$Worker.run(ThreadPoolExecutor.java:641)
12-05 10:07:09.037 5239 5297 D StrictMode: at pls.run(PG:44)
12-05 10:07:09.037 5239 5297 D StrictMode: at jhb.run(PG:25)
12-05 10:07:09.037 5239 5297 D StrictMode: at java.lang.Thread.run(Thread.java:920)
12-05 10:07:09.038 5239 5297 D StrictMode: StrictMode policy violation: android.os.strictmode.DiskReadViolation
12-05 10:07:09.038 5239 5297 D StrictMode: at android.os.StrictMode$AndroidBlockGuardPolicy.onReadFromDisk(StrictMode.java:1659)
12-05 10:07:09.038 5239 5297 D StrictMode: at android.app.SharedPreferencesImpl.hasFileChangedUnexpectedly(SharedPreferencesImpl.java:244)
12-05 10:07:09.038 5239 5297 D StrictMode: at android.app.SharedPreferencesImpl.startReloadIfChangedUnexpectedly(SharedPreferencesImpl.java:220)
12-05 10:07:09.038 5239 5297 D StrictMode: at android.app.ContextImpl.getSharedPreferences(ContextImpl.java:578)
12-05 10:07:09.038 5239 5297 D StrictMode: at android.app.ContextImpl.getSharedPreferences(ContextImpl.java:549)
12-05 10:07:09.038 5239 5297 D StrictMode: at android.content.ContextWrapper.getSharedPreferences(ContextWrapper.java:196)
12-05 10:07:09.038 5239 5297 D StrictMode: at android.content.ContextWrapper.getSharedPreferences(ContextWrapper.java:196)
12-05 10:07:09.038 5239 5297 D StrictMode: at bjmh.a(:com.google.android.gms@244337026@24.43.37 (150800-693941914):59)
12-05 10:07:09.038 5239 5297 D StrictMode: at banj.getSharedPreferences(:com.google.android.gms@244337026@24.43.37 (150800-693941914):5)
12-05 10:07:09.038 5239 5297 D StrictMode: at com.google.android.gms.ads.identifier.settings.b.b(:com.google.android.gms@244337026@24.43.37 (150800-693941914):6)
12-05 10:07:09.038 5239 5297 D StrictMode: at com.google.android.gms.ads.identifier.settings.b.m(:com.google.android.gms@244337026@24.43.37 (150800-693941914):20)
12-05 10:07:09.038 5239 5297 D StrictMode: at com.google.android.gms.ads.identifier.settings.b.o(:com.google.android.gms@244337026@24.43.37 (150800-693941914):4)
12-05 10:07:09.038 5239 5297 D StrictMode: at com.google.android.gms.ads.identifier.internal.c.n(:com.google.android.gms@244337026@24.43.37 (150800-693941914):7)
12-05 10:07:09.038 5239 5297 D StrictMode: at com.google.android.gms.ads.identifier.internal.c.ff(:com.google.android.gms@244337026@24.43.37 (150800-693941914):183)
12-05 10:07:09.038 5239 5297 D StrictMode: at ndh.onTransact(:com.google.android.gms@244337026@24.43.37 (150800-693941914):97)
12-05 10:07:09.038 5239 5297 D StrictMode: at android.os.Binder.transact(Binder.java:1064)
12-05 10:07:09.038 5239 5297 D StrictMode: at bjev.onTransact(:com.google.android.gms@244337026@24.43.37 (150800-693941914):10)
12-05 10:07:09.038 5239 5297 D StrictMode: at android.os.Binder.transact(Binder.java:1064)
12-05 10:07:09.038 5239 5297 D StrictMode: at baop.onTransact(:com.google.android.gms@244337026@24.43.37 (150800-693941914):148)
12-05 10:07:09.038 5239 5297 D StrictMode: at android.os.Binder.execTransactInternal(Binder.java:1179)
12-05 10:07:09.038 5239 5297 D StrictMode: at android.os.Binder.execTransact(Binder.java:1143)
12-05 10:07:09.038 5239 5297 D StrictMode: # via Binder call with stack:
12-05 10:07:09.038 5239 5297 D StrictMode: at android.os.StrictMode.readAndHandleBinderCallViolations(StrictMode.java:2497)
12-05 10:07:09.038 5239 5297 D StrictMode: at android.os.Parcel.readExceptionCode(Parcel.java:2370)
12-05 10:07:09.038 5239 5297 D StrictMode: at android.os.Parcel.readException(Parcel.java:2331)
12-05 10:07:09.038 5239 5297 D StrictMode: at fgs.s(PG:2)
12-05 10:07:09.038 5239 5297 D StrictMode: at avo.run(PG:29)
12-05 10:07:09.038 5239 5297 D StrictMode: at qel.run(PG:4)
12-05 10:07:09.038 5239 5297 D StrictMode: at java.util.concurrent.ThreadPoolExecutor.runWorker(ThreadPoolExecutor.java:1167)
12-05 10:07:09.038 5239 5297 D StrictMode: at java.util.concurrent.ThreadPoolExecutor$Worker.run(ThreadPoolExecutor.java:641)
12-05 10:07:09.038 5239 5297 D StrictMode: at pls.run(PG:44)
12-05 10:07:09.038 5239 5297 D StrictMode: at jhb.run(PG:25)
12-05 10:07:09.038 5239 5297 D StrictMode: at java.lang.Thread.run(Thread.java:920)
12-05 10:07:09.052 8696 8775 D EGL_emulation: app_time_stats: avg=1015.39ms min=991.87ms max=1038.91ms count=2
12-05 10:07:09.057 352 352 W RanchuHwc: validateDisplay: layer 31 CompositionType 1, fallback
12-05 10:07:09.074 352 352 W RanchuHwc: presentDisplay display has no layers to compose, flushing client target buffer.
12-05 10:07:09.123 7800 9136 I MdiSyncModule: Receiving API connection from package 'com.google.android.googlequicksearchbox'...
12-05 10:07:09.189 1931 2178 I FedAssAccDataUpdater: Successfully updated the active account data.
12-05 10:07:09.189 1931 2178 I TrainingCacheConnection: onAccountChanged()
12-05 10:07:09.273 2288 7840 I A : binder onAccountChanged
12-05 10:07:09.315 7800 7800 D BoundBrokerSvc: onBind: Intent { act=com.google.android.gms.ocr.service.internal.START dat=chimera-action: cmp=com.google.android.gms/.chimera.GmsInternalApiService }
12-05 10:07:09.315 7800 7800 D BoundBrokerSvc: Loading bound service for intent: Intent { act=com.google.android.gms.ocr.service.internal.START dat=chimera-action: cmp=com.google.android.gms/.chimera.GmsInternalApiService }
12-05 10:07:09.335 7846 9412 E GCM : Missing checkin config file
12-05 10:07:09.336 7846 9412 W GCM : GCM FAILED TO INITIALIZE - missing checkin
12-05 10:07:09.365 7800 9136 I MdiSyncModule: API connection successful!
12-05 10:07:09.381 7846 8106 E GCM : Missing checkin config file
12-05 10:07:09.381 7846 8106 W GCM : GCM FAILED TO INITIALIZE - missing checkin
12-05 10:07:09.389 5239 5307 E FirebaseInstanceId: Topic sync or token retrieval failed on hard failure exceptions: AUTHENTICATION_FAILED. Won't retry the operation.
12-05 10:07:09.405 1590 1882 I AiAiEcho: Predicting[0]:
12-05 10:07:09.405 1590 1882 I AiAiEcho: Ranked targets strategy: SORT, count: 0, ranking metadata:
12-05 10:07:09.407 1590 1882 I AiAiEcho: Predicting[0]:
12-05 10:07:09.407 1590 1882 I AiAiEcho: Ranked targets strategy: SORT, count: 0, ranking metadata:
12-05 10:07:09.408 1590 1882 I AiAiEcho: Predicting[0]:
12-05 10:07:09.408 1590 1882 I AiAiEcho: Ranked targets strategy: SORT, count: 0, ranking metadata:
12-05 10:07:09.409 1590 1882 I AiAiEcho: #postPredictionTargets: Sending updates to UISurface lockscreen with targets# 0
12-05 10:07:09.415 1590 1882 I AiAiEcho: #postPredictionTargets: Sending updates to UISurface home with targets# 0
12-05 10:07:09.417 1590 1882 I AiAiEcho: #postPredictionTargets: Sending updates to UISurface media_data_manager with targets# 0
12-05 10:07:09.418 1590 1882 I AiAiEcho: #postPredictionTargets: Sending updates to UISurface lockscreen with targets# 0
12-05 10:07:09.418 1590 1882 I AiAiEcho: #postPredictionTargets: Sending updates to UISurface home with targets# 0
12-05 10:07:09.419 1590 1882 I AiAiEcho: #postPredictionTargets: Sending updates to UISurface media_data_manager with targets# 0
12-05 10:07:09.428 1590 1882 I AiAiEcho: #postPredictionTargets: Sending updates to UISurface lockscreen with targets# 0
12-05 10:07:09.433 1160 1160 E BcSmartspaceCard: No tap action can be set up
12-05 10:07:09.433 1160 1160 E BcSmartspaceCard: No tap action can be set up
12-05 10:07:09.438 1590 1882 I AiAiEcho: #postPredictionTargets: Sending updates to UISurface home with targets# 0
12-05 10:07:09.439 1590 1882 I AiAiEcho: #postPredictionTargets: Sending updates to UISurface media_data_manager with targets# 0
12-05 10:07:09.457 1160 1160 E BcSmartspaceCard: No tap action can be set up
12-05 10:07:09.482 331 10163 D resolv : GetAddrInfoHandler::run: {100 100 100 983140 10128 0}
12-05 10:07:09.482 331 10163 D resolv : resolv_getaddrinfo: explore_fqdn(): ai_family=0 ai_socktype=1 ai_protocol=6
12-05 10:07:09.501 331 10164 D resolv : doQuery: (1, 28)
12-05 10:07:09.501 331 10164 D resolv : res_nmkquery: (QUERY, IN, AAAA)
12-05 10:07:09.501 331 10164 D resolv : res_nsend
12-05 10:07:09.501 331 10164 I resolv : resolv_cache_lookup: lookup
12-05 10:07:09.501 331 10164 I resolv : resolv_cache_lookup: FOUND IN CACHE entry=0x78c90bc6c950
12-05 10:07:09.501 331 10164 D resolv : doQuery: rcode=0, ancount=5
12-05 10:07:09.512 331 10165 D resolv : doQuery: (1, 1)
12-05 10:07:09.512 331 10165 D resolv : res_nmkquery: (QUERY, IN, A)
12-05 10:07:09.512 331 10165 D resolv : res_nsend
12-05 10:07:09.512 331 10165 I resolv : resolv_cache_lookup: lookup
12-05 10:07:09.512 331 10165 I resolv : resolv_cache_lookup: FOUND IN CACHE entry=0x78c92bc67c00
12-05 10:07:09.512 331 10165 D resolv : doQuery: rcode=0, ancount=17
12-05 10:07:09.747 563 829 D WifiNl80211Manager: Scan result ready event
12-05 10:07:09.747 563 829 D WifiNative: Scan result ready event
12-05 10:07:09.760 7846 9852 W Auth : [TokenResponseCallback] TokenResponse failed with exception [CONTEXT service_id=343 ]
12-05 10:07:09.760 7846 9852 W Auth : bqjl: Failed to process request
12-05 10:07:09.760 7846 9852 W Auth : at bqjr.a(:com.google.android.gms@244337026@24.43.37 (150800-693941914):23)
12-05 10:07:09.760 7846 9852 W Auth : at bqnk.b(:com.google.android.gms@244337026@24.43.37 (150800-693941914):15)
12-05 10:07:09.760 7846 9852 W Auth : at bqny.onFailed(:com.google.android.gms@244337026@24.43.37 (150800-693941914):15)
12-05 10:07:09.760 7846 9852 W Auth : at m.lg.onFailed(:com.google.android.gms.dynamite_cronetdynamite@244337026@24.43.37 (150800-0):3)
12-05 10:07:09.760 7846 9852 W Auth : at m.kh.run(:com.google.android.gms.dynamite_cronetdynamite@244337026@24.43.37 (150800-0):9)
12-05 10:07:09.760 7846 9852 W Auth : at amjy.c(:com.google.android.gms@244337026@24.43.37 (150800-693941914):50)
12-05 10:07:09.760 7846 9852 W Auth : at amjy.run(:com.google.android.gms@244337026@24.43.37 (150800-693941914):76)
12-05 10:07:09.760 7846 9852 W Auth : at java.util.concurrent.ThreadPoolExecutor.runWorker(ThreadPoolExecutor.java:1167)
12-05 10:07:09.760 7846 9852 W Auth : at java.util.concurrent.ThreadPoolExecutor$Worker.run(ThreadPoolExecutor.java:641)
12-05 10:07:09.760 7846 9852 W Auth : at ampj.run(:com.google.android.gms@244337026@24.43.37 (150800-693941914):8)
12-05 10:07:09.760 7846 9852 W Auth : at java.lang.Thread.run(Thread.java:920)
12-05 10:07:09.760 7846 9852 W Auth : Caused by: m.kq: Exception in CronetUrlRequest: net::ERR_FAILED, ErrorCode=11, InternalErrorCode=-2, Retryable=false
12-05 10:07:09.760 7846 9852 W Auth : at org.chromium.net.impl.CronetUrlRequest.onError(:com.google.android.gms.dynamite_cronetdynamite@244337026@24.43.37 (150800-0):4)
12-05 10:07:09.784 7846 9403 W Auth : [TokenResponseCallback] TokenResponse failed with exception [CONTEXT service_id=343 ]
12-05 10:07:09.784 7846 9403 W Auth : bqjl: Failed to process request
12-05 10:07:09.784 7846 9403 W Auth : at bqjr.a(:com.google.android.gms@244337026@24.43.37 (150800-693941914):23)
12-05 10:07:09.784 7846 9403 W Auth : at bqnk.b(:com.google.android.gms@244337026@24.43.37 (150800-693941914):15)
12-05 10:07:09.784 7846 9403 W Auth : at bqny.onFailed(:com.google.android.gms@244337026@24.43.37 (150800-693941914):15)
12-05 10:07:09.784 7846 9403 W Auth : at m.lg.onFailed(:com.google.android.gms.dynamite_cronetdynamite@244337026@24.43.37 (150800-0):3)
12-05 10:07:09.784 7846 9403 W Auth : at m.kh.run(:com.google.android.gms.dynamite_cronetdynamite@244337026@24.43.37 (150800-0):9)
12-05 10:07:09.784 7846 9403 W Auth : at amjy.c(:com.google.android.gms@244337026@24.43.37 (150800-693941914):50)
12-05 10:07:09.784 7846 9403 W Auth : at amjy.run(:com.google.android.gms@244337026@24.43.37 (150800-693941914):76)
12-05 10:07:09.784 7846 9403 W Auth : at java.util.concurrent.ThreadPoolExecutor.runWorker(ThreadPoolExecutor.java:1167)
12-05 10:07:09.784 7846 9403 W Auth : at java.util.concurrent.ThreadPoolExecutor$Worker.run(ThreadPoolExecutor.java:641)
12-05 10:07:09.784 7846 9403 W Auth : at ampj.run(:com.google.android.gms@244337026@24.43.37 (150800-693941914):8)
12-05 10:07:09.784 7846 9403 W Auth : at java.lang.Thread.run(Thread.java:920)
12-05 10:07:09.784 7846 9403 W Auth : Caused by: m.kq: Exception in CronetUrlRequest: net::ERR_FAILED, ErrorCode=11, InternalErrorCode=-2, Retryable=false
12-05 10:07:09.784 7846 9403 W Auth : at org.chromium.net.impl.CronetUrlRequest.onError(:com.google.android.gms.dynamite_cronetdynamite@244337026@24.43.37 (150800-0):4)
12-05 10:07:09.811 7846 10168 W Auth : [TokenResponseCallback] TokenResponse failed with exception [CONTEXT service_id=343 ]
12-05 10:07:09.811 7846 10168 W Auth : bqjl: Failed to process request
12-05 10:07:09.811 7846 10168 W Auth : at bqjr.a(:com.google.android.gms@244337026@24.43.37 (150800-693941914):23)
12-05 10:07:09.811 7846 10168 W Auth : at bqnk.b(:com.google.android.gms@244337026@24.43.37 (150800-693941914):15)
12-05 10:07:09.811 7846 10168 W Auth : at bqny.onFailed(:com.google.android.gms@244337026@24.43.37 (150800-693941914):15)
12-05 10:07:09.811 7846 10168 W Auth : at m.lg.onFailed(:com.google.android.gms.dynamite_cronetdynamite@244337026@24.43.37 (150800-0):3)
12-05 10:07:09.811 7846 10168 W Auth : at m.kh.run(:com.google.android.gms.dynamite_cronetdynamite@244337026@24.43.37 (150800-0):9)
12-05 10:07:09.811 7846 10168 W Auth : at amjy.c(:com.google.android.gms@244337026@24.43.37 (150800-693941914):50)
12-05 10:07:09.811 7846 10168 W Auth : at amjy.run(:com.google.android.gms@244337026@24.43.37 (150800-693941914):76)
12-05 10:07:09.811 7846 10168 W Auth : at java.util.concurrent.ThreadPoolExecutor.runWorker(ThreadPoolExecutor.java:1167)
12-05 10:07:09.811 7846 10168 W Auth : at java.util.concurrent.ThreadPoolExecutor$Worker.run(ThreadPoolExecutor.java:641)
12-05 10:07:09.811 7846 10168 W Auth : at ampj.run(:com.google.android.gms@244337026@24.43.37 (150800-693941914):8)
12-05 10:07:09.811 7846 10168 W Auth : at java.lang.Thread.run(Thread.java:920)
12-05 10:07:09.811 7846 10168 W Auth : Caused by: m.kq: Exception in CronetUrlRequest: net::ERR_FAILED, ErrorCode=11, InternalErrorCode=-2, Retryable=false
12-05 10:07:09.811 7846 10168 W Auth : at org.chromium.net.impl.CronetUrlRequest.onError(:com.google.android.gms.dynamite_cronetdynamite@244337026@24.43.37 (150800-0):4)
12-05 10:07:09.827 7846 7884 W Nearby : Method is still running after 4010 millis. [CONTEXT service_id=49 ]
