12-05 10:05:56.898 331 8843 I resolv : res_stats_usable_server: NS stats: S 62 + E 0 + T 2 + I 0 = 64, rtt = 6, min_samples = 8
12-05 10:05:56.898 331 8843 I resolv : res_stats_usable_server: success rate 96
12-05 10:05:56.898 331 8843 D resolv : res_nsend: Querying server (# 1) address = 10.0.2.3:53
12-05 10:05:56.901 331 8843 D resolv : send_dg: new DG socket
12-05 10:05:56.901 331 8843 I resolv : get_timeout: using timeout of 5000 msec
12-05 10:05:56.901 331 8843 I resolv : retrying_poll: 56 retrying_poll
12-05 10:05:56.901 331 8842 D resolv : send_dg: new DG socket
12-05 10:05:56.902 331 8842 I resolv : get_timeout: using timeout of 5000 msec
12-05 10:05:56.902 331 8842 I resolv : retrying_poll: 55 retrying_poll
12-05 10:05:56.919 331 8843 I resolv : retrying_poll: 56 retrying_poll returning 1
12-05 10:05:56.919 331 8843 I resolv : res_nsend: used send_dg 106 terrno: 0
12-05 10:05:56.919 331 8843 I resolv : res_stats_set_sample: rcode = 0, sec = 18
12-05 10:05:56.919 331 8843 I resolv : res_cache_add_stats_sample_locked: adding sample to stats, next = 12, count = 64
12-05 10:05:56.919 331 8843 D resolv : res_nsend: got answer:
12-05 10:05:56.919 331 8843 I resolv : answer_getTTL: TTL = 300
12-05 10:05:56.919 331 8843 I resolv : _cache_add_p: entry 77 added (count=63)
12-05 10:05:56.919 331 8843 I resolv : cache_dump_mru_locked: MRU LIST (63): 77 76 75 74 73 70 71 72 69 68 67 42 41 37 38 60 59 36 35 54 55 39 40 34 33 15 16 66 65 26 25 45 46 57 58 64 63 62 61 24 23 56 21 53 52 17 18 50 49 48 47 43 44 7 8 30 29 20 19 10 9 2 1
12-05 10:05:56.919 331 8843 D resolv : doQuery: rcode=0, ancount=4
12-05 10:05:56.919 331 8842 I resolv : retrying_poll: 55 retrying_poll returning 1
12-05 10:05:56.919 331 8842 I resolv : res_nsend: used send_dg 99 terrno: 0
12-05 10:05:56.919 331 8842 I resolv : res_stats_set_sample: rcode = 0, sec = 17
12-05 10:05:56.919 331 8842 I resolv : res_cache_add_stats_sample_locked: adding sample to stats, next = 13, count = 64
12-05 10:05:56.919 331 8842 D resolv : res_nsend: got answer:
12-05 10:05:56.919 331 8842 I resolv : answer_getTTL: TTL = 60
12-05 10:05:56.919 331 8842 I resolv : _cache_add_p: entry 78 added (count=64)
12-05 10:05:56.920 331 8842 I resolv : cache_dump_mru_locked: MRU LIST (64): 78 77 76 75 74 73 70 71 72 69 68 67 42 41 37 38 60 59 36 35 54 55 39 40 34 33 15 16 66 65 26 25 45 46 57 58 64 63 62 61 24 23 56 21 53 52 17 18 50 49 48 47 43 44 7 8 30 29 20 19 10 9 2 1
12-05 10:05:56.920 331 8842 D resolv : doQuery: rcode=0, ancount=0
12-05 10:05:56.941 426 8822 I GenericSource: start
12-05 10:05:56.948 563 620 D CompatibilityChangeReporter: Compat change id reported: 174042980; UID 10161; state: DISABLED
12-05 10:05:56.955 563 620 D CompatibilityChangeReporter: Compat change id reported: 184838306; UID 10161; state: DISABLED
12-05 10:05:56.955 563 620 D CompatibilityChangeReporter: Compat change id reported: 185004937; UID 10161; state: DISABLED
12-05 10:05:56.956 563 620 D CompatibilityChangeReporter: Compat change id reported: 181136395; UID 10161; state: DISABLED
12-05 10:05:56.959 563 620 D CompatibilityChangeReporter: Compat change id reported: 174042936; UID 10161; state: DISABLED
12-05 10:05:56.961 868 8815 W RingtonePlayer: Notification sound delayed by 1815msecs
12-05 10:05:56.969 8696 8696 I Choreographer: Skipped 150 frames! The application may be doing too much work on its main thread.
12-05 10:05:56.974 352 352 W RanchuHwc: validateDisplay: layer 31 CompositionType 1, fallback
12-05 10:05:56.989 352 352 W RanchuHwc: presentDisplay display has no layers to compose, flushing client target buffer.
12-05 10:05:56.992 563 616 I ActivityTaskManager: Displayed com.google.testing.helium.utp.android.companion.backdrop/.BackdropActivity: +7s697ms
12-05 10:05:57.016 426 8847 D CCodec : allocate(c2.android.vorbis.decoder)
12-05 10:05:57.045 1931 6132 I A : [Upload] Connected
12-05 10:05:57.067 426 8847 I CCodec : setting up 'default' as default (vendor) store
12-05 10:05:57.107 352 352 W RanchuHwc: validateDisplay: layer 31 CompositionType 1, fallback
12-05 10:05:57.129 7993 8024 I BugleJobs: Starts to observe table change.
12-05 10:05:57.176 563 962 W InputManager-JNI: Input channel object '407d048 Splash Screen com.google.testing.helium.utp.android.companion.backdrop (client)' was disposed without first being removed with the input manager!
12-05 10:05:57.192 352 352 W RanchuHwc: presentDisplay display has no layers to compose, flushing client target buffer.
12-05 10:05:57.272 352 352 W RanchuHwc: validateDisplay: layer 31 CompositionType 1, fallback
12-05 10:05:57.272 430 961 V C2Store : in init
12-05 10:05:57.273 430 961 V C2Store : loading dll
12-05 10:05:57.284 1931 2227 W CronetNetworkRqstWrppr: Upload request without a content type.
12-05 10:05:57.294 352 352 W RanchuHwc: presentDisplay display has no layers to compose, flushing client target buffer.
12-05 10:05:57.298 8696 8715 I OpenGLRenderer: Davey! duration=2648ms; Flags=0, FrameTimelineVsyncId=10197, IntendedVsync=518767745043, Vsync=521267744943, InputEventId=0, HandleInputStart=521280934225, AnimationStart=521280940104, PerformTraversalsStart=521281373158, DrawStart=521367472216, FrameDeadline=518801078375, FrameInterval=521280830664, FrameStartTime=16666666, SyncQueued=521377774668, SyncStart=521385603507, IssueDrawCommandsStart=521385799432, SwapBuffers=521406099420, FrameCompleted=521424112645, DequeueBufferDuration=7148, QueueBufferDuration=2971736, GpuCompleted=521423975359, SwapBuffersCompleted=521424112645, DisplayPresentTime=0,
12-05 10:05:57.375 352 352 W RanchuHwc: validateDisplay: layer 31 CompositionType 1, fallback
12-05 10:05:57.396 352 352 W RanchuHwc: presentDisplay display has no layers to compose, flushing client target buffer.
12-05 10:05:57.398 426 8847 I CCodec : Created component [c2.android.vorbis.decoder]
12-05 10:05:57.398 426 8847 D CCodecConfig: read media type: audio/vorbis
12-05 10:05:57.401 426 8847 D ReflectedParamUpdater: extent() != 1 for single value type: algo.buffers.max-count.values
12-05 10:05:57.425 8320 8406 W IndexableDataCollector: Error full indexing for authority com.google.android.gms
12-05 10:05:57.425 8320 8406 W IndexableDataCollector: java.util.concurrent.TimeoutException
12-05 10:05:57.425 8320 8406 W IndexableDataCollector: at java.util.concurrent.FutureTask.get(FutureTask.java:206)
12-05 10:05:57.425 8320 8406 W IndexableDataCollector: at ddr.b(PG:5)
12-05 10:05:57.425 8320 8406 W IndexableDataCollector: at ddh.b(PG:64)
12-05 10:05:57.425 8320 8406 W IndexableDataCollector: at ddg.doInBackground(PG:3)
12-05 10:05:57.425 8320 8406 W IndexableDataCollector: at android.os.AsyncTask$3.call(AsyncTask.java:394)
12-05 10:05:57.425 8320 8406 W IndexableDataCollector: at java.util.concurrent.FutureTask.run(FutureTask.java:266)
12-05 10:05:57.425 8320 8406 W IndexableDataCollector: at java.util.concurrent.ThreadPoolExecutor.runWorker(ThreadPoolExecutor.java:1167)
12-05 10:05:57.425 8320 8406 W IndexableDataCollector: at java.util.concurrent.ThreadPoolExecutor$Worker.run(ThreadPoolExecutor.java:641)
12-05 10:05:57.425 8320 8406 W IndexableDataCollector: at java.lang.Thread.run(Thread.java:920)
12-05 10:05:57.427 426 8847 D ReflectedParamUpdater: extent() != 1 for single value type: output.subscribed-indices.values
12-05 10:05:57.427 352 352 W RanchuHwc: validateDisplay: layer 31 CompositionType 1, fallback
12-05 10:05:57.427 426 8847 D ReflectedParamUpdater: extent() != 1 for single value type: input.buffers.allocator-ids.values
12-05 10:05:57.490 563 1795 W system_server: Long monitor contention with owner ActivityManager (632) at void com.android.server.am.ActivityManagerService.tempAllowlistUidLocked(int, long, int, java.lang.String, int, int)(ActivityManagerService.java:14784) waiters=0 in int com.android.server.am.ActivityManagerService.getUidState(int) for 332ms
12-05 10:05:57.500 352 352 W RanchuHwc: presentDisplay display has no layers to compose, flushing client target buffer.
12-05 10:05:57.502 563 631 W system_server: Long monitor contention with owner ActivityManager (632) at void com.android.server.am.BroadcastQueue.processNextBroadcast(boolean)(BroadcastQueue.java:996) waiters=1 in void com.android.server.am.ContentProviderHelper.handleProviderRemoval(com.android.server.am.ContentProviderConnection, boolean, boolean) for 401ms
12-05 10:05:57.510 563 563 W Looper : Slow dispatch took 215ms main h=android.app.PropertyInvalidatedCache$AutoCorker$1 c=null m=0
12-05 10:05:57.427 426 8847 D ReflectedParamUpdater: extent() != 1 for single value type: output.buffers.allocator-ids.values
12-05 10:05:57.511 426 8847 D ReflectedParamUpdater: extent() != 1 for single value type: algo.buffers.allocator-ids.values
12-05 10:05:57.511 426 8847 D ReflectedParamUpdater: extent() != 1 for single value type: output.buffers.pool-ids.values
12-05 10:05:57.511 426 8847 D ReflectedParamUpdater: extent() != 1 for single value type: algo.buffers.pool-ids.values
12-05 10:05:57.519 8407 8836 W DynamiteModule: Local module descriptor class for com.google.android.gms.providerinstaller.dynamite not found.
12-05 10:05:57.522 426 8847 I CCodecConfig: query failed after returning 7 values (BAD_INDEX)
12-05 10:05:57.525 426 8847 D CCodecConfig: c2 config diff is Dict {
12-05 10:05:57.525 426 8847 D CCodecConfig: c2::u32 coded.bitrate.value = 64000
12-05 10:05:57.525 426 8847 D CCodecConfig: c2::u32 input.buffers.max-size.value = 32768
12-05 10:05:57.525 426 8847 D CCodecConfig: c2::u32 input.delay.value = 0
12-05 10:05:57.525 426 8847 D CCodecConfig: string input.media-type.value = "audio/vorbis"
12-05 10:05:57.525 426 8847 D CCodecConfig: string output.media-type.value = "audio/raw"
12-05 10:05:57.525 426 8847 D CCodecConfig: c2::u32 raw.channel-count.value = 1
12-05 10:05:57.525 426 8847 D CCodecConfig: c2::u32 raw.sample-rate.value = 48000
12-05 10:05:57.525 426 8847 D CCodecConfig: }
12-05 10:05:57.537 426 8847 D CCodec : [c2.android.vorbis.decoder] buffers are bound to CCodec for this session
12-05 10:05:57.537 426 8847 D CCodecConfig: no c2 equivalents for durationUs
12-05 10:05:57.538 426 8847 D CCodecConfig: no c2 equivalents for csd-1
12-05 10:05:57.538 426 8847 D CCodecConfig: no c2 equivalents for channel-mask
12-05 10:05:57.538 426 8847 D CCodecConfig: no c2 equivalents for flags
12-05 10:05:57.538 426 8847 D CCodecConfig: c2 config diff is c2::u32 coded.bitrate.value = 70000
12-05 10:05:57.544 426 8847 W Codec2Client: query -- param skipped: index = 1107298332.
12-05 10:05:57.544 426 8847 D CCodec : setup formats input: AMessage(what = 0x00000000) = {
12-05 10:05:57.544 426 8847 D CCodec : int32_t bitrate = 70000
12-05 10:05:57.544 426 8847 D CCodec : int32_t channel-count = 1
12-05 10:05:57.544 426 8847 D CCodec : int32_t max-input-size = 32768
12-05 10:05:57.544 426 8847 D CCodec : string mime = "audio/vorbis"
12-05 10:05:57.544 426 8847 D CCodec : int32_t sample-rate = 48000
12-05 10:05:57.544 426 8847 D CCodec : }
12-05 10:05:57.544 426 8847 D CCodec : setup formats output: AMessage(what = 0x00000000) = {
12-05 10:05:57.544 426 8847 D CCodec : int32_t channel-count = 1
12-05 10:05:57.544 426 8847 D CCodec : string mime = "audio/raw"
12-05 10:05:57.544 426 8847 D CCodec : int32_t sample-rate = 48000
12-05 10:05:57.544 426 8847 D CCodec : int32_t channel-mask = 1
12-05 10:05:57.544 426 8847 D CCodec : }
12-05 10:05:57.544 426 8847 I CCodecConfig: query failed after returning 7 values (BAD_INDEX)
12-05 10:05:57.544 426 8847 I MediaCodec: MediaCodec will operate in async mode
12-05 10:05:57.544 426 8846 D MediaCodec: keep callback message for reclaim
12-05 10:05:57.545 426 8847 W Codec2Client: query -- param skipped: index = 1342179345.
12-05 10:05:57.545 426 8847 W Codec2Client: query -- param skipped: index = 2415921170.
12-05 10:05:57.557 426 8847 D CCodecBufferChannel: [c2.android.vorbis.decoder#326] Created input block pool with allocatorID 16 => poolID 18 - OK (0)
12-05 10:05:57.558 426 8441 D BufferPoolAccessor2.0: bufferpool2 0x79b561a60a98 : 0(0 size) total buffers - 0(0 size) used buffers - 0/5 (recycle/alloc) - 2/4 (fetch/transfer)
12-05 10:05:57.558 426 8441 D BufferPoolAccessor2.0: Destruction - bufferpool2 0x79b561a60a98 cached: 0/0M, 0/0% in use; allocs: 5, 0% recycled; transfers: 4, 50% unfetched
12-05 10:05:57.558 426 8847 I CCodecBufferChannel: [c2.android.vorbis.decoder#326] Created output block pool with allocatorID 16 => poolID 27 - OK
12-05 10:05:57.558 426 8847 D CCodecBufferChannel: [c2.android.vorbis.decoder#326] Configured output block pool ids 27 => OK
12-05 10:05:57.561 430 8849 D SimpleC2Component: Using output block pool with poolID 27 => got 27 - 0
12-05 10:05:57.569 1482 1482 I GoogleInputMethodService: GoogleInputMethodService.onFinishInput():3316
12-05 10:05:57.584 1482 1482 I GoogleInputMethodService: GoogleInputMethodService.updateDeviceLockedStatus():2181 checkRepeatedly = false, unlocked = true
12-05 10:05:57.584 1482 1482 I GoogleInputMethodService: GoogleInputMethodService.onStartInput():1989
12-05 10:05:57.591 1482 1482 I GoogleInputMethodService: GoogleInputMethodService.updateDeviceLockedStatus():2181 checkRepeatedly = true, unlocked = true
12-05 10:05:57.653 371 371 D AudioFlinger: Client defaulted notificationFrames to 12213 for frameCount 24426
12-05 10:05:57.654 371 371 D AF::TrackHandle: OpPlayAudio: track:55 usage:5 not muted
12-05 10:05:57.693 331 8853 D resolv : GetAddrInfoHandler::run: {100 786532 100 983140 10105 0}
12-05 10:05:57.693 331 8853 D resolv : resolv_getaddrinfo: explore_fqdn(): ai_family=0 ai_socktype=1 ai_protocol=6
12-05 10:05:57.694 331 8855 D resolv : doQuery: (1, 28)
12-05 10:05:57.694 331 8855 D resolv : res_nmkquery: (QUERY, IN, AAAA)
12-05 10:05:57.694 331 8855 D resolv : res_nsend
12-05 10:05:57.694 331 8855 I resolv : resolv_cache_lookup: lookup
12-05 10:05:57.694 331 8855 I resolv : resolv_cache_lookup: NOT IN CACHE (STALE ENTRY 0x78c8fbc5f490DISCARDED)
12-05 10:05:57.694 331 8855 I resolv : _cache_remove_p: entry 26 removed (count=63)
12-05 10:05:57.694 331 8855 I resolv : resolv_populate_res_for_net: netid=100
12-05 10:05:57.694 331 8855 I resolv : res_stats_usable_server: NS stats: S 62 + E 0 + T 2 + I 0 = 64, rtt = 6, min_samples = 8
12-05 10:05:57.694 331 8855 I resolv : res_stats_usable_server: success rate 96
12-05 10:05:57.694 331 8855 D resolv : res_nsend: Querying server (# 1) address = 10.0.2.3:53
12-05 10:05:57.695 331 8855 D resolv : send_dg: new DG socket
12-05 10:05:57.695 331 8855 I resolv : get_timeout: using timeout of 5000 msec
12-05 10:05:57.695 331 8855 I resolv : retrying_poll: 55 retrying_poll
12-05 10:05:57.697 331 8855 I resolv : retrying_poll: 55 retrying_poll returning 1
12-05 10:05:57.697 331 8855 I resolv : res_nsend: used send_dg 148 terrno: 0
12-05 10:05:57.697 331 8855 I resolv : res_stats_set_sample: rcode = 0, sec = 2
12-05 10:05:57.697 331 8855 I resolv : res_cache_add_stats_sample_locked: adding sample to stats, next = 14, count = 64
12-05 10:05:57.697 331 8855 D resolv : res_nsend: got answer:
12-05 10:05:57.697 331 8855 I resolv : answer_getTTL: TTL = 300
12-05 10:05:57.698 331 8855 I resolv : _cache_add_p: entry 79 added (count=64)
12-05 10:05:57.698 331 8855 I resolv : cache_dump_mru_locked: MRU LIST (64): 79 78 77 76 75 74 73 70 71 72 69 68 67 42 41 37 38 60 59 36 35 54 55 39 40 34 33 15 16 66 65 25 45 46 57 58 64 63 62 61 24 23 56 21 53 52 17 18 50 49 48 47 43 44 7 8 30 29 20 19 10 9 2 1
12-05 10:05:57.698 331 8855 D resolv : doQuery: rcode=0, ancount=4
12-05 10:05:57.705 338 338 E android.hardware.audio@7.0-impl.ranchu: device/generic/goldfish/audio/stream_out.cpp:updateSourceMetadata:388 failure: Result::NOT_SUPPORTED
12-05 10:05:57.712 331 8856 D resolv : doQuery: (1, 1)
12-05 10:05:57.712 331 8856 D resolv : res_nmkquery: (QUERY, IN, A)
12-05 10:05:57.712 331 8856 D resolv : res_nsend
12-05 10:05:57.712 331 8856 I resolv : resolv_cache_lookup: lookup
12-05 10:05:57.713 331 8856 I resolv : resolv_cache_lookup: NOT IN CACHE (STALE ENTRY 0x78c91bc63850DISCARDED)
12-05 10:05:57.713 331 8856 I resolv : _cache_remove_p: entry 25 removed (count=63)
12-05 10:05:57.713 331 8856 I resolv : resolv_populate_res_for_net: netid=100
12-05 10:05:57.715 331 8856 I resolv : res_stats_usable_server: NS stats: S 62 + E 0 + T 2 + I 0 = 64, rtt = 6, min_samples = 8
12-05 10:05:57.715 331 8856 I resolv : res_stats_usable_server: success rate 96
12-05 10:05:57.715 331 8856 D resolv : res_nsend: Querying server (# 1) address = 10.0.2.3:53
12-05 10:05:57.715 331 8856 D resolv : send_dg: new DG socket
12-05 10:05:57.715 331 8856 I resolv : get_timeout: using timeout of 5000 msec
12-05 10:05:57.715 331 8856 I resolv : retrying_poll: 55 retrying_poll
12-05 10:05:57.718 331 8856 I resolv : retrying_poll: 55 retrying_poll returning 1
12-05 10:05:57.718 331 8856 I resolv : res_nsend: used send_dg 276 terrno: 0
12-05 10:05:57.718 331 8856 I resolv : res_stats_set_sample: rcode = 0, sec = 3
12-05 10:05:57.718 331 8856 I resolv : res_cache_add_stats_sample_locked: adding sample to stats, next = 15, count = 64
12-05 10:05:57.718 331 8856 D resolv : res_nsend: got answer:
12-05 10:05:57.718 331 8856 I resolv : answer_getTTL: TTL = 300
12-05 10:05:57.718 331 8856 I resolv : _cache_add_p: entry 80 added (count=64)
12-05 10:05:57.718 331 8856 I resolv : cache_dump_mru_locked: MRU LIST (64): 80 79 78 77 76 75 74 73 70 71 72 69 68 67 42 41 37 38 60 59 36 35 54 55 39 40 34 33 15 16 66 65 45 46 57 58 64 63 62 61 24 23 56 21 53 52 17 18 50 49 48 47 43 44 7 8 30 29 20 19 10 9 2 1
12-05 10:05:57.718 331 8856 D resolv : doQuery: rcode=0, ancount=15
12-05 10:05:57.724 352 352 W RanchuHwc: validateDisplay: layer 31 CompositionType 1, fallback
12-05 10:05:57.739 352 352 W RanchuHwc: presentDisplay display has no layers to compose, flushing client target buffer.
12-05 10:05:57.753 563 617 W Looper : Slow dispatch took 263ms android.ui h=com.android.server.am.ActivityManagerService$UiHandler c=com.android.server.am.UidObserverController$$ExternalSyntheticLambda0@a26af77 m=0
12-05 10:05:57.754 563 616 W Looper : Slow delivery took 264ms android.fg h=android.os.Handler c=com.android.server.power.hint.HintManagerService$UidObserver$$ExternalSyntheticLambda1@927e83b m=0
12-05 10:05:57.764 352 352 W RanchuHwc: validateDisplay: layer 31 CompositionType 1, fallback
12-05 10:05:57.844 352 352 W RanchuHwc: presentDisplay display has no layers to compose, flushing client target buffer.
12-05 10:05:57.881 563 722 W system_server: Long monitor contention with owner android.anim (620) at void com.android.server.wm.WindowAnimator.lambda$new$1$WindowAnimator(long)(WindowAnimator.java:110) waiters=1 in void com.android.server.wm.WindowManagerService$LocalService.updateInputMethodTargetWindow(android.os.IBinder, android.os.IBinder) for 310ms
12-05 10:05:57.890 352 352 W RanchuHwc: validateDisplay: layer 31 CompositionType 1, fallback
12-05 10:05:57.891 352 352 W RanchuHwc: presentDisplay display has no layers to compose, flushing client target buffer.
12-05 10:05:57.895 563 1795 W system_server: Long monitor contention with owner Binder:563_9 (1031) at boolean com.android.server.am.ActivityManagerService.isUserAMonkey()(ActivityManagerService.java:6560) waiters=0 in boolean com.android.server.am.ActivityManagerService$LocalService.isUidActive(int) for 393ms
12-05 10:05:57.937 563 1031 D ConnectivityService: requestNetwork for uid/pid:10097/7993 activeRequest: null callbackRequest: 223 [NetworkRequest [ REQUEST id=224, [ Capabilities: INTERNET&NOT_RESTRICTED&TRUSTED&NOT_VCN_MANAGED Uid: 10097 RequestorUid: 10097 RequestorPkg: com.google.android.apps.messaging UnderlyingNetworks: Null] ]] callback flags: 0 order: 2147483647
12-05 10:05:57.939 563 794 D ConnectivityService: NetReassign [224 : null → 100]
12-05 10:05:57.954 563 785 D WifiNetworkFactory: got request NetworkRequest [ REQUEST id=224, [ Capabilities: INTERNET&NOT_RESTRICTED&TRUSTED&NOT_VCN_MANAGED Uid: 10097 RequestorUid: 10097 RequestorPkg: com.google.android.apps.messaging UnderlyingNetworks: Null] ]
12-05 10:05:57.954 563 785 D UntrustedWifiNetworkFactory: got request NetworkRequest [ REQUEST id=224, [ Capabilities: INTERNET&NOT_RESTRICTED&TRUSTED&NOT_VCN_MANAGED Uid: 10097 RequestorUid: 10097 RequestorPkg: com.google.android.apps.messaging UnderlyingNetworks: Null] ]
12-05 10:05:57.954 563 785 D OemPaidWifiNetworkFactory: got request NetworkRequest [ REQUEST id=224, [ Capabilities: INTERNET&NOT_RESTRICTED&TRUSTED&NOT_VCN_MANAGED Uid: 10097 RequestorUid: 10097 RequestorPkg: com.google.android.apps.messaging UnderlyingNetworks: Null] ]
12-05 10:05:57.965 426 489 D AudioTrack: getTimestamp_l(15): device stall time corrected using current time 522277365433
12-05 10:05:58.006 352 352 W RanchuHwc: validateDisplay: layer 31 CompositionType 1, fallback
12-05 10:05:58.020 7993 8035 W DynamiteModule: Local module descriptor class for com.google.android.gms.providerinstaller.dynamite not found.
12-05 10:05:58.029 352 352 W RanchuHwc: presentDisplay display has no layers to compose, flushing client target buffer.
12-05 10:05:58.093 7846 7884 E GCM : Missing checkin config file
12-05 10:05:58.093 7846 7884 W GCM : GCM FAILED TO INITIALIZE - missing checkin
12-05 10:05:58.094 7846 7884 E WakeLock: GCM_HB_ALARM release without a matched acquire!
12-05 10:05:58.094 7846 7884 W WakeLock: GCM_HB_ALARM counter does not exist
12-05 10:05:58.125 563 794 D ConnectivityService: reportNetworkConnectivity(100, false) by 10105
12-05 10:05:58.127 7993 8024 V AssistantIntegClient: #getAssistantConfig()
12-05 10:05:58.132 974 1922 D NetworkMonitor/100: Forcing reevaluation for UID 10105. Dns signal count: 0
12-05 10:05:58.174 0 0 W audit : audit_lost=1251 audit_rate_limit=5 audit_backlog_limit=64
12-05 10:05:58.186 0 0 E audit : rate limit exceeded
12-05 10:05:58.160 7993 8028 D MddListenableWorkerFactory: createWorker for class: com.google.android.apps.messaging.rcsprovisioning.RcsProvisioningListenableWorker
12-05 10:05:58.165 331 8866 D resolv : ResNSendHandler::run: 0 / {100 983140 100 983140 1073 1}
12-05 10:05:58.165 331 8866 I resolv : resolv_populate_res_for_net: netid=100
12-05 10:05:58.165 331 8866 D resolv : res_nsend
12-05 10:05:58.165 331 8866 I resolv : resolv_cache_lookup: lookup
12-05 10:05:58.165 331 8866 I resolv : resolv_cache_lookup: FOUND IN CACHE entry=0x78c8fbc61e30
12-05 10:05:58.196 331 8867 D resolv : ResNSendHandler::run: 0 / {100 983140 100 983140 1073 1}
12-05 10:05:58.198 331 8867 I resolv : resolv_populate_res_for_net: netid=100
12-05 10:05:58.203 331 8867 D resolv : res_nsend
12-05 10:05:58.203 331 8867 I resolv : resolv_cache_lookup: lookup
12-05 10:05:58.203 331 8867 I resolv : resolv_cache_lookup: FOUND IN CACHE entry=0x78c8fbc608d0
12-05 10:05:58.235 563 617 W system_server: Long monitor contention with owner jobscheduler.bg (749) at void com.android.server.DeviceIdleController.checkTempAppWhitelistTimeout(int)(DeviceIdleController.java:2993) waiters=0 in void com.android.server.DeviceIdleController.addPowerSaveTempWhitelistAppDirectInternal(int, int, long, int, boolean, int, java.lang.String) for 339ms
12-05 10:05:58.238 974 8864 D NetworkMonitor/100: PROBE_DNS www.google.com 95ms OK 108.177.121.103,108.177.121.99,108.177.121.106,108.177.121.105,108.177.121.147,108.177.121.104,2607:f8b0:4001:c01::68,2607:f8b0:4001:c01::93,2607:f8b0:4001:c01::69,2607:f8b0:4001:c01::63
12-05 10:05:58.251 8696 8775 D EGL_emulation: app_time_stats: avg=238.14ms min=52.06ms max=319.13ms count=5
12-05 10:05:58.257 352 352 W RanchuHwc: validateDisplay: layer 31 CompositionType 1, fallback
12-05 10:05:58.276 352 352 W RanchuHwc: presentDisplay display has no layers to compose, flushing client target buffer.
12-05 10:05:58.280 563 563 W Looper : Slow dispatch took 524ms main h=com.android.server.job.JobSchedulerService$JobHandler c=null m=4
12-05 10:05:58.280 563 1756 W system_server: Long monitor contention with owner main (563) at void com.android.server.job.JobSchedulerService$JobHandler.handleMessage(android.os.Message)(JobSchedulerService.java:2072) waiters=0 in void com.android.server.job.JobServiceContext.doJobFinished(com.android.server.job.JobServiceContext$JobCallback, int, boolean) for 298ms
12-05 10:05:58.280 563 563 W Looper : Slow delivery took 314ms main h=android.media.AudioManager$ServiceEventHandlerDelegate$1 c=null m=2
12-05 10:05:58.282 1931 6132 I NetworkRecognitionRnr: Using pair HTTP connection
12-05 10:05:58.285 1931 5402 I A : [Upload] Connected
12-05 10:05:58.299 331 8869 D resolv : GetAddrInfoHandler::run: {100 983140 100 983140 1073 1}
12-05 10:05:58.299 331 8869 D resolv : resolv_getaddrinfo: explore_fqdn(): ai_family=0 ai_socktype=1 ai_protocol=6
12-05 10:05:58.304 1931 1931 E A : onError
12-05 10:05:58.304 1931 1931 E A : com.google.android.apps.gsa.shared.speech.a.n: errorCode: 65561, engine: 2
12-05 10:05:58.304 1931 1931 E A : at com.google.android.apps.gsa.staticplugins.di.a.e.a(SourceFile:3)
12-05 10:05:58.304 1931 1931 E A : at com.google.android.apps.gsa.s3.n.gF(SourceFile:1)
12-05 10:05:58.304 1931 1931 E A : at com.google.ce.g.a.f.f(SourceFile:2)
12-05 10:05:58.304 1931 1931 E A : at com.google.android.apps.gsa.speech.k.a.g.d(SourceFile:21)
12-05 10:05:58.304 1931 1931 E A : at com.google.android.apps.gsa.speech.k.a.g.jG(SourceFile:6)
12-05 10:05:58.304 1931 1931 E A : at com.google.android.apps.gsa.s3.o.d(SourceFile:15)
12-05 10:05:58.304 1931 1931 E A : at com.google.android.apps.gsa.s3.p.run(SourceFile:1)
12-05 10:05:58.304 1931 1931 E A : at java.util.concurrent.Executors$RunnableAdapter.call(Executors.java:462)
12-05 10:05:58.304 1931 1931 E A : at java.util.concurrent.FutureTask.run(FutureTask.java:266)
12-05 10:05:58.304 1931 1931 E A : at com.google.android.apps.gsa.shared.util.c.a.e.run(SourceFile:2)
12-05 10:05:58.304 1931 1931 E A : at com.google.android.apps.gsa.shared.util.c.a.ay.run(SourceFile:1)
12-05 10:05:58.304 1931 1931 E A : at com.google.android.apps.gsa.shared.util.c.a.ay.run(SourceFile:1)
12-05 10:05:58.304 1931 1931 E A : at java.util.concurrent.ThreadPoolExecutor.runWorker(ThreadPoolExecutor.java:1167)
12-05 10:05:58.304 1931 1931 E A : at java.util.concurrent.ThreadPoolExecutor$Worker.run(ThreadPoolExecutor.java:641)
12-05 10:05:58.304 1931 1931 E A : at java.lang.Thread.run(Thread.java:920)
12-05 10:05:58.304 1931 1931 E A : at com.google.android.apps.gsa.shared.util.c.a.h.run(SourceFile:4)
12-05 10:05:58.304 1931 1931 E A : Caused by: com.google.android.apps.gsa.shared.speech.a.p: errorCode: 65586, engine: 2
12-05 10:05:58.304 1931 1931 E A : ... 15 more
12-05 10:05:58.304 1931 1931 E A : Caused by: com.google.android.apps.gsa.shared.speech.a.l: errorCode: 401, engine: 2
12-05 10:05:58.304 1931 1931 E A : at com.google.android.apps.gsa.assistant.shared.m.h.a(SourceFile:5)
12-05 10:05:58.304 1931 1931 E A : at com.google.android.apps.gsa.s3.producers.j.gX(SourceFile:2)
12-05 10:05:58.304 1931 1931 E A : at com.google.android.apps.gsa.speech.k.a.g.d(SourceFile:15)
12-05 10:05:58.304 1931 1931 E A : ... 12 more
12-05 10:05:58.306 1931 1931 W A : Failed to sync device settings.
12-05 10:05:58.306 1931 1931 I A : Retrying to sync device settings.
12-05 10:05:58.315 338 338 E android.hardware.audio@7.0-impl.ranchu: device/generic/goldfish/audio/stream_out.cpp:updateSourceMetadata:388 failure: Result::NOT_SUPPORTED
12-05 10:05:58.361 331 8870 D resolv : doQuery: (1, 28)
12-05 10:05:58.361 331 8870 D resolv : res_nmkquery: (QUERY, IN, AAAA)
12-05 10:05:58.361 331 8870 D resolv : res_nsend
12-05 10:05:58.361 331 8870 I resolv : resolv_cache_lookup: lookup
12-05 10:05:58.361 331 8870 I resolv : resolv_cache_lookup: FOUND IN CACHE entry=0x78c8fbc61e30
12-05 10:05:58.361 331 8870 D resolv : doQuery: rcode=0, ancount=4
12-05 10:05:58.380 331 8871 D resolv : doQuery: (1, 1)
12-05 10:05:58.381 331 8871 D resolv : res_nmkquery: (QUERY, IN, A)
12-05 10:05:58.382 331 8871 D resolv : res_nsend
12-05 10:05:58.382 331 8871 I resolv : resolv_cache_lookup: lookup
12-05 10:05:58.382 331 8871 I resolv : resolv_cache_lookup: FOUND IN CACHE entry=0x78c8fbc608d0
12-05 10:05:58.382 331 8871 D resolv : doQuery: rcode=0, ancount=6
12-05 10:05:58.387 563 617 W Looper : Slow delivery took 265ms android.ui h=com.android.server.am.ActivityManagerService$UiHandler c=null m=68
12-05 10:05:58.387 563 617 W Looper : Slow dispatch took 633ms android.ui h=com.android.server.am.ActivityManagerService$UiHandler c=null m=68
12-05 10:05:58.388 563 616 W Looper : Drained
12-05 10:05:58.391 563 617 W Looper : Drained
12-05 10:05:58.399 563 563 W Looper : Slow dispatch took 118ms main h=android.app.ActivityThread$H c=android.app.LoadedApk$ServiceDispatcher$RunConnection@b9aed70 m=0
12-05 10:05:58.408 7846 7846 D BoundBrokerSvc: onUnbind: Intent { act=com.google.android.gms.gmscompliance.service.START dat=chimera-action: cmp=com.google.android.gms/.chimera.PersistentBoundBrokerService }
12-05 10:05:58.419 7846 7846 D BoundBrokerSvc: onUnbind: Intent { act=com.google.android.gms.common.telemetry.service.START dat=chimera-action: cmp=com.google.android.gms/.chimera.PersistentApiService }
12-05 10:05:58.422 7993 7993 I BugleRcsEngine: [2] RcsProvisioningListenableWorker.r: [seqId=0] RCS provisioning task has started
12-05 10:05:58.439 371 521 D AudioFlinger: mixer(0x70bad9d76a60) throttle end: throttle time(11)
12-05 10:05:58.447 7846 7846 D BoundBrokerSvc: onUnbind: Intent { act=com.google.android.gms.findmydevice.spot.service.locationreport.START dat=chimera-action: cmp=com.google.android.gms/.chimera.PersistentApiService }
12-05 10:05:58.482 331 8872 D resolv : ResNSendHandler::run: 0 / {100 983140 100 983140 1073 1}
12-05 10:05:58.482 331 8872 I resolv : resolv_populate_res_for_net: netid=100
12-05 10:05:58.482 331 8872 D resolv : res_nsend
12-05 10:05:58.482 331 8872 I resolv : resolv_cache_lookup: lookup
12-05 10:05:58.482 331 8872 I resolv : resolv_cache_lookup: FOUND IN CACHE entry=0x78c8ebc64850
12-05 10:05:58.484 331 8873 D resolv : ResNSendHandler::run: 0 / {100 983140 100 983140 1073 1}
12-05 10:05:58.484 331 8873 I resolv : resolv_populate_res_for_net: netid=100
12-05 10:05:58.484 331 8873 D resolv : res_nsend
12-05 10:05:58.484 331 8873 I resolv : resolv_cache_lookup: lookup
12-05 10:05:58.484 331 8873 I resolv : resolv_cache_lookup: FOUND IN CACHE entry=0x78c8ebc621d0
12-05 10:05:58.486 7846 7884 I AlarmManager: setExactAndAllowWhileIdle [name: GCM_CONN_ALARM type: 2 triggerAtMillis: 542797]
12-05 10:05:58.495 563 1008 D CompatibilityChangeReporter: Compat change id reported: 171306433; UID 10105; state: ENABLED
12-05 10:05:58.502 563 563 W Looper : Drained
12-05 10:05:58.502 974 8865 D NetworkMonitor/100: PROBE_DNS connectivitycheck.gstatic.com 36ms OK 64.233.181.94,2607:f8b0:4001:c11::5e
12-05 10:05:58.516 1931 2239 W SearchServiceCore: Abort, client detached.
12-05 10:05:58.516 1931 2239 W SearchServiceCore: Abort, client detached.
12-05 10:05:58.519 331 8874 D resolv : GetAddrInfoHandler::run: {100 983140 100 983140 1073 1}
12-05 10:05:58.519 331 8874 D resolv : resolv_getaddrinfo: explore_fqdn(): ai_family=0 ai_socktype=1 ai_protocol=6
12-05 10:05:58.531 331 8875 D resolv : doQuery: (1, 28)
12-05 10:05:58.531 331 8875 D resolv : res_nmkquery: (QUERY, IN, AAAA)
12-05 10:05:58.531 331 8875 D resolv : res_nsend
12-05 10:05:58.531 331 8875 I resolv : resolv_cache_lookup: lookup
12-05 10:05:58.531 331 8875 I resolv : resolv_cache_lookup: FOUND IN CACHE entry=0x78c8ebc64850
12-05 10:05:58.531 331 8875 D resolv : doQuery: rcode=0, ancount=1
12-05 10:05:58.533 331 8876 D resolv : doQuery: (1, 1)
12-05 10:05:58.533 331 8876 D resolv : res_nmkquery: (QUERY, IN, A)
12-05 10:05:58.533 331 8876 D resolv : res_nsend
12-05 10:05:58.533 331 8876 I resolv : resolv_cache_lookup: lookup
12-05 10:05:58.533 331 8876 I resolv : resolv_cache_lookup: FOUND IN CACHE entry=0x78c8ebc621d0
12-05 10:05:58.533 331 8876 D resolv : doQuery: rcode=0, ancount=1
12-05 10:05:58.538 7993 8862 W AssistantConfig: appIntegrationDataInBase64 is null
12-05 10:05:58.542 7846 8077 W ProviderHelper: Unknown dynamite feature providerinstaller.dynamite
12-05 10:05:58.544 974 8865 D NetworkMonitor/100: PROBE_HTTP http://connectivitycheck.gstatic.com/generate_204 time=36ms ret=204 request={Connection=[close], User-Agent=[Mozilla/5.0 (X11; Linux x86_64) AppleWebKit/537.36 (KHTML, like Gecko) Chrome/60.0.3112.32 Safari/537.36]} headers={null=[HTTP/1.1 204 No Content], Connection=[close], Content-Length=[0], Cross-Origin-Resource-Policy=[cross-origin], Date=[Thu, 05 Dec 2024 18:05:58 GMT], X-Android-Received-Millis=[1733421958543], X-Android-Response-Source=[NETWORK 204], X-Android-Selected-Protocol=[http/1.1], X-Android-Sent-Millis=[1733421958542]}
12-05 10:05:58.544 7993 8021 W Bugle : AssistantIntegrationStartupTask: Error getting assistant availability.
12-05 10:05:58.544 7993 8021 W Bugle : java.lang.IllegalStateException: Failed to query AGSA value. This is most likely caused by a Google signature check failure. Please make sure both of the AGSA app and the client app are either release or dev builds.
12-05 10:05:58.544 7993 8021 W Bugle : at arav.call(PG:16)
12-05 10:05:58.544 7993 8021 W Bugle : at bdxr.call(PG:2)
12-05 10:05:58.544 7993 8021 W Bugle : at bhui.a(PG:1)
12-05 10:05:58.544 7993 8021 W Bugle : at bhtl.run(PG:4)
12-05 10:05:58.544 7993 8021 W Bugle : at bhuj.run(PG:1)
12-05 10:05:58.544 7993 8021 W Bugle : at java.util.concurrent.ThreadPoolExecutor.runWorker(ThreadPoolExecutor.java:1167)
12-05 10:05:58.544 7993 8021 W Bugle : at java.util.concurrent.ThreadPoolExecutor$Worker.run(ThreadPoolExecutor.java:641)
12-05 10:05:58.544 7993 8021 W Bugle : at java.lang.Thread.run(Thread.java:920)
12-05 10:05:58.561 8407 8836 W ProviderInstaller: Failed to load providerinstaller module: No acceptable module com.google.android.gms.providerinstaller.dynamite found. Local version is 0 and remote version is 0.
12-05 10:05:58.571 7993 8021 D CompatibilityChangeReporter: Compat change id reported: 147600208; UID 10097; state: ENABLED
12-05 10:05:58.590 352 352 W RanchuHwc: validateDisplay: layer 31 CompositionType 1, fallback
12-05 10:05:58.603 352 352 W RanchuHwc: presentDisplay display has no layers to compose, flushing client target buffer.
12-05 10:05:58.696 371 521 D AudioFlinger: mixer(0x70bad9d76a60) throttle end: throttle time(165)
12-05 10:05:58.706 352 352 W RanchuHwc: validateDisplay: layer 31 CompositionType 1, fallback
12-05 10:05:58.719 352 352 W RanchuHwc: presentDisplay display has no layers to compose, flushing client target buffer.
12-05 10:05:58.776 8407 8836 W ProviderInstaller: Failed to report request stats: com.google.android.gms.common.security.ProviderInstallerImpl.reportRequestStats [class android.content.Context, long, long]
12-05 10:05:58.785 7846 8086 W ProviderHelper: Unknown dynamite feature providerinstaller.dynamite
12-05 10:05:58.811 8407 8836 V NativeCrypto: Registering com/google/android/gms/org/conscrypt/NativeCrypto's 305 native methods...
12-05 10:05:58.840 352 352 W RanchuHwc: validateDisplay: layer 31 CompositionType 1, fallback
12-05 10:05:58.863 352 352 W RanchuHwc: presentDisplay display has no layers to compose, flushing client target buffer.
12-05 10:05:58.866 1931 2178 W CronetNetworkRqstWrppr: Upload request without a content type.
12-05 10:05:58.873 352 352 W RanchuHwc: validateDisplay: layer 31 CompositionType 1, fallback
12-05 10:05:58.887 7846 8062 I SemanticLocation: [MDD] ModelBundleMetadata: File not found: java.io.FileNotFoundException: /data/user/0/com.google.android.gms/files/model_bundle_metadata.pb: open failed: ENOENT (No such file or directory) [CONTEXT service_id=173 ]
12-05 10:05:58.887 7846 8062 I SemanticLocation: java.io.FileNotFoundException: /data/user/0/com.google.android.gms/files/model_bundle_metadata.pb: open failed: ENOENT (No such file or directory)
12-05 10:05:58.887 7846 8062 I SemanticLocation: at libcore.io.IoBridge.open(IoBridge.java:575)
12-05 10:05:58.887 7846 8062 I SemanticLocation: at java.io.FileInputStream.(FileInputStream.java:160)
12-05 10:05:58.887 7846 8062 I SemanticLocation: at android.app.ContextImpl.openFileInput(ContextImpl.java:706)
12-05 10:05:58.887 7846 8062 I SemanticLocation: at android.content.ContextWrapper.openFileInput(ContextWrapper.java:224)
12-05 10:05:58.887 7846 8062 I SemanticLocation: at android.content.ContextWrapper.openFileInput(ContextWrapper.java:224)
12-05 10:05:58.887 7846 8062 I SemanticLocation: at android.content.ContextWrapper.openFileInput(ContextWrapper.java:224)
12-05 10:05:58.887 7846 8062 I SemanticLocation: at crqz.j(:com.google.android.gms@244337026@24.43.37 (150800-693941914):5)
12-05 10:05:58.887 7846 8062 I SemanticLocation: at crqo.c(:com.google.android.gms@244337026@24.43.37 (150800-693941914):65)
12-05 10:05:58.887 7846 8062 I SemanticLocation: at crxw.run(:com.google.android.gms@244337026@24.43.37 (150800-693941914):20)
12-05 10:05:58.887 7846 8062 I SemanticLocation: at amjy.c(:com.google.android.gms@244337026@24.43.37 (150800-693941914):50)
12-05 10:05:58.887 7846 8062 I SemanticLocation: at amjy.run(:com.google.android.gms@244337026@24.43.37 (150800-693941914):97)
12-05 10:05:58.887 7846 8062 I SemanticLocation: at java.util.concurrent.ThreadPoolExecutor.runWorker(ThreadPoolExecutor.java:1167)
12-05 10:05:58.887 7846 8062 I SemanticLocation: at java.util.concurrent.ThreadPoolExecutor$Worker.run(ThreadPoolExecutor.java:641)
12-05 10:05:58.887 7846 8062 I SemanticLocation: at ampj.run(:com.google.android.gms@244337026@24.43.37 (150800-693941914):8)
12-05 10:05:58.887 7846 8062 I SemanticLocation: at java.lang.Thread.run(Thread.java:920)
12-05 10:05:58.887 7846 8062 I SemanticLocation: Caused by: android.system.ErrnoException: open failed: ENOENT (No such file or directory)
12-05 10:05:58.887 7846 8062 I SemanticLocation: at libcore.io.Linux.open(Native Method)
12-05 10:05:58.887 7846 8062 I SemanticLocation: at libcore.io.ForwardingOs.open(ForwardingOs.java:567)
12-05 10:05:58.887 7846 8062 I SemanticLocation: at libcore.io.BlockGuardOs.open(BlockGuardOs.java:273)
12-05 10:05:58.887 7846 8062 I SemanticLocation: at libcore.io.ForwardingOs.open(ForwardingOs.java:567)
12-05 10:05:58.887 7846 8062 I SemanticLocation: at android.app.ActivityThread$AndroidOs.open(ActivityThread.java:7756)
12-05 10:05:58.887 7846 8062 I SemanticLocation: at libcore.io.IoBridge.open(IoBridge.java:561)
12-05 10:05:58.887 7846 8062 I SemanticLocation: ... 14 more
12-05 10:05:58.959 352 352 W RanchuHwc: presentDisplay display has no layers to compose, flushing client target buffer.
12-05 10:05:58.998 371 521 D AudioFlinger: mixer(0x70bad9d76a60) throttle end: throttle time(102)
12-05 10:05:59.057 352 352 W RanchuHwc: validateDisplay: layer 31 CompositionType 1, fallback
12-05 10:05:59.075 352 352 W RanchuHwc: presentDisplay display has no layers to compose, flushing client target buffer.
12-05 10:05:59.078 352 352 W RanchuHwc: validateDisplay: layer 31 CompositionType 1, fallback
12-05 10:05:59.174 352 352 W RanchuHwc: presentDisplay display has no layers to compose, flushing client target buffer.
12-05 10:05:59.184 8407 8880 I dpws.a : Unable to retrieve flag snapshot for com.google.android.gms.providerinstaller#com.google.android.gms, using defaults.
12-05 10:05:59.273 8696 8775 D EGL_emulation: app_time_stats: avg=144.18ms min=16.39ms max=325.74ms count=7
12-05 10:05:59.278 974 8864 D NetworkMonitor/100: PROBE_HTTPS https://www.google.com/generate_204 time=1007ms ret=204 request={Connection=[close], User-Agent=[Mozilla/5.0 (X11; Linux x86_64) AppleWebKit/537.36 (KHTML, like Gecko) Chrome/60.0.3112.32 Safari/537.36]} headers={null=[HTTP/1.1 204 No Content], Connection=[close], Content-Length=[0], Cross-Origin-Resource-Policy=[cross-origin], Date=[Thu, 05 Dec 2024 18:05:58 GMT], X-Android-Received-Millis=[1733421958557], X-Android-Response-Source=[NETWORK 204], X-Android-Selected-Protocol=[http/1.1], X-Android-Sent-Millis=[1733421958540]}
12-05 10:05:59.289 974 8863 D NetworkMonitor/100: isCaptivePortal: isSuccessful()=true isPortal()=false RedirectUrl=null isPartialConnectivity()=false Time=1151ms
12-05 10:05:59.290 352 352 W RanchuHwc: validateDisplay: layer 31 CompositionType 1, fallback
12-05 10:05:59.309 352 352 W RanchuHwc: presentDisplay display has no layers to compose, flushing client target buffer.
12-05 10:05:59.324 563 794 D ConnectivityService: [100 WIFI] validation passed
12-05 10:05:59.366 8407 8836 I ProviderInstaller: Installed default security provider GmsCore_OpenSSL
12-05 10:05:59.374 7993 8035 I DynamiteModule: Considering local module com.google.android.gms.providerinstaller.dynamite:0 and remote module com.google.android.gms.providerinstaller.dynamite:0
12-05 10:05:59.374 7993 8035 W ProviderInstaller: Failed to load providerinstaller module: No acceptable module com.google.android.gms.providerinstaller.dynamite found. Local version is 0 and remote version is 0.
12-05 10:05:59.388 7993 8036 I BugleRcsEngine: [608] aptr.d: No RCS Configuration was found in Bugle for simID: redacted-pii:sim_id[chars:20]
12-05 10:05:59.390 7993 8036 I BugleRcsEngine: [608] aplx.d: (PEv2-SM-Bugle-199589617): start PEv2 [null]
12-05 10:05:59.391 7993 8036 I BugleRcsEngine: [608] aput.e: Created new RcsProvisioningProtoDataStorage for sim redacted-pii:sim_id[chars:20]
12-05 10:05:59.394 7993 8036 I BugleRcsEngine: [608] aptr.f: No RCS Configuration was found in Bugle for simID: redacted-pii:sim_id[chars:20]
12-05 10:05:59.394 7993 8036 I BugleRcsEngine: [608] aplx.d: (PEv2-SM-Bugle-199589617): start [null]
12-05 10:05:59.394 7800 7800 W gle.android.gm: Long monitor contention with owner Binder:7800_1 (7821) at boolean android.os.MessageQueue.enqueueMessage(android.os.Message, long)(MessageQueue.java:600) waiters=0 in android.os.Message android.os.MessageQueue.next() for 377ms
12-05 10:05:59.397 563 778 D ConnectivityService: requestNetwork for uid/pid:10104/1931 activeRequest: null callbackRequest: 225 [NetworkRequest [ REQUEST id=225, [ Transports: CELLULAR Capabilities: INTERNET&NOT_RESTRICTED&TRUSTED&NOT_VPN&NOT_VCN_MANAGED Uid: 10104 RequestorUid: 10104 RequestorPkg: com.google.android.googlequicksearchbox UnderlyingNetworks: Null] ]] callback flags: 0 order: 2147483647
12-05 10:05:59.399 7993 8878 I BugleRcsEngine: [639] aplx.d: (PEv2-SM-Bugle-199589617): Enter EnabledState [null]
12-05 10:05:59.402 563 794 D ConnectivityService: NetReassign [225 : null → 101]
12-05 10:05:59.405 331 398 I netd : networkSetPermissionForNetwork(101, 0) <2.80ms>
12-05 10:05:59.415 8528 8639 I dpws$a : Unable to retrieve flag snapshot for com.google.android.gms.pay, using defaults.
12-05 10:05:59.422 868 868 I Choreographer: Skipped 102 frames! The application may be doing too much work on its main thread.
12-05 10:05:59.431 7993 8878 W BugleRcsEngine: [639] aoet.x: Unable to send diagnostic log
12-05 10:05:59.473 563 794 D ConnectivityService: reportNetworkConnectivity(100, false) by 10104
12-05 10:05:59.474 974 1922 D NetworkMonitor/100: Forcing reevaluation for UID 10104. Dns signal count: 0
12-05 10:05:59.487 7993 8878 I BugleRcsEngine: [639] apkl.c: Sending ProvisioningEvent to Bugle [Send Provisioning Session ID (18)], redacted-pii:[chars:65]
12-05 10:05:59.488 7993 8878 I BugleRcsEngine: [639] aqnq.b: EngineBroadcaster: Broadcasting provisioning intent com.google.android.ims.provisioning.engine.provisioningEventAction to Bugle with extras redacted-pii:[chars:223]
12-05 10:05:59.499 7846 8079 I NetworkScheduler.Stats: Task com.google.android.gms/com.google.android.gms.tapandpay.gcmtask.TapAndPayGcmTaskService finished executing. cause:7 result: 3 elapsed_millis: 832 uptime_millis: 832 exec_start_elapsed_seconds: 511 [CONTEXT service_id=218 ]
12-05 10:05:59.500 426 8847 D CCodecBufferChannel: [c2.android.vorbis.decoder#326] buffers after EOS ignored (0 us)
12-05 10:05:59.501 426 8847 D CCodecBufferChannel: [c2.android.vorbis.decoder#326] buffers after EOS ignored (0 us)
12-05 10:05:59.504 426 8845 D AudioTrack: stop(15): called with 82980 frames delivered
12-05 10:05:59.505 7993 8024 I BugleNetwork: FirebaseRegistrationStartupTask: Enabling Firebase component
12-05 10:05:59.506 7846 7898 I NearbyConnections: Client 0p:com.google.android.gms.magictether.nearby disconnecting
12-05 10:05:59.507 7993 8055 I Forking : Starting analysis.
12-05 10:05:59.507 7846 7898 I Nearby : Successfully shutdown executor ClientBridge.alarmExecutor. [CONTEXT service_id=49 ]
12-05 10:05:59.509 7993 8055 I Misthreading: Starting analysis.
12-05 10:05:59.510 7846 8400 I NearbyConnections: Because they unbound from our service, all state for client 265336685 will now be cleaned up.
12-05 10:05:59.531 7846 8400 I Nearby : Successfully shutdown executor AnalyticsRecorder.analyticsExecutor. [CONTEXT service_id=49 ]
12-05 10:05:59.534 7846 7846 D BoundBrokerSvc: onUnbind: Intent { act=com.google.android.gms.clearcut.bootcount.service.START dat=chimera-action: cmp=com.google.android.gms/.chimera.PersistentBoundBrokerService }
12-05 10:05:59.559 8528 8553 W IndexableItem: indexing key is not set:Intent { act=com.google.android.gms.fido.fido2.ui.hybrid.LINKED_DEVICES_SETTINGS cat=[android.intent.category.DEFAULT] pkg=com.google.android.gms } [CONTEXT service_id=231 ]
12-05 10:05:59.560 8528 8553 W IndexableItem: indexing key is not set:Intent { act=com.google.android.gms.fido.fido2.ui.hybrid.LINKED_DEVICES_SETTINGS cat=[android.intent.category.DEFAULT] pkg=com.google.android.gms } [CONTEXT service_id=231 ]
12-05 10:05:59.564 8528 8553 W IndexableItem: indexing key is not set:Intent { cmp=com.google.android.gms/.locationsharing.activity.LocationSharingRedirectActivity } [CONTEXT service_id=231 ]
12-05 10:05:59.564 8528 8553 W IndexableItem: indexing key is not set:Intent { cmp=com.google.android.gms/.locationsharing.activity.LocationSharingRedirectActivity } [CONTEXT service_id=231 ]
12-05 10:05:59.572 371 521 D AudioFlinger: mixer(0x70bad9d76a60) throttle end: throttle time(301)
12-05 10:05:59.586 868 868 W View : requestLayout() improperly called by com.android.systemui.statusbar.phone.StatusIconContainer{fa4503a V.E...... ......ID 0,0-39,48 #7f0b05d6 app:id/statusIcons} during layout: running second layout pass
12-05 10:05:59.592 8407 8881 E GoogleApiManager: Failed to get service from broker.
12-05 10:05:59.592 8407 8881 E GoogleApiManager: java.lang.SecurityException: Unknown calling package name 'com.google.android.gms'.
12-05 10:05:59.592 8407 8881 E GoogleApiManager: at android.os.Parcel.createExceptionOrNull(Parcel.java:2425)
12-05 10:05:59.592 8407 8881 E GoogleApiManager: at android.os.Parcel.createException(Parcel.java:2409)
12-05 10:05:59.592 8407 8881 E GoogleApiManager: at android.os.Parcel.readException(Parcel.java:2392)
12-05 10:05:59.592 8407 8881 E GoogleApiManager: at android.os.Parcel.readException(Parcel.java:2334)
12-05 10:05:59.592 8407 8881 E GoogleApiManager: at alti.a(:com.google.android.gms@244337026@24.43.37 (150800-693941914):36)
12-05 10:05:59.592 8407 8881 E GoogleApiManager: at alrp.z(:com.google.android.gms@244337026@24.43.37 (150800-693941914):150)
12-05 10:05:59.592 8407 8881 E GoogleApiManager: at akyx.run(:com.google.android.gms@244337026@24.43.37 (150800-693941914):54)
12-05 10:05:59.592 8407 8881 E GoogleApiManager: at android.os.Handler.handleCallback(Handler.java:938)
12-05 10:05:59.592 8407 8881 E GoogleApiManager: at android.os.Handler.dispatchMessage(Handler.java:99)
12-05 10:05:59.592 8407 8881 E GoogleApiManager: at bqpi.lQ(:com.google.android.gms@244337026@24.43.37 (150800-693941914):1)
12-05 10:05:59.592 8407 8881 E GoogleApiManager: at bqpi.dispatchMessage(:com.google.android.gms@244337026@24.43.37 (150800-693941914):5)
12-05 10:05:59.592 8407 8881 E GoogleApiManager: at android.os.Looper.loopOnce(Looper.java:201)
12-05 10:05:59.592 8407 8881 E GoogleApiManager: at android.os.Looper.loop(Looper.java:288)
12-05 10:05:59.592 8407 8881 E GoogleApiManager: at android.os.HandlerThread.run(HandlerThread.java:67)
12-05 10:05:59.604 8528 8553 W IndexableItem: indexing key is not set:Intent { cmp=com.google.android.gms/.romanesco.restore.settings.ContactsRestoreSettingsActivity } [CONTEXT service_id=231 ]
12-05 10:05:59.605 8528 8553 W IndexableItem: indexing key is not set:Intent { cmp=com.google.android.gms/.romanesco.restore.settings.ContactsRestoreSettingsActivity } [CONTEXT service_id=231 ]
12-05 10:05:59.613 8407 8879 W CondFlagRegistrar: Failed to register com.google.android.gms.providerinstaller#com.google.android.gms
12-05 10:05:59.613 8407 8879 W CondFlagRegistrar: dpxd: 17: 17: API: Phenotype.API is not available on this device. Connection failed with: ConnectionResult{statusCode=DEVELOPER_ERROR, resolution=null, message=null}
12-05 10:05:59.613 8407 8879 W CondFlagRegistrar: at dpxf.a(:com.google.android.gms@244337026@24.43.37 (150800-693941914):13)
12-05 10:05:59.613 8407 8879 W CondFlagRegistrar: at eidu.d(:com.google.android.gms@244337026@24.43.37 (150800-693941914):3)
12-05 10:05:59.613 8407 8879 W CondFlagRegistrar: at eidw.run(:com.google.android.gms@244337026@24.43.37 (150800-693941914):130)
12-05 10:05:59.613 8407 8879 W CondFlagRegistrar: at eifp.execute(:com.google.android.gms@244337026@24.43.37 (150800-693941914):1)
12-05 10:05:59.613 8407 8879 W CondFlagRegistrar: at eidx.h(:com.google.android.gms@244337026@24.43.37 (150800-693941914):1)
12-05 10:05:59.613 8407 8879 W CondFlagRegistrar: at eidx.l(:com.google.android.gms@244337026@24.43.37 (150800-693941914):101)
12-05 10:05:59.613 8407 8879 W CondFlagRegistrar: at eidx.p(:com.google.android.gms@244337026@24.43.37 (150800-693941914):19)
12-05 10:05:59.613 8407 8879 W CondFlagRegistrar: at difr.hj(:com.google.android.gms@244337026@24.43.37 (150800-693941914):35)
12-05 10:05:59.613 8407 8879 W CondFlagRegistrar: at czop.run(:com.google.android.gms@244337026@24.43.37 (150800-693941914):14)
12-05 10:05:59.613 8407 8879 W CondFlagRegistrar: at eifp.execute(:com.google.android.gms@244337026@24.43.37 (150800-693941914):1)
