--------- beginning of main
02-10 09:22:46.699 5640 5640 I libc : SetHeapTaggingLevel: tag level set to 0
02-10 09:22:46.742 5640 5640 I .qtdesignviewer: Late-enabling -Xcheck:jni
02-10 09:22:46.788 5640 5640 I .qtdesignviewer: Using CollectorTypeCMC GC.
02-10 09:22:46.801 5640 5640 D ActivityThread: setConscryptValidator
02-10 09:22:46.802 5640 5640 D ActivityThread: setConscryptValidator - put
02-10 09:22:46.868 5640 5640 D CompatibilityChangeReporter: Compat change id reported: 171979766; UID 10281; state: ENABLED
02-10 09:22:46.868 5640 5640 D CompatibilityChangeReporter: Compat change id reported: 242716250; UID 10281; state: ENABLED
02-10 09:22:46.885 5640 5640 W ziparchive: Unable to open '/data/app/~~WY_gx2cciLnHSv7_yC7xiw==/io.qt.qtdesignviewer-c6QEoYLBcO6rgtfhqUcrvQ==/base.dm': No such file or directory
02-10 09:22:46.885 5640 5640 W ziparchive: Unable to open '/data/app/~~WY_gx2cciLnHSv7_yC7xiw==/io.qt.qtdesignviewer-c6QEoYLBcO6rgtfhqUcrvQ==/base.dm': No such file or directory
02-10 09:22:46.921 5640 5640 D nativeloader: Configuring clns-6 for other apk /data/app/~~WY_gx2cciLnHSv7_yC7xiw==/io.qt.qtdesignviewer-c6QEoYLBcO6rgtfhqUcrvQ==/base.apk. target_sdk_version=34, uses_libraries=, library_path=/data/app/~~WY_gx2cciLnHSv7_yC7xiw==/io.qt.qtdesignviewer-c6QEoYLBcO6rgtfhqUcrvQ==/lib/arm64:/data/app/~~WY_gx2cciLnHSv7_yC7xiw==/io.qt.qtdesignviewer-c6QEoYLBcO6rgtfhqUcrvQ==/base.apk!/lib/arm64-v8a, permitted_path=/data:/mnt/expand:/data/user/0/io.qt.qtdesignviewer
02-10 09:22:46.953 5640 5640 V GraphicsEnvironment: Currently set values for:
02-10 09:22:46.953 5640 5640 V GraphicsEnvironment: angle_gl_driver_selection_pkgs=[]
02-10 09:22:46.953 5640 5640 V GraphicsEnvironment: angle_gl_driver_selection_values=[]
02-10 09:22:46.954 5640 5640 V GraphicsEnvironment: ANGLE GameManagerService for io.qt.qtdesignviewer: false
02-10 09:22:46.954 5640 5640 V GraphicsEnvironment: io.qt.qtdesignviewer is not listed in per-application setting
02-10 09:22:46.954 5640 5640 V GraphicsEnvironment: Neither updatable production driver nor prerelease driver is supported.
02-10 09:22:47.032 5640 5640 D OpenGLRenderer: HWUI - treat SMPTE_170M as sRGB
02-10 09:22:47.040 5640 5691 D libMEOW : meow new tls: 0x76c05c7000
02-10 09:22:47.041 5640 5691 W libc : Access denied finding property "ro.vendor.mtk.gpu.glt"
02-10 09:22:47.042 5640 5691 D libMEOW : meow reload base cfg path: na
02-10 09:22:47.042 5640 5691 D libMEOW : meow reload overlay cfg path: na
02-10 09:22:47.042 5640 5691 D libMEOW : applied 0 plugin for [io.qt.qtdesignviewer].
02-10 09:22:47.042 5640 5691 D libMEOW : rebuild call chain: 0x7634a0b080
02-10 09:22:47.138 5640 5640 I DecorView: setWindowBackground: isPopOver=false color=fffcfcff d=android.graphics.drawable.GradientDrawable@c1990f
02-10 09:22:47.152 5640 5640 E Resources: An exception occurred :
02-10 09:22:47.152 5640 5640 E Resources: java.util.concurrent.ExecutionException: android.content.res.Resources$NotFoundException: Drawable io.qt.qtdesignviewer:mipmap/ic_launcher with resource ID #0x7f090000
02-10 09:22:47.152 5640 5640 E Resources: at java.util.concurrent.FutureTask.report(FutureTask.java:122)
02-10 09:22:47.152 5640 5640 E Resources: at java.util.concurrent.FutureTask.get(FutureTask.java:205)
02-10 09:22:47.152 5640 5640 E Resources: at android.content.res.Resources.fetchDrawableFromFutureCache(Resources.java:2872)
02-10 09:22:47.152 5640 5640 E Resources: at android.content.res.Resources.loadDrawable(Resources.java:1066)
02-10 09:22:47.152 5640 5640 E Resources: at android.content.res.Resources.getDrawableForDensity(Resources.java:1050)
02-10 09:22:47.152 5640 5640 E Resources: at android.content.res.Resources.getDrawable(Resources.java:989)
02-10 09:22:47.152 5640 5640 E Resources: at android.content.Context.getDrawable(Context.java:952)
02-10 09:22:47.152 5640 5640 E Resources: at com.android.internal.widget.ToolbarWidgetWrapper.setIcon(ToolbarWidgetWrapper.java:322)
02-10 09:22:47.152 5640 5640 E Resources: at com.android.internal.widget.ActionBarOverlayLayout.setIcon(ActionBarOverlayLayout.java:755)
02-10 09:22:47.152 5640 5640 E Resources: at com.android.internal.policy.PhoneWindow.setDefaultIcon(PhoneWindow.java:1888)
02-10 09:22:47.152 5640 5640 E Resources: at android.app.Activity.initWindowDecorActionBar(Activity.java:3792)
02-10 09:22:47.152 5640 5640 E Resources: at android.app.Activity.getActionBar(Activity.java:3725)
02-10 09:22:47.152 5640 5640 E Resources: at org.qtproject.qt.android.QtActivityDelegate.setActionBarVisibility(QtActivityDelegate.java:335)
02-10 09:22:47.152 5640 5640 E Resources: at org.qtproject.qt.android.QtActivityDelegate.(QtActivityDelegate.java:52)
02-10 09:22:47.152 5640 5640 E Resources: at org.qtproject.qt.android.QtActivityBase.onCreate(QtActivityBase.java:103)
02-10 09:22:47.152 5640 5640 E Resources: at org.qtproject.qt.android.bindings.QtActivity.onCreate(QtActivity.java:16)
02-10 09:22:47.152 5640 5640 E Resources: at android.app.Activity.performCreate(Activity.java:8975)
02-10 09:22:47.152 5640 5640 E Resources: at android.app.Activity.performCreate(Activity.java:8944)
02-10 09:22:47.152 5640 5640 E Resources: at android.app.Instrumentation.callActivityOnCreate(Instrumentation.java:1456)
02-10 09:22:47.152 5640 5640 E Resources: at android.app.ActivityThread.performLaunchActivity(ActivityThread.java:4146)
02-10 09:22:47.152 5640 5640 E Resources: at android.app.ActivityThread.handleLaunchActivity(ActivityThread.java:4322)
02-10 09:22:47.152 5640 5640 E Resources: at android.app.servertransaction.LaunchActivityItem.execute(LaunchActivityItem.java:103)
02-10 09:22:47.152 5640 5640 E Resources: at android.app.servertransaction.TransactionExecutor.executeCallbacks(TransactionExecutor.java:139)
02-10 09:22:47.152 5640 5640 E Resources: at android.app.servertransaction.TransactionExecutor.execute(TransactionExecutor.java:96)
02-10 09:22:47.152 5640 5640 E Resources: at android.app.ActivityThread$H.handleMessage(ActivityThread.java:2685)
02-10 09:22:47.152 5640 5640 E Resources: at android.os.Handler.dispatchMessage(Handler.java:106)
02-10 09:22:47.152 5640 5640 E Resources: at android.os.Looper.loopOnce(Looper.java:230)
02-10 09:22:47.152 5640 5640 E Resources: at android.os.Looper.loop(Looper.java:319)
02-10 09:22:47.152 5640 5640 E Resources: at android.app.ActivityThread.main(ActivityThread.java:8919)
02-10 09:22:47.152 5640 5640 E Resources: at java.lang.reflect.Method.invoke(Native Method)
02-10 09:22:47.152 5640 5640 E Resources: at com.android.internal.os.RuntimeInit$MethodAndArgsCaller.run(RuntimeInit.java:578)
02-10 09:22:47.152 5640 5640 E Resources: at com.android.internal.os.ZygoteInit.main(ZygoteInit.java:1103)
02-10 09:22:47.152 5640 5640 E Resources: Caused by: android.content.res.Resources$NotFoundException: Drawable io.qt.qtdesignviewer:mipmap/ic_launcher with resource ID #0x7f090000
02-10 09:22:47.152 5640 5640 E Resources: Caused by: android.content.res.Resources$NotFoundException: File res/mipmap-anydpi-v26/ic_launcher.xml from drawable resource ID #0x7f090000
02-10 09:22:47.152 5640 5640 E Resources: at android.content.res.ResourcesImpl.loadDrawableForCookie(ResourcesImpl.java:1090)
02-10 09:22:47.152 5640 5640 E Resources: at android.content.res.ResourcesImpl.loadDrawable(ResourcesImpl.java:852)
02-10 09:22:47.152 5640 5640 E Resources: at android.content.res.Resources$submitToFuture.call(Resources.java:2972)
02-10 09:22:47.152 5640 5640 E Resources: at android.content.res.Resources$submitToFuture.call(Resources.java:2956)
02-10 09:22:47.152 5640 5640 E Resources: at java.util.concurrent.FutureTask.run(FutureTask.java:264)
02-10 09:22:47.152 5640 5640 E Resources: at java.util.concurrent.ThreadPoolExecutor.runWorker(ThreadPoolExecutor.java:1145)
02-10 09:22:47.152 5640 5640 E Resources: at java.util.concurrent.ThreadPoolExecutor$Worker.run(ThreadPoolExecutor.java:644)
02-10 09:22:47.152 5640 5640 E Resources: at java.lang.Thread.run(Thread.java:1012)
02-10 09:22:47.152 5640 5640 E Resources: Caused by: java.lang.NullPointerException: Attempt to invoke virtual method 'android.content.res.Resources android.app.Application.getResources()' on a null object reference
02-10 09:22:47.152 5640 5640 E Resources: at android.graphics.drawable.AdaptiveIconDrawable.(AdaptiveIconDrawable.java:170)
02-10 09:22:47.152 5640 5640 E Resources: at android.graphics.drawable.AdaptiveIconDrawable.(AdaptiveIconDrawable.java:157)
02-10 09:22:47.152 5640 5640 E Resources: at android.graphics.drawable.DrawableInflater.inflateFromTag(DrawableInflater.java:165)
02-10 09:22:47.152 5640 5640 E Resources: at android.graphics.drawable.DrawableInflater.inflateFromXmlForDensity(DrawableInflater.java:139)
02-10 09:22:47.152 5640 5640 E Resources: at android.graphics.drawable.Drawable.createFromXmlInnerForDensity(Drawable.java:1421)
02-10 09:22:47.152 5640 5640 E Resources: at android.graphics.drawable.Drawable.createFromXmlForDensity(Drawable.java:1382)
02-10 09:22:47.152 5640 5640 E Resources: at android.content.res.ResourcesImpl.loadXmlDrawable(ResourcesImpl.java:1122)
02-10 09:22:47.152 5640 5640 E Resources: at android.content.res.ResourcesImpl.loadDrawableForCookie(ResourcesImpl.java:1050)
02-10 09:22:47.152 5640 5640 E Resources: ... 7 more
02-10 09:22:47.155 5640 5640 I DecorView: setWindowBackground: isPopOver=false color=fffcfcff d=android.graphics.drawable.GradientDrawable@c057fa0
02-10 09:22:47.156 5640 5640 D CompatibilityChangeReporter: Compat change id reported: 247079863; UID 10281; state: ENABLED
02-10 09:22:47.157 5640 5640 W ziparchive: Unable to open '/data/app/~~WY_gx2cciLnHSv7_yC7xiw==/io.qt.qtdesignviewer-c6QEoYLBcO6rgtfhqUcrvQ==/base.dm': No such file or directory
02-10 09:22:47.157 5640 5640 W ziparchive: Unable to open '/data/app/~~WY_gx2cciLnHSv7_yC7xiw==/io.qt.qtdesignviewer-c6QEoYLBcO6rgtfhqUcrvQ==/base.dm': No such file or directory
02-10 09:22:47.217 5640 5719 I QtCore : Start
02-10 09:22:47.457 5640 5719 I Qt : qt started
02-10 09:22:47.458 5640 5719 I qt.positioning.android: Positioning start
02-10 09:22:47.501 5640 5640 D CompatibilityChangeReporter: Compat change id reported: 210923482; UID 10281; state: ENABLED
02-10 09:22:47.509 5640 5640 W qt.qpa.androidbackendregister: : AndroidBackendRegister pointer is null, cannot register functionality
02-10 09:22:47.509 5640 5640 W qt.qpa.androidbackendregister: : AndroidBackendRegister pointer is null, cannot register functionality
02-10 09:22:47.509 5640 5640 W qt.qpa.androidbackendregister: : AndroidBackendRegister pointer is null, cannot register functionality
02-10 09:22:47.509 5640 5640 W qt.qpa.androidbackendregister: : AndroidBackendRegister pointer is null, cannot register functionality
02-10 09:22:47.525 5640 5640 D CompatibilityChangeReporter: Compat change id reported: 237531167; UID 10281; state: DISABLED
02-10 09:22:47.528 5640 5640 W OpenGLRenderer: Unknown dataspace 0
02-10 09:22:47.529 5640 5691 D NativeCustomFrequencyManager: [NativeCFMS] BpCustomFrequencyManager::BpCustomFrequencyManager()
02-10 09:22:47.549 5640 5640 I InsetsController: onStateChanged: host=io.qt.qtdesignviewer/org.qtproject.qt.android.bindings.QtActivity, from=android.view.ViewRootImpl.setView:1753, state=InsetsState: {mDisplayFrame=Rect(0, 0 - 1340, 800), mDisplayCutout=DisplayCutout{insets=Rect(0, 0 - 0, 0) waterfall=Insets{left=0, top=0, right=0, bottom=0} boundingRect={Bounds=[Rect(0, 0 - 0, 0), Rect(0, 0 - 0, 0), Rect(0, 0 - 0, 0), Rect(0, 0 - 0, 0)]} cutoutPathParserInfo={CutoutPathParserInfo{displayWidth=0 displayHeight=0 physicalDisplayWidth=0 physicalDisplayHeight=0 density={0.0} cutoutSpec={} rotation={0} scale={0.0} physicalPixelDisplaySizeRatio={0.0}}}}, mRoundedCorners=RoundedCorners{[RoundedCorner{position=TopLeft, radius=17, center=Point(17, 17)}, RoundedCorner{position=TopRight, radius=17, center=Point(1323, 17)}, RoundedCorner{position=BottomRight, radius=17, center=Point(1323, 783)}, RoundedCorner{position=BottomLeft, radius=17, center=Point(17, 783)}]} mRoundedCornerFrame=Rect(0, 0 - 1340, 800), mPrivacyIndicatorBounds=PrivacyIndicatorBounds {static bounds=Rect(1282, 0 - 1340, 32) rotation=1}, mDisplayShape=DisplayShape{ spec=-311912193 displayWidth=800 displayHeight=1340 physicalPixelDisplaySizeRatio=1.0 rotation=1 offsetX=0 offsetY=0 scale=1.0}, mSources= { InsetsSource: {cdef0000 mType=statusBars mFrame=[0,0][1340,32] mVisible=true mFlags=[]}, InsetsSource: {cdef0005 mType=mandatorySystemGestures mFrame=[0,0][1340,32] mVisible=true mFlags=[]}, InsetsSource: {cdef0006 mType=tappableElement mFrame=[0,0][1340,32] mVisible=true mFlags=[]}, InsetsSource: {3 mType=ime mFrame=[0,0][0,0] mVisible=false mFlags=[]}, InsetsSource: {41f00001 mType=navigationBars mFrame=[0,736][1340,800] mVisible=true mFlags=[]}, InsetsSource: {41f00004 mType=systemGestures mFrame=[0,0][0,0] mVisible=true mFlags=[]}, InsetsSource: {41f00005 mType=mandatorySystemGestures mFrame=[0,736][1340,800] mVisible=true mFlags=[]}, InsetsSource: {41f00006 mType=tappableElement mFrame=[0,736][1340,800] mVisible=true mFlags=[]}, InsetsSource: {41f00024 mType=systemGestures mFrame=[0,0][0,0] mVisible=true mFlags=[]} }
02-10 09:22:47.551 5640 5640 I ViewRootImpl@ca81bce[QtActivity]: synced displayState. AttachInfo displayState=2
02-10 09:22:47.552 5640 5640 I ViewRootImpl@ca81bce[QtActivity]: setView = com.android.internal.policy.DecorView@e2e26da TM=true
02-10 09:22:47.553 5640 5640 I IDS_TAG : Starting IDS observe window
02-10 09:22:47.553 5640 5640 I IDS_TAG : Getting Shared Preference for org.qtproject.qt.android.bindings.QtApplication@19270b uid = 10281
02-10 09:22:47.559 5640 5640 I IDS_TAG : App org.qtproject.qt.android.bindings.QtApplication@19270b has not finished training
02-10 09:22:47.563 5640 5640 I IDS_TAG : Closing IDS observe window
02-10 09:22:47.563 5640 5640 I IDS_TAG : Getting Shared Preference for org.qtproject.qt.android.bindings.QtApplication@19270b uid = 10281
02-10 09:22:47.565 5640 5640 I IDS_TAG : IDS count updated to 2 for org.qtproject.qt.android.bindings.QtApplication@19270b
02-10 09:22:47.565 5640 5640 I Choreographer: Skipped 32 frames! The application may be doing too much work on its main thread.
02-10 09:22:47.592 5640 5640 D BufferQueueConsumer: [](id:160800000000,api:0,p:-1,c:5640) connect: controlledByApp=false
02-10 09:22:47.593 5640 5640 I BLASTBufferQueue_Java: new BLASTBufferQueue, mName= ViewRootImpl@ca81bce[QtActivity] mNativeObject= 0x7711b41e80 sc.mNativeObject= 0x76c098cd00 caller= android.view.ViewRootImpl.updateBlastSurfaceIfNeeded:3028 android.view.ViewRootImpl.relayoutWindow:10131 android.view.ViewRootImpl.performTraversals:4110 android.view.ViewRootImpl.doTraversal:3288 android.view.ViewRootImpl$TraversalRunnable.run:11344 android.view.Choreographer$CallbackRecord.run:1689 android.view.Choreographer$CallbackRecord.run:1698 android.view.Choreographer.doCallbacks:1153 android.view.Choreographer.doFrame:1079 android.view.Choreographer$FrameDisplayEventReceiver.run:1646
02-10 09:22:47.594 5640 5640 I BLASTBufferQueue_Java: update, w= 1340 h= 800 mName = ViewRootImpl@ca81bce[QtActivity] mNativeObject= 0x7711b41e80 sc.mNativeObject= 0x76c098cd00 format= -1 caller= android.graphics.BLASTBufferQueue.:89 android.view.ViewRootImpl.updateBlastSurfaceIfNeeded:3028 android.view.ViewRootImpl.relayoutWindow:10131 android.view.ViewRootImpl.performTraversals:4110 android.view.ViewRootImpl.doTraversal:3288 android.view.ViewRootImpl$TraversalRunnable.run:11344
02-10 09:22:47.595 5640 5640 E FBI : Can't load library: dlopen failed: library "libmagtsync.so" not found
02-10 09:22:47.596 5640 5640 I ViewRootImpl@ca81bce[QtActivity]: Relayout returned: old=(0,0,1340,800) new=(0,0,1340,800) relayoutAsync=false req=(1340,800)0 dur=16 res=0x403 s={true 0x770eaa3000} ch=true seqId=0
02-10 09:22:47.598 5640 5640 D ViewRootImpl@ca81bce[QtActivity]: mThreadedRenderer.initialize() mSurface={isValid=true 0x770eaa3000} hwInitialized=true
02-10 09:22:47.603 5640 5719 D Qt_UI_Viewer: Debug: Starting Qt Design Viewer
02-10 09:22:47.604 5640 5640 D ViewRootImpl@ca81bce[QtActivity]: reportNextDraw android.view.ViewRootImpl.performTraversals:4718 android.view.ViewRootImpl.doTraversal:3288 android.view.ViewRootImpl$TraversalRunnable.run:11344 android.view.Choreographer$CallbackRecord.run:1689 android.view.Choreographer$CallbackRecord.run:1698
02-10 09:22:47.604 5640 5640 I ViewRootImpl@ca81bce[QtActivity]: Setup new sync=wmsSync-ViewRootImpl@ca81bce[QtActivity]#0
02-10 09:22:47.604 5640 5640 I ViewRootImpl@ca81bce[QtActivity]: Creating new active sync group ViewRootImpl@ca81bce[QtActivity]#1
02-10 09:22:47.607 5640 5640 I ViewRootImpl@ca81bce[QtActivity]: registerCallbacksForSync syncBuffer=false
02-10 09:22:47.612 5640 5719 D libMEOW : meow new tls: 0x7634f91cc0
02-10 09:22:47.612 5640 5719 D libMEOW : applied 0 plugin for [io.qt.qtdesignviewer].
02-10 09:22:47.612 5640 5719 D libMEOW : rebuild call chain: 0x7634fa0180
02-10 09:22:47.613 5640 5778 I ViewRootImpl@ca81bce[QtActivity]: Received frameDrawingCallback syncResult=0 frameNum=1.
02-10 09:22:47.614 5640 5778 I ViewRootImpl@ca81bce[QtActivity]: mWNT: t=0x76c0a17c80 mBlastBufferQueue=0x7711b41e80 fn= 1 mRenderHdrSdrRatio=1.0 caller= android.view.ViewRootImpl$8.onFrameDraw:13841 android.view.ThreadedRenderer$1.onFrameDraw:792
02-10 09:22:47.614 5640 5778 I ViewRootImpl@ca81bce[QtActivity]: Setting up sync and frameCommitCallback
02-10 09:22:47.627 5640 5691 D BLASTBufferQueue: [ViewRootImpl@ca81bce[QtActivity]#0](f:0,a:0) onFrameAvailable the first frame is available
02-10 09:22:47.628 5640 5691 D BLASTBufferQueue: [ViewRootImpl@ca81bce[QtActivity]#0](f:0,a:1) acquireNextBufferLocked size=1340x800 mFrameNumber=1 applyTransaction=true mTimestamp=584535132779826(auto) mPendingTransactions.size=0 graphicBufferId=24223615549443 transform=7
02-10 09:22:47.629 5640 5691 I ViewRootImpl@ca81bce[QtActivity]: Received frameCommittedCallback lastAttemptedDrawFrameNum=1 didProduceBuffer=true
02-10 09:22:47.630 5640 5691 D OpenGLRenderer: CFMS:: SetUp Pid : 5640 Tid : 5691
02-10 09:22:47.630 5640 5640 I ViewRootImpl@ca81bce[QtActivity]: reportDrawFinished seqId=0
02-10 09:22:47.631 5640 5691 D OpenGLRenderer: HWUI - treat SMPTE_170M as sRGB
02-10 09:22:47.633 5640 5719 D Qt_UI_Viewer: Warning: No interface with className org/qtproject/qt/android/QtAccessibilityInterface has been registered.
02-10 09:22:47.651 5640 5719 D Qt_UI_Viewer: Debug: Settings path: "/data/user/0/io.qt.qtdesignviewer/files/settings/settings.json"
02-10 09:22:47.652 5640 5719 D Qt_UI_Viewer: Debug: Qt Design Viewer
02-10 09:22:47.652 5640 5719 D Qt_UI_Viewer: Debug: System information:
02-10 09:22:47.652 5640 5719 D Qt_UI_Viewer: Debug: -- Qt version: 6.8.0
02-10 09:22:47.662 5640 5719 D Qt_UI_Viewer: Debug: -- OpenSSL support: "true"
02-10 09:22:47.662 5640 5719 D Qt_UI_Viewer: Debug: -- Screen height: "601"
02-10 09:22:47.662 5640 5719 D Qt_UI_Viewer: Debug: -- Screen width: "1007"
02-10 09:22:47.662 5640 5719 D Qt_UI_Viewer: Debug: -- OS: "Android (14.0)"
02-10 09:22:47.662 5640 5719 D Qt_UI_Viewer: Debug: -- OS version: "14.0"
02-10 09:22:47.662 5640 5719 D Qt_UI_Viewer: Debug: -- Architecture: "arm64"
02-10 09:22:47.663 5640 5719 D Qt_UI_Viewer: Debug: -- Boot ID: "6467ad3e-2c52-49ac-a563-c2ed7d104cd2"
02-10 09:22:47.663 5640 5719 D Qt_UI_Viewer: Debug: -- Kernel type: "linux"
02-10 09:22:47.663 5640 5719 D Qt_UI_Viewer: Debug: -- Kernel version: "5.10.205-android12-9-28698995"
02-10 09:22:47.663 5640 5719 D Qt_UI_Viewer: Debug: -- Machine unique ID: ""
02-10 09:22:47.663 5640 5719 D Qt_UI_Viewer: Debug: -- Product type: "android"
02-10 09:22:47.663 5640 5719 D Qt_UI_Viewer: Debug: -- Product version: "14.0"
02-10 09:22:47.663 5640 5719 D Qt_UI_Viewer: Debug: -- Build ABI: "arm64-little_endian-lp64"
02-10 09:22:47.663 5640 5719 D Qt_UI_Viewer: Debug: -- Build CPU architecture: "arm64"
02-10 09:22:47.663 5640 5719 D Qt_UI_Viewer: Debug: -- Device unique ID: "21ba18b9-94cb-4bad-9398-93cd8be54b4d"
02-10 09:22:47.677 5640 5640 I BLASTBufferQueue_Java: update, w= 1340 h= 800 mName = ViewRootImpl@ca81bce[QtActivity] mNativeObject= 0x7711b41e80 sc.mNativeObject= 0x76c098cd00 format= -1 caller= android.view.ViewRootImpl.updateBlastSurfaceIfNeeded:3017 android.view.ViewRootImpl.relayoutWindow:10131 android.view.ViewRootImpl.performTraversals:4110 android.view.ViewRootImpl.doTraversal:3288 android.view.ViewRootImpl$TraversalRunnable.run:11344 android.view.Choreographer$CallbackRecord.run:1689
02-10 09:22:47.678 5640 5640 I ViewRootImpl@ca81bce[QtActivity]: Relayout returned: old=(0,0,1340,800) new=(0,0,1340,800) relayoutAsync=true req=(1340,800)0 dur=1 res=0x0 s={true 0x770eaa3000} ch=false seqId=0
02-10 09:22:47.680 5640 5640 I ViewRootImpl@ca81bce[QtActivity]: registerCallbackForPendingTransactions
02-10 09:22:47.681 5640 5777 I ViewRootImpl@ca81bce[QtActivity]: mWNT: t=0x7634f8b480 mBlastBufferQueue=0x7711b41e80 fn= 2 mRenderHdrSdrRatio=1.0 caller= android.view.ViewRootImpl$6.onFrameDraw:5635 android.view.ViewRootImpl$2.onFrameDraw:2146 android.view.ThreadedRenderer$1.onFrameDraw:792
02-10 09:22:47.837 5640 5719 D Qt_UI_Viewer: Warning: No interface with className org/qtproject/qt/android/QtInputInterface has been registered.
02-10 09:22:47.846 5640 5719 D Qt_UI_Viewer: Warning: No interface with className org/qtproject/qt/android/QtWindowInterface has been registered.
02-10 09:22:47.847 5640 5719 D Qt_UI_Viewer: Warning: No interface with className org/qtproject/qt/android/QtWindowInterface has been registered.
02-10 09:22:47.847 5640 5719 D Qt_UI_Viewer: Warning: No interface with className org/qtproject/qt/android/QtWindowInterface has been registered.
02-10 09:22:47.847 5640 5719 D Qt_UI_Viewer: Warning: No interface with className org/qtproject/qt/android/QtWindowInterface has been registered.
02-10 09:22:47.847 5640 5719 D Qt_UI_Viewer: Warning: No interface with className org/qtproject/qt/android/QtWindowInterface has been registered.
02-10 09:22:47.847 5640 5719 D Qt_UI_Viewer: Warning: No interface with className org/qtproject/qt/android/QtWindowInterface has been registered.
02-10 09:22:47.855 5640 5787 D libMEOW : meow new tls: 0x75d4368400
02-10 09:22:47.855 5640 5787 D libMEOW : applied 0 plugin for [io.qt.qtdesignviewer].
02-10 09:22:47.855 5640 5787 D libMEOW : rebuild call chain: 0x75d43816c0
02-10 09:22:48.342 5640 5660 I .qtdesignviewer: Compiler allocated 7170KB to compile void android.view.ViewRootImpl.performTraversals()
02-10 09:22:49.007 5640 5640 I InsetsSourceConsumer: applyRequestedVisibilityToControl: visible=true, type=navigationBars, host=io.qt.qtdesignviewer/org.qtproject.qt.android.bindings.QtActivity
02-10 09:22:49.008 5640 5640 I InsetsSourceConsumer: applyRequestedVisibilityToControl: visible=true, type=statusBars, host=io.qt.qtdesignviewer/org.qtproject.qt.android.bindings.QtActivity
02-10 09:22:49.024 5640 5640 I ViewRootImpl@ca81bce[QtActivity]: handleWindowFocusChanged: 1 0 call from android.view.ViewRootImpl.-$$Nest$mhandleWindowFocusChanged:0
02-10 09:22:49.024 5640 5640 D ViewRootImpl@ca81bce[QtActivity]: mThreadedRenderer.initializeIfNeeded()#2 mSurface={isValid=true 0x770eaa3000}
02-10 09:22:49.026 5640 5640 D InputMethodManagerUtils: startInputInner - Id : 0
02-10 09:22:49.026 5640 5640 I InputMethodManager: startInputInner - IInputMethodManagerGlobalInvoker.startInputOrWindowGainedFocus
02-10 09:22:49.038 5640 5640 D InputMethodManagerUtils: startInputInner - Id : 0
02-10 09:22:49.044 5640 5640 I InsetsSourceConsumer: applyRequestedVisibilityToControl: visible=false, type=ime, host=io.qt.qtdesignviewer/org.qtproject.qt.android.bindings.QtActivity
02-10 09:22:49.047 5640 5674 I ViewRootImpl@ca81bce[QtActivity]: Resizing android.view.ViewRootImpl@5193556: frame = [0,0][1340,800] reportDraw = false forceLayout = false syncSeqId = -1
02-10 09:22:49.048 5640 5640 I ViewRootImpl@ca81bce[QtActivity]: handleResized, msg = 4 frames=ClientWindowFrames{frame=[0,0][1340,800] display=[0,0][1340,800] parentFrame=[0,0][0,0]} forceNextWindowRelayout=false displayId=0 dragResizing=false compatScale=1.0 frameChanged=false attachedFrameChanged=false configChanged=false displayChanged=false compatScaleChanged=false
02-10 09:22:53.560 5640 5828 D ProfileInstaller: Installing profile for io.qt.qtdesignviewer
02-10 09:26:52.517 5640 5640 I ViewRootImpl@ca81bce[QtActivity]: ViewPostIme key 0
02-10 09:26:52.582 5640 5640 I ViewRootImpl@ca81bce[QtActivity]: ViewPostIme key 1
02-10 09:26:53.609 5640 5640 I ViewRootImpl@ca81bce[QtActivity]: ViewPostIme key 0
02-10 09:26:53.623 5640 5640 I ViewRootImpl@ca81bce[QtActivity]: ViewPostIme key 1
02-10 09:26:56.576 5640 5640 I ViewRootImpl@ca81bce[QtActivity]: handleWindowFocusChanged: 0 0 call from android.view.ViewRootImpl.-$$Nest$mhandleWindowFocusChanged:0
02-10 09:26:56.577 5640 5640 I ImeFocusController: onPreWindowFocus: skipped, hasWindowFocus=false mHasImeFocus=true
02-10 09:26:56.578 5640 5640 I ImeFocusController: onPostWindowFocus: skipped, hasWindowFocus=false mHasImeFocus=true
02-10 09:26:56.677 5640 5640 D InputTransport: Input channel destroyed: 'ClientS', fd=144
02-10 09:26:56.905 5640 5640 I ViewRootImpl@ca81bce[QtActivity]: handleAppVisibility mAppVisible = true visible = false
02-10 09:26:56.918 5640 5640 I ViewRootImpl@ca81bce[QtActivity]: destroyHardwareResources: Callers=android.view.ViewRootImpl.performTraversals:3932 android.view.ViewRootImpl.doTraversal:3288 android.view.ViewRootImpl$TraversalRunnable.run:11344 android.view.Choreographer$CallbackRecord.run:1689 android.view.Choreographer$CallbackRecord.run:1698 android.view.Choreographer.doCallbacks:1153 android.view.Choreographer.doFrame:1079 android.view.Choreographer$FrameDisplayEventReceiver.run:1646 android.os.Handler.handleCallback:958 android.os.Handler.dispatchMessage:99
02-10 09:26:56.920 5640 5691 D OpenGLRenderer: CacheManager::trimMemory(20)
02-10 09:26:56.932 5640 5640 D BLASTBufferQueue: [ViewRootImpl@ca81bce[QtActivity]#0](f:0,a:1) destructor()
02-10 09:26:56.932 5640 5640 D BufferQueueConsumer: [ViewRootImpl@ca81bce[QtActivity]#0(BLAST Consumer)0](id:160800000000,api:0,p:-1,c:5640) disconnect
02-10 09:26:56.933 5640 5640 I ViewRootImpl@ca81bce[QtActivity]: Relayout returned: old=(0,0,1340,800) new=(0,0,1340,800) relayoutAsync=false req=(1340,800)8 dur=10 res=0x402 s={false 0x0} ch=true seqId=0
02-10 09:26:56.935 5640 5691 D OpenGLRenderer: CacheManager::trimMemory(20)
02-10 09:26:56.940 5640 5640 I ViewRootImpl@ca81bce[QtActivity]: stopped(true) old = false
02-10 09:26:56.940 5640 5640 D ViewRootImpl@ca81bce[QtActivity]: WindowStopped on io.qt.qtdesignviewer/org.qtproject.qt.android.bindings.QtActivity set to true
02-10 09:26:56.940 5640 5691 D OpenGLRenderer: CacheManager::trimMemory(20)
02-10 09:26:59.002 5640 5640 I ViewRootImpl@ca81bce[QtActivity]: handleAppVisibility mAppVisible = false visible = true
02-10 09:26:59.008 5640 5640 I ViewRootImpl@ca81bce[QtActivity]: stopped(false) old = true
02-10 09:26:59.008 5640 5640 D ViewRootImpl@ca81bce[QtActivity]: WindowStopped on io.qt.qtdesignviewer/org.qtproject.qt.android.bindings.QtActivity set to false
02-10 09:26:59.053 5640 5640 I InsetsSourceConsumer: applyRequestedVisibilityToControl: visible=true, type=navigationBars, host=io.qt.qtdesignviewer/org.qtproject.qt.android.bindings.QtActivity
02-10 09:26:59.054 5640 5640 I InsetsSourceConsumer: applyRequestedVisibilityToControl: visible=true, type=statusBars, host=io.qt.qtdesignviewer/org.qtproject.qt.android.bindings.QtActivity
02-10 09:26:59.055 5640 5640 D BufferQueueConsumer: [](id:160800000001,api:0,p:-1,c:5640) connect: controlledByApp=false
02-10 09:26:59.057 5640 5640 I BLASTBufferQueue_Java: new BLASTBufferQueue, mName= ViewRootImpl@ca81bce[QtActivity] mNativeObject= 0x7711b41e80 sc.mNativeObject= 0x76c098cd00 caller= android.view.ViewRootImpl.updateBlastSurfaceIfNeeded:3028 android.view.ViewRootImpl.relayoutWindow:10131 android.view.ViewRootImpl.performTraversals:4110 android.view.ViewRootImpl.doTraversal:3288 android.view.ViewRootImpl$TraversalRunnable.run:11344 android.view.Choreographer$CallbackRecord.run:1689 android.view.Choreographer$CallbackRecord.run:1698 android.view.Choreographer.doCallbacks:1153 android.view.Choreographer.doFrame:1079 android.view.Choreographer$FrameDisplayEventReceiver.run:1646
02-10 09:26:59.058 5640 5640 I BLASTBufferQueue_Java: update, w= 1340 h= 800 mName = ViewRootImpl@ca81bce[QtActivity] mNativeObject= 0x7711b41e80 sc.mNativeObject= 0x76c098cd00 format= -1 caller= android.graphics.BLASTBufferQueue.:89 android.view.ViewRootImpl.updateBlastSurfaceIfNeeded:3028 android.view.ViewRootImpl.relayoutWindow:10131 android.view.ViewRootImpl.performTraversals:4110 android.view.ViewRootImpl.doTraversal:3288 android.view.ViewRootImpl$TraversalRunnable.run:11344
02-10 09:26:59.059 5640 5640 I ViewRootImpl@ca81bce[QtActivity]: Relayout returned: old=(0,0,1340,800) new=(0,0,1340,800) relayoutAsync=false req=(1340,800)0 dur=32 res=0x403 s={true 0x770eaa3000} ch=true seqId=0
02-10 09:26:59.061 5640 5640 D ViewRootImpl@ca81bce[QtActivity]: mThreadedRenderer.initialize() mSurface={isValid=true 0x770eaa3000} hwInitialized=true
02-10 09:26:59.062 5640 5640 D ViewRootImpl@ca81bce[QtActivity]: reportNextDraw android.view.ViewRootImpl.performTraversals:4718 android.view.ViewRootImpl.doTraversal:3288 android.view.ViewRootImpl$TraversalRunnable.run:11344 android.view.Choreographer$CallbackRecord.run:1689 android.view.Choreographer$CallbackRecord.run:1698
02-10 09:26:59.062 5640 5640 I ViewRootImpl@ca81bce[QtActivity]: Setup new sync=wmsSync-ViewRootImpl@ca81bce[QtActivity]#2
02-10 09:26:59.062 5640 5640 I ViewRootImpl@ca81bce[QtActivity]: Creating new active sync group ViewRootImpl@ca81bce[QtActivity]#3
02-10 09:26:59.062 5640 5640 I ViewRootImpl@ca81bce[QtActivity]: registerCallbacksForSync syncBuffer=false
02-10 09:26:59.066 5640 5778 I ViewRootImpl@ca81bce[QtActivity]: Received frameDrawingCallback syncResult=0 frameNum=1.
02-10 09:26:59.067 5640 5778 I ViewRootImpl@ca81bce[QtActivity]: mWNT: t=0x76c0a16900 mBlastBufferQueue=0x7711b41e80 fn= 1 mRenderHdrSdrRatio=1.0 caller= android.view.ViewRootImpl$8.onFrameDraw:13841 android.view.ThreadedRenderer$1.onFrameDraw:792
02-10 09:26:59.067 5640 5778 I ViewRootImpl@ca81bce[QtActivity]: Setting up sync and frameCommitCallback
02-10 09:26:59.069 5640 5691 D BLASTBufferQueue: [ViewRootImpl@ca81bce[QtActivity]#1](f:0,a:0) onFrameAvailable the first frame is available
02-10 09:26:59.070 5640 5691 D BLASTBufferQueue: [ViewRootImpl@ca81bce[QtActivity]#1](f:0,a:1) acquireNextBufferLocked size=1340x800 mFrameNumber=1 applyTransaction=true mTimestamp=584786574336225(auto) mPendingTransactions.size=0 graphicBufferId=24223615549448 transform=7
02-10 09:26:59.070 5640 5691 I ViewRootImpl@ca81bce[QtActivity]: Received frameCommittedCallback lastAttemptedDrawFrameNum=1 didProduceBuffer=true
02-10 09:26:59.070 5640 5640 I ViewRootImpl@ca81bce[QtActivity]: reportDrawFinished seqId=0
02-10 09:26:59.086 5640 5640 I ViewRootImpl@ca81bce[QtActivity]: handleWindowFocusChanged: 1 0 call from android.view.ViewRootImpl.-$$Nest$mhandleWindowFocusChanged:0
02-10 09:26:59.086 5640 5640 D ViewRootImpl@ca81bce[QtActivity]: mThreadedRenderer.initializeIfNeeded()#2 mSurface={isValid=true 0x770eaa3000}
02-10 09:26:59.086 5640 5640 D InputMethodManagerUtils: startInputInner - Id : 0
02-10 09:26:59.086 5640 5640 I InputMethodManager: startInputInner - IInputMethodManagerGlobalInvoker.startInputOrWindowGainedFocus
02-10 09:26:59.098 5640 5640 I InsetsSourceConsumer: applyRequestedVisibilityToControl: visible=false, type=ime, host=io.qt.qtdesignviewer/org.qtproject.qt.android.bindings.QtActivity
02-10 09:26:59.101 5640 5666 I ViewRootImpl@ca81bce[QtActivity]: Resizing android.view.ViewRootImpl@5193556: frame = [0,0][1340,800] reportDraw = false forceLayout = false syncSeqId = -1
02-10 09:26:59.103 5640 5640 I ViewRootImpl@ca81bce[QtActivity]: handleResized, msg = 4 frames=ClientWindowFrames{frame=[0,0][1340,800] display=[0,0][1340,800] parentFrame=[0,0][0,0]} forceNextWindowRelayout=false displayId=0 dragResizing=false compatScale=1.0 frameChanged=false attachedFrameChanged=false configChanged=false displayChanged=false compatScaleChanged=false
02-10 09:40:25.754 5640 5640 I ViewRootImpl@ca81bce[QtActivity]: handleWindowFocusChanged: 0 0 call from android.view.ViewRootImpl.-$$Nest$mhandleWindowFocusChanged:0
02-10 09:40:25.755 5640 5640 I ImeFocusController: onPreWindowFocus: skipped, hasWindowFocus=false mHasImeFocus=true
02-10 09:40:25.756 5640 5640 I ImeFocusController: onPostWindowFocus: skipped, hasWindowFocus=false mHasImeFocus=true
02-10 09:40:25.833 5640 5640 D InputTransport: Input channel destroyed: 'ClientS', fd=112
02-10 09:40:26.073 5640 5640 I ViewRootImpl@ca81bce[QtActivity]: handleAppVisibility mAppVisible = true visible = false
02-10 09:40:26.078 5640 5640 I ViewRootImpl@ca81bce[QtActivity]: destroyHardwareResources: Callers=android.view.ViewRootImpl.performTraversals:3932 android.view.ViewRootImpl.doTraversal:3288 android.view.ViewRootImpl$TraversalRunnable.run:11344 android.view.Choreographer$CallbackRecord.run:1689 android.view.Choreographer$CallbackRecord.run:1698 android.view.Choreographer.doCallbacks:1153 android.view.Choreographer.doFrame:1079 android.view.Choreographer$FrameDisplayEventReceiver.run:1646 android.os.Handler.handleCallback:958 android.os.Handler.dispatchMessage:99
02-10 09:40:26.081 5640 5691 D OpenGLRenderer: CacheManager::trimMemory(20)
02-10 09:40:26.102 5640 5640 D BLASTBufferQueue: [ViewRootImpl@ca81bce[QtActivity]#1](f:0,a:1) destructor()
02-10 09:40:26.102 5640 5640 D BufferQueueConsumer: [ViewRootImpl@ca81bce[QtActivity]#1(BLAST Consumer)1](id:160800000001,api:0,p:-1,c:5640) disconnect
02-10 09:40:26.103 5640 5640 I ViewRootImpl@ca81bce[QtActivity]: Relayout returned: old=(0,0,1340,800) new=(0,0,1340,800) relayoutAsync=false req=(1340,800)8 dur=19 res=0x402 s={false 0x0} ch=true seqId=0
02-10 09:40:26.104 5640 5691 D OpenGLRenderer: CacheManager::trimMemory(20)
02-10 09:40:26.105 5640 5640 I ViewRootImpl@ca81bce[QtActivity]: stopped(true) old = false
02-10 09:40:26.105 5640 5640 D ViewRootImpl@ca81bce[QtActivity]: WindowStopped on io.qt.qtdesignviewer/org.qtproject.qt.android.bindings.QtActivity set to true
02-10 09:40:26.105 5640 5691 D OpenGLRenderer: CacheManager::trimMemory(20)
02-10 09:40:28.325 5640 5640 I ViewRootImpl@ca81bce[QtActivity]: handleAppVisibility mAppVisible = false visible = true
02-10 09:40:28.331 5640 5640 I ViewRootImpl@ca81bce[QtActivity]: stopped(false) old = true
02-10 09:40:28.331 5640 5640 D ViewRootImpl@ca81bce[QtActivity]: WindowStopped on io.qt.qtdesignviewer/org.qtproject.qt.android.bindings.QtActivity set to false
02-10 09:40:28.360 5640 5640 I InsetsSourceConsumer: applyRequestedVisibilityToControl: visible=true, type=navigationBars, host=io.qt.qtdesignviewer/org.qtproject.qt.android.bindings.QtActivity
02-10 09:40:28.361 5640 5640 I InsetsSourceConsumer: applyRequestedVisibilityToControl: visible=true, type=statusBars, host=io.qt.qtdesignviewer/org.qtproject.qt.android.bindings.QtActivity
02-10 09:40:28.362 5640 5640 D BufferQueueConsumer: [](id:160800000002,api:0,p:-1,c:5640) connect: controlledByApp=false
02-10 09:40:28.363 5640 5640 I BLASTBufferQueue_Java: new BLASTBufferQueue, mName= ViewRootImpl@ca81bce[QtActivity] mNativeObject= 0x7711b41e80 sc.mNativeObject= 0x76c098cd00 caller= android.view.ViewRootImpl.updateBlastSurfaceIfNeeded:3028 android.view.ViewRootImpl.relayoutWindow:10131 android.view.ViewRootImpl.performTraversals:4110 android.view.ViewRootImpl.doTraversal:3288 android.view.ViewRootImpl$TraversalRunnable.run:11344 android.view.Choreographer$CallbackRecord.run:1689 android.view.Choreographer$CallbackRecord.run:1698 android.view.Choreographer.doCallbacks:1153 android.view.Choreographer.doFrame:1079 android.view.Choreographer$FrameDisplayEventReceiver.run:1646
02-10 09:40:28.364 5640 5640 I BLASTBufferQueue_Java: update, w= 1340 h= 800 mName = ViewRootImpl@ca81bce[QtActivity] mNativeObject= 0x7711b41e80 sc.mNativeObject= 0x76c098cd00 format= -1 caller= android.graphics.BLASTBufferQueue.:89 android.view.ViewRootImpl.updateBlastSurfaceIfNeeded:3028 android.view.ViewRootImpl.relayoutWindow:10131 android.view.ViewRootImpl.performTraversals:4110 android.view.ViewRootImpl.doTraversal:3288 android.view.ViewRootImpl$TraversalRunnable.run:11344
02-10 09:40:28.364 5640 5640 I ViewRootImpl@ca81bce[QtActivity]: Relayout returned: old=(0,0,1340,800) new=(0,0,1340,800) relayoutAsync=false req=(1340,800)0 dur=18 res=0x403 s={true 0x770eaa3000} ch=true seqId=0
02-10 09:40:28.365 5640 5640 D ViewRootImpl@ca81bce[QtActivity]: mThreadedRenderer.initialize() mSurface={isValid=true 0x770eaa3000} hwInitialized=true
02-10 09:40:28.366 5640 5640 D ViewRootImpl@ca81bce[QtActivity]: reportNextDraw android.view.ViewRootImpl.performTraversals:4718 android.view.ViewRootImpl.doTraversal:3288 android.view.ViewRootImpl$TraversalRunnable.run:11344 android.view.Choreographer$CallbackRecord.run:1689 android.view.Choreographer$CallbackRecord.run:1698
02-10 09:40:28.366 5640 5640 I ViewRootImpl@ca81bce[QtActivity]: Setup new sync=wmsSync-ViewRootImpl@ca81bce[QtActivity]#4
02-10 09:40:28.367 5640 5640 I ViewRootImpl@ca81bce[QtActivity]: Creating new active sync group ViewRootImpl@ca81bce[QtActivity]#5
02-10 09:40:28.367 5640 5640 I ViewRootImpl@ca81bce[QtActivity]: registerCallbacksForSync syncBuffer=false
02-10 09:40:28.370 5640 5778 I ViewRootImpl@ca81bce[QtActivity]: Received frameDrawingCallback syncResult=0 frameNum=1.
02-10 09:40:28.371 5640 5778 I ViewRootImpl@ca81bce[QtActivity]: mWNT: t=0x7634f8bd80 mBlastBufferQueue=0x7711b41e80 fn= 1 mRenderHdrSdrRatio=1.0 caller= android.view.ViewRootImpl$8.onFrameDraw:13841 android.view.ThreadedRenderer$1.onFrameDraw:792
02-10 09:40:28.371 5640 5778 I ViewRootImpl@ca81bce[QtActivity]: Setting up sync and frameCommitCallback
02-10 09:40:28.373 5640 5691 D BLASTBufferQueue: [ViewRootImpl@ca81bce[QtActivity]#2](f:0,a:0) onFrameAvailable the first frame is available
02-10 09:40:28.374 5640 5691 D BLASTBufferQueue: [ViewRootImpl@ca81bce[QtActivity]#2](f:0,a:1) acquireNextBufferLocked size=1340x800 mFrameNumber=1 applyTransaction=true mTimestamp=585595878829120(auto) mPendingTransactions.size=0 graphicBufferId=24223615549453 transform=7
02-10 09:40:28.374 5640 5691 I ViewRootImpl@ca81bce[QtActivity]: Received frameCommittedCallback lastAttemptedDrawFrameNum=1 didProduceBuffer=true
02-10 09:40:28.374 5640 5640 I ViewRootImpl@ca81bce[QtActivity]: reportDrawFinished seqId=0
02-10 09:40:28.376 5640 5640 I InsetsController: onStateChanged: host=io.qt.qtdesignviewer/org.qtproject.qt.android.bindings.QtActivity, from=android.view.ViewRootImpl$ViewRootHandler.handleMessageImpl:7209, state=InsetsState: {mDisplayFrame=Rect(0, 0 - 1340, 800), mDisplayCutout=DisplayCutout{insets=Rect(0, 0 - 0, 0) waterfall=Insets{left=0, top=0, right=0, bottom=0} boundingRect={Bounds=[Rect(0, 0 - 0, 0), Rect(0, 0 - 0, 0), Rect(0, 0 - 0, 0), Rect(0, 0 - 0, 0)]} cutoutPathParserInfo={CutoutPathParserInfo{displayWidth=0 displayHeight=0 physicalDisplayWidth=0 physicalDisplayHeight=0 density={0.0} cutoutSpec={} rotation={0} scale={0.0} physicalPixelDisplaySizeRatio={0.0}}}}, mRoundedCorners=RoundedCorners{[RoundedCorner{position=TopLeft, radius=17, center=Point(17, 17)}, RoundedCorner{position=TopRight, radius=17, center=Point(1323, 17)}, RoundedCorner{position=BottomRight, radius=17, center=Point(1323, 783)}, RoundedCorner{position=BottomLeft, radius=17, center=Point(17, 783)}]} mRoundedCornerFrame=Rect(0, 0 - 1340, 800), mPrivacyIndicatorBounds=PrivacyIndicatorBounds {static bounds=Rect(1282, 0 - 1340, 32) rotation=1}, mDisplayShape=DisplayShape{ spec=-311912193 displayWidth=800 displayHeight=1340 physicalPixelDisplaySizeRatio=1.0 rotation=1 offsetX=0 offsetY=0 scale=1.0}, mSources= { InsetsSource: {cdef0000 mType=statusBars mFrame=[0,0][1340,32] mVisible=true mFlags=[]}, InsetsSource: {cdef0005 mType=mandatorySystemGestures mFrame=[0,0][1340,32] mVisible=true mFlags=[]}, InsetsSource: {cdef0006 mType=tappableElement mFrame=[0,0][1340,32] mVisible=true mFlags=[]}, InsetsSource: {41f00001 mType=navigationBars mFrame=[0,736][1340,800] mVisible=true mFlags=[]}, InsetsSource: {41f00004 mType=systemGestures mFrame=[0,0][0,0] mVisible=true mFlags=[]}, InsetsSource: {41f00005 mType=mandatorySystemGestures mFrame=[0,736][1340,800] mVisible=true mFlags=[]}, InsetsSource: {41f00006 mType=tappableElement mFrame=[0,736][1340,800] mVisible=true mFlags=[]}, InsetsSource: {41f00024 mType=systemGestures mFrame=[0,0][0,0] mVisible=true mFlags=[]} }
02-10 09:40:28.411 5640 5640 I ViewRootImpl@ca81bce[QtActivity]: handleWindowFocusChanged: 1 0 call from android.view.ViewRootImpl.-$$Nest$mhandleWindowFocusChanged:0
02-10 09:40:28.411 5640 5640 D ViewRootImpl@ca81bce[QtActivity]: mThreadedRenderer.initializeIfNeeded()#2 mSurface={isValid=true 0x770eaa3000}
02-10 09:40:28.411 5640 5640 D InputMethodManagerUtils: startInputInner - Id : 0
02-10 09:40:28.411 5640 5640 I InputMethodManager: startInputInner - IInputMethodManagerGlobalInvoker.startInputOrWindowGainedFocus
02-10 09:40:28.425 5640 5640 I InsetsController: onStateChanged: host=io.qt.qtdesignviewer/org.qtproject.qt.android.bindings.QtActivity, from=android.view.ViewRootImpl$ViewRootHandler.handleMessageImpl:7209, state=InsetsState: {mDisplayFrame=Rect(0, 0 - 1340, 800), mDisplayCutout=DisplayCutout{insets=Rect(0, 0 - 0, 0) waterfall=Insets{left=0, top=0, right=0, bottom=0} boundingRect={Bounds=[Rect(0, 0 - 0, 0), Rect(0, 0 - 0, 0), Rect(0, 0 - 0, 0), Rect(0, 0 - 0, 0)]} cutoutPathParserInfo={CutoutPathParserInfo{displayWidth=0 displayHeight=0 physicalDisplayWidth=0 physicalDisplayHeight=0 density={0.0} cutoutSpec={} rotation={0} scale={0.0} physicalPixelDisplaySizeRatio={0.0}}}}, mRoundedCorners=RoundedCorners{[RoundedCorner{position=TopLeft, radius=17, center=Point(17, 17)}, RoundedCorner{position=TopRight, radius=17, center=Point(1323, 17)}, RoundedCorner{position=BottomRight, radius=17, center=Point(1323, 783)}, RoundedCorner{position=BottomLeft, radius=17, center=Point(17, 783)}]} mRoundedCornerFrame=Rect(0, 0 - 1340, 800), mPrivacyIndicatorBounds=PrivacyIndicatorBounds {static bounds=Rect(1282, 0 - 1340, 32) rotation=1}, mDisplayShape=DisplayShape{ spec=-311912193 displayWidth=800 displayHeight=1340 physicalPixelDisplaySizeRatio=1.0 rotation=1 offsetX=0 offsetY=0 scale=1.0}, mSources= { InsetsSource: {cdef0000 mType=statusBars mFrame=[0,0][1340,32] mVisible=true mFlags=[]}, InsetsSource: {cdef0005 mType=mandatorySystemGestures mFrame=[0,0][1340,32] mVisible=true mFlags=[]}, InsetsSource: {cdef0006 mType=tappableElement mFrame=[0,0][1340,32] mVisible=true mFlags=[]}, InsetsSource: {3 mType=ime mFrame=[0,0][0,0] mVisible=false mFlags=[]}, InsetsSource: {41f00001 mType=navigationBars mFrame=[0,736][1340,800] mVisible=true mFlags=[]}, InsetsSource: {41f00004 mType=systemGestures mFrame=[0,0][0,0] mVisible=true mFlags=[]}, InsetsSource: {41f00005 mType=mandatorySystemGestures mFrame=[0,736][1340,800] mVisible=true mFlags=[]}, InsetsSource: {41f00006 mType=tappableElement mFrame=[0,736][1340,800] mVisible=true mFlags=[]}, InsetsSource: {41f00024 mType=systemGestures mFrame=[0,0][0,0] mVisible=true mFlags=[]} }
02-10 09:40:28.425 5640 5666 I ViewRootImpl@ca81bce[QtActivity]: Resizing android.view.ViewRootImpl@5193556: frame = [0,0][1340,800] reportDraw = false forceLayout = false syncSeqId = -1
02-10 09:40:28.425 5640 5640 I InsetsSourceConsumer: applyRequestedVisibilityToControl: visible=false, type=ime, host=io.qt.qtdesignviewer/org.qtproject.qt.android.bindings.QtActivity
02-10 09:40:28.428 5640 5640 I ViewRootImpl@ca81bce[QtActivity]: handleResized, msg = 4 frames=ClientWindowFrames{frame=[0,0][1340,800] display=[0,0][1340,800] parentFrame=[0,0][0,0]} forceNextWindowRelayout=false displayId=0 dragResizing=false compatScale=1.0 frameChanged=false attachedFrameChanged=false configChanged=false displayChanged=false compatScaleChanged=false
02-10 09:40:32.088 5640 5640 I ViewRootImpl@ca81bce[QtActivity]: ViewPostIme pointer 0
02-10 09:40:32.258 5640 5640 I ViewRootImpl@ca81bce[QtActivity]: ViewPostIme pointer 1
02-10 09:40:32.441 5640 5640 I ViewRootImpl@ca81bce[QtActivity]: ViewPostIme pointer 0
02-10 09:40:32.555 5640 5640 I ViewRootImpl@ca81bce[QtActivity]: ViewPostIme pointer 1
02-10 09:40:32.655 5640 5640 I ViewRootImpl@ca81bce[QtActivity]: ViewPostIme pointer 0
02-10 09:40:33.036 5640 5640 I ViewRootImpl@ca81bce[QtActivity]: ViewPostIme pointer 1
02-10 09:40:33.084 5640 5640 I ViewRootImpl@ca81bce[QtActivity]: ViewPostIme pointer 0
02-10 09:40:33.348 5640 5640 I ViewRootImpl@ca81bce[QtActivity]: ViewPostIme pointer 1
02-10 09:40:33.498 5640 5640 I ViewRootImpl@ca81bce[QtActivity]: ViewPostIme pointer 0
02-10 09:40:33.711 5640 5640 I ViewRootImpl@ca81bce[QtActivity]: ViewPostIme pointer 1
02-10 09:42:39.035 5640 5640 I ViewRootImpl@ca81bce[QtActivity]: ViewPostIme pointer 0
02-10 09:42:39.182 5640 5640 I ViewRootImpl@ca81bce[QtActivity]: ViewPostIme pointer 1
02-10 09:42:56.922 5640 5640 I ViewRootImpl@ca81bce[QtActivity]: handleWindowFocusChanged: 0 0 call from android.view.ViewRootImpl.-$$Nest$mhandleWindowFocusChanged:0
02-10 09:42:56.922 5640 5640 I ImeFocusController: onPreWindowFocus: skipped, hasWindowFocus=false mHasImeFocus=true
02-10 09:42:56.922 5640 5640 I ImeFocusController: onPostWindowFocus: skipped, hasWindowFocus=false mHasImeFocus=true
02-10 09:42:57.021 5640 5640 D InputTransport: Input channel destroyed: 'ClientS', fd=112
02-10 09:42:57.250 5640 5640 I ViewRootImpl@ca81bce[QtActivity]: handleAppVisibility mAppVisible = true visible = false
02-10 09:42:57.264 5640 5640 I ViewRootImpl@ca81bce[QtActivity]: destroyHardwareResources: Callers=android.view.ViewRootImpl.performTraversals:3932 android.view.ViewRootImpl.doTraversal:3288 android.view.ViewRootImpl$TraversalRunnable.run:11344 android.view.Choreographer$CallbackRecord.run:1689 android.view.Choreographer$CallbackRecord.run:1698 android.view.Choreographer.doCallbacks:1153 android.view.Choreographer.doFrame:1079 android.view.Choreographer$FrameDisplayEventReceiver.run:1646 android.os.Handler.handleCallback:958 android.os.Handler.dispatchMessage:99
02-10 09:42:57.265 5640 5691 D OpenGLRenderer: CacheManager::trimMemory(20)
02-10 09:42:57.279 5640 5640 D BLASTBufferQueue: [ViewRootImpl@ca81bce[QtActivity]#2](f:0,a:1) destructor()
02-10 09:42:57.279 5640 5640 D BufferQueueConsumer: [ViewRootImpl@ca81bce[QtActivity]#2(BLAST Consumer)2](id:160800000002,api:0,p:-1,c:5640) disconnect
02-10 09:42:57.280 5640 5640 I ViewRootImpl@ca81bce[QtActivity]: Relayout returned: old=(0,0,1340,800) new=(0,0,1340,800) relayoutAsync=false req=(1340,800)8 dur=13 res=0x402 s={false 0x0} ch=true seqId=0
02-10 09:42:57.281 5640 5691 D OpenGLRenderer: CacheManager::trimMemory(20)
02-10 09:42:57.281 5640 5640 I ViewRootImpl@ca81bce[QtActivity]: stopped(true) old = false
02-10 09:42:57.281 5640 5640 D ViewRootImpl@ca81bce[QtActivity]: WindowStopped on io.qt.qtdesignviewer/org.qtproject.qt.android.bindings.QtActivity set to true
02-10 09:42:57.281 5640 5691 D OpenGLRenderer: CacheManager::trimMemory(20)
02-10 09:43:00.975 5640 5640 I ViewRootImpl@ca81bce[QtActivity]: handleAppVisibility mAppVisible = false visible = true
02-10 09:43:00.978 5640 5640 I ViewRootImpl@ca81bce[QtActivity]: stopped(false) old = true
02-10 09:43:00.978 5640 5640 D ViewRootImpl@ca81bce[QtActivity]: WindowStopped on io.qt.qtdesignviewer/org.qtproject.qt.android.bindings.QtActivity set to false
02-10 09:43:01.011 5640 5640 I InsetsSourceConsumer: applyRequestedVisibilityToControl: visible=true, type=navigationBars, host=io.qt.qtdesignviewer/org.qtproject.qt.android.bindings.QtActivity
02-10 09:43:01.011 5640 5640 I InsetsSourceConsumer: applyRequestedVisibilityToControl: visible=true, type=statusBars, host=io.qt.qtdesignviewer/org.qtproject.qt.android.bindings.QtActivity
02-10 09:43:01.013 5640 5640 D BufferQueueConsumer: [](id:160800000003,api:0,p:-1,c:5640) connect: controlledByApp=false
02-10 09:43:01.014 5640 5640 I BLASTBufferQueue_Java: new BLASTBufferQueue, mName= ViewRootImpl@ca81bce[QtActivity] mNativeObject= 0x7711b41e80 sc.mNativeObject= 0x76c098cd00 caller= android.view.ViewRootImpl.updateBlastSurfaceIfNeeded:3028 android.view.ViewRootImpl.relayoutWindow:10131 android.view.ViewRootImpl.performTraversals:4110 android.view.ViewRootImpl.doTraversal:3288 android.view.ViewRootImpl$TraversalRunnable.run:11344 android.view.Choreographer$CallbackRecord.run:1689 android.view.Choreographer$CallbackRecord.run:1698 android.view.Choreographer.doCallbacks:1153 android.view.Choreographer.doFrame:1079 android.view.Choreographer$FrameDisplayEventReceiver.run:1646
02-10 09:43:01.014 5640 5640 I BLASTBufferQueue_Java: update, w= 1340 h= 800 mName = ViewRootImpl@ca81bce[QtActivity] mNativeObject= 0x7711b41e80 sc.mNativeObject= 0x76c098cd00 format= -1 caller= android.graphics.BLASTBufferQueue.:89 android.view.ViewRootImpl.updateBlastSurfaceIfNeeded:3028 android.view.ViewRootImpl.relayoutWindow:10131 android.view.ViewRootImpl.performTraversals:4110 android.view.ViewRootImpl.doTraversal:3288 android.view.ViewRootImpl$TraversalRunnable.run:11344
02-10 09:43:01.015 5640 5640 I ViewRootImpl@ca81bce[QtActivity]: Relayout returned: old=(0,0,1340,800) new=(0,0,1340,800) relayoutAsync=false req=(1340,800)0 dur=17 res=0x403 s={true 0x770eaa3000} ch=true seqId=0
02-10 09:43:01.017 5640 5640 D ViewRootImpl@ca81bce[QtActivity]: mThreadedRenderer.initialize() mSurface={isValid=true 0x770eaa3000} hwInitialized=true
02-10 09:43:01.018 5640 5640 D ViewRootImpl@ca81bce[QtActivity]: reportNextDraw android.view.ViewRootImpl.performTraversals:4718 android.view.ViewRootImpl.doTraversal:3288 android.view.ViewRootImpl$TraversalRunnable.run:11344 android.view.Choreographer$CallbackRecord.run:1689 android.view.Choreographer$CallbackRecord.run:1698
