D/NetworkSecurityConfig( 1617): No Network Security Config specified, using platform default
D/NetworkSecurityConfig( 1617): No Network Security Config specified, using platform default
E/larative_camer( 1617): No implementation found for boolean org.qtproject.qt.android.QtNative.updateNativeActivity() (tried Java_org_qtproject_qt_android_QtNative_updateNativeActivity and Java_org_qtproject_qt_android_QtNative_updateNativeActivity__)
W/linker ( 1617): Warning: "/data/app/~~iBH0enN4Nug2ZbN8Ob77Ow==/org.qtproject.example.declarative_camera-KhSe3xpPFMES5wpydik6-w==/base.apk!/lib/arm64-v8a/libc++_shared.so" unused DT entry: unknown processor-specific (type 0x70000001 arg 0x0) (ignoring)
I/QtCore ( 1617): Start
W/qt.multimedia.symbolsresolver( 1617): Couldn't load ssl library
W/qt.multimedia.symbolsresolver( 1617): Couldn't resolve ssl symbols
I/Qt ( 1617): qt started
I/Choreographer( 1617): Skipped 32 frames! The application may be doing too much work on its main thread.
I/AdrenoGLES-0( 1617): QUALCOMM build : e883189, Ia11ce2d146
I/AdrenoGLES-0( 1617): Build Date : 09/02/20
I/AdrenoGLES-0( 1617): OpenGL ES Shader Compiler Version: EV031.31.04.00
I/AdrenoGLES-0( 1617): Local Branch : gfx-adreno.lnx.2.0
I/AdrenoGLES-0( 1617): Remote Branch : quic/gfx-adreno.lnx.2.0
I/AdrenoGLES-0( 1617): Remote Branch : NONE
I/AdrenoGLES-0( 1617): Reconstruct Branch : NOTHING
I/AdrenoGLES-0( 1617): Build Config : S L 10.0.5 AArch64
I/AdrenoGLES-0( 1617): Driver Path : /vendor/lib64/egl/libGLESv2_adreno.so
I/AdrenoGLES-0( 1617): PFP: 0x005ff113, ME: 0x005ff066
W/AdrenoUtils( 1617): : Failed to open /sys/class/kgsl/kgsl-3d0/gpu_model
W/AdrenoUtils( 1617): : Failed to read chip ID from gpu_model. Fallback to use the GSL path
I/Gralloc4( 1617): mapper 4.x is not supported
W/Gralloc3( 1617): mapper 3.x is not supported
W/ServiceManager( 672): Permission failure: android.permission.ACCESS_SURFACE_FLINGER from uid=16289 pid=1617
W/Qt A11Y ( 1617): Unable to initialize the accessibility delegate with a null layout
I/qt.multimedia.ffmpeg( 1617): Using Qt multimedia with FFmpeg version 7.1 LGPL version 2.1 or later
W/VideoCapabilities( 1617): Unrecognized profile 2130706433 for video/avc
W/VideoCapabilities( 1617): Unrecognized profile 2130706434 for video/avc
W/VideoCapabilities( 1617): Unrecognized profile 2130706433 for video/avc
W/VideoCapabilities( 1617): Unrecognized profile 2130706434 for video/avc
W/VideoCapabilities( 1617): Unrecognized profile 2130706433 for video/avc
W/VideoCapabilities( 1617): Unrecognized profile 2130706434 for video/avc
I/CameraManagerGlobal( 1617): Connecting to camera service
W/ServiceManager( 1046): Permission failure: android.permission.CAMERA_OPEN_CLOSE_LISTENER from uid=16289 pid=1617
D/qml ( 1617): State: MobilePortrait
I/Camera2ClientBase( 1046): Camera 0: Opened. Client: org.qtproject.example.declarative_camera (PID 1617, UID 16289)
W/Gralloc4( 1617): allocator 3.x is not supported
W/Gralloc3( 1617): allocator 3.x is not supported
D/ProfileInstaller( 1617): Installing profile for org.qtproject.example.declarative_camera
I/CameraService( 1046): disconnect: Disconnected client for camera 0 for PID 1617
I/Camera2ClientBase( 1046): Camera 0: Opened. Client: org.qtproject.example.declarative_camera (PID 1617, UID 16289)
I/Camera2ClientBase( 1046): Closed Camera 0. Client was: org.qtproject.example.declarative_camera (PID 1617, UID 16289)
I/CameraService( 1046): disconnect: Disconnected client for camera 0 for PID 1617
I/Camera2ClientBase( 1046): Camera 0: Opened. Client: org.qtproject.example.declarative_camera (PID 1617, UID 16289)
I/qt.multimedia.ffmpeg.encoder( 1617): Recording new media with muxer MP4 (MPEG-4 Part 14) to "/storage/emulated/0/Android/data/org.qtproject.example.declarative_camera/files/Movies/video_0001.mp4" with format: QMediaFormat::MPEG4, QMediaFormat::AudioCodec::AAC, QMediaFormat::VideoCodec::H265
I/OMXClient( 1617): IOmx service obtained
W/OMXUtils( 1617): do not know color format 0x7fa30c06 = 2141391878
W/OMXUtils( 1617): do not know color format 0x7fa30c04 = 2141391876
W/OMXUtils( 1617): do not know color format 0x7fa30c08 = 2141391880
W/OMXUtils( 1617): do not know color format 0x7fa30c07 = 2141391879
W/OMXUtils( 1617): do not know color format 0x7f000789 = 2130708361
E/ACodec ( 1617): [OMX.qcom.video.encoder.hevc] configureCodec returning error -38
E/ACodec ( 1617): signalError(omxError 0x80001001, internalError -2147483648)
E/MediaCodec( 1617): Codec reported err 0x80001001, actionCode 0, while in state 3
E/MediaCodec( 1617): configure failed with err 0x80001001, resetting...
I/OMXClient( 1617): IOmx service obtained
W/qt.multimedia.ffmpeg.videoencoder( 1617): Couldn't open video encoder "hevc_mediacodec" ; result: "Generic error in an external library"
I/OMXClient( 1617): IOmx service obtained
W/OMXUtils( 1617): do not know color format 0x7fa30c06 = 2141391878
W/OMXUtils( 1617): do not know color format 0x7fa30c04 = 2141391876
W/OMXUtils( 1617): do not know color format 0x7fa30c08 = 2141391880
W/OMXUtils( 1617): do not know color format 0x7fa30c07 = 2141391879
W/OMXUtils( 1617): do not know color format 0x7f000789 = 2130708361
E/ACodec ( 1617): [OMX.qcom.video.encoder.hevc] configureCodec returning error -38
E/ACodec ( 1617): signalError(omxError 0x80001001, internalError -2147483648)
E/MediaCodec( 1617): Codec reported err 0x80001001, actionCode 0, while in state 3
E/MediaCodec( 1617): configure failed with err 0x80001001, resetting...
I/OMXClient( 1617): IOmx service obtained
W/qt.multimedia.ffmpeg.videoencoder( 1617): Couldn't open video encoder "hevc_mediacodec" ; result: "Generic error in an external library"
W/qt.multimedia.ffmpeg.videoencoder( 1617): No valid video codecs found
I/BpBinder( 1617): onLastStrongRef automatically unlinking death recipients: android.media.IResourceManagerService
I/qt.multimedia.ffmpeg.encoder( 1617): Recording new media with muxer MP4 (MPEG-4 Part 14) to "/storage/emulated/0/Android/data/org.qtproject.example.declarative_camera/files/Movies/video_0002.mp4" with format: QMediaFormat::MPEG4, QMediaFormat::AudioCodec::AAC, QMediaFormat::VideoCodec::H265
I/OMXClient( 1617): IOmx service obtained
W/OMXUtils( 1617): do not know color format 0x7fa30c06 = 2141391878
W/OMXUtils( 1617): do not know color format 0x7fa30c04 = 2141391876
W/OMXUtils( 1617): do not know color format 0x7fa30c08 = 2141391880
W/OMXUtils( 1617): do not know color format 0x7fa30c07 = 2141391879
W/OMXUtils( 1617): do not know color format 0x7f000789 = 2130708361
E/ACodec ( 1617): [OMX.qcom.video.encoder.hevc] configureCodec returning error -38
E/ACodec ( 1617): signalError(omxError 0x80001001, internalError -2147483648)
E/MediaCodec( 1617): Codec reported err 0x80001001, actionCode 0, while in state 3
E/MediaCodec( 1617): configure failed with err 0x80001001, resetting...
I/OMXClient( 1617): IOmx service obtained
W/qt.multimedia.ffmpeg.videoencoder( 1617): Couldn't open video encoder "hevc_mediacodec" ; result: "Generic error in an external library"
I/BpBinder( 1617): onLastStrongRef automatically unlinking death recipients: android.media.IResourceManagerService
I/OMXClient( 1617): IOmx service obtained
W/OMXUtils( 1617): do not know color format 0x7fa30c06 = 2141391878
W/OMXUtils( 1617): do not know color format 0x7fa30c04 = 2141391876
W/OMXUtils( 1617): do not know color format 0x7fa30c08 = 2141391880
W/OMXUtils( 1617): do not know color format 0x7fa30c07 = 2141391879
W/OMXUtils( 1617): do not know color format 0x7f000789 = 2130708361
E/ACodec ( 1617): [OMX.qcom.video.encoder.hevc] configureCodec returning error -38
E/ACodec ( 1617): signalError(omxError 0x80001001, internalError -2147483648)
E/MediaCodec( 1617): Codec reported err 0x80001001, actionCode 0, while in state 3
E/MediaCodec( 1617): configure failed with err 0x80001001, resetting...
I/OMXClient( 1617): IOmx service obtained
W/qt.multimedia.ffmpeg.videoencoder( 1617): Couldn't open video encoder "hevc_mediacodec" ; result: "Generic error in an external library"
W/qt.multimedia.ffmpeg.videoencoder( 1617): No valid video codecs found
I/BpBinder( 1617): onLastStrongRef automatically unlinking death recipients: android.media.IResourceManagerService
I/qt.multimedia.ffmpeg.encoder( 1617): Recording new media with muxer MP4 (MPEG-4 Part 14) to "/storage/emulated/0/Android/data/org.qtproject.example.declarative_camera/files/Movies/video_0003.mp4" with format: QMediaFormat::MPEG4, QMediaFormat::AudioCodec::AAC, QMediaFormat::VideoCodec::H265
I/OMXClient( 1617): IOmx service obtained
W/OMXUtils( 1617): do not know color format 0x7fa30c06 = 2141391878
W/OMXUtils( 1617): do not know color format 0x7fa30c04 = 2141391876
W/OMXUtils( 1617): do not know color format 0x7fa30c08 = 2141391880
W/OMXUtils( 1617): do not know color format 0x7fa30c07 = 2141391879
W/OMXUtils( 1617): do not know color format 0x7f000789 = 2130708361
E/ACodec ( 1617): [OMX.qcom.video.encoder.hevc] configureCodec returning error -38
E/ACodec ( 1617): signalError(omxError 0x80001001, internalError -2147483648)
E/MediaCodec( 1617): Codec reported err 0x80001001, actionCode 0, while in state 3
E/MediaCodec( 1617): configure failed with err 0x80001001, resetting...
I/OMXClient( 1617): IOmx service obtained
W/qt.multimedia.ffmpeg.videoencoder( 1617): Couldn't open video encoder "hevc_mediacodec" ; result: "Generic error in an external library"
I/OMXClient( 1617): IOmx service obtained
W/OMXUtils( 1617): do not know color format 0x7fa30c06 = 2141391878
W/OMXUtils( 1617): do not know color format 0x7fa30c04 = 2141391876
W/OMXUtils( 1617): do not know color format 0x7fa30c08 = 2141391880
W/OMXUtils( 1617): do not know color format 0x7fa30c07 = 2141391879
W/OMXUtils( 1617): do not know color format 0x7f000789 = 2130708361
E/ACodec ( 1617): [OMX.qcom.video.encoder.hevc] configureCodec returning error -38
E/ACodec ( 1617): signalError(omxError 0x80001001, internalError -2147483648)
E/MediaCodec( 1617): Codec reported err 0x80001001, actionCode 0, while in state 3
E/MediaCodec( 1617): configure failed with err 0x80001001, resetting...
I/OMXClient( 1617): IOmx service obtained
W/qt.multimedia.ffmpeg.videoencoder( 1617): Couldn't open video encoder "hevc_mediacodec" ; result: "Generic error in an external library"
W/qt.multimedia.ffmpeg.videoencoder( 1617): No valid video codecs found
I/BpBinder( 1617): onLastStrongRef automatically unlinking death recipients: android.media.IResourceManagerService
I/Camera2ClientBase( 1046): Closed Camera 0. Client was: org.qtproject.example.declarative_camera (PID 1617, UID 16289)
I/qt.multimedia.ffmpeg.encoder( 1617): Recording new media with muxer MP4 (MPEG-4 Part 14) to "/storage/emulated/0/Android/data/org.qtproject.example.declarative_camera/files/Movies/video_0004.mp4" with format: QMediaFormat::MPEG4, QMediaFormat::AudioCodec::AAC, QMediaFormat::VideoCodec::H265
I/OMXClient( 1617): IOmx service obtained
W/OMXUtils( 1617): do not know color format 0x7fa30c06 = 2141391878
W/OMXUtils( 1617): do not know color format 0x7fa30c04 = 2141391876
W/OMXUtils( 1617): do not know color format 0x7fa30c08 = 2141391880
W/OMXUtils( 1617): do not know color format 0x7fa30c07 = 2141391879
W/OMXUtils( 1617): do not know color format 0x7f000789 = 2130708361
E/ACodec ( 1617): [OMX.qcom.video.encoder.hevc] configureCodec returning error -38
E/ACodec ( 1617): signalError(omxError 0x80001001, internalError -2147483648)
E/MediaCodec( 1617): Codec reported err 0x80001001, actionCode 0, while in state 3
E/MediaCodec( 1617): configure failed with err 0x80001001, resetting...
I/OMXClient( 1617): IOmx service obtained
W/qt.multimedia.ffmpeg.videoencoder( 1617): Couldn't open video encoder "hevc_mediacodec" ; result: "Generic error in an external library"
I/BpBinder( 1617): onLastStrongRef automatically unlinking death recipients: android.media.IResourceManagerService
I/OMXClient( 1617): IOmx service obtained
W/OMXUtils( 1617): do not know color format 0x7fa30c06 = 2141391878
W/OMXUtils( 1617): do not know color format 0x7fa30c04 = 2141391876
W/OMXUtils( 1617): do not know color format 0x7fa30c08 = 2141391880
W/OMXUtils( 1617): do not know color format 0x7fa30c07 = 2141391879
W/OMXUtils( 1617): do not know color format 0x7f000789 = 2130708361
E/ACodec ( 1617): [OMX.qcom.video.encoder.hevc] configureCodec returning error -38
E/ACodec ( 1617): signalError(omxError 0x80001001, internalError -2147483648)
E/MediaCodec( 1617): Codec reported err 0x80001001, actionCode 0, while in state 3
E/MediaCodec( 1617): configure failed with err 0x80001001, resetting...
I/OMXClient( 1617): IOmx service obtained
W/qt.multimedia.ffmpeg.videoencoder( 1617): Couldn't open video encoder "hevc_mediacodec" ; result: "Generic error in an external library"
W/qt.multimedia.ffmpeg.videoencoder( 1617): No valid video codecs found
I/BpBinder( 1617): onLastStrongRef automatically unlinking death recipients: android.media.IResourceManagerService
I/qt.multimedia.ffmpeg.encoder( 1617): Recording new media with muxer MP4 (MPEG-4 Part 14) to "/storage/emulated/0/Android/data/org.qtproject.example.declarative_camera/files/Movies/video_0005.mp4" with format: QMediaFormat::MPEG4, QMediaFormat::AudioCodec::AAC, QMediaFormat::VideoCodec::H265
I/OMXClient( 1617): IOmx service obtained
W/OMXUtils( 1617): do not know color format 0x7fa30c06 = 2141391878
W/OMXUtils( 1617): do not know color format 0x7fa30c04 = 2141391876
W/OMXUtils( 1617): do not know color format 0x7fa30c08 = 2141391880
W/OMXUtils( 1617): do not know color format 0x7fa30c07 = 2141391879
W/OMXUtils( 1617): do not know color format 0x7f000789 = 2130708361
E/ACodec ( 1617): [OMX.qcom.video.encoder.hevc] configureCodec returning error -38
E/ACodec ( 1617): signalError(omxError 0x80001001, internalError -2147483648)
E/MediaCodec( 1617): Codec reported err 0x80001001, actionCode 0, while in state 3
E/MediaCodec( 1617): configure failed with err 0x80001001, resetting...
I/OMXClient( 1617): IOmx service obtained
W/qt.multimedia.ffmpeg.videoencoder( 1617): Couldn't open video encoder "hevc_mediacodec" ; result: "Generic error in an external library"
I/BpBinder( 1617): onLastStrongRef automatically unlinking death recipients: android.media.IResourceManagerService
I/OMXClient( 1617): IOmx service obtained
W/OMXUtils( 1617): do not know color format 0x7fa30c06 = 2141391878
W/OMXUtils( 1617): do not know color format 0x7fa30c04 = 2141391876
W/OMXUtils( 1617): do not know color format 0x7fa30c08 = 2141391880
W/OMXUtils( 1617): do not know color format 0x7fa30c07 = 2141391879
W/OMXUtils( 1617): do not know color format 0x7f000789 = 2130708361
E/ACodec ( 1617): [OMX.qcom.video.encoder.hevc] configureCodec returning error -38
E/ACodec ( 1617): signalError(omxError 0x80001001, internalError -2147483648)
E/MediaCodec( 1617): Codec reported err 0x80001001, actionCode 0, while in state 3
E/MediaCodec( 1617): configure failed with err 0x80001001, resetting...
I/OMXClient( 1617): IOmx service obtained
W/qt.multimedia.ffmpeg.videoencoder( 1617): Couldn't open video encoder "hevc_mediacodec" ; result: "Generic error in an external library"
W/qt.multimedia.ffmpeg.videoencoder( 1617): No valid video codecs found
I/BpBinder( 1617): onLastStrongRef automatically unlinking death recipients: android.media.IResourceManagerService
I/qt.multimedia.ffmpeg.encoder( 1617): Recording new media with muxer MP4 (MPEG-4 Part 14) to "/storage/emulated/0/Android/data/org.qtproject.example.declarative_camera/files/Movies/video_0006.mp4" with format: QMediaFormat::MPEG4, QMediaFormat::AudioCodec::AAC, QMediaFormat::VideoCodec::H265
I/OMXClient( 1617): IOmx service obtained
W/OMXUtils( 1617): do not know color format 0x7fa30c06 = 2141391878
W/OMXUtils( 1617): do not know color format 0x7fa30c04 = 2141391876
W/OMXUtils( 1617): do not know color format 0x7fa30c08 = 2141391880
W/OMXUtils( 1617): do not know color format 0x7fa30c07 = 2141391879
W/OMXUtils( 1617): do not know color format 0x7f000789 = 2130708361
E/ACodec ( 1617): [OMX.qcom.video.encoder.hevc] configureCodec returning error -38
E/ACodec ( 1617): signalError(omxError 0x80001001, internalError -2147483648)
E/MediaCodec( 1617): Codec reported err 0x80001001, actionCode 0, while in state 3
E/MediaCodec( 1617): configure failed with err 0x80001001, resetting...
I/OMXClient( 1617): IOmx service obtained
W/qt.multimedia.ffmpeg.videoencoder( 1617): Couldn't open video encoder "hevc_mediacodec" ; result: "Generic error in an external library"
I/OMXClient( 1617): IOmx service obtained
W/OMXUtils( 1617): do not know color format 0x7fa30c06 = 2141391878
W/OMXUtils( 1617): do not know color format 0x7fa30c04 = 2141391876
W/OMXUtils( 1617): do not know color format 0x7fa30c08 = 2141391880
W/OMXUtils( 1617): do not know color format 0x7fa30c07 = 2141391879
W/OMXUtils( 1617): do not know color format 0x7f000789 = 2130708361
E/ACodec ( 1617): [OMX.qcom.video.encoder.hevc] configureCodec returning error -38
E/ACodec ( 1617): signalError(omxError 0x80001001, internalError -2147483648)
E/MediaCodec( 1617): Codec reported err 0x80001001, actionCode 0, while in state 3
E/MediaCodec( 1617): configure failed with err 0x80001001, resetting...
I/OMXClient( 1617): IOmx service obtained
W/qt.multimedia.ffmpeg.videoencoder( 1617): Couldn't open video encoder "hevc_mediacodec" ; result: "Generic error in an external library"
W/qt.multimedia.ffmpeg.videoencoder( 1617): No valid video codecs found
I/BpBinder( 1617): onLastStrongRef automatically unlinking death recipients: android.media.IResourceManagerService
I/qt.multimedia.ffmpeg.encoder( 1617): Recording new media with muxer MP4 (MPEG-4 Part 14) to "/storage/emulated/0/Android/data/org.qtproject.example.declarative_camera/files/Movies/video_0007.mp4" with format: QMediaFormat::MPEG4, QMediaFormat::AudioCodec::AAC, QMediaFormat::VideoCodec::H265
I/OMXClient( 1617): IOmx service obtained
W/OMXUtils( 1617): do not know color format 0x7fa30c06 = 2141391878
W/OMXUtils( 1617): do not know color format 0x7fa30c04 = 2141391876
W/OMXUtils( 1617): do not know color format 0x7fa30c08 = 2141391880
W/OMXUtils( 1617): do not know color format 0x7fa30c07 = 2141391879
W/OMXUtils( 1617): do not know color format 0x7f000789 = 2130708361
E/ACodec ( 1617): [OMX.qcom.video.encoder.hevc] configureCodec returning error -38
E/ACodec ( 1617): signalError(omxError 0x80001001, internalError -2147483648)
E/MediaCodec( 1617): Codec reported err 0x80001001, actionCode 0, while in state 3
E/MediaCodec( 1617): configure failed with err 0x80001001, resetting...
I/OMXClient( 1617): IOmx service obtained
W/qt.multimedia.ffmpeg.videoencoder( 1617): Couldn't open video encoder "hevc_mediacodec" ; result: "Generic error in an external library"
I/BpBinder( 1617): onLastStrongRef automatically unlinking death recipients: android.media.IResourceManagerService
I/OMXClient( 1617): IOmx service obtained
W/OMXUtils( 1617): do not know color format 0x7fa30c06 = 2141391878
W/OMXUtils( 1617): do not know color format 0x7fa30c04 = 2141391876
W/OMXUtils( 1617): do not know color format 0x7fa30c08 = 2141391880
W/OMXUtils( 1617): do not know color format 0x7fa30c07 = 2141391879
W/OMXUtils( 1617): do not know color format 0x7f000789 = 2130708361
E/ACodec ( 1617): [OMX.qcom.video.encoder.hevc] configureCodec returning error -38
E/ACodec ( 1617): signalError(omxError 0x80001001, internalError -2147483648)
E/MediaCodec( 1617): Codec reported err 0x80001001, actionCode 0, while in state 3
E/MediaCodec( 1617): configure failed with err 0x80001001, resetting...
I/OMXClient( 1617): IOmx service obtained
W/qt.multimedia.ffmpeg.videoencoder( 1617): Couldn't open video encoder "hevc_mediacodec" ; result: "Generic error in an external library"
W/qt.multimedia.ffmpeg.videoencoder( 1617): No valid video codecs found
I/BpBinder( 1617): onLastStrongRef automatically unlinking death recipients: android.media.IResourceManagerService
I/CameraService( 1046): disconnect: Disconnected client for camera 0 for PID 1617
I/ActivityManager( 1362): Killing 1617:org.qtproject.example.declarative_camera/u0a6289 (adj 905): remove task
I/Camera2ClientBase( 1046): Closed Camera 0. Client was: org.qtproject.example.declarative_camera (PID 1617, UID 16289)
I/Zygote ( 856): Process 1617 exited due to signal 9 (Killed)
W/ActivityManager( 1362): setHasOverlayUi called on unknown pid: 1617
I/libprocessgroup( 1362): Successfully killed process cgroup uid 16289 pid 1617 in 58ms 09:53:31: Android target "org.qtproject.example.declarative_camera" died.