---------------------------- PROCESS STARTED (19599) for package com.example.quickcompose ----------------------------
2025-08-04 15:49:15.379 19599-19599 ApplicationLoaders com.example.quickcompose D Returning zygote-cached class loader: /system/framework/org.apache.http.legacy.jar
2025-08-04 15:49:15.382 19599-19599 ziparchive com.example.quickcompose W Unable to open '/data/data/com.example.quickcompose/code_cache/.overlay/base.apk/classes5.dm': No such file or directory
2025-08-04 15:49:15.385 19599-19599 ziparchive com.example.quickcompose W Unable to open '/data/app/~~tq_PCI9suGKKGDmn8zWUUQ==/com.example.quickcompose-hpKM7as11zmFdVovJfnl3Q==/base.dm': No such file or directory
2025-08-04 15:49:15.385 19599-19599 ziparchive com.example.quickcompose W Unable to open '/data/app/~~tq_PCI9suGKKGDmn8zWUUQ==/com.example.quickcompose-hpKM7as11zmFdVovJfnl3Q==/base.dm': No such file or directory
2025-08-04 15:49:15.495 19599-19599 nativeloader com.example.quickcompose D Configuring clns-7 for other apk /data/app/~~tq_PCI9suGKKGDmn8zWUUQ==/com.example.quickcompose-hpKM7as11zmFdVovJfnl3Q==/base.apk. target_sdk_version=34, uses_libraries=, library_path=/data/app/~~tq_PCI9suGKKGDmn8zWUUQ==/com.example.quickcompose-hpKM7as11zmFdVovJfnl3Q==/lib/arm64:/data/app/~~tq_PCI9suGKKGDmn8zWUUQ==/com.example.quickcompose-hpKM7as11zmFdVovJfnl3Q==/base.apk!/lib/arm64-v8a, permitted_path=/data:/mnt/expand:/data/user/0/com.example.quickcompose
2025-08-04 15:49:15.508 19599-19599 GraphicsEnvironment com.example.quickcompose V Currently set values for:
2025-08-04 15:49:15.508 19599-19599 GraphicsEnvironment com.example.quickcompose V angle_gl_driver_selection_pkgs=[]
2025-08-04 15:49:15.508 19599-19599 GraphicsEnvironment com.example.quickcompose V angle_gl_driver_selection_values=[]
2025-08-04 15:49:15.508 19599-19599 GraphicsEnvironment com.example.quickcompose V Global.Settings values are invalid: number of packages: 0, number of values: 0
2025-08-04 15:49:15.508 19599-19599 GraphicsEnvironment com.example.quickcompose V App is not on the allowlist for updatable production driver.
2025-08-04 15:49:15.510 19599-19599 ActivityThread com.example.quickcompose W Application com.example.quickcompose is suspending. Debugger needs to resume to continue.
2025-08-04 15:49:15.511 19599-19599 System.out com.example.quickcompose I Sending WAIT chunk
2025-08-04 15:49:15.511 19599-19599 System.out com.example.quickcompose I Waiting for debugger first packet
2025-08-04 15:49:15.595 1365-1365 SurfaceFlinger surfaceflinger E alpha changed 1.000 -> 0.000 - Surface(name=f577854 Waiting For Debugger: com.example.quickcompose)/@0xaa02b33 - animation-leash of window_animation#1099940
2025-08-04 15:49:15.595 1365-1365 SurfaceFlinger surfaceflinger E alpha changed 0.000 -> 0.000 - Surface(name=f577854 Waiting For Debugger: com.example.quickcompose)/@0xaa02b33 - animation-leash of window_animation#1099940
2025-08-04 15:49:15.605 1365-1365 SurfaceFlinger surfaceflinger E alpha changed 0.000 -> 0.094 - Surface(name=f577854 Waiting For Debugger: com.example.quickcompose)/@0xaa02b33 - animation-leash of window_animation#1099940
2025-08-04 15:49:16.521 19136-19136 adbd adbd E failed to connect to socket 'localabstract:/com.example.quickcompose-0/platform-1754311755282.sock': could not connect to localabstract address 'localabstract:/com.example.quickcompose-0/platform-1754311755282.sock'
2025-08-04 15:49:21.850 19599-19604 nativeloader com.example.quickcompose D Load libjdwp.so using system ns (caller=): ok
2025-08-04 15:49:22.236 19599-19599 System.out com.example.quickcompose I Debug.suspendAllAndSentVmStart
2025-08-04 15:49:22.588 19599-19599 System.out com.example.quickcompose I Debug.suspendAllAndSendVmStart, resumed
2025-08-04 15:49:22.695 19599-19599 ActivityThread com.example.quickcompose D com.example.quickcompose will use render engine as VK
2025-08-04 15:49:22.696 19599-19599 HWUI com.example.quickcompose D HWUI - treat SMPTE_170M as sRGB
2025-08-04 15:49:22.703 19599-19763 HWUI com.example.quickcompose D CacheManager constructor. deviceInfo=(1080, 1920)
2025-08-04 15:49:22.705 19599-19763 AdrenoGLES-0 com.example.quickcompose I QUALCOMM build : 923a446bf8, I23d7d7df15 Build Date : 09/05/24 OpenGL ES Shader Compiler Version: EV031.35.01.12 Local Branch : Remote Branch : refs/tags/AU_LINUX_ANDROID_LA.UM.9.14.11.00.00.571.148 Remote Branch : NONE Reconstruct Branch : NOTHING
2025-08-04 15:49:22.705 19599-19763 AdrenoGLES-0 com.example.quickcompose I Build Config : S P 10.0.7 AArch64
2025-08-04 15:49:22.705 19599-19763 AdrenoGLES-0 com.example.quickcompose I Driver Path : /vendor/lib64/egl/libGLESv2_adreno.so
2025-08-04 15:49:22.716 1365-1365 SurfaceFlinger surfaceflinger E alpha changed 0.020 -> 0.000 - Surface(name=f577854 Waiting For Debugger: com.example.quickcompose)/@0xaa02b33 - animation-leash of window_animation#1099957
2025-08-04 15:49:22.828 19599-19763 AdrenoGLES-0 com.example.quickcompose I PFP: 0x016dc094, ME: 0x00000000
2025-08-04 15:49:23.070 19599-19599 le.quickcompose com.example.quickcompose W Verification of void com.example.quickcompose.activities.MainActivity.MainScreen2View(kotlin.jvm.functions.Function0, androidx.compose.runtime.Composer, int, int) took 166.577ms (8002.28 bytecodes/s) (26344B approximate peak alloc)
2025-08-04 15:49:23.198 19599-19599 le.quickcompose com.example.quickcompose W Verification of void com.example.quickcompose.activities.MainActivity.MainScreenView(kotlin.jvm.functions.Function0, androidx.compose.runtime.Composer, int, int) took 127.437ms (9487.03 bytecodes/s) (25008B approximate peak alloc)
2025-08-04 15:49:23.254 19599-19599 AppCompatDelegate com.example.quickcompose D Checking for metadata for AppLocalesMetadataHolderService : Service not found
2025-08-04 15:49:23.322 19599-19599 DecorView com.example.quickcompose I setWindowBackground: isPopOver=false color=fffafafa d=android.graphics.drawable.ColorDrawable@542b4c0
2025-08-04 15:49:23.342 19599-19599 le.quickcompose com.example.quickcompose W Accessing hidden method Landroid/view/ViewGroup;->makeOptionalFitsSystemWindows()V (unsupported, reflection, allowed)
2025-08-04 15:49:26.941 19599-19599 le.quickcompose com.example.quickcompose E No implementation found for boolean org.qtproject.qt.android.QtNative.updateNativeActivity() (tried Java_org_qtproject_qt_android_QtNative_updateNativeActivity and Java_org_qtproject_qt_android_QtNative_updateNativeActivity__) - is the library loaded, e.g. System.loadLibrary?
2025-08-04 15:49:29.149 19599-19599 ziparchive com.example.quickcompose W Unable to open '/data/data/com.example.quickcompose/code_cache/.overlay/base.apk/classes5.dm': No such file or directory
2025-08-04 15:49:29.150 19599-19599 ziparchive com.example.quickcompose W Unable to open '/data/app/~~tq_PCI9suGKKGDmn8zWUUQ==/com.example.quickcompose-hpKM7as11zmFdVovJfnl3Q==/base.dm': No such file or directory
2025-08-04 15:49:29.150 19599-19599 ziparchive com.example.quickcompose W Unable to open '/data/app/~~tq_PCI9suGKKGDmn8zWUUQ==/com.example.quickcompose-hpKM7as11zmFdVovJfnl3Q==/base.dm': No such file or directory
2025-08-04 15:49:29.262 19599-19599 QtLoader com.example.quickcompose I Sleeping for 3000ms, helping the native debugger to settle. Use the env QT_ANDROID_DEBUGGER_MAIN_THREAD_SLEEP_MS variable to change this value.
2025-08-04 15:49:29.278 19599-19605 le.quickcompose com.example.quickcompose I Compiler allocated 4353KB to compile void android.widget.TextView.(android.content.Context, android.util.AttributeSet, int, int)
2025-08-04 15:49:32.495 19599-19772 nativeloader com.example.quickcompose D Load /data/app/~~tq_PCI9suGKKGDmn8zWUUQ==/com.example.quickcompose-hpKM7as11zmFdVovJfnl3Q==/lib/arm64/libc++_shared.so using ns clns-7 from class loader (caller=/data/app/~~tq_PCI9suGKKGDmn8zWUUQ==/com.example.quickcompose-hpKM7as11zmFdVovJfnl3Q==/base.apk!classes8.dex): ok
2025-08-04 15:49:32.877 19599-19772 nativeloader com.example.quickcompose D Load /data/app/~~tq_PCI9suGKKGDmn8zWUUQ==/com.example.quickcompose-hpKM7as11zmFdVovJfnl3Q==/lib/arm64/libQt6Core_arm64-v8a.so using ns clns-7 from class loader (caller=/data/app/~~tq_PCI9suGKKGDmn8zWUUQ==/com.example.quickcompose-hpKM7as11zmFdVovJfnl3Q==/base.apk!classes8.dex): ok
2025-08-04 15:49:32.877 19599-19772 QtCore com.example.quickcompose I Start
2025-08-04 15:49:33.303 19599-19772 nativeloader com.example.quickcompose D Load /data/app/~~tq_PCI9suGKKGDmn8zWUUQ==/com.example.quickcompose-hpKM7as11zmFdVovJfnl3Q==/lib/arm64/libQt6Gui_arm64-v8a.so using ns clns-7 from class loader (caller=/data/app/~~tq_PCI9suGKKGDmn8zWUUQ==/com.example.quickcompose-hpKM7as11zmFdVovJfnl3Q==/base.apk!classes8.dex): ok
2025-08-04 15:49:33.550 19599-19772 nativeloader com.example.quickcompose D Load /data/app/~~tq_PCI9suGKKGDmn8zWUUQ==/com.example.quickcompose-hpKM7as11zmFdVovJfnl3Q==/lib/arm64/libQt6Network_arm64-v8a.so using ns clns-7 from class loader (caller=/data/app/~~tq_PCI9suGKKGDmn8zWUUQ==/com.example.quickcompose-hpKM7as11zmFdVovJfnl3Q==/base.apk!classes8.dex): ok
2025-08-04 15:49:33.740 19599-19772 nativeloader com.example.quickcompose D Load /data/app/~~tq_PCI9suGKKGDmn8zWUUQ==/com.example.quickcompose-hpKM7as11zmFdVovJfnl3Q==/lib/arm64/libQt6OpenGL_arm64-v8a.so using ns clns-7 from class loader (caller=/data/app/~~tq_PCI9suGKKGDmn8zWUUQ==/com.example.quickcompose-hpKM7as11zmFdVovJfnl3Q==/base.apk!classes8.dex): ok
2025-08-04 15:49:34.113 19599-19772 nativeloader com.example.quickcompose D Load /data/app/~~tq_PCI9suGKKGDmn8zWUUQ==/com.example.quickcompose-hpKM7as11zmFdVovJfnl3Q==/lib/arm64/libQt6Qml_arm64-v8a.so using ns clns-7 from class loader (caller=/data/app/~~tq_PCI9suGKKGDmn8zWUUQ==/com.example.quickcompose-hpKM7as11zmFdVovJfnl3Q==/base.apk!classes8.dex): ok
2025-08-04 15:49:34.317 19599-19772 nativeloader com.example.quickcompose D Load /data/app/~~tq_PCI9suGKKGDmn8zWUUQ==/com.example.quickcompose-hpKM7as11zmFdVovJfnl3Q==/lib/arm64/libQt6QmlModels_arm64-v8a.so using ns clns-7 from class loader (caller=/data/app/~~tq_PCI9suGKKGDmn8zWUUQ==/com.example.quickcompose-hpKM7as11zmFdVovJfnl3Q==/base.apk!classes8.dex): ok
2025-08-04 15:49:34.507 19599-19772 nativeloader com.example.quickcompose D Load /data/app/~~tq_PCI9suGKKGDmn8zWUUQ==/com.example.quickcompose-hpKM7as11zmFdVovJfnl3Q==/lib/arm64/libQt6QmlWorkerScript_arm64-v8a.so using ns clns-7 from class loader (caller=/data/app/~~tq_PCI9suGKKGDmn8zWUUQ==/com.example.quickcompose-hpKM7as11zmFdVovJfnl3Q==/base.apk!classes8.dex): ok
2025-08-04 15:49:34.703 19599-19772 nativeloader com.example.quickcompose D Load /data/app/~~tq_PCI9suGKKGDmn8zWUUQ==/com.example.quickcompose-hpKM7as11zmFdVovJfnl3Q==/lib/arm64/libQt6QmlMeta_arm64-v8a.so using ns clns-7 from class loader (caller=/data/app/~~tq_PCI9suGKKGDmn8zWUUQ==/com.example.quickcompose-hpKM7as11zmFdVovJfnl3Q==/base.apk!classes8.dex): ok
2025-08-04 15:49:35.149 19599-19772 nativeloader com.example.quickcompose D Load /data/app/~~tq_PCI9suGKKGDmn8zWUUQ==/com.example.quickcompose-hpKM7as11zmFdVovJfnl3Q==/lib/arm64/libQt6Quick_arm64-v8a.so using ns clns-7 from class loader (caller=/data/app/~~tq_PCI9suGKKGDmn8zWUUQ==/com.example.quickcompose-hpKM7as11zmFdVovJfnl3Q==/base.apk!classes8.dex): ok
2025-08-04 15:49:35.270 19599-19772 nativeloader com.example.quickcompose D Load /data/app/~~tq_PCI9suGKKGDmn8zWUUQ==/com.example.quickcompose-hpKM7as11zmFdVovJfnl3Q==/lib/arm64/libQt6Quick3DUtils_arm64-v8a.so using ns clns-7 from class loader (caller=/data/app/~~tq_PCI9suGKKGDmn8zWUUQ==/com.example.quickcompose-hpKM7as11zmFdVovJfnl3Q==/base.apk!classes8.dex): ok
2025-08-04 15:49:35.563 19599-19772 nativeloader com.example.quickcompose D Load /data/app/~~tq_PCI9suGKKGDmn8zWUUQ==/com.example.quickcompose-hpKM7as11zmFdVovJfnl3Q==/lib/arm64/libQt6ShaderTools_arm64-v8a.so using ns clns-7 from class loader (caller=/data/app/~~tq_PCI9suGKKGDmn8zWUUQ==/com.example.quickcompose-hpKM7as11zmFdVovJfnl3Q==/base.apk!classes8.dex): ok
2025-08-04 15:49:35.768 19599-19772 nativeloader com.example.quickcompose D Load /data/app/~~tq_PCI9suGKKGDmn8zWUUQ==/com.example.quickcompose-hpKM7as11zmFdVovJfnl3Q==/lib/arm64/libQt6Quick3DRuntimeRender_arm64-v8a.so using ns clns-7 from class loader (caller=/data/app/~~tq_PCI9suGKKGDmn8zWUUQ==/com.example.quickcompose-hpKM7as11zmFdVovJfnl3Q==/base.apk!classes8.dex): ok
2025-08-04 15:49:36.017 19599-19772 nativeloader com.example.quickcompose D Load /data/app/~~tq_PCI9suGKKGDmn8zWUUQ==/com.example.quickcompose-hpKM7as11zmFdVovJfnl3Q==/lib/arm64/libQt6Quick3D_arm64-v8a.so using ns clns-7 from class loader (caller=/data/app/~~tq_PCI9suGKKGDmn8zWUUQ==/com.example.quickcompose-hpKM7as11zmFdVovJfnl3Q==/base.apk!classes8.dex): ok
2025-08-04 15:49:36.193 19599-19772 nativeloader com.example.quickcompose D Load /data/app/~~tq_PCI9suGKKGDmn8zWUUQ==/com.example.quickcompose-hpKM7as11zmFdVovJfnl3Q==/lib/arm64/libQt6Concurrent_arm64-v8a.so using ns clns-7 from class loader (caller=/data/app/~~tq_PCI9suGKKGDmn8zWUUQ==/com.example.quickcompose-hpKM7as11zmFdVovJfnl3Q==/base.apk!classes8.dex): ok
2025-08-04 15:49:36.384 19599-19772 nativeloader com.example.quickcompose D Load /data/app/~~tq_PCI9suGKKGDmn8zWUUQ==/com.example.quickcompose-hpKM7as11zmFdVovJfnl3Q==/lib/arm64/libQt6Quick3DHelpers_arm64-v8a.so using ns clns-7 from class loader (caller=/data/app/~~tq_PCI9suGKKGDmn8zWUUQ==/com.example.quickcompose-hpKM7as11zmFdVovJfnl3Q==/base.apk!classes8.dex): ok
2025-08-04 15:49:36.567 19599-19772 nativeloader com.example.quickcompose D Load /data/app/~~tq_PCI9suGKKGDmn8zWUUQ==/com.example.quickcompose-hpKM7as11zmFdVovJfnl3Q==/lib/arm64/libQt6Quick3DHelpersImpl_arm64-v8a.so using ns clns-7 from class loader (caller=/data/app/~~tq_PCI9suGKKGDmn8zWUUQ==/com.example.quickcompose-hpKM7as11zmFdVovJfnl3Q==/base.apk!classes8.dex): ok
2025-08-04 15:49:36.823 19599-19772 nativeloader com.example.quickcompose D Load /data/app/~~tq_PCI9suGKKGDmn8zWUUQ==/com.example.quickcompose-hpKM7as11zmFdVovJfnl3Q==/lib/arm64/libQt6QuickTemplates2_arm64-v8a.so using ns clns-7 from class loader (caller=/data/app/~~tq_PCI9suGKKGDmn8zWUUQ==/com.example.quickcompose-hpKM7as11zmFdVovJfnl3Q==/base.apk!classes8.dex): ok
2025-08-04 15:49:36.995 19599-19772 nativeloader com.example.quickcompose D Load /data/app/~~tq_PCI9suGKKGDmn8zWUUQ==/com.example.quickcompose-hpKM7as11zmFdVovJfnl3Q==/lib/arm64/libQt6QuickControls2Impl_arm64-v8a.so using ns clns-7 from class loader (caller=/data/app/~~tq_PCI9suGKKGDmn8zWUUQ==/com.example.quickcompose-hpKM7as11zmFdVovJfnl3Q==/base.apk!classes8.dex): ok
2025-08-04 15:49:37.181 19599-19772 nativeloader com.example.quickcompose D Load /data/app/~~tq_PCI9suGKKGDmn8zWUUQ==/com.example.quickcompose-hpKM7as11zmFdVovJfnl3Q==/lib/arm64/libQt6QuickControls2_arm64-v8a.so using ns clns-7 from class loader (caller=/data/app/~~tq_PCI9suGKKGDmn8zWUUQ==/com.example.quickcompose-hpKM7as11zmFdVovJfnl3Q==/base.apk!classes8.dex): ok
2025-08-04 15:49:37.363 19599-19772 nativeloader com.example.quickcompose D Load /data/app/~~tq_PCI9suGKKGDmn8zWUUQ==/com.example.quickcompose-hpKM7as11zmFdVovJfnl3Q==/lib/arm64/libQt6QuickLayouts_arm64-v8a.so using ns clns-7 from class loader (caller=/data/app/~~tq_PCI9suGKKGDmn8zWUUQ==/com.example.quickcompose-hpKM7as11zmFdVovJfnl3Q==/base.apk!classes8.dex): ok
2025-08-04 15:49:37.529 19599-19772 nativeloader com.example.quickcompose D Load /data/app/~~tq_PCI9suGKKGDmn8zWUUQ==/com.example.quickcompose-hpKM7as11zmFdVovJfnl3Q==/lib/arm64/libQt6QuickControls2FusionStyleImpl_arm64-v8a.so using ns clns-7 from class loader (caller=/data/app/~~tq_PCI9suGKKGDmn8zWUUQ==/com.example.quickcompose-hpKM7as11zmFdVovJfnl3Q==/base.apk!classes8.dex): ok
2025-08-04 15:49:37.724 19599-19772 nativeloader com.example.quickcompose D Load /data/app/~~tq_PCI9suGKKGDmn8zWUUQ==/com.example.quickcompose-hpKM7as11zmFdVovJfnl3Q==/lib/arm64/libQt6QuickControls2Fusion_arm64-v8a.so using ns clns-7 from class loader (caller=/data/app/~~tq_PCI9suGKKGDmn8zWUUQ==/com.example.quickcompose-hpKM7as11zmFdVovJfnl3Q==/base.apk!classes8.dex): ok
2025-08-04 15:49:37.891 19599-19772 nativeloader com.example.quickcompose D Load /data/app/~~tq_PCI9suGKKGDmn8zWUUQ==/com.example.quickcompose-hpKM7as11zmFdVovJfnl3Q==/lib/arm64/libQt6QuickControls2MaterialStyleImpl_arm64-v8a.so using ns clns-7 from class loader (caller=/data/app/~~tq_PCI9suGKKGDmn8zWUUQ==/com.example.quickcompose-hpKM7as11zmFdVovJfnl3Q==/base.apk!classes8.dex): ok
2025-08-04 15:49:38.129 19599-19772 nativeloader com.example.quickcompose D Load /data/app/~~tq_PCI9suGKKGDmn8zWUUQ==/com.example.quickcompose-hpKM7as11zmFdVovJfnl3Q==/lib/arm64/libQt6QuickControls2Material_arm64-v8a.so using ns clns-7 from class loader (caller=/data/app/~~tq_PCI9suGKKGDmn8zWUUQ==/com.example.quickcompose-hpKM7as11zmFdVovJfnl3Q==/base.apk!classes8.dex): ok
2025-08-04 15:49:38.307 19599-19772 nativeloader com.example.quickcompose D Load /data/app/~~tq_PCI9suGKKGDmn8zWUUQ==/com.example.quickcompose-hpKM7as11zmFdVovJfnl3Q==/lib/arm64/libQt6QuickControls2ImagineStyleImpl_arm64-v8a.so using ns clns-7 from class loader (caller=/data/app/~~tq_PCI9suGKKGDmn8zWUUQ==/com.example.quickcompose-hpKM7as11zmFdVovJfnl3Q==/base.apk!classes8.dex): ok
2025-08-04 15:49:38.550 19599-19772 nativeloader com.example.quickcompose D Load /data/app/~~tq_PCI9suGKKGDmn8zWUUQ==/com.example.quickcompose-hpKM7as11zmFdVovJfnl3Q==/lib/arm64/libQt6QuickControls2Imagine_arm64-v8a.so using ns clns-7 from class loader (caller=/data/app/~~tq_PCI9suGKKGDmn8zWUUQ==/com.example.quickcompose-hpKM7as11zmFdVovJfnl3Q==/base.apk!classes8.dex): ok
2025-08-04 15:49:38.750 19599-19772 nativeloader com.example.quickcompose D Load /data/app/~~tq_PCI9suGKKGDmn8zWUUQ==/com.example.quickcompose-hpKM7as11zmFdVovJfnl3Q==/lib/arm64/libQt6QuickControls2UniversalStyleImpl_arm64-v8a.so using ns clns-7 from class loader (caller=/data/app/~~tq_PCI9suGKKGDmn8zWUUQ==/com.example.quickcompose-hpKM7as11zmFdVovJfnl3Q==/base.apk!classes8.dex): ok
2025-08-04 15:49:38.982 19599-19772 nativeloader com.example.quickcompose D Load /data/app/~~tq_PCI9suGKKGDmn8zWUUQ==/com.example.quickcompose-hpKM7as11zmFdVovJfnl3Q==/lib/arm64/libQt6QuickControls2Universal_arm64-v8a.so using ns clns-7 from class loader (caller=/data/app/~~tq_PCI9suGKKGDmn8zWUUQ==/com.example.quickcompose-hpKM7as11zmFdVovJfnl3Q==/base.apk!classes8.dex): ok
2025-08-04 15:49:39.181 19599-19772 nativeloader com.example.quickcompose D Load /data/app/~~tq_PCI9suGKKGDmn8zWUUQ==/com.example.quickcompose-hpKM7as11zmFdVovJfnl3Q==/lib/arm64/libQt6QuickControls2FluentWinUI3StyleImpl_arm64-v8a.so using ns clns-7 from class loader (caller=/data/app/~~tq_PCI9suGKKGDmn8zWUUQ==/com.example.quickcompose-hpKM7as11zmFdVovJfnl3Q==/base.apk!classes8.dex): ok
2025-08-04 15:49:39.329 19599-19772 nativeloader com.example.quickcompose D Load /data/app/~~tq_PCI9suGKKGDmn8zWUUQ==/com.example.quickcompose-hpKM7as11zmFdVovJfnl3Q==/lib/arm64/libQt6QuickControls2BasicStyleImpl_arm64-v8a.so using ns clns-7 from class loader (caller=/data/app/~~tq_PCI9suGKKGDmn8zWUUQ==/com.example.quickcompose-hpKM7as11zmFdVovJfnl3Q==/base.apk!classes8.dex): ok
2025-08-04 15:49:39.532 19599-19772 nativeloader com.example.quickcompose D Load /data/app/~~tq_PCI9suGKKGDmn8zWUUQ==/com.example.quickcompose-hpKM7as11zmFdVovJfnl3Q==/lib/arm64/libQt6QuickControls2Basic_arm64-v8a.so using ns clns-7 from class loader (caller=/data/app/~~tq_PCI9suGKKGDmn8zWUUQ==/com.example.quickcompose-hpKM7as11zmFdVovJfnl3Q==/base.apk!classes8.dex): ok
2025-08-04 15:49:39.708 19599-19772 nativeloader com.example.quickcompose D Load /data/app/~~tq_PCI9suGKKGDmn8zWUUQ==/com.example.quickcompose-hpKM7as11zmFdVovJfnl3Q==/lib/arm64/libQt6QuickEffects_arm64-v8a.so using ns clns-7 from class loader (caller=/data/app/~~tq_PCI9suGKKGDmn8zWUUQ==/com.example.quickcompose-hpKM7as11zmFdVovJfnl3Q==/base.apk!classes8.dex): ok
2025-08-04 15:49:39.906 19599-19772 nativeloader com.example.quickcompose D Load /data/app/~~tq_PCI9suGKKGDmn8zWUUQ==/com.example.quickcompose-hpKM7as11zmFdVovJfnl3Q==/lib/arm64/libQt6QuickShapes_arm64-v8a.so using ns clns-7 from class loader (caller=/data/app/~~tq_PCI9suGKKGDmn8zWUUQ==/com.example.quickcompose-hpKM7as11zmFdVovJfnl3Q==/base.apk!classes8.dex): ok
2025-08-04 15:49:40.083 19599-19772 nativeloader com.example.quickcompose D Load /data/app/~~tq_PCI9suGKKGDmn8zWUUQ==/com.example.quickcompose-hpKM7as11zmFdVovJfnl3Q==/lib/arm64/libQt6LabsQmlModels_arm64-v8a.so using ns clns-7 from class loader (caller=/data/app/~~tq_PCI9suGKKGDmn8zWUUQ==/com.example.quickcompose-hpKM7as11zmFdVovJfnl3Q==/base.apk!classes8.dex): ok
2025-08-04 15:49:40.279 19599-19772 nativeloader com.example.quickcompose D Load /data/app/~~tq_PCI9suGKKGDmn8zWUUQ==/com.example.quickcompose-hpKM7as11zmFdVovJfnl3Q==/lib/arm64/libplugins_platforms_qtforandroid_arm64-v8a.so using ns clns-7 from class loader (caller=/data/app/~~tq_PCI9suGKKGDmn8zWUUQ==/com.example.quickcompose-hpKM7as11zmFdVovJfnl3Q==/base.apk!classes8.dex): ok
2025-08-04 15:49:40.283 19599-19772 Qt com.example.quickcompose I qt started
2025-08-04 15:49:40.465 19599-19772 nativeloader com.example.quickcompose D Load /data/app/~~tq_PCI9suGKKGDmn8zWUUQ==/com.example.quickcompose-hpKM7as11zmFdVovJfnl3Q==/lib/arm64/libqt_arm64-v8a.so using ns clns-7 from class loader (caller=/data/app/~~tq_PCI9suGKKGDmn8zWUUQ==/com.example.quickcompose-hpKM7as11zmFdVovJfnl3Q==/base.apk!classes8.dex): ok
2025-08-04 15:49:40.526 19599-19599 ViewRootImpl com.example.quickcompose I dVRR is disabled
2025-08-04 15:49:40.527 19599-19599 HardwareRenderer com.example.quickcompose D onDisplayChanged. displayId=0 current wxh=1080x2340 mLargest wxh=0x0
2025-08-04 15:49:40.527 19599-19599 HardwareRenderer com.example.quickcompose D Set largestWidth and largestHeight as logical resolution. (1080x2340)
2025-08-04 15:49:40.527 19599-19763 HWUI com.example.quickcompose D setMaxSurfaceArea requested wxh=(1080,2340) requestedSurfaceArea(2527200) mMaxSurfaceArea(2073600)
2025-08-04 15:49:40.527 19599-19763 NativeCust...ncyManager com.example.quickcompose D [NativeCFMS] BpCustomFrequencyManager::BpCustomFrequencyManager()
2025-08-04 15:49:40.538 19599-19599 InputTransport com.example.quickcompose D Input channel constructed: 'bd01386', fd=128
2025-08-04 15:49:40.540 19599-19599 InsetsController com.example.quickcompose I onStateChanged: host=com.example.quickcompose/com.example.quickcompose.activities.MainActivity, from=android.view.ViewRootImpl.setView:1999, state=InsetsState: {mDisplayFrame=Rect(0, 0 - 1080, 2340), mDisplayCutout=DisplayCutout{insets=Rect(0, 99 - 0, 0) waterfall=Insets{left=0, top=0, right=0, bottom=0} boundingRect={Bounds=[Rect(0, 0 - 0, 0), Rect(505, 0 - 575, 99), Rect(0, 0 - 0, 0), Rect(0, 0 - 0, 0)]} cutoutPathParserInfo={CutoutPathParserInfo{displayWidth=1080 displayHeight=2340 physicalDisplayWidth=1080 physicalDisplayHeight=2340 density={3.0} cutoutSpec={M 0,0 M 0,29 a 35,35 0 1,0 0,70 a 35,35 0 1,0 0,-70 Z} rotation={0} scale={1.0} physicalPixelDisplaySizeRatio={1.0}}} sideOverrides={}}, mRoundedCorners=RoundedCorners{[RoundedCorner{position=TopLeft, radius=101, center=Point(101, 101)}, RoundedCorner{position=TopRight, radius=101, center=Point(979, 101)}, RoundedCorner{position=BottomRight, radius=101, center=Point(979, 2239)}, RoundedCorner{position=BottomLeft, radius=101, center=Point(101, 2239)}]} mRoundedCornerFrame=Rect(0, 0 - 1080, 2340), mPrivacyIndicatorBounds=PrivacyIndicatorBounds {static bounds=Rect(956, 0 - 1080, 99) rotation=0}, mDisplayShape=DisplayShape{ spec=-311912193 displayWidth=1080 displayHeight=2340 physicalPixelDisplaySizeRatio=1.0 rotation=0 offsetX=0 offsetY=0 scale=1.0}, mSources= { InsetsSource: {27 mType=displayCutout mFrame=[0,0][1080,99] mVisible=true mFlags= mSideHint=TOP mBoundingRects=null}, InsetsSource: {5c1f0000 mType=statusBars mFrame=[0,0][1080,99] mVisible=true mFlags= mSideHint=TOP mBoundingRects=null}, InsetsSource: {5c1f0005 mType=mandatorySystemGestures mFrame=[0,0][1080,133] mVisible=true mFlags= mSideHint=TOP mBoundingRects=null}, InsetsSource: {5c1f0006 mType=tappableElement mFrame=[0,0][1080,99] mVisible=true mFlags= mSideHint=TOP mBoundingRects=null}, InsetsSource: {6a680001 mType=navigationBars mFrame=[0,2205][1080,2340] mVisible=true mFlags= mSideHint=BOTTOM mBoundingRects=null}, InsetsSource: {6a680004 mType=systemGestures mFrame=[0,0][0,0] mVisible=true mFlags= mSideHint=NONE mBoundingRects=null}, InsetsSource: {6a680005 mType=mandatorySystemGestures mFrame=[0,2205][1080,2340] mVisible=true mFlags= mSideHint=BOTTOM mBoundingRects=null}, InsetsSource: {6a680006 mType=tappableElement mFrame=[0,2205][1080,2340] mVisible=true mFlags= mSideHint=BOTTOM mBoundingRects=null}, InsetsSource: {6a680024 mType=systemGestures mFrame=[0,0][0,0] mVisible=true mFlags= mSideHint=NONE mBoundingRects=null} }
2025-08-04 15:49:40.541 19599-19599 VRI[MainAc...y]@84ff46f com.example.quickcompose I synced displayState. AttachInfo displayState=2
2025-08-04 15:49:40.541 19599-19599 VRI[MainAc...y]@84ff46f com.example.quickcompose I setView = com.android.internal.policy.DecorView@a91688b IsHRR=false TM=true
2025-08-04 15:49:40.542 19599-19599 IDS_TAG com.example.quickcompose I Starting IDS observe window
2025-08-04 15:49:40.542 19599-19599 IDS_TAG com.example.quickcompose I Getting Shared Preference for android.app.Application@3d41571 uid = 10485
2025-08-04 15:49:40.551 19599-19599 IDS_TAG com.example.quickcompose I App android.app.Application@3d41571 being boosted by IDS
2025-08-04 15:49:40.552 19599-19599 IDS_TAG com.example.quickcompose I Closing IDS observe window
2025-08-04 15:49:40.552 19599-19599 IDS_TAG com.example.quickcompose I Getting Shared Preference for android.app.Application@3d41571 uid = 10485
2025-08-04 15:49:40.643 19599-19605 le.quickcompose com.example.quickcompose I Compiler allocated 7599KB to compile void android.view.ViewRootImpl.performTraversals()
2025-08-04 15:49:41.318 19599-19599 le.quickcompose com.example.quickcompose W Verification of void com.example.quickcompose.activities.ComposableSingletons$MainActivityKt.() took 325.136ms (587.45 bytecodes/s) (4560B approximate peak alloc)
2025-08-04 15:49:41.456 19599-19599 le.quickcompose com.example.quickcompose E Unable to open libpenguin.so: dlopen failed: library "libpenguin.so" not found.
2025-08-04 15:49:41.457 19599-19599 BufferQueueProducer com.example.quickcompose I [](id:4c8f00000000,api:0,p:-650975875,c:19599) setDequeueTimeout:2077252342
2025-08-04 15:49:41.457 19599-19599 BLASTBufferQueue_Java com.example.quickcompose I new BLASTBufferQueue, mName= VRI[MainActivity]@84ff46f mNativeObject= 0xb400007c19217c70 sc.mNativeObject= 0xb400007b29203c90 caller= android.view.ViewRootImpl.updateBlastSurfaceIfNeeded:3397 android.view.ViewRootImpl.relayoutWindow:11361 android.view.ViewRootImpl.performTraversals:4544 android.view.ViewRootImpl.doTraversal:3708 android.view.ViewRootImpl$TraversalRunnable.run:12542 android.view.Choreographer$CallbackRecord.run:1751 android.view.Choreographer$CallbackRecord.run:1760 android.view.Choreographer.doCallbacks:1216 android.view.Choreographer.doFrame:1142 android.view.Choreographer$FrameDisplayEventReceiver.run:1707
2025-08-04 15:49:41.457 19599-19599 BLASTBufferQueue_Java com.example.quickcompose I update, w= 1080 h= 2340 mName = VRI[MainActivity]@84ff46f mNativeObject= 0xb400007c19217c70 sc.mNativeObject= 0xb400007b29203c90 format= -1 caller= android.graphics.BLASTBufferQueue.:88 android.view.ViewRootImpl.updateBlastSurfaceIfNeeded:3397 android.view.ViewRootImpl.relayoutWindow:11361 android.view.ViewRootImpl.performTraversals:4544 android.view.ViewRootImpl.doTraversal:3708 android.view.ViewRootImpl$TraversalRunnable.run:12542
2025-08-04 15:49:41.458 19599-19599 libc com.example.quickcompose W Access denied finding property "vendor.display.enable_optimal_refresh_rate"
2025-08-04 15:49:41.458 19599-19599 libc com.example.quickcompose W Access denied finding property "vendor.gpp.create_frc_extension"
2025-08-04 15:49:41.459 19599-19599 VRI[MainAc...y]@84ff46f com.example.quickcompose I Relayout returned: old=(0,0,1080,2340) new=(0,0,1080,2340) relayoutAsync=false req=(1080,2340)0 dur=10 res=0x3 s={true 0xb400007ad9226950} ch=true seqId=0
2025-08-04 15:49:41.461 19599-19599 VRI[MainAc...y]@84ff46f com.example.quickcompose I performConfigurationChange setNightDimText nightDimLevel=0
2025-08-04 15:49:41.461 19599-19599 VRI[MainAc...y]@84ff46f com.example.quickcompose D mThreadedRenderer.initialize() mSurface={isValid=true 0xb400007ad9226950} hwInitialized=true
2025-08-04 15:49:41.485 19599-19599 VRI[MainAc...y]@84ff46f com.example.quickcompose D reportNextDraw android.view.ViewRootImpl.performTraversals:5193 android.view.ViewRootImpl.doTraversal:3708 android.view.ViewRootImpl$TraversalRunnable.run:12542 android.view.Choreographer$CallbackRecord.run:1751 android.view.Choreographer$CallbackRecord.run:1760
2025-08-04 15:49:41.486 19599-19599 VRI[MainAc...y]@84ff46f com.example.quickcompose D Setup new sync=wmsSync-VRI[MainActivity]@84ff46f#0
2025-08-04 15:49:41.486 19599-19599 VRI[MainAc...y]@84ff46f com.example.quickcompose I Creating new active sync group VRI[MainActivity]@84ff46f#1
2025-08-04 15:49:41.488 19599-19599 VRI[MainAc...y]@84ff46f com.example.quickcompose D registerCallbacksForSync syncBuffer=false
2025-08-04 15:49:41.506 19599-19812 VRI[MainAc...y]@84ff46f com.example.quickcompose D Received frameDrawingCallback syncResult=0 frameNum=1.
2025-08-04 15:49:41.506 19599-19812 VRI[MainAc...y]@84ff46f com.example.quickcompose I mWNT: t=0xb400007c292394d0 mBlastBufferQueue=0xb400007c19217c70 fn= 1 HdrRenderState mRenderHdrSdrRatio=1.0 caller= android.view.ViewRootImpl$11.onFrameDraw:15016 android.view.ThreadedRenderer$1.onFrameDraw:761
2025-08-04 15:49:41.507 19599-19812 VRI[MainAc...y]@84ff46f com.example.quickcompose I Setting up sync and frameCommitCallback
2025-08-04 15:49:41.517 19599-19763 BLASTBufferQueue com.example.quickcompose I [VRI[MainActivity]@84ff46f#0](f:0,a:0,s:0) onFrameAvailable the first frame is available
2025-08-04 15:49:41.517 19599-19763 SurfaceComposerClient com.example.quickcompose I apply transaction with the first frame. layerId: 1099976, bufferData(ID: 84177064034307, frameNumber: 1)
2025-08-04 15:49:41.518 19599-19763 VRI[MainAc...y]@84ff46f com.example.quickcompose I Received frameCommittedCallback lastAttemptedDrawFrameNum=1 didProduceBuffer=true
2025-08-04 15:49:41.518 19599-19763 HWUI com.example.quickcompose D CFMS:: SetUp Pid : 19599 Tid : 19763
2025-08-04 15:49:41.519 19599-19599 VRI[MainAc...y]@84ff46f com.example.quickcompose D reportDrawFinished seqId=0
2025-08-04 15:49:41.523 19599-19763 HWUI com.example.quickcompose D HWUI - treat SMPTE_170M as sRGB
2025-08-04 15:49:41.523 19599-19599 Choreographer com.example.quickcompose I Skipped 107 frames! The application may be doing too much work on its main thread.
2025-08-04 15:49:41.524 19599-19772 default com.example.quickcompose W No interface with className org/qtproject/qt/android/QtAccessibilityInterface has been registered.
2025-08-04 15:49:41.534 19599-19799 HWUI com.example.quickcompose I Davey! duration=977ms; Flags=1, FrameTimelineVsyncId=1107505432, IntendedVsync=2329645803526638, Vsync=2329645811859971, InputEventId=0, HandleInputStart=2329645816687454, AnimationStart=2329645816689537, PerformTraversalsStart=2329645816690527, DrawStart=2329646753207453, FrameDeadline=2329645811859971, FrameInterval=2329645816679068, FrameStartTime=8333333, SyncQueued=2329646765108912, SyncStart=2329646765222089, IssueDrawCommandsStart=2329646766879068, SwapBuffers=2329646777050057, FrameCompleted=2329646781564693, DequeueBufferDuration=13542, QueueBufferDuration=392864, GpuCompleted=2329646781485630, SwapBuffersCompleted=2329646781564693, DisplayPresentTime=0, CommandSubmissionCompleted=2329646777050057,
2025-08-04 15:49:41.540 19599-19813 ProfileInstaller com.example.quickcompose D Installing profile for com.example.quickcompose
2025-08-04 15:49:51.086 19599-19599 InsetsSourceConsumer com.example.quickcompose I applyRequestedVisibilityToControl: visible=true, type=navigationBars, host=com.example.quickcompose/com.example.quickcompose.activities.MainActivity
2025-08-04 15:49:51.089 19599-19599 InsetsSourceConsumer com.example.quickcompose I applyRequestedVisibilityToControl: visible=true, type=statusBars, host=com.example.quickcompose/com.example.quickcompose.activities.MainActivity
2025-08-04 15:49:51.099 19599-19599 VRI[MainAc...y]@84ff46f com.example.quickcompose D mThreadedRenderer.initializeIfNeeded()#2 mSurface={isValid=true 0xb400007ad9226950}
2025-08-04 15:49:51.101 19599-19599 InputMethodManagerUtils com.example.quickcompose D startInputInner - Id : 0
2025-08-04 15:49:51.101 19599-19599 InputMethodManager com.example.quickcompose I startInputInner - IInputMethodManagerGlobalInvoker.startInputOrWindowGainedFocus
2025-08-04 15:49:51.104 19599-19599 Choreographer com.example.quickcompose I Skipped 1143 frames! The application may be doing too much work on its main thread.
2025-08-04 15:49:51.115 19599-19803 InputTransport com.example.quickcompose D Input channel constructed: 'ClientS', fd=154
2025-08-04 15:49:51.125 19599-19599 InsetsController com.example.quickcompose I onStateChanged: host=com.example.quickcompose/com.example.quickcompose.activities.MainActivity, from=android.view.ViewRootImpl.handleInsetsControlChanged:2888, state=InsetsState: {mDisplayFrame=Rect(0, 0 - 1080, 2340), mDisplayCutout=DisplayCutout{insets=Rect(0, 99 - 0, 0) waterfall=Insets{left=0, top=0, right=0, bottom=0} boundingRect={Bounds=[Rect(0, 0 - 0, 0), Rect(505, 0 - 575, 99), Rect(0, 0 - 0, 0), Rect(0, 0 - 0, 0)]} cutoutPathParserInfo={CutoutPathParserInfo{displayWidth=1080 displayHeight=2340 physicalDisplayWidth=1080 physicalDisplayHeight=2340 density={3.0} cutoutSpec={M 0,0 M 0,29 a 35,35 0 1,0 0,70 a 35,35 0 1,0 0,-70 Z} rotation={0} scale={1.0} physicalPixelDisplaySizeRatio={1.0}}} sideOverrides={}}, mRoundedCorners=RoundedCorners{[RoundedCorner{position=TopLeft, radius=101, center=Point(101, 101)}, RoundedCorner{position=TopRight, radius=101, center=Point(979, 101)}, RoundedCorner{position=BottomRight, radius=101, center=Point(979, 2239)}, RoundedCorner{position=BottomLeft, radius=101, center=Point(101, 2239)}]} mRoundedCornerFrame=Rect(0, 0 - 1080, 2340), mPrivacyIndicatorBounds=PrivacyIndicatorBounds {static bounds=Rect(956, 0 - 1080, 99) rotation=0}, mDisplayShape=DisplayShape{ spec=-311912193 displayWidth=1080 displayHeight=2340 physicalPixelDisplaySizeRatio=1.0 rotation=0 offsetX=0 offsetY=0 scale=1.0}, mSources= { InsetsSource: {3 mType=ime mFrame=[0,0][0,0] mVisible=false mFlags= mSideHint=NONE mBoundingRects=null}, InsetsSource: {27 mType=displayCutout mFrame=[0,0][1080,99] mVisible=true mFlags= mSideHint=TOP mBoundingRects=null}, InsetsSource: {5c1f0000 mType=statusBars mFrame=[0,0][1080,99] mVisible=true mFlags= mSideHint=TOP mBoundingRects=null}, InsetsSource: {5c1f0005 mType=mandatorySystemGestures mFrame=[0,0][1080,133] mVisible=true mFlags= mSideHint=TOP mBoundingRects=null}, InsetsSource: {5c1f0006 mType=tappableElement mFrame=[0,0][1080,99] mVisible=true mFlags= mSideHint=TOP mBoundingRects=null}, InsetsSource: {6a680001 mType=navigationBars mFrame=[0,2205][1080,2340] mVisible=true mFlags= mSideHint=BOTTOM mBoundingRects=null}, InsetsSource: {6a680004 mType=systemGestures mFrame=[0,0][0,0] mVisible=true mFlags= mSideHint=NONE mBoundingRects=null}, InsetsSource: {6a680005 mType=mandatorySystemGestures mFrame=[0,2205][1080,2340] mVisible=true mFlags= mSideHint=BOTTOM mBoundingRects=null}, InsetsSource: {6a680006 mType=tappableElement mFrame=[0,2205][1080,2340] mVisible=true mFlags= mSideHint=BOTTOM mBoundingRects=null}, InsetsSource: {6a680024 mType=systemGestures mFrame=[0,0][0,0] mVisible=true mFlags= mSideHint=NONE mBoundingRects=null} }
2025-08-04 15:49:51.127 19599-19599 InsetsSourceConsumer com.example.quickcompose I applyRequestedVisibilityToControl: visible=false, type=ime, host=com.example.quickcompose/com.example.quickcompose.activities.MainActivity
2025-08-04 15:49:52.284 19599-19599 MainActivity com.example.quickcompose V Status of QtQuickView: READY
2025-08-04 15:49:52.292 19599-19599 libc com.example.quickcompose W Access denied finding property "vendor.display.enable_optimal_refresh_rate"
2025-08-04 15:49:52.292 19599-19599 libc com.example.quickcompose W Access denied finding property "vendor.gpp.create_frc_extension"
2025-08-04 15:49:52.300 19599-19599 libc com.example.quickcompose W Access denied finding property "vendor.display.enable_optimal_refresh_rate"
2025-08-04 15:49:52.300 19599-19599 libc com.example.quickcompose W Access denied finding property "vendor.gpp.create_frc_extension"
2025-08-04 15:50:02.171 19599-19599 VRI[MainAc...y]@84ff46f com.example.quickcompose I ViewPostIme pointer 0
2025-08-04 15:50:02.188 19599-19599 VRI[MainAc...y]@84ff46f com.example.quickcompose I call setFrameRateCategory for touch hint category=high hint, reason=touch, vri=VRI[MainActivity]@84ff46f
2025-08-04 15:50:02.223 19599-19599 VRI[MainAc...y]@84ff46f com.example.quickcompose I ViewPostIme pointer 1
2025-08-04 15:50:02.258 19599-19599 ActivityThread com.example.quickcompose D com.example.quickcompose will use render engine as VK
2025-08-04 15:50:02.329 19599-19599 DecorView com.example.quickcompose I setWindowBackground: isPopOver=false color=fffafafa d=android.graphics.drawable.ColorDrawable@4ab0ccf
2025-08-04 15:50:02.341 19599-19599 ViewRootImpl com.example.quickcompose I dVRR is disabled
2025-08-04 15:50:02.342 19599-19763 NativeCust...ncyManager com.example.quickcompose D [NativeCFMS] BpCustomFrequencyManager::BpCustomFrequencyManager()
2025-08-04 15:50:02.347 19599-19599 InputTransport com.example.quickcompose D Input channel constructed: '93c66d2', fd=158
2025-08-04 15:50:02.348 19599-19599 InsetsController com.example.quickcompose I onStateChanged: host=com.example.quickcompose/com.example.quickcompose.activities.PureComposeExample, from=android.view.ViewRootImpl.setView:1999, state=InsetsState: {mDisplayFrame=Rect(0, 0 - 1080, 2340), mDisplayCutout=DisplayCutout{insets=Rect(0, 99 - 0, 0) waterfall=Insets{left=0, top=0, right=0, bottom=0} boundingRect={Bounds=[Rect(0, 0 - 0, 0), Rect(505, 0 - 575, 99), Rect(0, 0 - 0, 0), Rect(0, 0 - 0, 0)]} cutoutPathParserInfo={CutoutPathParserInfo{displayWidth=1080 displayHeight=2340 physicalDisplayWidth=1080 physicalDisplayHeight=2340 density={3.0} cutoutSpec={M 0,0 M 0,29 a 35,35 0 1,0 0,70 a 35,35 0 1,0 0,-70 Z} rotation={0} scale={1.0} physicalPixelDisplaySizeRatio={1.0}}} sideOverrides={}}, mRoundedCorners=RoundedCorners{[RoundedCorner{position=TopLeft, radius=101, center=Point(101, 101)}, RoundedCorner{position=TopRight, radius=101, center=Point(979, 101)}, RoundedCorner{position=BottomRight, radius=101, center=Point(979, 2239)}, RoundedCorner{position=BottomLeft, radius=101, center=Point(101, 2239)}]} mRoundedCornerFrame=Rect(0, 0 - 1080, 2340), mPrivacyIndicatorBounds=PrivacyIndicatorBounds {static bounds=Rect(956, 0 - 1080, 99) rotation=0}, mDisplayShape=DisplayShape{ spec=-311912193 displayWidth=1080 displayHeight=2340 physicalPixelDisplaySizeRatio=1.0 rotation=0 offsetX=0 offsetY=0 scale=1.0}, mSources= { InsetsSource: {3 mType=ime mFrame=[0,0][0,0] mVisible=false mFlags= mSideHint=NONE mBoundingRects=null}, InsetsSource: {27 mType=displayCutout mFrame=[0,0][1080,99] mVisible=true mFlags= mSideHint=TOP mBoundingRects=null}, InsetsSource: {5c1f0000 mType=statusBars mFrame=[0,0][1080,99] mVisible=true mFlags= mSideHint=TOP mBoundingRects=null}, InsetsSource: {5c1f0005 mType=mandatorySystemGestures mFrame=[0,0][1080,133] mVisible=true mFlags= mSideHint=TOP mBoundingRects=null}, InsetsSource: {5c1f0006 mType=tappableElement mFrame=[0,0][1080,99] mVisible=true mFlags= mSideHint=TOP mBoundingRects=null}, InsetsSource: {6a680001 mType=navigationBars mFrame=[0,2205][1080,2340] mVisible=true mFlags= mSideHint=BOTTOM mBoundingRects=null}, InsetsSource: {6a680004 mType=systemGestures mFrame=[0,0][0,0] mVisible=true mFlags= mSideHint=NONE mBoundingRects=null}, InsetsSource: {6a680005 mType=mandatorySystemGestures mFrame=[0,2205][1080,2340] mVisible=true mFlags= mSideHint=BOTTOM mBoundingRects=null}, InsetsSource: {6a680006 mType=tappableElement mFrame=[0,2205][1080,2340] mVisible=true mFlags= mSideHint=BOTTOM mBoundingRects=null}, InsetsSource: {6a680024 mType=systemGestures mFrame=[0,0][0,0] mVisible=true mFlags= mSideHint=NONE mBoundingRects=null} }
2025-08-04 15:50:02.348 19599-19599 VRI[PureCo...e]@a19ec60 com.example.quickcompose I synced displayState. AttachInfo displayState=2
2025-08-04 15:50:02.348 19599-19599 VRI[PureCo...e]@a19ec60 com.example.quickcompose I setView = com.android.internal.policy.DecorView@fcec7bf IsHRR=false TM=true
2025-08-04 15:50:02.474 19599-19599 BufferQueueProducer com.example.quickcompose I [](id:4c8f00000002,api:0,p:0,c:19599) setDequeueTimeout:2077252342
2025-08-04 15:50:02.475 19599-19599 BLASTBufferQueue_Java com.example.quickcompose I new BLASTBufferQueue, mName= VRI[PureComposeExample]@a19ec60 mNativeObject= 0xb400007c1923aef0 sc.mNativeObject= 0xb400007b29214610 caller= android.view.ViewRootImpl.updateBlastSurfaceIfNeeded:3397 android.view.ViewRootImpl.relayoutWindow:11361 android.view.ViewRootImpl.performTraversals:4544 android.view.ViewRootImpl.doTraversal:3708 android.view.ViewRootImpl$TraversalRunnable.run:12542 android.view.Choreographer$CallbackRecord.run:1751 android.view.Choreographer$CallbackRecord.run:1760 android.view.Choreographer.doCallbacks:1216 android.view.Choreographer.doFrame:1142 android.view.Choreographer$FrameDisplayEventReceiver.run:1707
2025-08-04 15:50:02.475 19599-19599 BLASTBufferQueue_Java com.example.quickcompose I update, w= 1080 h= 2340 mName = VRI[PureComposeExample]@a19ec60 mNativeObject= 0xb400007c1923aef0 sc.mNativeObject= 0xb400007b29214610 format= -1 caller= android.graphics.BLASTBufferQueue.:88 android.view.ViewRootImpl.updateBlastSurfaceIfNeeded:3397 android.view.ViewRootImpl.relayoutWindow:11361 android.view.ViewRootImpl.performTraversals:4544 android.view.ViewRootImpl.doTraversal:3708 android.view.ViewRootImpl$TraversalRunnable.run:12542
2025-08-04 15:50:02.476 19599-19599 libc com.example.quickcompose W Access denied finding property "vendor.display.enable_optimal_refresh_rate"
2025-08-04 15:50:02.476 19599-19599 libc com.example.quickcompose W Access denied finding property "vendor.gpp.create_frc_extension"
2025-08-04 15:50:02.476 19599-19599 VRI[PureCo...e]@a19ec60 com.example.quickcompose I Relayout returned: old=(0,0,1080,2340) new=(0,0,1080,2340) relayoutAsync=false req=(1080,2340)0 dur=9 res=0x3 s={true 0xb400007ad9264520} ch=true seqId=0
2025-08-04 15:50:02.477 19599-19599 VRI[PureCo...e]@a19ec60 com.example.quickcompose I performConfigurationChange setNightDimText nightDimLevel=0
2025-08-04 15:50:02.478 19599-19599 VRI[PureCo...e]@a19ec60 com.example.quickcompose D mThreadedRenderer.initialize() mSurface={isValid=true 0xb400007ad9264520} hwInitialized=true
2025-08-04 15:50:02.495 19599-19599 VRI[PureCo...e]@a19ec60 com.example.quickcompose D reportNextDraw android.view.ViewRootImpl.performTraversals:5193 android.view.ViewRootImpl.doTraversal:3708 android.view.ViewRootImpl$TraversalRunnable.run:12542 android.view.Choreographer$CallbackRecord.run:1751 android.view.Choreographer$CallbackRecord.run:1760
2025-08-04 15:50:02.495 19599-19599 VRI[PureCo...e]@a19ec60 com.example.quickcompose D Setup new sync=wmsSync-VRI[PureComposeExample]@a19ec60#2
2025-08-04 15:50:02.495 19599-19599 VRI[PureCo...e]@a19ec60 com.example.quickcompose I Creating new active sync group VRI[PureComposeExample]@a19ec60#3
2025-08-04 15:50:02.496 19599-19599 VRI[PureCo...e]@a19ec60 com.example.quickcompose D registerCallbacksForSync syncBuffer=false
2025-08-04 15:50:02.507 19599-19811 VRI[PureCo...e]@a19ec60 com.example.quickcompose D Received frameDrawingCallback syncResult=0 frameNum=1.
2025-08-04 15:50:02.507 19599-19811 VRI[PureCo...e]@a19ec60 com.example.quickcompose I mWNT: t=0xb400007c29269f90 mBlastBufferQueue=0xb400007c1923aef0 fn= 1 HdrRenderState mRenderHdrSdrRatio=1.0 caller= android.view.ViewRootImpl$11.onFrameDraw:15016 android.view.ThreadedRenderer$1.onFrameDraw:761
2025-08-04 15:50:02.507 19599-19811 VRI[PureCo...e]@a19ec60 com.example.quickcompose I Setting up sync and frameCommitCallback
2025-08-04 15:50:02.510 19599-19763 BLASTBufferQueue com.example.quickcompose I [VRI[PureComposeExample]@a19ec60#1](f:0,a:0,s:0) onFrameAvailable the first frame is available
2025-08-04 15:50:02.510 19599-19763 SurfaceComposerClient com.example.quickcompose I apply transaction with the first frame. layerId: 1100028, bufferData(ID: 84177064034314, frameNumber: 1)
2025-08-04 15:50:02.510 19599-19763 VRI[PureCo...e]@a19ec60 com.example.quickcompose I Received frameCommittedCallback lastAttemptedDrawFrameNum=1 didProduceBuffer=true
2025-08-04 15:50:02.511 19599-19763 HWUI com.example.quickcompose D CFMS:: SetUp Pid : 19599 Tid : 19763
2025-08-04 15:50:02.511 19599-19599 VRI[PureCo...e]@a19ec60 com.example.quickcompose D reportDrawFinished seqId=0
2025-08-04 15:50:02.514 19599-19763 HWUI com.example.quickcompose D HWUI - treat SMPTE_170M as sRGB
2025-08-04 15:50:02.514 19599-19599 ImeFocusController com.example.quickcompose I onPreWindowFocus: skipped hasWindowFocus=false mHasImeFocus=true
2025-08-04 15:50:02.515 19599-19599 ImeFocusController com.example.quickcompose I onPostWindowFocus: skipped hasWindowFocus=false mHasImeFocus=true
2025-08-04 15:50:02.531 19599-19599 InsetsSourceConsumer com.example.quickcompose I applyRequestedVisibilityToControl: visible=true, type=navigationBars, host=com.example.quickcompose/com.example.quickcompose.activities.PureComposeExample
2025-08-04 15:50:02.532 19599-19599 InsetsSourceConsumer com.example.quickcompose I applyRequestedVisibilityToControl: visible=true, type=statusBars, host=com.example.quickcompose/com.example.quickcompose.activities.PureComposeExample
2025-08-04 15:50:02.558 1365-1365 SurfaceFlinger surfaceflinger E alpha changed 1.000 -> 0.000 - ActivityRecord{b91b7b3 u0 com.example.quickcompose/.activities.PureComposeExample t16924}#1100026
2025-08-04 15:50:02.558 1365-1365 SurfaceFlinger surfaceflinger E alpha changed 1.000 -> 0.000 - DimTransitionLayer for Surface(name=ActivityRecord{b91b7b3 u0 com.example.quickcompose/.activities.PureComposeExample t16924})/@0x5c11738#1100035
2025-08-04 15:50:02.565 19599-19599 PureComposeExample com.example.quickcompose V Status of QtQuickView: READY
2025-08-04 15:50:02.566 1365-1365 SurfaceFlinger surfaceflinger E alpha changed 0.000 -> 1.000 - ActivityRecord{b91b7b3 u0 com.example.quickcompose/.activities.PureComposeExample t16924}#1100026
2025-08-04 15:50:02.572 19599-19599 VRI[PureCo...e]@a19ec60 com.example.quickcompose D mThreadedRenderer.initializeIfNeeded()#2 mSurface={isValid=true 0xb400007ad9264520}
2025-08-04 15:50:02.573 19599-19599 InputMethodManagerUtils com.example.quickcompose D startInputInner - Id : 0
2025-08-04 15:50:02.573 19599-19599 InputMethodManager com.example.quickcompose I startInputInner - IInputMethodManagerGlobalInvoker.startInputOrWindowGainedFocus
2025-08-04 15:50:02.574 1365-1365 SurfaceFlinger surfaceflinger E alpha changed 0.000 -> 0.011 - DimTransitionLayer for Surface(name=ActivityRecord{b91b7b3 u0 com.example.quickcompose/.activities.PureComposeExample t16924})/@0x5c11738#1100035
2025-08-04 15:50:02.579 19599-19799 InputTransport com.example.quickcompose D Input channel constructed: 'ClientS', fd=197
2025-08-04 15:50:02.584 19599-19599 libc com.example.quickcompose W Access denied finding property "vendor.display.enable_optimal_refresh_rate"
2025-08-04 15:50:02.584 19599-19599 libc com.example.quickcompose W Access denied finding property "vendor.gpp.create_frc_extension"
2025-08-04 15:50:02.595 19599-19599 libc com.example.quickcompose W Access denied finding property "vendor.display.enable_optimal_refresh_rate"
2025-08-04 15:50:02.595 19599-19599 libc com.example.quickcompose W Access denied finding property "vendor.gpp.create_frc_extension"
2025-08-04 15:50:02.598 19599-19599 InsetsSourceConsumer com.example.quickcompose I applyRequestedVisibilityToControl: visible=false, type=ime, host=com.example.quickcompose/com.example.quickcompose.activities.PureComposeExample
2025-08-04 15:50:03.018 19599-19599 VRI[MainAc...y]@84ff46f com.example.quickcompose I handleAppVisibility mAppVisible = true visible = false
2025-08-04 15:50:03.019 19599-19599 VRI[MainAc...y]@84ff46f com.example.quickcompose D visibilityChanged oldVisibility=true newVisibility=false
2025-08-04 15:50:03.034 19599-19599 VRI[MainAc...y]@84ff46f com.example.quickcompose I Relayout returned: old=(0,0,1080,2340) new=(0,0,1080,2340) relayoutAsync=false req=(1080,2340)8 dur=4 res=0x2 s={false 0x0} ch=true seqId=0
2025-08-04 15:50:03.034 19599-19599 VRI[MainAc...y]@84ff46f com.example.quickcompose D Not drawing due to not visible. Reason=!mAppVisible && !mForceDecorViewVisibility
2025-08-04 15:50:03.035 19599-19599 VRI[MainAc...y]@84ff46f com.example.quickcompose I stopped(true) old = false
2025-08-04 15:50:03.036 19599-19599 VRI[MainAc...y]@84ff46f com.example.quickcompose D WindowStopped on com.example.quickcompose/com.example.quickcompose.activities.MainActivity set to true
2025-08-04 15:50:03.046 1549-3224 WindowManager system_server E win=Window{bd01386 u0 com.example.quickcompose/com.example.quickcompose.activities.MainActivity} destroySurfaces: appStopped=true cleanupOnResume=false win.mWindowRemovalAllowed=false win.mRemoveOnExit=false win.mViewVisibility=8 caller=com.android.server.wm.ActivityRecord.destroySurfaces:25 com.android.server.wm.ActivityRecord.activityStopped:204 com.android.server.wm.ActivityClientController.activityStopped:95 android.app.IActivityClientController$Stub.onTransact:722 com.android.server.wm.ActivityClientController.onTransact:1 android.os.Binder.execTransactInternal:1541 android.os.Binder.execTransact:1480
