2025-08-07 16:04:51.662 608-1871 CoreBackPreview system_server D Window{453a65a u0 com.hortimax.iproductive.iScan2019b/org.qtproject.qt.android.bindings.QtActivity}: Setting back callback OnBackInvokedCallbackInfo{mCallback=android.window.IOnBackInvokedCallback$Stub$Proxy@5317568, mPriority=0}
2025-08-07 16:04:51.989 608-647 ActivityTaskManager system_server I Displayed com.hortimax.iproductive.iScan2019b/org.qtproject.qt.android.bindings.QtActivity: +742ms
2025-08-07 16:04:52.025 608-1041 ActivityManager system_server W Unable to start service Intent { act=android.service.smartspace.SmartspaceService cmp=com.google.android.as/com.google.android.apps.miphone.aiai.app.AiAiSmartspaceService } U=0: not found
2025-08-07 16:04:52.030 608-608 ActivityManager system_server W Unbind failed: could not find connection for android.app.LoadedApk$ServiceDispatcher$InnerConnection@d3d5f3
2025-08-07 16:04:52.990 608-1255 ActivityManager system_server W Unable to start service Intent { act=android.service.smartspace.SmartspaceService cmp=com.google.android.as/com.google.android.apps.miphone.aiai.app.AiAiSmartspaceService } U=0: not found
2025-08-07 16:04:53.000 608-608 ActivityManager system_server W Unbind failed: could not find connection for android.app.LoadedApk$ServiceDispatcher$InnerConnection@c9e21e3
2025-08-07 16:04:53.160 608-1041 InputDispatcher system_server I Channel [Gesture Monitor] swipe-up (server) is stealing touch from [453a65a com.hortimax.iproductive.iScan2019b/org.qtproject.qt.android.bindings.QtActivity (server), [Gesture Monitor] edge-swipe (server)]
2025-08-07 16:04:53.958 608-608 ActivityManager system_server W Unable to start service Intent { act=android.service.contentsuggestions.ContentSuggestionsService cmp=com.google.android.as/com.google.android.apps.miphone.aiai.app.AiAiContentSuggestionsService } U=0: not found
2025-08-07 16:04:53.961 608-608 ActivityManager system_server W Unbind failed: could not find connection for android.app.LoadedApk$ServiceDispatcher$InnerConnection@9a3820c
2025-08-07 16:04:53.967 608-608 ActivityManager system_server W Unable to start service Intent { act=android.service.contentsuggestions.ContentSuggestionsService cmp=com.google.android.as/com.google.android.apps.miphone.aiai.app.AiAiContentSuggestionsService } U=0: not found
2025-08-07 16:04:53.967 608-608 ActivityManager system_server W Unbind failed: could not find connection for android.app.LoadedApk$ServiceDispatcher$InnerConnection@afbea5b
2025-08-07 16:04:56.673 608-650 ActivityManager system_server I PendingStartActivityUids startActivity to updateOomAdj delay:3711ms, uid:10139
2025-08-07 16:04:56.692 608-1871 ActivityManager system_server W Unable to start service Intent { act=android.service.smartspace.SmartspaceService cmp=com.google.android.as/com.google.android.apps.miphone.aiai.app.AiAiSmartspaceService } U=0: not found
2025-08-07 16:04:56.745 608-608 ActivityManager system_server W Unbind failed: could not find connection for android.app.LoadedApk$ServiceDispatcher$InnerConnection@9660435
2025-08-07 16:04:56.799 608-650 ActivityManager system_server I Killing 6451:com.hortimax.iproductive.iScan2019b/u0a163 (adj 905): remove task
2025-08-07 16:04:56.833 608-1041 WindowManager system_server I WIN DEATH: Window{453a65a u0 com.hortimax.iproductive.iScan2019b/org.qtproject.qt.android.bindings.QtActivity}
2025-08-07 16:04:56.833 608-1041 InputManager-JNI system_server W Input channel object '453a65a com.hortimax.iproductive.iScan2019b/org.qtproject.qt.android.bindings.QtActivity (client)' was disposed without first being removed with the input manager!
2025-08-07 16:04:56.863 608-650 ActivityManager system_server W setHasOverlayUi called on unknown pid: 6451
2025-08-07 16:04:56.864 608-659 UsageStatsService system_server W Unexpected activity event reported! (com.hortimax.iproductive.iScan2019b/org.qtproject.qt.android.bindings.QtActivity event : 23 instanceId : 131028638)
2025-08-07 16:04:57.366 608-2461 ActivityTaskManager system_server I START u0 {act=android.intent.action.MAIN cat=[android.intent.category.LAUNCHER] flg=0x10200000 cmp=com.hortimax.iproductive.iScan2019b/org.qtproject.qt.android.bindings.QtActivity bnds=[76,1873][249,2068]} from uid 10139
2025-08-07 16:04:57.380 608-661 ActivityManager system_server I Start proc 6496:com.hortimax.iproductive.iScan2019b/u0a163 for next-top-activity {com.hortimax.iproductive.iScan2019b/org.qtproject.qt.android.bindings.QtActivity}
2025-08-07 16:04:57.605 6496-6496 tive.iScan2019b com.hortimax.iproductive.iScan2019b E No implementation found for boolean org.qtproject.qt.android.QtNative.updateNativeActivity() (tried Java_org_qtproject_qt_android_QtNative_updateNativeActivity and Java_org_qtproject_qt_android_QtNative_updateNativeActivity__)
2025-08-07 16:04:57.631 6496-6496 QtLoader com.hortimax.iproductive.iScan2019b W Null extras from the Activity's intent.
2025-08-07 16:04:57.819 608-1854 CoreBackPreview system_server D Window{4777cff u0 com.hortimax.iproductive.iScan2019b/org.qtproject.qt.android.bindings.QtActivity}: Setting back callback OnBackInvokedCallbackInfo{mCallback=android.window.IOnBackInvokedCallback$Stub$Proxy@16dc115, mPriority=0}
2025-08-07 16:04:58.035 608-1854 ActivityManager system_server W Unable to start service Intent { act=android.service.smartspace.SmartspaceService cmp=com.google.android.as/com.google.android.apps.miphone.aiai.app.AiAiSmartspaceService } U=0: not found
2025-08-07 16:04:58.044 608-608 ActivityManager system_server W Unbind failed: could not find connection for android.app.LoadedApk$ServiceDispatcher$InnerConnection@b0993da
2025-08-07 16:04:58.090 608-647 ActivityTaskManager system_server I Displayed com.hortimax.iproductive.iScan2019b/org.qtproject.qt.android.bindings.QtActivity: +719ms
2025-08-07 16:04:59.045 608-2461 ActivityManager system_server W Unable to start service Intent { act=android.service.smartspace.SmartspaceService cmp=com.google.android.as/com.google.android.apps.miphone.aiai.app.AiAiSmartspaceService } U=0: not found
2025-08-07 16:04:59.048 608-608 ActivityManager system_server W Unbind failed: could not find connection for android.app.LoadedApk$ServiceDispatcher$InnerConnection@5b7f7c4
2025-08-07 16:04:59.272 608-1801 InputDispatcher system_server I Channel [Gesture Monitor] swipe-up (server) is stealing touch from [4777cff com.hortimax.iproductive.iScan2019b/org.qtproject.qt.android.bindings.QtActivity (server), [Gesture Monitor] edge-swipe (server)]
2025-08-07 16:05:00.035 608-1871 ActivityManager system_server W Unable to start service Intent { act=android.service.smartspace.SmartspaceService cmp=com.google.android.as/com.google.android.apps.miphone.aiai.app.AiAiSmartspaceService } U=0: not found
2025-08-07 16:05:00.036 608-608 ActivityManager system_server W Unbind failed: could not find connection for android.app.LoadedApk$ServiceDispatcher$InnerConnection@c63f148
2025-08-07 16:05:00.036 608-1871 ActivityManager system_server W Unable to start service Intent { act=android.service.smartspace.SmartspaceService cmp=com.google.android.as/com.google.android.apps.miphone.aiai.app.AiAiSmartspaceService } U=0: not found
2025-08-07 16:05:00.037 608-608 ActivityManager system_server W Unbind failed: could not find connection for android.app.LoadedApk$ServiceDispatcher$InnerConnection@78f5d06
2025-08-07 16:05:00.043 608-659 UsageStatsService system_server W Unexpected activity event reported! (com.google.android.apps.nexuslauncher/com.google.android.apps.nexuslauncher.NexusLauncherActivity event : 23 instanceId : 35740786)
2025-08-07 16:05:01.110 608-1871 ActivityManager system_server W Unable to start service Intent { act=android.service.smartspace.SmartspaceService cmp=com.google.android.as/com.google.android.apps.miphone.aiai.app.AiAiSmartspaceService } U=0: not found
2025-08-07 16:05:01.113 608-608 ActivityManager system_server W Unbind failed: could not find connection for android.app.LoadedApk$ServiceDispatcher$InnerConnection@fc37163
2025-08-07 16:05:01.256 608-1854 InputDispatcher system_server I Channel [Gesture Monitor] swipe-up (server) is stealing touch from [4777cff com.hortimax.iproductive.iScan2019b/org.qtproject.qt.android.bindings.QtActivity (server), [Gesture Monitor] edge-swipe (server)]
2025-08-07 16:05:02.297 608-2461 ActivityManager system_server I PendingStartActivityUids startActivity to updateOomAdj delay:1209ms, uid:10139
2025-08-07 16:05:02.315 608-1860 ActivityManager system_server W Unable to start service Intent { act=android.service.smartspace.SmartspaceService cmp=com.google.android.as/com.google.android.apps.miphone.aiai.app.AiAiSmartspaceService } U=0: not found
2025-08-07 16:05:02.358 608-608 ActivityManager system_server W Unbind failed: could not find connection for android.app.LoadedApk$ServiceDispatcher$InnerConnection@dbf8da7
2025-08-07 16:05:04.609 608-1801 InputDispatcher system_server I Channel [Gesture Monitor] swipe-up (server) is stealing touch from [692c9eb com.google.android.apps.nexuslauncher/com.google.android.apps.nexuslauncher.NexusLauncherActivity (server), [Gesture Monitor] edge-swipe (server), 90025b0 com.android.systemui.wallpapers.ImageWallpaper (server)]
2025-08-07 16:05:06.840 608-1870 InputDispatcher system_server I Channel [Gesture Monitor] swipe-up (server) is stealing touch from [692c9eb com.google.android.apps.nexuslauncher/com.google.android.apps.nexuslauncher.NexusLauncherActivity (server), [Gesture Monitor] edge-swipe (server), 90025b0 com.android.systemui.wallpapers.ImageWallpaper (server)]
2025-08-07 16:05:07.378 608-608 ActivityManager system_server W Unable to start service Intent { act=android.service.contentsuggestions.ContentSuggestionsService cmp=com.google.android.as/com.google.android.apps.miphone.aiai.app.AiAiContentSuggestionsService } U=0: not found
2025-08-07 16:05:07.380 608-608 ActivityManager system_server W Unbind failed: could not find connection for android.app.LoadedApk$ServiceDispatcher$InnerConnection@977a7ec
2025-08-07 16:05:10.982 608-650 ActivityManager system_server I Killing 6496:com.hortimax.iproductive.iScan2019b/u0a163 (adj 905): remove task
2025-08-07 16:05:11.010 608-1862 WindowManager system_server I WIN DEATH: Window{4777cff u0 com.hortimax.iproductive.iScan2019b/org.qtproject.qt.android.bindings.QtActivity}
2025-08-07 16:05:11.011 608-1862 InputManager-JNI system_server W Input channel object '4777cff com.hortimax.iproductive.iScan2019b/org.qtproject.qt.android.bindings.QtActivity (client)' was disposed without first being removed with the input manager!
2025-08-07 16:05:11.026 608-650 ActivityManager system_server W setHasOverlayUi called on unknown pid: 6496
2025-08-07 16:05:11.029 608-659 UsageStatsService system_server W Unexpected activity event reported! (com.hortimax.iproductive.iScan2019b/org.qtproject.qt.android.bindings.QtActivity event : 23 instanceId : 229606637)
2025-08-07 16:05:11.533 608-1041 ActivityTaskManager system_server I START u0 {act=android.intent.action.MAIN cat=[android.intent.category.LAUNCHER] flg=0x10200000 cmp=com.hortimax.iproductive.iScan2019b/org.qtproject.qt.android.bindings.QtActivity bnds=[76,1873][249,2068]} from uid 10139
2025-08-07 16:05:11.551 608-661 ActivityManager system_server I Start proc 6549:com.hortimax.iproductive.iScan2019b/u0a163 for next-top-activity {com.hortimax.iproductive.iScan2019b/org.qtproject.qt.android.bindings.QtActivity}
2025-08-07 16:05:11.697 608-1041 ActivityTaskManager system_server W takeTaskSnapshot: taskId=56 not found or not visible
2025-08-07 16:05:11.724 6549-6549 tive.iScan2019b com.hortimax.iproductive.iScan2019b E No implementation found for boolean org.qtproject.qt.android.QtNative.updateNativeActivity() (tried Java_org_qtproject_qt_android_QtNative_updateNativeActivity and Java_org_qtproject_qt_android_QtNative_updateNativeActivity__)
2025-08-07 16:05:11.760 6549-6549 QtLoader com.hortimax.iproductive.iScan2019b W Null extras from the Activity's intent.
2025-08-07 16:05:11.918 608-1041 CoreBackPreview system_server D Window{d20d252 u0 com.hortimax.iproductive.iScan2019b/org.qtproject.qt.android.bindings.QtActivity}: Setting back callback OnBackInvokedCallbackInfo{mCallback=android.window.IOnBackInvokedCallback$Stub$Proxy@bbae20, mPriority=0}
2025-08-07 16:05:12.192 608-647 ActivityTaskManager system_server I Displayed com.hortimax.iproductive.iScan2019b/org.qtproject.qt.android.bindings.QtActivity: +655ms
2025-08-07 16:05:12.289 608-2476 ActivityManager system_server W Unable to start service Intent { act=android.service.smartspace.SmartspaceService cmp=com.google.android.as/com.google.android.apps.miphone.aiai.app.AiAiSmartspaceService } U=0: not found
2025-08-07 16:05:12.300 608-608 ActivityManager system_server W Unbind failed: could not find connection for android.app.LoadedApk$ServiceDispatcher$InnerConnection@20eb967