#NAME? #NAME?
2025-08-07 16:03:30.978 8595-8892 ActivityScheduler com.google.android.gms.persistent I nextTriggerTime: 13412023, in 238100ms, detectorType: 39, FULL_TYPE alarmWindowMillis: 80000
2025-08-07 16:03:46.642 861-861 QSPanelControllerBase com.android.systemui D onConfigurationChange: mShouldUseSplitNotificationShade=false, newConfig.windowConfiguration={ mBounds=Rect(0, 0 - 1080, 2400) mAppBounds=Rect(0, 0 - 1080, 2337) mMaxBounds=Rect(0, 0 - 1080, 2400) mDisplayRotation=ROTATION_0 mWindowingMode=fullscreen mDisplayWindowingMode=fullscreen mActivityType=undefined mAlwaysOnTop=undefined mRotation=ROTATION_0}
2025-08-07 16:03:46.648 861-861 QSPanelControllerBase com.android.systemui D onConfigurationChange: mShouldUseSplitNotificationShade=false, newConfig.windowConfiguration={ mBounds=Rect(0, 0 - 1080, 2400) mAppBounds=Rect(0, 0 - 1080, 2337) mMaxBounds=Rect(0, 0 - 1080, 2400) mDisplayRotation=ROTATION_0 mWindowingMode=fullscreen mDisplayWindowingMode=fullscreen mActivityType=undefined mAlwaysOnTop=undefined mRotation=ROTATION_0}
2025-08-07 16:03:54.739 608-1254 ActivityTaskManager system_server I START u0 {act=android.intent.action.MAIN cat=[android.intent.category.LAUNCHER] flg=0x10200000 cmp=com.hortimax.iproductive.iScan2019b/org.qtproject.qt.android.bindings.QtActivity bnds=[76,1873][249,2068]} from uid 10139
2025-08-07 16:03:54.781 608-661 ActivityManager system_server I Start proc 6098:com.hortimax.iproductive.iScan2019b/u0a163 for next-top-activity {com.hortimax.iproductive.iScan2019b/org.qtproject.qt.android.bindings.QtActivity}
2025-08-07 16:03:54.996 6098-6098 tive.iScan2019b com.hortimax.iproductive.iScan2019b E No implementation found for boolean org.qtproject.qt.android.QtNative.updateNativeActivity() (tried Java_org_qtproject_qt_android_QtNative_updateNativeActivity and Java_org_qtproject_qt_android_QtNative_updateNativeActivity__)
2025-08-07 16:03:55.026 6098-6098 QtLoader com.hortimax.iproductive.iScan2019b W Null extras from the Activity's intent.
2025-08-07 16:03:55.204 608-1254 CoreBackPreview system_server D Window{ac05396 u0 com.hortimax.iproductive.iScan2019b/org.qtproject.qt.android.bindings.QtActivity}: Setting back callback OnBackInvokedCallbackInfo{mCallback=android.window.IOnBackInvokedCallback$Stub$Proxy@ff29b04, mPriority=0}
2025-08-07 16:03:55.398 608-1254 ActivityManager system_server W Unable to start service Intent { act=android.service.smartspace.SmartspaceService cmp=com.google.android.as/com.google.android.apps.miphone.aiai.app.AiAiSmartspaceService } U=0: not found
2025-08-07 16:03:55.398 608-608 ActivityManager system_server W Unbind failed: could not find connection for android.app.LoadedApk$ServiceDispatcher$InnerConnection@d39675d
2025-08-07 16:03:55.552 608-650 ActivityManager system_server I Killing 5232:com.google.android.documentsui/u0a74 (adj 985): empty #17
2025-08-07 16:03:55.562 608-647 ActivityTaskManager system_server I Displayed com.hortimax.iproductive.iScan2019b/org.qtproject.qt.android.bindings.QtActivity: +794ms
2025-08-07 16:03:57.526 608-1862 ActivityManager system_server W Unable to start service Intent { act=android.service.smartspace.SmartspaceService cmp=com.google.android.as/com.google.android.apps.miphone.aiai.app.AiAiSmartspaceService } U=0: not found
2025-08-07 16:03:57.549 608-608 ActivityManager system_server W Unbind failed: could not find connection for android.app.LoadedApk$ServiceDispatcher$InnerConnection@cbb42fc
2025-08-07 16:03:57.970 608-1871 InputDispatcher system_server I Channel [Gesture Monitor] swipe-up (server) is stealing touch from [ac05396 com.hortimax.iproductive.iScan2019b/org.qtproject.qt.android.bindings.QtActivity (server), [Gesture Monitor] edge-swipe (server)]
2025-08-07 16:03:58.854 608-608 ActivityManager system_server W Unable to start service Intent { act=android.service.contentsuggestions.ContentSuggestionsService cmp=com.google.android.as/com.google.android.apps.miphone.aiai.app.AiAiContentSuggestionsService } U=0: not found
2025-08-07 16:03:58.870 608-608 ActivityManager system_server W Unbind failed: could not find connection for android.app.LoadedApk$ServiceDispatcher$InnerConnection@c96e7a6
2025-08-07 16:04:02.123 608-1860 ActivityManager system_server I PendingStartActivityUids startActivity to updateOomAdj delay:4626ms, uid:10139
2025-08-07 16:04:02.136 608-1254 ActivityManager system_server W Unable to start service Intent { act=android.service.smartspace.SmartspaceService cmp=com.google.android.as/com.google.android.apps.miphone.aiai.app.AiAiSmartspaceService } U=0: not found
2025-08-07 16:04:02.157 608-650 ActivityManager system_server I Killing 5314:com.google.android.apps.docs/u0a115 (adj 985): empty #17
2025-08-07 16:04:02.164 608-650 ActivityManager system_server I Killing 5259:com.android.externalstorage/u0a67 (adj 985): empty #18
2025-08-07 16:04:02.168 608-608 ActivityManager system_server W Unbind failed: could not find connection for android.app.LoadedApk$ServiceDispatcher$InnerConnection@c7f0030
2025-08-07 16:04:02.253 608-929 ActivityTaskManager system_server W takeTaskSnapshot: taskId=46 not found or not visible
2025-08-07 16:04:02.261 608-650 ActivityManager system_server I Killing 6098:com.hortimax.iproductive.iScan2019b/u0a163 (adj 900): remove task
2025-08-07 16:04:02.293 608-633 WindowManager system_server I WIN DEATH: Window{ac05396 u0 com.hortimax.iproductive.iScan2019b/org.qtproject.qt.android.bindings.QtActivity}
2025-08-07 16:04:02.301 608-633 InputManager-JNI system_server W Input channel object 'ac05396 com.hortimax.iproductive.iScan2019b/org.qtproject.qt.android.bindings.QtActivity (client)' was disposed without first being removed with the input manager!
2025-08-07 16:04:02.376 608-650 ActivityManager system_server W setHasOverlayUi called on unknown pid: 6098
2025-08-07 16:04:02.377 608-659 UsageStatsService system_server W Unexpected activity event reported! (com.hortimax.iproductive.iScan2019b/org.qtproject.qt.android.bindings.QtActivity event : 23 instanceId : 155911109)
2025-08-07 16:04:02.933 608-633 ActivityTaskManager system_server I START u0 {act=android.intent.action.MAIN cat=[android.intent.category.LAUNCHER] flg=0x10200000 cmp=com.hortimax.iproductive.iScan2019b/org.qtproject.qt.android.bindings.QtActivity bnds=[76,1873][249,2068]} from uid 10139
2025-08-07 16:04:02.951 608-661 ActivityManager system_server I Start proc 6143:com.hortimax.iproductive.iScan2019b/u0a163 for next-top-activity {com.hortimax.iproductive.iScan2019b/org.qtproject.qt.android.bindings.QtActivity}
2025-08-07 16:04:03.218 6143-6143 tive.iScan2019b com.hortimax.iproductive.iScan2019b E No implementation found for boolean org.qtproject.qt.android.QtNative.updateNativeActivity() (tried Java_org_qtproject_qt_android_QtNative_updateNativeActivity and Java_org_qtproject_qt_android_QtNative_updateNativeActivity__)
2025-08-07 16:04:03.254 6143-6143 QtLoader com.hortimax.iproductive.iScan2019b W Null extras from the Activity's intent.
2025-08-07 16:04:03.449 608-633 CoreBackPreview system_server D Window{36e67a8 u0 com.hortimax.iproductive.iScan2019b/org.qtproject.qt.android.bindings.QtActivity}: Setting back callback OnBackInvokedCallbackInfo{mCallback=android.window.IOnBackInvokedCallback$Stub$Proxy@ecfaa66, mPriority=0}
2025-08-07 16:04:03.620 608-633 ActivityManager system_server W Unable to start service Intent { act=android.service.smartspace.SmartspaceService cmp=com.google.android.as/com.google.android.apps.miphone.aiai.app.AiAiSmartspaceService } U=0: not found
2025-08-07 16:04:03.620 608-608 ActivityManager system_server W Unbind failed: could not find connection for android.app.LoadedApk$ServiceDispatcher$InnerConnection@257297
2025-08-07 16:04:03.735 608-647 ActivityTaskManager system_server I Displayed com.hortimax.iproductive.iScan2019b/org.qtproject.qt.android.bindings.QtActivity: +788ms
2025-08-07 16:04:05.113 608-633 ActivityManager system_server W Unable to start service Intent { act=android.service.smartspace.SmartspaceService cmp=com.google.android.as/com.google.android.apps.miphone.aiai.app.AiAiSmartspaceService } U=0: not found
2025-08-07 16:04:05.123 608-608 ActivityManager system_server W Unbind failed: could not find connection for android.app.LoadedApk$ServiceDispatcher$InnerConnection@104159e
2025-08-07 16:04:05.292 608-1257 InputDispatcher system_server I Channel [Gesture Monitor] swipe-up (server) is stealing touch from [36e67a8 com.hortimax.iproductive.iScan2019b/org.qtproject.qt.android.bindings.QtActivity (server), [Gesture Monitor] edge-swipe (server)]
2025-08-07 16:04:06.057 608-608 ActivityManager system_server W Unable to start service Intent { act=android.service.contentsuggestions.ContentSuggestionsService cmp=com.google.android.as/com.google.android.apps.miphone.aiai.app.AiAiContentSuggestionsService } U=0: not found
2025-08-07 16:04:06.058 608-608 ActivityManager system_server W Unbind failed: could not find connection for android.app.LoadedApk$ServiceDispatcher$InnerConnection@a7a0911
2025-08-07 16:04:06.059 608-608 ActivityManager system_server W Unable to start service Intent { act=android.service.contentsuggestions.ContentSuggestionsService cmp=com.google.android.as/com.google.android.apps.miphone.aiai.app.AiAiContentSuggestionsService } U=0: not found
2025-08-07 16:04:06.060 608-608 ActivityManager system_server W Unbind failed: could not find connection for android.app.LoadedApk$ServiceDispatcher$InnerConnection@8200877
2025-08-07 16:04:08.322 608-1257 ActivityManager system_server I PendingStartActivityUids startActivity to updateOomAdj delay:3237ms, uid:10139
2025-08-07 16:04:08.334 608-1381 ActivityManager system_server W Unable to start service Intent { act=android.service.smartspace.SmartspaceService cmp=com.google.android.as/com.google.android.apps.miphone.aiai.app.AiAiSmartspaceService } U=0: not found
2025-08-07 16:04:08.335 608-608 ActivityManager system_server W Unbind failed: could not find connection for android.app.LoadedApk$ServiceDispatcher$InnerConnection@54ebafe
2025-08-07 16:04:08.453 608-650 ActivityManager system_server I Killing 4222:android.process.acore/u0a65 (adj 975): empty #17
2025-08-07 16:04:08.463 608-650 ActivityManager system_server I Killing 6143:com.hortimax.iproductive.iScan2019b/u0a163 (adj 905): remove task
2025-08-07 16:04:08.506 608-1873 WindowManager system_server I WIN DEATH: Window{36e67a8 u0 com.hortimax.iproductive.iScan2019b/org.qtproject.qt.android.bindings.QtActivity}
2025-08-07 16:04:08.506 608-1873 InputManager-JNI system_server W Input channel object '36e67a8 com.hortimax.iproductive.iScan2019b/org.qtproject.qt.android.bindings.QtActivity (client)' was disposed without first being removed with the input manager!
2025-08-07 16:04:08.568 608-650 ActivityManager system_server W setHasOverlayUi called on unknown pid: 6143
2025-08-07 16:04:08.572 608-659 UsageStatsService system_server W Unexpected activity event reported! (com.hortimax.iproductive.iScan2019b/org.qtproject.qt.android.bindings.QtActivity event : 23 instanceId : 240641932)
2025-08-07 16:04:09.121 608-1866 ActivityTaskManager system_server I START u0 {act=android.intent.action.MAIN cat=[android.intent.category.LAUNCHER] flg=0x10200000 cmp=com.hortimax.iproductive.iScan2019b/org.qtproject.qt.android.bindings.QtActivity bnds=[76,1873][249,2068]} from uid 10139
2025-08-07 16:04:09.155 608-661 ActivityManager system_server I Start proc 6185:com.hortimax.iproductive.iScan2019b/u0a163 for next-top-activity {com.hortimax.iproductive.iScan2019b/org.qtproject.qt.android.bindings.QtActivity}
2025-08-07 16:04:09.387 6185-6185 tive.iScan2019b com.hortimax.iproductive.iScan2019b E No implementation found for boolean org.qtproject.qt.android.QtNative.updateNativeActivity() (tried Java_org_qtproject_qt_android_QtNative_updateNativeActivity and Java_org_qtproject_qt_android_QtNative_updateNativeActivity__)
2025-08-07 16:04:09.420 6185-6185 QtLoader com.hortimax.iproductive.iScan2019b W Null extras from the Activity's intent.
2025-08-07 16:04:09.627 608-2472 CoreBackPreview system_server D Window{4dad90c u0 com.hortimax.iproductive.iScan2019b/org.qtproject.qt.android.bindings.QtActivity}: Setting back callback OnBackInvokedCallbackInfo{mCallback=android.window.IOnBackInvokedCallback$Stub$Proxy@9c8546a, mPriority=0}
2025-08-07 16:04:09.869 608-1260 ActivityManager system_server W Unable to start service Intent { act=android.service.smartspace.SmartspaceService cmp=com.google.android.as/com.google.android.apps.miphone.aiai.app.AiAiSmartspaceService } U=0: not found
2025-08-07 16:04:09.869 608-608 ActivityManager system_server W Unbind failed: could not find connection for android.app.LoadedApk$ServiceDispatcher$InnerConnection@6f3634b
2025-08-07 16:04:09.949 608-647 ActivityTaskManager system_server I Displayed com.hortimax.iproductive.iScan2019b/org.qtproject.qt.android.bindings.QtActivity: +813ms
2025-08-07 16:04:11.189 608-1260 ActivityManager system_server W Unable to start service Intent { act=android.service.smartspace.SmartspaceService cmp=com.google.android.as/com.google.android.apps.miphone.aiai.app.AiAiSmartspaceService } U=0: not found
2025-08-07 16:04:11.189 608-608 ActivityManager system_server W Unbind failed: could not find connection for android.app.LoadedApk$ServiceDispatcher$InnerConnection@20d0e22
2025-08-07 16:04:11.367 608-1260 InputDispatcher system_server I Channel [Gesture Monitor] swipe-up (server) is stealing touch from [4dad90c com.hortimax.iproductive.iScan2019b/org.qtproject.qt.android.bindings.QtActivity (server), [Gesture Monitor] edge-swipe (server)]
2025-08-07 16:04:12.089 608-608 ActivityManager system_server W Unable to start service Intent { act=android.service.contentsuggestions.ContentSuggestionsService cmp=com.google.android.as/com.google.android.apps.miphone.aiai.app.AiAiContentSuggestionsService } U=0: not found
2025-08-07 16:04:12.089 608-608 ActivityManager system_server W Unbind failed: could not find connection for android.app.LoadedApk$ServiceDispatcher$InnerConnection@bd7699c
2025-08-07 16:04:12.095 608-608 ActivityManager system_server W Unable to start service Intent { act=android.service.contentsuggestions.ContentSuggestionsService cmp=com.google.android.as/com.google.android.apps.miphone.aiai.app.AiAiContentSuggestionsService } U=0: not found
2025-08-07 16:04:12.096 608-608 ActivityManager system_server W Unbind failed: could not find connection for android.app.LoadedApk$ServiceDispatcher$InnerConnection@1763f7a
2025-08-07 16:04:14.557 608-650 ActivityManager system_server I PendingStartActivityUids startActivity to updateOomAdj delay:3405ms, uid:10139
2025-08-07 16:04:14.571 608-1872 ActivityManager system_server W Unable to start service Intent { act=android.service.smartspace.SmartspaceService cmp=com.google.android.as/com.google.android.apps.miphone.aiai.app.AiAiSmartspaceService } U=0: not found
2025-08-07 16:04:14.600 608-608 ActivityManager system_server W Unbind failed: could not find connection for android.app.LoadedApk$ServiceDispatcher$InnerConnection@3956493
2025-08-07 16:04:14.668 608-1381 ActivityTaskManager system_server W takeTaskSnapshot: taskId=48 not found or not visible
2025-08-07 16:04:14.670 608-650 ActivityManager system_server I Killing 6185:com.hortimax.iproductive.iScan2019b/u0a163 (adj 905): remove task
2025-08-07 16:04:14.688 608-1872 ActivityTaskManager system_server I Activity reported stop, but no longer stopping: ActivityRecord{b53a029 u0 com.hortimax.iproductive.iScan2019b/org.qtproject.qt.android.bindings.QtActivity} t48 f}} DESTROYING
2025-08-07 16:04:14.702 608-2472 WindowManager system_server I WIN DEATH: Window{4dad90c u0 com.hortimax.iproductive.iScan2019b/org.qtproject.qt.android.bindings.QtActivity}
2025-08-07 16:04:14.706 608-2472 InputManager-JNI system_server W Input channel object '4dad90c com.hortimax.iproductive.iScan2019b/org.qtproject.qt.android.bindings.QtActivity (client)' was disposed without first being removed with the input manager!
2025-08-07 16:04:14.728 608-650 ActivityManager system_server W setHasOverlayUi called on unknown pid: 6185
2025-08-07 16:04:15.270 608-1861 ActivityTaskManager system_server I START u0 {act=android.intent.action.MAIN cat=[android.intent.category.LAUNCHER] flg=0x10200000 cmp=com.hortimax.iproductive.iScan2019b/org.qtproject.qt.android.bindings.QtActivity bnds=[76,1873][249,2068]} from uid 10139
2025-08-07 16:04:15.305 608-661 ActivityManager system_server I Start proc 6230:com.hortimax.iproductive.iScan2019b/u0a163 for next-top-activity {com.hortimax.iproductive.iScan2019b/org.qtproject.qt.android.bindings.QtActivity}
2025-08-07 16:04:15.436 608-2472 ActivityTaskManager system_server W takeTaskSnapshot: taskId=49 not found or not visible
2025-08-07 16:04:15.521 6230-6230 tive.iScan2019b com.hortimax.iproductive.iScan2019b E No implementation found for boolean org.qtproject.qt.android.QtNative.updateNativeActivity() (tried Java_org_qtproject_qt_android_QtNative_updateNativeActivity and Java_org_qtproject_qt_android_QtNative_updateNativeActivity__)
2025-08-07 16:04:15.542 6230-6230 QtLoader com.hortimax.iproductive.iScan2019b W Null extras from the Activity's intent.
2025-08-07 16:04:15.681 608-1861 CoreBackPreview system_server D Window{ae4f330 u0 com.hortimax.iproductive.iScan2019b/org.qtproject.qt.android.bindings.QtActivity}: Setting back callback OnBackInvokedCallbackInfo{mCallback=android.window.IOnBackInvokedCallback$Stub$Proxy@a6eb52e, mPriority=0}
2025-08-07 16:04:15.981 608-647 ActivityTaskManager system_server I Displayed com.hortimax.iproductive.iScan2019b/org.qtproject.qt.android.bindings.QtActivity: +687ms
2025-08-07 16:04:16.132 608-929 ActivityManager system_server W Unable to start service Intent { act=android.service.smartspace.SmartspaceService cmp=com.google.android.as/com.google.android.apps.miphone.aiai.app.AiAiSmartspaceService } U=0: not found
2025-08-07 16:04:16.133 608-929 ActivityManager system_server W Unable to start service Intent { act=android.service.smartspace.SmartspaceService cmp=com.google.android.as/com.google.android.apps.miphone.aiai.app.AiAiSmartspaceService } U=0: not found
2025-08-07 16:04:16.146 608-608 ActivityManager system_server W Unbind failed: could not find connection for android.app.LoadedApk$ServiceDispatcher$InnerConnection@9ae4442
2025-08-07 16:04:16.146 608-608 ActivityManager system_server W Unbind failed: could not find connection for android.app.LoadedApk$ServiceDispatcher$InnerConnection@50b5c53
2025-08-07 16:04:17.090 608-1260 ActivityManager system_server W Unable to start service Intent { act=android.service.smartspace.SmartspaceService cmp=com.google.android.as/com.google.android.apps.miphone.aiai.app.AiAiSmartspaceService } U=0: not found
2025-08-07 16:04:17.106 608-608 ActivityManager system_server W Unbind failed: could not find connection for android.app.LoadedApk$ServiceDispatcher$InnerConnection@eb200a7
2025-08-07 16:04:17.294 608-1260 InputDispatcher system_server I Channel [Gesture Monitor] swipe-up (server) is stealing touch from [ae4f330 com.hortimax.iproductive.iScan2019b/org.qtproject.qt.android.bindings.QtActivity (server), [Gesture Monitor] edge-swipe (server)]
2025-08-07 16:04:18.046 608-608 ActivityManager system_server W Unable to start service Intent { act=android.service.contentsuggestions.ContentSuggestionsService cmp=com.google.android.as/com.google.android.apps.miphone.aiai.app.AiAiContentSuggestionsService } U=0: not found
2025-08-07 16:04:18.047 608-608 ActivityManager system_server W Unbind failed: could not find connection for android.app.LoadedApk$ServiceDispatcher$InnerConnection@ffe7ff9
2025-08-07 16:04:20.433 608-650 ActivityManager system_server I PendingStartActivityUids startActivity to updateOomAdj delay:3368ms, uid:10139
2025-08-07 16:04:20.504 608-1260 ActivityManager system_server W Unable to start service Intent { act=android.service.smartspace.SmartspaceService cmp=com.google.android.as/com.google.android.apps.miphone.aiai.app.AiAiSmartspaceService } U=0: not found
2025-08-07 16:04:20.517 608-608 ActivityManager system_server W Unbind failed: could not find connection for android.app.LoadedApk$ServiceDispatcher$InnerConnection@4e91dd
2025-08-07 16:04:20.553 608-929 ActivityTaskManager system_server I Activity reported stop, but no longer stopping: ActivityRecord{feb1f3d u0 com.hortimax.iproductive.iScan2019b/org.qtproject.qt.android.bindings.QtActivity} t49 f}} DESTROYING
2025-08-07 16:04:20.564 608-650 ActivityManager system_server I Killing 6230:com.hortimax.iproductive.iScan2019b/u0a163 (adj 900): remove task
2025-08-07 16:04:20.612 608-1854 WindowManager system_server I WIN DEATH: Window{ae4f330 u0 com.hortimax.iproductive.iScan2019b/org.qtproject.qt.android.bindings.QtActivity}
2025-08-07 16:04:20.612 608-1854 InputManager-JNI system_server W Input channel object 'ae4f330 com.hortimax.iproductive.iScan2019b/org.qtproject.qt.android.bindings.QtActivity (client)' was disposed without first being removed with the input manager!
2025-08-07 16:04:20.639 608-650 ActivityManager system_server W setHasOverlayUi called on unknown pid: 6230
2025-08-07 16:04:21.232 608-1854 ActivityTaskManager system_server I START u0 {act=android.intent.action.MAIN cat=[android.intent.category.LAUNCHER] flg=0x10200000 cmp=com.hortimax.iproductive.iScan2019b/org.qtproject.qt.android.bindings.QtActivity bnds=[76,1873][249,2068]} from uid 10139
2025-08-07 16:04:21.247 608-661 ActivityManager system_server I Start proc 6272:com.hortimax.iproductive.iScan2019b/u0a163 for next-top-activity {com.hortimax.iproductive.iScan2019b/org.qtproject.qt.android.bindings.QtActivity}
2025-08-07 16:04:21.349 608-1854 ActivityTaskManager system_server W takeTaskSnapshot: taskId=50 not found or not visible
2025-08-07 16:04:21.462 6272-6272 tive.iScan2019b com.hortimax.iproductive.iScan2019b E No implementation found for boolean org.qtproject.qt.android.QtNative.updateNativeActivity() (tried Java_org_qtproject_qt_android_QtNative_updateNativeActivity and Java_org_qtproject_qt_android_QtNative_updateNativeActivity__)
2025-08-07 16:04:21.483 6272-6272 QtLoader com.hortimax.iproductive.iScan2019b W Null extras from the Activity's intent.
2025-08-07 16:04:21.597 608-2472 CoreBackPreview system_server D Window{42c2c67 u0 com.hortimax.iproductive.iScan2019b/org.qtproject.qt.android.bindings.QtActivity}: Setting back callback OnBackInvokedCallbackInfo{mCallback=android.window.IOnBackInvokedCallback$Stub$Proxy@3de42bd, mPriority=0}
2025-08-07 16:04:21.865 608-647 ActivityTaskManager system_server I Displayed com.hortimax.iproductive.iScan2019b/org.qtproject.qt.android.bindings.QtActivity: +627ms
2025-08-07 16:04:22.069 608-2472 ActivityManager system_server W Unable to start service Intent { act=android.service.smartspace.SmartspaceService cmp=com.google.android.as/com.google.android.apps.miphone.aiai.app.AiAiSmartspaceService } U=0: not found
2025-08-07 16:04:22.082 608-1381 ActivityManager system_server W Unable to start service Intent { act=android.service.smartspace.SmartspaceService cmp=com.google.android.as/com.google.android.apps.miphone.aiai.app.AiAiSmartspaceService } U=0: not found
2025-08-07 16:04:22.099 608-608 ActivityManager system_server W Unbind failed: could not find connection for android.app.LoadedApk$ServiceDispatcher$InnerConnection@a968261
2025-08-07 16:04:22.099 608-608 ActivityManager system_server W Unbind failed: could not find connection for android.app.LoadedApk$ServiceDispatcher$InnerConnection@5d54186
2025-08-07 16:04:23.807 608-929 ActivityManager system_server W Unable to start service Intent { act=android.service.smartspace.SmartspaceService cmp=com.google.android.as/com.google.android.apps.miphone.aiai.app.AiAiSmartspaceService } U=0: not found
2025-08-07 16:04:23.808 608-608 ActivityManager system_server W Unbind failed: could not find connection for android.app.LoadedApk$ServiceDispatcher$InnerConnection@6a2ec5b
2025-08-07 16:04:24.011 608-1381 InputDispatcher system_server I Channel [Gesture Monitor] swipe-up (server) is stealing touch from [42c2c67 com.hortimax.iproductive.iScan2019b/org.qtproject.qt.android.bindings.QtActivity (server), [Gesture Monitor] edge-swipe (server)]
2025-08-07 16:04:24.771 608-608 ActivityManager system_server W Unable to start service Intent { act=android.service.contentsuggestions.ContentSuggestionsService cmp=com.google.android.as/com.google.android.apps.miphone.aiai.app.AiAiContentSuggestionsService } U=0: not found
2025-08-07 16:04:24.771 608-608 ActivityManager system_server W Unbind failed: could not find connection for android.app.LoadedApk$ServiceDispatcher$InnerConnection@33180a4
2025-08-07 16:04:27.517 608-1260 ActivityManager system_server I PendingStartActivityUids startActivity to updateOomAdj delay:3740ms, uid:10139
2025-08-07 16:04:27.558 1799-1799 A com....android.googlequicksearchbox W Can't get WAA status for Mavatar! java.lang.NullPointerException: Attempt to invoke virtual method 'java.lang.Class java.lang.Object.getClass()' on a null object reference
at com.google.apps.tiktok.dataservice.z.b(PG:1)
at com.google.apps.tiktok.dataservice.at.a(PG:1)
at com.google.apps.tiktok.tracing.ec.a(PG:2)
at com.google.common.util.concurrent.aj.a(PG:2)
at com.google.common.util.concurrent.ac.apply(PG:1)
at com.google.common.util.concurrent.h.e(PG:2)
at com.google.common.util.concurrent.j.run(PG:9)
at com.google.common.util.concurrent.bf.execute(PG:1)
at com.google.common.util.concurrent.d.i(PG:1)
at com.google.common.util.concurrent.d.iq(PG:5)
at com.google.common.util.concurrent.j.h(PG:2)
at com.google.common.util.concurrent.ax.d(PG:1)
at com.google.apps.tiktok.dataservice.au.a(PG:5)
at com.google.apps.tiktok.dataservice.dr.c(PG:5)
at com.google.apps.tiktok.dataservice.dp.run(PG:6)
at com.google.apps.tiktok.concurrent.ak.run(PG:6)
at com.google.apps.tiktok.tracing.ei.run(PG:2)
at java.util.concurrent.Executors$RunnableAdapter.call(Executors.java:463)
at com.google.common.util.concurrent.dy.a(PG:1)
at com.google.common.util.concurrent.cv.run(PG:4)
at com.google.common.util.concurrent.dz.run(PG:1)
at android.os.Handler.handleCallback(Handler.java:942)
at android.os.Handler.dispatchMessage(Handler.java:99)
at android.os.Looper.loopOnce(Looper.java:201)
at android.os.Looper.loop(Looper.java:288)
at android.app.ActivityThread.main(ActivityThread.java:7872)
at java.lang.reflect.Method.invoke(Native Method)
at com.android.internal.os.RuntimeInit$MethodAndArgsCaller.run(RuntimeInit.java:548)
at com.android.internal.os.ZygoteInit.main(ZygoteInit.java:936)
2025-08-07 16:04:27.583 608-1260 ActivityManager system_server W Unable to start service Intent { act=android.service.smartspace.SmartspaceService cmp=com.google.android.as/com.google.android.apps.miphone.aiai.app.AiAiSmartspaceService } U=0: not found
2025-08-07 16:04:27.601 608-608 ActivityManager system_server W Unbind failed: could not find connection for android.app.LoadedApk$ServiceDispatcher$InnerConnection@32f76ed
2025-08-07 16:04:27.680 608-650 ActivityManager system_server I Killing 6272:com.hortimax.iproductive.iScan2019b/u0a163 (adj 900): remove task
2025-08-07 16:04:27.730 608-634 WindowManager system_server I WIN DEATH: Window{42c2c67 u0 com.hortimax.iproductive.iScan2019b/org.qtproject.qt.android.bindings.QtActivity}
2025-08-07 16:04:27.733 608-634 InputManager-JNI system_server W Input channel object '42c2c67 com.hortimax.iproductive.iScan2019b/org.qtproject.qt.android.bindings.QtActivity (client)' was disposed without first being removed with the input manager!
2025-08-07 16:04:27.755 608-650 ActivityManager system_server W setHasOverlayUi called on unknown pid: 6272
2025-08-07 16:04:27.765 608-659 UsageStatsService system_server W Unexpected activity event reported! (com.hortimax.iproductive.iScan2019b/org.qtproject.qt.android.bindings.QtActivity event : 23 instanceId : 195144859)
2025-08-07 16:04:28.237 608-1260 ActivityTaskManager system_server I START u0 {act=android.intent.action.MAIN cat=[android.intent.category.LAUNCHER] flg=0x10200000 cmp=com.hortimax.iproductive.iScan2019b/org.qtproject.qt.android.bindings.QtActivity bnds=[76,1873][249,2068]} from uid 10139
2025-08-07 16:04:28.289 608-661 ActivityManager system_server I Start proc 6316:com.hortimax.iproductive.iScan2019b/u0a163 for next-top-activity {com.hortimax.iproductive.iScan2019b/org.qtproject.qt.android.bindings.QtActivity}
2025-08-07 16:04:28.518 6316-6316 tive.iScan2019b com.hortimax.iproductive.iScan2019b E No implementation found for boolean org.qtproject.qt.android.QtNative.updateNativeActivity() (tried Java_org_qtproject_qt_android_QtNative_updateNativeActivity and Java_org_qtproject_qt_android_QtNative_updateNativeActivity__)
2025-08-07 16:04:28.566 6316-6316 QtLoader com.hortimax.iproductive.iScan2019b W Null extras from the Activity's intent.
2025-08-07 16:04:28.760 608-1870 CoreBackPreview system_server D Window{8c2c082 u0 com.hortimax.iproductive.iScan2019b/org.qtproject.qt.android.bindings.QtActivity}: Setting back callback OnBackInvokedCallbackInfo{mCallback=android.window.IOnBackInvokedCallback$Stub$Proxy@9cf3fd0, mPriority=0}
2025-08-07 16:04:28.970 608-1381 ActivityManager system_server W Unable to start service Intent { act=android.service.smartspace.SmartspaceService cmp=com.google.android.as/com.google.android.apps.miphone.aiai.app.AiAiSmartspaceService } U=0: not found
2025-08-07 16:04:28.974 608-608 ActivityManager system_server W Unbind failed: could not find connection for android.app.LoadedApk$ServiceDispatcher$InnerConnection@2022939
2025-08-07 16:04:29.063 608-647 ActivityTaskManager system_server I Displayed com.hortimax.iproductive.iScan2019b/org.qtproject.qt.android.bindings.QtActivity: +819ms
2025-08-07 16:04:30.156 608-759 ActivityManager system_server W Unable to start service Intent { act=android.service.smartspace.SmartspaceService cmp=com.google.android.as/com.google.android.apps.miphone.aiai.app.AiAiSmartspaceService } U=0: not found
2025-08-07 16:04:30.160 608-608 ActivityManager system_server W Unbind failed: could not find connection for android.app.LoadedApk$ServiceDispatcher$InnerConnection@91171eb
2025-08-07 16:04:30.359 608-759 InputDispatcher system_server I Channel [Gesture Monitor] swipe-up (server) is stealing touch from [8c2c082 com.hortimax.iproductive.iScan2019b/org.qtproject.qt.android.bindings.QtActivity (server), [Gesture Monitor] edge-swipe (server)]
2025-08-07 16:04:31.089 608-608 ActivityManager system_server W Unable to start service Intent { act=android.service.contentsuggestions.ContentSuggestionsService cmp=com.google.android.as/com.google.android.apps.miphone.aiai.app.AiAiContentSuggestionsService } U=0: not found
2025-08-07 16:04:31.089 608-608 ActivityManager system_server W Unbind failed: could not find connection for android.app.LoadedApk$ServiceDispatcher$InnerConnection@ca7d3f4
2025-08-07 16:04:31.089 608-608 ActivityManager system_server W Unable to start service Intent { act=android.service.contentsuggestions.ContentSuggestionsService cmp=com.google.android.as/com.google.android.apps.miphone.aiai.app.AiAiContentSuggestionsService } U=0: not found
2025-08-07 16:04:31.090 608-608 ActivityManager system_server W Unbind failed: could not find connection for android.app.LoadedApk$ServiceDispatcher$InnerConnection@29acd92
2025-08-07 16:04:31.092 608-608 ActivityManager system_server W Unable to start service Intent { act=android.service.contentsuggestions.ContentSuggestionsService cmp=com.google.android.as/com.google.android.apps.miphone.aiai.app.AiAiContentSuggestionsService } U=0: not found
2025-08-07 16:04:31.093 608-608 ActivityManager system_server W Unbind failed: could not find connection for android.app.LoadedApk$ServiceDispatcher$InnerConnection@db8b819
2025-08-07 16:04:33.486 608-1862 ActivityManager system_server I PendingStartActivityUids startActivity to updateOomAdj delay:3364ms, uid:10139
2025-08-07 16:04:33.691 608-1869 ActivityManager system_server W Unable to start service Intent { act=android.service.smartspace.SmartspaceService cmp=com.google.android.as/com.google.android.apps.miphone.aiai.app.AiAiSmartspaceService } U=0: not found
2025-08-07 16:04:33.725 608-608 ActivityManager system_server W Unbind failed: could not find connection for android.app.LoadedApk$ServiceDispatcher$InnerConnection@e66b84a
2025-08-07 16:04:33.744 608-650 ActivityManager system_server I Killing 6316:com.hortimax.iproductive.iScan2019b/u0a163 (adj 905): remove task
2025-08-07 16:04:33.780 608-1861 WindowManager system_server I WIN DEATH: Window{8c2c082 u0 com.hortimax.iproductive.iScan2019b/org.qtproject.qt.android.bindings.QtActivity}
2025-08-07 16:04:33.780 608-1861 InputManager-JNI system_server W Input channel object '8c2c082 com.hortimax.iproductive.iScan2019b/org.qtproject.qt.android.bindings.QtActivity (client)' was disposed without first being removed with the input manager!
2025-08-07 16:04:33.803 608-650 ActivityManager system_server W setHasOverlayUi called on unknown pid: 6316
2025-08-07 16:04:33.803 608-659 UsageStatsService system_server W Unexpected activity event reported! (com.hortimax.iproductive.iScan2019b/org.qtproject.qt.android.bindings.QtActivity event : 23 instanceId : 183166022)
2025-08-07 16:04:34.527 608-1381 ActivityTaskManager system_server I START u0 {act=android.intent.action.MAIN cat=[android.intent.category.LAUNCHER] flg=0x10200000 cmp=com.hortimax.iproductive.iScan2019b/org.qtproject.qt.android.bindings.QtActivity bnds=[76,1873][249,2068]} from uid 10139
2025-08-07 16:04:34.550 608-661 ActivityManager system_server I Start proc 6362:com.hortimax.iproductive.iScan2019b/u0a163 for next-top-activity {com.hortimax.iproductive.iScan2019b/org.qtproject.qt.android.bindings.QtActivity}
2025-08-07 16:04:34.672 608-1254 ActivityTaskManager system_server W takeTaskSnapshot: taskId=52 not found or not visible
2025-08-07 16:04:34.722 6362-6362 tive.iScan2019b com.hortimax.iproductive.iScan2019b E No implementation found for boolean org.qtproject.qt.android.QtNative.updateNativeActivity() (tried Java_org_qtproject_qt_android_QtNative_updateNativeActivity and Java_org_qtproject_qt_android_QtNative_updateNativeActivity__)
2025-08-07 16:04:34.754 6362-6362 QtLoader com.hortimax.iproductive.iScan2019b W Null extras from the Activity's intent.
2025-08-07 16:04:34.899 608-1381 CoreBackPreview system_server D Window{7a023aa u0 com.hortimax.iproductive.iScan2019b/org.qtproject.qt.android.bindings.QtActivity}: Setting back callback OnBackInvokedCallbackInfo{mCallback=android.window.IOnBackInvokedCallback$Stub$Proxy@f92fb38, mPriority=0}
2025-08-07 16:04:35.203 608-647 ActivityTaskManager system_server I Displayed com.hortimax.iproductive.iScan2019b/org.qtproject.qt.android.bindings.QtActivity: +648ms
2025-08-07 16:04:35.305 608-1861 ActivityManager system_server W Unable to start service Intent { act=android.service.smartspace.SmartspaceService cmp=com.google.android.as/com.google.android.apps.miphone.aiai.app.AiAiSmartspaceService } U=0: not found
2025-08-07 16:04:35.320 608-608 ActivityManager system_server W Unbind failed: could not find connection for android.app.LoadedApk$ServiceDispatcher$InnerConnection@779505f
2025-08-07 16:04:35.322 608-1864 ActivityManager system_server W Unable to start service Intent { act=android.service.smartspace.SmartspaceService cmp=com.google.android.as/com.google.android.apps.miphone.aiai.app.AiAiSmartspaceService } U=0: not found
2025-08-07 16:04:35.333 608-608 ActivityManager system_server W Unbind failed: could not find connection for android.app.LoadedApk$ServiceDispatcher$InnerConnection@88c937b
2025-08-07 16:04:37.439 608-1381 ActivityManager system_server W Unable to start service Intent { act=android.service.smartspace.SmartspaceService cmp=com.google.android.as/com.google.android.apps.miphone.aiai.app.AiAiSmartspaceService } U=0: not found
2025-08-07 16:04:37.442 608-608 ActivityManager system_server W Unbind failed: could not find connection for android.app.LoadedApk$ServiceDispatcher$InnerConnection@1bd0f4f
2025-08-07 16:04:37.616 608-1861 InputDispatcher system_server I Channel [Gesture Monitor] swipe-up (server) is stealing touch from [7a023aa com.hortimax.iproductive.iScan2019b/org.qtproject.qt.android.bindings.QtActivity (server), [Gesture Monitor] edge-swipe (server)]
2025-08-07 16:04:38.342 608-608 ActivityManager system_server W Unable to start service Intent { act=android.service.contentsuggestions.ContentSuggestionsService cmp=com.google.android.as/com.google.android.apps.miphone.aiai.app.AiAiContentSuggestionsService } U=0: not found
2025-08-07 16:04:38.345 608-608 ActivityManager system_server W Unbind failed: could not find connection for android.app.LoadedApk$ServiceDispatcher$InnerConnection@9b474c8
2025-08-07 16:04:38.347 608-608 ActivityManager system_server W Unable to start service Intent { act=android.service.contentsuggestions.ContentSuggestionsService cmp=com.google.android.as/com.google.android.apps.miphone.aiai.app.AiAiContentSuggestionsService } U=0: not found
2025-08-07 16:04:38.350 608-608 ActivityManager system_server W Unbind failed: could not find connection for android.app.LoadedApk$ServiceDispatcher$InnerConnection@f059947
2025-08-07 16:04:38.350 608-608 ActivityManager system_server W Unable to start service Intent { act=android.service.contentsuggestions.ContentSuggestionsService cmp=com.google.android.as/com.google.android.apps.miphone.aiai.app.AiAiContentSuggestionsService } U=0: not found
2025-08-07 16:04:38.352 608-608 ActivityManager system_server W Unbind failed: could not find connection for android.app.LoadedApk$ServiceDispatcher$InnerConnection@84aaa9d
2025-08-07 16:04:40.823 608-1432 ActivityManager system_server I PendingStartActivityUids startActivity to updateOomAdj delay:3432ms, uid:10139
2025-08-07 16:04:40.847 608-1864 ActivityManager system_server W Unable to start service Intent { act=android.service.smartspace.SmartspaceService cmp=com.google.android.as/com.google.android.apps.miphone.aiai.app.AiAiSmartspaceService } U=0: not found
2025-08-07 16:04:40.896 608-608 ActivityManager system_server W Unbind failed: could not find connection for android.app.LoadedApk$ServiceDispatcher$InnerConnection@529f728
2025-08-07 16:04:40.897 1799-1799 A com....android.googlequicksearchbox W Can't get WAA status for Mavatar! java.lang.NullPointerException: Attempt to invoke virtual method 'java.lang.Class java.lang.Object.getClass()' on a null object reference
at com.google.apps.tiktok.dataservice.z.b(PG:1)
at com.google.apps.tiktok.dataservice.at.a(PG:1)
at com.google.apps.tiktok.tracing.ec.a(PG:2)
at com.google.common.util.concurrent.aj.a(PG:2)
at com.google.common.util.concurrent.ac.apply(PG:1)
at com.google.common.util.concurrent.h.e(PG:2)
at com.google.common.util.concurrent.j.run(PG:9)
at com.google.common.util.concurrent.bf.execute(PG:1)
at com.google.common.util.concurrent.d.i(PG:1)
at com.google.common.util.concurrent.d.iq(PG:5)
at com.google.common.util.concurrent.j.h(PG:2)
at com.google.common.util.concurrent.ax.d(PG:1)
at com.google.apps.tiktok.dataservice.au.a(PG:5)
at com.google.apps.tiktok.dataservice.dr.c(PG:5)
at com.google.apps.tiktok.dataservice.dp.run(PG:6)
at com.google.apps.tiktok.concurrent.ak.run(PG:6)
at com.google.apps.tiktok.tracing.ei.run(PG:2)
at java.util.concurrent.Executors$RunnableAdapter.call(Executors.java:463)
at com.google.common.util.concurrent.dy.a(PG:1)
at com.google.common.util.concurrent.cv.run(PG:4)
at com.google.common.util.concurrent.dz.run(PG:1)
at android.os.Handler.handleCallback(Handler.java:942)
at android.os.Handler.dispatchMessage(Handler.java:99)
at android.os.Looper.loopOnce(Looper.java:201)
at android.os.Looper.loop(Looper.java:288)
at android.app.ActivityThread.main(ActivityThread.java:7872)
at java.lang.reflect.Method.invoke(Native Method)
at com.android.internal.os.RuntimeInit$MethodAndArgsCaller.run(RuntimeInit.java:548)
at com.android.internal.os.ZygoteInit.main(ZygoteInit.java:936)
2025-08-07 16:04:40.939 608-650 ActivityManager system_server I Killing 6362:com.hortimax.iproductive.iScan2019b/u0a163 (adj 900): remove task
2025-08-07 16:04:40.961 608-1871 WindowManager system_server I WIN DEATH: Window{7a023aa u0 com.hortimax.iproductive.iScan2019b/org.qtproject.qt.android.bindings.QtActivity}
2025-08-07 16:04:40.965 608-1871 InputManager-JNI system_server W Input channel object '7a023aa com.hortimax.iproductive.iScan2019b/org.qtproject.qt.android.bindings.QtActivity (client)' was disposed without first being removed with the input manager!
2025-08-07 16:04:40.996 608-650 ActivityManager system_server W setHasOverlayUi called on unknown pid: 6362
2025-08-07 16:04:41.007 608-659 UsageStatsService system_server W Unexpected activity event reported! (com.hortimax.iproductive.iScan2019b/org.qtproject.qt.android.bindings.QtActivity event : 23 instanceId : 77720302)
2025-08-07 16:04:41.682 608-2461 ActivityTaskManager system_server I START u0 {act=android.intent.action.MAIN cat=[android.intent.category.LAUNCHER] flg=0x10200000 cmp=com.hortimax.iproductive.iScan2019b/org.qtproject.qt.android.bindings.QtActivity bnds=[76,1873][249,2068]} from uid 10139
2025-08-07 16:04:41.698 608-661 ActivityManager system_server I Start proc 6406:com.hortimax.iproductive.iScan2019b/u0a163 for next-top-activity {com.hortimax.iproductive.iScan2019b/org.qtproject.qt.android.bindings.QtActivity}
2025-08-07 16:04:41.870 6406-6406 tive.iScan2019b com.hortimax.iproductive.iScan2019b E No implementation found for boolean org.qtproject.qt.android.QtNative.updateNativeActivity() (tried Java_org_qtproject_qt_android_QtNative_updateNativeActivity and Java_org_qtproject_qt_android_QtNative_updateNativeActivity__)
2025-08-07 16:04:41.898 6406-6406 QtLoader com.hortimax.iproductive.iScan2019b W Null extras from the Activity's intent.
2025-08-07 16:04:42.068 608-1255 CoreBackPreview system_server D Window{2497da5 u0 com.hortimax.iproductive.iScan2019b/org.qtproject.qt.android.bindings.QtActivity}: Setting back callback OnBackInvokedCallbackInfo{mCallback=android.window.IOnBackInvokedCallback$Stub$Proxy@5ffe12b, mPriority=0}
2025-08-07 16:04:42.320 608-647 ActivityTaskManager system_server I Displayed com.hortimax.iproductive.iScan2019b/org.qtproject.qt.android.bindings.QtActivity: +636ms
2025-08-07 16:04:42.466 608-1041 ActivityManager system_server W Unable to start service Intent { act=android.service.smartspace.SmartspaceService cmp=com.google.android.as/com.google.android.apps.miphone.aiai.app.AiAiSmartspaceService } U=0: not found
2025-08-07 16:04:42.480 608-608 ActivityManager system_server W Unbind failed: could not find connection for android.app.LoadedApk$ServiceDispatcher$InnerConnection@b058dce
2025-08-07 16:04:43.493 608-1041 ActivityManager system_server W Unable to start service Intent { act=android.service.smartspace.SmartspaceService cmp=com.google.android.as/com.google.android.apps.miphone.aiai.app.AiAiSmartspaceService } U=0: not found
2025-08-07 16:04:43.508 608-608 ActivityManager system_server W Unbind failed: could not find connection for android.app.LoadedApk$ServiceDispatcher$InnerConnection@5d8932
2025-08-07 16:04:43.659 608-1041 InputDispatcher system_server I Channel [Gesture Monitor] swipe-up (server) is stealing touch from [2497da5 com.hortimax.iproductive.iScan2019b/org.qtproject.qt.android.bindings.QtActivity (server), [Gesture Monitor] edge-swipe (server)]
2025-08-07 16:04:44.001 608-608 ActivityManager system_server W Unable to start service Intent { act=android.service.contentsuggestions.ContentSuggestionsService cmp=com.google.android.as/com.google.android.apps.miphone.aiai.app.AiAiContentSuggestionsService } U=0: not found
2025-08-07 16:04:44.011 608-608 ActivityManager system_server W Unbind failed: could not find connection for android.app.LoadedApk$ServiceDispatcher$InnerConnection@9ea1a53
2025-08-07 16:04:44.385 608-1869 ActivityManager system_server W Unable to start service Intent { act=android.service.smartspace.SmartspaceService cmp=com.google.android.as/com.google.android.apps.miphone.aiai.app.AiAiSmartspaceService } U=0: not found
2025-08-07 16:04:44.448 1799-1799 A com....android.googlequicksearchbox W Can't get WAA status for Mavatar! java.lang.NullPointerException: Attempt to invoke virtual method 'java.lang.Class java.lang.Object.getClass()' on a null object reference
at com.google.apps.tiktok.dataservice.z.b(PG:1)
at com.google.apps.tiktok.dataservice.at.a(PG:1)
at com.google.apps.tiktok.tracing.ec.a(PG:2)
at com.google.common.util.concurrent.aj.a(PG:2)
at com.google.common.util.concurrent.ac.apply(PG:1)
at com.google.common.util.concurrent.h.e(PG:2)
at com.google.common.util.concurrent.j.run(PG:9)
at com.google.common.util.concurrent.bf.execute(PG:1)
at com.google.common.util.concurrent.d.i(PG:1)
at com.google.common.util.concurrent.d.iq(PG:5)
at com.google.common.util.concurrent.j.h(PG:2)
at com.google.common.util.concurrent.ax.d(PG:1)
at com.google.apps.tiktok.dataservice.au.a(PG:5)
at com.google.apps.tiktok.dataservice.dr.c(PG:5)
at com.google.apps.tiktok.dataservice.dp.run(PG:6)
at com.google.apps.tiktok.concurrent.ak.run(PG:6)
at com.google.apps.tiktok.tracing.ei.run(PG:2)
at java.util.concurrent.Executors$RunnableAdapter.call(Executors.java:463)
at com.google.common.util.concurrent.dy.a(PG:1)
at com.google.common.util.concurrent.cv.run(PG:4)
at com.google.common.util.concurrent.dz.run(PG:1)
at android.os.Handler.handleCallback(Handler.java:942)
at android.os.Handler.dispatchMessage(Handler.java:99)
at android.os.Looper.loopOnce(Looper.java:201)
at android.os.Looper.loop(Looper.java:288)
at android.app.ActivityThread.main(ActivityThread.java:7872)
at java.lang.reflect.Method.invoke(Native Method)
at com.android.internal.os.RuntimeInit$MethodAndArgsCaller.run(RuntimeInit.java:548)
at com.android.internal.os.ZygoteInit.main(ZygoteInit.java:936)
2025-08-07 16:04:44.445 608-608 ActivityManager system_server W Unbind failed: could not find connection for android.app.LoadedApk$ServiceDispatcher$InnerConnection@89a6331
2025-08-07 16:04:47.474 608-1255 InputDispatcher system_server I Channel [Gesture Monitor] swipe-up (server) is stealing touch from [692c9eb com.google.android.apps.nexuslauncher/com.google.android.apps.nexuslauncher.NexusLauncherActivity (server), [Gesture Monitor] edge-swipe (server), 90025b0 com.android.systemui.wallpapers.ImageWallpaper (server)]
2025-08-07 16:04:47.996 608-608 ActivityManager system_server W Unable to start service Intent { act=android.service.contentsuggestions.ContentSuggestionsService cmp=com.google.android.as/com.google.android.apps.miphone.aiai.app.AiAiContentSuggestionsService } U=0: not found
2025-08-07 16:04:47.997 608-608 ActivityManager system_server W Unbind failed: could not find connection for android.app.LoadedApk$ServiceDispatcher$InnerConnection@5b94769
2025-08-07 16:04:47.998 608-608 ActivityManager system_server W Unable to start service Intent { act=android.service.contentsuggestions.ContentSuggestionsService cmp=com.google.android.as/com.google.android.apps.miphone.aiai.app.AiAiContentSuggestionsService } U=0: not found
2025-08-07 16:04:47.999 608-608 ActivityManager system_server W Unbind failed: could not find connection for android.app.LoadedApk$ServiceDispatcher$InnerConnection@1b9c11c
2025-08-07 16:04:48.001 608-608 ActivityManager system_server W Unable to start service Intent { act=android.service.contentsuggestions.ContentSuggestionsService cmp=com.google.android.as/com.google.android.apps.miphone.aiai.app.AiAiContentSuggestionsService } U=0: not found
2025-08-07 16:04:48.001 608-608 ActivityManager system_server W Unbind failed: could not find connection for android.app.LoadedApk$ServiceDispatcher$InnerConnection@2ef22fa
2025-08-07 16:04:50.722 608-650 ActivityManager system_server I Killing 6406:com.hortimax.iproductive.iScan2019b/u0a163 (adj 900): remove task
2025-08-07 16:04:50.744 608-1873 WindowManager system_server I WIN DEATH: Window{2497da5 u0 com.hortimax.iproductive.iScan2019b/org.qtproject.qt.android.bindings.QtActivity}
2025-08-07 16:04:50.744 608-1873 InputManager-JNI system_server W Input channel object '2497da5 com.hortimax.iproductive.iScan2019b/org.qtproject.qt.android.bindings.QtActivity (client)' was disposed without first being removed with the input manager!
2025-08-07 16:04:50.781 608-650 ActivityManager system_server W setHasOverlayUi called on unknown pid: 6406
2025-08-07 16:04:50.782 608-659 UsageStatsService system_server W Unexpected activity event reported! (com.hortimax.iproductive.iScan2019b/org.qtproject.qt.android.bindings.QtActivity event : 23 instanceId : 218600057)
2025-08-07 16:04:51.240 608-2461 ActivityTaskManager system_server I START u0 {act=android.intent.action.MAIN cat=[android.intent.category.LAUNCHER] flg=0x10200000 cmp=com.hortimax.iproductive.iScan2019b/org.qtproject.qt.android.bindings.QtActivity bnds=[76,1873][249,2068]} from uid 10139
2025-08-07 16:04:51.262 608-661 ActivityManager system_server I Start proc 6451:com.hortimax.iproductive.iScan2019b/u0a163 for next-top-activity {com.hortimax.iproductive.iScan2019b/org.qtproject.qt.android.bindings.QtActivity}
2025-08-07 16:04:51.366 608-1869 ActivityTaskManager system_server W takeTaskSnapshot: taskId=54 not found or not visible
2025-08-07 16:04:51.473 6451-6451 tive.iScan2019b com.hortimax.iproductive.iScan2019b E No implementation found for boolean org.qtproject.qt.android.QtNative.updateNativeActivity() (tried Java_org_qtproject_qt_android_QtNative_updateNativeActivity and Java_org_qtproject_qt_android_QtNative_updateNativeActivity__)
2025-08-07 16:04:51.514 6451-6451 QtLoader com.hortimax.iproductive.iScan2019b W Null extras from the Activity's intent.
