---------------------------- PROCESS STARTED (9600) for package com.example.quickcompose ----------------------------
2025-08-07 11:40:41.746 9600-9600 nativeloader com.example.quickcompose D Load libframework-connectivity-tiramisu-jni.so using APEX ns com_android_tethering for caller /apex/com.android.tethering/javalib/framework-connectivity-t.jar: ok
2025-08-07 11:40:41.929 9600-9600 nativeloader com.example.quickcompose D Load /data/user/0/com.example.quickcompose/code_cache/startup_agents/9758b833-agent.so using system ns (caller=): ok
2025-08-07 11:40:41.854 9600-9600 re-initialized> com.example.quickcompose W type=1400 audit(0.0:1658): avc: granted { execute } for path="/data/data/com.example.quickcompose/code_cache/startup_agents/9758b833-agent.so" dev="dm-46" ino=236 scontext=u:r:untrusted_app:s0:c210,c256,c512,c768 tcontext=u:object_r:app_data_file:s0:c210,c256,c512,c768 tclass=file app=com.example.quickcompose
2025-08-07 11:40:41.957 9600-9600 le.quickcompose com.example.quickcompose W DexFile /data/data/com.example.quickcompose/code_cache/.studio/instruments-07dd17c6.jar is in boot class path but is not in a known location
2025-08-07 11:40:42.471 9600-9600 le.quickcompose com.example.quickcompose W Redefining intrinsic method java.lang.Thread java.lang.Thread.currentThread(). This may cause the unexpected use of the original definition of java.lang.Thread java.lang.Thread.currentThread()in methods that have already been compiled.
2025-08-07 11:40:42.471 9600-9600 le.quickcompose com.example.quickcompose W Redefining intrinsic method boolean java.lang.Thread.interrupted(). This may cause the unexpected use of the original definition of boolean java.lang.Thread.interrupted()in methods that have already been compiled.
2025-08-07 11:40:42.498 9600-9600 CompatChangeReporter com.example.quickcompose D Compat change id reported: 242716250; UID 10210; state: ENABLED
2025-08-07 11:40:43.023 9600-9600 ApplicationLoaders com.example.quickcompose D Returning zygote-cached class loader: /system/framework/org.apache.http.legacy.jar
2025-08-07 11:40:43.070 9600-9600 ziparchive com.example.quickcompose W Unable to open '/data/app/~~eGjk9mNbLDJM5p_tvvdbtA==/com.example.quickcompose-oRoSVBOAQdgk8pNk7l3Gtg==/base.dm': No such file or directory
2025-08-07 11:40:43.072 9600-9600 ziparchive com.example.quickcompose W Unable to open '/data/app/~~eGjk9mNbLDJM5p_tvvdbtA==/com.example.quickcompose-oRoSVBOAQdgk8pNk7l3Gtg==/base.dm': No such file or directory
2025-08-07 11:40:43.672 9600-9600 nativeloader com.example.quickcompose D Configuring clns-7 for other apk /data/app/~~eGjk9mNbLDJM5p_tvvdbtA==/com.example.quickcompose-oRoSVBOAQdgk8pNk7l3Gtg==/base.apk. target_sdk_version=34, uses_libraries=, library_path=/data/app/~~eGjk9mNbLDJM5p_tvvdbtA==/com.example.quickcompose-oRoSVBOAQdgk8pNk7l3Gtg==/lib/x86_64:/data/app/~~eGjk9mNbLDJM5p_tvvdbtA==/com.example.quickcompose-oRoSVBOAQdgk8pNk7l3Gtg==/base.apk!/lib/x86_64, permitted_path=/data:/mnt/expand:/data/user/0/com.example.quickcompose
2025-08-07 11:40:43.777 9600-9600 GraphicsEnvironment com.example.quickcompose V Currently set values for:
2025-08-07 11:40:43.777 9600-9600 GraphicsEnvironment com.example.quickcompose V angle_gl_driver_selection_pkgs=[]
2025-08-07 11:40:43.777 9600-9600 GraphicsEnvironment com.example.quickcompose V angle_gl_driver_selection_values=[]
2025-08-07 11:40:43.777 9600-9600 GraphicsEnvironment com.example.quickcompose V Global.Settings values are invalid: number of packages: 0, number of values: 0
2025-08-07 11:40:43.777 9600-9600 GraphicsEnvironment com.example.quickcompose V Neither updatable production driver nor prerelease driver is supported.
2025-08-07 11:40:44.057 9600-9600 AppCompatDelegate com.example.quickcompose D Checking for metadata for AppLocalesMetadataHolderService : Service not found
2025-08-07 11:40:44.276 9600-9600 le.quickcompose com.example.quickcompose W Accessing hidden method Landroid/view/ViewGroup;->makeOptionalFitsSystemWindows()V (unsupported, reflection, allowed)
2025-08-07 11:40:44.305 9600-9600 le.quickcompose com.example.quickcompose E No implementation found for boolean org.qtproject.qt.android.QtNative.updateNativeActivity() (tried Java_org_qtproject_qt_android_QtNative_updateNativeActivity and Java_org_qtproject_qt_android_QtNative_updateNativeActivity__) - is the library loaded, e.g. System.loadLibrary?
2025-08-07 11:40:44.317 9600-9600 ziparchive com.example.quickcompose W Unable to open '/data/app/~~eGjk9mNbLDJM5p_tvvdbtA==/com.example.quickcompose-oRoSVBOAQdgk8pNk7l3Gtg==/base.dm': No such file or directory
2025-08-07 11:40:44.317 9600-9600 ziparchive com.example.quickcompose W Unable to open '/data/app/~~eGjk9mNbLDJM5p_tvvdbtA==/com.example.quickcompose-oRoSVBOAQdgk8pNk7l3Gtg==/base.dm': No such file or directory
2025-08-07 11:40:44.627 9600-9619 nativeloader com.example.quickcompose D Load /data/app/~~eGjk9mNbLDJM5p_tvvdbtA==/com.example.quickcompose-oRoSVBOAQdgk8pNk7l3Gtg==/lib/x86_64/libc++_shared.so using ns clns-7 from class loader (caller=/data/app/~~eGjk9mNbLDJM5p_tvvdbtA==/com.example.quickcompose-oRoSVBOAQdgk8pNk7l3Gtg==/base.apk!classes7.dex): ok
2025-08-07 11:40:44.641 9600-9619 nativeloader com.example.quickcompose D Load /data/app/~~eGjk9mNbLDJM5p_tvvdbtA==/com.example.quickcompose-oRoSVBOAQdgk8pNk7l3Gtg==/lib/x86_64/libQt6Core_x86_64.so using ns clns-7 from class loader (caller=/data/app/~~eGjk9mNbLDJM5p_tvvdbtA==/com.example.quickcompose-oRoSVBOAQdgk8pNk7l3Gtg==/base.apk!classes7.dex): ok
2025-08-07 11:40:44.641 9600-9619 QtCore com.example.quickcompose I Start
2025-08-07 11:40:44.663 9600-9619 nativeloader com.example.quickcompose D Load /data/app/~~eGjk9mNbLDJM5p_tvvdbtA==/com.example.quickcompose-oRoSVBOAQdgk8pNk7l3Gtg==/lib/x86_64/libQt6Gui_x86_64.so using ns clns-7 from class loader (caller=/data/app/~~eGjk9mNbLDJM5p_tvvdbtA==/com.example.quickcompose-oRoSVBOAQdgk8pNk7l3Gtg==/base.apk!classes7.dex): ok
2025-08-07 11:40:44.676 9600-9619 nativeloader com.example.quickcompose D Load /data/app/~~eGjk9mNbLDJM5p_tvvdbtA==/com.example.quickcompose-oRoSVBOAQdgk8pNk7l3Gtg==/lib/x86_64/libQt6Network_x86_64.so using ns clns-7 from class loader (caller=/data/app/~~eGjk9mNbLDJM5p_tvvdbtA==/com.example.quickcompose-oRoSVBOAQdgk8pNk7l3Gtg==/base.apk!classes7.dex): ok
2025-08-07 11:40:44.682 9600-9619 nativeloader com.example.quickcompose D Load /data/app/~~eGjk9mNbLDJM5p_tvvdbtA==/com.example.quickcompose-oRoSVBOAQdgk8pNk7l3Gtg==/lib/x86_64/libQt6OpenGL_x86_64.so using ns clns-7 from class loader (caller=/data/app/~~eGjk9mNbLDJM5p_tvvdbtA==/com.example.quickcompose-oRoSVBOAQdgk8pNk7l3Gtg==/base.apk!classes7.dex): ok
2025-08-07 11:40:44.704 9600-9619 nativeloader com.example.quickcompose D Load /data/app/~~eGjk9mNbLDJM5p_tvvdbtA==/com.example.quickcompose-oRoSVBOAQdgk8pNk7l3Gtg==/lib/x86_64/libQt6Qml_x86_64.so using ns clns-7 from class loader (caller=/data/app/~~eGjk9mNbLDJM5p_tvvdbtA==/com.example.quickcompose-oRoSVBOAQdgk8pNk7l3Gtg==/base.apk!classes7.dex): ok
2025-08-07 11:40:44.715 9600-9619 nativeloader com.example.quickcompose D Load /data/app/~~eGjk9mNbLDJM5p_tvvdbtA==/com.example.quickcompose-oRoSVBOAQdgk8pNk7l3Gtg==/lib/x86_64/libQt6QmlModels_x86_64.so using ns clns-7 from class loader (caller=/data/app/~~eGjk9mNbLDJM5p_tvvdbtA==/com.example.quickcompose-oRoSVBOAQdgk8pNk7l3Gtg==/base.apk!classes7.dex): ok
2025-08-07 11:40:44.730 9600-9619 nativeloader com.example.quickcompose D Load /data/app/~~eGjk9mNbLDJM5p_tvvdbtA==/com.example.quickcompose-oRoSVBOAQdgk8pNk7l3Gtg==/lib/x86_64/libQt6QmlWorkerScript_x86_64.so using ns clns-7 from class loader (caller=/data/app/~~eGjk9mNbLDJM5p_tvvdbtA==/com.example.quickcompose-oRoSVBOAQdgk8pNk7l3Gtg==/base.apk!classes7.dex): ok
2025-08-07 11:40:44.736 9600-9619 nativeloader com.example.quickcompose D Load /data/app/~~eGjk9mNbLDJM5p_tvvdbtA==/com.example.quickcompose-oRoSVBOAQdgk8pNk7l3Gtg==/lib/x86_64/libQt6QmlMeta_x86_64.so using ns clns-7 from class loader (caller=/data/app/~~eGjk9mNbLDJM5p_tvvdbtA==/com.example.quickcompose-oRoSVBOAQdgk8pNk7l3Gtg==/base.apk!classes7.dex): ok
2025-08-07 11:40:44.767 9600-9619 nativeloader com.example.quickcompose D Load /data/app/~~eGjk9mNbLDJM5p_tvvdbtA==/com.example.quickcompose-oRoSVBOAQdgk8pNk7l3Gtg==/lib/x86_64/libQt6Quick_x86_64.so using ns clns-7 from class loader (caller=/data/app/~~eGjk9mNbLDJM5p_tvvdbtA==/com.example.quickcompose-oRoSVBOAQdgk8pNk7l3Gtg==/base.apk!classes7.dex): ok
2025-08-07 11:40:44.781 9600-9619 nativeloader com.example.quickcompose D Load /data/app/~~eGjk9mNbLDJM5p_tvvdbtA==/com.example.quickcompose-oRoSVBOAQdgk8pNk7l3Gtg==/lib/x86_64/libQt6Quick3DUtils_x86_64.so using ns clns-7 from class loader (caller=/data/app/~~eGjk9mNbLDJM5p_tvvdbtA==/com.example.quickcompose-oRoSVBOAQdgk8pNk7l3Gtg==/base.apk!classes7.dex): ok
2025-08-07 11:40:44.806 9600-9619 nativeloader com.example.quickcompose D Load /data/app/~~eGjk9mNbLDJM5p_tvvdbtA==/com.example.quickcompose-oRoSVBOAQdgk8pNk7l3Gtg==/lib/x86_64/libQt6ShaderTools_x86_64.so using ns clns-7 from class loader (caller=/data/app/~~eGjk9mNbLDJM5p_tvvdbtA==/com.example.quickcompose-oRoSVBOAQdgk8pNk7l3Gtg==/base.apk!classes7.dex): ok
2025-08-07 11:40:44.847 9600-9619 nativeloader com.example.quickcompose D Load /data/app/~~eGjk9mNbLDJM5p_tvvdbtA==/com.example.quickcompose-oRoSVBOAQdgk8pNk7l3Gtg==/lib/x86_64/libQt6Quick3DRuntimeRender_x86_64.so using ns clns-7 from class loader (caller=/data/app/~~eGjk9mNbLDJM5p_tvvdbtA==/com.example.quickcompose-oRoSVBOAQdgk8pNk7l3Gtg==/base.apk!classes7.dex): ok
2025-08-07 11:40:44.862 9600-9619 nativeloader com.example.quickcompose D Load /data/app/~~eGjk9mNbLDJM5p_tvvdbtA==/com.example.quickcompose-oRoSVBOAQdgk8pNk7l3Gtg==/lib/x86_64/libQt6Quick3D_x86_64.so using ns clns-7 from class loader (caller=/data/app/~~eGjk9mNbLDJM5p_tvvdbtA==/com.example.quickcompose-oRoSVBOAQdgk8pNk7l3Gtg==/base.apk!classes7.dex): ok
2025-08-07 11:40:44.869 9600-9619 nativeloader com.example.quickcompose D Load /data/app/~~eGjk9mNbLDJM5p_tvvdbtA==/com.example.quickcompose-oRoSVBOAQdgk8pNk7l3Gtg==/lib/x86_64/libQt6Concurrent_x86_64.so using ns clns-7 from class loader (caller=/data/app/~~eGjk9mNbLDJM5p_tvvdbtA==/com.example.quickcompose-oRoSVBOAQdgk8pNk7l3Gtg==/base.apk!classes7.dex): ok
2025-08-07 11:40:44.887 9600-9619 nativeloader com.example.quickcompose D Load /data/app/~~eGjk9mNbLDJM5p_tvvdbtA==/com.example.quickcompose-oRoSVBOAQdgk8pNk7l3Gtg==/lib/x86_64/libQt6Quick3DHelpers_x86_64.so using ns clns-7 from class loader (caller=/data/app/~~eGjk9mNbLDJM5p_tvvdbtA==/com.example.quickcompose-oRoSVBOAQdgk8pNk7l3Gtg==/base.apk!classes7.dex): ok
2025-08-07 11:40:44.900 9600-9619 nativeloader com.example.quickcompose D Load /data/app/~~eGjk9mNbLDJM5p_tvvdbtA==/com.example.quickcompose-oRoSVBOAQdgk8pNk7l3Gtg==/lib/x86_64/libQt6Quick3DHelpersImpl_x86_64.so using ns clns-7 from class loader (caller=/data/app/~~eGjk9mNbLDJM5p_tvvdbtA==/com.example.quickcompose-oRoSVBOAQdgk8pNk7l3Gtg==/base.apk!classes7.dex): ok
2025-08-07 11:40:44.918 9600-9619 nativeloader com.example.quickcompose D Load /data/app/~~eGjk9mNbLDJM5p_tvvdbtA==/com.example.quickcompose-oRoSVBOAQdgk8pNk7l3Gtg==/lib/x86_64/libQt6QuickTemplates2_x86_64.so using ns clns-7 from class loader (caller=/data/app/~~eGjk9mNbLDJM5p_tvvdbtA==/com.example.quickcompose-oRoSVBOAQdgk8pNk7l3Gtg==/base.apk!classes7.dex): ok
2025-08-07 11:40:44.934 9600-9619 nativeloader com.example.quickcompose D Load /data/app/~~eGjk9mNbLDJM5p_tvvdbtA==/com.example.quickcompose-oRoSVBOAQdgk8pNk7l3Gtg==/lib/x86_64/libQt6QuickControls2Impl_x86_64.so using ns clns-7 from class loader (caller=/data/app/~~eGjk9mNbLDJM5p_tvvdbtA==/com.example.quickcompose-oRoSVBOAQdgk8pNk7l3Gtg==/base.apk!classes7.dex): ok
2025-08-07 11:40:44.947 9600-9619 nativeloader com.example.quickcompose D Load /data/app/~~eGjk9mNbLDJM5p_tvvdbtA==/com.example.quickcompose-oRoSVBOAQdgk8pNk7l3Gtg==/lib/x86_64/libQt6QuickControls2_x86_64.so using ns clns-7 from class loader (caller=/data/app/~~eGjk9mNbLDJM5p_tvvdbtA==/com.example.quickcompose-oRoSVBOAQdgk8pNk7l3Gtg==/base.apk!classes7.dex): ok
2025-08-07 11:40:44.960 9600-9619 nativeloader com.example.quickcompose D Load /data/app/~~eGjk9mNbLDJM5p_tvvdbtA==/com.example.quickcompose-oRoSVBOAQdgk8pNk7l3Gtg==/lib/x86_64/libQt6QuickLayouts_x86_64.so using ns clns-7 from class loader (caller=/data/app/~~eGjk9mNbLDJM5p_tvvdbtA==/com.example.quickcompose-oRoSVBOAQdgk8pNk7l3Gtg==/base.apk!classes7.dex): ok
2025-08-07 11:40:44.977 9600-9619 nativeloader com.example.quickcompose D Load /data/app/~~eGjk9mNbLDJM5p_tvvdbtA==/com.example.quickcompose-oRoSVBOAQdgk8pNk7l3Gtg==/lib/x86_64/libQt6QuickControls2FusionStyleImpl_x86_64.so using ns clns-7 from class loader (caller=/data/app/~~eGjk9mNbLDJM5p_tvvdbtA==/com.example.quickcompose-oRoSVBOAQdgk8pNk7l3Gtg==/base.apk!classes7.dex): ok
2025-08-07 11:40:44.994 9600-9619 nativeloader com.example.quickcompose D Load /data/app/~~eGjk9mNbLDJM5p_tvvdbtA==/com.example.quickcompose-oRoSVBOAQdgk8pNk7l3Gtg==/lib/x86_64/libQt6QuickControls2Fusion_x86_64.so using ns clns-7 from class loader (caller=/data/app/~~eGjk9mNbLDJM5p_tvvdbtA==/com.example.quickcompose-oRoSVBOAQdgk8pNk7l3Gtg==/base.apk!classes7.dex): ok
2025-08-07 11:40:45.009 9600-9619 nativeloader com.example.quickcompose D Load /data/app/~~eGjk9mNbLDJM5p_tvvdbtA==/com.example.quickcompose-oRoSVBOAQdgk8pNk7l3Gtg==/lib/x86_64/libQt6QuickControls2MaterialStyleImpl_x86_64.so using ns clns-7 from class loader (caller=/data/app/~~eGjk9mNbLDJM5p_tvvdbtA==/com.example.quickcompose-oRoSVBOAQdgk8pNk7l3Gtg==/base.apk!classes7.dex): ok
2025-08-07 11:40:45.025 9600-9619 nativeloader com.example.quickcompose D Load /data/app/~~eGjk9mNbLDJM5p_tvvdbtA==/com.example.quickcompose-oRoSVBOAQdgk8pNk7l3Gtg==/lib/x86_64/libQt6QuickControls2Material_x86_64.so using ns clns-7 from class loader (caller=/data/app/~~eGjk9mNbLDJM5p_tvvdbtA==/com.example.quickcompose-oRoSVBOAQdgk8pNk7l3Gtg==/base.apk!classes7.dex): ok
2025-08-07 11:40:45.041 9600-9619 nativeloader com.example.quickcompose D Load /data/app/~~eGjk9mNbLDJM5p_tvvdbtA==/com.example.quickcompose-oRoSVBOAQdgk8pNk7l3Gtg==/lib/x86_64/libQt6QuickControls2ImagineStyleImpl_x86_64.so using ns clns-7 from class loader (caller=/data/app/~~eGjk9mNbLDJM5p_tvvdbtA==/com.example.quickcompose-oRoSVBOAQdgk8pNk7l3Gtg==/base.apk!classes7.dex): ok
2025-08-07 11:40:45.055 9600-9619 nativeloader com.example.quickcompose D Load /data/app/~~eGjk9mNbLDJM5p_tvvdbtA==/com.example.quickcompose-oRoSVBOAQdgk8pNk7l3Gtg==/lib/x86_64/libQt6QuickControls2Imagine_x86_64.so using ns clns-7 from class loader (caller=/data/app/~~eGjk9mNbLDJM5p_tvvdbtA==/com.example.quickcompose-oRoSVBOAQdgk8pNk7l3Gtg==/base.apk!classes7.dex): ok
2025-08-07 11:40:45.070 9600-9619 nativeloader com.example.quickcompose D Load /data/app/~~eGjk9mNbLDJM5p_tvvdbtA==/com.example.quickcompose-oRoSVBOAQdgk8pNk7l3Gtg==/lib/x86_64/libQt6QuickControls2UniversalStyleImpl_x86_64.so using ns clns-7 from class loader (caller=/data/app/~~eGjk9mNbLDJM5p_tvvdbtA==/com.example.quickcompose-oRoSVBOAQdgk8pNk7l3Gtg==/base.apk!classes7.dex): ok
2025-08-07 11:40:45.084 9600-9619 nativeloader com.example.quickcompose D Load /data/app/~~eGjk9mNbLDJM5p_tvvdbtA==/com.example.quickcompose-oRoSVBOAQdgk8pNk7l3Gtg==/lib/x86_64/libQt6QuickControls2Universal_x86_64.so using ns clns-7 from class loader (caller=/data/app/~~eGjk9mNbLDJM5p_tvvdbtA==/com.example.quickcompose-oRoSVBOAQdgk8pNk7l3Gtg==/base.apk!classes7.dex): ok
2025-08-07 11:40:45.095 9600-9619 nativeloader com.example.quickcompose D Load /data/app/~~eGjk9mNbLDJM5p_tvvdbtA==/com.example.quickcompose-oRoSVBOAQdgk8pNk7l3Gtg==/lib/x86_64/libQt6QuickControls2FluentWinUI3StyleImpl_x86_64.so using ns clns-7 from class loader (caller=/data/app/~~eGjk9mNbLDJM5p_tvvdbtA==/com.example.quickcompose-oRoSVBOAQdgk8pNk7l3Gtg==/base.apk!classes7.dex): ok
2025-08-07 11:40:45.105 9600-9619 nativeloader com.example.quickcompose D Load /data/app/~~eGjk9mNbLDJM5p_tvvdbtA==/com.example.quickcompose-oRoSVBOAQdgk8pNk7l3Gtg==/lib/x86_64/libQt6QuickControls2BasicStyleImpl_x86_64.so using ns clns-7 from class loader (caller=/data/app/~~eGjk9mNbLDJM5p_tvvdbtA==/com.example.quickcompose-oRoSVBOAQdgk8pNk7l3Gtg==/base.apk!classes7.dex): ok
2025-08-07 11:40:45.122 9600-9619 nativeloader com.example.quickcompose D Load /data/app/~~eGjk9mNbLDJM5p_tvvdbtA==/com.example.quickcompose-oRoSVBOAQdgk8pNk7l3Gtg==/lib/x86_64/libQt6QuickControls2Basic_x86_64.so using ns clns-7 from class loader (caller=/data/app/~~eGjk9mNbLDJM5p_tvvdbtA==/com.example.quickcompose-oRoSVBOAQdgk8pNk7l3Gtg==/base.apk!classes7.dex): ok
2025-08-07 11:40:45.139 9600-9619 nativeloader com.example.quickcompose D Load /data/app/~~eGjk9mNbLDJM5p_tvvdbtA==/com.example.quickcompose-oRoSVBOAQdgk8pNk7l3Gtg==/lib/x86_64/libQt6QuickEffects_x86_64.so using ns clns-7 from class loader (caller=/data/app/~~eGjk9mNbLDJM5p_tvvdbtA==/com.example.quickcompose-oRoSVBOAQdgk8pNk7l3Gtg==/base.apk!classes7.dex): ok
2025-08-07 11:40:45.151 9600-9619 nativeloader com.example.quickcompose D Load /data/app/~~eGjk9mNbLDJM5p_tvvdbtA==/com.example.quickcompose-oRoSVBOAQdgk8pNk7l3Gtg==/lib/x86_64/libQt6QuickShapes_x86_64.so using ns clns-7 from class loader (caller=/data/app/~~eGjk9mNbLDJM5p_tvvdbtA==/com.example.quickcompose-oRoSVBOAQdgk8pNk7l3Gtg==/base.apk!classes7.dex): ok
2025-08-07 11:40:45.163 9600-9619 nativeloader com.example.quickcompose D Load /data/app/~~eGjk9mNbLDJM5p_tvvdbtA==/com.example.quickcompose-oRoSVBOAQdgk8pNk7l3Gtg==/lib/x86_64/libQt6LabsQmlModels_x86_64.so using ns clns-7 from class loader (caller=/data/app/~~eGjk9mNbLDJM5p_tvvdbtA==/com.example.quickcompose-oRoSVBOAQdgk8pNk7l3Gtg==/base.apk!classes7.dex): ok
2025-08-07 11:40:45.182 9600-9619 nativeloader com.example.quickcompose D Load /data/app/~~eGjk9mNbLDJM5p_tvvdbtA==/com.example.quickcompose-oRoSVBOAQdgk8pNk7l3Gtg==/lib/x86_64/libplugins_platforms_qtforandroid_x86_64.so using ns clns-7 from class loader (caller=/data/app/~~eGjk9mNbLDJM5p_tvvdbtA==/com.example.quickcompose-oRoSVBOAQdgk8pNk7l3Gtg==/base.apk!classes7.dex): ok
2025-08-07 11:40:45.185 9600-9619 Qt com.example.quickcompose I qt started
2025-08-07 11:40:45.203 9600-9619 nativeloader com.example.quickcompose D Load /data/app/~~eGjk9mNbLDJM5p_tvvdbtA==/com.example.quickcompose-oRoSVBOAQdgk8pNk7l3Gtg==/lib/x86_64/libqt_x86_64.so using ns clns-7 from class loader (caller=/data/app/~~eGjk9mNbLDJM5p_tvvdbtA==/com.example.quickcompose-oRoSVBOAQdgk8pNk7l3Gtg==/base.apk!classes7.dex): ok
2025-08-07 11:40:45.237 9600-9619 EGL_emulation com.example.quickcompose I Opening libGLESv1_CM_emulation.so
2025-08-07 11:40:45.241 9600-9619 EGL_emulation com.example.quickcompose I Opening libGLESv2_emulation.so
2025-08-07 11:40:45.372 9600-9600 HWUI com.example.quickcompose W Unknown dataspace 0
2025-08-07 11:40:45.401 9600-9600 Choreographer com.example.quickcompose I Skipped 86 frames! The application may be doing too much work on its main thread.
2025-08-07 11:40:45.596 9600-9604 le.quickcompose com.example.quickcompose I Compiler allocated 4219KB to compile void android.widget.TextView.(android.content.Context, android.util.AttributeSet, int, int)
2025-08-07 11:40:46.183 9600-9604 le.quickcompose com.example.quickcompose I Compiler allocated 5174KB to compile void android.view.ViewRootImpl.performTraversals()
2025-08-07 11:40:46.494 9600-9616 HWUI com.example.quickcompose W Failed to choose config with EGL_SWAP_BEHAVIOR_PRESERVED, retrying without...
2025-08-07 11:40:46.500 9600-9616 HWUI com.example.quickcompose W Failed to initialize 101010-2 format, error = EGL_SUCCESS
2025-08-07 11:40:47.025 9600-9616 Gralloc4 com.example.quickcompose I mapper 4.x is not supported
2025-08-07 11:40:47.360 9600-9619 default com.example.quickcompose W No interface with className org/qtproject/qt/android/QtAccessibilityInterface has been registered.
2025-08-07 11:40:47.368 9600-9613 HWUI com.example.quickcompose I Davey! duration=3312ms; Flags=1, FrameTimelineVsyncId=110230, IntendedVsync=10217958165803, Vsync=10219391499079, InputEventId=0, HandleInputStart=10219408057713, AnimationStart=10219408067122, PerformTraversalsStart=10219409335065, DrawStart=10221119319611, FrameDeadline=10217974832469, FrameInterval=10219406850956, FrameStartTime=16666666, SyncQueued=10221157037736, SyncStart=10221197872929, IssueDrawCommandsStart=10221205406645, SwapBuffers=10221296501312, FrameCompleted=10221311156351, DequeueBufferDuration=9798, QueueBufferDuration=1178561, GpuCompleted=10221311156351, SwapBuffersCompleted=10221303004910, DisplayPresentTime=72904454231359566, CommandSubmissionCompleted=10221296501312,
2025-08-07 11:40:47.390 9600-9600 Choreographer com.example.quickcompose I Skipped 107 frames! The application may be doing too much work on its main thread.
2025-08-07 11:40:47.639 9600-9610 HWUI com.example.quickcompose I Davey! duration=1900ms; Flags=0, FrameTimelineVsyncId=110262, IntendedVsync=10219608165737, Vsync=10221391498999, InputEventId=0, HandleInputStart=10221399024769, AnimationStart=10221399027438, PerformTraversalsStart=10221404383895, DrawStart=10221406268273, FrameDeadline=10221341499001, FrameInterval=10221396155244, FrameStartTime=16666666, SyncQueued=10221406802554, SyncStart=10221407267683, IssueDrawCommandsStart=10221407583892, SwapBuffers=10221418875504, FrameCompleted=10221509457672, DequeueBufferDuration=7636, QueueBufferDuration=1737645, GpuCompleted=10221509457672, SwapBuffersCompleted=10221441915619, DisplayPresentTime=144115222452437076, CommandSubmissionCompleted=10221418875504,
2025-08-07 11:40:48.412 9600-9600 MainActivity com.example.quickcompose V Status of QtQuickView: READY
2025-08-07 11:40:48.476 9600-9616 EGL_emulation com.example.quickcompose D app_time_stats: avg=393.00ms min=138.80ms max=718.24ms count=3
2025-08-07 11:40:49.677 9600-9616 EGL_emulation com.example.quickcompose D app_time_stats: avg=1199.99ms min=1199.99ms max=1199.99ms count=1
2025-08-07 11:40:50.922 9600-9616 EGL_emulation com.example.quickcompose D app_time_stats: avg=363.67ms min=144.68ms max=760.00ms count=3
2025-08-07 11:40:51.130 9600-9630 ProfileInstaller com.example.quickcompose D Installing profile for com.example.quickcompose
2025-08-07 11:41:00.611 9600-9616 EGL_emulation com.example.quickcompose D app_time_stats: avg=3215.75ms min=10.55ms max=9523.69ms count=3
2025-08-07 11:41:01.538 9600-9600 Choreographer com.example.quickcompose I Skipped 31 frames! The application may be doing too much work on its main thread.
2025-08-07 11:41:01.699 9600-9616 EGL_emulation com.example.quickcompose D app_time_stats: avg=70.28ms min=1.25ms max=185.74ms count=13
2025-08-07 11:41:02.033 9600-9600 PureComposeExample com.example.quickcompose V Status of QtQuickView: READY
2025-08-07 11:41:02.033 9600-9600 PureComposeExample com.example.quickcompose V Status of QtQuickView: READY
2025-08-07 11:41:02.670 9600-9600 Choreographer com.example.quickcompose I Skipped 37 frames! The application may be doing too much work on its main thread.
2025-08-07 11:41:02.723 9600-9616 EGL_emulation com.example.quickcompose D app_time_stats: avg=233.13ms min=109.93ms max=392.88ms count=3
2025-08-07 11:41:02.822 9600-9600 PureComposeExample com.example.quickcompose V Status of QtQuickView: READY
2025-08-07 11:41:02.830 9600-9600 PureComposeExample com.example.quickcompose V Status of QtQuickView: READY
2025-08-07 11:41:02.831 9600-9600 PureComposeExample com.example.quickcompose V Status of QtQuickView: READY
2025-08-07 11:41:02.832 9600-9600 PureComposeExample com.example.quickcompose V Status of QtQuickView: READY
2025-08-07 11:41:03.061 9600-9616 EGL_emulation com.example.quickcompose D app_time_stats: avg=409.23ms min=174.24ms max=633.87ms count=4
2025-08-07 11:41:03.874 9600-9600 VRI[MainActivity] com.example.quickcompose D visibilityChanged oldVisibility=true newVisibility=false
2025-08-07 11:41:04.724 9600-9616 EGL_emulation com.example.quickcompose D app_time_stats: avg=830.71ms min=705.75ms max=955.67ms count=2
2025-08-07 11:41:05.192 9600-9640 default com.example.quickcompose W makeCurrent(): no EGLSurface, likely Surface destroyed by Android.
2025-08-07 11:41:05.192 9600-9640 default com.example.quickcompose W QRhiGles2: Failed to make context current. Expect bad things to happen.
2025-08-07 11:41:05.192 9600-9640 default com.example.quickcompose W Failed to create RHI (backend 2)
2025-08-07 11:41:05.192 9600-9640 default com.example.quickcompose W Failed to create QRhi on the render thread; scenegraph is not functional
2025-08-07 11:41:05.625 9600-9641 default com.example.quickcompose W makeCurrent(): no EGLSurface, likely Surface destroyed by Android.
2025-08-07 11:41:05.625 9600-9641 default com.example.quickcompose W QRhiGles2: Failed to make context current. Expect bad things to happen.
2025-08-07 11:41:05.625 9600-9641 default com.example.quickcompose W Failed to create RHI (backend 2)
2025-08-07 11:41:05.625 9600-9641 default com.example.quickcompose W Failed to create QRhi on the render thread; scenegraph is not functional
2025-08-07 11:41:05.717 9600-9619 default com.example.quickcompose A Failed to initialize graphics backend for OpenGL.
2025-08-07 11:41:05.718 9600-9619 libc com.example.quickcompose A Fatal signal 6 (SIGABRT), code -1 (SI_QUEUE) in tid 9619 (qtMainLoopThrea), pid 9600 (le.quickcompose)
2025-08-07 11:41:06.362 9644-9644 DEBUG pid-9644 A Cmdline: com.example.quickcompose
2025-08-07 11:41:06.362 9644-9644 DEBUG pid-9644 A pid: 9600, tid: 9619, name: qtMainLoopThrea >>> com.example.quickcompose <<<
2025-08-07 11:41:06.362 9644-9644 DEBUG pid-9644 A #01 pc 000000000031c270 /data/app/~~eGjk9mNbLDJM5p_tvvdbtA==/com.example.quickcompose-oRoSVBOAQdgk8pNk7l3Gtg==/lib/x86_64/libQt6Core_x86_64.so (BuildId: 169f3ed6c88191f5a332d78cc29a50735be880c9)
2025-08-07 11:41:06.362 9644-9644 DEBUG pid-9644 A #02 pc 0000000000331cb4 /data/app/~~eGjk9mNbLDJM5p_tvvdbtA==/com.example.quickcompose-oRoSVBOAQdgk8pNk7l3Gtg==/lib/x86_64/libQt6Core_x86_64.so (BuildId: 169f3ed6c88191f5a332d78cc29a50735be880c9)
2025-08-07 11:41:06.362 9644-9644 DEBUG pid-9644 A #03 pc 0000000000332e88 /data/app/~~eGjk9mNbLDJM5p_tvvdbtA==/com.example.quickcompose-oRoSVBOAQdgk8pNk7l3Gtg==/lib/x86_64/libQt6Core_x86_64.so (QMessageLogger::fatal(char const*, ...) const+210) (BuildId: 169f3ed6c88191f5a332d78cc29a50735be880c9)
2025-08-07 11:41:06.362 9644-9644 DEBUG pid-9644 A #04 pc 00000000004f61a2 /data/app/~~eGjk9mNbLDJM5p_tvvdbtA==/com.example.quickcompose-oRoSVBOAQdgk8pNk7l3Gtg==/lib/x86_64/libQt6Quick_x86_64.so (QSGRenderLoop::handleContextCreationFailure(QQuickWindow*)+436) (BuildId: 0a2b95fecdae1e63a816174c0b17226e6a0e88d4)
2025-08-07 11:41:06.362 9644-9644 DEBUG pid-9644 A #05 pc 000000000048932a /data/app/~~eGjk9mNbLDJM5p_tvvdbtA==/com.example.quickcompose-oRoSVBOAQdgk8pNk7l3Gtg==/lib/x86_64/libQt6Quick_x86_64.so (QQuickWindow::event(QEvent*)+3786) (BuildId: 0a2b95fecdae1e63a816174c0b17226e6a0e88d4)
2025-08-07 11:41:06.362 9644-9644 DEBUG pid-9644 A #06 pc 0000000000388509 /data/app/~~eGjk9mNbLDJM5p_tvvdbtA==/com.example.quickcompose-oRoSVBOAQdgk8pNk7l3Gtg==/lib/x86_64/libQt6Core_x86_64.so (QCoreApplication::notifyInternal2(QObject*, QEvent*)+141) (BuildId: 169f3ed6c88191f5a332d78cc29a50735be880c9)
2025-08-07 11:41:06.362 9644-9644 DEBUG pid-9644 A #07 pc 00000000003891bc /data/app/~~eGjk9mNbLDJM5p_tvvdbtA==/com.example.quickcompose-oRoSVBOAQdgk8pNk7l3Gtg==/lib/x86_64/libQt6Core_x86_64.so (QCoreApplicationPrivate::sendPostedEvents(QObject*, int, QThreadData*)+492) (BuildId: 169f3ed6c88191f5a332d78cc29a50735be880c9)
2025-08-07 11:41:06.362 9644-9644 DEBUG pid-9644 A #08 pc 00000000004ab4ed /data/app/~~eGjk9mNbLDJM5p_tvvdbtA==/com.example.quickcompose-oRoSVBOAQdgk8pNk7l3Gtg==/lib/x86_64/libQt6Core_x86_64.so (QEventDispatcherUNIX::processEvents(QFlags)+81) (BuildId: 169f3ed6c88191f5a332d78cc29a50735be880c9)
2025-08-07 11:41:06.362 9644-9644 DEBUG pid-9644 A #09 pc 00000000006a0e17 /data/app/~~eGjk9mNbLDJM5p_tvvdbtA==/com.example.quickcompose-oRoSVBOAQdgk8pNk7l3Gtg==/lib/x86_64/libQt6Gui_x86_64.so (QUnixEventDispatcherQPA::processEvents(QFlags)+13) (BuildId: 3c1f04a1e8717e3dbb822a331d6f768a2a1e02fc)
2025-08-07 11:41:06.362 9644-9644 DEBUG pid-9644 A #10 pc 0000000000069ef1 /data/app/~~eGjk9mNbLDJM5p_tvvdbtA==/com.example.quickcompose-oRoSVBOAQdgk8pNk7l3Gtg==/lib/x86_64/libplugins_platforms_qtforandroid_x86_64.so (BuildId: 7de7b7c82a14dcf5818b3635e39ec59a14ef2041)
2025-08-07 11:41:06.362 9644-9644 DEBUG pid-9644 A #11 pc 000000000038f756 /data/app/~~eGjk9mNbLDJM5p_tvvdbtA==/com.example.quickcompose-oRoSVBOAQdgk8pNk7l3Gtg==/lib/x86_64/libQt6Core_x86_64.so (QEventLoop::exec(QFlags)+324) (BuildId: 169f3ed6c88191f5a332d78cc29a50735be880c9)
2025-08-07 11:41:06.362 9644-9644 DEBUG pid-9644 A #12 pc 0000000000388a48 /data/app/~~eGjk9mNbLDJM5p_tvvdbtA==/com.example.quickcompose-oRoSVBOAQdgk8pNk7l3Gtg==/lib/x86_64/libQt6Core_x86_64.so (QCoreApplication::exec()+152) (BuildId: 169f3ed6c88191f5a332d78cc29a50735be880c9)
2025-08-07 11:41:06.362 9644-9644 DEBUG pid-9644 A #13 pc 000000000001c23d /data/app/~~eGjk9mNbLDJM5p_tvvdbtA==/com.example.quickcompose-oRoSVBOAQdgk8pNk7l3Gtg==/lib/x86_64/libqt_x86_64.so (main+61) (BuildId: b21a2703d5272fccb3c306252cb1f63aa702abcb)
2025-08-07 11:41:06.362 9644-9644 DEBUG pid-9644 A #14 pc 00000000000613df /data/app/~~eGjk9mNbLDJM5p_tvvdbtA==/com.example.quickcompose-oRoSVBOAQdgk8pNk7l3Gtg==/lib/x86_64/libplugins_platforms_qtforandroid_x86_64.so (BuildId: 7de7b7c82a14dcf5818b3635e39ec59a14ef2041)
2025-08-07 11:41:06.362 9644-9644 DEBUG pid-9644 A #21 pc 00000000001dfea0 /data/app/~~eGjk9mNbLDJM5p_tvvdbtA==/com.example.quickcompose-oRoSVBOAQdgk8pNk7l3Gtg==/base.apk (org.qtproject.qt.android.QtNative$$ExternalSyntheticLambda4.run+0)
2025-08-07 11:41:06.362 9644-9644 DEBUG pid-9644 A #27 pc 00000000001e1bac /data/app/~~eGjk9mNbLDJM5p_tvvdbtA==/com.example.quickcompose-oRoSVBOAQdgk8pNk7l3Gtg==/base.apk (org.qtproject.qt.android.QtThread$1.run+0) ---------------------------- PROCESS ENDED (9600) for package com.example.quickcompose ----------------------------