2025-08-12 10:23:32.351 7182-7182 le.quickcompose com.example.quickcompose I Late-enabling -Xcheck:jni
2025-08-12 10:23:32.375 7182-7182 le.quickcompose com.example.quickcompose I Using CollectorTypeCMC GC.
2025-08-12 10:23:32.375 7182-7182 le.quickcompose com.example.quickcompose W Unexpected CPU variant for x86: x86_64. Known variants: atom, sandybridge, silvermont, goldmont, goldmont-plus, goldmont-without-sha-xsaves, tremont, kabylake, default
2025-08-12 10:23:32.395 7182-7182 nativeloader com.example.quickcompose D Load libframework-connectivity-tiramisu-jni.so using APEX ns com_android_tethering for caller /apex/com.android.tethering/javalib/framework-connectivity-t.jar: ok
2025-08-12 10:23:32.522 7182-7182 nativeloader com.example.quickcompose D Load /data/user/0/com.example.quickcompose/code_cache/startup_agents/9758b833-agent.so using system ns (caller=): ok
2025-08-12 10:23:32.553 7182-7182 le.quickcompose com.example.quickcompose W DexFile /data/data/com.example.quickcompose/code_cache/.studio/instruments-07dd17c6.jar is in boot class path but is not in a known location
2025-08-12 10:23:32.697 7182-7182 le.quickcompose com.example.quickcompose W Redefining intrinsic method java.lang.Thread java.lang.Thread.currentThread(). This may cause the unexpected use of the original definition of java.lang.Thread java.lang.Thread.currentThread()in methods that have already been compiled.
2025-08-12 10:23:32.697 7182-7182 le.quickcompose com.example.quickcompose W Redefining intrinsic method boolean java.lang.Thread.interrupted(). This may cause the unexpected use of the original definition of boolean java.lang.Thread.interrupted()in methods that have already been compiled.
2025-08-12 10:23:32.711 7182-7182 ActivityThread com.example.quickcompose I Relaunch all activities: onCoreSettingsChange
2025-08-12 10:23:32.715 7182-7182 CompatChangeReporter com.example.quickcompose D Compat change id reported: 242716250; UID 10210; state: ENABLED
2025-08-12 10:23:32.743 7182-7182 ApplicationLoaders com.example.quickcompose D Returning zygote-cached class loader: /system/framework/org.apache.http.legacy.jar
2025-08-12 10:23:32.752 7182-7182 ziparchive com.example.quickcompose W Unable to open '/data/data/com.example.quickcompose/code_cache/.overlay/base.apk/classes4.dm': No such file or directory
2025-08-12 10:23:32.756 7182-7182 ziparchive com.example.quickcompose W Unable to open '/data/app/~~Zj1Q1itESHgUD8tVAnXTQw==/com.example.quickcompose-6s5ZkyFi_mhJ-PM-C2vJeQ==/base.dm': No such file or directory
2025-08-12 10:23:32.756 7182-7182 ziparchive com.example.quickcompose W Unable to open '/data/app/~~Zj1Q1itESHgUD8tVAnXTQw==/com.example.quickcompose-6s5ZkyFi_mhJ-PM-C2vJeQ==/base.dm': No such file or directory
2025-08-12 10:23:33.222 7182-7182 nativeloader com.example.quickcompose D Configuring clns-7 for other apk /data/app/~~Zj1Q1itESHgUD8tVAnXTQw==/com.example.quickcompose-6s5ZkyFi_mhJ-PM-C2vJeQ==/base.apk. target_sdk_version=34, uses_libraries=, library_path=/data/app/~~Zj1Q1itESHgUD8tVAnXTQw==/com.example.quickcompose-6s5ZkyFi_mhJ-PM-C2vJeQ==/lib/x86_64:/data/app/~~Zj1Q1itESHgUD8tVAnXTQw==/com.example.quickcompose-6s5ZkyFi_mhJ-PM-C2vJeQ==/base.apk!/lib/x86_64, permitted_path=/data:/mnt/expand:/data/user/0/com.example.quickcompose
2025-08-12 10:23:33.367 7182-7182 GraphicsEnvironment com.example.quickcompose V Currently set values for:
2025-08-12 10:23:33.368 7182-7182 GraphicsEnvironment com.example.quickcompose V angle_gl_driver_selection_pkgs=[]
2025-08-12 10:23:33.368 7182-7182 GraphicsEnvironment com.example.quickcompose V angle_gl_driver_selection_values=[]
2025-08-12 10:23:33.368 7182-7182 GraphicsEnvironment com.example.quickcompose V Global.Settings values are invalid: number of packages: 0, number of values: 0
2025-08-12 10:23:33.368 7182-7182 GraphicsEnvironment com.example.quickcompose V Neither updatable production driver nor prerelease driver is supported.
2025-08-12 10:23:34.275 7182-7182 AppCompatDelegate com.example.quickcompose D Checking for metadata for AppLocalesMetadataHolderService : Service not found
2025-08-12 10:23:34.562 7182-7182 le.quickcompose com.example.quickcompose E Invalid resource ID 0x00000000.
2025-08-12 10:23:34.811 7182-7182 le.quickcompose com.example.quickcompose W Accessing hidden method Landroid/view/ViewGroup;->makeOptionalFitsSystemWindows()V (unsupported, reflection, allowed)
2025-08-12 10:23:34.864 7182-7182 le.quickcompose com.example.quickcompose E No implementation found for boolean org.qtproject.qt.android.QtNative.updateNativeActivity() (tried Java_org_qtproject_qt_android_QtNative_updateNativeActivity and Java_org_qtproject_qt_android_QtNative_updateNativeActivity__) - is the library loaded, e.g. System.loadLibrary?
2025-08-12 10:23:34.899 7182-7182 ziparchive com.example.quickcompose W Unable to open '/data/data/com.example.quickcompose/code_cache/.overlay/base.apk/classes4.dm': No such file or directory
2025-08-12 10:23:34.903 7182-7182 ziparchive com.example.quickcompose W Unable to open '/data/app/~~Zj1Q1itESHgUD8tVAnXTQw==/com.example.quickcompose-6s5ZkyFi_mhJ-PM-C2vJeQ==/base.dm': No such file or directory
2025-08-12 10:23:34.905 7182-7182 ziparchive com.example.quickcompose W Unable to open '/data/app/~~Zj1Q1itESHgUD8tVAnXTQw==/com.example.quickcompose-6s5ZkyFi_mhJ-PM-C2vJeQ==/base.dm': No such file or directory
2025-08-12 10:23:35.218 7182-7201 nativeloader com.example.quickcompose D Load /data/app/~~Zj1Q1itESHgUD8tVAnXTQw==/com.example.quickcompose-6s5ZkyFi_mhJ-PM-C2vJeQ==/lib/x86_64/libc++_shared.so using ns clns-7 from class loader (caller=/data/app/~~Zj1Q1itESHgUD8tVAnXTQw==/com.example.quickcompose-6s5ZkyFi_mhJ-PM-C2vJeQ==/base.apk!classes7.dex): ok
2025-08-12 10:23:35.228 7182-7201 nativeloader com.example.quickcompose D Load /data/app/~~Zj1Q1itESHgUD8tVAnXTQw==/com.example.quickcompose-6s5ZkyFi_mhJ-PM-C2vJeQ==/lib/x86_64/libQt6Core_x86_64.so using ns clns-7 from class loader (caller=/data/app/~~Zj1Q1itESHgUD8tVAnXTQw==/com.example.quickcompose-6s5ZkyFi_mhJ-PM-C2vJeQ==/base.apk!classes7.dex): ok
2025-08-12 10:23:35.228 7182-7201 QtCore com.example.quickcompose I Start
2025-08-12 10:23:35.256 7182-7201 nativeloader com.example.quickcompose D Load /data/app/~~Zj1Q1itESHgUD8tVAnXTQw==/com.example.quickcompose-6s5ZkyFi_mhJ-PM-C2vJeQ==/lib/x86_64/libQt6Gui_x86_64.so using ns clns-7 from class loader (caller=/data/app/~~Zj1Q1itESHgUD8tVAnXTQw==/com.example.quickcompose-6s5ZkyFi_mhJ-PM-C2vJeQ==/base.apk!classes7.dex): ok
2025-08-12 10:23:35.274 7182-7201 nativeloader com.example.quickcompose D Load /data/app/~~Zj1Q1itESHgUD8tVAnXTQw==/com.example.quickcompose-6s5ZkyFi_mhJ-PM-C2vJeQ==/lib/x86_64/libQt6Network_x86_64.so using ns clns-7 from class loader (caller=/data/app/~~Zj1Q1itESHgUD8tVAnXTQw==/com.example.quickcompose-6s5ZkyFi_mhJ-PM-C2vJeQ==/base.apk!classes7.dex): ok
2025-08-12 10:23:35.282 7182-7201 nativeloader com.example.quickcompose D Load /data/app/~~Zj1Q1itESHgUD8tVAnXTQw==/com.example.quickcompose-6s5ZkyFi_mhJ-PM-C2vJeQ==/lib/x86_64/libQt6OpenGL_x86_64.so using ns clns-7 from class loader (caller=/data/app/~~Zj1Q1itESHgUD8tVAnXTQw==/com.example.quickcompose-6s5ZkyFi_mhJ-PM-C2vJeQ==/base.apk!classes7.dex): ok
2025-08-12 10:23:35.300 7182-7201 nativeloader com.example.quickcompose D Load /data/app/~~Zj1Q1itESHgUD8tVAnXTQw==/com.example.quickcompose-6s5ZkyFi_mhJ-PM-C2vJeQ==/lib/x86_64/libQt6Qml_x86_64.so using ns clns-7 from class loader (caller=/data/app/~~Zj1Q1itESHgUD8tVAnXTQw==/com.example.quickcompose-6s5ZkyFi_mhJ-PM-C2vJeQ==/base.apk!classes7.dex): ok
2025-08-12 10:23:35.314 7182-7201 nativeloader com.example.quickcompose D Load /data/app/~~Zj1Q1itESHgUD8tVAnXTQw==/com.example.quickcompose-6s5ZkyFi_mhJ-PM-C2vJeQ==/lib/x86_64/libQt6QmlModels_x86_64.so using ns clns-7 from class loader (caller=/data/app/~~Zj1Q1itESHgUD8tVAnXTQw==/com.example.quickcompose-6s5ZkyFi_mhJ-PM-C2vJeQ==/base.apk!classes7.dex): ok
2025-08-12 10:23:35.328 7182-7201 nativeloader com.example.quickcompose D Load /data/app/~~Zj1Q1itESHgUD8tVAnXTQw==/com.example.quickcompose-6s5ZkyFi_mhJ-PM-C2vJeQ==/lib/x86_64/libQt6QmlWorkerScript_x86_64.so using ns clns-7 from class loader (caller=/data/app/~~Zj1Q1itESHgUD8tVAnXTQw==/com.example.quickcompose-6s5ZkyFi_mhJ-PM-C2vJeQ==/base.apk!classes7.dex): ok
2025-08-12 10:23:35.337 7182-7201 nativeloader com.example.quickcompose D Load /data/app/~~Zj1Q1itESHgUD8tVAnXTQw==/com.example.quickcompose-6s5ZkyFi_mhJ-PM-C2vJeQ==/lib/x86_64/libQt6QmlMeta_x86_64.so using ns clns-7 from class loader (caller=/data/app/~~Zj1Q1itESHgUD8tVAnXTQw==/com.example.quickcompose-6s5ZkyFi_mhJ-PM-C2vJeQ==/base.apk!classes7.dex): ok
2025-08-12 10:23:35.364 7182-7201 nativeloader com.example.quickcompose D Load /data/app/~~Zj1Q1itESHgUD8tVAnXTQw==/com.example.quickcompose-6s5ZkyFi_mhJ-PM-C2vJeQ==/lib/x86_64/libQt6Quick_x86_64.so using ns clns-7 from class loader (caller=/data/app/~~Zj1Q1itESHgUD8tVAnXTQw==/com.example.quickcompose-6s5ZkyFi_mhJ-PM-C2vJeQ==/base.apk!classes7.dex): ok
2025-08-12 10:23:35.371 7182-7201 nativeloader com.example.quickcompose D Load /data/app/~~Zj1Q1itESHgUD8tVAnXTQw==/com.example.quickcompose-6s5ZkyFi_mhJ-PM-C2vJeQ==/lib/x86_64/libQt6Quick3DUtils_x86_64.so using ns clns-7 from class loader (caller=/data/app/~~Zj1Q1itESHgUD8tVAnXTQw==/com.example.quickcompose-6s5ZkyFi_mhJ-PM-C2vJeQ==/base.apk!classes7.dex): ok
2025-08-12 10:23:35.390 7182-7201 nativeloader com.example.quickcompose D Load /data/app/~~Zj1Q1itESHgUD8tVAnXTQw==/com.example.quickcompose-6s5ZkyFi_mhJ-PM-C2vJeQ==/lib/x86_64/libQt6ShaderTools_x86_64.so using ns clns-7 from class loader (caller=/data/app/~~Zj1Q1itESHgUD8tVAnXTQw==/com.example.quickcompose-6s5ZkyFi_mhJ-PM-C2vJeQ==/base.apk!classes7.dex): ok
2025-08-12 10:23:35.417 7182-7201 nativeloader com.example.quickcompose D Load /data/app/~~Zj1Q1itESHgUD8tVAnXTQw==/com.example.quickcompose-6s5ZkyFi_mhJ-PM-C2vJeQ==/lib/x86_64/libQt6Quick3DRuntimeRender_x86_64.so using ns clns-7 from class loader (caller=/data/app/~~Zj1Q1itESHgUD8tVAnXTQw==/com.example.quickcompose-6s5ZkyFi_mhJ-PM-C2vJeQ==/base.apk!classes7.dex): ok
2025-08-12 10:23:35.422 7182-7186 le.quickcompose com.example.quickcompose I Compiler allocated 4219KB to compile void android.widget.TextView.(android.content.Context, android.util.AttributeSet, int, int)
2025-08-12 10:23:35.432 7182-7201 nativeloader com.example.quickcompose D Load /data/app/~~Zj1Q1itESHgUD8tVAnXTQw==/com.example.quickcompose-6s5ZkyFi_mhJ-PM-C2vJeQ==/lib/x86_64/libQt6Quick3D_x86_64.so using ns clns-7 from class loader (caller=/data/app/~~Zj1Q1itESHgUD8tVAnXTQw==/com.example.quickcompose-6s5ZkyFi_mhJ-PM-C2vJeQ==/base.apk!classes7.dex): ok
2025-08-12 10:23:35.441 7182-7201 nativeloader com.example.quickcompose D Load /data/app/~~Zj1Q1itESHgUD8tVAnXTQw==/com.example.quickcompose-6s5ZkyFi_mhJ-PM-C2vJeQ==/lib/x86_64/libQt6Concurrent_x86_64.so using ns clns-7 from class loader (caller=/data/app/~~Zj1Q1itESHgUD8tVAnXTQw==/com.example.quickcompose-6s5ZkyFi_mhJ-PM-C2vJeQ==/base.apk!classes7.dex): ok
2025-08-12 10:23:35.453 7182-7201 nativeloader com.example.quickcompose D Load /data/app/~~Zj1Q1itESHgUD8tVAnXTQw==/com.example.quickcompose-6s5ZkyFi_mhJ-PM-C2vJeQ==/lib/x86_64/libQt6Quick3DHelpers_x86_64.so using ns clns-7 from class loader (caller=/data/app/~~Zj1Q1itESHgUD8tVAnXTQw==/com.example.quickcompose-6s5ZkyFi_mhJ-PM-C2vJeQ==/base.apk!classes7.dex): ok
2025-08-12 10:23:35.474 7182-7201 nativeloader com.example.quickcompose D Load /data/app/~~Zj1Q1itESHgUD8tVAnXTQw==/com.example.quickcompose-6s5ZkyFi_mhJ-PM-C2vJeQ==/lib/x86_64/libQt6Quick3DHelpersImpl_x86_64.so using ns clns-7 from class loader (caller=/data/app/~~Zj1Q1itESHgUD8tVAnXTQw==/com.example.quickcompose-6s5ZkyFi_mhJ-PM-C2vJeQ==/base.apk!classes7.dex): ok
2025-08-12 10:23:35.494 7182-7201 nativeloader com.example.quickcompose D Load /data/app/~~Zj1Q1itESHgUD8tVAnXTQw==/com.example.quickcompose-6s5ZkyFi_mhJ-PM-C2vJeQ==/lib/x86_64/libQt6QuickTemplates2_x86_64.so using ns clns-7 from class loader (caller=/data/app/~~Zj1Q1itESHgUD8tVAnXTQw==/com.example.quickcompose-6s5ZkyFi_mhJ-PM-C2vJeQ==/base.apk!classes7.dex): ok
2025-08-12 10:23:35.506 7182-7201 nativeloader com.example.quickcompose D Load /data/app/~~Zj1Q1itESHgUD8tVAnXTQw==/com.example.quickcompose-6s5ZkyFi_mhJ-PM-C2vJeQ==/lib/x86_64/libQt6QuickControls2Impl_x86_64.so using ns clns-7 from class loader (caller=/data/app/~~Zj1Q1itESHgUD8tVAnXTQw==/com.example.quickcompose-6s5ZkyFi_mhJ-PM-C2vJeQ==/base.apk!classes7.dex): ok
2025-08-12 10:23:35.519 7182-7201 nativeloader com.example.quickcompose D Load /data/app/~~Zj1Q1itESHgUD8tVAnXTQw==/com.example.quickcompose-6s5ZkyFi_mhJ-PM-C2vJeQ==/lib/x86_64/libQt6QuickControls2_x86_64.so using ns clns-7 from class loader (caller=/data/app/~~Zj1Q1itESHgUD8tVAnXTQw==/com.example.quickcompose-6s5ZkyFi_mhJ-PM-C2vJeQ==/base.apk!classes7.dex): ok
2025-08-12 10:23:35.531 7182-7201 nativeloader com.example.quickcompose D Load /data/app/~~Zj1Q1itESHgUD8tVAnXTQw==/com.example.quickcompose-6s5ZkyFi_mhJ-PM-C2vJeQ==/lib/x86_64/libQt6QuickLayouts_x86_64.so using ns clns-7 from class loader (caller=/data/app/~~Zj1Q1itESHgUD8tVAnXTQw==/com.example.quickcompose-6s5ZkyFi_mhJ-PM-C2vJeQ==/base.apk!classes7.dex): ok
2025-08-12 10:23:35.540 7182-7201 nativeloader com.example.quickcompose D Load /data/app/~~Zj1Q1itESHgUD8tVAnXTQw==/com.example.quickcompose-6s5ZkyFi_mhJ-PM-C2vJeQ==/lib/x86_64/libQt6QuickControls2FusionStyleImpl_x86_64.so using ns clns-7 from class loader (caller=/data/app/~~Zj1Q1itESHgUD8tVAnXTQw==/com.example.quickcompose-6s5ZkyFi_mhJ-PM-C2vJeQ==/base.apk!classes7.dex): ok
2025-08-12 10:23:35.559 7182-7201 nativeloader com.example.quickcompose D Load /data/app/~~Zj1Q1itESHgUD8tVAnXTQw==/com.example.quickcompose-6s5ZkyFi_mhJ-PM-C2vJeQ==/lib/x86_64/libQt6QuickControls2Fusion_x86_64.so using ns clns-7 from class loader (caller=/data/app/~~Zj1Q1itESHgUD8tVAnXTQw==/com.example.quickcompose-6s5ZkyFi_mhJ-PM-C2vJeQ==/base.apk!classes7.dex): ok
2025-08-12 10:23:35.575 7182-7201 nativeloader com.example.quickcompose D Load /data/app/~~Zj1Q1itESHgUD8tVAnXTQw==/com.example.quickcompose-6s5ZkyFi_mhJ-PM-C2vJeQ==/lib/x86_64/libQt6QuickControls2MaterialStyleImpl_x86_64.so using ns clns-7 from class loader (caller=/data/app/~~Zj1Q1itESHgUD8tVAnXTQw==/com.example.quickcompose-6s5ZkyFi_mhJ-PM-C2vJeQ==/base.apk!classes7.dex): ok
2025-08-12 10:23:35.591 7182-7201 nativeloader com.example.quickcompose D Load /data/app/~~Zj1Q1itESHgUD8tVAnXTQw==/com.example.quickcompose-6s5ZkyFi_mhJ-PM-C2vJeQ==/lib/x86_64/libQt6QuickControls2Material_x86_64.so using ns clns-7 from class loader (caller=/data/app/~~Zj1Q1itESHgUD8tVAnXTQw==/com.example.quickcompose-6s5ZkyFi_mhJ-PM-C2vJeQ==/base.apk!classes7.dex): ok
2025-08-12 10:23:35.605 7182-7201 nativeloader com.example.quickcompose D Load /data/app/~~Zj1Q1itESHgUD8tVAnXTQw==/com.example.quickcompose-6s5ZkyFi_mhJ-PM-C2vJeQ==/lib/x86_64/libQt6QuickControls2ImagineStyleImpl_x86_64.so using ns clns-7 from class loader (caller=/data/app/~~Zj1Q1itESHgUD8tVAnXTQw==/com.example.quickcompose-6s5ZkyFi_mhJ-PM-C2vJeQ==/base.apk!classes7.dex): ok
2025-08-12 10:23:35.623 7182-7201 nativeloader com.example.quickcompose D Load /data/app/~~Zj1Q1itESHgUD8tVAnXTQw==/com.example.quickcompose-6s5ZkyFi_mhJ-PM-C2vJeQ==/lib/x86_64/libQt6QuickControls2Imagine_x86_64.so using ns clns-7 from class loader (caller=/data/app/~~Zj1Q1itESHgUD8tVAnXTQw==/com.example.quickcompose-6s5ZkyFi_mhJ-PM-C2vJeQ==/base.apk!classes7.dex): ok
2025-08-12 10:23:35.639 7182-7201 nativeloader com.example.quickcompose D Load /data/app/~~Zj1Q1itESHgUD8tVAnXTQw==/com.example.quickcompose-6s5ZkyFi_mhJ-PM-C2vJeQ==/lib/x86_64/libQt6QuickControls2UniversalStyleImpl_x86_64.so using ns clns-7 from class loader (caller=/data/app/~~Zj1Q1itESHgUD8tVAnXTQw==/com.example.quickcompose-6s5ZkyFi_mhJ-PM-C2vJeQ==/base.apk!classes7.dex): ok
2025-08-12 10:23:35.659 7182-7201 nativeloader com.example.quickcompose D Load /data/app/~~Zj1Q1itESHgUD8tVAnXTQw==/com.example.quickcompose-6s5ZkyFi_mhJ-PM-C2vJeQ==/lib/x86_64/libQt6QuickControls2Universal_x86_64.so using ns clns-7 from class loader (caller=/data/app/~~Zj1Q1itESHgUD8tVAnXTQw==/com.example.quickcompose-6s5ZkyFi_mhJ-PM-C2vJeQ==/base.apk!classes7.dex): ok
2025-08-12 10:23:35.672 7182-7201 nativeloader com.example.quickcompose D Load /data/app/~~Zj1Q1itESHgUD8tVAnXTQw==/com.example.quickcompose-6s5ZkyFi_mhJ-PM-C2vJeQ==/lib/x86_64/libQt6QuickControls2FluentWinUI3StyleImpl_x86_64.so using ns clns-7 from class loader (caller=/data/app/~~Zj1Q1itESHgUD8tVAnXTQw==/com.example.quickcompose-6s5ZkyFi_mhJ-PM-C2vJeQ==/base.apk!classes7.dex): ok
2025-08-12 10:23:35.683 7182-7201 nativeloader com.example.quickcompose D Load /data/app/~~Zj1Q1itESHgUD8tVAnXTQw==/com.example.quickcompose-6s5ZkyFi_mhJ-PM-C2vJeQ==/lib/x86_64/libQt6QuickControls2BasicStyleImpl_x86_64.so using ns clns-7 from class loader (caller=/data/app/~~Zj1Q1itESHgUD8tVAnXTQw==/com.example.quickcompose-6s5ZkyFi_mhJ-PM-C2vJeQ==/base.apk!classes7.dex): ok
2025-08-12 10:23:35.695 7182-7201 nativeloader com.example.quickcompose D Load /data/app/~~Zj1Q1itESHgUD8tVAnXTQw==/com.example.quickcompose-6s5ZkyFi_mhJ-PM-C2vJeQ==/lib/x86_64/libQt6QuickControls2Basic_x86_64.so using ns clns-7 from class loader (caller=/data/app/~~Zj1Q1itESHgUD8tVAnXTQw==/com.example.quickcompose-6s5ZkyFi_mhJ-PM-C2vJeQ==/base.apk!classes7.dex): ok
2025-08-12 10:23:35.716 7182-7201 nativeloader com.example.quickcompose D Load /data/app/~~Zj1Q1itESHgUD8tVAnXTQw==/com.example.quickcompose-6s5ZkyFi_mhJ-PM-C2vJeQ==/lib/x86_64/libQt6QuickEffects_x86_64.so using ns clns-7 from class loader (caller=/data/app/~~Zj1Q1itESHgUD8tVAnXTQw==/com.example.quickcompose-6s5ZkyFi_mhJ-PM-C2vJeQ==/base.apk!classes7.dex): ok
2025-08-12 10:23:35.731 7182-7201 nativeloader com.example.quickcompose D Load /data/app/~~Zj1Q1itESHgUD8tVAnXTQw==/com.example.quickcompose-6s5ZkyFi_mhJ-PM-C2vJeQ==/lib/x86_64/libQt6QuickShapes_x86_64.so using ns clns-7 from class loader (caller=/data/app/~~Zj1Q1itESHgUD8tVAnXTQw==/com.example.quickcompose-6s5ZkyFi_mhJ-PM-C2vJeQ==/base.apk!classes7.dex): ok
2025-08-12 10:23:35.750 7182-7201 nativeloader com.example.quickcompose D Load /data/app/~~Zj1Q1itESHgUD8tVAnXTQw==/com.example.quickcompose-6s5ZkyFi_mhJ-PM-C2vJeQ==/lib/x86_64/libQt6LabsQmlModels_x86_64.so using ns clns-7 from class loader (caller=/data/app/~~Zj1Q1itESHgUD8tVAnXTQw==/com.example.quickcompose-6s5ZkyFi_mhJ-PM-C2vJeQ==/base.apk!classes7.dex): ok
2025-08-12 10:23:35.764 7182-7201 nativeloader com.example.quickcompose D Load /data/app/~~Zj1Q1itESHgUD8tVAnXTQw==/com.example.quickcompose-6s5ZkyFi_mhJ-PM-C2vJeQ==/lib/x86_64/libplugins_platforms_qtforandroid_x86_64.so using ns clns-7 from class loader (caller=/data/app/~~Zj1Q1itESHgUD8tVAnXTQw==/com.example.quickcompose-6s5ZkyFi_mhJ-PM-C2vJeQ==/base.apk!classes7.dex): ok
2025-08-12 10:23:35.776 7182-7201 Qt com.example.quickcompose I qt started
2025-08-12 10:23:35.792 7182-7201 nativeloader com.example.quickcompose D Load /data/app/~~Zj1Q1itESHgUD8tVAnXTQw==/com.example.quickcompose-6s5ZkyFi_mhJ-PM-C2vJeQ==/lib/x86_64/libqt_x86_64.so using ns clns-7 from class loader (caller=/data/app/~~Zj1Q1itESHgUD8tVAnXTQw==/com.example.quickcompose-6s5ZkyFi_mhJ-PM-C2vJeQ==/base.apk!classes7.dex): ok
2025-08-12 10:23:35.861 7182-7201 EGL_emulation com.example.quickcompose I Opening libGLESv1_CM_emulation.so
2025-08-12 10:23:35.867 7182-7201 EGL_emulation com.example.quickcompose I Opening libGLESv2_emulation.so
2025-08-12 10:23:35.985 7182-7182 le.quickcompose com.example.quickcompose W Verification of kotlin.ranges.IntProgression kotlin.ranges.RangesKt___RangesKt.downTo(byte, byte) took 116.684ms (68.56 bytecodes/s) (2320B approximate peak alloc)
2025-08-12 10:23:36.090 7182-7182 HWUI com.example.quickcompose W Unknown dataspace 0
2025-08-12 10:23:36.140 7182-7201 default com.example.quickcompose W No interface with className org/qtproject/qt/android/QtAccessibilityInterface has been registered.
2025-08-12 10:23:36.519 7182-7186 le.quickcompose com.example.quickcompose I Compiler allocated 5174KB to compile void android.view.ViewRootImpl.performTraversals()
2025-08-12 10:23:37.881 7182-7198 HWUI com.example.quickcompose W Failed to choose config with EGL_SWAP_BEHAVIOR_PRESERVED, retrying without...
2025-08-12 10:23:37.882 7182-7198 HWUI com.example.quickcompose W Failed to initialize 101010-2 format, error = EGL_SUCCESS
2025-08-12 10:23:37.924 7182-7186 le.quickcompose com.example.quickcompose I Compiler allocated 5417KB to compile void android.view.ViewRootImpl.performTraversals()
2025-08-12 10:23:37.975 7182-7198 Gralloc4 com.example.quickcompose I mapper 4.x is not supported
2025-08-12 10:23:38.104 7182-7192 HWUI com.example.quickcompose I Davey! duration=1948ms; Flags=1, FrameTimelineVsyncId=46395, IntendedVsync=3295809792674, Vsync=3295826459340, InputEventId=0, HandleInputStart=3295840013500, AnimationStart=3295841112600, PerformTraversalsStart=3295841193200, DrawStart=3297698583100, FrameDeadline=3295826459340, FrameInterval=3295839982500, FrameStartTime=16666666, SyncQueued=3297723031600, SyncStart=3297729923300, IssueDrawCommandsStart=3297731020700, SwapBuffers=3297759687200, FrameCompleted=3297765398800, DequeueBufferDuration=36200, QueueBufferDuration=1104100, GpuCompleted=3297764930200, SwapBuffersCompleted=3297765398800, DisplayPresentTime=0, CommandSubmissionCompleted=3297759687200,
2025-08-12 10:23:38.295 7182-7182 Choreographer com.example.quickcompose I Skipped 100 frames! The application may be doing too much work on its main thread.
2025-08-12 10:23:38.440 7182-7191 HWUI com.example.quickcompose I Davey! duration=1801ms; Flags=0, FrameTimelineVsyncId=46417, IntendedVsync=3296309792654, Vsync=3297976459254, InputEventId=0, HandleInputStart=3297989179100, AnimationStart=3297989351700, PerformTraversalsStart=3298014941700, DrawStart=3298020073900, FrameDeadline=3297793125928, FrameInterval=3297987061900, FrameStartTime=16666666, SyncQueued=3298020698200, SyncStart=3298022058800, IssueDrawCommandsStart=3298024542500, SwapBuffers=3298104302600, FrameCompleted=3298112206500, DequeueBufferDuration=45600, QueueBufferDuration=760600, GpuCompleted=3298112206500, SwapBuffersCompleted=3298111461700, DisplayPresentTime=0, CommandSubmissionCompleted=3298104302600,
2025-08-12 10:23:39.257 7182-7215 ProfileInstaller com.example.quickcompose D Installing profile for com.example.quickcompose
2025-08-12 10:23:39.294 7182-7182 MainActivity com.example.quickcompose V Status of QtQuickView: READY
2025-08-12 10:23:39.561 7182-7198 EGL_emulation com.example.quickcompose D app_time_stats: avg=371.08ms min=168.64ms max=752.51ms count=4
2025-08-12 11:18:37.970 7635-7635 le.quickcompose com.example.quickcompose I Late-enabling -Xcheck:jni
2025-08-12 11:18:38.338 7635-7635 le.quickcompose com.example.quickcompose I Using CollectorTypeCMC GC.
2025-08-12 11:18:38.343 7635-7635 le.quickcompose com.example.quickcompose W Unexpected CPU variant for x86: x86_64. Known variants: atom, sandybridge, silvermont, goldmont, goldmont-plus, goldmont-without-sha-xsaves, tremont, kabylake, default
2025-08-12 11:18:38.443 7635-7635 nativeloader com.example.quickcompose D Load libframework-connectivity-tiramisu-jni.so using APEX ns com_android_tethering for caller /apex/com.android.tethering/javalib/framework-connectivity-t.jar: ok
2025-08-12 11:18:39.697 7635-7635 ActivityThread com.example.quickcompose I Relaunch all activities: onCoreSettingsChange
2025-08-12 11:18:39.711 7635-7635 CompatChangeReporter com.example.quickcompose D Compat change id reported: 242716250; UID 10210; state: ENABLED
2025-08-12 11:18:39.833 7635-7635 ApplicationLoaders com.example.quickcompose D Returning zygote-cached class loader: /system/framework/org.apache.http.legacy.jar
2025-08-12 11:18:39.862 7635-7635 ziparchive com.example.quickcompose W Unable to open '/data/app/~~jS4CpnbNkD3nN_Xdrrg4YQ==/com.example.quickcompose-OKSXaY4F-WUQZM7kO5oP0g==/base.dm': No such file or directory
2025-08-12 11:18:39.862 7635-7635 ziparchive com.example.quickcompose W Unable to open '/data/app/~~jS4CpnbNkD3nN_Xdrrg4YQ==/com.example.quickcompose-OKSXaY4F-WUQZM7kO5oP0g==/base.dm': No such file or directory
2025-08-12 11:18:40.295 7635-7635 nativeloader com.example.quickcompose D Configuring clns-7 for other apk /data/app/~~jS4CpnbNkD3nN_Xdrrg4YQ==/com.example.quickcompose-OKSXaY4F-WUQZM7kO5oP0g==/base.apk. target_sdk_version=34, uses_libraries=, library_path=/data/app/~~jS4CpnbNkD3nN_Xdrrg4YQ==/com.example.quickcompose-OKSXaY4F-WUQZM7kO5oP0g==/lib/x86_64:/data/app/~~jS4CpnbNkD3nN_Xdrrg4YQ==/com.example.quickcompose-OKSXaY4F-WUQZM7kO5oP0g==/base.apk!/lib/x86_64, permitted_path=/data:/mnt/expand:/data/user/0/com.example.quickcompose
2025-08-12 11:18:40.341 7635-7635 GraphicsEnvironment com.example.quickcompose V Currently set values for:
2025-08-12 11:18:40.341 7635-7635 GraphicsEnvironment com.example.quickcompose V angle_gl_driver_selection_pkgs=[]
2025-08-12 11:18:40.341 7635-7635 GraphicsEnvironment com.example.quickcompose V angle_gl_driver_selection_values=[]
2025-08-12 11:18:40.341 7635-7635 GraphicsEnvironment com.example.quickcompose V Global.Settings values are invalid: number of packages: 0, number of values: 0
2025-08-12 11:18:40.342 7635-7635 GraphicsEnvironment com.example.quickcompose V Neither updatable production driver nor prerelease driver is supported.
2025-08-12 11:18:40.908 7635-7635 AppCompatDelegate com.example.quickcompose D Checking for metadata for AppLocalesMetadataHolderService : Service not found
2025-08-12 11:18:41.321 7635-7635 le.quickcompose com.example.quickcompose E Invalid resource ID 0x00000000.
2025-08-12 11:18:41.943 7635-7635 le.quickcompose com.example.quickcompose W Accessing hidden method Landroid/view/ViewGroup;->makeOptionalFitsSystemWindows()V (unsupported, reflection, allowed)
2025-08-12 11:18:42.275 7635-7635 le.quickcompose com.example.quickcompose E No implementation found for boolean org.qtproject.qt.android.QtNative.updateNativeActivity() (tried Java_org_qtproject_qt_android_QtNative_updateNativeActivity and Java_org_qtproject_qt_android_QtNative_updateNativeActivity__) - is the library loaded, e.g. System.loadLibrary?
2025-08-12 11:18:42.399 7635-7635 ziparchive com.example.quickcompose W Unable to open '/data/app/~~jS4CpnbNkD3nN_Xdrrg4YQ==/com.example.quickcompose-OKSXaY4F-WUQZM7kO5oP0g==/base.dm': No such file or directory
2025-08-12 11:18:42.400 7635-7635 ziparchive com.example.quickcompose W Unable to open '/data/app/~~jS4CpnbNkD3nN_Xdrrg4YQ==/com.example.quickcompose-OKSXaY4F-WUQZM7kO5oP0g==/base.dm': No such file or directory
2025-08-12 11:18:42.943 7635-7658 nativeloader com.example.quickcompose D Load /data/app/~~jS4CpnbNkD3nN_Xdrrg4YQ==/com.example.quickcompose-OKSXaY4F-WUQZM7kO5oP0g==/lib/x86_64/libc++_shared.so using ns clns-7 from class loader (caller=/data/app/~~jS4CpnbNkD3nN_Xdrrg4YQ==/com.example.quickcompose-OKSXaY4F-WUQZM7kO5oP0g==/base.apk!classes7.dex): ok
2025-08-12 11:18:42.955 7635-7658 nativeloader com.example.quickcompose D Load /data/app/~~jS4CpnbNkD3nN_Xdrrg4YQ==/com.example.quickcompose-OKSXaY4F-WUQZM7kO5oP0g==/lib/x86_64/libQt6Core_x86_64.so using ns clns-7 from class loader (caller=/data/app/~~jS4CpnbNkD3nN_Xdrrg4YQ==/com.example.quickcompose-OKSXaY4F-WUQZM7kO5oP0g==/base.apk!classes7.dex): ok
2025-08-12 11:18:42.958 7635-7658 QtCore com.example.quickcompose I Start
2025-08-12 11:18:42.998 7635-7658 nativeloader com.example.quickcompose D Load /data/app/~~jS4CpnbNkD3nN_Xdrrg4YQ==/com.example.quickcompose-OKSXaY4F-WUQZM7kO5oP0g==/lib/x86_64/libQt6Gui_x86_64.so using ns clns-7 from class loader (caller=/data/app/~~jS4CpnbNkD3nN_Xdrrg4YQ==/com.example.quickcompose-OKSXaY4F-WUQZM7kO5oP0g==/base.apk!classes7.dex): ok
2025-08-12 11:18:43.026 7635-7658 nativeloader com.example.quickcompose D Load /data/app/~~jS4CpnbNkD3nN_Xdrrg4YQ==/com.example.quickcompose-OKSXaY4F-WUQZM7kO5oP0g==/lib/x86_64/libQt6Network_x86_64.so using ns clns-7 from class loader (caller=/data/app/~~jS4CpnbNkD3nN_Xdrrg4YQ==/com.example.quickcompose-OKSXaY4F-WUQZM7kO5oP0g==/base.apk!classes7.dex): ok
2025-08-12 11:18:43.044 7635-7658 nativeloader com.example.quickcompose D Load /data/app/~~jS4CpnbNkD3nN_Xdrrg4YQ==/com.example.quickcompose-OKSXaY4F-WUQZM7kO5oP0g==/lib/x86_64/libQt6OpenGL_x86_64.so using ns clns-7 from class loader (caller=/data/app/~~jS4CpnbNkD3nN_Xdrrg4YQ==/com.example.quickcompose-OKSXaY4F-WUQZM7kO5oP0g==/base.apk!classes7.dex): ok
2025-08-12 11:18:43.079 7635-7658 nativeloader com.example.quickcompose D Load /data/app/~~jS4CpnbNkD3nN_Xdrrg4YQ==/com.example.quickcompose-OKSXaY4F-WUQZM7kO5oP0g==/lib/x86_64/libQt6Qml_x86_64.so using ns clns-7 from class loader (caller=/data/app/~~jS4CpnbNkD3nN_Xdrrg4YQ==/com.example.quickcompose-OKSXaY4F-WUQZM7kO5oP0g==/base.apk!classes7.dex): ok
2025-08-12 11:18:43.082 7635-7658 nativeloader com.example.quickcompose D Load /data/app/~~jS4CpnbNkD3nN_Xdrrg4YQ==/com.example.quickcompose-OKSXaY4F-WUQZM7kO5oP0g==/lib/x86_64/libQt6QmlModels_x86_64.so using ns clns-7 from class loader (caller=/data/app/~~jS4CpnbNkD3nN_Xdrrg4YQ==/com.example.quickcompose-OKSXaY4F-WUQZM7kO5oP0g==/base.apk!classes7.dex): ok
2025-08-12 11:18:43.085 7635-7658 nativeloader com.example.quickcompose D Load /data/app/~~jS4CpnbNkD3nN_Xdrrg4YQ==/com.example.quickcompose-OKSXaY4F-WUQZM7kO5oP0g==/lib/x86_64/libQt6QmlWorkerScript_x86_64.so using ns clns-7 from class loader (caller=/data/app/~~jS4CpnbNkD3nN_Xdrrg4YQ==/com.example.quickcompose-OKSXaY4F-WUQZM7kO5oP0g==/base.apk!classes7.dex): ok
2025-08-12 11:18:43.092 7635-7658 nativeloader com.example.quickcompose D Load /data/app/~~jS4CpnbNkD3nN_Xdrrg4YQ==/com.example.quickcompose-OKSXaY4F-WUQZM7kO5oP0g==/lib/x86_64/libQt6QmlMeta_x86_64.so using ns clns-7 from class loader (caller=/data/app/~~jS4CpnbNkD3nN_Xdrrg4YQ==/com.example.quickcompose-OKSXaY4F-WUQZM7kO5oP0g==/base.apk!classes7.dex): ok
2025-08-12 11:18:43.122 7635-7658 nativeloader com.example.quickcompose D Load /data/app/~~jS4CpnbNkD3nN_Xdrrg4YQ==/com.example.quickcompose-OKSXaY4F-WUQZM7kO5oP0g==/lib/x86_64/libQt6Quick_x86_64.so using ns clns-7 from class loader (caller=/data/app/~~jS4CpnbNkD3nN_Xdrrg4YQ==/com.example.quickcompose-OKSXaY4F-WUQZM7kO5oP0g==/base.apk!classes7.dex): ok
2025-08-12 11:18:43.132 7635-7658 nativeloader com.example.quickcompose D Load /data/app/~~jS4CpnbNkD3nN_Xdrrg4YQ==/com.example.quickcompose-OKSXaY4F-WUQZM7kO5oP0g==/lib/x86_64/libQt6Quick3DUtils_x86_64.so using ns clns-7 from class loader (caller=/data/app/~~jS4CpnbNkD3nN_Xdrrg4YQ==/com.example.quickcompose-OKSXaY4F-WUQZM7kO5oP0g==/base.apk!classes7.dex): ok
2025-08-12 11:18:43.162 7635-7658 nativeloader com.example.quickcompose D Load /data/app/~~jS4CpnbNkD3nN_Xdrrg4YQ==/com.example.quickcompose-OKSXaY4F-WUQZM7kO5oP0g==/lib/x86_64/libQt6ShaderTools_x86_64.so using ns clns-7 from class loader (caller=/data/app/~~jS4CpnbNkD3nN_Xdrrg4YQ==/com.example.quickcompose-OKSXaY4F-WUQZM7kO5oP0g==/base.apk!classes7.dex): ok
2025-08-12 11:18:43.218 7635-7658 nativeloader com.example.quickcompose D Load /data/app/~~jS4CpnbNkD3nN_Xdrrg4YQ==/com.example.quickcompose-OKSXaY4F-WUQZM7kO5oP0g==/lib/x86_64/libQt6Quick3DRuntimeRender_x86_64.so using ns clns-7 from class loader (caller=/data/app/~~jS4CpnbNkD3nN_Xdrrg4YQ==/com.example.quickcompose-OKSXaY4F-WUQZM7kO5oP0g==/base.apk!classes7.dex): ok
2025-08-12 11:18:43.256 7635-7658 nativeloader com.example.quickcompose D Load /data/app/~~jS4CpnbNkD3nN_Xdrrg4YQ==/com.example.quickcompose-OKSXaY4F-WUQZM7kO5oP0g==/lib/x86_64/libQt6Quick3D_x86_64.so using ns clns-7 from class loader (caller=/data/app/~~jS4CpnbNkD3nN_Xdrrg4YQ==/com.example.quickcompose-OKSXaY4F-WUQZM7kO5oP0g==/base.apk!classes7.dex): ok
2025-08-12 11:18:43.271 7635-7658 nativeloader com.example.quickcompose D Load /data/app/~~jS4CpnbNkD3nN_Xdrrg4YQ==/com.example.quickcompose-OKSXaY4F-WUQZM7kO5oP0g==/lib/x86_64/libQt6Concurrent_x86_64.so using ns clns-7 from class loader (caller=/data/app/~~jS4CpnbNkD3nN_Xdrrg4YQ==/com.example.quickcompose-OKSXaY4F-WUQZM7kO5oP0g==/base.apk!classes7.dex): ok
2025-08-12 11:18:43.290 7635-7658 nativeloader com.example.quickcompose D Load /data/app/~~jS4CpnbNkD3nN_Xdrrg4YQ==/com.example.quickcompose-OKSXaY4F-WUQZM7kO5oP0g==/lib/x86_64/libQt6Quick3DHelpers_x86_64.so using ns clns-7 from class loader (caller=/data/app/~~jS4CpnbNkD3nN_Xdrrg4YQ==/com.example.quickcompose-OKSXaY4F-WUQZM7kO5oP0g==/base.apk!classes7.dex): ok
2025-08-12 11:18:43.323 7635-7658 nativeloader com.example.quickcompose D Load /data/app/~~jS4CpnbNkD3nN_Xdrrg4YQ==/com.example.quickcompose-OKSXaY4F-WUQZM7kO5oP0g==/lib/x86_64/libQt6Quick3DHelpersImpl_x86_64.so using ns clns-7 from class loader (caller=/data/app/~~jS4CpnbNkD3nN_Xdrrg4YQ==/com.example.quickcompose-OKSXaY4F-WUQZM7kO5oP0g==/base.apk!classes7.dex): ok
2025-08-12 11:18:43.362 7635-7658 nativeloader com.example.quickcompose D Load /data/app/~~jS4CpnbNkD3nN_Xdrrg4YQ==/com.example.quickcompose-OKSXaY4F-WUQZM7kO5oP0g==/lib/x86_64/libQt6QuickTemplates2_x86_64.so using ns clns-7 from class loader (caller=/data/app/~~jS4CpnbNkD3nN_Xdrrg4YQ==/com.example.quickcompose-OKSXaY4F-WUQZM7kO5oP0g==/base.apk!classes7.dex): ok
2025-08-12 11:18:43.372 7635-7658 nativeloader com.example.quickcompose D Load /data/app/~~jS4CpnbNkD3nN_Xdrrg4YQ==/com.example.quickcompose-OKSXaY4F-WUQZM7kO5oP0g==/lib/x86_64/libQt6QuickControls2Impl_x86_64.so using ns clns-7 from class loader (caller=/data/app/~~jS4CpnbNkD3nN_Xdrrg4YQ==/com.example.quickcompose-OKSXaY4F-WUQZM7kO5oP0g==/base.apk!classes7.dex): ok
2025-08-12 11:18:43.380 7635-7658 nativeloader com.example.quickcompose D Load /data/app/~~jS4CpnbNkD3nN_Xdrrg4YQ==/com.example.quickcompose-OKSXaY4F-WUQZM7kO5oP0g==/lib/x86_64/libQt6QuickControls2_x86_64.so using ns clns-7 from class loader (caller=/data/app/~~jS4CpnbNkD3nN_Xdrrg4YQ==/com.example.quickcompose-OKSXaY4F-WUQZM7kO5oP0g==/base.apk!classes7.dex): ok
2025-08-12 11:18:43.390 7635-7658 nativeloader com.example.quickcompose D Load /data/app/~~jS4CpnbNkD3nN_Xdrrg4YQ==/com.example.quickcompose-OKSXaY4F-WUQZM7kO5oP0g==/lib/x86_64/libQt6QuickLayouts_x86_64.so using ns clns-7 from class loader (caller=/data/app/~~jS4CpnbNkD3nN_Xdrrg4YQ==/com.example.quickcompose-OKSXaY4F-WUQZM7kO5oP0g==/base.apk!classes7.dex): ok
2025-08-12 11:18:43.401 7635-7658 nativeloader com.example.quickcompose D Load /data/app/~~jS4CpnbNkD3nN_Xdrrg4YQ==/com.example.quickcompose-OKSXaY4F-WUQZM7kO5oP0g==/lib/x86_64/libQt6QuickControls2FusionStyleImpl_x86_64.so using ns clns-7 from class loader (caller=/data/app/~~jS4CpnbNkD3nN_Xdrrg4YQ==/com.example.quickcompose-OKSXaY4F-WUQZM7kO5oP0g==/base.apk!classes7.dex): ok
2025-08-12 11:18:43.404 7635-7658 nativeloader com.example.quickcompose D Load /data/app/~~jS4CpnbNkD3nN_Xdrrg4YQ==/com.example.quickcompose-OKSXaY4F-WUQZM7kO5oP0g==/lib/x86_64/libQt6QuickControls2Fusion_x86_64.so using ns clns-7 from class loader (caller=/data/app/~~jS4CpnbNkD3nN_Xdrrg4YQ==/com.example.quickcompose-OKSXaY4F-WUQZM7kO5oP0g==/base.apk!classes7.dex): ok
2025-08-12 11:18:43.410 7635-7658 nativeloader com.example.quickcompose D Load /data/app/~~jS4CpnbNkD3nN_Xdrrg4YQ==/com.example.quickcompose-OKSXaY4F-WUQZM7kO5oP0g==/lib/x86_64/libQt6QuickControls2MaterialStyleImpl_x86_64.so using ns clns-7 from class loader (caller=/data/app/~~jS4CpnbNkD3nN_Xdrrg4YQ==/com.example.quickcompose-OKSXaY4F-WUQZM7kO5oP0g==/base.apk!classes7.dex): ok
2025-08-12 11:18:43.426 7635-7658 nativeloader com.example.quickcompose D Load /data/app/~~jS4CpnbNkD3nN_Xdrrg4YQ==/com.example.quickcompose-OKSXaY4F-WUQZM7kO5oP0g==/lib/x86_64/libQt6QuickControls2Material_x86_64.so using ns clns-7 from class loader (caller=/data/app/~~jS4CpnbNkD3nN_Xdrrg4YQ==/com.example.quickcompose-OKSXaY4F-WUQZM7kO5oP0g==/base.apk!classes7.dex): ok
2025-08-12 11:18:43.444 7635-7658 nativeloader com.example.quickcompose D Load /data/app/~~jS4CpnbNkD3nN_Xdrrg4YQ==/com.example.quickcompose-OKSXaY4F-WUQZM7kO5oP0g==/lib/x86_64/libQt6QuickControls2ImagineStyleImpl_x86_64.so using ns clns-7 from class loader (caller=/data/app/~~jS4CpnbNkD3nN_Xdrrg4YQ==/com.example.quickcompose-OKSXaY4F-WUQZM7kO5oP0g==/base.apk!classes7.dex): ok
2025-08-12 11:18:43.456 7635-7658 nativeloader com.example.quickcompose D Load /data/app/~~jS4CpnbNkD3nN_Xdrrg4YQ==/com.example.quickcompose-OKSXaY4F-WUQZM7kO5oP0g==/lib/x86_64/libQt6QuickControls2Imagine_x86_64.so using ns clns-7 from class loader (caller=/data/app/~~jS4CpnbNkD3nN_Xdrrg4YQ==/com.example.quickcompose-OKSXaY4F-WUQZM7kO5oP0g==/base.apk!classes7.dex): ok
2025-08-12 11:18:43.463 7635-7658 nativeloader com.example.quickcompose D Load /data/app/~~jS4CpnbNkD3nN_Xdrrg4YQ==/com.example.quickcompose-OKSXaY4F-WUQZM7kO5oP0g==/lib/x86_64/libQt6QuickControls2UniversalStyleImpl_x86_64.so using ns clns-7 from class loader (caller=/data/app/~~jS4CpnbNkD3nN_Xdrrg4YQ==/com.example.quickcompose-OKSXaY4F-WUQZM7kO5oP0g==/base.apk!classes7.dex): ok
2025-08-12 11:18:43.477 7635-7658 nativeloader com.example.quickcompose D Load /data/app/~~jS4CpnbNkD3nN_Xdrrg4YQ==/com.example.quickcompose-OKSXaY4F-WUQZM7kO5oP0g==/lib/x86_64/libQt6QuickControls2Universal_x86_64.so using ns clns-7 from class loader (caller=/data/app/~~jS4CpnbNkD3nN_Xdrrg4YQ==/com.example.quickcompose-OKSXaY4F-WUQZM7kO5oP0g==/base.apk!classes7.dex): ok
2025-08-12 11:18:43.486 7635-7658 nativeloader com.example.quickcompose D Load /data/app/~~jS4CpnbNkD3nN_Xdrrg4YQ==/com.example.quickcompose-OKSXaY4F-WUQZM7kO5oP0g==/lib/x86_64/libQt6QuickControls2FluentWinUI3StyleImpl_x86_64.so using ns clns-7 from class loader (caller=/data/app/~~jS4CpnbNkD3nN_Xdrrg4YQ==/com.example.quickcompose-OKSXaY4F-WUQZM7kO5oP0g==/base.apk!classes7.dex): ok
2025-08-12 11:18:43.497 7635-7658 nativeloader com.example.quickcompose D Load /data/app/~~jS4CpnbNkD3nN_Xdrrg4YQ==/com.example.quickcompose-OKSXaY4F-WUQZM7kO5oP0g==/lib/x86_64/libQt6QuickControls2BasicStyleImpl_x86_64.so using ns clns-7 from class loader (caller=/data/app/~~jS4CpnbNkD3nN_Xdrrg4YQ==/com.example.quickcompose-OKSXaY4F-WUQZM7kO5oP0g==/base.apk!classes7.dex): ok
2025-08-12 11:18:43.501 7635-7658 nativeloader com.example.quickcompose D Load /data/app/~~jS4CpnbNkD3nN_Xdrrg4YQ==/com.example.quickcompose-OKSXaY4F-WUQZM7kO5oP0g==/lib/x86_64/libQt6QuickControls2Basic_x86_64.so using ns clns-7 from class loader (caller=/data/app/~~jS4CpnbNkD3nN_Xdrrg4YQ==/com.example.quickcompose-OKSXaY4F-WUQZM7kO5oP0g==/base.apk!classes7.dex): ok
2025-08-12 11:18:43.519 7635-7658 nativeloader com.example.quickcompose D Load /data/app/~~jS4CpnbNkD3nN_Xdrrg4YQ==/com.example.quickcompose-OKSXaY4F-WUQZM7kO5oP0g==/lib/x86_64/libQt6QuickEffects_x86_64.so using ns clns-7 from class loader (caller=/data/app/~~jS4CpnbNkD3nN_Xdrrg4YQ==/com.example.quickcompose-OKSXaY4F-WUQZM7kO5oP0g==/base.apk!classes7.dex): ok
2025-08-12 11:18:43.523 7635-7658 nativeloader com.example.quickcompose D Load /data/app/~~jS4CpnbNkD3nN_Xdrrg4YQ==/com.example.quickcompose-OKSXaY4F-WUQZM7kO5oP0g==/lib/x86_64/libQt6QuickShapes_x86_64.so using ns clns-7 from class loader (caller=/data/app/~~jS4CpnbNkD3nN_Xdrrg4YQ==/com.example.quickcompose-OKSXaY4F-WUQZM7kO5oP0g==/base.apk!classes7.dex): ok
2025-08-12 11:18:43.526 7635-7658 nativeloader com.example.quickcompose D Load /data/app/~~jS4CpnbNkD3nN_Xdrrg4YQ==/com.example.quickcompose-OKSXaY4F-WUQZM7kO5oP0g==/lib/x86_64/libQt6LabsQmlModels_x86_64.so using ns clns-7 from class loader (caller=/data/app/~~jS4CpnbNkD3nN_Xdrrg4YQ==/com.example.quickcompose-OKSXaY4F-WUQZM7kO5oP0g==/base.apk!classes7.dex): ok
2025-08-12 11:18:43.537 7635-7658 nativeloader com.example.quickcompose D Load /data/app/~~jS4CpnbNkD3nN_Xdrrg4YQ==/com.example.quickcompose-OKSXaY4F-WUQZM7kO5oP0g==/lib/x86_64/libplugins_platforms_qtforandroid_x86_64.so using ns clns-7 from class loader (caller=/data/app/~~jS4CpnbNkD3nN_Xdrrg4YQ==/com.example.quickcompose-OKSXaY4F-WUQZM7kO5oP0g==/base.apk!classes7.dex): ok
2025-08-12 11:18:43.555 7635-7658 Qt com.example.quickcompose I qt started
2025-08-12 11:18:43.582 7635-7658 nativeloader com.example.quickcompose D Load /data/app/~~jS4CpnbNkD3nN_Xdrrg4YQ==/com.example.quickcompose-OKSXaY4F-WUQZM7kO5oP0g==/lib/x86_64/libqt_x86_64.so using ns clns-7 from class loader (caller=/data/app/~~jS4CpnbNkD3nN_Xdrrg4YQ==/com.example.quickcompose-OKSXaY4F-WUQZM7kO5oP0g==/base.apk!classes7.dex): ok
2025-08-12 11:18:43.658 7635-7658 EGL_emulation com.example.quickcompose I Opening libGLESv1_CM_emulation.so
2025-08-12 11:18:43.660 7635-7658 EGL_emulation com.example.quickcompose I Opening libGLESv2_emulation.so
2025-08-12 11:18:43.917 7635-7635 HWUI com.example.quickcompose W Unknown dataspace 0
2025-08-12 11:18:43.963 7635-7658 default com.example.quickcompose W No interface with className org/qtproject/qt/android/QtAccessibilityInterface has been registered.
2025-08-12 11:18:45.815 7635-7643 le.quickcompose com.example.quickcompose I Compiler allocated 4219KB to compile void android.widget.TextView.(android.content.Context, android.util.AttributeSet, int, int)
2025-08-12 11:18:46.572 7635-7643 le.quickcompose com.example.quickcompose I Compiler allocated 5174KB to compile void android.view.ViewRootImpl.performTraversals()
2025-08-12 11:18:48.564 7635-7654 HWUI com.example.quickcompose W Failed to choose config with EGL_SWAP_BEHAVIOR_PRESERVED, retrying without...
2025-08-12 11:18:48.567 7635-7654 HWUI com.example.quickcompose W Failed to initialize 101010-2 format, error = EGL_SUCCESS
2025-08-12 11:18:48.719 7635-7643 le.quickcompose com.example.quickcompose I Compiler allocated 5417KB to compile void android.view.ViewRootImpl.performTraversals()
2025-08-12 11:18:48.730 7635-7654 Gralloc4 com.example.quickcompose I mapper 4.x is not supported
2025-08-12 11:18:49.020 7635-7649 HWUI com.example.quickcompose I Davey! duration=5051ms; Flags=1, FrameTimelineVsyncId=49283, IntendedVsync=6603626327028, Vsync=6603642993694, InputEventId=0, HandleInputStart=6603645811600, AnimationStart=6603645858600, PerformTraversalsStart=6603645924400, DrawStart=6608472710700, FrameDeadline=6603642993694, FrameInterval=6603644623100, FrameStartTime=16666666, SyncQueued=6608526134200, SyncStart=6608530819000, IssueDrawCommandsStart=6608534836100, SwapBuffers=6608671247700, FrameCompleted=6608682704300, DequeueBufferDuration=55100, QueueBufferDuration=512500, GpuCompleted=6608682255500, SwapBuffersCompleted=6608682704300, DisplayPresentTime=72904454231359566, CommandSubmissionCompleted=6608671247700,
2025-08-12 11:18:49.451 7635-7635 Choreographer com.example.quickcompose I Skipped 248 frames! The application may be doing too much work on its main thread.
2025-08-12 11:18:49.818 7635-7635 le.quickcompose com.example.quickcompose W Verification of void kotlinx.coroutines.flow.SharedFlowImpl$collect$1.(kotlinx.coroutines.flow.SharedFlowImpl, kotlin.coroutines.Continuation) took 257.824ms (23.27 bytecodes/s) (2296B approximate peak alloc)
2025-08-12 11:18:49.870 7635-7649 HWUI com.example.quickcompose I Davey! duration=4256ms; Flags=0, FrameTimelineVsyncId=49306, IntendedVsync=6605009660306, Vsync=6609142993474, InputEventId=0, HandleInputStart=6609171334600, AnimationStart=6609171400400, PerformTraversalsStart=6609205152300, DrawStart=6609209644400, FrameDeadline=6608709660158, FrameInterval=6609143621600, FrameStartTime=16666666, SyncQueued=6609210328900, SyncStart=6609215391000, IssueDrawCommandsStart=6609215599300, SwapBuffers=6609218851600, FrameCompleted=6609270813500, DequeueBufferDuration=102500, QueueBufferDuration=30354800, GpuCompleted=6609266727300, SwapBuffersCompleted=6609270813500, DisplayPresentTime=144115222452437076, CommandSubmissionCompleted=6609218851600,
2025-08-12 11:18:49.982 7635-7664 ProfileInstaller com.example.quickcompose D Installing profile for com.example.quickcompose
2025-08-12 11:18:50.449 7635-7644 le.quickcompose com.example.quickcompose I Background concurrent mark compact GC freed 3347KB AllocSpace bytes, 1(20KB) LOS objects, 49% free, 4506KB/9013KB, paused 4.647ms,4.255ms total 261.224ms
2025-08-12 11:18:50.894 7635-7635 MainActivity com.example.quickcompose V Status of QtQuickView: READY
2025-08-12 11:18:51.002 7635-7654 EGL_emulation com.example.quickcompose D app_time_stats: avg=670.44ms min=587.60ms max=771.51ms count=3
2025-08-12 11:24:08.807 7635-7654 EGL_emulation com.example.quickcompose D app_time_stats: avg=45399.29ms min=16.47ms max=316863.50ms count=7
2025-08-12 11:24:09.196 7635-7635 PureComposeExample com.example.quickcompose V Status of QtQuickView: READY
2025-08-12 11:24:09.293 7635-7635 PureComposeExample com.example.quickcompose V Status of QtQuickView: READY
2025-08-12 11:24:09.732 7635-7635 VRI[MainActivity] com.example.quickcompose D visibilityChanged oldVisibility=true newVisibility=false
2025-08-12 11:24:17.025 7635-7654 EGL_emulation com.example.quickcompose D app_time_stats: avg=718.54ms min=10.22ms max=7326.28ms count=11
2025-08-12 11:24:17.138 7635-7635 NavController com.example.quickcompose I Ignoring popBackStack to route RememberExample as it was not found on the current back stack
2025-08-12 11:24:17.920 7635-7635 Surface com.example.quickcompose E freeAllBuffers: 1 buffers were freed while being dequeued!
2025-08-12 11:24:17.931 7635-7635 Surface com.example.quickcompose E freeAllBuffers: 1 buffers were freed while being dequeued!
2025-08-12 11:24:17.937 7635-7691 Surface com.example.quickcompose E getSlotFromBufferLocked: unknown buffer: 0x0
2025-08-12 11:24:18.067 7635-7693 Surface com.example.quickcompose E getSlotFromBufferLocked: unknown buffer: 0x0
2025-08-12 11:24:21.161 7635-7654 EGL_emulation com.example.quickcompose D app_time_stats: avg=73.71ms min=4.54ms max=3189.30ms count=52
2025-08-12 11:24:21.281 7635-7635 WindowOnBackDispatcher com.example.quickcompose W sendCancelIfRunning: isInProgress=false callback=androidx.activity.OnBackPressedDispatcher$Api34Impl$createOnBackAnimationCallback$1@26ff440
2025-08-12 11:26:25.411 7635-7635 qt.qpa.input.methods com.example.quickcompose W Touch event received for non-existing window 5
2025-08-12 11:26:25.505 7635-7635 qt.qpa.input.methods com.example.quickcompose W Touch event received for non-existing window 5
2025-08-12 11:26:25.520 7635-7635 qt.qpa.input.methods com.example.quickcompose W Touch event received for non-existing window 5
2025-08-12 11:26:25.536 7635-7635 qt.qpa.input.methods com.example.quickcompose W Touch event received for non-existing window 5
2025-08-12 11:26:25.553 7635-7635 qt.qpa.input.methods com.example.quickcompose W Touch event received for non-existing window 5
2025-08-12 11:26:25.569 7635-7635 qt.qpa.input.methods com.example.quickcompose W Touch event received for non-existing window 5
2025-08-12 11:26:25.586 7635-7635 qt.qpa.input.methods com.example.quickcompose W Touch event received for non-existing window 5
2025-08-12 11:26:25.603 7635-7635 qt.qpa.input.methods com.example.quickcompose W Touch event received for non-existing window 5
2025-08-12 11:26:25.619 7635-7635 qt.qpa.input.methods com.example.quickcompose W Touch event received for non-existing window 5
2025-08-12 11:26:25.670 7635-7635 qt.qpa.input.methods com.example.quickcompose W Touch event received for non-existing window 5
2025-08-12 11:26:25.687 7635-7635 qt.qpa.input.methods com.example.quickcompose W Touch event received for non-existing window 5
2025-08-12 11:26:25.703 7635-7635 qt.qpa.input.methods com.example.quickcompose W Touch event received for non-existing window 5
2025-08-12 11:26:25.720 7635-7635 qt.qpa.input.methods com.example.quickcompose W Touch event received for non-existing window 5
2025-08-12 11:26:25.736 7635-7635 qt.qpa.input.methods com.example.quickcompose W Touch event received for non-existing window 5
2025-08-12 11:26:25.753 7635-7635 qt.qpa.input.methods com.example.quickcompose W Touch event received for non-existing window 5
2025-08-12 11:26:25.770 7635-7635 qt.qpa.input.methods com.example.quickcompose W Touch event received for non-existing window 5
2025-08-12 11:26:25.786 7635-7635 qt.qpa.input.methods com.example.quickcompose W Touch event received for non-existing window 5
2025-08-12 11:26:25.788 7635-7635 qt.qpa.input.methods com.example.quickcompose W Touch event received for non-existing window 5