--------- beginning of main
08-26 07:48:37.693 786 786 D StatusBarIconController: ignoring old pipeline callbacks, because the new mobile icons are enabled
08-26 07:48:37.787 1060 1824 D EGL_emulation: app_time_stats: avg=2667.24ms min=9.00ms max=45097.62ms count=17 --------- beginning of system
08-26 07:48:37.835 569 1796 D CompatibilityChangeReporter: Compat change id reported: 265464455; UID 10190; state: DISABLED
08-26 07:48:37.836 569 1796 D CompatibilityChangeReporter: Compat change id reported: 265452344; UID 10190; state: DISABLED
08-26 07:48:37.836 569 1796 D CompatibilityChangeReporter: Compat change id reported: 266124927; UID 10190; state: DISABLED
08-26 07:48:37.836 569 1796 D CompatibilityChangeReporter: Compat change id reported: 265451093; UID 10190; state: DISABLED
08-26 07:48:37.836 569 1796 D CompatibilityChangeReporter: Compat change id reported: 265456536; UID 10190; state: DISABLED
08-26 07:48:37.836 569 1796 D CompatibilityChangeReporter: Compat change id reported: 255940284; UID 10190; state: DISABLED
08-26 07:48:37.836 569 1796 D CompatibilityChangeReporter: Compat change id reported: 236283604; UID 10190; state: DISABLED
08-26 07:48:37.836 569 1796 D CompatibilityChangeReporter: Compat change id reported: 263959004; UID 10190; state: DISABLED
08-26 07:48:37.836 569 1796 D CompatibilityChangeReporter: Compat change id reported: 264304459; UID 10190; state: DISABLED
08-26 07:48:37.836 569 1796 D CompatibilityChangeReporter: Compat change id reported: 264301586; UID 10190; state: DISABLED
08-26 07:48:37.836 569 1796 D CompatibilityChangeReporter: Compat change id reported: 254631730; UID 10190; state: DISABLED
08-26 07:48:37.836 569 1796 D CompatibilityChangeReporter: Compat change id reported: 273509367; UID 10190; state: DISABLED
08-26 07:48:37.836 569 1796 D CompatibilityChangeReporter: Compat change id reported: 263259275; UID 10190; state: DISABLED
08-26 07:48:37.836 569 1796 D CompatibilityChangeReporter: Compat change id reported: 174042980; UID 10190; state: DISABLED
08-26 07:48:37.837 569 1796 D CompatibilityChangeReporter: Compat change id reported: 174042936; UID 10190; state: DISABLED
08-26 07:48:37.837 569 1796 D CompatibilityChangeReporter: Compat change id reported: 181136395; UID 10190; state: DISABLED
08-26 07:48:37.839 569 1796 D CompatibilityChangeReporter: Compat change id reported: 194480991; UID 10190; state: ENABLED
08-26 07:48:37.845 569 1796 D CompatibilityChangeReporter: Compat change id reported: 184838306; UID 10190; state: DISABLED
08-26 07:48:37.845 569 1796 D CompatibilityChangeReporter: Compat change id reported: 185004937; UID 10190; state: DISABLED
08-26 07:48:37.848 569 1796 D CompatibilityChangeReporter: Compat change id reported: 205907456; UID 10190; state: ENABLED
08-26 07:48:37.853 786 820 V WindowManagerShell: Transition requested: android.os.BinderProxy@a6aaf04 TransitionRequestInfo { type = OPEN, triggerTask = TaskInfo{userId=0 taskId=46 displayId=0 isRunning=true baseIntent=Intent { act=android.intent.action.MAIN cat=[android.intent.category.LAUNCHER] flg=0x10200000 cmp=com.example.qtquickview_java/.MainActivity } baseActivity=ComponentInfo{com.example.qtquickview_java/com.example.qtquickview_java.MainActivity} topActivity=ComponentInfo{com.example.qtquickview_java/com.example.qtquickview_java.MainActivity} origActivity=null realActivity=ComponentInfo{com.example.qtquickview_java/com.example.qtquickview_java.MainActivity} numActivities=1 lastActiveTime=558074 supportsMultiWindow=true resizeMode=1 isResizeable=true minWidth=-1 minHeight=-1 defaultMinSize=220 token=WCT{android.window.IWindowContainerToken$Stub$Proxy@1d7eced} topActivityType=1 pictureInPictureParams=null shouldDockBigOverlays=false launchIntoPipHostTaskId=-1 lastParentTaskIdBeforePip=-1 displayCutoutSafeInsets=null topActivityInfo=ActivityInfo{f6e4722 com.example.qtquickview_java.MainActivity} launchCookies=[android.os.BinderProxy@1ecd5b3] positionInParent=Point(0, 0) parentTaskId=-1 isFocused=false isVisible=false isVisibleRequested=false isSleeping=false topActivityInSizeCompat=false topActivityEligibleForLetterboxEducation= false topActivityLetterboxed= false isFromDoubleTap= false topActivityLetterboxVerticalPosition= -1 topActivityLetterboxHorizontalPosition= -1 topActivityLetterboxWidth=-1 topActivityLetterboxHeight=-1 locusId=null displayAreaFeatureId=1 cameraCompatControlState=hidden}, remoteTransition = RemoteTransition { remoteTransition = android.window.IRemoteTransition$Stub$Proxy@665b770, appThread = android.app.IApplicationThread$Stub$Proxy@7d36ae9, debugName = QuickstepLaunch }, displayChange = null }
08-26 07:48:37.853 569 1796 D CompatibilityChangeReporter: Compat change id reported: 194833441; UID 10190; state: ENABLED
08-26 07:48:37.853 786 820 V WindowManagerShell: RemoteTransition directly requested for android.os.BinderProxy@a6aaf04: RemoteTransition { remoteTransition = android.window.IRemoteTransition$Stub$Proxy@665b770, appThread = android.app.IApplicationThread$Stub$Proxy@7d36ae9, debugName = QuickstepLaunch }
08-26 07:48:37.853 569 1796 I ActivityTaskManager: START u0 {act=android.intent.action.MAIN cat=[android.intent.category.LAUNCHER] flg=0x10200000 cmp=com.example.qtquickview_java/.MainActivity bnds=[854,1518][986,1667]} with LAUNCH_MULTIPLE from uid 10161 (BAL_ALLOW_ALLOWLISTED_COMPONENT) result code=0
08-26 07:48:37.858 1060 1105 D QuickstepModelDelegate: notifyAppTargetEvent action=1 launchLocation=predictions/hotseat
08-26 07:48:37.866 388 388 I BpBinder: onLastStrongRef automatically unlinking death recipients:
08-26 07:48:37.869 569 590 D CompatibilityChangeReporter: Compat change id reported: 135634846; UID 10190; state: DISABLED
08-26 07:48:37.869 569 590 D CompatibilityChangeReporter: Compat change id reported: 177438394; UID 10190; state: DISABLED
08-26 07:48:37.869 569 590 D CompatibilityChangeReporter: Compat change id reported: 135772972; UID 10190; state: DISABLED
08-26 07:48:37.869 569 590 D CompatibilityChangeReporter: Compat change id reported: 135754954; UID 10190; state: ENABLED
08-26 07:48:37.871 385 636 W AudioFlinger: createTrack_l(): mismatch between requested flags (00000004) and output flags (00000002)
08-26 07:48:37.871 569 964 D CompatibilityChangeReporter: Compat change id reported: 168419799; UID 10190; state: DISABLED
08-26 07:48:37.872 569 964 D CompatibilityChangeReporter: Compat change id reported: 273564678; UID 10190; state: DISABLED
08-26 07:48:37.874 385 636 D AF::TrackHandle: OpPlayAudio: track:56 usage:13 not muted
08-26 07:48:37.874 569 600 D CompatibilityChangeReporter: Compat change id reported: 143937733; UID 10190; state: ENABLED
08-26 07:48:37.876 569 590 D OomAdjuster: Not killing cached processes
08-26 07:48:37.886 353 353 D Zygote : Forked child process 9260
08-26 07:48:37.887 569 964 D CoreBackPreview: Window{ff2dcca u0 Splash Screen com.example.qtquickview_java}: Setting back callback OnBackInvokedCallbackInfo{mCallback=android.window.IOnBackInvokedCallback$Stub$Proxy@9c9fb96, mPriority=0, mIsAnimationCallback=false}
08-26 07:48:37.887 569 600 I ActivityManager: Start proc 9260:com.example.qtquickview_java/u0a190 for next-top-activity {com.example.qtquickview_java/com.example.qtquickview_java.MainActivity}
08-26 07:48:37.892 786 897 E OpenGLRenderer: Unable to match the desired swap behavior.
08-26 07:48:37.897 385 636 D audioserver: FGS Logger Transaction failed
08-26 07:48:37.897 385 636 D audioserver: -129
08-26 07:48:37.906 385 511 D AudioFlinger: mixer(0xb400007785c07930) throttle end: throttle time(18)
08-26 07:48:37.961 8006 8006 I bmqo : onPause
08-26 07:48:37.964 9260 9260 I tquickview_java: Late-enabling -Xcheck:jni
08-26 07:48:37.968 569 587 V WindowManager: Sent Transition #13 createdAt=08-26 07:48:37.841 via request=TransitionRequestInfo { type = OPEN, triggerTask = TaskInfo{userId=0 taskId=46 displayId=0 isRunning=true baseIntent=Intent { act=android.intent.action.MAIN cat=[android.intent.category.LAUNCHER] flg=0x10200000 cmp=com.example.qtquickview_java/.MainActivity } baseActivity=ComponentInfo{com.example.qtquickview_java/com.example.qtquickview_java.MainActivity} topActivity=ComponentInfo{com.example.qtquickview_java/com.example.qtquickview_java.MainActivity} origActivity=null realActivity=ComponentInfo{com.example.qtquickview_java/com.example.qtquickview_java.MainActivity} numActivities=1 lastActiveTime=558074 supportsMultiWindow=true resizeMode=1 isResizeable=true minWidth=-1 minHeight=-1 defaultMinSize=220 token=WCT{RemoteToken{ccce76e Task{b8852be #46 type=standard A=10190:com.example.qtquickview_java}}} topActivityType=1 pictureInPictureParams=null shouldDockBigOverlays=false launchIntoPipHostTaskId=-1 lastParentTaskIdBeforePip=-1 displayCutoutSafeInsets=null topActivityInfo=ActivityInfo{ed63e0f com.example.qtquickview_java.MainActivity} launchCookies=[android.os.BinderProxy@6bb2e9c] positionInParent=Point(0, 0) parentTaskId=-1 isFocused=false isVisible=false isVisibleRequested=false isSleeping=false topActivityInSizeCompat=false topActivityEligibleForLetterboxEducation= false topActivityLetterboxed= false isFromDoubleTap= false topActivityLetterboxVerticalPosition= -1 topActivityLetterboxHorizontalPosition= -1 topActivityLetterboxWidth=-1 topActivityLetterboxHeight=-1 locusId=null displayAreaFeatureId=1 cameraCompatControlState=hidden}, remoteTransition = RemoteTransition { remoteTransition = android.window.IRemoteTransition$Stub$Proxy@e8e90a5, appThread = android.app.IApplicationThread$Stub$Proxy@7640c7a, debugName = QuickstepLaunch }, displayChange = null }
08-26 07:48:37.968 569 587 V WindowManager: startWCT=WindowContainerTransaction { changes = {} hops = [] errorCallbackToken=null taskFragmentOrganizer=null }
08-26 07:48:37.968 569 587 V WindowManager: info={id=13 t=OPEN f=0x0 trk=0 r=[0@Point(0, 0)] c=[{WCT{RemoteToken{ccce76e Task{b8852be #46 type=standard A=10190:com.example.qtquickview_java}}} m=OPEN f=NONE leash=Surface(name=Task=46)/@0xa223b22 sb=Rect(0, 0 - 1080, 1920) eb=Rect(0, 0 - 1080, 1920) d=0},{WCT{RemoteToken{5f522f Task{af72f24 #1 type=home}}} m=TO_BACK f=SHOW_WALLPAPER leash=Surface(name=Task=1)/@0xc6f65fc sb=Rect(0, 0 - 1080, 1920) eb=Rect(0, 0 - 1080, 1920) d=0}]}
08-26 07:48:37.969 786 820 V WindowManagerShell: onTransitionReady android.os.BinderProxy@a6aaf04: {id=13 t=OPEN f=0x0 trk=0 r=[0@Point(0, 0)] c=[{WCT{android.window.IWindowContainerToken$Stub$Proxy@8d691a3} m=OPEN f=NONE leash=Surface(name=Task=46)/@0xd9e134 sb=Rect(0, 0 - 1080, 1920) eb=Rect(0, 0 - 1080, 1920) d=0},{WCT{android.window.IWindowContainerToken$Stub$Proxy@acddca0} m=TO_BACK f=SHOW_WALLPAPER leash=Surface(name=Task=1)/@0x19aeb5d sb=Rect(0, 0 - 1080, 1920) eb=Rect(0, 0 - 1080, 1920) d=0}]}
08-26 07:48:37.969 786 820 V WindowManagerShell: Playing animation for (#13)android.os.BinderProxy@a6aaf04@0
08-26 07:48:37.969 786 820 V WindowManagerShell: try firstHandler com.android.wm.shell.transition.DefaultMixedHandler@922848d
08-26 07:48:37.969 786 820 V WindowManagerShell: Delegate animation for #13 to RemoteTransition { remoteTransition = android.window.IRemoteTransition$Stub$Proxy@665b770, appThread = android.app.IApplicationThread$Stub$Proxy@7d36ae9, debugName = QuickstepLaunch }
08-26 07:48:37.972 786 820 V WindowManagerShell: animated by firstHandler
08-26 07:48:37.995 9260 9260 I tquickview_java: Using CollectorTypeCC GC.
08-26 07:48:38.004 8006 8019 V ClearcutMetricXmitter: Transmission is done.
08-26 07:48:38.009 398 413 I adbd : jdwp connection from 9260
08-26 07:48:38.068 569 1109 I AppsFilter: interaction: PackageSetting{333b0d2 com.example.qtquickview_java/10190} -> PackageSetting{14e75a3 com.google.android.apps.nexuslauncher/10161} BLOCKED
08-26 07:48:38.076 9260 9260 D CompatibilityChangeReporter: Compat change id reported: 171979766; UID 10190; state: ENABLED
08-26 07:48:38.076 9260 9260 D CompatibilityChangeReporter: Compat change id reported: 242716250; UID 10190; state: ENABLED
08-26 07:48:38.076 385 511 D audioserver: FGS Logger Transaction failed
08-26 07:48:38.076 385 511 D audioserver: -129
08-26 07:48:38.081 569 1109 D CompatibilityChangeReporter: Compat change id reported: 170503758; UID 10190; state: ENABLED
08-26 07:48:38.088 9260 9260 W ziparchive: Unable to open '/data/app/~~OwvXXlKvgIi2_1Xh8xy5Ug==/com.example.qtquickview_java-nwKS_93w5YKSHHfnNQUgEA==/base.dm': No such file or directory
08-26 07:48:38.088 9260 9260 W ziparchive: Unable to open '/data/app/~~OwvXXlKvgIi2_1Xh8xy5Ug==/com.example.qtquickview_java-nwKS_93w5YKSHHfnNQUgEA==/base.dm': No such file or directory
08-26 07:48:38.128 9260 9260 D nativeloader: Configuring clns-6 for other apk /data/app/~~OwvXXlKvgIi2_1Xh8xy5Ug==/com.example.qtquickview_java-nwKS_93w5YKSHHfnNQUgEA==/base.apk. target_sdk_version=35, uses_libraries=, library_path=/data/app/~~OwvXXlKvgIi2_1Xh8xy5Ug==/com.example.qtquickview_java-nwKS_93w5YKSHHfnNQUgEA==/lib/arm64:/data/app/~~OwvXXlKvgIi2_1Xh8xy5Ug==/com.example.qtquickview_java-nwKS_93w5YKSHHfnNQUgEA==/base.apk!/lib/arm64-v8a, permitted_path=/data:/mnt/expand:/data/user/0/com.example.qtquickview_java
08-26 07:48:38.140 9260 9260 V GraphicsEnvironment: Currently set values for:
08-26 07:48:38.140 9260 9260 V GraphicsEnvironment: angle_gl_driver_selection_pkgs=[]
08-26 07:48:38.140 9260 9260 V GraphicsEnvironment: angle_gl_driver_selection_values=[]
08-26 07:48:38.141 9260 9260 V GraphicsEnvironment: ANGLE GameManagerService for com.example.qtquickview_java: false
08-26 07:48:38.141 9260 9260 V GraphicsEnvironment: com.example.qtquickview_java is not listed in per-application setting
08-26 07:48:38.141 9260 9260 V GraphicsEnvironment: Neither updatable production driver nor prerelease driver is supported.
08-26 07:48:38.151 569 1109 I ActivityManager: Flag disabled. Ignoring finishAttachApplication from uid: 10190. pid: 9260
08-26 07:48:38.156 9260 9283 D libEGL : loaded /vendor/lib64/egl/libEGL_emulation.so
08-26 07:48:38.157 9260 9283 D libEGL : loaded /vendor/lib64/egl/libGLESv1_CM_emulation.so
08-26 07:48:38.158 9260 9283 D libEGL : loaded /vendor/lib64/egl/libGLESv2_emulation.so
08-26 07:48:38.165 9260 9260 D AppCompatDelegate: Checking for metadata for AppLocalesMetadataHolderService : Service not found
08-26 07:48:38.201 9260 9260 W tquickview_java: Accessing hidden method Landroid/view/View;->computeFitSystemWindows(Landroid/graphics/Rect;Landroid/graphics/Rect;)Z (unsupported, reflection, allowed)
08-26 07:48:38.202 9260 9260 W tquickview_java: Accessing hidden method Landroid/view/ViewGroup;->makeOptionalFitsSystemWindows()V (unsupported, reflection, allowed)
08-26 07:48:38.203 9260 9260 D CompatibilityChangeReporter: Compat change id reported: 210923482; UID 10190; state: ENABLED
08-26 07:48:38.227 9260 9260 W ziparchive: Unable to open '/data/app/~~OwvXXlKvgIi2_1Xh8xy5Ug==/com.example.qtquickview_java-nwKS_93w5YKSHHfnNQUgEA==/base.dm': No such file or directory
08-26 07:48:38.227 9260 9260 W ziparchive: Unable to open '/data/app/~~OwvXXlKvgIi2_1Xh8xy5Ug==/com.example.qtquickview_java-nwKS_93w5YKSHHfnNQUgEA==/base.dm': No such file or directory
08-26 07:48:38.269 9260 9285 I QtCore : Start
08-26 07:48:38.271 786 897 D EGL_emulation: app_time_stats: avg=38224.67ms min=38224.67ms max=38224.67ms count=1
08-26 07:48:38.319 9260 9285 I Qt : qt started
08-26 07:48:38.337 9260 9260 D CompatibilityChangeReporter: Compat change id reported: 237531167; UID 10190; state: DISABLED
08-26 07:48:38.339 9260 9260 W OpenGLRenderer: Unknown dataspace 0
08-26 07:48:38.355 569 1109 D CoreBackPreview: Window{225f282 u0 com.example.qtquickview_java/com.example.qtquickview_java.MainActivity}: Setting back callback OnBackInvokedCallbackInfo{mCallback=android.window.IOnBackInvokedCallback$Stub$Proxy@36a15c9, mPriority=0, mIsAnimationCallback=false}
08-26 07:48:38.376 9260 9281 W OpenGLRenderer: Failed to choose config with EGL_SWAP_BEHAVIOR_PRESERVED, retrying without...
08-26 07:48:38.376 9260 9281 W OpenGLRenderer: Failed to initialize 101010-2 format, error = EGL_SUCCESS
08-26 07:48:38.381 155 155 I hwservicemanager: getTransport: Cannot find entry android.hardware.graphics.mapper@4.0::IMapper/default in either framework or device VINTF manifest.
08-26 07:48:38.382 9260 9281 I Gralloc4: mapper 4.x is not supported
08-26 07:48:38.389 9260 9281 E OpenGLRenderer: Unable to match the desired swap behavior.
08-26 07:48:38.415 569 587 W ziparchive: Unable to open '/data/app/~~OwvXXlKvgIi2_1Xh8xy5Ug==/com.example.qtquickview_java-nwKS_93w5YKSHHfnNQUgEA==/base.dm': No such file or directory
08-26 07:48:38.417 569 587 I ActivityTaskManager: Displayed com.example.qtquickview_java/.MainActivity for user 0: +583ms
08-26 07:48:38.424 1493 9290 D TrafficStats: tagSocket(76) with statsTag=0xffffffff, statsUid=-1
08-26 07:48:38.430 9260 9285 W default : No interface with className org/qtproject/qt/android/QtAccessibilityInterface has been registered.
08-26 07:48:38.437 569 964 D CompatibilityChangeReporter: Compat change id reported: 214016041; UID 10190; state: ENABLED
08-26 07:48:38.437 569 964 I ImeTracker: com.example.qtquickview_java:feeeb48a: onRequestHide at ORIGIN_SERVER_HIDE_INPUT reason HIDE_UNSPECIFIED_WINDOW
08-26 07:48:38.437 569 964 I ImeTracker: com.example.qtquickview_java:feeeb48a: onCancelled at PHASE_SERVER_SHOULD_HIDE
08-26 07:48:38.441 8681 8681 I GoogleInputMethodService: GoogleInputMethodService.onFinishInput():2054
08-26 07:48:38.442 8681 8681 I Module : DeviceLockedStatusModuleProvider$Module.updateDeviceLockedStatus():100 repeatCheckTimes = 0, locked = false
08-26 07:48:38.442 8681 8681 I GoogleInputMethodService: GoogleInputMethodService.onStartInput():1315 onStartInput(EditorInfo{EditorInfo{packageName=com.example.qtquickview_java, inputType=0, inputTypeString=NULL, enableLearning=false, autoCorrection=false, autoComplete=false, imeOptions=0, privateImeOptions=null, actionName=UNSPECIFIED, actionLabel=null, initialSelStart=-1, initialSelEnd=-1, initialCapsMode=0, label=null, fieldId=0, fieldName=null, extras=null, hintText=null, hintLocales=[]}}, false)
08-26 07:48:38.443 8681 8681 I Module : DeviceLockedStatusModuleProvider$Module.updateDeviceLockedStatus():100 repeatCheckTimes = 1, locked = false
08-26 07:48:38.443 569 1109 W PackageConfigPersister: App-specific configuration not found for packageName: com.example.qtquickview_java and userId: 0
08-26 07:48:38.501 786 820 V WindowManagerShell: Transition animation finished (aborted=false), notifying core (#13)android.os.BinderProxy@a6aaf04@0
08-26 07:48:38.502 569 587 V WindowManager: Finish Transition #13: created at
08-26 07:48:37.841 collect-started=0.098ms request-sent=9.097ms started=14.48ms ready=124.102ms sent=125.529ms finished=660.788ms
08-26 07:48:38.505 786 820 V WindowManagerShell: Track 0 became idle
08-26 07:48:38.505 786 820 V WindowManagerShell: All active transition animations finished
08-26 07:48:38.535 8006 8006 I bmqo : onStop
08-26 07:48:38.536 1060 1104 I ImeTracker: com.google.android.apps.nexuslauncher:cc06742f: onRequestHide at ORIGIN_CLIENT_HIDE_SOFT_INPUT reason HIDE_SOFT_INPUT
08-26 07:48:38.536 1060 1104 I ImeTracker: com.google.android.apps.nexuslauncher:cc06742f: onFailed at PHASE_CLIENT_VIEW_SERVED
08-26 07:48:38.538 1060 2128 D OneSearchSuggestProvider: Shut down the binder channel
08-26 07:48:38.539 1060 1286 I IPCThreadState: oneway function results for code 2 on binder at 0xb400006e3e16a8a0 will be dropped but finished with status UNKNOWN_TRANSACTION
08-26 07:48:38.658 9260 9260 I myTag : Status of QtQuickView: READY
08-26 07:48:38.686 9260 9260 I myTag : Status of QtQuickView: READY
08-26 07:48:38.770 786 841 W WindowOnBackDispatcher: sendCancelIfRunning: isInProgress=falsecallback=android.view.ViewRootImpl$$ExternalSyntheticLambda17@353482b
08-26 07:48:38.770 569 1796 W InputManager-JNI: Input channel object 'ff2dcca Splash Screen com.example.qtquickview_java (client)' was disposed without first being removed with the input manager!
08-26 07:48:38.771 569 964 D CoreBackPreview: Window{ff2dcca u0 Splash Screen com.example.qtquickview_java EXITING}: Setting back callback null
08-26 07:48:38.841 5921 6378 I FontLog : (REDACTED) Received query %s, URI %s
08-26 07:48:38.842 5921 6378 I FontLog : (REDACTED) Query [%s] resolved to %s
08-26 07:48:38.843 5921 6378 I FontLog : (REDACTED) Fetch %s end status %s
08-26 07:48:38.845 5921 6378 I FontLog : (REDACTED) Pulling font file for id = %d, cache size = %d
08-26 07:48:38.847 5921 6378 I FontLog : (REDACTED) Pulling font file for id = %d, cache size = %d
08-26 07:48:40.857 569 1696 E TaskPersister: File error accessing recents directory (directory doesn't exist?).
08-26 07:48:40.997 355 4242 D android.hardware.audio@7.1-impl.ranchu: threadLoop: entering standby, frames: 350336