11:59:44: Checking available ports... 11:59:44: Found 31 free ports.
I/ActivityManager( 2402): Start proc 30054:org.qtproject.example.TestQT692/u0a338 for activity org.qtproject.example.TestQT692/org.qtproject.qt.android.bindings.QtActivity
E/Zygote (30054): isWhitelistProcess - Process is Whitelisted
E/Zygote (30054): accessInfo : 1
I/ample.TestQT69(30054): Late-enabling -Xcheck:jni
W/ample.TestQT69(30054): Using default instruction set features for ARM CPU variant (cortex-a9) using conservative defaults
D/HardcoderService( 2402): FG change to org.qtproject.example.TestQT692 (10338, 30054)
W/ActivityThread(30054): Application org.qtproject.example.TestQT692 is waiting for the debugger on port 8100...
I/System.out(30054): Sending WAIT chunk Art: Clearing App Profiles failed.
I/System.out(30054): Debugger has connected
I/System.out(30054): waiting for debugger to settle...
I/System.out(30054): waiting for debugger to settle...
I/System.out(30054): waiting for debugger to settle...
I/System.out(30054): waiting for debugger to settle...
I/System.out(30054): waiting for debugger to settle...
I/System.out(30054): waiting for debugger to settle... Art: Compiled App Profiles.
I/System.out(30054): waiting for debugger to settle...
I/System.out(30054): waiting for debugger to settle...
I/System.out(30054): debugger has settled (1381)
W/ample.TestQT69(30054): Suspending all threads took: 9.868ms
W/ample.TestQT69(30054): Accessing hidden field Landroid/os/Trace;->TRACE_TAG_APP:J (light greylist, reflection)
W/ample.TestQT69(30054): Accessing hidden method Landroid/os/Trace;->isTagEnabled(J)Z (light greylist, reflection)
W/ample.TestQT69(30054): Accessing hidden method Landroid/content/ContextWrapper;->getDisplay()Landroid/view/Display; (light greylist, linking)
W/ample.TestQT69(30054): ClassLoaderContext size mismatch. expected=1, actual=2 (PCL[] | PCL[];PCL[/data/app/org.qtproject.example.TestQT692-2ldqXwlEA-7yWhWJCgN4RA==/base.apk*626553473:/data/app/org.qtproject.example.TestQT692-2ldqXwlEA-7yWhWJCgN4RA==/base.apk!classes2.dex*3569361576:/data/app/org.qtproject.example.TestQT692-2ldqXwlEA-7yWhWJCgN4RA==/base.apk!classes3.dex*547663153])
W/ample.TestQT69(30054): Found duplicate classes, falling back to extracting from APK : /data/app/org.qtproject.example.TestQT692-2ldqXwlEA-7yWhWJCgN4RA==/base.apk
W/ample.TestQT69(30054): NOTE: This wastes RAM and hurts startup performance.
W/ample.TestQT69(30054): Found duplicated class when checking oat files: 'Landroid/support/v4/app/INotificationSideChannel$Default;' in /data/app/org.qtproject.example.TestQT692-2ldqXwlEA-7yWhWJCgN4RA==/base.apk and /data/app/org.qtproject.example.TestQT692-2ldqXwlEA-7yWhWJCgN4RA==/base.apk
W/ample.TestQT69(30054):
W/QtLoader(30054): Null extras from the Activity's intent.
I/QtCore (30054): Start
I/Qt (30054): qt started
I/MultiWindowDecorSupport(30054): updateCaptionType >> DecorView@228cc15[], isFloating: false, isApplication: true, hasWindowDecorCaption: false, hasWindowControllerCallback: true
D/MultiWindowDecorSupport(30054): setCaptionType = 0, DecorView = DecorView@228cc15[]
D/OpenGLRenderer(30054): Skia GL Pipeline 11:59:48: Debugging ...
D/EmergencyMode(30054): [EmergencyManager] android createPackageContext successful
D/InputTransport(30054): Input channel constructed: fd=68
D/ViewRootImpl@9190a00[QtActivity](30054): setView = DecorView@228cc15[QtActivity] TM=true MM=false
D/ViewRootImpl@9190a00[QtActivity](30054): stopped(true) old=false
D/ViewRootImpl@9190a00[QtActivity](30054): Relayout returned: old=[0,0][1536,2048] new=[0,0][1536,2048] result=0x1 surface={false 0} changed=false
D/ProfileInstaller(30054): Installing profile for org.qtproject.example.TestQT692
D/ViewRootImpl@9190a00[QtActivity](30054): stopped(false) old=true
I/SurfaceFlinger( 708): id=1475 createSurf (1536x2048),1 flag=404, org.qtproject.example.TestQT692/org.qtproject.qt.android.bindings.QtActivity[30054]#0
D/WindowManager( 2402): makeSurface duration=2 name=org.qtproject.example.TestQT692/org.qtproject.qt.android.bindings.QtActivity[30054]
D/ViewRootImpl@9190a00[QtActivity](30054): Relayout returned: old=[0,0][1536,2048] new=[0,0][1536,2048] result=0x7 surface={true 3718920192} changed=true
I/MultiWindowDecorSupport(30054): updateCaptionType >> DecorView@228cc15[QtActivity], isFloating: false, isApplication: true, hasWindowDecorCaption: false, hasWindowControllerCallback: true
D/MultiWindowDecorSupport(30054): setCaptionType = 0, DecorView = DecorView@228cc15[QtActivity]
I/Adreno (30054): QUALCOMM build : 7dbb41d, Iebf953a4a5
I/Adreno (30054): Build Date : 12/21/18
I/Adreno (30054): OpenGL ES Shader Compiler Version: EV031.25.03.02
I/Adreno (30054): Local Branch :
I/Adreno (30054): Remote Branch :
I/Adreno (30054): Remote Branch :
I/Adreno (30054): Reconstruct Branch :
I/Adreno (30054): Build Config : S L 6.0.7 AArch32
D/vndksupport(30054): Loading /vendor/lib/hw/gralloc.msm8996.so from current namespace instead of sphal namespace.
I/Adreno (30054): PFP: 0x005ff110, ME: 0x005ff066
I/ConfigStore(30054): android::hardware::configstore::V1_0::ISurfaceFlingerConfigs::hasWideColorDisplay retrieved: 0
I/ConfigStore(30054): android::hardware::configstore::V1_0::ISurfaceFlingerConfigs::hasHDRDisplay retrieved: 0
I/OpenGLRenderer(30054): Initialized EGL, version 1.4
D/OpenGLRenderer(30054): Swap behavior 2
D/OpenGLRenderer(30054): eglCreateWindowSurface = 0xdf284720, 0xddaa3808
D/ViewRootImpl@9190a00[QtActivity](30054): stopped(false) old=false
W/ample.TestQT69(30054): Accessing hidden field Landroid/view/WindowInsets;->CONSUMED:Landroid/view/WindowInsets; (light greylist, linking)
W/ample.TestQT69(30054): Accessing hidden method Landroid/graphics/Insets;->of(IIII)Landroid/graphics/Insets; (light greylist, linking)
D/ViewRootImpl@9190a00[QtActivity](30054): MSG_RESIZED: frame=[0,0][1536,2048] ci=[0,48][0,0] vi=[0,48][0,0] or=1
D/ViewRootImpl@9190a00[QtActivity](30054): Relayout returned: old=[0,0][1536,2048] new=[0,0][1536,2048] result=0x3 surface={true 3718920192} changed=false
D/vndksupport(30054): Loading /vendor/lib/hw/android.hardware.graphics.mapper@2.0-impl.so from current namespace instead of sphal namespace.
D/vndksupport(30054): Loading /vendor/lib/hw/gralloc.msm8996.so from current namespace instead of sphal namespace.
I/WindowManager( 2402): commitFinishDrawingLocked: mDrawState=READY_TO_SHOW Surface(name=org.qtproject.example.TestQT692/org.qtproject.qt.android.bindings.QtActivity[30054])/@0x7fb52f8
D/InputDispatcher( 2402): Focus entered window (30054): e7e75e4 0
D/ViewRootImpl@9190a00[QtActivity](30054): MSG_WINDOW_FOCUS_CHANGED 1 1
D/InputMethodManager(30054): prepareNavigationBarInfo() DecorView@228cc15[QtActivity]
D/InputMethodManager(30054): getNavigationBarColor() -855310
D/InputMethodManager(30054): prepareNavigationBarInfo() DecorView@228cc15[QtActivity]
D/InputMethodManager(30054): getNavigationBarColor() -855310
V/InputMethodManager(30054): Starting input: tba=org.qtproject.example.TestQT692 ic=null mNaviBarColor -855310 mIsGetNaviBarColorSuccess true , NavVisible : true , NavTrans : false
D/InputMethodManager(30054): startInputInner - Id : 0
I/InputMethodManager(30054): startInputInner - mService.startInputOrWindowGainedFocus
V/InputMethodManagerService( 2402): Creating new session for client ClientState{769341 uid 10338 pid 30054}
D/InputTransport(30054): Input channel constructed: fd=77
D/InputMethodManager(30054): prepareNavigationBarInfo() DecorView@228cc15[QtActivity]
D/InputMethodManager(30054): getNavigationBarColor() -855310
V/InputMethodManager(30054): Starting input: tba=org.qtproject.example.TestQT692 ic=null mNaviBarColor -855310 mIsGetNaviBarColorSuccess true , NavVisible : true , NavTrans : false
D/InputMethodManager(30054): startInputInner - Id : 0
I/SKBD ( 4444): SamsungKeypad [IMI] onStartInput - caller pid : 30054, caller uid : 10338
I/SurfaceFlinger( 708): Device | 0x76ef2e1d80 | 0002 | RGBA_8888 | 467.0 350.0 1581.0 1186.0 | 0 0 2048 1536 | org.qtproject.example.TestQT692/org.[...]android.bindings.QtActivity[30054]#0
D/SurfaceView(30054): onWindowVisibilityChanged(0) true org.qtproject.qt.android.QtSurface{73001d V.E...... ......I. 0,0-0,0} of ViewRootImpl@9190a00[QtActivity]
D/ViewRootImpl@9190a00[QtActivity](30054): Relayout returned: old=[0,0][1536,2048] new=[0,0][1536,2048] result=0x1 surface={true 3718920192} changed=false
I/SurfaceFlinger( 708): id=1477 createSurf (1536x2000),1 flag=4, SurfaceView - org.qtproject.example.TestQT692/org.qtproject.qt.android.bindings.QtActivity@73001d@0[30054]#0
I/SurfaceFlinger( 708): id=1478 createSurf (1536x2000),1024 flag=20004, Background for -SurfaceView - org.qtproject.example.TestQT692/org.qtproject.qt.android.bindings.QtActivity@73001d@0[30054]#0
D/SurfaceView(30054): hide() Surface(name=SurfaceView - org.qtproject.example.TestQT692/org.qtproject.qt.android.bindings.QtActivity@73001d@0[30054])/@0xe6e1292 false true org.qtproject.qt.android.QtSurface{73001d V.E...... ......ID 0,0-1536,2000}
D/SurfaceView(30054): surfaceCreated 1 #8 org.qtproject.qt.android.QtSurface{73001d V.E...... ......ID 0,0-1536,2000}
D/SurfaceView(30054): surfaceChanged (1536,2000) 1 #8 org.qtproject.qt.android.QtSurface{73001d V.E...... ......ID 0,0-1536,2000}
D/InputMethodManager(30054): HSIFW - flag : 0 Pid : 30054
I/SurfaceFlinger( 708): Device | 0x76ef7b7000 | 0000 | RGBA_8888 | 5.0 40.0 1947.0 1496.0 | 0 0 2048 1536 | SurfaceView - org.qtproject.example.[...]indings.QtActivity@73001d@0[30054]#0
I/SurfaceFlinger( 708): Device | 0x76ef2e1c00 | 0000 | RGBA_8888 | 53.0 40.0 1995.0 1496.0 | 0 0 2048 1536 | org.qtproject.example.TestQT692/org.[...]android.bindings.QtActivity[30054]#0 12:03:09: Debugging of has finished. 12:03:09: Android target "org.qtproject.example.TestQT692" terminated.