09-10 01:12:09.762 32273 32328 D ProfileInstaller: Installing profile for org.qtproject.example.appuntitled
09-10 01:12:10.013 2062 2109 I deeptouch: I0000 00:00:1757455930.012983 2109 tf_lite_classifier.cc:413] Event stream classified as kNone
09-10 01:12:10.024 3764 3764 I GoogleInputMethodService: GoogleInputMethodService.onFinishInput():3095
09-10 01:12:10.025 3764 3764 I GoogleInputMethodService: GoogleInputMethodService.updateDeviceLockedStatus():2167 repeatCheckTimes = 0, locked = false
09-10 01:12:10.025 3764 3764 I GoogleInputMethodService: GoogleInputMethodService.onStartInput():1911 onStartInput(EditorInfo{EditorInfo{packageName=org.qtproject.example.appuntitled, inputType=4001, inputTypeString=Normal[CapSentences], enableLearning=true, autoCorrection=true, autoComplete=true, imeOptions=6, privateImeOptions=null, actionName=DONE, actionLabel=null, initialSelStart=0, initialSelEnd=0, initialCapsMode=4000, label=null, fieldId=-1, fieldName=null, extras=null, hintText=null, hintLocales=[]}}, false)
09-10 01:12:10.025 3764 3764 I GoogleInputMethodService: GoogleInputMethodService.updateDeviceLockedStatus():2167 repeatCheckTimes = 1, locked = false
09-10 01:12:10.025 3764 3764 I AndroidIME: InputBundleManager.loadActiveInputBundleId():450 loadActiveInputBundleId: en-US, ime_english_united_states
09-10 01:12:10.026 1531 4441 W PackageConfigPersister: App-specific configuration not found for packageName: org.qtproject.example.appuntitled and userId: 0
09-10 01:12:10.026 3764 3764 I GoogleInputMethodService: GoogleInputMethodService.onStartInput():1911 onStartInput(EditorInfo{EditorInfo{packageName=org.qtproject.example.appuntitled, inputType=4001, inputTypeString=Normal[CapSentences], enableLearning=true, autoCorrection=true, autoComplete=true, imeOptions=6, privateImeOptions=null, actionName=DONE, actionLabel=null, initialSelStart=0, initialSelEnd=0, initialCapsMode=4000, label=null, fieldId=-1, fieldName=null, extras=null, hintText=null, hintLocales=[]}}, true)
09-10 01:12:10.026 3764 3764 I GoogleInputMethodService: GoogleInputMethodService.updateDeviceLockedStatus():2167 repeatCheckTimes = 1, locked = false
09-10 01:12:10.026 3764 3764 W SessionManager: SessionManager.beginSession():53 Try to begin an already begun session [INPUT_SESSION], end it first
09-10 01:12:10.026 3764 3764 I AndroidIME: InputBundleManager.loadActiveInputBundleId():450 loadActiveInputBundleId: en-US, ime_english_united_states
09-10 01:12:10.026 1531 4441 W PackageConfigPersister: App-specific configuration not found for packageName: org.qtproject.example.appuntitled and userId: 0
09-10 01:12:10.032 32273 32273 D InsetsController: Setting requestedVisibleTypes to -1 (was -9)
09-10 01:12:10.032 32273 32273 D InsetsController: show(ime(), fromIme=false)
09-10 01:12:10.033 32273 32273 I ImeTracker: org.qtproject.example.appuntitled:351401bd: onRequestShow at ORIGIN_CLIENT reason SHOW_SOFT_INPUT_BY_INSETS_API fromUser false
09-10 01:12:10.034 32273 32273 I ImeTracker: org.qtproject.example.appuntitled:351401bd: onCancelled at PHASE_CLIENT_REPORT_REQUESTED_VISIBLE_TYPES
09-10 01:12:10.035 1531 1928 D BackgroundInstallControlService: Package event received: 0
09-10 01:12:10.036 3764 3764 I StylusModule: StylusModule.onUpdateToolType():803 Update tool type = 1
09-10 01:12:10.037 3764 3764 I ImeTracker: com.google.android.inputmethod.latin:7596ceb4: onRequestShow at ORIGIN_IME reason SHOW_SOFT_INPUT_LEGACY_DIRECT fromUser false
09-10 01:12:10.037 3764 3764 I GoogleInputMethodService: GoogleInputMethodService.onStartInputView():2021 onStartInputView(EditorInfo{EditorInfo{packageName=org.qtproject.example.appuntitled, inputType=4001, inputTypeString=Normal[CapSentences], enableLearning=true, autoCorrection=true, autoComplete=true, imeOptions=6, privateImeOptions=null, actionName=DONE, actionLabel=null, initialSelStart=0, initialSelEnd=0, initialCapsMode=4000, label=null, fieldId=-1, fieldName=null, extras=null, hintText=null, hintLocales=[]}}, false)
09-10 01:12:10.038 3764 3764 I GoogleInputMethodService: GoogleInputMethodService.updateDeviceLockedStatus():2167 repeatCheckTimes = 1, locked = false
09-10 01:12:10.042 3764 3764 I KeyboardHeightUtil: KeyboardHeightUtil.getOemKeyboardHeightRatio():175 systemKeyboardHeightRatio:1.000000.
09-10 01:12:10.043 3764 3764 I AndroidIME: AbstractIme.onActivate():90 LatinIme.onActivate() : EditorInfo = EditorInfo{packageName=org.qtproject.example.appuntitled, inputType=4001, inputTypeString=Normal[CapSentences], enableLearning=true, autoCorrection=true, autoComplete=true, imeOptions=6, privateImeOptions=null, actionName=DONE, actionLabel=null, initialSelStart=0, initialSelEnd=0, initialCapsMode=4000, label=null, fieldId=-1, fieldName=null, extras=null, hintText=null, hintLocales=[]}, IncognitoMode = false, DeviceLocked = false
09-10 01:12:10.043 3764 3764 I InputBundle: InputBundle.consumeEvent():911 Skip consuming an event as keyboard status is 0
09-10 01:12:10.043 3764 3764 I Delight5Facilitator: Delight5Facilitator.initializeForIme():726 initializeForIme() : Locale = [en_US], layout = qwerty
09-10 01:12:10.043 3764 3764 I LatinIme: LatinIme.updateEnableInlineSuggestionsOnDecoderSideFlags():1196 inline flag updated to:false
09-10 01:12:10.044 3764 3764 I LatinIme: LatinIme.updateEnableInlineSuggestionsOnDecoderSideFlags():1196 inline flag updated to:false
09-10 01:12:10.045 3764 3764 I InputBundle: InputBundle.consumeEvent():911 Skip consuming an event as keyboard status is 0
09-10 01:12:10.045 3764 3764 I InputBundle: InputBundle.consumeEvent():911 Skip consuming an event as keyboard status is 0
09-10 01:12:10.057 3764 3764 I KeyboardWrapper: KeyboardWrapper.activateKeyboard():587 activateKeyboard(): type=prime, status=0, imeDef=koo{stringId=ime_english_united_states, language=en-US, languageTag=en-US, processedConditions={enable_number_row=false, device=phone}, className=com.google.android.libraries.inputmethod.ime.experiment.ExperimentImeWrapper, label=0, keyEventInterpreter=null, inlineComposing=true, autoCapital=true, announceAutoSelectedCandidate=true, statusIcon=0, primeKeyboardType=SOFT, indicatorIcon=0, indicatorLabel=US, displayAppCompletions=true, extraValues=kog{#0x7f0b0216=TypedValue{t=0x3/d=0x0 "writing_helper_enable_by_word_revert=false"}, #0x7f0b021c=TypedValue{t=0x3/d=0x0 "com.google.android.apps.inputmethod.libs.latin5.LatinIme"}, #0x7f0b021d=TypedValue{t=0x3/d=0x0 "com.google.android.apps.inputmethod.libs.edittracker.EditTrackingImeWrapper"}, #0x7f0b021e=TypedValue{t=0x3/d=0x0 "com.google.android.apps.inputmethod.libs.latin5.LatinIme"}}, processors=kqg@2061cd, unacceptableMetaKeys=4098, languageSpecificSettings=0, asciiCapable=true, alwaysShowSuggestions=false, useAsciiPasswordKeyboard=false, secondaryIme=null, keyboardGroupDef=kpo@fc8271f, phenotypeFlagId=0, localizationLanguageTag=null, supportsInlineSuggestion=true}
09-10 01:12:10.057 3764 3764 I KeyboardManager: KeyboardManager.requestKeyboard():234 Creating keyboard prime, imeId=ime_english_united_states, cacheKey=theme_border_keyboard_mode_screen_size_5_5_keyboard_mode_screen_width_middle_stylesheet_noshadow_reordertheme_pgsans_silkpopup_unifycolor_googlefontsicons_dark_phone_bottom4dp
09-10 01:12:10.058 3764 3764 I KeyboardWrapper: KeyboardWrapper.onKeyboardReady():250 onKeyboardReady(): type=prime(prime), kb=com.google.android.apps.inputmethod.latin.keyboard.LatinPrimeKeyboard@bdccada
09-10 01:12:10.058 3764 3764 I KeyboardWrapper: KeyboardWrapper.doActivateKeyboard():618 doActivateKeyboard(): prime
09-10 01:12:10.060 3764 3764 I KeyboardHeightUtil: KeyboardHeightUtil.calculateMaxKeyboardBodyHeight():45 leave 281 height for app when ime window height:2142, header height:116 and isFullscreenMode:false, so the max keyboard body height is:1745
09-10 01:12:10.060 3764 3764 W Keyboard: Keyboard.getKeyboardViewHelper():598 null helper is returned: keyboardDef=kpj{processedConditions={enable_more_candidates_view_for_multilingual=false, enable_secondary_symbols=false, variant=qwerty, language=en-US, deprecate_long_press_space_for_ime_picker=false, device=phone, expressions=normal, keyboard_mode=normal, show_secondary_digits=true, enable_preemptive_decode=true, rtl_layout=false}, globalConditions={global_theme_key=theme_border_keyboard_mode_screen_size_5_5_keyboard_mode_screen_width_middle_stylesheet_noshadow_reordertheme_pgsans_silkpopup_unifycolor_googlefontsicons_dark_phone_bottom4dp, global_locale=en_US, global_density_dpi=420, global_orientation=1}, className=.latin.keyboard.LatinPrimeKeyboard, resourceIds=[#0x7f170658, #0x7f1708d6], initialStates=0, keyboardViewDefs=[kpw{direction=null, id=#0x7f0b015e, isScalable=true, layoutId=#0x7f0e033f, type=BODY, touchable=true, defaultShow=true}, kpw{direction=null, id=#0x7f0b015e, isScalable=false, layoutId=#0x7f0e01d0, type=FLOATING_CANDIDATES, touchable=false, defaultShow=false}, kpw{direction=LOCALE, id=#0x7f0b015e, isScalable=false, layoutId=#0x7f0e04da, type=HEADER, touchable=true, defaultShow=true}], persistentStates=0, persistentStatesPrefKey=null, popupBubbleLayoutId=#0x7f0e05d6, recentKeyLayoutId=0, recentKeyPopupLayoutId=0, recentKeyType=null, rememberRecentKey=NONE, sessionStates=17592186044419}, type=WIDGET, helpersCreated=[kby@f8df475, kby@76aec0a, kby@62dbc7b, null], context.getResources().getConfiguration(): {1.0 ?mcc0mnc [en_US] ldltr sw411dp w411dp h816dp 420dpi nrml long hdr widecg port night finger -keyb/v/h -nav/h winConfig={ mBounds=Rect(0, 0 - 1080, 2400) mAppBounds=Rect(0, 132 - 1080, 2274) mMaxBounds=Rect(0, 0 - 1080, 2400) mDisplayRotation=ROTATION_0 mWindowingMode=fullscreen mActivityType=undefined mAlwaysOnTop=undefined mRotation=ROTATION_0} s.12383 fontWeightAdjustment=0}
09-10 01:12:10.061 3764 3764 I KeyboardHeightUtil: KeyboardHeightUtil.calculateMaxKeyboardBodyHeight():45 leave 281 height for app when ime window height:2142, header height:116 and isFullscreenMode:false, so the max keyboard body height is:1745
09-10 01:12:10.062 3764 3764 I GoogleInputMethodService: GoogleInputMethodService.startInputIfInputViewStarted():3618 startInputIfInputViewStarted(): default prime
09-10 01:12:10.066 3764 3764 I NewLanguagePromptExtension: NewLanguagePromptExtension.onActivate():188 Not activated NewLanguagePromptExtension: language switch key is disabled.
09-10 01:12:10.066 3764 3764 I AccessoryInputModeManager: AccessoryInputModeManager.onModeStarted():320 Accessory input mode started: null
09-10 01:12:10.066 3764 3764 W SupplementaryKeyboardsWrapper: SupplementaryKeyboardsWrapper.deactivateKeyboard():159 keyboard accessory_candidates_consumer is not activated before!
09-10 01:12:10.069 3764 3764 I KeyboardModeManager: KeyboardModeManager.setSupportedKeyboardModes():1154 supportsSplitMode=true supportsOneHandedMode=true, needUpdateKeyboardMode=false
09-10 01:12:10.069 3764 3764 I KeyboardModeUtils: KeyboardModeUtils.getKeyboardBottomOffset():419 inch: 0.000000 ydpi: 429.295013 adjustKeyboardBottomByDisplaySize: false currentDensityDpi: 420 defaultDensityDpi: 420 keyboardBottomToScreenPx: 0 keyboardBottomToNavBarPx: -126 navBarHeight: 126
09-10 01:12:10.069 3764 3764 I ResizableKeyboardModeController: ResizableKeyboardModeController.getKeyboardBottomOffset():228 currentPrimeKeyboardType:SOFT keyboardBottomOffset:16 navBarHeight:126 isInLandscape:false
09-10 01:12:10.069 3764 3764 I AndroidIME: KeyboardViewManager.updateKeyboardBodyViewHolderPaddingBottom():477 Set finalPaddingBottom = 16 while holderPaddingBottom = 16; navigationHeight = 126
09-10 01:12:10.070 3764 3764 I CurrentMicStatusHolder: CurrentMicStatusHolder.onStartInputView():81 Current Mic status = {MicIconHidden-SettingOff,}
09-10 01:12:10.072 1531 4441 D ActivityManager: sync unfroze 6448 com.google.android.adservices.api for 6
09-10 01:12:10.072 1531 1928 D BackgroundInstallControlService: Package event received: 0
09-10 01:12:10.072 1531 1764 D CoreBackPreview: Window{81099ad u0 org.qtproject.example.appuntitled/org.qtproject.qt.android.bindings.QtActivity}: Setting back callback OnBackInvokedCallbackInfo{mCallback=android.window.IOnBackInvokedCallback$Stub$Proxy@c88e6ec, mPriority=0, mIsAnimationCallback=true, mOverrideBehavior=0}
09-10 01:12:10.074 3764 3764 I AndroidIME: KeyboardViewManager.updateKeyboardBodyViewHolderPaddingBottom():477 Set finalPaddingBottom = 16 while holderPaddingBottom = 16; navigationHeight = 126
09-10 01:12:10.074 3764 3764 I WindowMetricsNotification: WindowMetricsNotification.notifyWithWindow():175
09-10 01:12:10.074 3764 3764 I WindowMetricsNotification: WindowMetricsNotification.notify():168 WindowMetricsNotification{bounds=Rect(0, 132 - 1080, 2400), insets=Rect(0, 0 - 0, 126), densityDpi=420, smallestScreenWidthDp=411, displayWidth=1080, displayHeight=2400, xdpi=428.625, ydpi=429.295, isTrustable=true, displayId=0}; DisplayMetrics{density=2.625, width=1080, height=2400, scaledDensity=2.625, xdpi=428.625, ydpi=429.295}
09-10 01:12:10.076 1972 1993 D WindowManagerShell: onKeepClearAreasChanged: restricted={}, unrestricted={Rect(0, 1617 - 1080, 2400)}
09-10 01:12:10.076 1531 1928 D BackgroundInstallControlService: Package event received: 0
09-10 01:12:10.076 1531 4441 D ActivityManager: sync unfroze 12038 com.google.android.gms for 6
09-10 01:12:10.078 1531 1928 D BackgroundInstallControlService: Package event received: 0
09-10 01:12:10.081 3764 3764 I GoogleInputMethodService: GoogleInputMethodService$1.onKeyboardViewShown():468 onKeyboardViewShown: keyboardType=prime, keyboardViewType=BODY keyboardView=com.google.android.libraries.inputmethod.widgets.SoftKeyboardView{d2ea833 V.E...... ........ 0,0-1080,641}
09-10 01:12:10.081 3764 3764 I NewLanguagePromptExtension: NewLanguagePromptExtension$1.onKeyboardViewShown():86 Not show new language banner: not prime keyboard, or the extension not activated.
09-10 01:12:10.082 3764 3764 I WindowMetricsNotification: WindowMetricsNotification.notifyWithWindow():175
09-10 01:12:10.082 3764 3764 I WindowMetricsNotification: WindowMetricsNotification.notify():168 WindowMetricsNotification{bounds=Rect(0, 132 - 1080, 2400), insets=Rect(0, 0 - 0, 126), densityDpi=420, smallestScreenWidthDp=411, displayWidth=1080, displayHeight=2400, xdpi=428.625, ydpi=429.295, isTrustable=true, displayId=0}; DisplayMetrics{density=2.625, width=1080, height=2400, scaledDensity=2.625, xdpi=428.625, ydpi=429.295}
09-10 01:12:10.082 3764 3764 I WindowMetricsNotification: WindowMetricsNotification.notifyWithWindow():175
09-10 01:12:10.082 3764 3764 I WindowMetricsNotification: WindowMetricsNotification.notify():168 WindowMetricsNotification{bounds=Rect(0, 132 - 1080, 2400), insets=Rect(0, 0 - 0, 126), densityDpi=420, smallestScreenWidthDp=411, displayWidth=1080, displayHeight=2400, xdpi=428.625, ydpi=429.295, isTrustable=true, displayId=0}; DisplayMetrics{density=2.625, width=1080, height=2400, scaledDensity=2.625, xdpi=428.625, ydpi=429.295}
09-10 01:12:10.082 3764 4027 I Delight5Decoder: Delight5DecoderWrapper.setKeyboardLayout():514 setKeyboardLayout()
09-10 01:12:10.083 1387 1740 I twoshay.TouchContextService: Got new packet! ContextPacket{orientation: PORTRAIT, audioMode: NORMAL, adaptiveTouchSensitivity: OFF, screenProtectorMode: OFF, imeState: ImeState{displayId: 0, visible: true, top: 0, left: 0, bottom: 0, right: 0}, audioDeviceInfo: TYPE_UNKNOWN}
09-10 01:12:10.083 1387 1741 I twoshay.TouchContextService: Got new packet! ContextPacket{orientation: PORTRAIT, audioMode: NORMAL, adaptiveTouchSensitivity: OFF, screenProtectorMode: OFF, imeState: ImeState{displayId: 0, visible: true, top: 1617, left: 0, bottom: 2400, right: 1080}, audioDeviceInfo: TYPE_UNKNOWN}
09-10 01:12:10.089 12038 12038 D BoundBrokerSvc: onBind: Intent { act=com.google.firebase.dynamiclinks.service.START pkg=com.google.android.gms }
09-10 01:12:10.089 12038 12038 D BoundBrokerSvc: Loading bound service for intent: Intent { act=com.google.firebase.dynamiclinks.service.START pkg=com.google.android.gms }
09-10 01:12:10.092 1531 4441 W ProcessStats: Tracking association SourceState{32e6ab5 com.google.android.inputmethod.latin/10197 BFgs #123334} whose proc state 4 is better than process ProcessState{df9401f com.google.android.gms/10164 pkg=com.google.android.gms} proc state 15 (8 skipped)
09-10 01:12:10.093 12038 12038 D BoundBrokerSvc: onUnbind: Intent { act=com.google.android.gms.common.BIND_SHARED_PREFS pkg=com.google.android.gms }
09-10 01:12:10.101 12038 12038 D BoundBrokerSvc: onBind: Intent { act=com.google.android.gms.common.BIND_SHARED_PREFS pkg=com.google.android.gms }
09-10 01:12:10.101 12038 12038 D BoundBrokerSvc: Loading bound service for intent: Intent { act=com.google.android.gms.common.BIND_SHARED_PREFS pkg=com.google.android.gms }
09-10 01:12:10.119 32273 32273 I ImeTracker: com.google.android.inputmethod.latin:7596ceb4: onDispatched
09-10 01:12:10.676 929 978 I WifiHAL : Creating message to get link statistics; iface = 47
09-10 01:12:10.796 2464 2529 D IwlanDataService: onCapabilitiesChanged: 111 [ Transports: WIFI Capabilities: NOT_METERED&INTERNET&NOT_RESTRICTED&TRUSTED&NOT_VPN&VALIDATED&NOT_ROAMING&FOREGROUND&NOT_CONGESTED&NOT_SUSPENDED&NOT_VCN_MANAGED&NOT_BANDWIDTH_CONSTRAINED LinkUpBandwidth>=14231Kbps LinkDnBandwidth>=28653Kbps TransportInfo: , Provider friendly name: , Requesting package name: "spring"wpa2-pskMLO Information: , Is TID-To-Link negotiation supported by the AP: false, AP MLD Address: , AP MLO Link Id: , AP MLO Affiliated links: , Vendor Data: > SignalStrength: -45 OwnerUid: 1000 AdminUids: [1000] SSID: "spring" UnderlyingNetworks: Null]
09-10 01:12:10.796 2464 2529 D IwlanDataService: Network 111 connected using transport WIFI
09-10 01:12:10.801 23543 23576 D DeviceStateHelper: Wifi freq: 2457
09-10 01:12:10.802 2464 2534 D IwlanNetworkService: onCapabilitiesChanged: 111
09-10 01:12:10.807 2824 3225 I BugleRcsEngine: Connected state: [1], networkType: [WIFI] [CONTEXT thread_id=55 ]
09-10 01:12:10.808 2824 3276 I BugleRcsEngine: handleMessage processing message:[NOTIFY_UPTIME_IGNORE_STATE_CHANGED] with [non-null]:RcsEngineImpl reference [CONTEXT log_prefix="RcsEngineImpl[DUAL_REG]:[05106cb5-3ce9]>Handler" thread_id=63 ]
09-10 01:12:10.810 2247 2587 E PhoneInterfaceManager: getCarrierPrivilegeStatusForUid: Invalid subId
09-10 01:12:10.811 2824 3276 I BugleRcsEngine: RCS Configuration storage in Bugle is disabled by p/h flag, using ProvisioningEngineStateCacheUtil.getProvisioningConfigurationForGivenSimIfExist() [CONTEXT log_prefix="ProvisioningEngineDataRetriever" thread_id=63 ]
09-10 01:12:10.815 856 911 D CHRE : @ 700373.876: Parsed nanoapp message from host: app ID 0x476f6f676c00100b endpoint 0x23 msgType 112 payload size 14
09-10 01:12:10.815 856 911 I CHRE : @ 700373.876: [NanoMinion] received MSG Type 0x70, Version 1, 10 bytes
09-10 01:12:10.815 856 911 I CHRE : @ 700373.876: [AR] context-signal: has_bt=0, bt=0, has_wifi=1, wifi=1
09-10 01:12:10.819 1531 1850 D ConnectivityService: NetReassign [no changes] [c 1] [a 0] [i 7]
09-10 01:12:11.070 4393 4393 D BoundBrokerSvc: onRebind: Intent { act=com.google.android.gms.libs.gmscorelogger.service.START dat=chimera-action:/... cmp=com.google.android.gms/.chimera.PersistentDirectBootAwareApiService }
09-10 01:12:12.161 2120 2329 D TemperatureStateSource: sequence=18498 actualDelay=10001
09-10 01:12:12.163 2120 2329 D TemperatureStateSource: Reading temperature: sequence=18499
09-10 01:12:12.172 1736 1736 I pixel-thermal: VIRTUAL-SKIN:27.6721 raw data: VIRTUAL-NEUTRAL:27672.1 VIRTUAL-NEUTRAL-SKIN2:27529.7 VIRTUAL-QUIET-NEUTRAL:27297.9 VIRTUAL-SKIN:27672.1 disp_therm:27521 gnss_tcxo_therm:27810 neutral_therm:27314 quiet_therm:27291 skin_therm1:27966 skin_therm2:28033
09-10 01:12:12.173 2120 2329 D TemperatureStateSource: getDeviceTemperatures: sequence=18499 deviceTemperatureType=3 temperatureSource=0 temperatures=[27.67215]
09-10 01:12:12.173 2120 2329 D BusinessScope: Enqueuing the block
09-10 01:12:12.174 2120 2329 D TemperatureStateSource: sequence=18499 waitTime=10000
09-10 01:12:12.174 2120 9465 D BusinessScope: Start running the #37041 block
09-10 01:12:12.175 2120 9465 D BusinessScope: Enqueuing the block
09-10 01:12:12.175 2120 9465 D ImpulseStateSource: Notify clients: 18516
09-10 01:12:12.175 2120 9465 D BusinessScope: Finish running the #37041 block
09-10 01:12:12.177 2120 9465 D BusinessScope: Start running the #37042 block
09-10 01:12:12.177 2120 9465 D BusinessScope: Finish running the #37042 block
09-10 01:12:12.552 32273 32273 W HWUI : Image decoding logging dropped!
09-10 01:12:12.567 1531 1764 D CoreBackPreview: Window{b14f48f u0 PopupWindow:c9a9c65}: Setting back callback OnBackInvokedCallbackInfo{mCallback=android.window.IOnBackInvokedCallback$Stub$Proxy@7fb86c6, mPriority=0, mIsAnimationCallback=false, mOverrideBehavior=0}
09-10 01:12:12.662 2062 2109 I deeptouch: I0000 00:00:1757455932.662675 2109 tf_lite_classifier.cc:413] Event stream classified as kNone
09-10 01:12:12.684 32273 32273 W WindowOnBackDispatcher: sendCancelIfRunning: isInProgress=false callback=android.view.ImeBackAnimationController@edc9373
09-10 01:12:12.685 32273 32273 D InsetsController: Setting requestedVisibleTypes to -9 (was -1)
09-10 01:12:12.685 32273 32273 I ImeTracker: com.google.android.inputmethod.latin:7596ceb4: onCancelled at PHASE_CLIENT_ANIMATION_CANCEL
09-10 01:12:12.686 1531 4441 I ImeTracker: com.google.android.inputmethod.latin:7596ceb4: setFinished on previously finished token at PHASE_CLIENT_ANIMATION_CANCEL with STATUS_CANCEL
09-10 01:12:12.686 1531 1764 D CoreBackPreview: Window{81099ad u0 org.qtproject.example.appuntitled/org.qtproject.qt.android.bindings.QtActivity}: Setting back callback OnBackInvokedCallbackInfo{mCallback=android.window.IOnBackInvokedCallback$Stub$Proxy@c4736d9, mPriority=0, mIsAnimationCallback=false, mOverrideBehavior=0}
09-10 01:12:12.687 32273 32273 D InsetsController: show(ime(), fromIme=false)
09-10 01:12:12.688 32273 32273 I ImeTracker: org.qtproject.example.appuntitled:7fe13186: onRequestShow at ORIGIN_CLIENT reason SHOW_SOFT_INPUT_BY_INSETS_API fromUser false
09-10 01:12:12.689 1531 1764 D CoreBackPreview: Window{81099ad u0 org.qtproject.example.appuntitled/org.qtproject.qt.android.bindings.QtActivity}: Setting back callback OnBackInvokedCallbackInfo{mCallback=android.window.IOnBackInvokedCallback$Stub$Proxy@b621f7f, mPriority=0, mIsAnimationCallback=true, mOverrideBehavior=0}
09-10 01:12:12.689 32273 32273 D InsetsController: Setting requestedVisibleTypes to -1 (was -9)
09-10 01:12:12.695 32273 32334 W InteractionJankMonitor: Initializing without READ_DEVICE_CONFIG permission. enabled=false, interval=1, missedFrameThreshold=3, frameTimeThreshold=64, package=org.qtproject.example.appuntitled
09-10 01:12:12.904 32273 32273 I ImeTracker: org.qtproject.example.appuntitled:7fe13186: onShown
09-10 01:12:13.792 929 978 I WifiHAL : Creating message to get link statistics; iface = 47
09-10 01:12:13.902 1531 1850 D ConnectivityService: NetReassign [no changes] [c 1] [a 0] [i 3]
09-10 01:12:16.298 32273 32273 W WindowOnBackDispatcher: sendCancelIfRunning: isInProgress=false callback=android.view.ViewRootImpl$$ExternalSyntheticLambda13@87fe748
09-10 01:12:16.301 1531 1764 D CoreBackPreview: Window{b14f48f u0 PopupWindow:c9a9c65}: Setting back callback null
09-10 01:12:16.900 929 978 I WifiHAL : Creating message to get link statistics; iface = 47
09-10 01:12:17.023 1531 1850 D ConnectivityService: NetReassign [no changes] [c 1] [a 0] [i 3]