--------- beginning of main
09-22 10:55:02.206 1465 1500 D CHRE.HAL: Received a nanoapp message from 0x476f6f676c001022 endpoint 0x8082: Type 0x3 size 8
09-22 10:55:02.207 1485 1485 I suez-nanoapp-clients: Barometric peak detected: magnitude = 0.115980 hPa (bucket: 3), duration = 80.000000 ms (bucket: 7).
09-22 10:55:02.208 1485 1485 I suez-nanoapp-clients: Vendor atom [id = 100047] reported.
09-22 10:55:02.208 1465 1500 D CHRE.HAL: Received a nanoapp message from 0x476f6f676c001022 endpoint 0x8082: Type 0x3 size 8
09-22 10:55:02.208 1485 1485 I suez-nanoapp-clients: Barometric peak detected: magnitude = 0.107440 hPa (bucket: 2), duration = 80.000000 ms (bucket: 7).
09-22 10:55:02.209 1485 1485 I suez-nanoapp-clients: Vendor atom [id = 100047] reported.
09-22 10:55:02.209 1465 1500 D CHRE.HAL: Received a nanoapp message from 0x476f6f676c001022 endpoint 0x8082: Type 0x3 size 8
09-22 10:55:02.213 1485 1485 I suez-nanoapp-clients: Barometric peak detected: magnitude = 0.113141 hPa (bucket: 2), duration = 80.000000 ms (bucket: 7).
09-22 10:55:02.213 1485 1485 I suez-nanoapp-clients: Vendor atom [id = 100047] reported.
09-22 10:55:02.214 1465 1500 I CHRE : @ 258039.526: [ip] Peak detected: magnitude = 0.115980 hpa, duration = 80.000000 ms
09-22 10:55:02.214 1465 1500 I CHRE : @ 258039.527: [ip] Peak detected: magnitude = 0.107440 hpa, duration = 80.000000 ms
09-22 10:55:02.214 1465 1500 I CHRE : @ 258039.527: [ip] Peak detected: magnitude = 0.113141 hpa, duration = 80.000000 ms
09-22 10:55:02.914 1465 1500 D CHRE : @ 258040.234: Parsed nanoapp message from host: app ID 0x476f6f676c00103b endpoint 0x8005 msgType 1 payload size 7
09-22 10:55:02.914 4005 4085 I AiAiEcho: SmartspaceNotificationPredictor no parser can handle this notification or notification is invalid
09-22 10:55:02.915 4956 4956 I NotificationListener: received notification removed event - com.internet.speed.meter.lite#UserHandle{0},category=-1
09-22 10:55:02.981 4629 4633 I deeptouch: I0000 00:00:1758531302.981213 4633 tf_lite_classifier.cc:413] Event stream classified as kNone
09-22 10:55:02.984 1465 1500 D CHRE : @ 258040.306: Parsed nanoapp message from host: app ID 0x476f6f676c00103b endpoint 0x8005 msgType 1 payload size 5
09-22 10:55:03.009 1518 1595 I WifiHAL : Creating message to get link statistics; iface = 47
09-22 10:55:03.015 26807 26807 D ImeBackDispatcher: Undo preliminary clear (mImeCallbacks.size=0) --------- beginning of system
09-22 10:55:03.016 26807 26807 D InsetsController: Setting requestedVisibleTypes to -1 (was -9)
09-22 10:55:03.016 26807 26807 D InsetsController: show(ime())
09-22 10:55:03.016 1882 6051 I ImeTracker: system_server:2fcf6326: onRequestShow at ORIGIN_SERVER reason IME_REQUESTED_CHANGED_LISTENER fromUser false
09-22 10:55:03.017 26807 26807 I ImeTracker: org.qtproject.example.appuntitled:82b57120: onRequestShow at ORIGIN_CLIENT reason SHOW_SOFT_INPUT_BY_INSETS_API fromUser false
09-22 10:55:03.019 26807 26807 I ImeTracker: org.qtproject.example.appuntitled:82b57120: onCancelled at PHASE_CLIENT_REPORT_REQUESTED_VISIBLE_TYPES
09-22 10:55:03.030 1882 4588 D BackgroundInstallControlService: Package event received: 0
09-22 10:55:03.033 899 899 W powerhal-libperfmgr: Sess(549), cannot resume, already active
09-22 10:55:03.039 28696 28696 W x : selectionUpdated event aborted
09-22 10:55:03.039 28696 28696 W x : on.t: Could not create selection changed event
09-22 10:55:03.039 28696 28696 W x : at e2.d.l(Unknown Source:64)
09-22 10:55:03.039 28696 28696 W x : at on.x.v0(Unknown Source:274)
09-22 10:55:03.039 28696 28696 W x : at Ek.D.j(Unknown Source:29)
09-22 10:55:03.039 28696 28696 W x : at Ek.T0.j(Unknown Source:8)
09-22 10:55:03.039 28696 28696 W x : at com.touchtype.KeyboardService.onUpdateSelection(Unknown Source:10)
09-22 10:55:03.039 28696 28696 W x : at android.inputmethodservice.InputMethodService$InputMethodSessionImpl.updateSelection(InputMethodService.java:1389)
09-22 10:55:03.039 28696 28696 W x : at android.inputmethodservice.IInputMethodSessionWrapper.executeMessage(IInputMethodSessionWrapper.java:115)
09-22 10:55:03.039 28696 28696 W x : at com.android.internal.os.HandlerCaller$MyHandler.handleMessage(HandlerCaller.java:44)
09-22 10:55:03.039 28696 28696 W x : at android.os.Handler.dispatchMessage(Handler.java:110)
09-22 10:55:03.039 28696 28696 W x : at android.os.Looper.dispatchMessage(Looper.java:315)
09-22 10:55:03.039 28696 28696 W x : at android.os.Looper.loopOnce(Looper.java:251)
09-22 10:55:03.039 28696 28696 W x : at android.os.Looper.loop(Looper.java:349)
09-22 10:55:03.039 28696 28696 W x : at android.app.ActivityThread.main(ActivityThread.java:9041)
09-22 10:55:03.039 28696 28696 W x : at java.lang.reflect.Method.invoke(Native Method)
09-22 10:55:03.039 28696 28696 W x : at com.android.internal.os.RuntimeInit$MethodAndArgsCaller.run(RuntimeInit.java:593)
09-22 10:55:03.039 28696 28696 W x : at com.android.internal.os.ZygoteInit.main(ZygoteInit.java:929)
09-22 10:55:03.041 26807 26807 W RemoteInputConnectionImpl: getExtractedText on inactive InputConnection
09-22 10:55:03.042 26807 26807 W RemoteInputConnectionImpl: getTextBeforeCursor on inactive InputConnection
09-22 10:55:03.043 28696 28696 W x : onStartInput event aborted
09-22 10:55:03.043 28696 28696 W x : on.t: could not obtain extracted text
09-22 10:55:03.043 28696 28696 W x : at on.I.H(Unknown Source:344)
09-22 10:55:03.043 28696 28696 W x : at Ek.D.q(Unknown Source:272)
09-22 10:55:03.043 28696 28696 W x : at Ek.T0.q(Unknown Source:2)
09-22 10:55:03.043 28696 28696 W x : at com.touchtype.KeyboardService.onStartInput(Unknown Source:11)
09-22 10:55:03.043 28696 28696 W x : at android.inputmethodservice.InputMethodService.doStartInput(InputMethodService.java:3406)
09-22 10:55:03.043 28696 28696 W x : at android.inputmethodservice.InputMethodService$InputMethodImpl.startInput(InputMethodService.java:804)
09-22 10:55:03.043 28696 28696 W x : at android.inputmethodservice.InputMethodService$InputMethodImpl.dispatchStartInput(InputMethodService.java:833)
09-22 10:55:03.043 28696 28696 W x : at android.inputmethodservice.IInputMethodWrapper.executeMessage(IInputMethodWrapper.java:201)
09-22 10:55:03.043 28696 28696 W x : at com.android.internal.os.HandlerCaller$MyHandler.handleMessage(HandlerCaller.java:44)
09-22 10:55:03.043 28696 28696 W x : at android.os.Handler.dispatchMessage(Handler.java:110)
09-22 10:55:03.043 28696 28696 W x : at android.os.Looper.dispatchMessage(Looper.java:315)
09-22 10:55:03.043 28696 28696 W x : at android.os.Looper.loopOnce(Looper.java:251)
09-22 10:55:03.043 28696 28696 W x : at android.os.Looper.loop(Looper.java:349)
09-22 10:55:03.043 28696 28696 W x : at android.app.ActivityThread.main(ActivityThread.java:9041)
09-22 10:55:03.043 28696 28696 W x : at java.lang.reflect.Method.invoke(Native Method)
09-22 10:55:03.043 28696 28696 W x : at com.android.internal.os.RuntimeInit$MethodAndArgsCaller.run(RuntimeInit.java:593)
09-22 10:55:03.043 28696 28696 W x : at com.android.internal.os.ZygoteInit.main(ZygoteInit.java:929)
09-22 10:55:03.045 28696 28696 W x : onStartInput event aborted
09-22 10:55:03.045 28696 28696 W x : on.t: could not obtain extracted text
09-22 10:55:03.045 28696 28696 W x : at on.I.H(Unknown Source:344)
09-22 10:55:03.045 28696 28696 W x : at Ek.D.q(Unknown Source:272)
09-22 10:55:03.045 28696 28696 W x : at Ek.T0.q(Unknown Source:2)
09-22 10:55:03.045 28696 28696 W x : at com.touchtype.KeyboardService.onStartInput(Unknown Source:11)
09-22 10:55:03.045 28696 28696 W x : at android.inputmethodservice.InputMethodService.doStartInput(InputMethodService.java:3406)
09-22 10:55:03.045 28696 28696 W x : at android.inputmethodservice.InputMethodService$InputMethodImpl.restartInput(InputMethodService.java:816)
09-22 10:55:03.045 28696 28696 W x : at android.inputmethodservice.InputMethodService$InputMethodImpl.dispatchStartInput(InputMethodService.java:831)
09-22 10:55:03.045 28696 28696 W x : at android.inputmethodservice.IInputMethodWrapper.executeMessage(IInputMethodWrapper.java:201)
09-22 10:55:03.045 28696 28696 W x : at com.android.internal.os.HandlerCaller$MyHandler.handleMessage(HandlerCaller.java:44)
09-22 10:55:03.045 28696 28696 W x : at android.os.Handler.dispatchMessage(Handler.java:110)
09-22 10:55:03.045 28696 28696 W x : at android.os.Looper.dispatchMessage(Looper.java:315)
09-22 10:55:03.045 28696 28696 W x : at android.os.Looper.loopOnce(Looper.java:251)
09-22 10:55:03.045 28696 28696 W x : at android.os.Looper.loop(Looper.java:349)
09-22 10:55:03.045 28696 28696 W x : at android.app.ActivityThread.main(ActivityThread.java:9041)
09-22 10:55:03.045 28696 28696 W x : at java.lang.reflect.Method.invoke(Native Method)
09-22 10:55:03.045 28696 28696 W x : at com.android.internal.os.RuntimeInit$MethodAndArgsCaller.run(RuntimeInit.java:593)
09-22 10:55:03.045 28696 28696 W x : at com.android.internal.os.ZygoteInit.main(ZygoteInit.java:929)
09-22 10:55:03.050 28696 28696 W x : onStartInputView event aborted
09-22 10:55:03.050 28696 28696 W x : on.t: Could not create reset composing text event
09-22 10:55:03.050 28696 28696 W x : at on.x.u0(Unknown Source:17)
09-22 10:55:03.050 28696 28696 W x : at on.x.s0(Unknown Source:169)
09-22 10:55:03.050 28696 28696 W x : at Ek.D.f(Unknown Source:266)
09-22 10:55:03.050 28696 28696 W x : at Ek.T0.f(Unknown Source:2)
09-22 10:55:03.050 28696 28696 W x : at com.touchtype.KeyboardService.onStartInputView(Unknown Source:9)
09-22 10:55:03.050 28696 28696 W x : at android.inputmethodservice.InputMethodService.startViews(InputMethodService.java:3231)
09-22 10:55:03.050 28696 28696 W x : at android.inputmethodservice.InputMethodService.showWindow(InputMethodService.java:3098)
09-22 10:55:03.050 28696 28696 W x : at android.inputmethodservice.InputMethodService$InputMethodImpl.showSoftInput(InputMethodService.java:979)
09-22 10:55:03.050 28696 28696 W x : at android.inputmethodservice.InputMethodService$InputMethodImpl.showSoftInputWithToken(InputMethodService.java:940)
09-22 10:55:03.050 28696 28696 W x : at android.inputmethodservice.IInputMethodWrapper.executeMessage(IInputMethodWrapper.java:232)
09-22 10:55:03.050 28696 28696 W x : at com.android.internal.os.HandlerCaller$MyHandler.handleMessage(HandlerCaller.java:44)
09-22 10:55:03.050 28696 28696 W x : at android.os.Handler.dispatchMessage(Handler.java:110)
09-22 10:55:03.050 28696 28696 W x : at android.os.Looper.dispatchMessage(Looper.java:315)
09-22 10:55:03.050 28696 28696 W x : at android.os.Looper.loopOnce(Looper.java:251)
09-22 10:55:03.050 28696 28696 W x : at android.os.Looper.loop(Looper.java:349)
09-22 10:55:03.050 28696 28696 W x : at android.app.ActivityThread.main(ActivityThread.java:9041)
09-22 10:55:03.050 28696 28696 W x : at java.lang.reflect.Method.invoke(Native Method)
09-22 10:55:03.050 28696 28696 W x : at com.android.internal.os.RuntimeInit$MethodAndArgsCaller.run(RuntimeInit.java:593)
09-22 10:55:03.050 28696 28696 W x : at com.android.internal.os.ZygoteInit.main(ZygoteInit.java:929)
09-22 10:55:03.054 28696 28696 D ImeBackDispatcher: Send callback registration id=158021105 priority=0
09-22 10:55:03.055 26807 26807 D ImeBackDispatcher: Register received callback id=158021105 priority=0
09-22 10:55:03.055 26807 26807 D WindowOnBackDispatcher: setTopOnBackInvokedCallback (unwrapped): ImeOnBackInvokedCallback@158021105 Callback=android.window.IOnBackInvokedCallback$Stub$Proxy@337fbb0
09-22 10:55:03.056 1882 9678 D CoreBackPreview: Window{d0d8c3e u0 org.qtproject.example.appuntitled/org.qtproject.qt.android.bindings.QtActivity}: Setting back callback OnBackInvokedCallbackInfo{mCallback=android.window.IOnBackInvokedCallback$Stub$Proxy@22ae549, mPriority=0, mIsAnimationCallback=true, mOverrideBehavior=0}
09-22 10:55:03.059 1518 1595 I WifiHAL : index: 0 per_rate_size 32, data_rem_len 1152
09-22 10:55:03.059 1518 1595 I WifiHAL : index: 1 per_rate_size 32, data_rem_len 1120
09-22 10:55:03.059 1518 1595 I WifiHAL : index: 2 per_rate_size 32, data_rem_len 1088
09-22 10:55:03.059 1518 1595 I WifiHAL : index: 3 per_rate_size 32, data_rem_len 1056
09-22 10:55:03.059 1518 1595 I WifiHAL : index: 4 per_rate_size 32, data_rem_len 1024
09-22 10:55:03.059 1518 1595 I WifiHAL : index: 5 per_rate_size 32, data_rem_len 992
09-22 10:55:03.059 1518 1595 I WifiHAL : index: 6 per_rate_size 32, data_rem_len 960
09-22 10:55:03.059 1518 1595 I WifiHAL : index: 7 per_rate_size 32, data_rem_len 928
09-22 10:55:03.059 1518 1595 I WifiHAL : index: 8 per_rate_size 32, data_rem_len 896
09-22 10:55:03.059 1518 1595 I WifiHAL : index: 9 per_rate_size 32, data_rem_len 864
09-22 10:55:03.059 1518 1595 I WifiHAL : index: 10 per_rate_size 32, data_rem_len 832
09-22 10:55:03.059 1518 1595 I WifiHAL : index: 11 per_rate_size 32, data_rem_len 800
09-22 10:55:03.059 1518 1595 I WifiHAL : index: 12 per_rate_size 32, data_rem_len 768
09-22 10:55:03.059 1518 1595 I WifiHAL : index: 13 per_rate_size 32, data_rem_len 736
09-22 10:55:03.059 1518 1595 I WifiHAL : index: 14 per_rate_size 32, data_rem_len 704
09-22 10:55:03.059 1518 1595 I WifiHAL : index: 15 per_rate_size 32, data_rem_len 672
09-22 10:55:03.059 1518 1595 I WifiHAL : index: 16 per_rate_size 32, data_rem_len 640
09-22 10:55:03.059 1518 1595 I WifiHAL : index: 17 per_rate_size 32, data_rem_len 608
09-22 10:55:03.059 1518 1595 I WifiHAL : index: 18 per_rate_size 32, data_rem_len 576
09-22 10:55:03.059 1518 1595 I WifiHAL : index: 19 per_rate_size 32, data_rem_len 544
09-22 10:55:03.059 1518 1595 I WifiHAL : index: 20 per_rate_size 32, data_rem_len 512
09-22 10:55:03.059 1518 1595 I WifiHAL : index: 21 per_rate_size 32, data_rem_len 480
09-22 10:55:03.059 1518 1595 I WifiHAL : index: 22 per_rate_size 32, data_rem_len 448
09-22 10:55:03.059 1518 1595 I WifiHAL : index: 23 per_rate_size 32, data_rem_len 416
09-22 10:55:03.059 1518 1595 I WifiHAL : index: 24 per_rate_size 32, data_rem_len 384
09-22 10:55:03.059 1518 1595 I WifiHAL : index: 25 per_rate_size 32, data_rem_len 352
09-22 10:55:03.059 1518 1595 I WifiHAL : index: 26 per_rate_size 32, data_rem_len 320
09-22 10:55:03.059 1518 1595 I WifiHAL : index: 27 per_rate_size 32, data_rem_len 288
09-22 10:55:03.059 1518 1595 I WifiHAL : index: 28 per_rate_size 32, data_rem_len 256
09-22 10:55:03.059 1518 1595 I WifiHAL : index: 29 per_rate_size 32, data_rem_len 224
09-22 10:55:03.059 1518 1595 I WifiHAL : index: 30 per_rate_size 32, data_rem_len 192
09-22 10:55:03.059 1518 1595 I WifiHAL : index: 31 per_rate_size 32, data_rem_len 160
09-22 10:55:03.059 1518 1595 I WifiHAL : index: 32 per_rate_size 32, data_rem_len 128
09-22 10:55:03.059 1518 1595 I WifiHAL : index: 33 per_rate_size 32, data_rem_len 96
09-22 10:55:03.059 1518 1595 I WifiHAL : index: 34 per_rate_size 32, data_rem_len 64
09-22 10:55:03.059 1518 1595 I WifiHAL : index: 35 per_rate_size 32, data_rem_len 32
09-22 10:55:03.060 1518 1595 I WifiHAL : Getting cached scan results, iface handle = 0xb400007cfc68c050
09-22 10:55:03.060 1518 1595 E WifiHAL : Creating message to get cached scan results
09-22 10:55:03.062 4634 4669 D WindowManagerShell: onKeepClearAreasChanged: restricted={}, unrestricted={Rect(0, 1686 - 1080, 2400)}
09-22 10:55:03.064 1518 1595 I WifiHAL : In GetCachedScanResultsCommand::handleResponse
09-22 10:55:03.086 1971 2295 I twoshay.TouchContextService: Got new packet! ContextPacket{orientation: PORTRAIT, audioMode: NORMAL, adaptiveTouchSensitivity: OFF, screenProtectorMode: OFF, imeState: ImeState{displayId: 0, visible: true, top: 0, left: 0, bottom: 0, right: 0}, audioDeviceInfo: TYPE_UNKNOWN}
09-22 10:55:03.087 1971 2294 I twoshay.TouchContextService: Got new packet! ContextPacket{orientation: PORTRAIT, audioMode: NORMAL, adaptiveTouchSensitivity: OFF, screenProtectorMode: OFF, imeState: ImeState{displayId: 0, visible: true, top: 1686, left: 0, bottom: 2400, right: 1080}, audioDeviceInfo: TYPE_UNKNOWN}
09-22 10:55:03.099 1882 4541 D ConnectivityService: NetReassign [no changes] [c 5] [a 1] [i 4]
09-22 10:55:03.103 26807 26807 I ImeTracker: system_server:2fcf6326: onDispatched
09-22 10:55:03.920 4956 4956 I NotificationListener: received notification removed event - com.internet.speed.meter.lite#UserHandle{0},category=-1
09-22 10:55:03.921 4005 4085 I AiAiEcho: SmartspaceNotificationPredictor no parser can handle this notification or notification is invalid
09-22 10:55:04.042 12289 12289 I Finsky:background: [2] Memory trim requested to level 40
09-22 10:55:04.043 12538 12538 I Finsky:quick_launch: [2] Memory trim requested to level 40
09-22 10:55:04.058 15267 15267 I Finsky : [2] Memory trim requested to level 40
09-22 10:55:04.058 15267 15267 I Finsky : [2] Flushing in-memory image cache
09-22 10:55:04.071 1465 1500 D CHRE : @ 258041.392: Parsed nanoapp message from host: app ID 0x476f6f676c00103b endpoint 0x8005 msgType 1 payload size 7
09-22 10:55:04.075 1882 7674 D CoreBackPreview: startBackNavigation currentTask=Task{b819991 #8484 type=standard A=10381:org.qtproject.example.appuntitled}, topRunningActivity=ActivityRecord{106583992 u0 org.qtproject.example.appuntitled/org.qtproject.qt.android.bindings.QtActivity t8484}, callbackInfo=OnBackInvokedCallbackInfo{mCallback=android.window.IOnBackInvokedCallback$Stub$Proxy@22ae549, mPriority=0, mIsAnimationCallback=true, mOverrideBehavior=0}, currentFocus=Window{d0d8c3e u0 org.qtproject.example.appuntitled/org.qtproject.qt.android.bindings.QtActivity}
09-22 10:55:04.076 4634 4669 D ShellBackPreview: Received backNavigationInfo:BackNavigationInfo{mType=TYPE_CALLBACK (4), mOnBackNavigationDone=android.os.RemoteCallback@2610da3, mOnBackInvokedCallback=android.window.IOnBackInvokedCallback$Stub$Proxy@48ca8a0, mPrepareRemoteAnimation=false, mAnimationCallback=true, mCustomizeAnimationInfo=null}
09-22 10:55:04.112 1882 9678 D InputManagerService: pilferPointers
09-22 10:55:04.113 1882 9678 I InputDispatcher: Channel [Gesture Monitor] edge-swipe is stealing input gesture for device 4 from [d0d8c3e org.qtproject.example.appuntitled/org.qtproject.qt.android.bindings.QtActivity, [Gesture Monitor] swipe-up]
09-22 10:55:04.119 4629 4633 I deeptouch: I0000 00:00:1758531304.119126 4633 tf_lite_classifier.cc:342] DeepPress candidate dropped due to large touch displacement (=66.0681)
09-22 10:55:04.119 4629 4633 I deeptouch: I0000 00:00:1758531304.119280 4633 tf_lite_classifier.cc:413] Event stream classified as kNone
09-22 10:55:04.164 4634 4669 D ShellBackPreview: Finishing gesture with event action: 1
09-22 10:55:04.164 4634 4669 D ShellBackPreview: onGestureFinished() mTriggerBack == true
09-22 10:55:04.164 4634 4669 D ShellBackPreview: Trigger back without dispatching to animator.
09-22 10:55:04.164 4634 4669 D ShellBackPreview: BackAnimationController: finishBackNavigation()
09-22 10:55:04.165 1882 7674 D CoreBackPreview: onBackNavigationDone backType=4, triggerBack=true
09-22 10:55:04.167 28696 28696 I ImeTracker: com.touchtype.swiftkey:ce1e7733: onRequestHide at ORIGIN_IME reason HIDE_SOFT_INPUT_BY_BACK_KEY fromUser true
09-22 10:55:04.170 1465 1500 D CHRE : @ 258041.489: Parsed nanoapp message from host: app ID 0x476f6f676c00103b endpoint 0x8005 msgType 1 payload size 5
09-22 10:55:04.172 26807 26807 D InsetsController: hide(ime())
09-22 10:55:04.173 26807 26807 D ImeBackDispatcher: Preliminary clear (mImeCallbacks.size=1)
09-22 10:55:04.173 26807 26807 D WindowOnBackDispatcher: setTopOnBackInvokedCallback (unwrapped): android.view.ViewRootImpl$$ExternalSyntheticLambda12@b07796f
09-22 10:55:04.174 26807 26807 D InsetsController: Setting requestedVisibleTypes to -9 (was -1)
09-22 10:55:04.174 1882 6051 D CoreBackPreview: Window{d0d8c3e u0 org.qtproject.example.appuntitled/org.qtproject.qt.android.bindings.QtActivity}: Setting back callback OnBackInvokedCallbackInfo{mCallback=android.window.IOnBackInvokedCallback$Stub$Proxy@644c503, mPriority=0, mIsAnimationCallback=false, mOverrideBehavior=0}
09-22 10:55:04.175 26807 26807 I ImeTracker: system_server:2fcf6326: onCancelled at PHASE_CLIENT_ANIMATION_CANCEL
09-22 10:55:04.175 1882 6051 I ImeTracker: system_server:2fcf6326: setFinished on previously finished token at PHASE_CLIENT_ANIMATION_CANCEL with STATUS_CANCEL
09-22 10:55:04.180 26807 26807 D InsetsController: hide(ime())
09-22 10:55:04.180 26807 26807 I ImeTracker: com.touchtype.swiftkey:ce1e7733: onCancelled at PHASE_CLIENT_ALREADY_HIDDEN
09-22 10:55:04.184 26807 26860 W InteractionJankMonitor: Initializing without READ_DEVICE_CONFIG permission. enabled=false, interval=1, missedFrameThreshold=3, frameTimeThreshold=64, package=org.qtproject.example.appuntitled
09-22 10:55:04.203 1974 26859 D Vibrator: waitForComplete: Vibrator is already off
09-22 10:55:04.402 1882 6051 I ImeTracker: system_server:55142789: onRequestHide at ORIGIN_SERVER reason IME_REQUESTED_CHANGED_LISTENER fromUser false
09-22 10:55:04.404 1971 2294 I twoshay.TouchContextService: Got new packet! ContextPacket{orientation: PORTRAIT, audioMode: NORMAL, adaptiveTouchSensitivity: OFF, screenProtectorMode: OFF, imeState: ImeState{displayId: 0, visible: false, top: 0, left: 0, bottom: 0, right: 0}, audioDeviceInfo: TYPE_UNKNOWN}
09-22 10:55:04.409 4634 4669 D WindowManagerShell: onKeepClearAreasChanged: restricted={}, unrestricted={}
09-22 10:55:04.418 1882 2001 D HintManagerService: Sent cleanup message for uid 10347
09-22 10:55:04.422 28696 28696 D ImeBackDispatcher: Send callback unregistration id=158021105
09-22 10:55:04.422 28696 28696 I ImeTracker: system_server:55142789: onHidden
09-22 10:55:04.435 26807 26807 D ImeBackDispatcher: Unregister received callback id=158021105
09-22 10:55:04.435 28696 28696 D FullKeyboardServiceDelegate: onTrimMemory called with level: 20
09-22 10:55:04.441 1882 2005 I ImeTracker: system_server:848c9fa7: onRequestShow at ORIGIN_SERVER reason CONTROLS_CHANGED fromUser false
09-22 10:55:04.452 26807 26807 I ImeTracker: system_server:848c9fa7: onCancelled at PHASE_CLIENT_ON_CONTROLS_CHANGED
09-22 10:55:04.711 1730 1730 D AOC : A3:MSG: usf_vsc_log.cc, 54: USF: [WO] Rejected by swing_time. Last detected 0 ms ago.
09-22 10:55:04.865 15267 26673 I Finsky : [717] Triggered update for experiment package com.google.android.finsky.stable.
09-22 10:55:04.935 4005 4085 I AiAiEcho: SmartspaceNotificationPredictor no parser can handle this notification or notification is invalid
09-22 10:55:04.937 4956 4956 I NotificationListener: received notification removed event - com.internet.speed.meter.lite#UserHandle{0},category=-1
09-22 10:55:04.945 1882 1954 I ImeTracker: system_server:fc733875: onRequestHide at ORIGIN_SERVER reason IME_REQUESTED_CHANGED_LISTENER fromUser false
09-22 10:55:04.946 1882 2004 I ImeTracker: system_server:fc733875: onCancelled at PHASE_SERVER_SHOULD_HIDE