D/AndroidRuntime(24521):
D/AndroidRuntime(24521): >>>>>> AndroidRuntime START com.android.internal.os.RuntimeInit <<<<<<
D/AndroidRuntime(24521): CheckJNI is OFF
D/dalvikvm(24521): Trying to load lib libjavacore.so 0x0
D/dalvikvm(24521): Added shared lib libjavacore.so 0x0
D/dalvikvm(24521): Trying to load lib libnativehelper.so 0x0
D/dalvikvm(24521): Added shared lib libnativehelper.so 0x0
D/AndroidRuntime(24521): Calling main entry com.android.commands.pm.Pm
W/ActivityManager( 2080): No content provider found for permission revoke: file:///data/local/tmp/Plxvideotest-debug.apk
W/ActivityManager( 2080): No content provider found for permission revoke: file:///data/local/tmp/Plxvideotest-debug.apk
I/PackageParser( 2080): org.qtproject.example.plxvideotest: compat added android.permission.READ_PHONE_STATE
D/dalvikvm( 2080): GC_CONCURRENT freed 381K, 26% free 8896K/11975K, paused 2ms+4ms, total 40ms
D/dalvikvm( 2080): WAIT_FOR_CONCURRENT_GC blocked 35ms
D/dalvikvm( 2080): GC_CONCURRENT freed 561K, 25% free 9062K/11975K, paused 3ms+4ms, total 44ms
D/dalvikvm( 2080): WAIT_FOR_CONCURRENT_GC blocked 28ms
D/dalvikvm( 2080): GC_CONCURRENT freed 755K, 25% free 9077K/11975K, paused 3ms+4ms, total 45ms
D/dalvikvm( 2080): WAIT_FOR_CONCURRENT_GC blocked 31ms
D/dalvikvm( 2080): GC_CONCURRENT freed 765K, 25% free 9082K/11975K, paused 3ms+4ms, total 45ms
D/dalvikvm( 2080): WAIT_FOR_CONCURRENT_GC blocked 31ms
D/dalvikvm( 2080): GC_CONCURRENT freed 686K, 25% free 9092K/11975K, paused 3ms+4ms, total 46ms
I/PackageManager( 2080): Running dexopt on: org.qtproject.example.plxvideotest
D/dalvikvm(24547): DexOpt: 'Landroid/annotation/SuppressLint;' has an earlier definition; blocking out
D/dalvikvm(24547): DexOpt: 'Landroid/annotation/TargetApi;' has an earlier definition; blocking out
D/dalvikvm(24547): DexOpt: not verifying/optimizing 'Landroid/annotation/SuppressLint;': multiple definitions
D/dalvikvm(24547): DexOpt: not verifying/optimizing 'Landroid/annotation/TargetApi;': multiple definitions
D/dalvikvm(24547): DexOpt: load 29ms, verify+opt 51ms, 478044 bytes
I/ActivityManager( 2080): Force stopping package org.qtproject.example.plxvideotest uid=10036
D/PackageManager( 2080): New package installed in /data/app/org.qtproject.example.plxvideotest-1.apk
D/dalvikvm( 2080): WAIT_FOR_CONCURRENT_GC blocked 0ms
D/PackageManager( 2080): generateServicesMap(android.accounts.AccountAuthenticator): 1 services unchanged
I/InputReader( 2080): Reconfiguring input devices. changes=0x00000010
D/PackageManager( 2080): generateServicesMap(android.content.SyncAdapter): 4 services unchanged
W/RecognitionManagerService( 2080): no available voice recognition services found
D/BackupManagerService( 2080): Received broadcast Intent { act=android.intent.action.PACKAGE_ADDED dat=package:org.qtproject.example.plxvideotest flg=0x8000010 (has extras) }
V/BackupManagerService( 2080): addPackageParticipantsLocked: #1
D/dalvikvm( 2080): GC_EXPLICIT freed 759K, 24% free 9110K/11975K, paused 14ms+9ms, total 86ms
D/dalvikvm( 2080): WAIT_FOR_CONCURRENT_GC blocked 20ms
D/dalvikvm( 2080): WAIT_FOR_CONCURRENT_GC blocked 20ms
D/dalvikvm( 2080): WAIT_FOR_CONCURRENT_GC blocked 20ms
D/dalvikvm( 2080): WAIT_FOR_CONCURRENT_GC blocked 20ms
D/dalvikvm( 2080): WAIT_FOR_CONCURRENT_GC blocked 4ms
D/AndroidRuntime(24521): Shutting down VM
I/AndroidRuntime(24521): NOTE: attach of thread 'Binder_3' failed
D/dalvikvm(24521): GC_CONCURRENT freed 97K, 83% free 456K/2560K, paused 1ms+0ms, total 4ms
W/Searchables( 2080): No global search activity found
D/AndroidRuntime(24601):
D/AndroidRuntime(24601): >>>>>> AndroidRuntime START com.android.internal.os.RuntimeInit <<<<<<
D/AndroidRuntime(24601): CheckJNI is OFF
D/dalvikvm(24601): Trying to load lib libjavacore.so 0x0
D/dalvikvm(24601): Added shared lib libjavacore.so 0x0
D/dalvikvm(24601): Trying to load lib libnativehelper.so 0x0
D/dalvikvm(24601): Added shared lib libnativehelper.so 0x0
D/AndroidRuntime(24601): Calling main entry com.android.commands.am.Am
D/AndroidRuntime(24601): Shutting down VM
D/dalvikvm(24601): GC_CONCURRENT freed 101K, 82% free 462K/2560K, paused 0ms+1ms, total 3ms
D/AndroidRuntime(24618):
D/AndroidRuntime(24618): >>>>>> AndroidRuntime START com.android.internal.os.RuntimeInit <<<<<<
D/AndroidRuntime(24618): CheckJNI is OFF
D/dalvikvm(24618): Trying to load lib libjavacore.so 0x0
D/dalvikvm(24618): Added shared lib libjavacore.so 0x0
D/dalvikvm(24618): Trying to load lib libnativehelper.so 0x0
D/dalvikvm(24618): Added shared lib libnativehelper.so 0x0
D/AndroidRuntime(24618): Calling main entry com.android.commands.am.Am
I/ActivityManager( 2080): START {flg=0x10000000 cmp=org.qtproject.example.plxvideotest/org.qtproject.qt5.android.bindings.QtActivity (has extras) u=0} from pid 24618
D/AndroidRuntime(24618): Shutting down VM
D/WindowManager( 2080): ORIENTATION POLICY:{[Window{41a53f30 com.android.launcher/com.android.launcher2.Launcher paused=true}],-1,0}
D/dalvikvm(24618): GC_CONCURRENT freed 100K, 81% free 490K/2560K, paused 1ms+2ms, total 8ms
D/dalvikvm(24632): Late-enabling CheckJNI
I/ActivityManager( 2080): Start proc org.qtproject.example.plxvideotest for activity org.qtproject.example.plxvideotest/org.qtproject.qt5.android.bindings.QtActivity: pid=24632 uid=10036 gids={3003, 1015, 1023, 1028}
D/WindowManager( 2080): ORIENTATION POLICY:{[Window{41a5e5b8 Starting org.qtproject.example.plxvideotest paused=false}],-1,0}
E/Trace (24632): error opening trace file: No such file or directory (2)
D/WindowManager( 2080): ORIENTATION POLICY:{[Window{41a5e5b8 Starting org.qtproject.example.plxvideotest paused=false}],-1,0}
D/WindowManager( 2080): ORIENTATION POLICY:{[Window{41a5e5b8 Starting org.qtproject.example.plxvideotest paused=false}],-1,0}
D/dalvikvm(24632): GC_CONCURRENT freed 271K, 15% free 6193K/7239K, paused 3ms+2ms, total 26ms
D/dalvikvm(24632): GC_CONCURRENT freed 437K, 17% free 6213K/7431K, paused 1ms+2ms, total 15ms
D/dalvikvm(24632): Trying to load lib /data/data/org.qtproject.example.plxvideotest/lib/libgnustl_shared.so 0x417ca798
D/dalvikvm(24632): Added shared lib /data/data/org.qtproject.example.plxvideotest/lib/libgnustl_shared.so 0x417ca798
D/dalvikvm(24632): No JNI_OnLoad found in /data/data/org.qtproject.example.plxvideotest/lib/libgnustl_shared.so 0x417ca798, skipping init
D/dalvikvm(24632): Trying to load lib /data/data/org.qtproject.example.plxvideotest/lib/libQt5Core.so 0x417ca798
D/dalvikvm(24632): Added shared lib /data/data/org.qtproject.example.plxvideotest/lib/libQt5Core.so 0x417ca798
D/dalvikvm(24632): Trying to load lib /data/data/org.qtproject.example.plxvideotest/lib/libQt5Gui.so 0x417ca798
D/dalvikvm(24632): Added shared lib /data/data/org.qtproject.example.plxvideotest/lib/libQt5Gui.so 0x417ca798
D/dalvikvm(24632): No JNI_OnLoad found in /data/data/org.qtproject.example.plxvideotest/lib/libQt5Gui.so 0x417ca798, skipping init
D/dalvikvm(24632): Trying to load lib /data/data/org.qtproject.example.plxvideotest/lib/libQt5Network.so 0x417ca798
D/dalvikvm(24632): Added shared lib /data/data/org.qtproject.example.plxvideotest/lib/libQt5Network.so 0x417ca798
D/dalvikvm(24632): No JNI_OnLoad found in /data/data/org.qtproject.example.plxvideotest/lib/libQt5Network.so 0x417ca798, skipping init
D/dalvikvm(24632): Trying to load lib /data/data/org.qtproject.example.plxvideotest/lib/libQt5Test.so 0x417ca798
D/dalvikvm(24632): Added shared lib /data/data/org.qtproject.example.plxvideotest/lib/libQt5Test.so 0x417ca798
D/dalvikvm(24632): No JNI_OnLoad found in /data/data/org.qtproject.example.plxvideotest/lib/libQt5Test.so 0x417ca798, skipping init
D/dalvikvm(24632): Trying to load lib /data/data/org.qtproject.example.plxvideotest/lib/libQt5Multimedia.so 0x417ca798
D/dalvikvm(24632): Added shared lib /data/data/org.qtproject.example.plxvideotest/lib/libQt5Multimedia.so 0x417ca798
D/dalvikvm(24632): No JNI_OnLoad found in /data/data/org.qtproject.example.plxvideotest/lib/libQt5Multimedia.so 0x417ca798, skipping init
D/dalvikvm(24632): Trying to load lib /data/data/org.qtproject.example.plxvideotest/lib/libQt5Qml.so 0x417ca798
D/dalvikvm(24632): Added shared lib /data/data/org.qtproject.example.plxvideotest/lib/libQt5Qml.so 0x417ca798
D/dalvikvm(24632): No JNI_OnLoad found in /data/data/org.qtproject.example.plxvideotest/lib/libQt5Qml.so 0x417ca798, skipping init
D/dalvikvm(24632): Trying to load lib /data/data/org.qtproject.example.plxvideotest/lib/libQt5Widgets.so 0x417ca798
D/dalvikvm(24632): Added shared lib /data/data/org.qtproject.example.plxvideotest/lib/libQt5Widgets.so 0x417ca798
D/dalvikvm(24632): No JNI_OnLoad found in /data/data/org.qtproject.example.plxvideotest/lib/libQt5Widgets.so 0x417ca798, skipping init
D/dalvikvm(24632): Trying to load lib /data/data/org.qtproject.example.plxvideotest/lib/libQt5OpenGL.so 0x417ca798
D/dalvikvm(24632): Added shared lib /data/data/org.qtproject.example.plxvideotest/lib/libQt5OpenGL.so 0x417ca798
D/dalvikvm(24632): No JNI_OnLoad found in /data/data/org.qtproject.example.plxvideotest/lib/libQt5OpenGL.so 0x417ca798, skipping init
D/dalvikvm(24632): Trying to load lib /data/data/org.qtproject.example.plxvideotest/lib/libQt5Quick.so 0x417ca798
D/dalvikvm(24632): Added shared lib /data/data/org.qtproject.example.plxvideotest/lib/libQt5Quick.so 0x417ca798
D/dalvikvm(24632): No JNI_OnLoad found in /data/data/org.qtproject.example.plxvideotest/lib/libQt5Quick.so 0x417ca798, skipping init
D/dalvikvm(24632): Trying to load lib /data/data/org.qtproject.example.plxvideotest/lib/libQt5MultimediaQuick_p.so 0x417ca798
D/dalvikvm(24632): Added shared lib /data/data/org.qtproject.example.plxvideotest/lib/libQt5MultimediaQuick_p.so 0x417ca798
D/dalvikvm(24632): No JNI_OnLoad found in /data/data/org.qtproject.example.plxvideotest/lib/libQt5MultimediaQuick_p.so 0x417ca798, skipping init
D/dalvikvm(24632): Trying to load lib /data/data/org.qtproject.example.plxvideotest/lib/libQt5MultimediaWidgets.so 0x417ca798
D/dalvikvm(24632): Added shared lib /data/data/org.qtproject.example.plxvideotest/lib/libQt5MultimediaWidgets.so 0x417ca798
D/dalvikvm(24632): No JNI_OnLoad found in /data/data/org.qtproject.example.plxvideotest/lib/libQt5MultimediaWidgets.so 0x417ca798, skipping init
D/dalvikvm(24632): Trying to load lib /data/data/org.qtproject.example.plxvideotest/plugins/mediaservice/libqtmedia_android.so 0x417ca798
D/dalvikvm(24632): Added shared lib /data/data/org.qtproject.example.plxvideotest/plugins/mediaservice/libqtmedia_android.so 0x417ca798
D/dalvikvm(24632): Trying to load lib /data/data/org.qtproject.example.plxvideotest/lib/libQt5MultimediaQuick_p.so 0x417ca798
D/dalvikvm(24632): Shared lib '/data/data/org.qtproject.example.plxvideotest/lib/libQt5MultimediaQuick_p.so' already loaded in same CL 0x417ca798
D/dalvikvm(24632): Trying to load lib /data/data/org.qtproject.example.plxvideotest/plugins/platforms/android/libqtforandroidGL.so 0x417ca798
D/dalvikvm(24632): Added shared lib /data/data/org.qtproject.example.plxvideotest/plugins/platforms/android/libqtforandroidGL.so 0x417ca798
I/Qt (24632): qt start
D/dalvikvm(24632): Trying to load lib /data/data/org.qtproject.example.plxvideotest/lib/libQt5QuickParticles.so 0x417ca798
D/dalvikvm(24632): Added shared lib /data/data/org.qtproject.example.plxvideotest/lib/libQt5QuickParticles.so 0x417ca798
D/dalvikvm(24632): No JNI_OnLoad found in /data/data/org.qtproject.example.plxvideotest/lib/libQt5QuickParticles.so 0x417ca798, skipping init
D/dalvikvm(24632): Trying to load lib /data/data/org.qtproject.example.plxvideotest/lib/libplxvideotest.so 0x417ca798
D/Qt (24632): qml/qqmlengine.cpp:1444 (QQmlDebuggingEnabler::QQmlDebuggingEnabler(bool)): QML debugging is enabled. Only use this in a safe environment.
D/dalvikvm(24632): Added shared lib /data/data/org.qtproject.example.plxvideotest/lib/libplxvideotest.so 0x417ca798
D/dalvikvm(24632): No JNI_OnLoad found in /data/data/org.qtproject.example.plxvideotest/lib/libplxvideotest.so 0x417ca798, skipping init
W/Qt (24632): kernel/qcoreapplication.cpp:416 (QCoreApplicationPrivate::QCoreApplicationPrivate(int&, char**, uint)): WARNING: QApplication was not created in the main() thread.
D/dalvikvm( 2080): WAIT_FOR_CONCURRENT_GC blocked 0ms
D/libEGL (24632): loaded /vendor/lib/egl/libEGL_POWERVR_SGX544_115.so
D/libEGL (24632): loaded /vendor/lib/egl/libGLESv1_CM_POWERVR_SGX544_115.so
D/libEGL (24632): loaded /vendor/lib/egl/libGLESv2_POWERVR_SGX544_115.so
D/dalvikvm( 2080): GC_EXPLICIT freed 633K, 27% free 8821K/11975K, paused 4ms+6ms, total 61ms
E/IMGSRV (24632): :0: buffer_sunxi_init: Generic buffer formats must be registered first. Re-order your gralloc constructors.
W/dalvikvm(24632): dvmFindClassByName rejecting 'org/qtproject/qt5/android/QtNativeInputConnection'
W/dalvikvm(24632): dvmFindClassByName rejecting 'org/qtproject/qt5/android/QtExtractedText'
D/WindowManager( 2080): ORIENTATION POLICY:{[Window{41a5e5b8 Starting org.qtproject.example.plxvideotest paused=false}, Window{41ac0e40 org.qtproject.example.plxvideotest/org.qtproject.qt5.android.bindings.QtActivity paused=false}],-1,0}
V/TabletStatusBar( 2629): setLightsOn(true)
D/OpenGLRenderer(24632): Enabling debug mode 0
D/WindowManager( 2080): ORIENTATION POLICY:{[Window{41a5e5b8 Starting org.qtproject.example.plxvideotest paused=false}, Window{41ac0e40 org.qtproject.example.plxvideotest/org.qtproject.qt5.android.bindings.QtActivity paused=false}, Window{41ac1018 SurfaceView paused=false}],-1,0}
D/WindowManager( 2080): ORIENTATION POLICY:{[Window{41a5e5b8 Starting org.qtproject.example.plxvideotest paused=false}, Window{41ac0e40 org.qtproject.example.plxvideotest/org.qtproject.qt5.android.bindings.QtActivity paused=false}, Window{41ac1018 SurfaceView paused=false}],-1,0}
D/WindowManager( 2080): ORIENTATION POLICY:{[Window{41a5e5b8 Starting org.qtproject.example.plxvideotest paused=false}, Window{41ac0e40 org.qtproject.example.plxvideotest/org.qtproject.qt5.android.bindings.QtActivity paused=false}, Window{41ac1018 SurfaceView paused=false}],-1,0}
D/WindowManager( 2080): ORIENTATION POLICY:{[Window{41a5e5b8 Starting org.qtproject.example.plxvideotest paused=false}, Window{41ac0e40 org.qtproject.example.plxvideotest/org.qtproject.qt5.android.bindings.QtActivity paused=false}, Window{41ac1018 SurfaceView paused=false}],-1,0}
D/WindowManager( 2080): ORIENTATION POLICY:{[Window{41a5e5b8 Starting org.qtproject.example.plxvideotest paused=false}, Window{41ac0e40 org.qtproject.example.plxvideotest/org.qtproject.qt5.android.bindings.QtActivity paused=false}, Window{41ac1018 SurfaceView paused=false}],-1,0}
I/ActivityManager( 2080): Displayed org.qtproject.example.plxvideotest/org.qtproject.qt5.android.bindings.QtActivity: +1s791ms
D/CDX_Player( 1350): >>>>>>>> CedarX Player Version: 00010800
I/ ( 1350): setDataSource('/mnt/sdcard/test.mp4')
D/CedarXPlayer( 1350): (f:setNativeWindow_l, l:967), native_p[0x42377fa0]
I/CedarXPlayer( 1350): use render GPU 0
D/CDX_Player( 1350): CDX_CMD_SET_VIDEO_RENDER_PATTERN
D/CDX_Player( 1350): same vpsspeed[0]
D/CDX_Player( 1350): ConfigVideoProcessFramework: GPU
D/cedarx_demux( 1350): cedarx_demux_create: 0x7
D/cedarx_demux( 1350): cedarx_demux_create: 0x7
D/CDX_Player( 1350): (f:CDXPlayer_GetMediaInfo, l:1847) parser don't care outer rotate, but will process picture self-rotation[0]
D/CDX_Player( 1350): hnd_demuxer 0x423689a0
D/osal_linux( 1350): init hw ref count:1
D/osal_linux( 1350): init hw ref count:2
D/VideoRender_Component( 1350): CDX use render_pattern = 0
D/VideoRender_Component( 1350): CDX use VideoRenderMode = 2
D/CedarXPlayer( 1350): (f:finishAsyncPrepare_l, l:1324) mVideoWidth[1920], mVideoHeight[1080], notifyListener_l(MEDIA_SET_VIDEO_SIZE_)
D/AudioRender_Component( 1350): >>>>>audio render init sample_rate:44100 channels:2
D/CedarXPlayer( 1350): (f:StagefrightVideoRenderInit, l:2722)
D/CedarXPlayer( 1350): video render size:1920x1080
D/CedarXPlayer( 1350): StagefrightVideoRenderInit mScreenID:0
D/CedarXPlayer( 1350): (f:StagefrightVideoRenderInit, l:2819) mDisplayFormat[0x58], new CedarXLocalRenderer
W/CedarXSoftwareRenderer( 1350): (f:CedarXSoftwareRenderer, l:74) bufHeight[1088]!=display_height[1080]
V/audio_hw_primary( 1350): select_output_device, devices: 40400, mode: 0
V/audio_hw_primary( 1350): select_output_device, headset_on=0,headphone_on=0,speaker_on=0,earpiece_on=0,bt_on=0
V/audio_hw_primary( 1350): select_output_device, devices: 40400, mode: 0
V/audio_hw_primary( 1350): select_output_device, headset_on=0,headphone_on=0,speaker_on=0,earpiece_on=0,bt_on=0
V/audio_hw_primary( 1350): in no call mode, speaker,****LINE:1470,FUNC:select_output_device
V/audio_hw_primary( 1350): start_output_stream: card:1, port:0, rate:44100
V/audio_hw_primary( 1350): use AUDIO_CODEC to playback audio
V/alsa_pcm( 1350): pcm_open_req, playback card: 0, device: 0, req_rate: 44100
V/alsa_pcm( 1350): size rate is 9
V/alsa_pcm( 1350): pcm_open_req try channels: 2, rate: 44100
V/alsa_pcm( 1350): pcm_open_req OK config->rate: 44100
V/audio_hw_primary( 1350): do not use out resampler
D/dalvikvm(24632): GC_CONCURRENT freed 446K, 17% free 6187K/7431K, paused 2ms+2ms, total 21ms
D/dalvikvm( 2629): GC_CONCURRENT freed 454K, 75% free 7708K/29895K, paused 2ms+6ms, total 33ms
D/dalvikvm( 2080): GC_CONCURRENT freed 569K, 27% free 8840K/11975K, paused 6ms+5ms, total 66ms
D/dalvikvm( 2629): GC_CONCURRENT freed 441K, 75% free 7714K/29895K, paused 3ms+5ms, total 41ms
D/dalvikvm( 3208): GC_CONCURRENT freed 508K, 16% free 6621K/7879K, paused 3ms+3ms, total 31ms
D/dalvikvm( 3208): WAIT_FOR_CONCURRENT_GC blocked 9ms
D/Finsky ( 3208): [1] 5.onFinished: Installation state replication succeeded.
D/dalvikvm( 2080): GC_CONCURRENT freed 612K, 27% free 8817K/11975K, paused 3ms+7ms, total 67ms
D/dalvikvm( 2629): GC_CONCURRENT freed 450K, 75% free 7715K/29895K, paused 15ms+9ms, total 70ms
D/dalvikvm(24632): GC_CONCURRENT freed 452K, 17% free 6180K/7431K, paused 4ms+3ms, total 35ms
D/dalvikvm( 2080): GC_CONCURRENT freed 585K, 27% free 8823K/11975K, paused 9ms+21ms, total 137ms
D/dalvikvm( 2629): GC_CONCURRENT freed 451K, 75% free 7715K/29895K, paused 7ms+11ms, total 87ms
D/dalvikvm( 2629): GC_CONCURRENT freed 452K, 75% free 7715K/29895K, paused 17ms+16ms, total 101ms
D/dalvikvm( 2080): GC_CONCURRENT freed 592K, 27% free 8825K/11975K, paused 10ms+17ms, total 155ms
D/dalvikvm(24632): GC_CONCURRENT freed 385K, 17% free 6181K/7431K, paused 8ms+5ms, total 59ms
D/dalvikvm( 2629): GC_CONCURRENT freed 451K, 75% free 7717K/29895K, paused 9ms+13ms, total 89ms
D/dalvikvm( 2080): GC_CONCURRENT freed 596K, 27% free 8823K/11975K, paused 10ms+18ms, total 154ms
D/dalvikvm( 2629): GC_CONCURRENT freed 452K, 75% free 7716K/29895K, paused 6ms+17ms, total 88ms
D/dalvikvm(24632): GC_CONCURRENT freed 385K, 17% free 6181K/7431K, paused 5ms+5ms, total 57ms
D/dalvikvm( 2080): GC_CONCURRENT freed 593K, 27% free 8823K/11975K, paused 11ms+18ms, total 154ms
I/CDX_Player( 1350): stop NuCachedSource
I/WindowState( 2080): WIN DEATH: Window{41ac0e40 org.qtproject.example.plxvideotest/org.qtproject.qt5.android.bindings.QtActivity paused=false}
I/ActivityManager( 2080): Process org.qtproject.example.plxvideotest (pid 24632) has died.
W/ActivityManager( 2080): Force removing ActivityRecord{41a89880 org.qtproject.example.plxvideotest/org.qtproject.qt5.android.bindings.QtActivity}: app died, no saved state
W/WindowManager( 2080): Force-removing child win Window{41ac1018 SurfaceView paused=false} from container Window{41ac0e40 org.qtproject.example.plxvideotest/org.qtproject.qt5.android.bindings.QtActivity paused=false}
E/SurfaceTextureClient( 1350): queueBuffer: error queuing buffer to SurfaceTexture, -32
W/CedarXSoftwareRenderer( 1350): Surface::queueBuffer returned error -32
W/CedarXSoftwareRenderer( 1350): Surface::dequeueBuffer returned error -32
W/VideoRender_Component( 1350): (f:VideoRender_ComponentThread, l:1066) fatal error! ret[-1],why dequeue frame fail?
D/osal_linux( 1350): exit hw ref count:1
D/osal_linux( 1350): exit hw ref count:0
W/MediaPlayerService( 1350): native_window_api_disconnect returned an error: Broken pipe (-32)
D/hwcomposer( 1347): ####((ctx->post2_layers:0 + ctx->use_sgx:0) <= 0)
D/WindowManager( 2080): ORIENTATION POLICY:{[],-1,0}
W/WindowManager( 2080): Failed looking up window
W/WindowManager( 2080): java.lang.IllegalArgumentException: Requested window android.os.BinderProxy@41acaee8 does not exist
W/WindowManager( 2080): at com.android.server.wm.WindowManagerService.windowForClientLocked(WindowManagerService.java:7816)
W/WindowManager( 2080): at com.android.server.wm.WindowManagerService.windowForClientLocked(WindowManagerService.java:7807)
W/WindowManager( 2080): at com.android.server.wm.WindowState$DeathRecipient.binderDied(WindowState.java:854)
W/WindowManager( 2080): at android.os.BinderProxy.sendDeathNotice(Binder.java:449)
W/WindowManager( 2080): at dalvik.system.NativeStart.run(Native Method)
I/WindowState( 2080): WIN DEATH: null
D/WindowManager( 2080): ORIENTATION POLICY:{[Window{41a53f30 com.android.launcher/com.android.launcher2.Launcher paused=false}],-1,0}
D/WindowManager( 2080): ORIENTATION POLICY:{[Window{41a53f30 com.android.launcher/com.android.launcher2.Launcher paused=false}],-1,0}
D/WindowManager( 2080): ORIENTATION POLICY:{[Window{41a53f30 com.android.launcher/com.android.launcher2.Launcher paused=false}],-1,0}
D/hwcomposer( 1347): ####((ctx->post2_layers:0 + ctx->use_sgx:0) <= 0)
D/hwcomposer( 1347): ####((ctx->post2_layers:0 + ctx->use_sgx:0) <= 0)
W/InputMethodManagerService( 2080): Got RemoteException sending setActive(false) notification to pid 24632 uid 10036
D/hwcomposer( 1347): ####((ctx->post2_layers:0 + ctx->use_sgx:0) <= 0)
D/dalvikvm( 2629): GC_CONCURRENT freed 441K, 75% free 7742K/29895K, paused 9ms+14ms, total 83ms
D/hwcomposer( 1347): ####((ctx->post2_layers:0 + ctx->use_sgx:0) <= 0)
D/hwcomposer( 1347): ####((ctx->post2_layers:0 + ctx->use_sgx:0) <= 0)
D/hwcomposer( 1347): ####((ctx->post2_layers:0 + ctx->use_sgx:0) <= 0)
D/hwcomposer( 1347): ####((ctx->post2_layers:0 + ctx->use_sgx:0) <= 0)
D/dalvikvm( 2080): GC_CONCURRENT freed 728K, 28% free 8684K/11975K, paused 37ms+5ms, total 142ms