D/dalvikvm( 4195): Late-enabling CheckJNI
I/ActivityManager( 358): Start proc org.qtproject.example.HlsTest for activity org.qtproject.example.HlsTest/org.qtproject.qt5.android.bindings.QtActivity: pid=4195 uid=10069 gids={50069, 1006, 3003, 1015, 1028}
I/qtaguid ( 358): Failed write_ctrl(s 1 10069) res=-1 errno=1
W/NetworkManagementSocketTagger( 358): setKernelCountSet(10069, 1) failed with errno -1
D/SensorManager( 4195): aidl getSensorManager:android.hardware.ISensorManager$Stub$Proxy@410b8bc0
D/dalvikvm( 4195): Trying to load lib /data/data/org.qtproject.example.HlsTest/lib/libgnustl_shared.so 0x410969c8
D/dalvikvm( 4195): Added shared lib /data/data/org.qtproject.example.HlsTest/lib/libgnustl_shared.so 0x410969c8
D/dalvikvm( 4195): No JNI_OnLoad found in /data/data/org.qtproject.example.HlsTest/lib/libgnustl_shared.so 0x410969c8, skipping init
D/dalvikvm( 4195): Trying to load lib /data/data/org.qtproject.example.HlsTest/lib/libQt5Core.so 0x410969c8
D/dalvikvm( 4195): Added shared lib /data/data/org.qtproject.example.HlsTest/lib/libQt5Core.so 0x410969c8
D/dalvikvm( 4195): Trying to load lib /data/data/org.qtproject.example.HlsTest/lib/libQt5Network.so 0x410969c8
D/dalvikvm( 4195): Added shared lib /data/data/org.qtproject.example.HlsTest/lib/libQt5Network.so 0x410969c8
I/Qt ( 4195): Network start
D/dalvikvm( 4195): Trying to load lib /data/data/org.qtproject.example.HlsTest/lib/libQt5Qml.so 0x410969c8
D/dalvikvm( 4195): Added shared lib /data/data/org.qtproject.example.HlsTest/lib/libQt5Qml.so 0x410969c8
D/dalvikvm( 4195): No JNI_OnLoad found in /data/data/org.qtproject.example.HlsTest/lib/libQt5Qml.so 0x410969c8, skipping init
D/dalvikvm( 4195): Trying to load lib /data/data/org.qtproject.example.HlsTest/lib/libQt5Gui.so 0x410969c8
D/dalvikvm( 4195): Added shared lib /data/data/org.qtproject.example.HlsTest/lib/libQt5Gui.so 0x410969c8
D/dalvikvm( 4195): No JNI_OnLoad found in /data/data/org.qtproject.example.HlsTest/lib/libQt5Gui.so 0x410969c8, skipping init
D/dalvikvm( 4195): Trying to load lib /data/data/org.qtproject.example.HlsTest/lib/libQt5Quick.so 0x410969c8
D/dalvikvm( 4195): Added shared lib /data/data/org.qtproject.example.HlsTest/lib/libQt5Quick.so 0x410969c8
D/dalvikvm( 4195): No JNI_OnLoad found in /data/data/org.qtproject.example.HlsTest/lib/libQt5Quick.so 0x410969c8, skipping init
D/dalvikvm( 4195): Trying to load lib /data/data/org.qtproject.example.HlsTest/lib/libQt5QuickParticles.so 0x410969c8
D/dalvikvm( 4195): Added shared lib /data/data/org.qtproject.example.HlsTest/lib/libQt5QuickParticles.so 0x410969c8
D/dalvikvm( 4195): No JNI_OnLoad found in /data/data/org.qtproject.example.HlsTest/lib/libQt5QuickParticles.so 0x410969c8, skipping init
D/dalvikvm( 4195): Trying to load lib /data/data/org.qtproject.example.HlsTest/lib/libQt5Multimedia.so 0x410969c8
D/dalvikvm( 4195): Added shared lib /data/data/org.qtproject.example.HlsTest/lib/libQt5Multimedia.so 0x410969c8
D/dalvikvm( 4195): No JNI_OnLoad found in /data/data/org.qtproject.example.HlsTest/lib/libQt5Multimedia.so 0x410969c8, skipping init
D/dalvikvm( 4195): Trying to load lib /data/data/org.qtproject.example.HlsTest/lib/libQt5MultimediaQuick_p.so 0x410969c8
D/dalvikvm( 4195): Added shared lib /data/data/org.qtproject.example.HlsTest/lib/libQt5MultimediaQuick_p.so 0x410969c8
D/dalvikvm( 4195): No JNI_OnLoad found in /data/data/org.qtproject.example.HlsTest/lib/libQt5MultimediaQuick_p.so 0x410969c8, skipping init
D/dalvikvm( 4195): Trying to load lib /data/data/org.qtproject.example.HlsTest/plugins/platforms/android/libqtforandroidGL.so 0x410969c8
D/dalvikvm( 4195): Added shared lib /data/data/org.qtproject.example.HlsTest/plugins/platforms/android/libqtforandroidGL.so 0x410969c8
I/Qt ( 4195): qt start
W/dalvikvm( 4195): dvmFindClassByName rejecting 'org/qtproject/qt5/android/QtMessageDialogHelper'
D/dalvikvm( 4195): Trying to load lib /data/data/org.qtproject.example.HlsTest/lib/libQt5QuickParticles.so 0x410969c8
D/dalvikvm( 4195): Shared lib '/data/data/org.qtproject.example.HlsTest/lib/libQt5QuickParticles.so' already loaded in same CL 0x410969c8
D/dalvikvm( 4195): Trying to load lib /data/data/org.qtproject.example.HlsTest/plugins/mediaservice/libqtmedia_android.so 0x410969c8
D/dalvikvm( 4195): Added shared lib /data/data/org.qtproject.example.HlsTest/plugins/mediaservice/libqtmedia_android.so 0x410969c8
D/dalvikvm( 4195): Trying to load lib /data/data/org.qtproject.example.HlsTest/lib/libQt5MultimediaQuick_p.so 0x410969c8
D/dalvikvm( 4195): Shared lib '/data/data/org.qtproject.example.HlsTest/lib/libQt5MultimediaQuick_p.so' already loaded in same CL 0x410969c8
D/dalvikvm( 4195): Trying to load lib /data/app-lib/org.qtproject.example.HlsTest-1/libHlsTest.so 0x410969c8
D/Qt ( 4195): qml/qqmlengine.cpp:1451 (QQmlDebuggingEnabler::QQmlDebuggingEnabler(bool)): QML debugging is enabled. Only use this in a safe environment.
D/dalvikvm( 4195): Added shared lib /data/app-lib/org.qtproject.example.HlsTest-1/libHlsTest.so 0x410969c8
D/dalvikvm( 4195): No JNI_OnLoad found in /data/app-lib/org.qtproject.example.HlsTest-1/libHlsTest.so 0x410969c8, skipping init
W/Qt ( 4195): kernel/qcoreapplication.cpp:416 (QCoreApplicationPrivate::QCoreApplicationPrivate(int&, char**, uint)): WARNING: QApplication was not created in the main() thread.
W/dalvikvm( 4195): dvmFindClassByName rejecting 'org/qtproject/qt5/android/QtNativeInputConnection'
W/dalvikvm( 4195): dvmFindClassByName rejecting 'org/qtproject/qt5/android/QtExtractedText'
D/libEGL ( 4195): loaded /system/lib/egl/libEGL_mali.so
D/libEGL ( 4195): loaded /system/lib/egl/libGLESv1_CM_mali.so
D/libEGL ( 4195): loaded /system/lib/egl/libGLESv2_mali.so
I/TabletStatusBar( 451): nition************topAppWindowChanged
D/TabletStatusBar( 451): nition***isLauncher=false,AutohideSystemui=false
I/ActivityManager( 358): Displayed org.qtproject.example.HlsTest/org.qtproject.qt5.android.bindings.QtActivity: +881ms
I/qtaguid ( 358): Failed write_ctrl(s 0 10018) res=-1 errno=1
W/NetworkManagementSocketTagger( 358): setKernelCountSet(10018, 0) failed with errno -1
D/Qt ( 4195): assets:/qml/HlsTest/main.qml:21 (onSourceChanged): player source changed http://devimages.apple.com/iphone/samples/bipbop/bipbopall.m3u8
D/Hery ( 4195): setDataSource sys.html5.local false, run local
D/WindowManager( 358): wms setting systemprop(sys.html5.local,false)..
D/MediaPlayer( 4195): Couldn't open file on client side, trying server side
D/MediaPlayerFactory( 103): createPlayer:playerType=7
I/MediaPlayerFactory( 103): create FFPlayer
I/FFMpegMediaPlayer( 103): setDataSource in 0x41baac20
I/FFMpegMediaPlayer( 103): ******************************************
I/FFMpegMediaPlayer( 103):
I/FFMpegMediaPlayer( 103): starting main player thread:2013-9-10
I/FFMpegMediaPlayer( 103):
I/FFMpegMediaPlayer( 103):
I/FFMpegMediaPlayer( 103): ******************************************
I/FFMpegMediaPlayer( 103): mCurrentState = 1
I/FFMpegMediaPlayer( 103): setDataSource(http://devimages.apple.com/iphone/samples/bipbop/bipbopall.m3u8)
E/FFMpegMediaPlayer( 103): ffmpeg version 9-10
E/FFMpegMediaPlayer( 103): May Be appleHTTP file type
E/FFMpegMediaPlayer( 103): avio_open2:open
E/FFMpegMediaPlayer( 103): TCPopen:timeout=50000000
E/FFMpegMediaPlayer( 103): avio_open2:open ok
E/FFMpegMediaPlayer( 103): av_probe_input_buffer:avio_read
I/FFMpegMediaPlayer( 103): flv_probe get probe score: 0
E/FFMpegMediaPlayer( 103): avformat_open_input:read_header
E/FFMpegMediaPlayer( 103): bandwidth=25000
E/FFMpegMediaPlayer( 103): new_variant:http://devimages.apple.com/iphone/samples/bipbop/gear1/prog_index.m3u8
E/FFMpegMediaPlayer( 103): bandwidth=38888
E/FFMpegMediaPlayer( 103): new_variant:http://devimages.apple.com/iphone/samples/bipbop/gear2/prog_index.m3u8
E/FFMpegMediaPlayer( 103): bandwidth=60555
E/FFMpegMediaPlayer( 103): new_variant:http://devimages.apple.com/iphone/samples/bipbop/gear3/prog_index.m3u8
E/FFMpegMediaPlayer( 103): bandwidth=92222
E/FFMpegMediaPlayer( 103): new_variant:http://devimages.apple.com/iphone/samples/bipbop/gear4/prog_index.m3u8
E/FFMpegMediaPlayer( 103): avio_open2:open
E/FFMpegMediaPlayer( 103): TCPopen:timeout=50000000
E/FFMpegMediaPlayer( 103): avio_open2:open ok
E/FFMpegMediaPlayer( 103): init BandWidthqueue
E/FFMpegMediaPlayer( 103): av_probe_input_buffer:avio_read
E/FFMpegMediaPlayer( 103): TCPopen:timeout=50000000
I/FFMpegMediaPlayer( 103): flv_probe get probe score: 0
E/FFMpegMediaPlayer( 103): ffmpeg version 9-10
E/FFMpegMediaPlayer( 103): avformat_open_input:read_header
E/FFMpegMediaPlayer( 103): avformat_open_input:read_header ok
E/FFMpegMediaPlayer( 103): avformat_open_input:read_header ok
E/FFMpegMediaPlayer( 103): Hery, s->iformat->name hls,applehttp
I/FFMpegMediaPlayer( 103): found applehttp s->duration = 1801000000.000000
I/FFMpegMediaPlayer( 103): prepareVideo
W/MediaPlayer( 4195): info/warning (952, 0)
W/MediaPlayer( 4195): info/warning (701, 0)
I/MediaPlayer( 4195): Info (952,0)
I/MediaPlayer( 4195): Info (701,0)
D/Qt ( 4195): assets:/qml/HlsTest/main.qml:29 (onPlaybackStateChanged): playbackState = 2
D/Qt ( 4195): assets:/qml/HlsTest/main.qml:38 (onPlaybackStateChanged): playbackState = PausedState 2
I/FFMpegMediaPlayer( 103): prepareAudio
I/FFMpegMediaPlayer( 103): prepareSubtitle
I/RkAudioPlayer( 103): mAudioSink->open in mSampleRate = 22050 channels = 1
I/FFMpegMediaPlayer( 103): pause in
I/FFMpegMediaPlayer( 103): send player cancel
I/RkRenderer( 103): Width = 192,Height = 144
D/Qt ( 4195): assets:/qml/HlsTest/main.qml:29 (onPlaybackStateChanged): playbackState = 0
D/Qt ( 4195): assets:/qml/HlsTest/main.qml:43 (onPlaybackStateChanged): playbackState = StoppedState 0
I/FFMpegMediaPlayer( 103): end of playing
D/Finsky ( 1063): [1] 5.onFinished: Installation state replication succeeded.
W/ThrottleService( 358): unable to find stats for iface rmnet0
D/dalvikvm( 530): WAIT_FOR_CONCURRENT_GC blocked 13ms