I/ActivityManager( 508): Start proc org.qtproject.example.testevideo for activity org.qtproject.example.testevideo/org.qtproject.qt5.android.bindings.QtActivity: pid=9211 uid=10099 gids={50099, 1006, 3003, 1028, 1015}
I/SearchController( 4958): #onHotwordDetectorStopped
I/MicrophoneInputStream( 4958): mic_close
D/audio_hw_primary( 124): select_input_device: AUDIO_DEVICE_IN_DEFAULT
V/audio_hw_primary( 124): Changing output device 2 => 2
V/audio_hw_primary( 124): Changing input device 4 => 0
V/audio_hw_primary( 124): Set 'HP Switch'.0 to 0
V/audio_hw_primary( 124): Set 'Headphone ZC Switch'.0 to 0
V/audio_hw_primary( 124): Set 'Headphone ZC Switch'.1 to 0
V/audio_hw_primary( 124): Set 'AIF1DAC1 Volume'.0 to 96
V/audio_hw_primary( 124): Set 'AIF1DAC1 Volume'.1 to 96
V/audio_hw_primary( 124): Set 'AIF1 Boost Volume'.0 to 0
V/audio_hw_primary( 124): Set 'DAC1 Volume'.0 to 96
V/audio_hw_primary( 124): Set 'DAC1 Volume'.1 to 96
V/audio_hw_primary( 124): Set 'Headphone Volume'.0 to 45
V/audio_hw_primary( 124): Set 'Headphone Volume'.1 to 45
V/audio_hw_primary( 124): Set 'Main Mic Switch'.0 to 0
V/audio_hw_primary( 124): Set 'MIXINL IN1L Switch'.0 to 0
V/audio_hw_primary( 124): Set 'AIF1ADC1 HPF Mode'.0 to 0
V/audio_hw_primary( 124): Set 'AIF1ADC1 HPF Switch'.0 to 0
V/audio_hw_primary( 124): Set 'AIF1ADC1 HPF Switch'.1 to 0
V/audio_hw_primary( 124): Set 'AIF2 Mode' to 'Slave'
V/audio_hw_primary( 124): Set 'AIF2DAC Mux' to 'AIF2DACDAT'
D/dalvikvm( 4958): threadid=23: thread exiting, not yet detached (count=0)
V/SearchControllerCache( 4958): disposing SearchController
I/ActivityManager( 508): Killing 8867:com.android.documentsui/u0a40 (adj 15): empty #17
D/dalvikvm( 9211): Trying to load lib /data/data/org.qtproject.example.testevideo/lib/libgnustl_shared.so 0x41b41b58
D/dalvikvm( 9211): Added shared lib /data/data/org.qtproject.example.testevideo/lib/libgnustl_shared.so 0x41b41b58
D/dalvikvm( 9211): No JNI_OnLoad found in /data/data/org.qtproject.example.testevideo/lib/libgnustl_shared.so 0x41b41b58, skipping init
D/dalvikvm( 9211): Trying to load lib /data/data/org.qtproject.example.testevideo/lib/libQt5Core.so 0x41b41b58
D/dalvikvm( 9211): Added shared lib /data/data/org.qtproject.example.testevideo/lib/libQt5Core.so 0x41b41b58
D/dalvikvm( 9211): Trying to load lib /data/data/org.qtproject.example.testevideo/lib/libQt5Network.so 0x41b41b58
D/dalvikvm( 9211): Added shared lib /data/data/org.qtproject.example.testevideo/lib/libQt5Network.so 0x41b41b58
I/Qt ( 9211): Network start
D/dalvikvm( 9211): Trying to load lib /data/data/org.qtproject.example.testevideo/lib/libQt5Qml.so 0x41b41b58
D/dalvikvm( 9211): Added shared lib /data/data/org.qtproject.example.testevideo/lib/libQt5Qml.so 0x41b41b58
D/dalvikvm( 9211): No JNI_OnLoad found in /data/data/org.qtproject.example.testevideo/lib/libQt5Qml.so 0x41b41b58, skipping init
D/dalvikvm( 9211): Trying to load lib /data/data/org.qtproject.example.testevideo/lib/libQt5Gui.so 0x41b41b58
D/dalvikvm( 9211): Added shared lib /data/data/org.qtproject.example.testevideo/lib/libQt5Gui.so 0x41b41b58
D/dalvikvm( 9211): No JNI_OnLoad found in /data/data/org.qtproject.example.testevideo/lib/libQt5Gui.so 0x41b41b58, skipping init
D/dalvikvm( 9211): Trying to load lib /data/data/org.qtproject.example.testevideo/lib/libQt5Quick.so 0x41b41b58
D/dalvikvm( 9211): Added shared lib /data/data/org.qtproject.example.testevideo/lib/libQt5Quick.so 0x41b41b58
D/dalvikvm( 9211): No JNI_OnLoad found in /data/data/org.qtproject.example.testevideo/lib/libQt5Quick.so 0x41b41b58, skipping init
D/dalvikvm( 9211): Trying to load lib /data/data/org.qtproject.example.testevideo/lib/libQt5QuickParticles.so 0x41b41b58
D/dalvikvm( 9211): Added shared lib /data/data/org.qtproject.example.testevideo/lib/libQt5QuickParticles.so 0x41b41b58
D/dalvikvm( 9211): No JNI_OnLoad found in /data/data/org.qtproject.example.testevideo/lib/libQt5QuickParticles.so 0x41b41b58, skipping init
D/dalvikvm( 9211): Trying to load lib /data/data/org.qtproject.example.testevideo/lib/libQt5Multimedia.so 0x41b41b58
D/dalvikvm( 9211): Added shared lib /data/data/org.qtproject.example.testevideo/lib/libQt5Multimedia.so 0x41b41b58
D/dalvikvm( 9211): No JNI_OnLoad found in /data/data/org.qtproject.example.testevideo/lib/libQt5Multimedia.so 0x41b41b58, skipping init
D/dalvikvm( 9211): Trying to load lib /data/data/org.qtproject.example.testevideo/lib/libQt5MultimediaQuick_p.so 0x41b41b58
D/dalvikvm( 9211): Added shared lib /data/data/org.qtproject.example.testevideo/lib/libQt5MultimediaQuick_p.so 0x41b41b58
D/dalvikvm( 9211): No JNI_OnLoad found in /data/data/org.qtproject.example.testevideo/lib/libQt5MultimediaQuick_p.so 0x41b41b58, skipping init
D/dalvikvm( 9211): Trying to load lib /data/data/org.qtproject.example.testevideo/plugins/platforms/android/libqtforandroidGL.so 0x41b41b58
D/dalvikvm( 9211): Added shared lib /data/data/org.qtproject.example.testevideo/plugins/platforms/android/libqtforandroidGL.so 0x41b41b58
I/Qt ( 9211): qt start
W/dalvikvm( 9211): dvmFindClassByName rejecting 'org/qtproject/qt5/android/QtMessageDialogHelper'
D/dalvikvm( 9211): Trying to load lib /data/data/org.qtproject.example.testevideo/lib/libQt5QuickParticles.so 0x41b41b58
D/dalvikvm( 9211): Shared lib '/data/data/org.qtproject.example.testevideo/lib/libQt5QuickParticles.so' already loaded in same CL 0x41b41b58
D/dalvikvm( 9211): Trying to load lib /data/data/org.qtproject.example.testevideo/plugins/mediaservice/libqtmedia_android.so 0x41b41b58
D/dalvikvm( 9211): Added shared lib /data/data/org.qtproject.example.testevideo/plugins/mediaservice/libqtmedia_android.so 0x41b41b58
D/dalvikvm( 9211): Trying to load lib /data/data/org.qtproject.example.testevideo/lib/libQt5MultimediaQuick_p.so 0x41b41b58
D/dalvikvm( 9211): Shared lib '/data/data/org.qtproject.example.testevideo/lib/libQt5MultimediaQuick_p.so' already loaded in same CL 0x41b41b58
D/dalvikvm( 9211): Trying to load lib /data/app-lib/org.qtproject.example.testevideo-1/libtestevideo.so 0x41b41b58
D/Qt ( 9211): qml/qqmlengine.cpp:1451 (QQmlDebuggingEnabler::QQmlDebuggingEnabler(bool)): QML debugging is enabled. Only use this in a safe environment.
D/dalvikvm( 9211): Added shared lib /data/app-lib/org.qtproject.example.testevideo-1/libtestevideo.so 0x41b41b58
D/dalvikvm( 9211): No JNI_OnLoad found in /data/app-lib/org.qtproject.example.testevideo-1/libtestevideo.so 0x41b41b58, skipping init
W/Qt ( 9211): kernel/qcoreapplication.cpp:416 (QCoreApplicationPrivate::QCoreApplicationPrivate(int&, char**, uint)): WARNING: QApplication was not created in the main() thread.
W/dalvikvm( 9211): dvmFindClassByName rejecting 'org/qtproject/qt5/android/QtNativeInputConnection'
W/dalvikvm( 9211): dvmFindClassByName rejecting 'org/qtproject/qt5/android/QtExtractedText'
D/AwesomePlayer( 124): Before reset_l
D/AwesomePlayer( 124): printFileName fd(26) -> /storage/emulated/legacy/Alex Clare - Too Close.mp4
I/ActivityManager( 508): Displayed org.qtproject.example.testevideo/org.qtproject.qt5.android.bindings.QtActivity: +1s212ms
I/ActivityManager( 508): Timeline: Activity_windows_visible id: ActivityRecord{4241adc8 u0 org.qtproject.example.testevideo/org.qtproject.qt5.android.bindings.QtActivity t26} time:4401870
I/ActivityManager( 9211): Timeline: Activity_idle id: android.os.BinderProxy@41b3e780 time:4401909
I/OMXCodec( 124): [OMX.TI.DUCATI1.VIDEO.DECODER] AVC profile = 100 (High), level = 31
I/OMXCodec( 124): [OMX.TI.DUCATI1.VIDEO.DECODER] video dimensions are 1280 x 720
I/OMXCodec( 124): [OMX.TI.DUCATI1.VIDEO.DECODER] Crop rect is 1280 x 720 @ (0, 0)
W/AudioPolicyManagerBase( 124): offload disabled by av.offload.enable = false
E/MediaPlayer( 9211): Should have subtitle controller already set
D/AwesomePlayer( 124): Before reset_l
D/AwesomePlayer( 124): printFileName fd(104) -> /storage/emulated/legacy/Alex Clare - Too Close.mp4
I/OMXCodec( 124): [OMX.TI.DUCATI1.VIDEO.DECODER] AVC profile = 100 (High), level = 31
I/OMXCodec( 124): [OMX.TI.DUCATI1.VIDEO.DECODER] video dimensions are 1280 x 720
I/OMXCodec( 124): [OMX.TI.DUCATI1.VIDEO.DECODER] Crop rect is 1280 x 720 @ (0, 0)
W/AudioPolicyManagerBase( 124): offload disabled by av.offload.enable = false
E/MediaPlayer( 9211): Should have subtitle controller already set
W/GAV2 ( 9147): Thread[GAThread,5,main]: Service unavailable (code=1), will retry.
W/ActivityManager( 508): Unable to start service Intent { act=com.google.android.gms.analytics.service.START cmp=com.google.android.gms/.analytics.service.AnalyticsService (has extras) } U=0: not found
I/GAV2 ( 9147): Thread[GAThread,5,main]: No campaign data found.
I/OMXNodeInstance( 124): OMX_FreeBuffer for buffer header 0x42165600 successful
I/OMXNodeInstance( 124): OMX_FreeBuffer for buffer header 0x42165160 successful
I/OMXNodeInstance( 124): OMX_FreeBuffer for buffer header 0x40e1d4f8 successful
I/OMXNodeInstance( 124): OMX_FreeBuffer for buffer header 0x40e1d898 successful
I/OMXNodeInstance( 124): OMX_FreeBuffer for buffer header 0x40e1dc58 successful
I/OMXCodec( 124): [OMX.TI.DUCATI1.VIDEO.DECODER] video dimensions are 1408 x 832
I/OMXCodec( 124): [OMX.TI.DUCATI1.VIDEO.DECODER] Crop rect is 1280 x 720 @ (0, 0)
I/OMXCodec( 124): [OMX.TI.DUCATI1.VIDEO.DECODER] video dimensions are 1408 x 832
I/OMXCodec( 124): [OMX.TI.DUCATI1.VIDEO.DECODER] Crop rect is 1280 x 720 @ (0, 0)
I/OMXCodec( 124): [OMX.TI.DUCATI1.VIDEO.DECODER] video dimensions are 1408 x 832
I/OMXCodec( 124): [OMX.TI.DUCATI1.VIDEO.DECODER] Crop rect is 1280 x 720 @ (32, 24)
I/SoftAAC2( 124): Reconfiguring decoder: 0->44100 Hz, 0->2 channels
I/OMXNodeInstance( 124): OMX_FreeBuffer for buffer header 0x42167338 successful
I/OMXNodeInstance( 124): OMX_FreeBuffer for buffer header 0x421656b8 successful
I/OMXNodeInstance( 124): OMX_FreeBuffer for buffer header 0x41797ed0 successful
I/OMXNodeInstance( 124): OMX_FreeBuffer for buffer header 0x40e15338 successful
D/audio_hw_primary( 124): select_output_device: AUDIO_DEVICE_OUT_SPEAKER
W/MediaPlayer( 9211): info/warning (3, 0)
I/ActivityManager( 508): Killing 8913:com.android.externalstorage/u0a7 (adj 15): empty #17
D/MobileDataStateTracker( 508): default: setPolicyDataEnable(enabled=true)
W/TimedEventQueue( 124): Event 127 was not found in the queue, already cancelled?
I/OMXNodeInstance( 124): OMX_FreeBuffer for buffer header 0x421671b0 successful
I/OMXNodeInstance( 124): OMX_FreeBuffer for buffer header 0x421670f8 successful
I/OMXNodeInstance( 124): OMX_FreeBuffer for buffer header 0x42167028 successful
I/OMXNodeInstance( 124): OMX_FreeBuffer for buffer header 0x42166f18 successful
I/OMXNodeInstance( 124): OMX_FreeBuffer for buffer header 0x40057e78 successful
I/OMXNodeInstance( 124): OMX_FreeBuffer for buffer header 0x40e15350 successful
I/OMXNodeInstance( 124): OMX_FreeBuffer for buffer header 0x40057da8 successful
I/OMXNodeInstance( 124): OMX_FreeBuffer for buffer header 0x4103c650 successful
I/OMXNodeInstance( 124): OMX_FreeBuffer for buffer header 0x40e1cde0 successful
I/OMXNodeInstance( 124): OMX_FreeBuffer for buffer header 0x40e32b60 successful
I/OMXNodeInstance( 124): OMX_FreeBuffer for buffer header 0x40e1d3e0 successful
I/OMXNodeInstance( 124): OMX_FreeBuffer for buffer header 0x40e1d340 successful
I/OMXNodeInstance( 124): OMX_FreeBuffer for buffer header 0x42165020 successful
I/OMXNodeInstance( 124): OMX_FreeBuffer for buffer header 0x40e1db98 successful
I/OMXNodeInstance( 124): OMX_FreeBuffer for buffer header 0x40e1d7d8 successful
W/GAV2 ( 9147): Thread[Service Reconnect,5,main]: Service unavailable (code=1), using local store.
W/ActivityManager( 508): Unable to start service Intent { act=com.google.android.gms.analytics.service.START cmp=com.google.android.gms/.analytics.service.AnalyticsService (has extras) } U=0: not found
D/AwesomePlayer( 124): Before reset_l
D/AwesomePlayer( 124): printFileName fd(104) -> /storage/emulated/legacy/Alex Clare - Too Close.mp4
I/OMXCodec( 124): [OMX.TI.DUCATI1.VIDEO.DECODER] AVC profile = 100 (High), level = 31
I/OMXCodec( 124): [OMX.TI.DUCATI1.VIDEO.DECODER] video dimensions are 1280 x 720
I/OMXCodec( 124): [OMX.TI.DUCATI1.VIDEO.DECODER] Crop rect is 1280 x 720 @ (0, 0)
W/AudioPolicyManagerBase( 124): offload disabled by av.offload.enable = false
E/MediaPlayer( 9211): Should have subtitle controller already set
I/OMXNodeInstance( 124): OMX_FreeBuffer for buffer header 0x4172ecd0 successful
I/OMXNodeInstance( 124): OMX_FreeBuffer for buffer header 0x4172e838 successful
I/OMXNodeInstance( 124): OMX_FreeBuffer for buffer header 0x42167e18 successful
I/OMXNodeInstance( 124): OMX_FreeBuffer for buffer header 0x40e15750 successful
I/OMXNodeInstance( 124): OMX_FreeBuffer for buffer header 0x421652c8 successful
I/OMXCodec( 124): [OMX.TI.DUCATI1.VIDEO.DECODER] video dimensions are 1408 x 832
I/OMXCodec( 124): [OMX.TI.DUCATI1.VIDEO.DECODER] Crop rect is 1280 x 720 @ (0, 0)
I/OMXCodec( 124): [OMX.TI.DUCATI1.VIDEO.DECODER] video dimensions are 1408 x 832
I/OMXCodec( 124): [OMX.TI.DUCATI1.VIDEO.DECODER] Crop rect is 1280 x 720 @ (0, 0)
I/OMXCodec( 124): [OMX.TI.DUCATI1.VIDEO.DECODER] video dimensions are 1408 x 832
I/OMXCodec( 124): [OMX.TI.DUCATI1.VIDEO.DECODER] Crop rect is 1280 x 720 @ (32, 24)
I/SoftAAC2( 124): Reconfiguring decoder: 0->44100 Hz, 0->2 channels
I/OMXNodeInstance( 124): OMX_FreeBuffer for buffer header 0x400072a8 successful
I/OMXNodeInstance( 124): OMX_FreeBuffer for buffer header 0x400074b8 successful
I/OMXNodeInstance( 124): OMX_FreeBuffer for buffer header 0x400075f8 successful
I/OMXNodeInstance( 124): OMX_FreeBuffer for buffer header 0x40007720 successful
W/MediaPlayer( 9211): info/warning (3, 0)
D/audio_hw_primary( 124): select_output_device: AUDIO_DEVICE_OUT_SPEAKER
D/Finsky ( 7763): [1] 5.onFinished: Installation state replication succeeded.
W/TimedEventQueue( 124): Event 192 was not found in the queue, already cancelled?
W/AudioFlinger( 124): session id 387 not found for pid 9211
I/OMXNodeInstance( 124): OMX_FreeBuffer for buffer header 0x40007120 successful
I/OMXNodeInstance( 124): OMX_FreeBuffer for buffer header 0x40007068 successful
I/OMXNodeInstance( 124): OMX_FreeBuffer for buffer header 0x41797fa0 successful
I/OMXNodeInstance( 124): OMX_FreeBuffer for buffer header 0x41797de8 successful
I/OMXNodeInstance( 124): OMX_FreeBuffer for buffer header 0x40e1d290 successful
I/OMXNodeInstance( 124): OMX_FreeBuffer for buffer header 0x40e1d168 successful
I/OMXNodeInstance( 124): OMX_FreeBuffer for buffer header 0x400071f0 successful
I/OMXNodeInstance( 124): OMX_FreeBuffer for buffer header 0x40e1db20 successful
I/OMXNodeInstance( 124): OMX_FreeBuffer for buffer header 0x40055818 successful
I/OMXNodeInstance( 124): OMX_FreeBuffer for buffer header 0x40055760 successful
I/OMXNodeInstance( 124): OMX_FreeBuffer for buffer header 0x4172ecd0 successful
I/OMXNodeInstance( 124): OMX_FreeBuffer for buffer header 0x42165580 successful
I/OMXNodeInstance( 124): OMX_FreeBuffer for buffer header 0x421667f8 successful
I/OMXNodeInstance( 124): OMX_FreeBuffer for buffer header 0x40e1cf88 successful
I/OMXNodeInstance( 124): OMX_FreeBuffer for buffer header 0x40e15750 successful
D/AwesomePlayer( 124): Before reset_l
D/AwesomePlayer( 124): printFileName fd(104) -> /storage/emulated/legacy/Alex Clare - Too Close.mp4
I/OMXCodec( 124): [OMX.TI.DUCATI1.VIDEO.DECODER] AVC profile = 100 (High), level = 31
I/OMXCodec( 124): [OMX.TI.DUCATI1.VIDEO.DECODER] video dimensions are 1280 x 720
I/OMXCodec( 124): [OMX.TI.DUCATI1.VIDEO.DECODER] Crop rect is 1280 x 720 @ (0, 0)
W/AudioPolicyManagerBase( 124): offload disabled by av.offload.enable = false
E/MediaPlayer( 9211): Should have subtitle controller already set
I/OMXNodeInstance( 124): OMX_FreeBuffer for buffer header 0x42167c28 successful
I/OMXNodeInstance( 124): OMX_FreeBuffer for buffer header 0x40e32450 successful
I/OMXNodeInstance( 124): OMX_FreeBuffer for buffer header 0x42166f68 successful
I/OMXNodeInstance( 124): OMX_FreeBuffer for buffer header 0x40e1d888 successful
I/OMXNodeInstance( 124): OMX_FreeBuffer for buffer header 0x40e320e0 successful
I/OMXCodec( 124): [OMX.TI.DUCATI1.VIDEO.DECODER] video dimensions are 1408 x 832
I/OMXCodec( 124): [OMX.TI.DUCATI1.VIDEO.DECODER] Crop rect is 1280 x 720 @ (0, 0)
I/OMXCodec( 124): [OMX.TI.DUCATI1.VIDEO.DECODER] video dimensions are 1408 x 832
I/OMXCodec( 124): [OMX.TI.DUCATI1.VIDEO.DECODER] Crop rect is 1280 x 720 @ (0, 0)
I/OMXCodec( 124): [OMX.TI.DUCATI1.VIDEO.DECODER] video dimensions are 1408 x 832
I/OMXCodec( 124): [OMX.TI.DUCATI1.VIDEO.DECODER] Crop rect is 1280 x 720 @ (32, 24)
I/SoftAAC2( 124): Reconfiguring decoder: 0->44100 Hz, 0->2 channels
I/OMXNodeInstance( 124): OMX_FreeBuffer for buffer header 0x4103c530 successful
I/OMXNodeInstance( 124): OMX_FreeBuffer for buffer header 0x40e332a8 successful
I/OMXNodeInstance( 124): OMX_FreeBuffer for buffer header 0x40e333e8 successful
I/OMXNodeInstance( 124): OMX_FreeBuffer for buffer header 0x40e33510 successful
D/audio_hw_primary( 124): select_output_device: AUDIO_DEVICE_OUT_SPEAKER
W/MediaPlayer( 9211): info/warning (3, 0)
W/TimedEventQueue( 124): Event 181 was not found in the queue, already cancelled?
W/AudioFlinger( 124): session id 387 not found for pid 9211
I/OMXNodeInstance( 124): OMX_FreeBuffer for buffer header 0x4103c3a8 successful
I/OMXNodeInstance( 124): OMX_FreeBuffer for buffer header 0x41027cc0 successful
I/OMXNodeInstance( 124): OMX_FreeBuffer for buffer header 0x41027bf0 successful
I/OMXNodeInstance( 124): OMX_FreeBuffer for buffer header 0x40e14b50 successful
I/OMXNodeInstance( 124): OMX_FreeBuffer for buffer header 0x40e33320 successful
I/OMXNodeInstance( 124): OMX_FreeBuffer for buffer header 0x40e33230 successful
I/OMXNodeInstance( 124): OMX_FreeBuffer for buffer header 0x4103c448 successful
I/OMXNodeInstance( 124): OMX_FreeBuffer for buffer header 0x42165ea0 successful
I/OMXNodeInstance( 124): OMX_FreeBuffer for buffer header 0x400577a8 successful
I/OMXNodeInstance( 124): OMX_FreeBuffer for buffer header 0x40e150d0 successful
I/OMXNodeInstance( 124): OMX_FreeBuffer for buffer header 0x40e320e0 successful
I/OMXNodeInstance( 124): OMX_FreeBuffer for buffer header 0x421671a0 successful
I/OMXNodeInstance( 124): OMX_FreeBuffer for buffer header 0x40e1d778 successful
I/OMXNodeInstance( 124): OMX_FreeBuffer for buffer header 0x40057b80 successful
I/OMXNodeInstance( 124): OMX_FreeBuffer for buffer header 0x40e1dba8 successful
D/ConnectivityService( 508): Sampling interval elapsed, updating statistics ..
D/ConnectivityService( 508): Done.
D/ConnectivityService( 508): Setting timer for 720seconds
D/AwesomePlayer( 124): Before reset_l
D/AwesomePlayer( 124): printFileName fd(104) -> /storage/emulated/legacy/Alex Clare - Too Close.mp4
I/OMXCodec( 124): [OMX.TI.DUCATI1.VIDEO.DECODER] AVC profile = 100 (High), level = 31
I/OMXCodec( 124): [OMX.TI.DUCATI1.VIDEO.DECODER] video dimensions are 1280 x 720
I/OMXCodec( 124): [OMX.TI.DUCATI1.VIDEO.DECODER] Crop rect is 1280 x 720 @ (0, 0)
W/AudioPolicyManagerBase( 124): offload disabled by av.offload.enable = false
E/MediaPlayer( 9211): Should have subtitle controller already set
I/OMXNodeInstance( 124): OMX_FreeBuffer for buffer header 0x42166db8 successful
I/OMXNodeInstance( 124): OMX_FreeBuffer for buffer header 0x40055a28 successful
I/OMXNodeInstance( 124): OMX_FreeBuffer for buffer header 0x4172e9d0 successful
I/OMXNodeInstance( 124): OMX_FreeBuffer for buffer header 0x40007638 successful
I/OMXNodeInstance( 124): OMX_FreeBuffer for buffer header 0x40055550 successful
I/OMXCodec( 124): [OMX.TI.DUCATI1.VIDEO.DECODER] video dimensions are 1408 x 832
I/OMXCodec( 124): [OMX.TI.DUCATI1.VIDEO.DECODER] Crop rect is 1280 x 720 @ (0, 0)
I/OMXCodec( 124): [OMX.TI.DUCATI1.VIDEO.DECODER] video dimensions are 1408 x 832
I/OMXCodec( 124): [OMX.TI.DUCATI1.VIDEO.DECODER] Crop rect is 1280 x 720 @ (0, 0)
I/OMXCodec( 124): [OMX.TI.DUCATI1.VIDEO.DECODER] video dimensions are 1408 x 832
I/OMXCodec( 124): [OMX.TI.DUCATI1.VIDEO.DECODER] Crop rect is 1280 x 720 @ (32, 24)
I/SoftAAC2( 124): Reconfiguring decoder: 0->44100 Hz, 0->2 channels
I/OMXNodeInstance( 124): OMX_FreeBuffer for buffer header 0x40e327f0 successful
I/OMXNodeInstance( 124): OMX_FreeBuffer for buffer header 0x40e32a00 successful
I/OMXNodeInstance( 124): OMX_FreeBuffer for buffer header 0x40e32b40 successful
I/OMXNodeInstance( 124): OMX_FreeBuffer for buffer header 0x41027268 successful
W/MediaPlayer( 9211): info/warning (3, 0)
D/audio_hw_primary( 124): select_output_device: AUDIO_DEVICE_OUT_SPEAKER
W/TimedEventQueue( 124): Event 125 was not found in the queue, already cancelled?
W/AudioFlinger( 124): session id 387 not found for pid 9211
I/OMXNodeInstance( 124): OMX_FreeBuffer for buffer header 0x40e32668 successful
I/OMXNodeInstance( 124): OMX_FreeBuffer for buffer header 0x4103c618 successful
I/OMXNodeInstance( 124): OMX_FreeBuffer for buffer header 0x4103c548 successful
I/OMXNodeInstance( 124): OMX_FreeBuffer for buffer header 0x4103c3a8 successful
I/OMXNodeInstance( 124): OMX_FreeBuffer for buffer header 0x40e328f0 successful
I/OMXNodeInstance( 124): OMX_FreeBuffer for buffer header 0x40e32770 successful
I/OMXNodeInstance( 124): OMX_FreeBuffer for buffer header 0x40007850 successful
I/OMXNodeInstance( 124): OMX_FreeBuffer for buffer header 0x41027298 successful
I/OMXNodeInstance( 124): OMX_FreeBuffer for buffer header 0x40e320c8 successful
I/OMXNodeInstance( 124): OMX_FreeBuffer for buffer header 0x42167c80 successful
I/OMXNodeInstance( 124): OMX_FreeBuffer for buffer header 0x40007688 successful
I/OMXNodeInstance( 124): OMX_FreeBuffer for buffer header 0x400558d0 successful
I/OMXNodeInstance( 124): OMX_FreeBuffer for buffer header 0x40055ae0 successful
I/OMXNodeInstance( 124): OMX_FreeBuffer for buffer header 0x41027d08 successful
I/OMXNodeInstance( 124): OMX_FreeBuffer for buffer header 0x41027980 successful
D/AwesomePlayer( 124): Before reset_l
D/AwesomePlayer( 124): printFileName fd(104) -> /storage/emulated/legacy/Alex Clare - Too Close.mp4
I/OMXCodec( 124): [OMX.TI.DUCATI1.VIDEO.DECODER] AVC profile = 100 (High), level = 31
I/OMXCodec( 124): [OMX.TI.DUCATI1.VIDEO.DECODER] video dimensions are 1280 x 720
I/OMXCodec( 124): [OMX.TI.DUCATI1.VIDEO.DECODER] Crop rect is 1280 x 720 @ (0, 0)
W/AudioPolicyManagerBase( 124): offload disabled by av.offload.enable = false
E/MediaPlayer( 9211): Should have subtitle controller already set
I/OMXNodeInstance( 124): OMX_FreeBuffer for buffer header 0x40e150c8 successful
I/OMXNodeInstance( 124): OMX_FreeBuffer for buffer header 0x42166520 successful
I/OMXNodeInstance( 124): OMX_FreeBuffer for buffer header 0x40007730 successful
I/OMXNodeInstance( 124): OMX_FreeBuffer for buffer header 0x40007af0 successful
I/OMXNodeInstance( 124): OMX_FreeBuffer for buffer header 0x42166140 successful
I/OMXCodec( 124): [OMX.TI.DUCATI1.VIDEO.DECODER] video dimensions are 1408 x 832
I/OMXCodec( 124): [OMX.TI.DUCATI1.VIDEO.DECODER] Crop rect is 1280 x 720 @ (0, 0)
I/OMXCodec( 124): [OMX.TI.DUCATI1.VIDEO.DECODER] video dimensions are 1408 x 832
I/OMXCodec( 124): [OMX.TI.DUCATI1.VIDEO.DECODER] Crop rect is 1280 x 720 @ (0, 0)
I/OMXCodec( 124): [OMX.TI.DUCATI1.VIDEO.DECODER] video dimensions are 1408 x 832
I/OMXCodec( 124): [OMX.TI.DUCATI1.VIDEO.DECODER] Crop rect is 1280 x 720 @ (32, 24)
I/SoftAAC2( 124): Reconfiguring decoder: 0->44100 Hz, 0->2 channels
I/OMXNodeInstance( 124): OMX_FreeBuffer for buffer header 0x40e32ac0 successful
I/OMXNodeInstance( 124): OMX_FreeBuffer for buffer header 0x40e32cd0 successful
I/OMXNodeInstance( 124): OMX_FreeBuffer for buffer header 0x40e32e40 successful
I/OMXNodeInstance( 124): OMX_FreeBuffer for buffer header 0x40e32f68 successful
D/audio_hw_primary( 124): select_output_device: AUDIO_DEVICE_OUT_SPEAKER
W/MediaPlayer( 9211): info/warning (3, 0)
V/BufferedAnalyticsState( 920): Not ready for upload, 345 seconds left.
I/GCoreUlr( 920): Successfully inserted location
I/GCoreUlr( 920): Not calling LocationReportingService, hasMoved: false, elapsed millis: 1748742, request: Tablet
W/ProcessCpuTracker( 508): Skipping unknown process pid 9436