I/ActivityManager( 750): START u0 {act=android.intent.action.MAIN cat=[android.intent.category.LAUNCHER] flg=0x10304000 cmp=org.qtproject.example.inputcrash/org.qtproject.qt5.android.bindings.QtActivity (has extras)} from pid 855
D/dalvikvm( 750): GC_FOR_ALLOC freed 2654K, 27% free 49971K/68364K, paused 64ms, total 65ms
D/dalvikvm( 9583): Late-enabling CheckJNI
I/ActivityManager( 750): Start proc org.qtproject.example.inputcrash for activity org.qtproject.example.inputcrash/org.qtproject.qt5.android.bindings.QtActivity: pid=9583 uid=10278 gids={50278, 3003, 1028, 1015}
D/dalvikvm( 9583): Trying to load lib /data/data/org.qtproject.example.inputcrash/lib/libgnustl_shared.so 0x42654e40
D/dalvikvm( 9583): Added shared lib /data/data/org.qtproject.example.inputcrash/lib/libgnustl_shared.so 0x42654e40
D/dalvikvm( 9583): No JNI_OnLoad found in /data/data/org.qtproject.example.inputcrash/lib/libgnustl_shared.so 0x42654e40, skipping init
D/dalvikvm( 9583): Trying to load lib /data/data/org.qtproject.example.inputcrash/lib/libQt5Core.so 0x42654e40
D/dalvikvm( 9583): Added shared lib /data/data/org.qtproject.example.inputcrash/lib/libQt5Core.so 0x42654e40
D/dalvikvm( 9583): Trying to load lib /data/data/org.qtproject.example.inputcrash/lib/libQt5Network.so 0x42654e40
D/dalvikvm( 9583): Added shared lib /data/data/org.qtproject.example.inputcrash/lib/libQt5Network.so 0x42654e40
D/dalvikvm( 9583): No JNI_OnLoad found in /data/data/org.qtproject.example.inputcrash/lib/libQt5Network.so 0x42654e40, skipping init
D/dalvikvm( 9583): Trying to load lib /data/data/org.qtproject.example.inputcrash/lib/libQt5Qml.so 0x42654e40
D/dalvikvm( 9583): Added shared lib /data/data/org.qtproject.example.inputcrash/lib/libQt5Qml.so 0x42654e40
D/dalvikvm( 9583): No JNI_OnLoad found in /data/data/org.qtproject.example.inputcrash/lib/libQt5Qml.so 0x42654e40, skipping init
D/dalvikvm( 9583): Trying to load lib /data/data/org.qtproject.example.inputcrash/lib/libQt5Gui.so 0x42654e40
D/dalvikvm( 9583): Added shared lib /data/data/org.qtproject.example.inputcrash/lib/libQt5Gui.so 0x42654e40
D/dalvikvm( 9583): No JNI_OnLoad found in /data/data/org.qtproject.example.inputcrash/lib/libQt5Gui.so 0x42654e40, skipping init
D/dalvikvm( 9583): Trying to load lib /data/data/org.qtproject.example.inputcrash/lib/libQt5Quick.so 0x42654e40
D/dalvikvm( 9583): Added shared lib /data/data/org.qtproject.example.inputcrash/lib/libQt5Quick.so 0x42654e40
D/dalvikvm( 9583): No JNI_OnLoad found in /data/data/org.qtproject.example.inputcrash/lib/libQt5Quick.so 0x42654e40, skipping init
D/dalvikvm( 9583): Trying to load lib /data/data/org.qtproject.example.inputcrash/lib/libQt5QuickParticles.so 0x42654e40
D/dalvikvm( 9583): Added shared lib /data/data/org.qtproject.example.inputcrash/lib/libQt5QuickParticles.so 0x42654e40
D/dalvikvm( 9583): No JNI_OnLoad found in /data/data/org.qtproject.example.inputcrash/lib/libQt5QuickParticles.so 0x42654e40, skipping init
D/dalvikvm( 9583): Trying to load lib /data/data/org.qtproject.example.inputcrash/lib/libQt5Widgets.so 0x42654e40
D/dalvikvm( 9583): Added shared lib /data/data/org.qtproject.example.inputcrash/lib/libQt5Widgets.so 0x42654e40
D/dalvikvm( 9583): No JNI_OnLoad found in /data/data/org.qtproject.example.inputcrash/lib/libQt5Widgets.so 0x42654e40, skipping init
D/dalvikvm( 9583): Trying to load lib /data/data/org.qtproject.example.inputcrash/qt-reserved-files/plugins/platforms/android/libqtforandroid.so 0x42654e40
D/dalvikvm( 9583): Added shared lib /data/data/org.qtproject.example.inputcrash/qt-reserved-files/plugins/platforms/android/libqtforandroid.so 0x42654e40
I/Qt ( 9583): qt start
D/dalvikvm( 9583): Trying to load lib /data/data/org.qtproject.example.inputcrash/lib/libQt5QuickParticles.so 0x42654e40
D/dalvikvm( 9583): Shared lib '/data/data/org.qtproject.example.inputcrash/lib/libQt5QuickParticles.so' already loaded in same CL 0x42654e40
D/dalvikvm( 9583): Trying to load lib /data/app-lib/org.qtproject.example.inputcrash-1/libinputcrash.so 0x42654e40
D/dalvikvm( 9583): Added shared lib /data/app-lib/org.qtproject.example.inputcrash-1/libinputcrash.so 0x42654e40
D/dalvikvm( 9583): No JNI_OnLoad found in /data/app-lib/org.qtproject.example.inputcrash-1/libinputcrash.so 0x42654e40, skipping init
D/dalvikvm( 9583): GC_CONCURRENT freed 207K, 2% free 16971K/17208K, paused 3ms+1ms, total 13ms
I/Adreno-EGL( 9583): : EGL 1.4 QUALCOMM Build: I0404c4692afb8623f95c43aeb6d5e13ed4b30ddbDate: 11/06/13
D/OpenGLRenderer( 9583): Enabling debug mode 0
I/ActivityManager( 750): Displayed org.qtproject.example.inputcrash/org.qtproject.qt5.android.bindings.QtActivity: +259ms
D/Qt ( 9583): fontdatabases\basic\qbasicfontdatabase.cpp:239 (static QStringList QBasicFontDatabase::addTTFile(const QByteArray&, const QByteArray&, QSupportedWritingSystems*)): FT_New_Face failed with index 0 : 90
W/Qt ( 9583): file:///data/data/org.qtproject.example.inputcrash/qt-reserved-files/qml/QtQuick/Controls/StackView.qml:947 (__performTransition): qml: Warning: StackView: cannot transition an item that is anchored!
W/Qt ( 9583): kernel\qmetaobject.cpp:1458 (static bool QMetaObject::invokeMethod(QObject*, const char*, Qt::ConnectionType, QGenericReturnArgument, QGenericArgument, QGenericArgument, QGenericArgument, QGenericArgument, QGenericArgument, QGenericArgument, QGenericArgument, QGenericArgument, QGenericArgument, QGenericArgument)): QMetaObject::invokeMethod: No such method QQuickTextInput::inputMethodQuery(Qt::InputMethodQuery,QVariant)
D/dalvikvm( 972): GC_FOR_ALLOC freed 3562K, 18% free 20494K/24780K, paused 17ms, total 17ms
I/dalvikvm-heap( 972): Grow heap (frag case) to 23.476MB for 3598576-byte allocation
D/dalvikvm( 972): GC_FOR_ALLOC freed 1K, 16% free 24007K/28296K, paused 18ms, total 18ms
W/Qt ( 9583): kernel\qmetaobject.cpp:1458 (static bool QMetaObject::invokeMethod(QObject*, const char*, Qt::ConnectionType, QGenericReturnArgument, QGenericArgument, QGenericArgument, QGenericArgument, QGenericArgument, QGenericArgument, QGenericArgument, QGenericArgument, QGenericArgument, QGenericArgument, QGenericArgument)): QMetaObject::invokeMethod: No such method QQuickTextInput::inputMethodQuery(Qt::InputMethodQuery,QVariant)
D/dalvikvm( 972): GC_CONCURRENT freed 1K, 16% free 24006K/28296K, paused 1ms+1ms, total 24ms
W/Qt ( 9583): kernel\qmetaobject.cpp:1458 (static bool QMetaObject::invokeMethod(QObject*, const char*, Qt::ConnectionType, QGenericReturnArgument, QGenericArgument, QGenericArgument, QGenericArgument, QGenericArgument, QGenericArgument, QGenericArgument, QGenericArgument, QGenericArgument, QGenericArgument, QGenericArgument)): QMetaObject::invokeMethod: No such method QQuickTextInput::inputMethodQuery(Qt::InputMethodQuery,QVariant)
W/Qt ( 9583): file:///data/data/org.qtproject.example.inputcrash/qt-reserved-files/qml/QtQuick/Controls/StackView.qml:947 (__performTransition): qml: Warning: StackView: cannot transition an item that is anchored!
W/Qt ( 9583): file:///data/data/org.qtproject.example.inputcrash/qt-reserved-files/qml/QtQuick/Controls/StackView.qml:947 (__performTransition): qml: Warning: StackView: cannot transition an item that is anchored!
W/Qt ( 9583): file:///data/data/org.qtproject.example.inputcrash/qt-reserved-files/qml/QtQuick/Controls/StackView.qml:947 (__performTransition): qml: Warning: StackView: cannot transition an item that is anchored!
W/IInputConnectionWrapper( 9583): getTextBeforeCursor on inactive InputConnection
E/RichInputConnection( 972): Unable to connect to the editor to retrieve text... will retry later
W/IInputConnectionWrapper( 9583): getTextBeforeCursor on inactive InputConnection
W/IInputConnectionWrapper( 9583): getTextBeforeCursor on inactive InputConnection
W/Qt ( 9583): kernel\qmetaobject.cpp:1458 (static bool QMetaObject::invokeMethod(QObject*, const char*, Qt::ConnectionType, QGenericReturnArgument, QGenericArgument, QGenericArgument, QGenericArgument, QGenericArgument, QGenericArgument, QGenericArgument, QGenericArgument, QGenericArgument, QGenericArgument, QGenericArgument)): QMetaObject::invokeMethod: No such method QQuickRootItem::inputMethodQuery(Qt::InputMethodQuery,QVariant)
W/Qt ( 9583): kernel\qmetaobject.cpp:1458 (static bool QMetaObject::invokeMethod(QObject*, const char*, Qt::ConnectionType, QGenericReturnArgument, QGenericArgument, QGenericArgument, QGenericArgument, QGenericArgument, QGenericArgument, QGenericArgument, QGenericArgument, QGenericArgument, QGenericArgument, QGenericArgument)): QMetaObject::invokeMethod: No such method QQuickRootItem::inputMethodQuery(Qt::InputMethodQuery,QVariant)
D/dalvikvm( 972): GC_FOR_ALLOC freed 3714K, 18% free 20494K/24780K, paused 20ms, total 20ms
I/dalvikvm-heap( 972): Grow heap (frag case) to 23.476MB for 3598576-byte allocation
D/dalvikvm( 972): GC_CONCURRENT freed 1K, 16% free 24007K/28296K, paused 2ms+1ms, total 20ms
D/dalvikvm( 972): WAIT_FOR_CONCURRENT_GC blocked 18ms
D/dalvikvm( 972): WAIT_FOR_CONCURRENT_GC blocked 19ms
W/Qt ( 9583): kernel\qmetaobject.cpp:1458 (static bool QMetaObject::invokeMethod(QObject*, const char*, Qt::ConnectionType, QGenericReturnArgument, QGenericArgument, QGenericArgument, QGenericArgument, QGenericArgument, QGenericArgument, QGenericArgument, QGenericArgument, QGenericArgument, QGenericArgument, QGenericArgument)): QMetaObject::invokeMethod: No such method QQuickRootItem::inputMethodQuery(Qt::InputMethodQuery,QVariant)
W/Qt ( 9583): file:///data/data/org.qtproject.example.inputcrash/qt-reserved-files/qml/QtQuick/Controls/StackView.qml:947 (__performTransition): qml: Warning: StackView: cannot transition an item that is anchored!
W/Qt ( 9583): file:///data/data/org.qtproject.example.inputcrash/qt-reserved-files/qml/QtQuick/Controls/StackView.qml:947 (__performTransition): qml: Warning: StackView: cannot transition an item that is anchored!
W/Qt ( 9583): file:///data/data/org.qtproject.example.inputcrash/qt-reserved-files/qml/QtQuick/Controls/StackView.qml:947 (__performTransition): qml: Warning: StackView: cannot transition an item that is anchored!
D/dalvikvm( 9583): GC_CONCURRENT freed 374K, 3% free 16993K/17400K, paused 1ms+1ms, total 10ms
W/Qt ( 9583): file:///data/data/org.qtproject.example.inputcrash/qt-reserved-files/qml/QtQuick/Controls/StackView.qml:947 (__performTransition): qml: Warning: StackView: cannot transition an item that is anchored!
D/dalvikvm( 855): GC_CONCURRENT freed 2712K, 22% free 25302K/32328K, paused 1ms+2ms, total 29ms
W/Qt ( 9583): kernel\qmetaobject.cpp:1458 (static bool QMetaObject::invokeMethod(QObject*, const char*, Qt::ConnectionType, QGenericReturnArgument, QGenericArgument, QGenericArgument, QGenericArgument, QGenericArgument, QGenericArgument, QGenericArgument, QGenericArgument, QGenericArgument, QGenericArgument, QGenericArgument)): QMetaObject::invokeMethod: No such method QQuickRootItem::inputMethodQuery(Qt::InputMethodQuery,QVariant)
W/Qt ( 9583): kernel\qmetaobject.cpp:1458 (static bool QMetaObject::invokeMethod(QObject*, const char*, Qt::ConnectionType, QGenericReturnArgument, QGenericArgument, QGenericArgument, QGenericArgument, QGenericArgument, QGenericArgument, QGenericArgument, QGenericArgument, QGenericArgument, QGenericArgument, QGenericArgument)): QMetaObject::invokeMethod: No such method QQuickRootItem::inputMethodQuery(Qt::InputMethodQuery,QVariant)
D/dalvikvm( 972): GC_FOR_ALLOC freed 3597K, 18% free 20490K/24780K, paused 24ms, total 24ms
I/dalvikvm-heap( 972): Grow heap (frag case) to 23.471MB for 3598576-byte allocation
D/dalvikvm( 972): GC_FOR_ALLOC freed 1K, 16% free 24003K/28296K, paused 21ms, total 21ms
W/Qt ( 9583): kernel\qmetaobject.cpp:1458 (static bool QMetaObject::invokeMethod(QObject*, const char*, Qt::ConnectionType, QGenericReturnArgument, QGenericArgument, QGenericArgument, QGenericArgument, QGenericArgument, QGenericArgument, QGenericArgument, QGenericArgument, QGenericArgument, QGenericArgument, QGenericArgument)): QMetaObject::invokeMethod: No such method QQuickRootItem::inputMethodQuery(Qt::InputMethodQuery,QVariant)
D/dalvikvm( 972): GC_CONCURRENT freed <1K, 16% free 24002K/28296K, paused 2ms+1ms, total 31ms
W/Qt ( 9583): file:///data/data/org.qtproject.example.inputcrash/qt-reserved-files/qml/QtQuick/Controls/StackView.qml:947 (__performTransition): qml: Warning: StackView: cannot transition an item that is anchored!
W/Qt ( 9583): file:///data/data/org.qtproject.example.inputcrash/qt-reserved-files/qml/QtQuick/Controls/StackView.qml:947 (__performTransition): qml: Warning: StackView: cannot transition an item that is anchored!
W/Qt ( 9583): kernel\qmetaobject.cpp:1458 (static bool QMetaObject::invokeMethod(QObject*, const char*, Qt::ConnectionType, QGenericReturnArgument, QGenericArgument, QGenericArgument, QGenericArgument, QGenericArgument, QGenericArgument, QGenericArgument, QGenericArgument, QGenericArgument, QGenericArgument, QGenericArgument)): QMetaObject::invokeMethod: No such method QQuickTextInput::inputMethodQuery(Qt::InputMethodQuery,QVariant)
W/Qt ( 9583): kernel\qmetaobject.cpp:1458 (static bool QMetaObject::invokeMethod(QObject*, const char*, Qt::ConnectionType, QGenericReturnArgument, QGenericArgument, QGenericArgument, QGenericArgument, QGenericArgument, QGenericArgument, QGenericArgument, QGenericArgument, QGenericArgument, QGenericArgument, QGenericArgument)): QMetaObject::invokeMethod: No such method QQuickRootItem::inputMethodQuery(Qt::InputMethodQuery,QVariant)
D/dalvikvm( 972): GC_FOR_ALLOC freed 3567K, 18% free 20515K/24780K, paused 17ms, total 17ms
I/dalvikvm-heap( 972): Grow heap (frag case) to 23.496MB for 3598576-byte allocation
D/dalvikvm( 972): GC_CONCURRENT freed <1K, 16% free 24028K/28296K, paused 3ms+1ms, total 24ms
D/dalvikvm( 972): WAIT_FOR_CONCURRENT_GC blocked 19ms
D/dalvikvm( 972): WAIT_FOR_CONCURRENT_GC blocked 22ms
W/Qt ( 9583): kernel\qmetaobject.cpp:1458 (static bool QMetaObject::invokeMethod(QObject*, const char*, Qt::ConnectionType, QGenericReturnArgument, QGenericArgument, QGenericArgument, QGenericArgument, QGenericArgument, QGenericArgument, QGenericArgument, QGenericArgument, QGenericArgument, QGenericArgument, QGenericArgument)): QMetaObject::invokeMethod: No such method QQuickRootItem::inputMethodQuery(Qt::InputMethodQuery,QVariant)
W/Qt ( 9583): file:///data/data/org.qtproject.example.inputcrash/qt-reserved-files/qml/QtQuick/Controls/StackView.qml:947 (__performTransition): qml: Warning: StackView: cannot transition an item that is anchored!
W/Qt ( 9583): kernel\qmetaobject.cpp:1458 (static bool QMetaObject::invokeMethod(QObject*, const char*, Qt::ConnectionType, QGenericReturnArgument, QGenericArgument, QGenericArgument, QGenericArgument, QGenericArgument, QGenericArgument, QGenericArgument, QGenericArgument, QGenericArgument, QGenericArgument, QGenericArgument)): QMetaObject::invokeMethod: No such method QQuickTextInput::inputMethodQuery(Qt::InputMethodQuery,QVariant)
D/dalvikvm( 972): GC_FOR_ALLOC freed 3583K, 18% free 20493K/24780K, paused 17ms, total 17ms
I/dalvikvm-heap( 972): Grow heap (frag case) to 23.474MB for 3598576-byte allocation
D/dalvikvm( 972): GC_CONCURRENT freed <1K, 16% free 24006K/28296K, paused 2ms+2ms, total 17ms
D/dalvikvm( 972): WAIT_FOR_CONCURRENT_GC blocked 9ms
D/dalvikvm( 972): WAIT_FOR_CONCURRENT_GC blocked 9ms
W/Qt ( 9583): kernel\qmetaobject.cpp:1458 (static bool QMetaObject::invokeMethod(QObject*, const char*, Qt::ConnectionType, QGenericReturnArgument, QGenericArgument, QGenericArgument, QGenericArgument, QGenericArgument, QGenericArgument, QGenericArgument, QGenericArgument, QGenericArgument, QGenericArgument, QGenericArgument)): QMetaObject::invokeMethod: No such method QQuickTextInput::inputMethodQuery(Qt::InputMethodQuery,QVariant)
W/Qt ( 9583): kernel\qmetaobject.cpp:1458 (static bool QMetaObject::invokeMethod(QObject*, const char*, Qt::ConnectionType, QGenericReturnArgument, QGenericArgument, QGenericArgument, QGenericArgument, QGenericArgument, QGenericArgument, QGenericArgument, QGenericArgument, QGenericArgument, QGenericArgument, QGenericArgument)): QMetaObject::invokeMethod: No such method QQuickTextInput::inputMethodQuery(Qt::InputMethodQuery,QVariant)
W/Qt ( 9583): file:///data/data/org.qtproject.example.inputcrash/qt-reserved-files/qml/QtQuick/Controls/StackView.qml:947 (__performTransition): qml: Warning: StackView: cannot transition an item that is anchored!
W/Qt ( 9583): kernel\qmetaobject.cpp:1458 (static bool QMetaObject::invokeMethod(QObject*, const char*, Qt::ConnectionType, QGenericReturnArgument, QGenericArgument, QGenericArgument, QGenericArgument, QGenericArgument, QGenericArgument, QGenericArgument, QGenericArgument, QGenericArgument, QGenericArgument, QGenericArgument)): QMetaObject::invokeMethod: No such method QQuickTextInput::inputMethodQuery(Qt::InputMethodQuery,QVariant)
F/libc ( 9583): Fatal signal 11 (SIGSEGV) at 0x00000004 (code=1), thread 9596 (mple.inputcrash)
I/DEBUG ( 179): *** *** *** *** *** *** *** *** *** *** *** *** *** *** *** ***
I/DEBUG ( 179): Build fingerprint: 'google/hammerhead/hammerhead:4.4.4/KTU84P/1227136:user/release-keys'
I/DEBUG ( 179): Revision: '11'
I/DEBUG ( 179): pid: 9583, tid: 9596, name: mple.inputcrash >>> org.qtproject.example.inputcrash <<<
I/DEBUG ( 179): signal 11 (SIGSEGV), code 1 (SEGV_MAPERR), fault addr 00000004
I/DEBUG ( 179): r0 760c393c r1 78e0c310 r2 78dd24e0 r3 75018f08
I/DEBUG ( 179): r4 00000000 r5 78dd24e0 r6 760c393c r7 00000005
I/DEBUG ( 179): r8 00000000 r9 7551ccbc sl 7507b454 fp 78e09178
I/DEBUG ( 179): ip 75fc08b4 sp 760c3528 lr 752fc0f5 pc 752fc108 cpsr 600f0030
I/DEBUG ( 179): d0 0000000000000000 d1 0000000000000000
I/DEBUG ( 179): d2 0000000000000000 d3 0000000000000000
I/DEBUG ( 179): d4 6b63697551512064 d5 402c000000000000
I/DEBUG ( 179): d6 4072600000000000 d7 0000000000000000
I/DEBUG ( 179): d8 0000000000000000 d9 0000000000000000
I/DEBUG ( 179): d10 0000000000000000 d11 0000000000000000
I/DEBUG ( 179): d12 0000000000000000 d13 0000000000000000
I/DEBUG ( 179): d14 0000000000000000 d15 0000000000000000
I/DEBUG ( 179): d16 3ff0000000000000 d17 4010000000000000
I/DEBUG ( 179): d18 0000000000000000 d19 0000000000000000
I/DEBUG ( 179): d20 0000000000000000 d21 0002000200020002
I/DEBUG ( 179): d22 0000000000000000 d23 0000000000000000
I/DEBUG ( 179): d24 0000000000000000 d25 0002a7600002a760
I/DEBUG ( 179): d26 0707070703030303 d27 0300000004000000
I/DEBUG ( 179): d28 0800000009000000 d29 0001000000010000
I/DEBUG ( 179): d30 010b400001088000 d31 01108000010e0000
I/DEBUG ( 179): scr 60000013
I/DEBUG ( 179):
I/DEBUG ( 179): backtrace:
I/DEBUG ( 179): #00 pc 001ad108 /data/app-lib/org.qtproject.example.inputcrash-1/libQt5Core.so (QCoreApplication::notifyInternal(QObject*, QEvent*)+51)
I/DEBUG ( 179): #01 pc 001ad0f1 /data/app-lib/org.qtproject.example.inputcrash-1/libQt5Core.so (QCoreApplication::notifyInternal(QObject*, QEvent*)+28)
I/DEBUG ( 179):
I/DEBUG ( 179): stack:
I/DEBUG ( 179): 760c34e8 75018ad8 [anon:libc_malloc]
I/DEBUG ( 179): 760c34ec 753207f1 /data/app-lib/org.qtproject.example.inputcrash-1/libQt5Core.so (QObject::~QObject()+880)
I/DEBUG ( 179): 760c34f0 0000000c
I/DEBUG ( 179): 760c34f4 0000000c
I/DEBUG ( 179): 760c34f8 7551ccbc /data/app-lib/org.qtproject.example.inputcrash-1/libQt5Core.so
I/DEBUG ( 179): 760c34fc 78867cb8 [anon:libc_malloc]
I/DEBUG ( 179): 760c3500 00000000
I/DEBUG ( 179): 760c3504 79220c10 [anon:libc_malloc]
I/DEBUG ( 179): 760c3508 791ca8d8 [anon:libc_malloc]
I/DEBUG ( 179): 760c350c 7507a388 [anon:libc_malloc]
I/DEBUG ( 179): 760c3510 78e0c310 [anon:libc_malloc]
I/DEBUG ( 179): 760c3514 78dd24e0 [anon:libc_malloc]
I/DEBUG ( 179): 760c3518 760c393c [stack:9596]
I/DEBUG ( 179): 760c351c 00000005
I/DEBUG ( 179): 760c3520 00000000
I/DEBUG ( 179): 760c3524 752fc0f5 /data/app-lib/org.qtproject.example.inputcrash-1/libQt5Core.so (QCoreApplication::notifyInternal(QObject*, QEvent*)+32)
I/DEBUG ( 179): #00 760c3528 7544ea00 /data/app-lib/org.qtproject.example.inputcrash-1/libQt5Core.so
I/DEBUG ( 179): 760c352c 7551e0a8
I/DEBUG ( 179): 760c3530 78e0c310 [anon:libc_malloc]
I/DEBUG ( 179): 760c3534 78dd24e0 [anon:libc_malloc]
I/DEBUG ( 179): 760c3538 760c3528 [stack:9596]
I/DEBUG ( 179): 760c353c 75018ad8 [anon:libc_malloc]
I/DEBUG ( 179): 760c3540 beee405c [stack]
I/DEBUG ( 179): 760c3544 7507b454 [anon:libc_malloc]
I/DEBUG ( 179): 760c3548 7507b454 [anon:libc_malloc]
I/DEBUG ( 179): 760c354c 75f75b0b /data/data/org.qtproject.example.inputcrash/qt-reserved-files/plugins/platforms/android/libqtforandroid.so
I/DEBUG ( 179): 760c3550 00000001
I/DEBUG ( 179): 760c3554 75018a01 [anon:libc_malloc]
I/DEBUG ( 179): 760c3558 00000000
I/DEBUG ( 179): 760c355c 7924fdb8 [anon:libc_malloc]
I/DEBUG ( 179): 760c3560 7536b86d /data/app-lib/org.qtproject.example.inputcrash-1/libQt5Core.so
I/DEBUG ( 179): 760c3564 7924fdb8 [anon:libc_malloc]
I/DEBUG ( 179):
I/DEBUG ( 179): memory near r0:
I/DEBUG ( 179): 760c391c 760c393c 760c3934 75fc2853 00000000
I/DEBUG ( 179): 760c392c 00000001 00000000 75fc2a1c 76f01110
I/DEBUG ( 179): 760c393c 75f3d2e8 7507a7b8 7577df40 75081758
I/DEBUG ( 179): 760c394c 750811b0 00000000 75fc1308 760c3980
I/DEBUG ( 179): 760c395c 00000001 40125384 75f6b14b 00000000
I/DEBUG ( 179): 760c396c 00000000 00000000 00000000 00000000
I/DEBUG ( 179): 760c397c 00000000 00000100 00000001 760c3990
I/DEBUG ( 179): 760c398c 00000000 71444928 00000000 00000000
I/DEBUG ( 179): 760c399c 00000000 00000000 00000000 00000000
I/DEBUG ( 179): 760c39ac 00000000 00000000 00000000 00000000
I/DEBUG ( 179): 760c39bc 00000000 00000000 00000000 00000000
I/DEBUG ( 179): 760c39cc 00000000 00000000 00000000 00000000
I/DEBUG ( 179): 760c39dc 00000000 00000000 00000000 00000000
I/DEBUG ( 179): 760c39ec 00000000 00000000 00000000 00000000
I/DEBUG ( 179): 760c39fc 00000000 00000000 00000000 00000000
I/DEBUG ( 179): 760c3a0c 00000000 00000000 00000000 00000000
I/DEBUG ( 179):
I/DEBUG ( 179): memory near r1:
I/DEBUG ( 179): 78e0c2f0 00000000 00000d00 750829b8 00000000
I/DEBUG ( 179): 78e0c300 00000000 00007b00 000020c9 00000019
I/DEBUG ( 179): 78e0c310 78e083d8 75018f08 7577d1b8 00000000
I/DEBUG ( 179): 78e0c320 00000048 00000012 76af45c8 167c8dc0
I/DEBUG ( 179): 78e0c330 78e091b0 00000013 00000000 00000001
I/DEBUG ( 179): 78e0c340 00000002 0000001b 78e618c0 78e091b0
I/DEBUG ( 179): 78e0c350 78f55001 00000000 769d7008 0000001b
I/DEBUG ( 179): 78e0c360 78e61910 78e091b0 78f550c1 00000000
I/DEBUG ( 179): 78e0c370 78826d80 00000061 78dfd4b8 78789808
I/DEBUG ( 179): 78e0c380 00000000 00000000 75782f8c 78f94838
I/DEBUG ( 179): 78e0c390 00000001 00000000 00000000 78dfd4c0
I/DEBUG ( 179): 78e0c3a0 78f94838 00000002 00000044 00000038
I/DEBUG ( 179): 78e0c3b0 00030000 fffffffe 75779e88 00000442
I/DEBUG ( 179): 78e0c3c0 00000050 00000012 05140000 00000001
I/DEBUG ( 179): 78e0c3d0 00000060 0000001a 00000001 750770d8
I/DEBUG ( 179): 78e0c3e0 78e12410 000000b6 401251c0 00000143
I/DEBUG ( 179):
I/DEBUG ( 179): memory near r2:
I/DEBUG ( 179): 78dd24c0 00720061 00690067 0000006e 00000011
I/DEBUG ( 179): 78dd24d0 7878f130 401251b8 00000010 0000001a
I/DEBUG ( 179): 78dd24e0 75a3fc50 00000000 000400cf ffffffff
I/DEBUG ( 179): 78dd24f0 753aa92c 0000001b 00000001 00000001
I/DEBUG ( 179): 78dd2500 75f6f9ef 78dd24e0 00000000 0000001b
I/DEBUG ( 179): 78dd2510 00000000 00000000 00000001 00000000
I/DEBUG ( 179): 78dd2520 00000018 00000061 78e12138 791c0f30
I/DEBUG ( 179): 78dd2530 00000000 00000000 75782f8c 78f94838
I/DEBUG ( 179): 78dd2540 00000001 00000000 00000000 78ddc808
I/DEBUG ( 179): 78dd2550 78f94838 00000040 0000002c 00000022
I/DEBUG ( 179): 78dd2560 00030000 fffffffe 7877bd70 00000042
I/DEBUG ( 179): 78dd2570 78e09d4a 00000011 791c0f80 401251b8
I/DEBUG ( 179): 78dd2580 00000060 00000032 00000001 0000000a
I/DEBUG ( 179): 78dd2590 0000000b 00000010 0065006c 00740066
I/DEBUG ( 179): 78dd25a0 0061004d 00670072 006e0069 f2400000
I/DEBUG ( 179): 78dd25b0 f2c00c00 000000b9 40125260 771eb1b8
I/DEBUG ( 179):
I/DEBUG ( 179): memory near r3:
I/DEBUG ( 179): 75018ee8 00000000 00000000 00000000 0000001b
I/DEBUG ( 179): 75018ef8 42654e40 00000000 00000000 00000000
I/DEBUG ( 179): 75018f08 00000000 00000059 78652f68 40125200
I/DEBUG ( 179): 75018f18 00000000 00000000 00000018 0000001a
I/DEBUG ( 179): 75018f28 00000000 00000000 00000000 00000000
I/DEBUG ( 179): 75018f38 00000030 0000001a 00000000 00000000
I/DEBUG ( 179): 75018f48 00000000 00000000 00000000 00000011
I/DEBUG ( 179): 75018f58 78dd5090 78e5e608 00000058 00000012
I/DEBUG ( 179): 75018f68 7551a8d0 40125220 00000054 00000013
I/DEBUG ( 179): 75018f78 7551a8a8 504d495f 5f54524f 00000013
I/DEBUG ( 179): 75018f88 7551aac0 75018f98 2f617461 00000013
I/DEBUG ( 179): 75018f98 7551aa48 00000000 78652e74 00000013
I/DEBUG ( 179): 75018fa8 7551aaf0 75018fb8 68736172 00000013
I/DEBUG ( 179): 75018fb8 7551aa48 00000000 6c69662d 0000001b
I/DEBUG ( 179): 75018fc8 7551ab20 7507a0f0 71443400 401251b8
I/DEBUG ( 179): 75018fd8 00000018 0000001b 75018000 00001000
I/DEBUG ( 179):
I/DEBUG ( 179): memory near r5:
I/DEBUG ( 179): 78dd24c0 00720061 00690067 0000006e 00000011
I/DEBUG ( 179): 78dd24d0 7878f130 401251b8 00000010 0000001a
I/DEBUG ( 179): 78dd24e0 75a3fc50 00000000 000400cf ffffffff
I/DEBUG ( 179): 78dd24f0 753aa92c 0000001b 00000001 00000001
I/DEBUG ( 179): 78dd2500 75f6f9ef 78dd24e0 00000000 0000001b
I/DEBUG ( 179): 78dd2510 00000000 00000000 00000001 00000000
I/DEBUG ( 179): 78dd2520 00000018 00000061 78e12138 791c0f30
I/DEBUG ( 179): 78dd2530 00000000 00000000 75782f8c 78f94838
I/DEBUG ( 179): 78dd2540 00000001 00000000 00000000 78ddc808
I/DEBUG ( 179): 78dd2550 78f94838 00000040 0000002c 00000022
I/DEBUG ( 179): 78dd2560 00030000 fffffffe 7877bd70 00000042
I/DEBUG ( 179): 78dd2570 78e09d4a 00000011 791c0f80 401251b8
I/DEBUG ( 179): 78dd2580 00000060 00000032 00000001 0000000a
I/DEBUG ( 179): 78dd2590 0000000b 00000010 0065006c 00740066
I/DEBUG ( 179): 78dd25a0 0061004d 00670072 006e0069 f2400000
I/DEBUG ( 179): 78dd25b0 f2c00c00 000000b9 40125260 771eb1b8
I/DEBUG ( 179):
I/DEBUG ( 179): memory near r6:
I/DEBUG ( 179): 760c391c 760c393c 760c3934 75fc2853 00000000
I/DEBUG ( 179): 760c392c 00000001 00000000 75fc2a1c 76f01110
I/DEBUG ( 179): 760c393c 75f3d2e8 7507a7b8 7577df40 75081758
I/DEBUG ( 179): 760c394c 750811b0 00000000 75fc1308 760c3980
I/DEBUG ( 179): 760c395c 00000001 40125384 75f6b14b 00000000
I/DEBUG ( 179): 760c396c 00000000 00000000 00000000 00000000
I/DEBUG ( 179): 760c397c 00000000 00000100 00000001 760c3990
I/DEBUG ( 179): 760c398c 00000000 71444928 00000000 00000000
I/DEBUG ( 179): 760c399c 00000000 00000000 00000000 00000000
I/DEBUG ( 179): 760c39ac 00000000 00000000 00000000 00000000
I/DEBUG ( 179): 760c39bc 00000000 00000000 00000000 00000000
I/DEBUG ( 179): 760c39cc 00000000 00000000 00000000 00000000
I/DEBUG ( 179): 760c39dc 00000000 00000000 00000000 00000000
I/DEBUG ( 179): 760c39ec 00000000 00000000 00000000 00000000
I/DEBUG ( 179): 760c39fc 00000000 00000000 00000000 00000000
I/DEBUG ( 179): 760c3a0c 00000000 00000000 00000000 00000000
I/DEBUG ( 179):
I/DEBUG ( 179): memory near r9:
I/DEBUG ( 179): 7551cc9c 7551c384 7536e8e5 7536e905 7536ea25
I/DEBUG ( 179): 7551ccac 7536ea45 7551c4c0 7536f0fd 75513774
I/DEBUG ( 179): 7551ccbc 00000000 00000000 00000000 400ff6a5
I/DEBUG ( 179): 7551cccc 400ff799 750d1d64 750d3e80 750d3fb8
I/DEBUG ( 179): 7551ccdc 750d1904 750d3f60 750d22fc 750d2f54
I/DEBUG ( 179): 7551ccec 750d41b0 400f8fcd 750d2888 750d3cd0
I/DEBUG ( 179): 7551ccfc 750d2968 75132e5c 75132f38 400f9138
I/DEBUG ( 179): 7551cd0c 750d4540 400f90dc 400fa28c 400f8b70
I/DEBUG ( 179): 7551cd1c 75132e3c 400f9f85 750d1ff8 750d3c18
I/DEBUG ( 179): 7551cd2c 750d3990 400ea415 400eb449 400ffab1
I/DEBUG ( 179): 7551cd3c 400ffaf9 400ffc11 400f39b9 400f3845
I/DEBUG ( 179): 7551cd4c 400e4bed 400e4c01 400e4c29 750d1d74
I/DEBUG ( 179): 7551cd5c 400fc52d 400fc331 400f8840 400e8ef5
I/DEBUG ( 179): 7551cd6c 400eba2d 750d2a40 400d33b1 750d42d4
I/DEBUG ( 179): 7551cd7c 40110edf 750d2a58 750d2ac8 400f8f50
I/DEBUG ( 179): 7551cd8c 400e46b4 400e5f94 400e47b0 400e4920
I/DEBUG ( 179):
I/DEBUG ( 179): memory near sl:
I/DEBUG ( 179): 7507b434 7507b720 7507b480 00000002 7507b820
I/DEBUG ( 179): 7507b444 7507c8a8 7507c8b8 7507d4a8 7923bd50
I/DEBUG ( 179): 7507b454 75fbfa50 7507b7d8 ffffffff ffffffff
I/DEBUG ( 179): 7507b464 ffffffff ffffffff ffffffff 753aa92c
I/DEBUG ( 179): 7507b474 753aa92c ffffffff 00000005 79b320b0
I/DEBUG ( 179): 7507b484 7507b100 00000000 791fef98 00000078
I/DEBUG ( 179): 7507b494 0000001b 00000001 00000108 7507c908
I/DEBUG ( 179): 7507b4a4 80000000 7507b450 0000002b 00000001
I/DEBUG ( 179): 7507b4b4 00000001 00000004 00000010 760c38fc
I/DEBUG ( 179): 7507b4c4 00000044 75a479cc 75f52230 00000028
I/DEBUG ( 179): 7507b4d4 000000ab 00000006 00000045 00000047
I/DEBUG ( 179): 7507b4e4 00000010 0064002f 00740061 002f0061
I/DEBUG ( 179): 7507b4f4 00610064 00610074 006f002f 00670072
I/DEBUG ( 179): 7507b504 0071002e 00700074 006f0072 0065006a
I/DEBUG ( 179): 7507b514 00740063 0065002e 00610078 0070006d
I/DEBUG ( 179): 7507b524 0065006c 0069002e 0070006e 00740075
I/DEBUG ( 179):
I/DEBUG ( 179): memory near fp:
I/DEBUG ( 179): 78e09158 00000010 0000001b 78e0bf10 00000090
I/DEBUG ( 179): 78e09168 78dfd018 78dfd708 00000018 0000003b
I/DEBUG ( 179): 78e09178 7551a458 00000000 0004002b 00000000
I/DEBUG ( 179): 78e09188 00000000 ffffffff 00000000 00000000
I/DEBUG ( 179): 78e09198 beee405c beee401c 75f75ad1 00020005
I/DEBUG ( 179): 78e091a8 00000038 00000033 7577af90 00000003
I/DEBUG ( 179): 78e091b8 78e61868 750829b8 78dfa338 00000000
I/DEBUG ( 179): 78e091c8 78e0c338 00000000 78dfa5a8 78e091e0
I/DEBUG ( 179): 78e091d8 78dd49c8 0000004b 00000001 00000002
I/DEBUG ( 179): 78e091e8 00000006 00000010 78f55001 791c0f98
I/DEBUG ( 179): 78e091f8 78f550c1 78e099a8 00000000 00000004
I/DEBUG ( 179): 78e09208 00000000 00000003 00000000 00000000
I/DEBUG ( 179): 78e09218 00000000 00000010 000000b0 00000049
I/DEBUG ( 179): 78e09228 78e08e58 78e0c2d8 792ca080 7ffe0000
I/DEBUG ( 179): 78e09238 00000000 00000000 750829b8 00000000
I/DEBUG ( 179): 78e09248 00000000 00000000 00000000 00000019
I/DEBUG ( 179):
I/DEBUG ( 179): memory near ip:
I/DEBUG ( 179): 75fc0894 752729d9 752729cd 75272a45 75272a49
I/DEBUG ( 179): 75fc08a4 7582b499 753285bd 75326781 75328a21
I/DEBUG ( 179): 75fc08b4 752fc0d5 75326931 758b99fd 7582e1ed
I/DEBUG ( 179): 75fc08c4 7531a079 7581d5d1 7531ae99 75816e81
I/DEBUG ( 179): 75fc08d4 753005d9 7582b465 7531acfd 75305811
I/DEBUG ( 179): 75fc08e4 7531f385 7581de51 7582de55 7582ddd9
I/DEBUG ( 179): 75fc08f4 7599ef31 75825b31 75328641 7582b411
I/DEBUG ( 179): 75fc0904 7582b451 7582cab1 75327261 75213a8d
I/DEBUG ( 179): 75fc0914 758b6d95 758b6721 758b669d 75816ee5
I/DEBUG ( 179): 75fc0924 7531ae91 752145c9 753023b5 7530b581
I/DEBUG ( 179): 75fc0934 75210d5d 75816e1d 75816e45 758118b1
I/DEBUG ( 179): 75fc0944 75811cfd 75811b7d 75812079 75811925
I/DEBUG ( 179): 75fc0954 75912725 751f38a1 7527f225 75279189
I/DEBUG ( 179): 75fc0964 7527bb6d 7527bb85 752772a1 759129fd
I/DEBUG ( 179): 75fc0974 75912b21 7589c7a5 75912acd 752778a1
I/DEBUG ( 179): 75fc0984 75219569 7591273d 75912741 7591280d
I/DEBUG ( 179):
I/DEBUG ( 179): memory near sp:
I/DEBUG ( 179): 760c3508 791ca8d8 7507a388 78e0c310 78dd24e0
I/DEBUG ( 179): 760c3518 760c393c 00000005 00000000 752fc0f5
I/DEBUG ( 179): 760c3528 7544ea00 7551e0a8 78e0c310 78dd24e0
I/DEBUG ( 179): 760c3538 760c3528 75018ad8 beee405c 7507b454
I/DEBUG ( 179): 760c3548 7507b454 75f75b0b 00000001 75018a01
I/DEBUG ( 179): 760c3558 00000000 7924fdb8 7536b86d 7924fdb8
I/DEBUG ( 179): 760c3568 00000005 00000000 78e09178 75f75ad1
I/DEBUG ( 179): 760c3578 7507b454 00000005 00000000 753197af
I/DEBUG ( 179): 760c3588 00000000 400e4c0d 00000000 7507b7d8
I/DEBUG ( 179): 760c3598 00000000 760c3660 00000000 7531c04d
I/DEBUG ( 179): 760c35a8 00000000 760c3600 75c00578 75b026db
I/DEBUG ( 179): 760c35b8 792580a0 75b13d3f 760c380c 00000000
I/DEBUG ( 179): 760c35c8 7926edf0 75b13dfd 00000000 00000000
I/DEBUG ( 179): 760c35d8 00000000 00000000 75c00578 00000001
I/DEBUG ( 179): 760c35e8 00000006 75837af3 00000024 760c3708
I/DEBUG ( 179): 760c35f8 00000044 79b31c08 00000438 00000615
I/DEBUG ( 179):
I/DEBUG ( 179): code around pc:
I/DEBUG ( 179): 752fc0e8 92033000 d010f8cd f964f6bb f89db118
I/DEBUG ( 179): 752fc0f8 b0060000 6863bd70 462a4621 6a1c4630
I/DEBUG ( 179): 752fc108 33016863 68336063 47986b1b 3b016863
I/DEBUG ( 179): 752fc118 b0066063 6863bd70 60633b01 ecf4f6ae
I/DEBUG ( 179): 752fc128 4ff0e92d 684bb089 9201468a 6a024683
I/DEBUG ( 179): 752fc138 42936a1b 2000d003 e8bdb009 69c38ff0
I/DEBUG ( 179): 752fc148 d0f82b00 68cb6919 ebc2688a f1bc0c03
I/DEBUG ( 179): 752fc158 ddf00f00 24004d20 9080f8df 0801f04f
I/DEBUG ( 179): 752fc168 4e1f447d 4f1f44f9 447e462b 447f464d
I/DEBUG ( 179): 752fc178 46993640 a803e015 f2404649 f8cd33f1
I/DEBUG ( 179): 752fc188 9505800c 97079606 f6bd9304 f8dbfa8d
I/DEBUG ( 179): 752fc198 6919301c 688a68cb 0c03ebc2 45643401
I/DEBUG ( 179): 752fc1a8 18a3dac9 f8513304 68030023 d0f52b00
I/DEBUG ( 179): 752fc1b8 2b00685b 6840d0f2 d0ef2800 f8db6842
I/DEBUG ( 179): 752fc1c8 6a123020 d1d6429a 46516803 699b9a01
I/DEBUG ( 179): 752fc1d8 28004798 e7afd0db 000a745c 000a73c8
I/DEBUG ( 179):
I/DEBUG ( 179): code around lr:
I/DEBUG ( 179): 752fc0d4 2300b570 460cb086 a9024606 94024618
I/DEBUG ( 179): 752fc0e4 f88d4615 92033000 d010f8cd f964f6bb
I/DEBUG ( 179): 752fc0f4 f89db118 b0060000 6863bd70 462a4621
I/DEBUG ( 179): 752fc104 6a1c4630 33016863 68336063 47986b1b
I/DEBUG ( 179): 752fc114 3b016863 b0066063 6863bd70 60633b01
I/DEBUG ( 179): 752fc124 ecf4f6ae 4ff0e92d 684bb089 9201468a
I/DEBUG ( 179): 752fc134 6a024683 42936a1b 2000d003 e8bdb009
I/DEBUG ( 179): 752fc144 69c38ff0 d0f82b00 68cb6919 ebc2688a
I/DEBUG ( 179): 752fc154 f1bc0c03 ddf00f00 24004d20 9080f8df
I/DEBUG ( 179): 752fc164 0801f04f 4e1f447d 4f1f44f9 447e462b
I/DEBUG ( 179): 752fc174 447f464d 46993640 a803e015 f2404649
I/DEBUG ( 179): 752fc184 f8cd33f1 9505800c 97079606 f6bd9304
I/DEBUG ( 179): 752fc194 f8dbfa8d 6919301c 688a68cb 0c03ebc2
I/DEBUG ( 179): 752fc1a4 45643401 18a3dac9 f8513304 68030023
I/DEBUG ( 179): 752fc1b4 d0f52b00 2b00685b 6840d0f2 d0ef2800
I/DEBUG ( 179): 752fc1c4 f8db6842 6a123020 d1d6429a 46516803
I/BootReceiver( 750): Copying /data/tombstones/tombstone_01 to DropBox (SYSTEM_TOMBSTONE)
W/ActivityManager( 750): Force finishing activity org.qtproject.example.inputcrash/org.qtproject.qt5.android.bindings.QtActivity
W/InputDispatcher( 750): channel '4302d328 org.qtproject.example.inputcrash/org.qtproject.qt5.android.bindings.QtActivity (server)' ~ Consumer closed input channel or an error occurred. events=0xd
E/InputDispatcher( 750): channel '4302d328 org.qtproject.example.inputcrash/org.qtproject.qt5.android.bindings.QtActivity (server)' ~ Channel is unrecoverably broken and will be disposed!
D/dalvikvm( 750): GC_FOR_ALLOC freed 4562K, 28% free 49671K/68364K, paused 76ms, total 77ms
W/InputDispatcher( 750): Attempted to unregister already unregistered input channel '4302d328 org.qtproject.example.inputcrash/org.qtproject.qt5.android.bindings.QtActivity (server)'
I/WindowState( 750): WIN DEATH: Window{4302d328 u0 org.qtproject.example.inputcrash/org.qtproject.qt5.android.bindings.QtActivity}
D/Zygote ( 182): Process 9583 terminated by signal (11)
I/WindowState( 750): WIN DEATH: Window{431acf48 u0 SurfaceView}
W/ActivityManager( 750): Exception thrown during pause
W/ActivityManager( 750): android.os.DeadObjectException
W/ActivityManager( 750): at android.os.BinderProxy.transact(Native Method)
W/ActivityManager( 750): at android.app.ApplicationThreadProxy.schedulePauseActivity(ApplicationThreadNative.java:660)
W/ActivityManager( 750): at com.android.server.am.ActivityStack.startPausingLocked(ActivityStack.java:761)
W/ActivityManager( 750): at com.android.server.am.ActivityStack.finishActivityLocked(ActivityStack.java:2443)
W/ActivityManager( 750): at com.android.server.am.ActivityStack.finishTopRunningActivityLocked(ActivityStack.java:2320)
W/ActivityManager( 750): at com.android.server.am.ActivityStackSupervisor.finishTopRunningActivityLocked(ActivityStackSupervisor.java:2050)
W/ActivityManager( 750): at com.android.server.am.ActivityManagerService.handleAppCrashLocked(ActivityManagerService.java:9548)
W/ActivityManager( 750): at com.android.server.am.ActivityManagerService.makeAppCrashingLocked(ActivityManagerService.java:9441)
W/ActivityManager( 750): at com.android.server.am.ActivityManagerService.crashApplication(ActivityManagerService.java:10086)
W/ActivityManager( 750): at com.android.server.am.ActivityManagerService.handleApplicationCrashInner(ActivityManagerService.java:9637)
W/ActivityManager( 750): at com.android.server.am.NativeCrashListener$NativeCrashReporter.run(NativeCrashListener.java:86)
I/ActivityManager( 750): Process org.qtproject.example.inputcrash (pid 9583) has died.
W/ViewRootImpl( 750): Dropping event due to no window focus: KeyEvent { action=ACTION_DOWN, keyCode=KEYCODE_BACK, scanCode=0, metaState=0, flags=0x48, repeatCount=0, eventTime=125483698, downTime=125483698, deviceId=-1, source=0x101 }
I/Adreno-EGL( 1048): : EGL 1.4 QUALCOMM Build: I0404c4692afb8623f95c43aeb6d5e13ed4b30ddbDate: 11/06/13
V/RenderScript( 1048): Application requested CPU execution
V/RenderScript( 1048): 0x779fca98 Launching thread(s), CPUs 4
D/dalvikvm( 1157): GC_CONCURRENT freed 1013K, 6% free 20138K/21340K, paused 1ms+2ms, total 42ms
W/InputConnectionWrapper.ICC( 972): Timed out waiting on IInputContextCallback
E/RichInputConnection( 972): Unable to connect to the editor to retrieve text... will retry later
I/Choreographer( 972): Skipped 121 frames! The application may be doing too much work on its main thread.
E/RichInputConnection( 972): Unable to connect to the editor to retrieve text... will retry later
D/dalvikvm( 972): GC_FOR_ALLOC freed 3616K, 18% free 20493K/24780K, paused 29ms, total 29ms
I/dalvikvm-heap( 972): Grow heap (frag case) to 23.475MB for 3598576-byte allocation
D/dalvikvm( 972): GC_FOR_ALLOC freed 1K, 16% free 24006K/28296K, paused 19ms, total 19ms
E/RichInputConnection( 972): Unable to connect to the editor to retrieve text... will retry later
E/RichInputConnection( 972): Unable to connect to the editor to retrieve text... will retry later
E/RichInputConnection( 972): Unable to connect to the editor to retrieve text... will retry later
E/RichInputConnection( 972): Unable to connect to the editor to retrieve text... will retry later
E/RichInputConnection( 972): Unable to connect to the editor to retrieve text... will retry later
D/dalvikvm( 972): GC_CONCURRENT freed 95K, 16% free 24007K/28296K, paused 2ms+4ms, total 41ms
W/Binder ( 972): Caught a RuntimeException from the binder stub implementation.
W/Binder ( 972): java.lang.NullPointerException
W/Binder ( 972): at android.inputmethodservice.IInputMethodWrapper.setSessionEnabled(IInputMethodWrapper.java:280)
W/Binder ( 972): at com.android.internal.view.IInputMethod$Stub.onTransact(IInputMethod.java:129)
W/Binder ( 972): at android.os.Binder.execTransact(Binder.java:404)
W/Binder ( 972): at dalvik.system.NativeStart.run(Native Method)
W/InputMethodManagerService( 750): Got RemoteException sending setActive(false) notification to pid 9583 uid 10278