D/AndroidRuntime(10471):
D/AndroidRuntime(10471): >>>>>> AndroidRuntime START com.android.internal.os.RuntimeInit <<<<<<
D/AndroidRuntime(10471): CheckJNI is ON
D/dalvikvm(10471): Trying to load lib libjavacore.so 0x0
D/dalvikvm(10471): Added shared lib libjavacore.so 0x0
D/dalvikvm(10471): Trying to load lib libnativehelper.so 0x0
D/dalvikvm(10471): Added shared lib libnativehelper.so 0x0
D/dalvikvm(10471): No JNI_OnLoad found in libnativehelper.so 0x0, skipping init
D/dalvikvm(10471): Note: class Landroid/app/ActivityManagerNative; has 179 unimplemented (abstract) methods
E/memtrack(10471): Couldn't load memtrack module (No such file or directory)
E/android.os.Debug(10471): failed to load memtrack module: -2
D/AndroidRuntime(10471): Calling main entry com.android.commands.pm.Pm
I/ActivityManager( 402): Force stopping org.qtproject.example.test_project appid=10138 user=-1: uninstall pkg
W/PackageManager( 402): Couldn't delete native library directory /data/app-lib/org.qtproject.example.test_project
D/keystore( 56): calling clear_uid in state: 3
I/ActivityManager( 402): Force stopping org.qtproject.example.test_project appid=10138 user=0: pkg removed
I/InputReader( 402): Reconfiguring input devices. changes=0x00000010
I/LatinIME:LogUtils( 583): Dictionary info: dictionary = main:en ; version = 42 ; date = 1381226429
D/dalvikvm( 583): GC_CONCURRENT freed 404K, 14% free 3134K/3604K, paused 3ms+3ms, total 95ms
D/dalvikvm( 606): GC_EXPLICIT freed 509K, 33% free 5945K/8784K, paused 3ms+5ms, total 202ms
I/PackageManager( 402): Action: "android.intent.action.SENDTO"
I/PackageManager( 402): Category: "android.intent.category.DEFAULT"
I/PackageManager( 402): Scheme: "sms"
I/PackageManager( 402): Adding preferred activity ComponentInfo{com.android.mms/com.android.mms.ui.ComposeMessageActivity} for user 0 :
D/dalvikvm( 402): GC_EXPLICIT freed 811K, 23% free 5986K/7696K, paused 6ms+6ms, total 417ms
D/BackupManagerService( 402): Received broadcast Intent { act=android.intent.action.PACKAGE_REMOVED dat=package:org.qtproject.example.test_project flg=0x4000010 (has extras) }
V/BackupManagerService( 402): removePackageParticipantsLocked: uid=10138 #1
D/Documents( 1424): Used cached roots for com.android.providers.downloads.documents
D/Documents( 1424): Loading roots for com.android.externalstorage.documents
D/Documents( 1424): Used cached roots for com.android.providers.media.documents
D/Documents( 1424): Update found 5 roots in 280ms
I/PackageManager( 402): Action: "android.intent.action.SENDTO"
I/PackageManager( 402): Category: "android.intent.category.DEFAULT"
I/PackageManager( 402): Scheme: "smsto"
I/PackageManager( 402): Adding preferred activity ComponentInfo{com.android.mms/com.android.mms.ui.ComposeMessageActivity} for user 0 :
D/dalvikvm( 595): GC_CONCURRENT freed 462K, 16% free 3358K/3992K, paused 24ms+1ms, total 64ms
I/PackageManager( 402): Action: "android.intent.action.SENDTO"
I/PackageManager( 402): Category: "android.intent.category.DEFAULT"
I/PackageManager( 402): Adding preferred activity ComponentInfo{com.android.mms/com.android.mms.ui.ComposeMessageActivity} for user 0 :
I/PackageManager( 402): Scheme: "mms"
I/PackageManager( 402): Action: "android.intent.action.SENDTO"
I/PackageManager( 402): Category: "android.intent.category.DEFAULT"
I/PackageManager( 402): Scheme: "mmsto"
I/PackageManager( 402): Adding preferred activity ComponentInfo{com.android.mms/com.android.mms.ui.ComposeMessageActivity} for user 0 :
I/PackageManager( 402): Adding preferred activity ComponentInfo{com.android.mms/com.android.mms.ui.ComposeMessageActivity} for user 0 :
I/PackageManager( 402): Action: "android.intent.action.SENDTO"
I/PackageManager( 402): Category: "android.intent.category.DEFAULT"
I/PackageManager( 402): Scheme: "sms"
I/PackageManager( 402): Action: "android.intent.action.SENDTO"
I/PackageManager( 402): Category: "android.intent.category.DEFAULT"
I/PackageManager( 402): Scheme: "smsto"
I/PackageManager( 402): Adding preferred activity ComponentInfo{com.android.mms/com.android.mms.ui.ComposeMessageActivity} for user 0 :
I/PackageManager( 402): Action: "android.intent.action.SENDTO"
I/PackageManager( 402): Adding preferred activity ComponentInfo{com.android.mms/com.android.mms.ui.ComposeMessageActivity} for user 0 :
I/PackageManager( 402): Category: "android.intent.category.DEFAULT"
I/PackageManager( 402): Scheme: "mms"
I/PackageManager( 402): Action: "android.intent.action.SENDTO"
I/PackageManager( 402): Category: "android.intent.category.DEFAULT"
I/PackageManager( 402): Scheme: "mmsto"
I/PackageManager( 402): Adding preferred activity ComponentInfo{com.android.mms/com.android.mms.ui.ComposeMessageActivity} for user 0 :
D/dalvikvm( 595): GC_CONCURRENT freed 420K, 16% free 3387K/3992K, paused 5ms+2ms, total 38ms
D/VoicemailCleanupService( 668): Cleaning up data for package: org.qtproject.example.test_project
D/dalvikvm( 402): GC_CONCURRENT freed 782K, 23% free 5981K/7696K, paused 39ms+21ms, total 222ms
D/MobileDataStateTracker( 402): default: setPolicyDataEnable(enabled=true)
D/dalvikvm( 402): WAIT_FOR_CONCURRENT_GC blocked 342ms
W/ContextImpl( 1111): Calling a method in the system process without a qualified user: android.app.ContextImpl.startService:1479 android.content.ContextWrapper.startService:494 android.content.ContextWrapper.startService:494 com.android.keychain.KeyChainBroadcastReceiver.onReceive:12 android.app.ActivityThread.handleReceiver:2419
D/dalvikvm( 668): GC_CONCURRENT freed 390K, 14% free 3165K/3656K, paused 9ms+2ms, total 89ms
D/dalvikvm( 402): GC_EXPLICIT freed 314K, 23% free 5978K/7696K, paused 4ms+13ms, total 316ms
D/AndroidRuntime(10471): Shutting down VM
D/dalvikvm(10471): GC_CONCURRENT freed 94K, 15% free 558K/656K, paused 2ms+2ms, total 9ms
D/MobileDataStateTracker( 402): default: setPolicyDataEnable(enabled=true)
D/MobileDataStateTracker( 402): default: setPolicyDataEnable(enabled=true)
D/AndroidRuntime(10491):
D/AndroidRuntime(10491): >>>>>> AndroidRuntime START com.android.internal.os.RuntimeInit <<<<<<
D/AndroidRuntime(10491): CheckJNI is ON
D/dalvikvm(10491): Trying to load lib libjavacore.so 0x0
D/dalvikvm(10491): Added shared lib libjavacore.so 0x0
D/dalvikvm(10491): Trying to load lib libnativehelper.so 0x0
D/dalvikvm(10491): Added shared lib libnativehelper.so 0x0
D/dalvikvm(10491): No JNI_OnLoad found in libnativehelper.so 0x0, skipping init
D/dalvikvm(10491): Note: class Landroid/app/ActivityManagerNative; has 179 unimplemented (abstract) methods
E/memtrack(10491): Couldn't load memtrack module (No such file or directory)
E/android.os.Debug(10491): failed to load memtrack module: -2
D/AndroidRuntime(10491): Calling main entry com.android.commands.pm.Pm
W/ActivityManager( 402): No content provider found for permission revoke: file:///data/local/tmp/QtApp-debug.apk
W/ActivityManager( 402): No content provider found for permission revoke: file:///data/local/tmp/QtApp-debug.apk
I/PackageManager( 402): Copying native libraries to /data/app-lib/vmdl-1906556321
D/dalvikvm( 402): GC_CONCURRENT freed 641K, 22% free 6053K/7696K, paused 6ms+7ms, total 74ms
I/PackageManager( 402): Running dexopt on: org.qtproject.example.test_project
D/dalvikvm(10503): DexOpt: load 65ms, verify+opt 172ms, 590364 bytes
I/ActivityManager( 402): Force stopping org.qtproject.example.test_project appid=10139 user=-1: update pkg
D/dalvikvm( 402): GC_CONCURRENT freed 730K, 22% free 6067K/7696K, paused 6ms+7ms, total 62ms
I/InputReader( 402): Reconfiguring input devices. changes=0x00000010
I/PackageManager( 402): Action: "android.intent.action.SENDTO"
I/PackageManager( 402): Category: "android.intent.category.DEFAULT"
I/PackageManager( 402): Scheme: "sms"
I/PackageManager( 402): Adding preferred activity ComponentInfo{com.android.mms/com.android.mms.ui.ComposeMessageActivity} for user 0 :
I/PackageManager( 402): Action: "android.intent.action.SENDTO"
I/PackageManager( 402): Category: "android.intent.category.DEFAULT"
I/PackageManager( 402): Scheme: "smsto"
I/PackageManager( 402): Adding preferred activity ComponentInfo{com.android.mms/com.android.mms.ui.ComposeMessageActivity} for user 0 :
I/PackageManager( 402): Action: "android.intent.action.SENDTO"
I/PackageManager( 402): Category: "android.intent.category.DEFAULT"
I/PackageManager( 402): Scheme: "mms"
I/PackageManager( 402): Adding preferred activity ComponentInfo{com.android.mms/com.android.mms.ui.ComposeMessageActivity} for user 0 :
I/PackageManager( 402): Adding preferred activity ComponentInfo{com.android.mms/com.android.mms.ui.ComposeMessageActivity} for user 0 :
I/PackageManager( 402): Action: "android.intent.action.SENDTO"
I/PackageManager( 402): Category: "android.intent.category.DEFAULT"
I/PackageManager( 402): Scheme: "mmsto"
D/Documents( 1424): Used cached roots for com.android.providers.downloads.documents
D/Documents( 1424): Loading roots for com.android.externalstorage.documents
D/BackupManagerService( 402): Received broadcast Intent { act=android.intent.action.PACKAGE_ADDED dat=package:org.qtproject.example.test_project flg=0x4000010 (has extras) }
V/BackupManagerService( 402): addPackageParticipantsLocked: #1
I/PackageManager( 402): Action: "android.intent.action.SENDTO"
I/PackageManager( 402): Category: "android.intent.category.DEFAULT"
I/PackageManager( 402): Scheme: "sms"
I/PackageManager( 402): Adding preferred activity ComponentInfo{com.android.mms/com.android.mms.ui.ComposeMessageActivity} for user 0 :
I/PackageManager( 402): Action: "android.intent.action.SENDTO"
I/PackageManager( 402): Category: "android.intent.category.DEFAULT"
I/PackageManager( 402): Adding preferred activity ComponentInfo{com.android.mms/com.android.mms.ui.ComposeMessageActivity} for user 0 :
I/PackageManager( 402): Scheme: "smsto"
D/dalvikvm( 595): GC_CONCURRENT freed 453K, 15% free 3427K/3988K, paused 7ms+26ms, total 140ms
D/dalvikvm( 595): WAIT_FOR_CONCURRENT_GC blocked 9ms
I/PackageManager( 402): Action: "android.intent.action.SENDTO"
I/PackageManager( 402): Category: "android.intent.category.DEFAULT"
I/PackageManager( 402): Scheme: "mms"
I/PackageManager( 402): Adding preferred activity ComponentInfo{com.android.mms/com.android.mms.ui.ComposeMessageActivity} for user 0 :
I/PackageManager( 402): Action: "android.intent.action.SENDTO"
I/PackageManager( 402): Category: "android.intent.category.DEFAULT"
I/PackageManager( 402): Adding preferred activity ComponentInfo{com.android.mms/com.android.mms.ui.ComposeMessageActivity} for user 0 :
I/PackageManager( 402): Scheme: "mmsto"
D/dalvikvm( 402): GC_EXPLICIT freed 914K, 23% free 5967K/7696K, paused 8ms+9ms, total 549ms
D/dalvikvm( 402): WAIT_FOR_CONCURRENT_GC blocked 79ms
D/AndroidRuntime(10491): Shutting down VM
D/dalvikvm(10491): GC_CONCURRENT freed 95K, 16% free 560K/660K, paused 13ms+3ms, total 23ms
D/dalvikvm( 606): GC_CONCURRENT freed 746K, 30% free 6163K/8784K, paused 3ms+7ms, total 70ms
D/Documents( 1424): Used cached roots for com.android.providers.media.documents
D/Documents( 1424): Update found 5 roots in 1025ms
W/RecognitionManagerService( 402): no available voice recognition services found for user 0
D/AndroidRuntime(10510):
D/AndroidRuntime(10510): >>>>>> AndroidRuntime START com.android.internal.os.RuntimeInit <<<<<<
D/AndroidRuntime(10510): CheckJNI is ON
D/dalvikvm(10510): Trying to load lib libjavacore.so 0x0
D/dalvikvm(10510): Added shared lib libjavacore.so 0x0
D/dalvikvm(10510): Trying to load lib libnativehelper.so 0x0
D/dalvikvm(10510): Added shared lib libnativehelper.so 0x0
D/dalvikvm(10510): No JNI_OnLoad found in libnativehelper.so 0x0, skipping init
D/dalvikvm(10510): Note: class Landroid/app/ActivityManagerNative; has 179 unimplemented (abstract) methods
E/memtrack(10510): Couldn't load memtrack module (No such file or directory)
E/android.os.Debug(10510): failed to load memtrack module: -2
D/AndroidRuntime(10510): Calling main entry com.android.commands.am.Am
I/ActivityManager( 402): Force stopping org.qtproject.example.test_project appid=10139 user=0: from pid 10510
D/AndroidRuntime(10510): Shutting down VM
D/dalvikvm(10510): GC_CONCURRENT freed 93K, 15% free 553K/648K, paused 0ms+4ms, total 15ms
E/NetdConnector( 402): NDC Command {920 bandwidth gettetherstats} took too long (518ms)
D/AndroidRuntime(10525):
D/AndroidRuntime(10525): >>>>>> AndroidRuntime START com.android.internal.os.RuntimeInit <<<<<<
D/AndroidRuntime(10525): CheckJNI is ON
D/MobileDataStateTracker( 402): default: setPolicyDataEnable(enabled=true)
D/dalvikvm(10525): Trying to load lib libjavacore.so 0x0
D/dalvikvm(10525): Added shared lib libjavacore.so 0x0
D/dalvikvm(10525): Trying to load lib libnativehelper.so 0x0
D/dalvikvm(10525): Added shared lib libnativehelper.so 0x0
D/dalvikvm(10525): No JNI_OnLoad found in libnativehelper.so 0x0, skipping init
D/dalvikvm(10525): Note: class Landroid/app/ActivityManagerNative; has 179 unimplemented (abstract) methods
E/memtrack(10525): Couldn't load memtrack module (No such file or directory)
E/android.os.Debug(10525): failed to load memtrack module: -2
D/AndroidRuntime(10525): Calling main entry com.android.commands.am.Am
I/ActivityManager( 402): Force stopping org.qtproject.example.test_project appid=10139 user=0: from pid 10525
D/AndroidRuntime(10525): Shutting down VM
D/dalvikvm(10525): GC_CONCURRENT freed 93K, 15% free 553K/648K, paused 2ms+6ms, total 75ms
D/AndroidRuntime(10539):
D/AndroidRuntime(10539): >>>>>> AndroidRuntime START com.android.internal.os.RuntimeInit <<<<<<
D/AndroidRuntime(10539): CheckJNI is ON
D/dalvikvm(10539): Trying to load lib libjavacore.so 0x0
D/dalvikvm(10539): Added shared lib libjavacore.so 0x0
D/dalvikvm(10539): Trying to load lib libnativehelper.so 0x0
D/dalvikvm(10539): Added shared lib libnativehelper.so 0x0
D/dalvikvm(10539): No JNI_OnLoad found in libnativehelper.so 0x0, skipping init
D/dalvikvm(10539): Note: class Landroid/app/ActivityManagerNative; has 179 unimplemented (abstract) methods
E/memtrack(10539): Couldn't load memtrack module (No such file or directory)
E/android.os.Debug(10539): failed to load memtrack module: -2
D/AndroidRuntime(10539): Calling main entry com.android.commands.am.Am
I/ActivityManager( 402): START u0 {flg=0x10000000 cmp=org.qtproject.example.test_project/org.qtproject.qt5.android.bindings.QtActivity (has extras)} from pid 10539
E/gralloc_goldfish( 51): gralloc_alloc: Mismatched usage flags: 246 x 410, usage 333
W/GraphicBufferAllocator( 51): alloc(246, 410, 1, 00000333, ...) failed -22 (Invalid argument)
E/ ( 51): GraphicBufferAlloc::createGraphicBuffer(w=246, h=410) failed (Invalid argument), handle=0x0
E/BufferQueue( 402): [ScreenshotClient] dequeueBuffer: SurfaceComposer::createGraphicBuffer failed
W/WindowManager( 402): Screenshot failure taking screenshot for (246x410) to layer 21005
D/AndroidRuntime(10539): Shutting down VM
D/dalvikvm(10550): Not late-enabling CheckJNI (already on)
I/ActivityManager( 402): Start proc org.qtproject.example.test_project for activity org.qtproject.example.test_project/org.qtproject.qt5.android.bindings.QtActivity: pid=10550 uid=10139 gids={50139, 3003, 1028, 1015, 3002, 3001}
D/dalvikvm(10539): GC_CONCURRENT freed 98K, 15% free 586K/688K, paused 2ms+3ms, total 56ms
D/dalvikvm( 52): GC_EXPLICIT freed 44K, 5% free 2771K/2892K, paused 5ms+2ms, total 89ms
D/dalvikvm( 52): GC_EXPLICIT freed <1K, 5% free 2771K/2892K, paused 2ms+2ms, total 44ms
D/dalvikvm( 52): GC_EXPLICIT freed <1K, 5% free 2771K/2892K, paused 12ms+2ms, total 52ms
D/dalvikvm(10550): GC_CONCURRENT freed 207K, 9% free 2982K/3272K, paused 5ms+12ms, total 61ms
D/dalvikvm(10550): Trying to load lib /data/data/org.qtproject.example.test_project/lib/libgnustl_shared.so 0xb3d07908
D/dalvikvm(10550): Added shared lib /data/data/org.qtproject.example.test_project/lib/libgnustl_shared.so 0xb3d07908
D/dalvikvm(10550): No JNI_OnLoad found in /data/data/org.qtproject.example.test_project/lib/libgnustl_shared.so 0xb3d07908, skipping init
D/dalvikvm(10550): Trying to load lib /data/data/org.qtproject.example.test_project/lib/libQt5Core.so 0xb3d07908
D/dalvikvm(10550): Added shared lib /data/data/org.qtproject.example.test_project/lib/libQt5Core.so 0xb3d07908
D/dalvikvm(10550): Trying to load lib /data/data/org.qtproject.example.test_project/lib/libQt5Gui.so 0xb3d07908
D/dalvikvm(10550): Added shared lib /data/data/org.qtproject.example.test_project/lib/libQt5Gui.so 0xb3d07908
D/dalvikvm(10550): No JNI_OnLoad found in /data/data/org.qtproject.example.test_project/lib/libQt5Gui.so 0xb3d07908, skipping init
D/dalvikvm(10550): Trying to load lib /data/data/org.qtproject.example.test_project/lib/libQt5Network.so 0xb3d07908
D/dalvikvm(10550): Added shared lib /data/data/org.qtproject.example.test_project/lib/libQt5Network.so 0xb3d07908
D/dalvikvm(10550): No JNI_OnLoad found in /data/data/org.qtproject.example.test_project/lib/libQt5Network.so 0xb3d07908, skipping init
D/dalvikvm(10550): Trying to load lib /data/data/org.qtproject.example.test_project/lib/libQt5Multimedia.so 0xb3d07908
D/dalvikvm(10550): Added shared lib /data/data/org.qtproject.example.test_project/lib/libQt5Multimedia.so 0xb3d07908
D/dalvikvm(10550): No JNI_OnLoad found in /data/data/org.qtproject.example.test_project/lib/libQt5Multimedia.so 0xb3d07908, skipping init
D/dalvikvm(10550): Trying to load lib /data/data/org.qtproject.example.test_project/lib/libQt5AndroidExtras.so 0xb3d07908
D/dalvikvm(10550): Added shared lib /data/data/org.qtproject.example.test_project/lib/libQt5AndroidExtras.so 0xb3d07908
D/dalvikvm(10550): No JNI_OnLoad found in /data/data/org.qtproject.example.test_project/lib/libQt5AndroidExtras.so 0xb3d07908, skipping init
D/dalvikvm(10550): Trying to load lib /data/data/org.qtproject.example.test_project/lib/libQt5Concurrent.so 0xb3d07908
D/dalvikvm(10550): Added shared lib /data/data/org.qtproject.example.test_project/lib/libQt5Concurrent.so 0xb3d07908
D/dalvikvm(10550): No JNI_OnLoad found in /data/data/org.qtproject.example.test_project/lib/libQt5Concurrent.so 0xb3d07908, skipping init
D/dalvikvm(10550): Trying to load lib /data/data/org.qtproject.example.test_project/lib/libQt5Bluetooth.so 0xb3d07908
D/dalvikvm(10550): Added shared lib /data/data/org.qtproject.example.test_project/lib/libQt5Bluetooth.so 0xb3d07908
D/dalvikvm(10550): Trying to load lib /data/data/org.qtproject.example.test_project/lib/libQt5Sensors.so 0xb3d07908
D/dalvikvm(10550): Added shared lib /data/data/org.qtproject.example.test_project/lib/libQt5Sensors.so 0xb3d07908
D/dalvikvm(10550): No JNI_OnLoad found in /data/data/org.qtproject.example.test_project/lib/libQt5Sensors.so 0xb3d07908, skipping init
D/dalvikvm(10550): Trying to load lib /data/data/org.qtproject.example.test_project/qt-reserved-files/plugins/platforms/android/libqtforandroid.so 0xb3d07908
D/dalvikvm(10550): Added shared lib /data/data/org.qtproject.example.test_project/qt-reserved-files/plugins/platforms/android/libqtforandroid.so 0xb3d07908
I/Qt (10550): qt start
D/dalvikvm(10550): Trying to load lib /data/data/org.qtproject.example.test_project/qt-reserved-files/plugins/mediaservice/libqtmedia_android.so 0xb3d07908
D/dalvikvm(10550): Added shared lib /data/data/org.qtproject.example.test_project/qt-reserved-files/plugins/mediaservice/libqtmedia_android.so 0xb3d07908
D/dalvikvm(10550): Trying to load lib /data/data/org.qtproject.example.test_project/qt-reserved-files/plugins/sensors/libqtsensors_android.so 0xb3d07908
D/dalvikvm(10550): Added shared lib /data/data/org.qtproject.example.test_project/qt-reserved-files/plugins/sensors/libqtsensors_android.so 0xb3d07908
I/Qt (10550): Sensors start
D/dalvikvm(10550): Trying to load lib /data/app-lib/org.qtproject.example.test_project-1/libtest_project.so 0xb3d07908
D/dalvikvm(10550): Added shared lib /data/app-lib/org.qtproject.example.test_project-1/libtest_project.so 0xb3d07908
D/dalvikvm(10550): No JNI_OnLoad found in /data/app-lib/org.qtproject.example.test_project-1/libtest_project.so 0xb3d07908, skipping init
D/ (10550): HostConnection::get() New Host Connection established 0xb82e2530, tid 10550
W/EGL_emulation(10550): eglSurfaceAttrib not implemented
D/OpenGLRenderer(10550): Enabling debug mode 0
I/ActivityManager( 402): Displayed org.qtproject.example.test_project/org.qtproject.qt5.android.bindings.QtActivity: +2s227ms
D/Qt (10550): ../test_project/main.cpp:7 (int main(int, char**)): RUNNING