11-13 20:42:57.389: W/ActivityManager(478): mDVFSHelper.acquire()
11-13 20:42:57.467: E/MoreInfoHPW_ViewGroup(478): Parent view is not a TextView
11-13 20:42:57.475: D/AndroidRuntime(14119): Shutting down VM
11-13 20:42:57.475: I/EventRelay(1155): Send intent to cmd socket: Intent { act=com.sec.android.intent.action.CPU_BOOSTER_MIN flg=0x10 (has extras) }
11-13 20:42:57.483: D/dalvikvm(14119): GC_CONCURRENT freed 150K, 18% free 713K/868K, paused 1ms+0ms, total 6ms
11-13 20:42:57.483: D/jdwp(14119): Got wake-up signal, bailing out of select
11-13 20:42:57.483: D/dalvikvm(14119): Debugger has detached; object registry had 1 entries
11-13 20:42:57.483: I/WifiEnabler(2459): Pause : 3
11-13 20:42:57.491: W/LicenseLogService(478): log() is called by non admin
11-13 20:42:57.530: V/WindowManager(478): Window{41cd92e0 u0 Keyguard}mOrientationRequetedFromKeyguard=false
11-13 20:42:57.561: E/SMD(107): DCD OFF
11-13 20:42:57.608: I/EventRelay(1155): Send intent to cmd socket: Intent { act=com.marvell.cpugadget.TASK_MONITOR flg=0x10 (has extras) }
11-13 20:42:57.608: D/dalvikvm(14133): Late-enabling CheckJNI
11-13 20:42:57.662: D/WindowManager(478): computeScreenConfigurationLocked() set config.orientation=1 dw=600 dh=1024 Callers=com.android.server.wm.WindowManagerService.updateOrientationFromAppTokensLocked:5537 com.android.server.wm.WindowManagerService.updateOrientationFromAppTokens:5506 com.android.server.am.ActivityStack.realStartActivityLocked:939
11-13 20:42:57.662: D/PowerManagerService(478): setKeyboardVisibility: false
11-13 20:42:57.678: W/WindowManager(478): Rebuild removed 6 windows but added 5
11-13 20:42:57.694: W/WindowManager(478): Current app token list:
11-13 20:42:57.694: D/AbsListView(2459): unregisterIRListener() is called
11-13 20:42:57.694: W/WindowManager(478): Final window list:
11-13 20:42:57.709: D/AbsListView(2459): unregisterIRListener() is called
11-13 20:42:57.741: V/WindowManager(478): Window{41cd92e0 u0 Keyguard}mOrientationRequetedFromKeyguard=false
11-13 20:42:57.772: V/WindowManager(478): Window{41cd92e0 u0 Keyguard}mOrientationRequetedFromKeyguard=false
11-13 20:42:57.803: I/v_hwc(111): hwc prepare: 3D composition
11-13 20:42:57.819: I/v_hwc(111): hwc prepare: 3D composition
11-13 20:42:57.834: I/v_hwc(111): hwc prepare: 3D composition
11-13 20:42:57.850: I/v_hwc(111): hwc prepare: 3D composition
11-13 20:42:57.866: I/v_hwc(111): hwc prepare: 3D composition
11-13 20:42:57.881: I/v_hwc(111): hwc prepare: 3D composition
11-13 20:42:57.897: I/v_hwc(111): hwc prepare: 3D composition
11-13 20:42:57.912: I/v_hwc(111): hwc prepare: 3D composition
11-13 20:42:57.936: I/v_hwc(111): hwc prepare: 3D composition
11-13 20:42:57.952: I/v_hwc(111): hwc prepare: 3D composition
11-13 20:42:57.967: I/v_hwc(111): hwc prepare: 3D composition
11-13 20:42:57.983: I/v_hwc(111): hwc prepare: 3D composition
11-13 20:42:57.998: I/v_hwc(111): hwc prepare: 3D composition
11-13 20:42:58.014: I/v_hwc(111): hwc prepare: 3D composition
11-13 20:42:58.717: D/BatteryService(478): update start
11-13 20:42:58.717: D/BatteryService(478): level:62, scale:100, status:3, health:2, present:true, voltage: 3903, temperature: 290, technology: Li-ion, AC powered:false, USB powered:true, Wireless powered:false, icon:17303457, invalid charger:0, online:4, charge type:1, current avg:450
11-13 20:42:58.717: D/BatteryService(478): Sending ACTION_BATTERY_CHANGED.
11-13 20:42:58.725: D/STATUSBAR-BatteryController(749): onReceive() - ACTION_BATTERY_CHANGED
11-13 20:42:58.725: D/STATUSBAR-BatteryController(749): onReceive() - BATTERY_STATUS_DISCHARGING: tw_stat_sys_battery_usb_not_charge
11-13 20:42:58.725: D/STATUSBAR-PhoneStatusBar(749): mBrightnessEnablebySettings = true mBrightnessEnablebyBattery = true mBrightnessEnablebyDisableFlag = true
11-13 20:42:58.733: D/STATUSBAR-IconMerger(749): checkOverflow(390), More:false, Req:false Child:2
11-13 20:42:59.147: D/SensorService(478): -0.2 -0.3 9.8
11-13 20:42:59.389: W/ActivityManager(478): Permission denied: checkComponentPermission() owningUid=10126
11-13 20:42:59.389: W/ActivityManager(478): Permission denied: checkComponentPermission() owningUid=10126
11-13 20:42:59.405: I/Icing(1325): Indexing done C8EFBC5701BC22236639795B99A4915D28443518
11-13 20:42:59.428: I/ApplicationUsage(478): handleMessage : MSG_UPDATE_USAGE_DB
11-13 20:42:59.436: I/ApplicationUsage(478): Updating Usage Statistics in DB @ 1415907779447
11-13 20:42:59.678: D/dalvikvm(14133): GC_CONCURRENT freed 184K, 21% free 5442K/6820K, paused 3ms+2ms, total 18ms
11-13 20:42:59.694: E/MoreInfoHPW_ViewGroup(14133): Parent view is not a TextView
11-13 20:42:59.717: D/dalvikvm(14133): Trying to load lib /data/data/org.qtproject.example.helloqml/lib/libgnustl_shared.so 0x413bc268
11-13 20:42:59.717: D/dalvikvm(14133): Added shared lib /data/data/org.qtproject.example.helloqml/lib/libgnustl_shared.so 0x413bc268
11-13 20:42:59.717: D/dalvikvm(14133): No JNI_OnLoad found in /data/data/org.qtproject.example.helloqml/lib/libgnustl_shared.so 0x413bc268, skipping init
11-13 20:42:59.717: D/dalvikvm(14133): Trying to load lib /data/data/org.qtproject.example.helloqml/lib/libQt5Core.so 0x413bc268
11-13 20:42:59.725: D/dalvikvm(14133): Added shared lib /data/data/org.qtproject.example.helloqml/lib/libQt5Core.so 0x413bc268
11-13 20:42:59.725: D/dalvikvm(14133): Trying to load lib /data/data/org.qtproject.example.helloqml/lib/libQt5Gui.so 0x413bc268
11-13 20:42:59.733: D/dalvikvm(14133): Added shared lib /data/data/org.qtproject.example.helloqml/lib/libQt5Gui.so 0x413bc268
11-13 20:42:59.733: D/dalvikvm(14133): No JNI_OnLoad found in /data/data/org.qtproject.example.helloqml/lib/libQt5Gui.so 0x413bc268, skipping init
11-13 20:42:59.733: D/dalvikvm(14133): Trying to load lib /data/data/org.qtproject.example.helloqml/lib/libQt5Network.so 0x413bc268
11-13 20:42:59.733: D/dalvikvm(14133): Added shared lib /data/data/org.qtproject.example.helloqml/lib/libQt5Network.so 0x413bc268
11-13 20:42:59.733: D/dalvikvm(14133): No JNI_OnLoad found in /data/data/org.qtproject.example.helloqml/lib/libQt5Network.so 0x413bc268, skipping init
11-13 20:42:59.733: D/dalvikvm(14133): Trying to load lib /data/data/org.qtproject.example.helloqml/lib/libQt5Qml.so 0x413bc268
11-13 20:42:59.741: D/dalvikvm(14133): Added shared lib /data/data/org.qtproject.example.helloqml/lib/libQt5Qml.so 0x413bc268
11-13 20:42:59.741: D/dalvikvm(14133): No JNI_OnLoad found in /data/data/org.qtproject.example.helloqml/lib/libQt5Qml.so 0x413bc268, skipping init
11-13 20:42:59.741: D/dalvikvm(14133): Trying to load lib /data/data/org.qtproject.example.helloqml/lib/libQt5Quick.so 0x413bc268
11-13 20:42:59.764: D/dalvikvm(14133): Added shared lib /data/data/org.qtproject.example.helloqml/lib/libQt5Quick.so 0x413bc268
11-13 20:42:59.764: D/dalvikvm(14133): No JNI_OnLoad found in /data/data/org.qtproject.example.helloqml/lib/libQt5Quick.so 0x413bc268, skipping init
11-13 20:42:59.764: D/dalvikvm(14133): Trying to load lib /data/data/org.qtproject.example.helloqml/lib/libQt5QuickParticles.so 0x413bc268
11-13 20:42:59.772: D/dalvikvm(14133): Added shared lib /data/data/org.qtproject.example.helloqml/lib/libQt5QuickParticles.so 0x413bc268
11-13 20:42:59.772: D/dalvikvm(14133): No JNI_OnLoad found in /data/data/org.qtproject.example.helloqml/lib/libQt5QuickParticles.so 0x413bc268, skipping init
11-13 20:42:59.772: D/dalvikvm(14133): Trying to load lib /data/data/org.qtproject.example.helloqml/qt-reserved-files/plugins/platforms/android/libqtforandroid.so 0x413bc268
11-13 20:42:59.780: D/dalvikvm(14133): Added shared lib /data/data/org.qtproject.example.helloqml/qt-reserved-files/plugins/platforms/android/libqtforandroid.so 0x413bc268
11-13 20:42:59.780: I/Qt(14133): qt start
11-13 20:42:59.780: D/dalvikvm(14133): Trying to load lib /data/data/org.qtproject.example.helloqml/qt-reserved-files/plugins/bearer/libqandroidbearer.so 0x413bc268
11-13 20:42:59.780: D/dalvikvm(14133): Added shared lib /data/data/org.qtproject.example.helloqml/qt-reserved-files/plugins/bearer/libqandroidbearer.so 0x413bc268
11-13 20:42:59.787: D/dalvikvm(14133): No JNI_OnLoad found in /data/data/org.qtproject.example.helloqml/qt-reserved-files/plugins/bearer/libqandroidbearer.so 0x413bc268, skipping init
11-13 20:42:59.787: D/dalvikvm(14133): Trying to load lib /data/data/org.qtproject.example.helloqml/lib/libQt5QuickParticles.so 0x413bc268
11-13 20:42:59.787: D/dalvikvm(14133): Shared lib '/data/data/org.qtproject.example.helloqml/lib/libQt5QuickParticles.so' already loaded in same CL 0x413bc268
11-13 20:42:59.811: W/ResourceType(14133): Skipping entry 0x1080b55 in package table 0 because it is not complex!
11-13 20:42:59.991: V/AlarmManager(478): waitForAlarm result :8
11-13 20:42:59.998: D/KeyguardClockWidgetService(2726): onReceive action=android.intent.action.TIME_TICK
11-13 20:42:59.998: V/AlarmManager(478): ClockReceiver onReceive() ACTION_TIME_TICK
11-13 20:43:00.030: D/STATUSBAR-IconMerger(749): checkOverflow(390), More:false, Req:false Child:2
11-13 20:43:00.037: D/dalvikvm(14133): GC_CONCURRENT freed 267K, 21% free 5682K/7144K, paused 9ms+2ms, total 27ms
11-13 20:43:00.037: D/dalvikvm(14133): WAIT_FOR_CONCURRENT_GC blocked 15ms
11-13 20:43:00.069: D/DisplayManagerService(478): Display listener for pid 13488 died.
11-13 20:43:00.108: I/Monitor(478): SIOP:: Current AP = 200, CP = 0, PST = 200
11-13 20:43:00.170: D/dalvikvm(14133): GC_CONCURRENT freed 389K, 22% free 5724K/7312K, paused 2ms+2ms, total 18ms
11-13 20:43:00.256: D/dalvikvm(14133): GC_CONCURRENT freed 387K, 22% free 5780K/7360K, paused 3ms+1ms, total 19ms
11-13 20:43:00.342: D/dalvikvm(14133): GC_CONCURRENT freed 283K, 21% free 5917K/7480K, paused 2ms+2ms, total 17ms
11-13 20:43:00.342: D/dalvikvm(14133): WAIT_FOR_CONCURRENT_GC blocked 12ms
11-13 20:43:00.389: I/ApplicationUsage(478): Done Updating Usage Statistics in DB @ 1415907780399
11-13 20:43:00.389: D/CustomFrequencyManagerService(478): releaseDVFSLockLocked : Getting Lock type frm List : DVFS_MIN_LIMIT frequency : 1205000 uid : 1000 pid : 478 tag : ACTIVITY_RESUME_BOOSTER@5
11-13 20:43:00.389: W/ActivityManager(478): mDVFSHelper.release()
11-13 20:43:00.389: D/CustomFrequencyManagerService(478): acquireDVFSLockLocked : type : DVFS_MIN_LIMIT frequency : 1205000 uid : 1000 pid : 478 pkgName : ACTIVITY_RESUME_BOOSTER@8
11-13 20:43:00.397: I/EventRelay(1155): Send intent to cmd socket: Intent { act=com.sec.android.intent.action.CPU_BOOSTER_MIN flg=0x10 (has extras) }
11-13 20:43:00.397: I/EventRelay(1155): Send intent to cmd socket: Intent { act=com.sec.android.intent.action.CPU_BOOSTER_MIN flg=0x10 (has extras) }
11-13 20:43:00.436: D/dalvikvm(14133): GC_CONCURRENT freed 324K, 21% free 6059K/7596K, paused 3ms+2ms, total 16ms
11-13 20:43:00.506: D/dalvikvm(14133): GC_CONCURRENT freed 323K, 20% free 6173K/7700K, paused 2ms+2ms, total 19ms
11-13 20:43:00.561: E/SMD(107): DCD OFF
11-13 20:43:00.616: D/dalvikvm(14133): GC_CONCURRENT freed 397K, 21% free 6250K/7840K, paused 2ms+2ms, total 18ms
11-13 20:43:00.694: I/EventRelay(1155): Send intent to cmd socket: Intent { act=com.sec.android.intent.action.CPU_BOOSTER_MIN flg=0x10 (has extras) }
11-13 20:43:00.694: D/CustomFrequencyManagerService(478): releaseDVFSLockLocked : Getting Lock type frm List : DVFS_MIN_LIMIT frequency : 1205000 uid : 1000 pid : 478 tag : ACTIVITY_RESUME_BOOSTER@8
11-13 20:43:00.725: D/dalvikvm(14133): GC_CONCURRENT freed 432K, 21% free 6272K/7904K, paused 1ms+1ms, total 18ms
11-13 20:43:00.850: D/dalvikvm(14133): GC_CONCURRENT freed 428K, 21% free 6308K/7928K, paused 3ms+3ms, total 26ms
11-13 20:43:00.952: D/dalvikvm(14133): GC_CONCURRENT freed 450K, 21% free 6278K/7928K, paused 1ms+2ms, total 19ms
11-13 20:43:01.061: D/dalvikvm(14133): GC_CONCURRENT freed 388K, 21% free 6351K/7956K, paused 3ms+3ms, total 28ms
11-13 20:43:01.155: D/dalvikvm(14133): GC_FOR_ALLOC freed 370K, 21% free 6386K/8052K, paused 16ms, total 16ms
11-13 20:43:01.178: D/dalvikvm(14133): GC_CONCURRENT freed 115K, 22% free 6355K/8052K, paused 1ms+3ms, total 24ms
11-13 20:43:01.209: D/dalvikvm(14133): GC_FOR_ALLOC freed 144K, 21% free 6389K/8052K, paused 16ms, total 16ms
11-13 20:43:01.295: D/dalvikvm(14133): GC_CONCURRENT freed 354K, 20% free 6496K/8080K, paused 2ms+2ms, total 21ms
11-13 20:43:01.295: D/dalvikvm(14133): WAIT_FOR_CONCURRENT_GC blocked 13ms
11-13 20:43:01.381: D/dalvikvm(14133): GC_CONCURRENT freed 297K, 19% free 6686K/8196K, paused 1ms+3ms, total 21ms
11-13 20:43:01.459: D/dalvikvm(14133): Trying to load lib /data/app-lib/org.qtproject.example.helloqml-1/libhelloqml.so 0x413bc268
11-13 20:43:01.459: D/Qt(14133): (null):0 ((null)): QML debugging is enabled. Only use this in a safe environment.
11-13 20:43:01.459: D/dalvikvm(14133): Added shared lib /data/app-lib/org.qtproject.example.helloqml-1/libhelloqml.so 0x413bc268
11-13 20:43:01.459: D/dalvikvm(14133): No JNI_OnLoad found in /data/app-lib/org.qtproject.example.helloqml-1/libhelloqml.so 0x413bc268, skipping init
11-13 20:43:01.483: D/dalvikvm(14133): GC_CONCURRENT freed 1511K, 33% free 5650K/8356K, paused 1ms+9ms, total 36ms
11-13 20:43:01.506: D/libEGL(14133): loaded /system/lib/egl/libEGL_MRVL.so
11-13 20:43:01.514: D/libEGL(14133): loaded /system/lib/egl/libGLESv1_CM_MRVL.so
11-13 20:43:01.530: V/WindowManager(478): Window{41cd92e0 u0 Keyguard}mOrientationRequetedFromKeyguard=false
11-13 20:43:01.530: D/STATUSBAR-StatusBarManagerService(478): manageDisableList what=0x0 pkg=WindowManager.LayoutParams
11-13 20:43:01.537: D/libEGL(14133): loaded /system/lib/egl/libGLESv2_MRVL.so
11-13 20:43:01.561: D/GC(14133): OES20 ===> GC Version : GC Ver SS_rls_pxa988_JB42_R1_RC2_GC13.15
11-13 20:43:01.584: D/OpenGLRenderer(14133): Enabling debug mode 0
11-13 20:43:01.584: E/EnterpriseContainerManager(478): ContainerPolicy Service is not yet ready!!!
11-13 20:43:01.584: D/EnterpriseDeviceManager(478): ContainerId: 0
11-13 20:43:01.584: W/LicenseLogService(478): log() is called by non admin
11-13 20:43:01.787: A/libc(14133): Fatal signal 11 (SIGSEGV) at 0x00000021 (code=1), thread 14155 (xample.helloqml)
11-13 20:43:01.850: I/DEBUG(103): *** *** *** *** *** *** *** *** *** *** *** *** *** *** *** ***
11-13 20:43:01.850: I/DEBUG(103): Build fingerprint: 'samsung/goya3gxx/goya3g:4.2.2/JDQ39/T111XXUANH1:user/release-keys'
11-13 20:43:01.850: I/DEBUG(103): Revision: '2'
11-13 20:43:01.850: I/DEBUG(103): pid: 14133, tid: 14155, name: xample.helloqml >>> org.qtproject.example.helloqml <<<
11-13 20:43:01.850: I/DEBUG(103): signal 11 (SIGSEGV), code 1 (SEGV_MAPERR), fault addr 00000021
11-13 20:43:01.858: D/dalvikvm(14156): GC_CONCURRENT freed 349K, 23% free 5306K/6848K, paused 4ms+3ms, total 61ms
11-13 20:43:01.889: W/SignalStrength(14156): Size of signalstrength parcel:176
11-13 20:43:02.131: I/DEBUG(103): r0 6430a1c8 r1 6430a2a8 r2 00000021 r3 00000010
11-13 20:43:02.131: I/DEBUG(103): r4 6430a1b8 r5 6430a1e8 r6 6430a2a8 r7 643089c8
11-13 20:43:02.139: I/DEBUG(103): r8 6430a2a8 r9 6430a2a8 sl 6430a7c0 fp 64309e08
11-13 20:43:02.139: I/DEBUG(103): ip 00000000 sp 5f25d280 lr 5ec443bb pc 5ec41380 cpsr 80000030
11-13 20:43:02.139: I/DEBUG(103): d0 6430a6806430a680 d1 6430a6806430a680
11-13 20:43:02.139: I/DEBUG(103): d2 0000000700000028 d3 0000000900000064
11-13 20:43:02.139: I/DEBUG(103): d4 0000000b0000000a d5 0000000d0000000c
11-13 20:43:02.139: I/DEBUG(103): d6 0000000f0000000e d7 0000001100000010
11-13 20:43:02.139: I/DEBUG(103): d8 0000000000000000 d9 0000000000000000
11-13 20:43:02.139: I/DEBUG(103): d10 0000000000000000 d11 0000000000000000
11-13 20:43:02.139: I/DEBUG(103): d12 0000000000000000 d13 0000000000000000
11-13 20:43:02.139: I/DEBUG(103): d14 0000000000000000 d15 0000000000000000
11-13 20:43:02.139: I/DEBUG(103): d16 417a09a008000000 d17 3fe0000000000000
11-13 20:43:02.139: I/DEBUG(103): d18 3fe0000000000000 d19 0000000000000000
11-13 20:43:02.139: I/DEBUG(103): d20 0000000000000000 d21 3ff0000000000000
11-13 20:43:02.139: I/DEBUG(103): d22 8000000000000000 d23 0000000000000000
11-13 20:43:02.139: I/DEBUG(103): d24 0000000000000000 d25 8000000000000000
11-13 20:43:02.139: I/DEBUG(103): d26 3ff0000000000000 d27 0000000000000000
11-13 20:43:02.139: I/DEBUG(103): d28 3333333333333333 d29 3333333333333333
11-13 20:43:02.139: I/DEBUG(103): d30 0100010001000100 d31 cccccccccccccccc
11-13 20:43:02.139: I/DEBUG(103): scr 20000011
11-13 20:43:02.147: I/DEBUG(103): backtrace:
11-13 20:43:02.147: I/DEBUG(103): #00 pc 0008b380 /data/app-lib/org.qtproject.example.helloqml-1/libQt5Qml.so
11-13 20:43:02.147: I/DEBUG(103): #01 pc 0008e3b7 /data/app-lib/org.qtproject.example.helloqml-1/libQt5Qml.so
11-13 20:43:02.147: I/DEBUG(103): #02 pc 0008e445 /data/app-lib/org.qtproject.example.helloqml-1/libQt5Qml.so
11-13 20:43:02.147: I/DEBUG(103): #03 pc 00090267 /data/app-lib/org.qtproject.example.helloqml-1/libQt5Qml.so
11-13 20:43:02.147: I/DEBUG(103): #04 pc 00094665 /data/app-lib/org.qtproject.example.helloqml-1/libQt5Qml.so
11-13 20:43:02.147: I/DEBUG(103): #05 pc 00096703 /data/app-lib/org.qtproject.example.helloqml-1/libQt5Qml.so (QV4::IR::Optimizer::run(QQmlEnginePrivate*, bool, bool)+2282)
11-13 20:43:02.147: I/DEBUG(103): #06 pc 000b7f29 /data/app-lib/org.qtproject.example.helloqml-1/libQt5Qml.so (QV4::JIT::InstructionSelection::run(int)+100)
11-13 20:43:02.147: I/DEBUG(103): #07 pc 00086829 /data/app-lib/org.qtproject.example.helloqml-1/libQt5Qml.so (QV4::EvalInstructionSelection::compile(bool)+30)
11-13 20:43:02.147: I/DEBUG(103): #08 pc 000e9b75 /data/app-lib/org.qtproject.example.helloqml-1/libQt5Qml.so (QV4::Script::parse()+464)
11-13 20:43:02.147: I/DEBUG(103): #09 pc 000ea109 /data/app-lib/org.qtproject.example.helloqml-1/libQt5Qml.so (QV4::Script::evaluate(QV4::ExecutionEngine*, QString const&, QV4::Object*)+104)
11-13 20:43:02.147: I/DEBUG(103): #10 pc 00145a5d /data/app-lib/org.qtproject.example.helloqml-1/libQt5Qml.so (QV8Engine::initializeGlobal()+276)
11-13 20:43:02.147: I/DEBUG(103): #11 pc 00145a9d /data/app-lib/org.qtproject.example.helloqml-1/libQt5Qml.so (QV8Engine::initQmlGlobalObject()+4)
11-13 20:43:02.147: I/DEBUG(103): #12 pc 0010c2e1 /data/app-lib/org.qtproject.example.helloqml-1/libQt5Qml.so (QQmlEnginePrivate::init()+148)
11-13 20:43:02.147: I/DEBUG(103): #13 pc 0010c3b7 /data/app-lib/org.qtproject.example.helloqml-1/libQt5Qml.so (QQmlEngine::QQmlEngine(QQmlEnginePrivate&, QObject*)+22)
11-13 20:43:02.147: I/DEBUG(103): #14 pc 0013d80d /data/app-lib/org.qtproject.example.helloqml-1/libQt5Qml.so (QQmlApplicationEngine::QQmlApplicationEngine(QObject*)+32)
11-13 20:43:02.147: I/DEBUG(103): #15 pc 00000e90 /data/app-lib/org.qtproject.example.helloqml-1/libhelloqml.so (main+64)
11-13 20:43:02.147: I/DEBUG(103): stack:
11-13 20:43:02.147: I/DEBUG(103): 5f25d240 6430e670
11-13 20:43:02.147: I/DEBUG(103): 5f25d244 400edf31 /system/lib/libc.so (malloc+12)
11-13 20:43:02.147: I/DEBUG(103): 5f25d248 00000000
11-13 20:43:02.147: I/DEBUG(103): 5f25d24c 00000008
11-13 20:43:02.147: I/DEBUG(103): 5f25d250 0000000f
11-13 20:43:02.147: I/DEBUG(103): 5f25d254 00000004
11-13 20:43:02.147: I/DEBUG(103): 5f25d258 00000020
11-13 20:43:02.155: I/DEBUG(103): 5f25d25c 00000010
11-13 20:43:02.155: I/DEBUG(103): 5f25d260 5f25d348 [stack:14155]
11-13 20:43:02.155: I/DEBUG(103): 5f25d264 6430a7c0
11-13 20:43:02.155: I/DEBUG(103): 5f25d268 64309e08
11-13 20:43:02.155: I/DEBUG(103): 5f25d26c 400edf31 /system/lib/libc.so (malloc+12)
11-13 20:43:02.155: I/DEBUG(103): 5f25d270 000001f0
11-13 20:43:02.155: I/DEBUG(103): 5f25d274 5e4d7e6d /data/app-lib/org.qtproject.example.helloqml-1/libQt5Core.so (QArrayData::allocate(unsigned int, unsigned int, unsigned int, QFlags)+140)
11-13 20:43:02.155: I/DEBUG(103): 5f25d278 df0027ad
11-13 20:43:02.155: I/DEBUG(103): 5f25d27c 00000000
11-13 20:43:02.155: I/DEBUG(103): #00 5f25d280 643088d8
11-13 20:43:02.155: I/DEBUG(103): 5f25d284 6430a3f0
11-13 20:43:02.155: I/DEBUG(103): 5f25d288 00000007
11-13 20:43:02.155: I/DEBUG(103): 5f25d28c 5ec443bb /data/app-lib/org.qtproject.example.helloqml-1/libQt5Qml.so
11-13 20:43:02.155: I/DEBUG(103): #01 5f25d290 00000008
11-13 20:43:02.155: I/DEBUG(103): 5f25d294 6430a3f0
11-13 20:43:02.155: I/DEBUG(103): 5f25d298 00000001
11-13 20:43:02.155: I/DEBUG(103): 5f25d29c 6430a7c0
11-13 20:43:02.155: I/DEBUG(103): 5f25d2a0 6430dfe4
11-13 20:43:02.155: I/DEBUG(103): 5f25d2a4 64282850
11-13 20:43:02.155: I/DEBUG(103): 5f25d2a8 5f25d348 [stack:14155]
11-13 20:43:02.155: I/DEBUG(103): 5f25d2ac 5ec44449 /data/app-lib/org.qtproject.example.helloqml-1/libQt5Qml.so
11-13 20:43:02.155: I/DEBUG(103): #02 5f25d2b0 5ed7e8f8 /data/app-lib/org.qtproject.example.helloqml-1/libQt5Qml.so
11-13 20:43:02.155: I/DEBUG(103): 5f25d2b4 00000000
11-13 20:43:02.155: I/DEBUG(103): 5f25d2b8 10000003
11-13 20:43:02.155: I/DEBUG(103): 5f25d2bc 00000000
11-13 20:43:02.155: I/DEBUG(103): 5f25d2c0 00000000
11-13 20:43:02.155: I/DEBUG(103): 5f25d2c4 00000000
11-13 20:43:02.162: I/DEBUG(103): 5f25d2c8 00000000
11-13 20:43:02.162: I/DEBUG(103): 5f25d2cc 00000000
11-13 20:43:02.162: I/DEBUG(103): 5f25d2d0 5f25d490 [stack:14155]
11-13 20:43:02.162: I/DEBUG(103): 5f25d2d4 6430a840
11-13 20:43:02.162: I/DEBUG(103): 5f25d2d8 6430a7c0
11-13 20:43:02.162: I/DEBUG(103): 5f25d2dc 5ec4626b /data/app-lib/org.qtproject.example.helloqml-1/libQt5Qml.so
11-13 20:43:02.162: I/DEBUG(103): memory near r0:
11-13 20:43:02.162: I/DEBUG(103): 6430a1a8 00000000 00000025 00000015 000000fb
11-13 20:43:02.162: I/DEBUG(103): 6430a1b8 00000000 00000007 80000007 00000010
11-13 20:43:02.162: I/DEBUG(103): 6430a1c8 00000021 00000022 00000023 00000024
11-13 20:43:02.162: I/DEBUG(103): 6430a1d8 00000000 00000000 00000000 00000000
11-13 20:43:02.170: I/DEBUG(103): 6430a1e8 5ed7e8f8 00000000 10000015 00000000
11-13 20:43:02.170: I/DEBUG(103): 6430a1f8 00000000 00000000 00000000 00000000
11-13 20:43:02.170: I/DEBUG(103): 6430a208 5ed7e8f8 00000000 10000019 00000000
11-13 20:43:02.170: I/DEBUG(103): 6430a218 00000000 00000000 00000000 00000000
11-13 20:43:02.170: I/DEBUG(103): 6430a228 5ed7e8f8 00000000 1000001a 00000000
11-13 20:43:02.170: I/DEBUG(103): 6430a238 00000000 00000000 00000000 00000000
11-13 20:43:02.170: I/DEBUG(103): 6430a248 5ed7e8f8 00000000 10000015 00000000
11-13 20:43:02.170: I/DEBUG(103): 6430a258 00000000 00000000 00000000 00000000
11-13 20:43:02.170: I/DEBUG(103): 6430a268 5ed7e8f8 00000000 10000025 00000000
11-13 20:43:02.170: I/DEBUG(103): 6430a278 00000000 00000000 00000000 00000000
11-13 20:43:02.170: I/DEBUG(103): 6430a288 5ed7e8f8 00000000 10000000 00000000
11-13 20:43:02.170: I/DEBUG(103): 6430a298 00000000 00000000 00000000 00000000
11-13 20:43:02.170: I/DEBUG(103): memory near r1:
11-13 20:43:02.170: I/DEBUG(103): 6430a288 5ed7e8f8 00000000 10000000 00000000
11-13 20:43:02.170: I/DEBUG(103): 6430a298 00000000 00000000 00000000 00000000
11-13 20:43:02.170: I/DEBUG(103): 6430a2a8 00000002 0000001b 6431ed78 4012bc6c
11-13 20:43:02.170: I/DEBUG(103): 6430a2b8 00000002 64321ebc 00000018 0000019b
11-13 20:43:02.170: I/DEBUG(103): 6430a2c8 642827a8 642829e0 64282a78 64282b10
11-13 20:43:02.170: I/DEBUG(103): 6430a2d8 64282ba8 642850f0 64285188 64285220
11-13 20:43:02.170: I/DEBUG(103): 6430a2e8 642852b8 64285350 642853e8 64285480
11-13 20:43:02.170: I/DEBUG(103): 6430a2f8 64285518 642855b0 64285648 642856e0
11-13 20:43:02.170: I/DEBUG(103): 6430a308 64285778 64285810 642858a8 64285940
11-13 20:43:02.170: I/DEBUG(103): 6430a318 642859d8 64285a70 64285b08 64285ba0
11-13 20:43:02.170: I/DEBUG(103): 6430a328 64285c38 64285cd0 64285d68 64285e00
11-13 20:43:02.170: I/DEBUG(103): 6430a338 64285e98 64285f30 64285fc8 64286060
11-13 20:43:02.170: I/DEBUG(103): 6430a348 642860f8 64286190 64286228 642862c0
11-13 20:43:02.170: I/DEBUG(103): 6430a358 64286358 642863f0 64286488 64286520
11-13 20:43:02.178: I/DEBUG(103): 6430a368 642865b8 64286650 642866e8 64286780
11-13 20:43:02.178: I/DEBUG(103): 6430a378 64286818 642868b0 64286948 642869e0
11-13 20:43:02.178: I/DEBUG(103): memory near r4:
11-13 20:43:02.178: I/DEBUG(103): 6430a198 ffffffff 00000019 ffffffff ffffffff
11-13 20:43:02.178: I/DEBUG(103): 6430a1a8 00000000 00000025 00000015 000000fb
11-13 20:43:02.178: I/DEBUG(103): 6430a1b8 00000000 00000007 80000007 00000010
11-13 20:43:02.178: I/DEBUG(103): 6430a1c8 00000021 00000022 00000023 00000024
11-13 20:43:02.178: I/DEBUG(103): 6430a1d8 00000000 00000000 00000000 00000000
11-13 20:43:02.178: I/DEBUG(103): 6430a1e8 5ed7e8f8 00000000 10000015 00000000
11-13 20:43:02.178: I/DEBUG(103): 6430a1f8 00000000 00000000 00000000 00000000
11-13 20:43:02.178: I/DEBUG(103): 6430a208 5ed7e8f8 00000000 10000019 00000000
11-13 20:43:02.178: I/DEBUG(103): 6430a218 00000000 00000000 00000000 00000000
11-13 20:43:02.178: I/DEBUG(103): 6430a228 5ed7e8f8 00000000 1000001a 00000000
11-13 20:43:02.178: I/DEBUG(103): 6430a238 00000000 00000000 00000000 00000000
11-13 20:43:02.178: I/DEBUG(103): 6430a248 5ed7e8f8 00000000 10000015 00000000
11-13 20:43:02.178: I/DEBUG(103): 6430a258 00000000 00000000 00000000 00000000
11-13 20:43:02.178: I/DEBUG(103): 6430a268 5ed7e8f8 00000000 10000025 00000000
11-13 20:43:02.178: I/DEBUG(103): 6430a278 00000000 00000000 00000000 00000000
11-13 20:43:02.178: I/DEBUG(103): 6430a288 5ed7e8f8 00000000 10000000 00000000
11-13 20:43:02.178: I/DEBUG(103): memory near r5:
11-13 20:43:02.178: I/DEBUG(103): 6430a1c8 00000021 00000022 00000023 00000024
11-13 20:43:02.178: I/DEBUG(103): 6430a1d8 00000000 00000000 00000000 00000000
11-13 20:43:02.178: I/DEBUG(103): 6430a1e8 5ed7e8f8 00000000 10000015 00000000
11-13 20:43:02.178: I/DEBUG(103): 6430a1f8 00000000 00000000 00000000 00000000
11-13 20:43:02.178: I/DEBUG(103): 6430a208 5ed7e8f8 00000000 10000019 00000000
11-13 20:43:02.178: I/DEBUG(103): 6430a218 00000000 00000000 00000000 00000000
11-13 20:43:02.178: I/DEBUG(103): 6430a228 5ed7e8f8 00000000 1000001a 00000000
11-13 20:43:02.178: I/DEBUG(103): 6430a238 00000000 00000000 00000000 00000000
11-13 20:43:02.178: I/DEBUG(103): 6430a248 5ed7e8f8 00000000 10000015 00000000
11-13 20:43:02.186: I/DEBUG(103): 6430a258 00000000 00000000 00000000 00000000
11-13 20:43:02.186: I/DEBUG(103): 6430a268 5ed7e8f8 00000000 10000025 00000000
11-13 20:43:02.186: I/DEBUG(103): 6430a278 00000000 00000000 00000000 00000000
11-13 20:43:02.186: I/DEBUG(103): 6430a288 5ed7e8f8 00000000 10000000 00000000
11-13 20:43:02.186: I/DEBUG(103): 6430a298 00000000 00000000 00000000 00000000
11-13 20:43:02.186: I/DEBUG(103): 6430a2a8 00000002 0000001b 6431ed78 4012bc6c
11-13 20:43:02.186: I/DEBUG(103): 6430a2b8 00000002 64321ebc 00000018 0000019b
11-13 20:43:02.186: I/DEBUG(103): memory near r6:
11-13 20:43:02.186: I/DEBUG(103): 6430a288 5ed7e8f8 00000000 10000000 00000000
11-13 20:43:02.186: I/DEBUG(103): 6430a298 00000000 00000000 00000000 00000000
11-13 20:43:02.186: I/DEBUG(103): 6430a2a8 00000002 0000001b 6431ed78 4012bc6c
11-13 20:43:02.186: I/DEBUG(103): 6430a2b8 00000002 64321ebc 00000018 0000019b
11-13 20:43:02.186: I/DEBUG(103): 6430a2c8 642827a8 642829e0 64282a78 64282b10
11-13 20:43:02.186: I/DEBUG(103): 6430a2d8 64282ba8 642850f0 64285188 64285220
11-13 20:43:02.186: I/DEBUG(103): 6430a2e8 642852b8 64285350 642853e8 64285480
11-13 20:43:02.186: I/DEBUG(103): 6430a2f8 64285518 642855b0 64285648 642856e0
11-13 20:43:02.186: I/DEBUG(103): 6430a308 64285778 64285810 642858a8 64285940
11-13 20:43:02.186: I/DEBUG(103): 6430a318 642859d8 64285a70 64285b08 64285ba0
11-13 20:43:02.186: I/DEBUG(103): 6430a328 64285c38 64285cd0 64285d68 64285e00
11-13 20:43:02.186: I/DEBUG(103): 6430a338 64285e98 64285f30 64285fc8 64286060
11-13 20:43:02.186: I/DEBUG(103): 6430a348 642860f8 64286190 64286228 642862c0
11-13 20:43:02.186: I/DEBUG(103): 6430a358 64286358 642863f0 64286488 64286520
11-13 20:43:02.186: I/DEBUG(103): 6430a368 642865b8 64286650 642866e8 64286780
11-13 20:43:02.186: I/DEBUG(103): 6430a378 64286818 642868b0 64286948 642869e0
11-13 20:43:02.186: I/DEBUG(103): memory near r7:
11-13 20:43:02.186: I/DEBUG(103): 643089a8 5ed7e8f8 00000000 10000000 00000000
11-13 20:43:02.194: I/DEBUG(103): 643089b8 00000000 00000000 00000000 00000000
11-13 20:43:02.194: I/DEBUG(103): 643089c8 6427f580 64281550 64308e48 5ed7db50
11-13 20:43:02.194: I/DEBUG(103): 643089d8 00000000 10000013 00000000 00000000
11-13 20:43:02.194: I/DEBUG(103): 643089e8 00000000 00000000 00000000 6427f650
11-13 20:43:02.194: I/DEBUG(103): 643089f8 64281460 64308e80 5ed7db50 00000000
11-13 20:43:02.194: I/DEBUG(103): 64308a08 10000014 00000000 00000000 00000000
11-13 20:43:02.194: I/DEBUG(103): 64308a18 00000000 00000000 6427f700 64281460
11-13 20:43:02.194: I/DEBUG(103): 64308a28 64308eb8 5ed7db50 00000000 10000015
11-13 20:43:02.194: I/DEBUG(103): 64308a38 00000000 00000000 00000000 00000000
11-13 20:43:02.194: I/DEBUG(103): 64308a48 00000000 6427f758 64281460 64308ef0
11-13 20:43:02.194: I/DEBUG(103): 64308a58 5ed7db50 00000000 10000016 00000000
11-13 20:43:02.194: I/DEBUG(103): 64308a68 00000000 00000000 00000000 00000000
11-13 20:43:02.194: I/DEBUG(103): 64308a78 6427f7b0 64281460 64308f28 5ed7db50
11-13 20:43:02.194: I/DEBUG(103): 64308a88 00000000 10000017 00000000 00000000
11-13 20:43:02.194: I/DEBUG(103): 64308a98 00000000 00000000 00000000 6427f850
11-13 20:43:02.194: I/DEBUG(103): memory near r8:
11-13 20:43:02.194: I/DEBUG(103): 6430a288 5ed7e8f8 00000000 10000000 00000000
11-13 20:43:02.194: I/DEBUG(103): 6430a298 00000000 00000000 00000000 00000000
11-13 20:43:02.194: I/DEBUG(103): 6430a2a8 00000002 0000001b 6431ed78 4012bc6c
11-13 20:43:02.194: I/DEBUG(103): 6430a2b8 00000002 64321ebc 00000018 0000019b
11-13 20:43:02.194: I/DEBUG(103): 6430a2c8 642827a8 642829e0 64282a78 64282b10
11-13 20:43:02.194: I/DEBUG(103): 6430a2d8 64282ba8 642850f0 64285188 64285220
11-13 20:43:02.194: I/DEBUG(103): 6430a2e8 642852b8 64285350 642853e8 64285480
11-13 20:43:02.194: I/DEBUG(103): 6430a2f8 64285518 642855b0 64285648 642856e0
11-13 20:43:02.194: I/DEBUG(103): 6430a308 64285778 64285810 642858a8 64285940
11-13 20:43:02.194: I/DEBUG(103): 6430a318 642859d8 64285a70 64285b08 64285ba0
11-13 20:43:02.194: I/DEBUG(103): 6430a328 64285c38 64285cd0 64285d68 64285e00
11-13 20:43:02.202: I/DEBUG(103): 6430a338 64285e98 64285f30 64285fc8 64286060
11-13 20:43:02.202: I/DEBUG(103): 6430a348 642860f8 64286190 64286228 642862c0
11-13 20:43:02.202: I/DEBUG(103): 6430a358 64286358 642863f0 64286488 64286520
11-13 20:43:02.202: I/DEBUG(103): 6430a368 642865b8 64286650 642866e8 64286780
11-13 20:43:02.202: I/DEBUG(103): 6430a378 64286818 642868b0 64286948 642869e0
11-13 20:43:02.202: I/DEBUG(103): memory near r9:
11-13 20:43:02.202: I/DEBUG(103): 6430a288 5ed7e8f8 00000000 10000000 00000000
11-13 20:43:02.202: I/DEBUG(103): 6430a298 00000000 00000000 00000000 00000000
11-13 20:43:02.202: I/DEBUG(103): 6430a2a8 00000002 0000001b 6431ed78 4012bc6c
11-13 20:43:02.202: I/DEBUG(103): 6430a2b8 00000002 64321ebc 00000018 0000019b
11-13 20:43:02.202: I/DEBUG(103): 6430a2c8 642827a8 642829e0 64282a78 64282b10
11-13 20:43:02.202: I/DEBUG(103): 6430a2d8 64282ba8 642850f0 64285188 64285220
11-13 20:43:02.202: I/DEBUG(103): 6430a2e8 642852b8 64285350 642853e8 64285480
11-13 20:43:02.202: I/DEBUG(103): 6430a2f8 64285518 642855b0 64285648 642856e0
11-13 20:43:02.202: I/DEBUG(103): 6430a308 64285778 64285810 642858a8 64285940
11-13 20:43:02.202: I/DEBUG(103): 6430a318 642859d8 64285a70 64285b08 64285ba0
11-13 20:43:02.202: I/DEBUG(103): 6430a328 64285c38 64285cd0 64285d68 64285e00
11-13 20:43:02.202: I/DEBUG(103): 6430a338 64285e98 64285f30 64285fc8 64286060
11-13 20:43:02.202: I/DEBUG(103): 6430a348 642860f8 64286190 64286228 642862c0
11-13 20:43:02.202: I/DEBUG(103): 6430a358 64286358 642863f0 64286488 64286520
11-13 20:43:02.202: I/DEBUG(103): 6430a368 642865b8 64286650 642866e8 64286780
11-13 20:43:02.202: I/DEBUG(103): 6430a378 64286818 642868b0 64286948 642869e0
11-13 20:43:02.202: I/DEBUG(103): memory near sl:
11-13 20:43:02.202: I/DEBUG(103): 6430a7a0 5ed7e8f8 00000000 1000000b 00000000
11-13 20:43:02.202: I/DEBUG(103): 6430a7b0 00000000 00000000 00000000 00000000
11-13 20:43:02.202: I/DEBUG(103): 6430a7c0 5ed7ef28 6430c648 00000000 00000000
11-13 20:43:02.202: I/DEBUG(103): 6430a7d0 00000000 00000000 0000004a 6430a7e0
11-13 20:43:02.209: I/DEBUG(103): 6430a7e0 5ed7e8f8 00000000 10000024 00000000
11-13 20:43:02.209: I/DEBUG(103): 6430a7f0 00000000 00000000 00000000 00000000
11-13 20:43:02.209: I/DEBUG(103): 6430a800 5ed7e8f8 00000000 10000015 00000000
11-13 20:43:02.209: I/DEBUG(103): 6430a810 00000000 00000000 00000000 00000000
11-13 20:43:02.209: I/DEBUG(103): 6430a820 5ed7e8f8 00000000 10000019 00000000
11-13 20:43:02.209: I/DEBUG(103): 6430a830 00000000 00000000 00000000 00000000
11-13 20:43:02.209: I/DEBUG(103): 6430a840 5ed7e8f8 00000000 10000003 00000000
11-13 20:43:02.209: I/DEBUG(103): 6430a850 00000000 00000000 00000000 00000000
11-13 20:43:02.209: I/DEBUG(103): 6430a860 5ed7e8f8 00000000 10000019 00000000
11-13 20:43:02.209: I/DEBUG(103): 6430a870 00000000 00000000 00000000 00000000
11-13 20:43:02.209: I/DEBUG(103): 6430a880 5ed7ef28 64282390 00000000 00000000
11-13 20:43:02.209: I/DEBUG(103): 6430a890 00000000 00000000 0000004b 6430a8a0
11-13 20:43:02.209: I/DEBUG(103): memory near fp:
11-13 20:43:02.209: I/DEBUG(103): 64309de8 00000000 00000000 00000000 00000013
11-13 20:43:02.209: I/DEBUG(103): 64309df8 00002000 00000000 00000000 000001ab
11-13 20:43:02.209: I/DEBUG(103): 64309e08 64309fb0 00000000 64309fb0 0000001b
11-13 20:43:02.209: I/DEBUG(103): 64309e18 64309fb4 64309fc0 00000000 64309fc0
11-13 20:43:02.209: I/DEBUG(103): 64309e28 0000001b 64309fc4 64309fd0 00000000
11-13 20:43:02.209: I/DEBUG(103): 64309e38 64309fd0 0000001b 64309fd4 64309fe0
11-13 20:43:02.209: I/DEBUG(103): 64309e48 00000000 64309fe0 0000001b 64309fe4
11-13 20:43:02.209: I/DEBUG(103): 64309e58 64309ff0 00000000 64309ff0 0000001b
11-13 20:43:02.209: I/DEBUG(103): 64309e68 64309ff4 6430a000 00000000 6430a000
11-13 20:43:02.209: I/DEBUG(103): 64309e78 0000001b 6430a004 6430a010 00000000
11-13 20:43:02.209: I/DEBUG(103): 64309e88 6430a010 0000001b 6430a014 6430a020
11-13 20:43:02.209: I/DEBUG(103): 64309e98 00000000 6430a020 0000001b 6430a024
11-13 20:43:02.209: I/DEBUG(103): 64309ea8 6430a030 00000000 6430a030 0000001b
11-13 20:43:02.209: I/DEBUG(103): 64309eb8 6430a034 6430a040 00000000 6430a040
11-13 20:43:02.217: I/DEBUG(103): 64309ec8 0000001b 6430a044 6430a050 00000000
11-13 20:43:02.217: I/DEBUG(103): 64309ed8 6430a050 0000001b 6430a054 6430a060
11-13 20:43:02.217: I/DEBUG(103): memory near sp:
11-13 20:43:02.217: I/DEBUG(103): 5f25d260 5f25d348 6430a7c0 64309e08 400edf31
11-13 20:43:02.217: I/DEBUG(103): 5f25d270 000001f0 5e4d7e6d df0027ad 00000000
11-13 20:43:02.217: I/DEBUG(103): 5f25d280 643088d8 6430a3f0 00000007 5ec443bb
11-13 20:43:02.217: I/DEBUG(103): 5f25d290 00000008 6430a3f0 00000001 6430a7c0
11-13 20:43:02.217: I/DEBUG(103): 5f25d2a0 6430dfe4 64282850 5f25d348 5ec44449
11-13 20:43:02.217: I/DEBUG(103): 5f25d2b0 5ed7e8f8 00000000 10000003 00000000
11-13 20:43:02.217: I/DEBUG(103): 5f25d2c0 00000000 00000000 00000000 00000000
11-13 20:43:02.217: I/DEBUG(103): 5f25d2d0 5f25d490 6430a840 6430a7c0 5ec4626b
11-13 20:43:02.217: I/DEBUG(103): 5f25d2e0 5f25d490 6430a7c0 5f25d368 642824a8
11-13 20:43:02.217: I/DEBUG(103): 5f25d2f0 5f25d358 00000000 00000001 5ec4a669
11-13 20:43:02.217: I/DEBUG(103): 5f25d300 642829c8 6430a7c0 6430a840 64282318
11-13 20:43:02.217: I/DEBUG(103): 5f25d310 00000002 64309fac 00000015 5f25d398
11-13 20:43:02.217: I/DEBUG(103): 5f25d320 5ed851cc 5f25d4a8 5f25d490 5f25d330
11-13 20:43:02.217: I/DEBUG(103): 5f25d330 64281078 642824a8 02000000 6430a100
11-13 20:43:02.217: I/DEBUG(103): 5f25d340 6430a100 6430a120 642824e0 642824f0
11-13 20:43:02.217: I/DEBUG(103): 5f25d350 642824f4 00000001 6430c658 6430c670
11-13 20:43:02.217: I/DEBUG(103): code around pc:
11-13 20:43:02.217: I/DEBUG(103): 5ec41360 bf00ba8f 0013c7fc 4604b570 686268c3
11-13 20:43:02.217: I/DEBUG(103): 5ec41370 eb004418 42b01642 4605d006 2b20f855
11-13 20:43:02.217: I/DEBUG(103): 5ec41380 47906812 e7f64628 21204620 e8bd2204
11-13 20:43:02.217: I/DEBUG(103): 5ec41390 f0e54070 6803ba75 6843681a bf0c421a
11-13 20:43:02.217: I/DEBUG(103): 5ec413a0 20012000 b5f74770 b1a94605 6907698e
11-13 20:43:02.217: I/DEBUG(103): 5ec413b0 46324668 f7ff4639 4668fef1 ffebf7ff
11-13 20:43:02.217: I/DEBUG(103): 5ec413c0 4668b950 46324639 fee8f7ff f7ff4668
11-13 20:43:02.217: I/DEBUG(103): 5ec413d0 6a6bfedf 626b3301 b0034628 b513bdf0
11-13 20:43:02.225: I/DEBUG(103): 5ec413e0 6843460a 4668b143 6a926819 fed6f7ff
11-13 20:43:02.225: I/DEBUG(103): 5ec413f0 f7ff4668 e00dffd0 68586803 4283681b
11-13 20:43:02.225: I/DEBUG(103): 5ec41400 d0064619 3304680c 428c6a91 2001d1f7
11-13 20:43:02.225: I/DEBUG(103): 5ec41410 2000e000 bd10b002 4604b510 f7ffb111
11-13 20:43:02.225: I/DEBUG(103): 5ec41420 e005feb7 68416803 ea22681a 601a0201
11-13 20:43:02.225: I/DEBUG(103): 5ec41430 bd104620 4605b573 460e6a83 4668698a
11-13 20:43:02.225: I/DEBUG(103): 5ec41440 31fff04f 1022f843 69b26b69 fea6f7ff
11-13 20:43:02.225: I/DEBUG(103): 5ec41450 f7ff4668 4668fe9d 69b26929 fe9ef7ff
11-13 20:43:02.225: I/DEBUG(103): code around lr:
11-13 20:43:02.225: I/DEBUG(103): 5ec44398 4638b117 fb04f7fd e7f53720 58cc4b07
11-13 20:43:02.225: I/DEBUG(103): 5ec443a8 42a06828 f7dcd006 b910fb65 f7fc6828
11-13 20:43:02.225: I/DEBUG(103): 5ec443b8 602cffd7 83f8e8bd 00140ee6 fffff77c
11-13 20:43:02.225: I/DEBUG(103): 5ec443c8 4604b570 460d4e0f b1cd447e 4b0eb1ac
11-13 20:43:02.225: I/DEBUG(103): 5ec443d8 689a58f3 f3c26023 2a03021e 6859dc05
11-13 20:43:02.225: I/DEBUG(103): 5ec443e8 22044620 f7ff2300 6823ff71 2a01681a
11-13 20:43:02.225: I/DEBUG(103): 5ec443f8 7adad803 0280f042 3d0172da e7e43404
11-13 20:43:02.225: I/DEBUG(103): 5ec44408 bf00bd70 00140df8 fffff77c b088b570
11-13 20:43:02.225: I/DEBUG(103): 5ec44418 46684604 fd7cf7fd 68596823 1c48689a
11-13 20:43:02.225: I/DEBUG(103): 5ec44428 f3c2681b 4290021e 2500bf94 2b012501
11-13 20:43:02.225: I/DEBUG(103): 5ec44438 b12dd801 b99de014 4620462b ff46f7ff
11-13 20:43:02.225: I/DEBUG(103): 5ec44448 68da6823 441a6858 1040eb12 4669d002
11-13 20:43:02.225: I/DEBUG(103): 5ec44458 fd5ef7fd 685a6823 605a3201 bd70b008
11-13 20:43:02.225: I/DEBUG(103): 5ec44468 2d002308 4602d0e9 b530e7e7 11241a0c
11-13 20:43:02.225: I/DEBUG(103): 5ec44478 dd152c00 68056813 d02b429d 429d6845
11-13 20:43:02.233: I/DEBUG(103): 5ec44488 3004d101 6885bd30 d101429d bd303008
11-13 20:43:02.342: I/DEBUG(103): !@dumpstate -k -t -z -d -o /data/log/dumpstate_app_native -m 14133
11-13 20:43:02.342: I/BootReceiver(478): Copying /data/tombstones/tombstone_09 to DropBox (SYSTEM_TOMBSTONE)
11-13 20:43:02.350: I/dumpstate(14182): begin
11-13 20:43:02.491: D/dalvikvm(478): GC_FOR_ALLOC freed 1488K, 20% free 24959K/31188K, paused 130ms, total 143ms
11-13 20:43:02.600: D/dalvikvm(478): GC_FOR_ALLOC freed 92K, 20% free 25020K/31188K, paused 112ms, total 112ms
11-13 20:43:02.600: I/dalvikvm-heap(478): Grow heap (frag case) to 25.789MB for 196628-byte allocation
11-13 20:43:02.678: D/SensorService(478): -0.2 -0.3 9.8
11-13 20:43:02.702: D/dalvikvm(478): GC_FOR_ALLOC freed 142K, 21% free 25070K/31384K, paused 100ms, total 100ms
11-13 20:43:02.803: D/dalvikvm(478): GC_FOR_ALLOC freed 394K, 21% free 24804K/31384K, paused 101ms, total 101ms
11-13 20:43:02.998: D/dalvikvm(478): GC_FOR_ALLOC freed 998K, 22% free 24566K/31384K, paused 112ms, total 113ms
11-13 20:43:02.998: D/CrashAnrDetector(478): Build: samsung/goya3gxx/goya3g:4.2.2/JDQ39/T111XXUANH1:user/release-keys
11-13 20:43:02.998: D/CrashAnrDetector(478): Hardware: PXA986
11-13 20:43:02.998: D/CrashAnrDetector(478): Revision: 2
11-13 20:43:02.998: D/CrashAnrDetector(478): Bootloader: T111XXUANH1
11-13 20:43:02.998: D/CrashAnrDetector(478): Radio: unknown
11-13 20:43:02.998: D/CrashAnrDetector(478): Kernel: Linux version 3.4.5-2727906 (se.infra@SWDA2604) (gcc version 4.6.x-google 20120106 (prerelease) (GCC) ) #2 SMP PREEMPT Wed Aug 20 09:59:36 KST 2014
11-13 20:43:02.998: D/CrashAnrDetector(478): *** *** *** *** *** *** *** *** *** *** *** *** *** *** *** ***
11-13 20:43:02.998: D/CrashAnrDetector(478): Build fingerprint: 'samsung/goya3gxx/goya3g:4.2.2/JDQ39/T111XXUANH1:user/release-keys'
11-13 20:43:02.998: D/CrashAnrDetector(478): Revision: '2'
11-13 20:43:02.998: D/CrashAnrDetector(478): pid: 14133, tid: 14155, name: xample.helloqml >>> org.qtproject.example.helloqml <<<
11-13 20:43:02.998: D/CrashAnrDetector(478): signal 11 (SIGSEGV), code 1 (SEGV_MAPERR), fault addr 00000021
11-13 20:43:02.998: D/CrashAnrDetector(478): r0 6430a1c8 r1 6430a2a8 r2 00000021 r3 00000010
11-13 20:43:02.998: D/CrashAnrDetector(478): r4 6430a1b8 r5 6430a1e8 r6 6430a2a8 r7 643089c8
11-13 20:43:02.998: D/CrashAnrDetector(478): r8 6430a2a8 r9 6430a2a8 sl 6430a7c0 fp 64309e08
11-13 20:43:02.998: D/CrashAnrDetector(478): ip 00000000 sp 5f25d280 lr 5ec443bb pc 5ec41380 cpsr 80000030
11-13 20:43:02.998: D/CrashAnrDetector(478): d0 6430a6806430a680 d1 6430a6806430a680
11-13 20:43:02.998: D/CrashAnrDetector(478): d2 0000000700000028 d3 0000000900000064
11-13 20:43:02.998: D/CrashAnrDetector(478): d4 0000000b0000000a d5 0000000d0000000c
11-13 20:43:02.998: D/CrashAnrDetector(478): d6 0000000f0000000e d7 0000001100000010
11-13 20:43:02.998: D/CrashAnrDetector(478): d8 0000000000000000 d9 0000000000000000
11-13 20:43:02.998: D/CrashAnrDetector(478): d10 0000000000000000 d11 0000000000000000
11-13 20:43:02.998: D/CrashAnrDetector(478): d12 0000000000000000 d13 0000000000000000
11-13 20:43:02.998: D/CrashAnrDetector(478): d14 0000000000000000 d15 0000000000000000
11-13 20:43:02.998: D/CrashAnrDetector(478): d16 417a09a008000000 d17 3fe0000000000000
11-13 20:43:02.998: D/CrashAnrDetector(478): d18 3fe0000000000000 d19 0000000000000000
11-13 20:43:02.998: D/CrashAnrDetector(478): d20 0000000000000000 d21 3ff0000000000000
11-13 20:43:02.998: D/CrashAnrDetector(478): d22 8000000000000000 d23 0000000000000000
11-13 20:43:02.998: D/CrashAnrDetector(478): d24 0000000000000000 d25 8000000000000000
11-13 20:43:02.998: D/CrashAnrDetector(478): d26 3ff0000000000000 d27 0000000000000000
11-13 20:43:02.998: D/CrashAnrDetector(478): d28 3333333333333333 d29 3333333333333333
11-13 20:43:02.998: D/CrashAnrDetector(478): d30 0100010001000100 d31 cccccccccccccccc
11-13 20:43:02.998: D/CrashAnrDetector(478): scr 20000011
11-13 20:43:02.998: D/CrashAnrDetector(478): backtrace:
11-13 20:43:02.998: D/CrashAnrDetector(478): #00 pc 0008b380 /data/app-lib/org.qtproject.example.helloqml-1/libQt5Qml.so
11-13 20:43:02.998: D/CrashAnrDetector(478): #01 pc 0008e3b7 /data/app-lib/org.qtproject.example.helloqml-1/libQt5Qml.so
11-13 20:43:02.998: D/CrashAnrDetector(478): #02 pc 0008e445 /data/app-lib/org.qtproject.example.helloqml-1/libQt5Qml.so
11-13 20:43:02.998: D/CrashAnrDetector(478): #03 pc 00090267 /data/app-lib/org.qtproject.example.helloqml-1/libQt5Qml.so
11-13 20:43:02.998: D/CrashAnrDetector(478): #04 pc 00094665 /data/app-lib/org.qtproject.example.helloqml-1/libQt5Qml.so
11-13 20:43:02.998: D/CrashAnrDetector(478): #05 pc 00096703 /data/app-lib/org.qtproject.example.helloqml-1/libQt5Qml.so (QV4::IR::Optimizer::run(QQmlEnginePrivate*, bool, bool)+2282)
11-13 20:43:02.998: D/CrashAnrDetector(478): #06 pc 000b7f29 /data/app-lib/org.qtproject.example.helloqml-1/libQt5Qml.so (QV4::JIT::InstructionSelection::run(int)+100)
11-13 20:43:02.998: D/CrashAnrDetector(478): #07 pc 00086829 /data/app-lib/org.qtproject.example.helloqml-1/libQt5Qml.so (QV4::EvalInstructionSelection::compile(bool)+30)
11-13 20:43:02.998: D/CrashAnrDetector(478): #08 pc 000e9b75 /data/app-lib/org.qtproject.example.helloqml-1/libQt5Qml.so (QV4::Script::parse()+464)
11-13 20:43:02.998: D/CrashAnrDetector(478): #09 pc 000ea109 /data/app-lib/org.qtproject.example.helloqml-1/libQt5Qml.so (QV4::Script::evaluate(QV4::ExecutionEngine*, QString const&, QV4::Object*)+104)
11-13 20:43:02.998: D/CrashAnrDetector(478): #10 pc 00145a5d /data/app-lib/org.qtproject.example.helloqml-1/libQt5Qml.so (QV8Engine::initializeGlobal()+276)
11-13 20:43:02.998: D/CrashAnrDetector(478): #11 pc 00145a9d /data/app-lib/org.qtproject.example.helloqml-1/libQt5Qml.so (QV8Engine::initQmlGlobalObject()+4)
11-13 20:43:02.998: D/CrashAnrDetector(478): #12 pc 0010c2e1 /data/app-lib/org.qtproject.example.helloqml-1/libQt5Qml.so (QQmlEnginePrivate::init()+148)
11-13 20:43:02.998: D/CrashAnrDetector(478): #13 pc 0010c3b7 /data/app-lib/org.qtproject.example.helloqml-1/libQt5Qml.so (QQmlEngine::QQmlEngine(QQmlEnginePrivate&, QObject*)+22)
11-13 20:43:02.998: D/CrashAnrDetector(478): #14 pc 0013d80d /data/app-lib/org.qtproject.example.helloqml-1/libQt5Qml.so (QQmlApplicationEngine::QQmlApplicationEngine(QObject*)+32)
11-13 20:43:02.998: D/CrashAnrDetector(478): #15 pc 00000e90 /data/app-lib/org.qtproject.example.helloqml-1/libhelloqml.so (main+64)
11-13 20:43:02.998: D/CrashAnrDetector(478): stack:
11-13 20:43:02.998: D/CrashAnrDetector(478): 5f25d240 6430e670
11-13 20:43:02.998: D/CrashAnrDetector(478): 5f25d244 400edf31 /system/lib/libc.so (malloc+12)
11-13 20:43:02.998: D/CrashAnrDetector(478): 5f25d248 00000000
11-13 20:43:02.998: D/CrashAnrDetector(478): 5f25d24c 00000008
11-13 20:43:02.998: D/CrashAnrDetector(478): 5f25d250 0000000f
11-13 20:43:02.998: D/CrashAnrDetector(478): 5f25d254 00000004
11-13 20:43:02.998: D/CrashAnrDetector(478): 5f25d258 00000020
11-13 20:43:02.998: D/CrashAnrDetector(478): 5f25d25c 00000010
11-13 20:43:02.998: D/CrashAnrDetector(478): 5f25d260 5f25d348 [stack:14155]
11-13 20:43:02.998: D/CrashAnrDetector(478): 5f25d264 6430a7c0
11-13 20:43:02.998: D/CrashAnrDetector(478): 5f25d268 64309e08
11-13 20:43:02.998: D/CrashAnrDetector(478): 5f25d26c 400edf31 /system/lib/libc.so (malloc+12)
11-13 20:43:02.998: D/CrashAnrDetector(478): 5f25d270 000001f0
11-13 20:43:02.998: D/CrashAnrDetector(478): 5f25d274 5e4d7e6d /data/app-lib/org.qtproject.example.helloqml-1/libQt5Core.so (QArrayData::allocate(unsigned int, unsigned int, u
11-13 20:43:02.998: D/CrashAnrDetector(478): processName:org.qtproject.example.helloqml
11-13 20:43:02.998: D/CrashAnrDetector(478): broadcastEvent : org.qtproject.example.helloqml SYSTEM_TOMBSTONE
11-13 20:43:03.561: E/SMD(107): DCD OFF
11-13 20:43:06.272: D/SensorService(478): -0.2 -0.3 9.8
11-13 20:43:06.561: E/SMD(107): DCD OFF
11-13 20:43:07.475: W/ActivityManager(478): Launch timeout has expired, giving up wake lock!
11-13 20:43:07.694: D/AbsListView(2459): onVisibilityChanged() is called, visibility : 4
11-13 20:43:07.702: D/AbsListView(2459): unregisterIRListener() is called
11-13 20:43:07.702: D/AbsListView(2459): onVisibilityChanged() is called, visibility : 4
11-13 20:43:07.702: D/AbsListView(2459): unregisterIRListener() is called
11-13 20:43:07.702: V/WindowManager(478): Window{41cd92e0 u0 Keyguard}mOrientationRequetedFromKeyguard=false
11-13 20:43:08.827: D/BatteryService(478): update start
11-13 20:43:08.827: D/BatteryService(478): level:62, scale:100, status:3, health:2, present:true, voltage: 3927, temperature: 290, technology: Li-ion, AC powered:false, USB powered:true, Wireless powered:false, icon:17303457, invalid charger:0, online:4, charge type:1, current avg:450
11-13 20:43:08.827: D/BatteryService(478): Sending ACTION_BATTERY_CHANGED.
11-13 20:43:08.834: D/STATUSBAR-BatteryController(749): onReceive() - ACTION_BATTERY_CHANGED
11-13 20:43:08.834: D/STATUSBAR-BatteryController(749): onReceive() - BATTERY_STATUS_DISCHARGING: tw_stat_sys_battery_usb_not_charge
11-13 20:43:08.858: D/STATUSBAR-IconMerger(749): checkOverflow(390), More:false, Req:false Child:2
11-13 20:43:08.873: D/STATUSBAR-PhoneStatusBar(749): mBrightnessEnablebySettings = true mBrightnessEnablebyBattery = true mBrightnessEnablebyDisableFlag = true
11-13 20:43:09.467: I/dumpstate(14182): done
11-13 20:43:09.561: D/DisplayManagerService(478): Display listener for pid 14133 died.
11-13 20:43:09.561: E/SMD(107): DCD OFF
11-13 20:43:09.561: I/ActivityManager(478): Process org.qtproject.example.helloqml (pid 14133) (adj 0) has died.
11-13 20:43:09.569: W/ActivityManager(478): Force removing ActivityRecord{4144ca50 u0 org.qtproject.example.helloqml/org.qtproject.qt5.android.bindings.QtActivity}: app died, no saved state
11-13 20:43:09.577: V/WindowManager(478): Window{41cd92e0 u0 Keyguard}mOrientationRequetedFromKeyguard=false
11-13 20:43:09.592: D/CustomFrequencyManagerService(478): acquireDVFSLockLocked : type : DVFS_MIN_LIMIT frequency : 1205000 uid : 1000 pid : 478 pkgName : ACTIVITY_RESUME_BOOSTER@5
11-13 20:43:09.592: V/AlarmManager(478): waitForAlarm result :1
11-13 20:43:09.592: W/ActivityManager(478): mDVFSHelper.acquire()
11-13 20:43:09.608: D/Zygote(112): Process 14133 terminated by signal (11)