11-18 23:01:25.065: I/NfcService(2964): # NativeNfcBrcmPowerMode; setPowerMode(android.intent.action.SCREEN_ON)
11-18 23:01:25.065: D/NfcService(2964): NFC is not enabled
11-18 23:01:25.125: D/CircleUnlockRipple(2394): showUnlockAffordance startDelay : 250
11-18 23:01:25.125: D/CircleUnlockRippleRenderer(2394): showUnlockAffordance()
11-18 23:01:25.125: D/CircleUnlockRippleRenderer(2394): calledScreenTurnedOn = true
11-18 23:01:25.125: D/CircleUnlockRippleRenderer(2394): mDefaultRunnable, new Runnable()!!!
11-18 23:01:25.125: D/CircleUnlockRippleRenderer(2394): mDefaultRunnable, postDelayed()!!!
11-18 23:01:25.140: D/com.samsung.app(3830): [MSC_HERO_Accu_JB]>>> WCS:257 [0:0] BR act = androidintentactionSCREEN_ON
11-18 23:01:25.145: I/AutoBackupUtil(462): cancelAutoBackupAlarm is called. Clear autobackup_alarm.
11-18 23:01:25.150: D/PowerManagerService(2394): [PWL] sb release: PowerManagerService.Broadcasts
11-18 23:01:25.155: D/widget(2979): [MSC_HERO_Accu_JB]>>> SM:1292 [0:0] bTCC WCV = 200
11-18 23:01:25.155: D/widget(2979): [MSC_HERO_Accu_JB]>>> WC:1785 [0:0] drw 2nd Tm dt
11-18 23:01:25.160: E/NfcService(2964): callback == null
11-18 23:01:25.235: I/libsuspend(2394): !@[s] wait_for_fb_wake : 35 (1, 0) -
11-18 23:01:25.235: I/libsuspend(2394): !@[s] autosuspend_earlysuspend_disable done : 35
11-18 23:01:25.235: D/PowerManagerService-JNI(2394): Excessive delay in autosuspend_disable() while turning screen on: 423ms
11-18 23:01:25.235: D/SurfaceFlinger(1978): Screen acquired, type=0 flinger=0x40ba4568
11-18 23:01:25.235: D/SecTVOutService(1978): virtual void android::SecTVOutService::setSuspendMode(uint32_t) TV suspend mode = 0
11-18 23:01:25.235: D/SecTVOutService(1978): virtual void android::SecTVOutService::setHdmiStatus(uint32_t) HDMI cable status = 1
11-18 23:01:25.235: D/(1978): bool android::SecHdmi::connect()::m_flagHWConnected() fail
11-18 23:01:25.235: E/SecTVOutService(1978): virtual void android::SecTVOutService::setHdmiStatus(uint32_t)::mSecHdmi.connect() fail
11-18 23:01:25.235: D/SEC PowerHAL(2394): power_set_interactive: /sys/class/input/input1/enabled
11-18 23:01:25.235: D/PowerManagerService(2394): Excessive delay in nativeSetAutoSuspend(false): 423ms
11-18 23:01:25.235: D/PowerManagerService(2394): [s] unblankAllDisplays() : unblankAllDisplaysFromPowerManager
11-18 23:01:25.245: E/SEC PowerHAL(2394): sysfs_write : Error opening /sys/class/input/input1/enabled: No such file or directory
11-18 23:01:25.245: D/SEC PowerHAL(2394): power_set_interactive: /sys/class/input/input8/enabled
11-18 23:01:25.245: E/SEC PowerHAL(2394): sysfs_write : Error opening /sys/class/input/input8/enabled: No such file or directory
11-18 23:01:25.245: I/SecHardwareInterface(2394): setBatteryADC path = /sys/class/power_supply/battery/lcd, (true)
11-18 23:01:25.245: W/System.err(2394): java.io.FileNotFoundException: /sys/class/power_supply/battery/lcd: open failed: ENOENT (No such file or directory)
11-18 23:01:25.245: W/System.err(2394): at libcore.io.IoBridge.open(IoBridge.java:409)
11-18 23:01:25.245: W/System.err(2394): at java.io.FileOutputStream.(FileOutputStream.java:88)
11-18 23:01:25.245: W/System.err(2394): at java.io.FileOutputStream.(FileOutputStream.java:73)
11-18 23:01:25.245: W/System.err(2394): at com.sec.android.hardware.SecHardwareInterface.setBatteryADC(SecHardwareInterface.java:389)
11-18 23:01:25.245: W/System.err(2394): at com.android.server.power.PowerManagerService$DisplayBlankerImpl$1.run(PowerManagerService.java:4789)
11-18 23:01:25.245: W/System.err(2394): at android.os.Handler.handleCallback(Handler.java:730)
11-18 23:01:25.245: W/System.err(2394): at android.os.Handler.dispatchMessage(Handler.java:92)
11-18 23:01:25.245: W/System.err(2394): at android.os.Looper.loop(Looper.java:137)
11-18 23:01:25.245: W/System.err(2394): at android.os.HandlerThread.run(HandlerThread.java:61)
11-18 23:01:25.245: W/System.err(2394): Caused by: libcore.io.ErrnoException: open failed: ENOENT (No such file or directory)
11-18 23:01:25.245: W/System.err(2394): at libcore.io.Posix.open(Native Method)
11-18 23:01:25.245: W/System.err(2394): at libcore.io.BlockGuardOs.open(BlockGuardOs.java:110)
11-18 23:01:25.245: W/System.err(2394): at libcore.io.IoBridge.open(IoBridge.java:393)
11-18 23:01:25.245: W/System.err(2394): ... 8 more
11-18 23:01:25.245: D/PowerManagerService(2394): SecHardwareInterface.setBatteryADC : true
11-18 23:01:25.250: I/libsuspend(2394): !@[s] wait_for_fb_sleep : 35 (0, 0) +
11-18 23:01:25.265: D/STATUSBAR-NetworkController(2749): onSignalStrengthsChanged signalStrength=SignalStrength: 99 -1 -1 -1 -1 -1 -1 28 -84 -7 208 -1 2147483647 gsm|lte 0x3 level=3
11-18 23:01:25.265: D/STATUSBAR-NetworkController(2749): refreshSignalCluster: data=0 bt=false
11-18 23:01:25.275: D/STATUSBAR-IconMerger(2749): checkOverflow(432), More:false, Req:false Child:4
11-18 23:01:25.285: D/STATUSBAR-NetworkController(2749): onSignalStrengthsChanged signalStrength=SignalStrength: 99 -1 -1 -1 -1 -1 -1 28 -84 -7 208 -1 2147483647 gsm|lte 0x3 level=3
11-18 23:01:25.380: D/Fresnel(2394): setHoverEnable is false
11-18 23:01:25.380: D/CircleUnlockRippleRenderer(2394): mDefaultRunnable run, and ripple()
11-18 23:01:25.380: D/CircleUnlockRippleRenderer(2394): ripple(), mx = 7.9781246, my = 0.0, intensity = 2.0
11-18 23:01:25.855: D/STATUSBAR-NetworkController(2749): refreshSignalCluster: data=0 bt=false
11-18 23:01:25.860: D/STATUSBAR-IconMerger(2749): checkOverflow(432), More:false, Req:false Child:4
11-18 23:01:26.855: D/STATUSBAR-NetworkController(2749): refreshSignalCluster: data=0 bt=false
11-18 23:01:26.860: D/STATUSBAR-IconMerger(2749): checkOverflow(432), More:false, Req:false Child:4
11-18 23:01:26.930: I/InputReader(2394): Touch event's action is 0x0 (deviceType=0) [pCnt=1, s=0.832 ] when=13812467130000
11-18 23:01:26.930: I/InputDispatcher(2394): Delivering touch to: action: 0x0
11-18 23:01:26.940: D/STATUSBAR-PhoneStatusBar(2749): makeExpandedVisible
11-18 23:01:26.940: D/STATUSBAR-QuickSettingPanel(2749): setSingleLine:true
11-18 23:01:26.945: D/STATUSBAR-QuickSettingPanel(2749): update() : DB_NUMBER_OF_APPS = 10
11-18 23:01:26.945: D/STATUSBAR-QuickSettingPanel(2749): update() : DB_NUMBER_OF_APPS = 10
11-18 23:01:26.945: D/STATUSBAR-PhoneStatusBar(2749): Mini Controller text scroll : ON
11-18 23:01:26.950: D/CircleUnlockRippleRenderer(2394): RENDERMODE_WHEN_DIRTY!!!
11-18 23:01:26.955: V/Vibrator(2394): Called cancel() API - PUID: 1000, PackageName: android
11-18 23:01:26.955: W/Vibrator(2394): Vibrator.cancel()
11-18 23:01:26.955: D/LightsService(2394): [api] [SvcLED] turnOff:: id = 4 (uid: 10150 pid: 2749)
11-18 23:01:26.955: D/LightsService(2394): [SvcLED] setSvcLedStateLocked:: SvcLEDState : 0x0 -> 0x0 | SvcLED(id=4) set Off
11-18 23:01:26.955: D/LightsService(2394): [SvcLED] Lux failed to be updated in 700ms. -> handleForcedSvcLEDTasK
11-18 23:01:26.955: D/LightsService(2394): [SvcLED] setSvcLedLightLocked :: Current SvcLED(id=3) maintains its priority right
11-18 23:01:26.955: D/STATUSBAR-PhoneStatusBar(2749): DateView marqueed : true
11-18 23:01:26.980: V/WindowManager(2394): Window{432ee778 u0 Keyguard}mOrientationRequetedFromKeyguard=true
11-18 23:01:26.980: D/STATUSBAR-StatusBarManagerService(2394): manageDisableList what=0x0 pkg=WindowManager.LayoutParams
11-18 23:01:26.980: D/RestrictionPolicy(2394): isStatusBarExpansionAllowed : true
11-18 23:01:27.005: D/KeyguardHostView(2394): Window is unfocused
11-18 23:01:27.055: I/dalvikvm(2749): Jit: resizing JitTable from 8192 to 16384
11-18 23:01:27.080: D/PhoneStatusBar(2749): disable: < expand icons alerts ticker system_info back* home* RECENT clock search brightness
> 11-18 23:01:27.090: I/InputReader(2394): Touch event's action is 0x1 (deviceType=0) [pCnt=1, s=] when=13812628532000
11-18 23:01:27.090: I/InputDispatcher(2394): Delivering touch to: action: 0x1
11-18 23:01:27.110: I/wpa_supplicant(9901): nl80211: Received scan results (4 BSSes)
11-18 23:01:27.110: D/Tethering(2394): interfaceLinkStateChanged wlan0, true
11-18 23:01:27.110: D/Tethering(2394): interfaceStatusChanged wlan0, true
11-18 23:01:27.210: D/SSRMv2:Monitor(2394): SIOP:: AP = 300 (read only)
11-18 23:01:27.215: D/dalvikvm(2911): GC_CONCURRENT freed 883K, 20% free 12484K/15508K, paused 4ms+4ms, total 54ms
11-18 23:01:27.495: D/RestrictionPolicy(2394): isSettingsChangesAllowed : true
11-18 23:01:27.500: W/BackupManagerService(2394): dataChanged but no participant pkg='com.android.providers.settings' uid=10150
11-18 23:01:27.500: D/PhoneStatusBarView(2749): onPanelFullyOpened in EXPAND_NOTI_ACTION
11-18 23:01:27.610: D/STATUSBAR-NetworkController(2749): onSignalStrengthsChanged signalStrength=SignalStrength: 99 -1 -1 -1 -1 -1 -1 26 -84 -7 220 -1 2147483647 gsm|lte 0x3 level=3
11-18 23:01:27.620: D/SensorService(2394): 0.0 0.5 9.0
11-18 23:01:27.980: D/STATUSBAR-NetworkController(2749): onReceive() - RSSI_CHANGED_ACTION, WIFI_STATE, NETWORK_STATE
11-18 23:01:27.980: D/STATUSBAR-NetworkController(2749): refreshSignalCluster: data=0 bt=false
11-18 23:01:27.995: D/STATUSBAR-IconMerger(2749): checkOverflow(432), More:false, Req:false Child:4
11-18 23:01:28.860: D/STATUSBAR-NetworkController(2749): refreshSignalCluster: data=0 bt=false
11-18 23:01:28.860: D/STATUSBAR-IconMerger(2749): checkOverflow(432), More:false, Req:false Child:4
11-18 23:01:28.890: D/STATUSBAR-NetworkController(2749): onSignalStrengthsChanged signalStrength=SignalStrength: 99 -1 -1 -1 -1 -1 -1 28 -84 -7 196 -1 2147483647 gsm|lte 0x3 level=3
11-18 23:01:29.105: I/InputReader(2394): Touch event's action is 0x0 (deviceType=0) [pCnt=1, s=0.833 ] when=13814643783000
11-18 23:01:29.105: I/InputDispatcher(2394): Delivering touch to: action: 0x0
11-18 23:01:29.200: I/InputReader(2394): Touch event's action is 0x1 (deviceType=0) [pCnt=1, s=] when=13814734842000
11-18 23:01:29.200: I/InputDispatcher(2394): Delivering touch to: action: 0x1
11-18 23:01:29.215: I/power(2394): *** acquire_dvfs_lock : lockType : 1 freq : 1200000
11-18 23:01:29.215: D/SSRMv2:CustomFrequencyManagerService(2394): acquireDVFSLockLocked : type : DVFS_MIN_LIMIT frequency : 1200000 uid : 1000 pid : 2394 pkgName : ACTIVITY_RESUME_BOOSTER@5
11-18 23:01:29.215: W/ActivityManager(2394): mDVFSHelper.acquire()
11-18 23:01:29.215: V/WindowManager(2394): Window{432ee778 u0 Keyguard}mOrientationRequetedFromKeyguard=true
11-18 23:01:29.220: V/WindowManager(2394): rotationForOrientationLw(orient=-1, last=0); user=0 sensorRotation=-1 isCoverOpen=true mLidState=-1 mDockMode=0 mHdmiPlugged=false mAccelerometerDefault=false
11-18 23:01:29.220: V/WindowManager(2394): Application requested orientation -1, got rotation 0 which has compatible metrics
11-18 23:01:29.220: D/WindowManager(2394): computeScreenConfigurationLocked() set config.orientation=1 dw=720 dh=1280 Callers=com.android.server.wm.WindowManagerService.updateOrientationFromAppTokensLocked:5171 com.android.server.wm.WindowManagerService.updateOrientationFromAppTokens:5142 com.android.server.am.ActivityStack.realStartActivityLocked:1021
11-18 23:01:29.220: D/PowerManagerService(2394): setKeyboardVisibility: false
11-18 23:01:29.230: D/LockPatternUtils(2394): isPcwEnable = null
11-18 23:01:29.240: D/KeyguardViewMediator(2394): verifyUnlock
11-18 23:01:29.240: W/KeyguardViewMediator(2394): verifyUnlock called when not externally disabled
11-18 23:01:29.240: E/SELinux(1101): Function: selinux_android_load_priority [0], There is no sepolicy file
11-18 23:01:29.240: E/SELinux(1101):
11-18 23:01:29.240: E/SELinux(1101): Function: selinux_android_load_priority , loading version is VE=SEPF_GT-I9305_4.3_0021
11-18 23:01:29.240: E/SELinux(1101):
11-18 23:01:29.240: E/SELinux(1101):
11-18 23:01:29.240: E/SELinux(1101): selinux_android_seapp_context_reload: seapp_contexts file is loaded from /data/security/spota/seapp_contexts
11-18 23:01:29.250: D/STATUSBAR-PhoneStatusBar(2749): animateCollapsePanels
11-18 23:01:29.255: V/Vibrator(2394): Called cancel() API - PUID: 1000, PackageName: android
11-18 23:01:29.255: W/Vibrator(2394): Vibrator.cancel()
11-18 23:01:29.255: D/LightsService(2394): [api] [SvcLED] turnOff:: id = 4 (uid: 10150 pid: 2749)
11-18 23:01:29.255: D/LightsService(2394): [SvcLED] setSvcLedStateLocked:: SvcLEDState : 0x0 -> 0x0 | SvcLED(id=4) set Off
11-18 23:01:29.255: D/LightsService(2394): [SvcLED] Lux failed to be updated in 700ms. -> handleForcedSvcLEDTasK
11-18 23:01:29.255: D/LightsService(2394): [SvcLED] setSvcLedLightLocked :: Current SvcLED(id=3) maintains its priority right
11-18 23:01:29.265: E/MoreInfoHPW_ViewGroup(2394): Parent view is not a TextView
11-18 23:01:29.265: W/Settings(3479): Setting font_size has moved from android.provider.Settings.System to android.provider.Settings.Global, returning read-only value.
11-18 23:01:29.310: D/dalvikvm(3479): GC_FOR_ALLOC freed 286K, 15% free 10809K/12616K, paused 16ms, total 16ms
11-18 23:01:29.320: I/SurfaceFlinger(1978): id=251 createSurf (1x1),1 flag=404, fmail
11-18 23:01:29.330: D/dalvikvm(3479): GC_FOR_ALLOC freed 182K, 16% free 10689K/12672K, paused 15ms, total 15ms
11-18 23:01:29.330: I/dalvikvm-heap(3479): Grow heap (frag case) to 11.770MB for 14416-byte allocation
11-18 23:01:29.340: D/dalvikvm(3479): GC_FOR_ALLOC freed 0K, 16% free 10703K/12688K, paused 13ms, total 13ms
11-18 23:01:29.365: E/MoreInfoHPW_ViewGroup(3479): Parent view is not a TextView
11-18 23:01:29.385: D/SThemeManager(3479): Load theme icons for theme
11-18 23:01:29.405: D/LockPatternUtils(2394): isPcwEnable = null
11-18 23:01:29.405: D/SSRMv2:CustomFrequencyManagerService(2394): acquireDVFSLockLocked : type : DVFS_MIN_LIMIT frequency : 1200000 uid : 10092 pid : 3479 pkgName : MULTIWINDOW_MODECHANGED_BOOSTER@1
11-18 23:01:29.440: D/ProgressBar(3479): setProgress = 0
11-18 23:01:29.440: D/ProgressBar(3479): setProgress = 0, fromUser = false
11-18 23:01:29.440: D/ProgressBar(3479): mProgress = 0mIndeterminate = false, mMin = 0, mMax = 100
11-18 23:01:29.460: D/dalvikvm(3479): GC_FOR_ALLOC freed 96K, 15% free 11046K/12960K, paused 14ms, total 14ms
11-18 23:01:29.475: D/ProgressBar(3479): setProgress = 0
11-18 23:01:29.475: D/ProgressBar(3479): setProgress = 0, fromUser = false
11-18 23:01:29.475: D/ProgressBar(3479): mProgress = 0mIndeterminate = false, mMin = 0, mMax = 100
11-18 23:01:29.490: D/AbsListView(3479): Get MotionRecognitionManager
11-18 23:01:29.490: D/MotionRecognitionService(2394): ssp status : false
11-18 23:01:29.495: D/AbsListView(3479): onVisibilityChanged() is called, visibility : 8
11-18 23:01:29.495: D/AbsListView(3479): unregisterIRListener() is called
11-18 23:01:29.535: D/RestrictionPolicy(2394): isSettingsChangesAllowed : true
11-18 23:01:29.545: W/BackupManagerService(2394): dataChanged but no participant pkg='com.android.providers.settings' uid=10150
11-18 23:01:29.550: I/VerificationLog(3479): onCreate
11-18 23:01:29.570: D/ProgressBar(3479): setProgress = 0
11-18 23:01:29.570: D/ProgressBar(3479): setProgress = 0, fromUser = false
11-18 23:01:29.570: D/ProgressBar(3479): mProgress = 0mIndeterminate = false, mMin = 0, mMax = 100
11-18 23:01:29.575: D/ProgressBar(3479): setProgress = 0
11-18 23:01:29.575: D/ProgressBar(3479): setProgress = 0, fromUser = false
11-18 23:01:29.575: D/ProgressBar(3479): mProgress = 0mIndeterminate = false, mMin = 0, mMax = 100
11-18 23:01:29.585: D/STATUSBAR-PhoneStatusBar(2749): DateView marqueed : false
11-18 23:01:29.595: D/AbsListView(3479): Get MotionRecognitionManager
11-18 23:01:29.600: D/STATUSBAR-PhoneStatusBar(2749): makeExpandedInvisible
11-18 23:01:29.600: D/STATUSBAR-PhoneStatusBar(2749): Mini Controller text scroll : OFF
11-18 23:01:29.610: D/STATUSBAR-QuickSettingPanel(2749): setSingleLine:true
11-18 23:01:29.615: D/STATUSBAR-QuickSettingPanel(2749): update() : DB_NUMBER_OF_APPS = 10
11-18 23:01:29.615: D/STATUSBAR-QuickSettingPanel(2749): update() : DB_NUMBER_OF_APPS = 10
11-18 23:01:29.635: D/STATUSBAR-StatusBarManagerService(2394): manageDisableList what=0x600000 pkg=WindowManager.LayoutParams
11-18 23:01:29.635: D/RestrictionPolicy(2394): isStatusBarExpansionAllowed : true
11-18 23:01:29.640: D/AbsListView(3479): onVisibilityChanged() is called, visibility : 8
11-18 23:01:29.640: D/AbsListView(3479): unregisterIRListener() is called
11-18 23:01:29.645: D/ProgressBar(3479): setProgress = 0
11-18 23:01:29.645: D/ProgressBar(3479): setProgress = 0, fromUser = false
11-18 23:01:29.645: D/ProgressBar(3479): mProgress = 0mIndeterminate = false, mMin = 0, mMax = 100
11-18 23:01:29.655: D/AbsListView(3479): Get MotionRecognitionManager
11-18 23:01:29.695: D/PhoneStatusBar(2749): disable: < expand icons alerts ticker system_info BACK* HOME* RECENT clock search brightness
> 11-18 23:01:29.720: D/dalvikvm(2394): GC_CONCURRENT freed 1800K, 23% free 44662K/57468K, paused 10ms+18ms, total 443ms
11-18 23:01:29.720: D/dalvikvm(2394): WAIT_FOR_CONCURRENT_GC blocked 57ms
11-18 23:01:29.720: D/dalvikvm(2394): WAIT_FOR_CONCURRENT_GC blocked 56ms
11-18 23:01:29.720: D/dalvikvm(2394): WAIT_FOR_CONCURRENT_GC blocked 56ms
11-18 23:01:29.720: D/SSRMv2:Monitor(2394): SIOP:: AP = 300 (read only)
11-18 23:01:29.720: D/RestrictionPolicy(2394): isAndroidBeamAllowed : false
11-18 23:01:29.725: D/KeyguardHostView(2394): Window is focused
11-18 23:01:29.730: D/KeyguardClockWidgetService(17217): onReceive action=com.sec.android.widgetapp.KeyguardClock_Start
11-18 23:01:29.735: D/AbsListView(3479): onVisibilityChanged() is called, visibility : 0
11-18 23:01:29.735: D/AbsListView(3479): unregisterIRListener() is called
11-18 23:01:29.735: D/KeyguardClockWidgetProvider(17217): refreshSingleClock :{Home} Hour = 23, Min = 01
11-18 23:01:29.745: D/STATUSBAR-StatusBarManagerService(2394): sendNotification(3) - 268435457
11-18 23:01:29.745: D/LightsService(2394): [api] [SvcLED] turnOff:: id = 4 (uid: 10092 pid: 3479)
11-18 23:01:29.745: D/LightsService(2394): [SvcLED] setSvcLedStateLocked:: SvcLEDState : 0x0 -> 0x0 | SvcLED(id=4) set Off
11-18 23:01:29.750: D/LightsService(2394): [SvcLED] Lux failed to be updated in 700ms. -> handleForcedSvcLEDTasK
11-18 23:01:29.750: D/LightsService(2394): [SvcLED] setSvcLedLightLocked :: Current SvcLED(id=3) maintains its priority right
11-18 23:01:29.770: D/PhoneStatusBar(2749): removeNotification key=android.os.BinderProxy@4325c350 old=StatusBarNotification(pkg=com.android.email user=UserHandle{0} id=268435457 tag=null score=0: Notification(pri=0 icon=7f0202b8 contentView=com.android.email/0x10900b4 vibrate=null sound=content://media/internal/audio/media/35 defaults=0x4 flags=0x1 when=1416344716856 ledARGB=0x0 contentIntent=Y deleteIntent=Y contentTitle=2 nye e-poster contentText=N tickerText=N kind=[null]))
11-18 23:01:29.775: D/KeyguardClockWidgetProvider(17217): desc Message = Den er 23:1
11-18 23:01:29.775: D/STATUSBAR-IconMerger(2749): checkOverflow(432), More:false, Req:false Child:3
11-18 23:01:29.780: D/LockPatternUtils(2394): isPcwEnable = null
11-18 23:01:29.790: D/ProgressBar(3479): setProgress = 0
11-18 23:01:29.790: D/ProgressBar(3479): setProgress = 0, fromUser = false
11-18 23:01:29.790: D/ProgressBar(3479): mProgress = 0mIndeterminate = false, mMin = 0, mMax = 100
11-18 23:01:29.810: D/NfcP2pLinkManager(2964): hash: 1534272944
11-18 23:01:29.810: D/NfcP2pLinkManager(2964): hash: 1534272944
11-18 23:01:29.810: D/NfcP2pLinkManager(2964): table length : 1
11-18 23:01:29.810: D/NfcHandover(2964): [NFC] You need to touch the Handover Tag
11-18 23:01:29.830: D/dalvikvm(3479): GC_CONCURRENT freed 289K, 12% free 12933K/14576K, paused 7ms+4ms, total 38ms
11-18 23:01:29.850: I/VerificationLog(3479): onResume
11-18 23:01:29.850: D/AbsListView(3479): onVisibilityChanged() is called, visibility : 4
11-18 23:01:29.850: D/AbsListView(3479): unregisterIRListener() is called
11-18 23:01:29.850: D/AbsListView(3479): onVisibilityChanged() is called, visibility : 4
11-18 23:01:29.850: D/AbsListView(3479): unregisterIRListener() is called
11-18 23:01:29.850: D/AbsListView(3479): onVisibilityChanged() is called, visibility : 4
11-18 23:01:29.850: D/AbsListView(3479): unregisterIRListener() is called
11-18 23:01:29.865: D/AbsListView(3479): onVisibilityChanged() is called, visibility : 0
11-18 23:01:29.865: D/AbsListView(3479): unregisterIRListener() is called
11-18 23:01:29.865: D/AbsListView(3479): onVisibilityChanged() is called, visibility : 0
11-18 23:01:29.865: D/AbsListView(3479): unregisterIRListener() is called
11-18 23:01:29.865: D/AbsListView(3479): onVisibilityChanged() is called, visibility : 0
11-18 23:01:29.865: D/AbsListView(3479): unregisterIRListener() is called
11-18 23:01:29.865: D/AbsListView(3479): onVisibilityChanged() is called, visibility : 4
11-18 23:01:29.865: D/AbsListView(3479): unregisterIRListener() is called
11-18 23:01:29.895: D/LockPatternUtils(2394): isPcwEnable = null
11-18 23:01:29.920: I/SurfaceFlinger(1978): id=252 createSurf (1x1),1 flag=404, NessageList
11-18 23:01:29.940: D/libEGL(3479): loaded /system/lib/egl/libEGL_mali.so
11-18 23:01:29.945: D/libEGL(3479): loaded /system/lib/egl/libGLESv1_CM_mali.so
11-18 23:01:29.950: D/libEGL(3479): loaded /system/lib/egl/libGLESv2_mali.so
11-18 23:01:29.950: E/(3479): Device driver API match
11-18 23:01:29.950: E/(3479): Device driver API version: 23
11-18 23:01:29.950: E/(3479): User space API version: 23
11-18 23:01:29.950: E/(3479): mali: REVISION=Linux-r3p2-01rel3 BUILD_DATE=Wed Oct 30 09:36:10 KST 2013
11-18 23:01:30.005: D/OpenGLRenderer(3479): Enabling debug mode 0
11-18 23:01:30.010: D/AbsListView(3479): onVisibilityChanged() is called, visibility : 8
11-18 23:01:30.010: D/AbsListView(3479): unregisterIRListener() is called
11-18 23:01:30.010: D/ProgressBar(3479): updateDrawableBounds: left = 0
11-18 23:01:30.010: D/ProgressBar(3479): updateDrawableBounds: top = 71
11-18 23:01:30.010: D/ProgressBar(3479): updateDrawableBounds: right = 2
11-18 23:01:30.010: D/ProgressBar(3479): updateDrawableBounds: bottom = 73
11-18 23:01:30.010: D/AbsListView(3479): unregisterIRListener() is called
11-18 23:01:30.010: D/AbsListView(3479): onVisibilityChanged() is called, visibility : 4
11-18 23:01:30.010: D/AbsListView(3479): unregisterIRListener() is called
11-18 23:01:30.015: D/SSRMv2:CustomFrequencyManagerService(2394): releaseDVFSLockLocked : Getting Lock type frm List : DVFS_MIN_LIMIT frequency : 1200000 uid : 10092 pid : 3479 tag : MULTIWINDOW_MODECHANGED_BOOSTER@1
11-18 23:01:30.120: I/dalvikvm(3479): Jit: resizing JitTable from 4096 to 8192
11-18 23:01:30.150: D/ProgressBar(3479): updateDrawableBounds: left = 0
11-18 23:01:30.150: D/ProgressBar(3479): updateDrawableBounds: top = 0
11-18 23:01:30.150: D/ProgressBar(3479): updateDrawableBounds: right = 144
11-18 23:01:30.150: D/ProgressBar(3479): updateDrawableBounds: bottom = 144
11-18 23:01:30.150: D/AbsListView(3479): unregisterIRListener() is called
11-18 23:01:30.170: D/STATUSBAR-NetworkController(2749): onSignalStrengthsChanged signalStrength=SignalStrength: 99 -1 -1 -1 -1 -1 -1 28 -84 -7 258 -1 2147483647 gsm|lte 0x3 level=3
11-18 23:01:30.190: V/WindowManager(2394): Window{432ee778 u0 Keyguard}mOrientationRequetedFromKeyguard=true
11-18 23:01:30.200: D/dalvikvm(6754): GC_CONCURRENT freed 410K, 15% free 10548K/12296K, paused 6ms+1ms, total 26ms
11-18 23:01:30.200: I/power(2394): *** release_dvfs_lock : lockType : 1
11-18 23:01:30.200: I/power(2394): *** acquire_dvfs_lock : lockType : 1 freq : 1200000
11-18 23:01:30.200: D/SSRMv2:CustomFrequencyManagerService(2394): releaseDVFSLockLocked : Getting Lock type frm List : DVFS_MIN_LIMIT frequency : 1200000 uid : 1000 pid : 2394 tag : ACTIVITY_RESUME_BOOSTER@5
11-18 23:01:30.200: D/SSRMv2:CustomFrequencyManagerService(2394): acquireDVFSLockLocked : type : DVFS_MIN_LIMIT frequency : 1200000 uid : 1000 pid : 2394 pkgName : ACTIVITY_RESUME_BOOSTER@8
11-18 23:01:30.200: W/ActivityManager(2394): mDVFSHelper.release()
11-18 23:01:30.205: D/LockPatternUtils(2394): isPcwEnable = null
11-18 23:01:30.205: D/KeyguardViewMediator(2394): keyguardDone(false)
11-18 23:01:30.205: D/KeyguardViewMediator(2394): handleKeyguardDone
11-18 23:01:30.205: D/KeyguardViewMediator(2394): handleHide
11-18 23:01:30.205: D/KeyguardViewManager(2394): hide()
11-18 23:01:30.205: I/KeyguardBackgroundView(2394): *** KeyguardEffectView getInstance ***
11-18 23:01:30.205: D/CircleUnlockRipple(2394): cleanUp
11-18 23:01:30.205: D/CircleUnlockRippleRenderer(2394): cleanUp
11-18 23:01:30.210: I/SurfaceFlinger(1978): id=251 Removed fmail (3/9)
11-18 23:01:30.210: I/SurfaceFlinger(1978): id=251 Removed fmail (-2/9)
11-18 23:01:30.215: D/LockPatternUtils(2394): isPcwEnable = null
11-18 23:01:30.215: D/KeyguardViewMediator(2394): adjustStatusBarLocked: mShowing=false mHidden=false isSecure=false --> flags=0x0
11-18 23:01:30.215: D/STATUSBAR-StatusBarManagerService(2394): manageDisableList what=0x0 pkg=android
11-18 23:01:30.220: D/KeyguardViewMediator(2394): notifyMultiUserInfo( isLocked = false)
11-18 23:01:30.220: D/KeyguardViewMediator(2394): not support multi user
11-18 23:01:30.220: D/RestrictionPolicy(2394): isStatusBarExpansionAllowed : true
11-18 23:01:30.220: D/PhoneStatusBar(2749): disable: < expand icons alerts ticker system_info BACK HOME recent* clock search brightness
> 11-18 23:01:30.220: D/PowerManagerService(2394): [api] [s] userActivity : event: 0 flags: 0 (uid: 1000 pid: 2394)
11-18 23:01:30.220: D/PowerManagerService(2394): [api] [s] wakeUp (uid: 1000 pid: 2394)
11-18 23:01:30.230: I/NfcService(2964): # NativeNfcBrcmPowerMode; setPowerMode(android.intent.action.USER_PRESENT)
11-18 23:01:30.230: D/NfcService(2964): NFC is not enabled
11-18 23:01:30.230: V/UserPresentBroadcastReceiver(2993): Recieved ACTION_USER_PRESENT.
11-18 23:01:30.230: D/LightsService(2394): [api] [SvcLED] turnOff:: id = 4 (uid: 1000 pid: 2394)
11-18 23:01:30.230: D/LightsService(2394): [SvcLED] setSvcLedStateLocked:: SvcLEDState : 0x0 -> 0x0 | SvcLED(id=4) set Off
11-18 23:01:30.230: D/LightsService(2394): [SvcLED] Lux failed to be updated in 700ms. -> handleForcedSvcLEDTasK
11-18 23:01:30.230: D/LightsService(2394): [SvcLED] setSvcLedLightLocked :: Current SvcLED(id=3) maintains its priority right
11-18 23:01:30.235: D/d(2993): Notifying listener(s): onUserPresent()...
11-18 23:01:30.235: E/MotionRecognitionService(2394): mReceiver.onReceive : ACTION_USER_PRESENT :: UNLOCK SCREEN
11-18 23:01:30.240: D/c(2993): Starting periodic check for user presence.
11-18 23:01:30.245: V/AlarmManager(2394): waitForAlarm result :2
11-18 23:01:30.250: E/NfcService(2964): callback == null
11-18 23:01:30.250: D/LockPatternUtils(2394): isPcwEnable = null
11-18 23:01:30.255: D/c(2993): Stoping periodic check for user presence.
11-18 23:01:30.265: D/AbsListView(3479): onVisibilityChanged() is called, visibility : 0
11-18 23:01:30.265: D/AbsListView(3479): unregisterIRListener() is called
11-18 23:01:30.280: D/LockPatternUtils(2394): isPcwEnable = null
11-18 23:01:30.290: I/InputReader(2394): Touch event's action is 0x0 (deviceType=0) [pCnt=1, s=0.834 ] when=13815828134000
11-18 23:01:30.290: I/InputDispatcher(2394): Delivering touch to: action: 0x0
11-18 23:01:30.295: V/WindowManager(2394): Window{432ee778 u0 Keyguard EXITING}mOrientationRequetedFromKeyguard=false
11-18 23:01:30.300: D/PowerManagerService(2394): [api] setUserActivityTimeoutOverrideFromWindowManagerInternal: timeoutMillis: -1
11-18 23:01:30.300: D/PowerManagerService(2394): [s] getScreenOffTimeoutLocked: 10000 -> 600000
11-18 23:01:30.300: D/PowerManagerService(2394): [api] setScreenDimDurationOverrideFromWindowManagerInternal: timeoutMillis: -1
11-18 23:01:30.300: D/PowerManagerService(2394): [api] setButtonTimeoutOverrideFromWindowManagerInternal: timeoutMillis: -1
11-18 23:01:30.305: D/LockPatternUtils(2394): isPcwEnable = null
11-18 23:01:30.305: D/CircleUnlockRipple(2394): handleTouchEvent event : 0
11-18 23:01:30.305: D/CircleUnlockRippleRenderer(2394): event action: 0, view = null, src = 1002
11-18 23:01:30.305: D/Fresnel(2394): setHoverEnable is false
11-18 23:01:30.305: D/CircleUnlockRippleRenderer(2394): show mSoundPool is null
11-18 23:01:30.305: D/CircleUnlockRippleRenderer(2394): KeyguardUpdateMonitor hasBootCompleted
11-18 23:01:30.305: D/PowerManagerService(2394): [api] [s] userActivity : event: 0 flags: 0 (uid: 1000 pid: 2394)
11-18 23:01:30.310: V/MediaPlayer(2394): decode(445, 20250284, 11571)
11-18 23:01:30.310: V/MediaPlayerService(1981): decode(65, 20250284, 11571)
11-18 23:01:30.310: D/CircleUnlockRippleRenderer(2394): ripple(), mx = 5.5703125, my = 5.9583335, intensity = 2.0
11-18 23:01:30.310: V/MediaPlayerService(1981): player type = 3
11-18 23:01:30.310: V/AwesomePlayer(1981): setDefault
11-18 23:01:30.310: V/AwesomePlayer(1981): constructor
11-18 23:01:30.310: V/AwesomePlayer(1981): setDefault
11-18 23:01:30.310: V/AwesomePlayer(1981): reset_l()
11-18 23:01:30.310: V/AwesomePlayer(1981): cancelPlayerEvents (keepNotifications=0)
11-18 23:01:30.310: V/AwesomePlayer(1981): mAudioTrackVector clear
11-18 23:01:30.310: V/AwesomePlayer(1981): reset_l() mAudioPlayer successfully deleted
11-18 23:01:30.310: V/AwesomePlayer(1981): mSecMediaClock clear
11-18 23:01:30.310: V/StagefrightPlayer(1981): StagefrightPlayer
11-18 23:01:30.310: V/AwesomePlayer(1981): setListener
11-18 23:01:30.310: V/StagefrightPlayer(1981): initCheck
11-18 23:01:30.310: V/AwesomePlayer(1981): setAudioSink
11-18 23:01:30.310: V/StagefrightPlayer(1981): setDataSource(65, 20250284, 11571)
11-18 23:01:30.310: V/AwesomePlayer(1981): setDataSource (67, 20250284, 11571)
11-18 23:01:30.310: V/AwesomePlayer(1981): reset_l()
11-18 23:01:30.310: V/AwesomePlayer(1981): cancelPlayerEvents (keepNotifications=0)
11-18 23:01:30.310: V/AwesomePlayer(1981): mAudioTrackVector clear
11-18 23:01:30.310: V/AwesomePlayer(1981): reset_l() mAudioPlayer successfully deleted
11-18 23:01:30.310: V/AwesomePlayer(1981): mSecMediaClock clear
11-18 23:01:30.315: V/MediaExtractor(1981): Autodetected media content as 'application/ogg' with confidence 0.20
11-18 23:01:30.315: V/AwesomePlayer(1981): track of type 'audio/vorbis' does not publish bitrate
11-18 23:01:30.315: V/AwesomePlayer(1981): mBitrate = -1 bits/sec
11-18 23:01:30.315: W/AwesomePlayer(1981): couldn't get userdata - Weather
11-18 23:01:30.315: W/AwesomePlayer(1981): couldn't get userdata - Authorization
11-18 23:01:30.315: W/AwesomePlayer(1981): couldn't get userdata - SnapShot
11-18 23:01:30.315: W/AwesomePlayer(1981): couldn't get userdata - SMRD
11-18 23:01:30.315: V/AwesomePlayer(1981): current audio track index (0) is added to vector
11-18 23:01:30.315: V/AwesomePlayer(1981): setDataSource_l: Audio(1), Video(0)
11-18 23:01:30.315: I/AwesomePlayer(1981): AwesomePlayer::setDataSource_l():: This is not a DRM content
11-18 23:01:30.315: V/MediaPlayerService(1981): prepare
11-18 23:01:30.315: V/AwesomePlayer(1981): prepareAsync
11-18 23:01:30.315: V/MediaPlayerService(1981): wait for prepare
11-18 23:01:30.320: V/AwesomePlayer(1981): onPrepareAsyncEvent
11-18 23:01:30.320: I/SecMediaClock(1981): SecMediaClock constructor
11-18 23:01:30.320: I/SecMediaClock(1981): reset
11-18 23:01:30.320: V/AwesomePlayer(1981): initAudioDecoder
11-18 23:01:30.320: I/OMXCodec(1981): OMXCodec::Create mime (audio/vorbis), flags (0), matchComponentName ((null)), createEncoder (0)
11-18 23:01:30.320: I/OMXCodec(1981): Attempting to allocate OMX node 'OMX.google.vorbis.decoder'
11-18 23:01:30.320: I/OMXCodec(1981): Successfully allocated OMX node 'OMX.google.vorbis.decoder'
11-18 23:01:30.320: I/OMXCodec(1981): [OMX.google.vorbis.decoder] allocating 4 buffers of size 8192 on input port
11-18 23:01:30.320: I/OMXCodec(1981): [OMX.google.vorbis.decoder] allocating 4 buffers of size 32768 on output port
11-18 23:01:30.320: D/PeriodicCheckReceiver(2993): Received intent: Intent { flg=0x14 cmp=com.google.android.gms/.auth.be.proximity.authorization.userpresence.PeriodicCheckReceiver (has extras) }.
11-18 23:01:30.320: V/AwesomePlayer(1981): finishAsyncPrepare_l
11-18 23:01:30.320: V/AwesomePlayer(1981): notifyListner_l() msg (200-MEDIA_INFO), ext1 (973), ext2 (0)
11-18 23:01:30.320: V/AudioCache(1981): notify(0x42b8cb60, 200, 973, 0)
11-18 23:01:30.320: V/AudioCache(1981): ignored
11-18 23:01:30.320: V/AwesomePlayer(1981): notifyListner_l() msg (5-MEDIA_SET_VIDEO_SIZE), ext1 (0), ext2 (0)
11-18 23:01:30.320: V/AudioCache(1981): notify(0x42b8cb60, 5, 0, 0)
11-18 23:01:30.320: V/AudioCache(1981): ignored
11-18 23:01:30.320: V/AwesomePlayer(1981): notifyListner_l() msg (1-MEDIA_PREPARED), ext1 (0), ext2 (0)
11-18 23:01:30.320: V/AudioCache(1981): notify(0x42b8cb60, 1, 0, 0)
11-18 23:01:30.320: V/AudioCache(1981): prepared
11-18 23:01:30.320: V/AudioCache(1981): wait - success
11-18 23:01:30.320: V/MediaPlayerService(1981): start
11-18 23:01:30.320: V/StagefrightPlayer(1981): start
11-18 23:01:30.325: V/AwesomePlayer(1981): play
11-18 23:01:30.325: V/AwesomePlayer(1981): AwesomePlayer::play_l():: This is not a DRM content
11-18 23:01:30.325: V/AwesomePlayer(1981): startAudioPlayer_l, sendErrorNotification (0)
11-18 23:01:30.325: D/KeyguardHostView(2394): Window is unfocused
11-18 23:01:30.330: I/OMXCodec(1981): [OMX.google.vorbis.decoder] allocating 4 buffers of size 32768 on output port
11-18 23:01:30.330: I/AudioPlayer(1981): Audio channels(2)
11-18 23:01:30.330: I/AudioPlayer(1981): Audioplayer kKeyAudioPCMFormat:1, 2, 0
11-18 23:01:30.330: I/AudioPlayer(1981): Audioplayer1 (2, 1)
11-18 23:01:30.330: V/AudioCache(1981): open(44100, 2, 0x0, 1, 4)
11-18 23:01:30.330: V/AwesomePlayer(1981): addBatteryData
11-18 23:01:30.330: V/MediaPlayerService(1981): wait for playback complete
11-18 23:01:30.330: D/STATUSBAR-StatusBarManagerService(2394): manageDisableList what=0x0 pkg=WindowManager.LayoutParams
11-18 23:01:30.335: D/RestrictionPolicy(2394): isStatusBarExpansionAllowed : true
11-18 23:01:30.340: I/VerificationLog(3479): Executed
11-18 23:01:30.345: D/LockPatternUtils(2394): isPcwEnable = null
11-18 23:01:30.345: D/UserPresenceService(2993): Received onHandleIntent() with intent: Intent { cmp=com.google.android.gms/.auth.be.proximity.authorization.userpresence.UserPresenceService (has extras) }.
11-18 23:01:30.350: E/UserPresenceService(2993): Proximity feature is not enabled.
11-18 23:01:30.350: D/PowerManagerService(2394): [api] [s] userActivity : event: 0 flags: 0 (uid: 1000 pid: 2394)
11-18 23:01:30.355: D/CircleUnlockRipple(2394): handleTouchEvent event : 2
11-18 23:01:30.355: D/CircleUnlockRippleRenderer(2394): event action: 2, view = null, src = 1002
11-18 23:01:30.355: D/Fresnel(2394): setHoverEnable is false
11-18 23:01:30.355: D/PhoneStatusBar(2749): disable: < expand icons alerts ticker system_info back* home* recent clock search brightness
> 11-18 23:01:30.365: D/LockPatternUtils(2394): isPcwEnable = null
11-18 23:01:30.370: D/PowerManagerService(2394): [api] [s] userActivity : event: 0 flags: 0 (uid: 1000 pid: 2394)
11-18 23:01:30.375: D/CircleUnlockRipple(2394): handleTouchEvent event : 2
11-18 23:01:30.375: D/CircleUnlockRippleRenderer(2394): event action: 2, view = null, src = 1002
11-18 23:01:30.375: D/Fresnel(2394): setHoverEnable is false
11-18 23:01:30.375: D/LockPatternUtils(2394): isPcwEnable = null
11-18 23:01:30.380: D/PowerManagerService(2394): [api] [s] userActivity : event: 0 flags: 0 (uid: 1000 pid: 2394)
11-18 23:01:30.385: D/CircleUnlockRipple(2394): handleTouchEvent event : 2
11-18 23:01:30.385: D/CircleUnlockRippleRenderer(2394): event action: 2, view = null, src = 1002
11-18 23:01:30.385: D/Fresnel(2394): setHoverEnable is false
11-18 23:01:30.385: I/OMXCodec(1981): [OMX.google.vorbis.decoder] End Of Stream
11-18 23:01:30.385: V/AwesomePlayer(1981): postAudioEOS delayUs (0)
11-18 23:01:30.385: V/AwesomePlayer(1981): onCheckAudioStatus
11-18 23:01:30.385: V/AwesomePlayer(1981): onCheckAudioStatus() set AUDIO_AT_EOS flag
11-18 23:01:30.385: V/AwesomePlayer(1981): onStreamDone
11-18 23:01:30.385: V/AwesomePlayer(1981): MEDIA_PLAYBACK_COMPLETE
11-18 23:01:30.385: V/AwesomePlayer(1981): notifyListner_l() msg (2-MEDIA_PLAYBACK_COMPLETE), ext1 (0), ext2 (0)
11-18 23:01:30.385: V/AudioCache(1981): notify(0x42b8cb60, 2, 0, 0)
11-18 23:01:30.385: V/AudioCache(1981): playback complete - thread will wake up later
11-18 23:01:30.385: V/AwesomePlayer(1981): cancelPlayerEvents (keepNotifications=1)
11-18 23:01:30.385: V/AwesomePlayer(1981): addBatteryData
11-18 23:01:30.385: V/AudioCache(1981): wait - success
11-18 23:01:30.385: V/StagefrightPlayer(1981): reset
11-18 23:01:30.385: V/AwesomePlayer(1981): reset_l()
11-18 23:01:30.385: V/AwesomePlayer(1981): cancelPlayerEvents (keepNotifications=0)
11-18 23:01:30.385: V/AwesomePlayer(1981): mAudioTrackVector clear
11-18 23:01:30.385: I/OMXCodec(1981): [OMX.google.vorbis.decoder] stop() sendCommand(0x79, OMX_CommandStateSet, OMX_StateIdle)
11-18 23:01:30.390: I/AudioPlayer(1981): reset out
11-18 23:01:30.390: V/AwesomePlayer(1981): reset_l() mAudioPlayer successfully deleted
11-18 23:01:30.390: I/SecMediaClock(1981): SecMediaClock destructor
11-18 23:01:30.390: V/AwesomePlayer(1981): mSecMediaClock clear
11-18 23:01:30.390: V/StagefrightPlayer(1981): ~StagefrightPlayer
11-18 23:01:30.390: V/StagefrightPlayer(1981): reset
11-18 23:01:30.390: V/AwesomePlayer(1981): reset_l()
11-18 23:01:30.390: V/AwesomePlayer(1981): cancelPlayerEvents (keepNotifications=0)
11-18 23:01:30.390: V/AwesomePlayer(1981): mAudioTrackVector clear
11-18 23:01:30.390: V/AwesomePlayer(1981): reset_l() mAudioPlayer successfully deleted
11-18 23:01:30.390: V/AwesomePlayer(1981): mSecMediaClock clear
11-18 23:01:30.390: V/AwesomePlayer(1981): destructor
11-18 23:01:30.390: V/AwesomePlayer(1981): reset_l()
11-18 23:01:30.390: V/AwesomePlayer(1981): cancelPlayerEvents (keepNotifications=0)
11-18 23:01:30.390: V/AwesomePlayer(1981): mAudioTrackVector clear
11-18 23:01:30.390: V/AwesomePlayer(1981): reset_l() mAudioPlayer successfully deleted
11-18 23:01:30.390: V/AwesomePlayer(1981): mSecMediaClock clear
11-18 23:01:30.390: D/checkbox(3479): setButtonDrawable(Drawable d) mButtonBgHasBeenSet=false
11-18 23:01:30.390: D/checkbox(3479): This is not checkbox or checkbox with J_Effects disabled
11-18 23:01:30.390: D/checkbox(3479): setChecked(1) checked=false, mCheckBoxAnimationEnabled=false, mIsAttached=false
11-18 23:01:30.390: D/checkbox(3479): checkMarkDrawable=null, checkRectangleDrawable=null
11-18 23:01:30.390: V/MediaPlayer(2394): decode(448, 21227644, 20394)
11-18 23:01:30.395: D/LockPatternUtils(2394): isPcwEnable = null
11-18 23:01:30.395: V/MediaPlayerService(1981): decode(65, 21227644, 20394)
11-18 23:01:30.395: V/MediaPlayerService(1981): player type = 3
11-18 23:01:30.395: V/AwesomePlayer(1981): setDefault
11-18 23:01:30.395: V/AwesomePlayer(1981): constructor
11-18 23:01:30.395: V/AwesomePlayer(1981): setDefault
11-18 23:01:30.395: V/AwesomePlayer(1981): reset_l()
11-18 23:01:30.395: V/AwesomePlayer(1981): cancelPlayerEvents (keepNotifications=0)
11-18 23:01:30.395: V/AwesomePlayer(1981): mAudioTrackVector clear
11-18 23:01:30.395: V/AwesomePlayer(1981): reset_l() mAudioPlayer successfully deleted
11-18 23:01:30.395: V/AwesomePlayer(1981): mSecMediaClock clear
11-18 23:01:30.395: V/StagefrightPlayer(1981): StagefrightPlayer
11-18 23:01:30.395: V/AwesomePlayer(1981): setListener
11-18 23:01:30.395: V/StagefrightPlayer(1981): initCheck
11-18 23:01:30.395: V/AwesomePlayer(1981): setAudioSink
11-18 23:01:30.395: V/StagefrightPlayer(1981): setDataSource(65, 21227644, 20394)
11-18 23:01:30.395: V/AwesomePlayer(1981): setDataSource (68, 21227644, 20394)
11-18 23:01:30.395: V/AwesomePlayer(1981): reset_l()
11-18 23:01:30.395: V/AwesomePlayer(1981): cancelPlayerEvents (keepNotifications=0)
11-18 23:01:30.395: V/AwesomePlayer(1981): mAudioTrackVector clear
11-18 23:01:30.395: V/AwesomePlayer(1981): reset_l() mAudioPlayer successfully deleted
11-18 23:01:30.395: V/AwesomePlayer(1981): mSecMediaClock clear
11-18 23:01:30.400: V/MediaExtractor(1981): Autodetected media content as 'application/ogg' with confidence 0.20
11-18 23:01:30.400: D/AbsListView(3479): Get MotionRecognitionManager
11-18 23:01:30.400: V/AwesomePlayer(1981): track of type 'audio/vorbis' does not publish bitrate
11-18 23:01:30.400: V/AwesomePlayer(1981): mBitrate = -1 bits/sec
11-18 23:01:30.400: W/AwesomePlayer(1981): couldn't get userdata - Weather
11-18 23:01:30.400: W/AwesomePlayer(1981): couldn't get userdata - Authorization
11-18 23:01:30.400: W/AwesomePlayer(1981): couldn't get userdata - SnapShot
11-18 23:01:30.400: W/AwesomePlayer(1981): couldn't get userdata - SMRD
11-18 23:01:30.400: V/AwesomePlayer(1981): current audio track index (0) is added to vector
11-18 23:01:30.400: V/AwesomePlayer(1981): setDataSource_l: Audio(1), Video(0)
11-18 23:01:30.400: I/AwesomePlayer(1981): AwesomePlayer::setDataSource_l():: This is not a DRM content
11-18 23:01:30.400: V/MediaPlayerService(1981): prepare
11-18 23:01:30.400: V/AwesomePlayer(1981): prepareAsync
11-18 23:01:30.400: V/MediaPlayerService(1981): wait for prepare
11-18 23:01:30.400: V/AwesomePlayer(1981): onPrepareAsyncEvent
11-18 23:01:30.400: I/SecMediaClock(1981): SecMediaClock constructor
11-18 23:01:30.400: I/SecMediaClock(1981): reset
11-18 23:01:30.400: V/AwesomePlayer(1981): initAudioDecoder
11-18 23:01:30.400: I/OMXCodec(1981): OMXCodec::Create mime (audio/vorbis), flags (0), matchComponentName ((null)), createEncoder (0)
11-18 23:01:30.400: I/OMXCodec(1981): Attempting to allocate OMX node 'OMX.google.vorbis.decoder'
11-18 23:01:30.400: I/OMXCodec(1981): Successfully allocated OMX node 'OMX.google.vorbis.decoder'
11-18 23:01:30.400: I/OMXCodec(1981): [OMX.google.vorbis.decoder] allocating 4 buffers of size 8192 on input port
11-18 23:01:30.400: I/OMXCodec(1981): [OMX.google.vorbis.decoder] allocating 4 buffers of size 32768 on output port
11-18 23:01:30.405: V/AwesomePlayer(1981): finishAsyncPrepare_l
11-18 23:01:30.405: V/AwesomePlayer(1981): notifyListner_l() msg (200-MEDIA_INFO), ext1 (973), ext2 (0)
11-18 23:01:30.405: V/AudioCache(1981): notify(0x42b8cb60, 200, 973, 0)
11-18 23:01:30.405: V/AudioCache(1981): ignored
11-18 23:01:30.405: V/AwesomePlayer(1981): notifyListner_l() msg (5-MEDIA_SET_VIDEO_SIZE), ext1 (0), ext2 (0)
11-18 23:01:30.405: V/AudioCache(1981): notify(0x42b8cb60, 5, 0, 0)
11-18 23:01:30.405: V/AudioCache(1981): ignored
11-18 23:01:30.405: V/AwesomePlayer(1981): notifyListner_l() msg (1-MEDIA_PREPARED), ext1 (0), ext2 (0)
11-18 23:01:30.405: V/AudioCache(1981): notify(0x42b8cb60, 1, 0, 0)
11-18 23:01:30.405: V/AudioCache(1981): prepared
11-18 23:01:30.405: V/AudioCache(1981): wait - success
11-18 23:01:30.405: V/MediaPlayerService(1981): start
11-18 23:01:30.405: V/StagefrightPlayer(1981): start
11-18 23:01:30.405: V/AwesomePlayer(1981): play
11-18 23:01:30.405: V/AwesomePlayer(1981): AwesomePlayer::play_l():: This is not a DRM content
11-18 23:01:30.405: V/AwesomePlayer(1981): startAudioPlayer_l, sendErrorNotification (0)
11-18 23:01:30.410: D/CircleUnlockRipple(2394): handleTouchEvent event : 2
11-18 23:01:30.410: D/CircleUnlockRippleRenderer(2394): event action: 2, view = null, src = 1002
11-18 23:01:30.410: D/Fresnel(2394): setHoverEnable is false
11-18 23:01:30.410: D/PowerManagerService(2394): [api] [s] userActivity : event: 0 flags: 0 (uid: 1000 pid: 2394)
11-18 23:01:30.415: I/OMXCodec(1981): [OMX.google.vorbis.decoder] allocating 4 buffers of size 32768 on output port
11-18 23:01:30.415: I/AudioPlayer(1981): Audio channels(1)
11-18 23:01:30.415: I/AudioPlayer(1981): Audioplayer kKeyAudioPCMFormat:1, 1, 0
11-18 23:01:30.415: I/AudioPlayer(1981): Audioplayer1 (1, 1)
11-18 23:01:30.415: V/AudioCache(1981): open(48000, 1, 0x0, 1, 4)
11-18 23:01:30.415: V/AwesomePlayer(1981): addBatteryData
11-18 23:01:30.415: V/MediaPlayerService(1981): wait for playback complete
11-18 23:01:30.425: D/LockPatternUtils(2394): isPcwEnable = null
11-18 23:01:30.435: D/CircleUnlockRipple(2394): handleTouchEvent event : 2
11-18 23:01:30.435: D/CircleUnlockRippleRenderer(2394): event action: 2, view = null, src = 1002
11-18 23:01:30.435: D/Fresnel(2394): setHoverEnable is false
11-18 23:01:30.435: D/PowerManagerService(2394): [api] [s] userActivity : event: 0 flags: 0 (uid: 1000 pid: 2394)
11-18 23:01:30.445: D/LockPatternUtils(2394): isPcwEnable = null
11-18 23:01:30.450: D/checkbox(3479): setButtonDrawable(Drawable d) mButtonBgHasBeenSet=false
11-18 23:01:30.450: D/checkbox(3479): This is not checkbox or checkbox with J_Effects disabled
11-18 23:01:30.450: D/checkbox(3479): setChecked(1) checked=false, mCheckBoxAnimationEnabled=false, mIsAttached=false
11-18 23:01:30.450: D/checkbox(3479): checkMarkDrawable=null, checkRectangleDrawable=null
11-18 23:01:30.455: D/CircleUnlockRipple(2394): handleTouchEvent event : 2
11-18 23:01:30.455: D/CircleUnlockRippleRenderer(2394): event action: 2, view = null, src = 1002
11-18 23:01:30.455: D/Fresnel(2394): setHoverEnable is false
11-18 23:01:30.455: D/Fresnel(2394): setHoverEnable is false
11-18 23:01:30.455: D/CircleUnlockRippleRenderer(2394): ripple(), mx = 3.0252383, my = -0.852431, intensity = 1.5
11-18 23:01:30.455: D/PowerManagerService(2394): [api] [s] userActivity : event: 0 flags: 0 (uid: 1000 pid: 2394)
11-18 23:01:30.460: D/LockPatternUtils(2394): isPcwEnable = null
11-18 23:01:30.465: D/CircleUnlockRipple(2394): handleTouchEvent event : 2
11-18 23:01:30.465: D/CircleUnlockRippleRenderer(2394): event action: 2, view = null, src = 1002
11-18 23:01:30.465: D/Fresnel(2394): setHoverEnable is false
11-18 23:01:30.465: D/PowerManagerService(2394): [api] [s] userActivity : event: 0 flags: 0 (uid: 1000 pid: 2394)
11-18 23:01:30.470: V/WindowManager(2394): Window{432ee778 u0 Keyguard EXITING}mOrientationRequetedFromKeyguard=false
11-18 23:01:30.475: D/CircleUnlockRippleRenderer(2394): ripple(), mx = 3.0252383, my = -0.852431, intensity = 1.5
11-18 23:01:30.475: D/LockPatternUtils(2394): isPcwEnable = null
11-18 23:01:30.480: D/checkbox(3479): TwCheckBox.onAttachedToWindow()
11-18 23:01:30.480: D/checkbox(3479): TwCheckBox.onAttachedToWindow()
11-18 23:01:30.485: D/checkbox(3479): setButtonDrawable(Drawable d) mButtonBgHasBeenSet=false
11-18 23:01:30.485: D/checkbox(3479): This is not checkbox or checkbox with J_Effects disabled
11-18 23:01:30.485: D/checkbox(3479): setChecked(1) checked=false, mCheckBoxAnimationEnabled=false, mIsAttached=false
11-18 23:01:30.485: D/checkbox(3479): checkMarkDrawable=null, checkRectangleDrawable=null
11-18 23:01:30.485: I/OMXCodec(1981): [OMX.google.vorbis.decoder] End Of Stream
11-18 23:01:30.485: D/PowerManagerService(2394): [api] [s] userActivity : event: 0 flags: 0 (uid: 1000 pid: 2394)
11-18 23:01:30.490: D/CircleUnlockRipple(2394): handleTouchEvent event : 2
11-18 23:01:30.490: D/CircleUnlockRippleRenderer(2394): event action: 2, view = null, src = 1002
11-18 23:01:30.490: D/Fresnel(2394): setHoverEnable is false
11-18 23:01:30.490: V/AwesomePlayer(1981): postAudioEOS delayUs (0)
11-18 23:01:30.490: V/AwesomePlayer(1981): onCheckAudioStatus
11-18 23:01:30.490: V/AwesomePlayer(1981): onCheckAudioStatus() set AUDIO_AT_EOS flag
11-18 23:01:30.490: V/AwesomePlayer(1981): onStreamDone
11-18 23:01:30.490: V/AwesomePlayer(1981): MEDIA_PLAYBACK_COMPLETE
11-18 23:01:30.490: V/AwesomePlayer(1981): notifyListner_l() msg (2-MEDIA_PLAYBACK_COMPLETE), ext1 (0), ext2 (0)
11-18 23:01:30.490: V/AudioCache(1981): notify(0x42b8cb60, 2, 0, 0)
11-18 23:01:30.490: V/AudioCache(1981): playback complete - thread will wake up later
11-18 23:01:30.490: V/AwesomePlayer(1981): cancelPlayerEvents (keepNotifications=1)
11-18 23:01:30.490: V/AwesomePlayer(1981): addBatteryData
11-18 23:01:30.490: V/AudioCache(1981): wait - success
11-18 23:01:30.490: V/StagefrightPlayer(1981): reset
11-18 23:01:30.490: V/AwesomePlayer(1981): reset_l()
11-18 23:01:30.490: V/AwesomePlayer(1981): cancelPlayerEvents (keepNotifications=0)
11-18 23:01:30.490: V/AwesomePlayer(1981): mAudioTrackVector clear
11-18 23:01:30.490: I/OMXCodec(1981): [OMX.google.vorbis.decoder] stop() sendCommand(0x7a, OMX_CommandStateSet, OMX_StateIdle)
11-18 23:01:30.490: I/AudioPlayer(1981): reset out
11-18 23:01:30.490: V/AwesomePlayer(1981): reset_l() mAudioPlayer successfully deleted
11-18 23:01:30.490: I/SecMediaClock(1981): SecMediaClock destructor
11-18 23:01:30.495: V/AwesomePlayer(1981): mSecMediaClock clear
11-18 23:01:30.495: V/StagefrightPlayer(1981): ~StagefrightPlayer
11-18 23:01:30.495: V/StagefrightPlayer(1981): reset
11-18 23:01:30.495: V/AwesomePlayer(1981): reset_l()
11-18 23:01:30.495: V/AwesomePlayer(1981): cancelPlayerEvents (keepNotifications=0)
11-18 23:01:30.495: V/AwesomePlayer(1981): mAudioTrackVector clear
11-18 23:01:30.495: V/AwesomePlayer(1981): reset_l() mAudioPlayer successfully deleted
11-18 23:01:30.495: V/AwesomePlayer(1981): mSecMediaClock clear
11-18 23:01:30.495: V/AwesomePlayer(1981): destructor
11-18 23:01:30.495: D/checkbox(3479): TwCheckBox.onAttachedToWindow()
11-18 23:01:30.495: D/LockPatternUtils(2394): isPcwEnable = null
11-18 23:01:30.495: V/AwesomePlayer(1981): reset_l()
11-18 23:01:30.495: V/AwesomePlayer(1981): cancelPlayerEvents (keepNotifications=0)
11-18 23:01:30.495: V/AwesomePlayer(1981): mAudioTrackVector clear
11-18 23:01:30.495: V/AwesomePlayer(1981): reset_l() mAudioPlayer successfully deleted
11-18 23:01:30.495: V/AwesomePlayer(1981): mSecMediaClock clear
11-18 23:01:30.495: D/PowerManagerService(2394): [api] [s] userActivity : event: 0 flags: 0 (uid: 1000 pid: 2394)
11-18 23:01:30.500: D/CircleUnlockRipple(2394): handleTouchEvent event : 2
11-18 23:01:30.500: D/CircleUnlockRippleRenderer(2394): event action: 2, view = null, src = 1002
11-18 23:01:30.500: D/Fresnel(2394): setHoverEnable is false
11-18 23:01:30.500: D/checkbox(3479): setButtonDrawable(Drawable d) mButtonBgHasBeenSet=false
11-18 23:01:30.500: D/checkbox(3479): This is not checkbox or checkbox with J_Effects disabled
11-18 23:01:30.500: D/checkbox(3479): setChecked(1) checked=false, mCheckBoxAnimationEnabled=false, mIsAttached=false
