11-18 23:02:04.405: I/InputDispatcher(2394): Dropped event because it is stale.
11-18 23:02:04.405: I/InputDispatcher(2394): Dropped event because it is stale.
11-18 23:02:04.405: I/InputDispatcher(2394): Dropped event because it is stale.
11-18 23:02:04.405: I/InputDispatcher(2394): Dropped event because it is stale.
11-18 23:02:04.405: I/InputDispatcher(2394): Dropped event because it is stale.
11-18 23:02:04.405: I/InputDispatcher(2394): Dropped event because it is stale.
11-18 23:02:04.405: I/InputDispatcher(2394): Dropped event because it is stale.
11-18 23:02:04.405: I/InputDispatcher(2394): Dropped event because it is stale.
11-18 23:02:04.405: I/InputDispatcher(2394): Dropped event because it is stale.
11-18 23:02:04.405: I/InputDispatcher(2394): Dropped event because it is stale.
11-18 23:02:04.405: I/InputDispatcher(2394): Dropped event because it is stale.
11-18 23:02:04.405: I/InputDispatcher(2394): Dropped event because it is stale.
11-18 23:02:04.405: I/InputDispatcher(2394): Dropped event because it is stale.
11-18 23:02:04.405: I/InputDispatcher(2394): Dropped event because it is stale.
11-18 23:02:04.405: I/InputDispatcher(2394): Dropped event because it is stale.
11-18 23:02:04.405: I/InputDispatcher(2394): Dropped event because it is stale.
11-18 23:02:04.405: I/InputDispatcher(2394): Dropped event because it is stale.
11-18 23:02:04.405: I/InputDispatcher(2394): Dropped event because it is stale.
11-18 23:02:04.405: D/STATUSBAR-StatusBarManagerService(2394): manageDisableList what=0x0 pkg=WindowManager.LayoutParams
11-18 23:02:04.405: D/RestrictionPolicy(2394): isStatusBarExpansionAllowed : true
11-18 23:02:04.410: I/InputDispatcher(2394): Dropped event because it is stale.
11-18 23:02:04.410: I/InputDispatcher(2394): Dropped event because it is stale.
11-18 23:02:04.410: I/InputDispatcher(2394): Dropped event because it is stale.
11-18 23:02:04.410: I/InputDispatcher(2394): Dropped event because it is stale.
11-18 23:02:04.410: I/InputDispatcher(2394): Dropped event because it is stale.
11-18 23:02:04.410: I/InputDispatcher(2394): Dropped event because it is stale.
11-18 23:02:04.410: I/InputDispatcher(2394): Dropped event because it is stale.
11-18 23:02:04.410: I/InputDispatcher(2394): Dropped event because it is stale.
11-18 23:02:04.410: I/InputDispatcher(2394): Dropped event because it is stale.
11-18 23:02:04.410: I/InputDispatcher(2394): Dropped event because it is stale.
11-18 23:02:04.410: I/InputDispatcher(2394): Dropped event because it is stale.
11-18 23:02:04.410: I/InputDispatcher(2394): Dropped event because it is stale.
11-18 23:02:04.410: I/InputDispatcher(2394): Dropped event because it is stale.
11-18 23:02:04.410: I/InputDispatcher(2394): Dropped event because it is stale.
11-18 23:02:04.410: I/InputDispatcher(2394): Dropped event because it is stale.
11-18 23:02:04.410: I/InputDispatcher(2394): Dropped event because it is stale.
11-18 23:02:04.410: I/InputDispatcher(2394): Dropped event because it is stale.
11-18 23:02:04.410: I/InputDispatcher(2394): Dropped event because it is stale.
11-18 23:02:04.410: I/InputDispatcher(2394): Dropped event because it is stale.
11-18 23:02:04.410: I/InputDispatcher(2394): Dropped event because it is stale.
11-18 23:02:04.410: I/InputDispatcher(2394): Dropped event because it is stale.
11-18 23:02:04.410: I/InputDispatcher(2394): Dropped event because it is stale.
11-18 23:02:04.410: I/InputDispatcher(2394): Dropped event because it is stale.
11-18 23:02:04.410: I/InputDispatcher(2394): Dropped event because it is stale.
11-18 23:02:04.410: I/InputDispatcher(2394): Dropped event because it is stale.
11-18 23:02:04.410: I/InputDispatcher(2394): Dropped event because it is stale.
11-18 23:02:04.410: I/InputDispatcher(2394): Dropped event because it is stale.
11-18 23:02:04.410: I/InputDispatcher(2394): Dropped event because it is stale.
11-18 23:02:04.410: I/InputDispatcher(2394): Dropped event because it is stale.
11-18 23:02:04.410: I/InputDispatcher(2394): Dropped event because it is stale.
11-18 23:02:04.410: I/InputDispatcher(2394): Dropped event because it is stale.
11-18 23:02:04.410: I/InputDispatcher(2394): Dropped event because it is stale.
11-18 23:02:04.410: I/InputDispatcher(2394): Dropped event because it is stale.
11-18 23:02:04.410: I/InputDispatcher(2394): Dropped event because it is stale.
11-18 23:02:04.410: I/InputDispatcher(2394): Dropped event because it is stale.
11-18 23:02:04.410: I/InputDispatcher(2394): Dropped event because it is stale.
11-18 23:02:04.410: I/InputDispatcher(2394): Dropped event because it is stale.
11-18 23:02:04.410: I/InputDispatcher(2394): Dropped event because it is stale.
11-18 23:02:04.410: I/InputDispatcher(2394): Dropped event because it is stale.
11-18 23:02:04.410: V/WindowManager(2394): Window{432ee778 u0 Keyguard}mOrientationRequetedFromKeyguard=false
11-18 23:02:04.410: D/PowerManagerService(2394): [api] userActivityFromNative : 10 (event: 2 flags: 0)
11-18 23:02:04.410: D/BatteryService(2394): Sending ACTION_BATTERY_CHANGED.
11-18 23:02:04.410: V/AlarmManager(2394): waitForAlarm result :4
11-18 23:02:04.410: V/AlarmManager(2394): trigger ELAPSED_REALTIME_WAKEUP or RTC_WAKEUP
11-18 23:02:04.410: D/STATUSBAR-NetworkController(2749): onSignalStrengthsChanged signalStrength=SignalStrength: 99 -1 -1 -1 -1 -1 -1 29 -82 -7 256 -1 2147483647 gsm|lte 0x3 level=3
11-18 23:02:04.415: D/STATUSBAR-NetworkController(2749): onSignalStrengthsChanged signalStrength=SignalStrength: 99 -1 -1 -1 -1 -1 -1 29 -82 -7 218 -1 2147483647 gsm|lte 0x3 level=3
11-18 23:02:04.415: D/STATUSBAR-NetworkController(2749): onSignalStrengthsChanged signalStrength=SignalStrength: 99 -1 -1 -1 -1 -1 -1 29 -82 -7 260 -1 2147483647 gsm|lte 0x3 level=3
11-18 23:02:04.420: D/STATUSBAR-NetworkController(2749): onSignalStrengthsChanged signalStrength=SignalStrength: 99 -1 -1 -1 -1 -1 -1 29 -82 -7 210 -1 2147483647 gsm|lte 0x3 level=3
11-18 23:02:04.425: I/SurfaceFlinger(1978): id=253 createSurf (1x1),1 flag=4, tpeedycraft
11-18 23:02:04.430: V/WindowManager(2394): Window{432ee778 u0 Keyguard}mOrientationRequetedFromKeyguard=false
11-18 23:02:04.435: D/CrashAnrDetector(2394): NO DROPBOX ENTRY for :data_app_anr 1416348115860
11-18 23:02:04.440: D/LockPatternUtils(2394): isPcwEnable = null
11-18 23:02:04.445: D/STATUSBAR-BatteryController(2749): onReceive() - ACTION_BATTERY_CHANGED
11-18 23:02:04.445: D/STATUSBAR-BatteryController(2749): onReceive() - BATTERY_STATUS_CHARGING:
11-18 23:02:04.445: D/STATUSBAR-PhoneStatusBar(2749): mBrightnessEnablebySettings = true mBrightnessEnablebyBattery = true mBrightnessEnablebyDisableFlag = true
11-18 23:02:04.450: D/KeyguardClockWidgetService(17217): onReceive action=android.intent.action.TIME_TICK
11-18 23:02:04.455: V/AlarmManager(2394): ClockReceiver onReceive() ACTION_TIME_TICK
11-18 23:02:04.485: D/STATUSBAR-IconMerger(2749): checkOverflow(432), More:false, Req:false Child:3
11-18 23:02:04.495: D/widget(2979): [MSC_HERO_Accu_JB]>>> SM:1292 [0:0] bTCC WCV = 200
11-18 23:02:04.495: D/widget(2979): [MSC_HERO_Accu_JB]>>> WC:1785 [0:0] drw 2nd Tm dt
11-18 23:02:04.515: I/wpa_supplicant(9901): Scan requested (ret=0) - scan timeout 30 seconds
11-18 23:02:04.520: V/RealCellState(2911): telephonyManager network type is 13
11-18 23:02:04.520: V/RealCellState(2911): transforming LTE to WCDMA
11-18 23:02:04.785: D/SSRMv2:Monitor(2394): SIOP:: AP = 330, Prev AP = 330, Duration = 10010
11-18 23:02:05.415: D/STATUSBAR-NetworkController(2749): refreshSignalCluster: data=0 bt=false
11-18 23:02:05.415: D/STATUSBAR-IconMerger(2749): checkOverflow(432), More:false, Req:false Child:3
11-18 23:02:05.905: D/lights(2394): button : 0 +
11-18 23:02:05.905: D/lights(2394): button : 0 -
11-18 23:02:06.020: D/STATUSBAR-NetworkController(2749): onSignalStrengthsChanged signalStrength=SignalStrength: 99 -1 -1 -1 -1 -1 -1 29 -82 -7 256 -1 2147483647 gsm|lte 0x3 level=3
11-18 23:02:06.260: I/InputReader(2394): Touch event's action is 0x0 (deviceType=0) [pCnt=1, s=0.837 ] when=13851795747000
11-18 23:02:06.260: I/InputDispatcher(2394): Delivering touch to: action: 0x0
11-18 23:02:06.350: I/InputReader(2394): Touch event's action is 0x1 (deviceType=0) [pCnt=1, s=] when=13851886707000
11-18 23:02:06.350: I/InputDispatcher(2394): Delivering touch to: action: 0x1
11-18 23:02:06.370: D/STATUSBAR-StatusBarManagerService(2394): manageDisableList what=0x0 pkg=WindowManager.LayoutParams
11-18 23:02:06.375: E/ViewRootImpl(2394): sendUserActionEvent() mView == null
11-18 23:02:06.375: D/RestrictionPolicy(2394): isStatusBarExpansionAllowed : true
11-18 23:02:06.635: I/SurfaceFlinger(1978): id=253 Removed tpeedycraft (5/6)
11-18 23:02:06.635: I/SurfaceFlinger(1978): id=253 Removed tpeedycraft (-2/6)
11-18 23:02:07.290: D/SSRMv2:Monitor(2394): SIOP:: AP = 330 (read only)
11-18 23:02:07.645: D/SensorService(2394): 0.0 0.4 8.9
11-18 23:02:08.415: D/STATUSBAR-NetworkController(2749): refreshSignalCluster: data=0 bt=false
11-18 23:02:08.435: D/STATUSBAR-IconMerger(2749): checkOverflow(432), More:false, Req:false Child:3
11-18 23:02:08.485: I/wpa_supplicant(9901): nl80211: Received scan results (6 BSSes)
11-18 23:02:08.485: D/Tethering(2394): interfaceLinkStateChanged wlan0, true
11-18 23:02:08.485: D/Tethering(2394): interfaceStatusChanged wlan0, true
11-18 23:02:08.575: D/STATUSBAR-NetworkController(2749): onSignalStrengthsChanged signalStrength=SignalStrength: 99 -1 -1 -1 -1 -1 -1 29 -81 -7 224 -1 2147483647 gsm|lte 0x3 level=3
11-18 23:02:09.795: D/SSRMv2:Monitor(2394): SIOP:: AP = 330 (read only)
11-18 23:02:11.135: D/STATUSBAR-NetworkController(2749): onSignalStrengthsChanged signalStrength=SignalStrength: 99 -1 -1 -1 -1 -1 -1 29 -81 -7 242 -1 2147483647 gsm|lte 0x3 level=3
11-18 23:02:12.300: D/SSRMv2:Monitor(2394): SIOP:: AP = 330 (read only)
11-18 23:02:13.425: D/STATUSBAR-NetworkController(2749): refreshSignalCluster: data=0 bt=false
11-18 23:02:13.435: D/STATUSBAR-IconMerger(2749): checkOverflow(432), More:false, Req:false Child:3
11-18 23:02:13.690: D/STATUSBAR-NetworkController(2749): onSignalStrengthsChanged signalStrength=SignalStrength: 99 -1 -1 -1 -1 -1 -1 30 -81 -7 228 -1 2147483647 gsm|lte 0x3 level=3
11-18 23:02:14.425: D/STATUSBAR-NetworkController(2749): refreshSignalCluster: data=0 bt=false
11-18 23:02:14.435: D/STATUSBAR-IconMerger(2749): checkOverflow(432), More:false, Req:false Child:3
11-18 23:02:14.800: D/SSRMv2:Monitor(2394): SIOP:: AP = 330, Prev AP = 330, Duration = 10012
11-18 23:02:14.970: D/STATUSBAR-NetworkController(2749): onSignalStrengthsChanged signalStrength=SignalStrength: 99 -1 -1 -1 -1 -1 -1 30 -81 -7 262 -1 2147483647 gsm|lte 0x3 level=3
11-18 23:02:17.305: D/SSRMv2:Monitor(2394): SIOP:: AP = 330 (read only)
11-18 23:02:17.650: D/SensorService(2394): 0.0 0.4 9.0
11-18 23:02:18.800: D/STATUSBAR-NetworkController(2749): onSignalStrengthsChanged signalStrength=SignalStrength: 99 -1 -1 -1 -1 -1 -1 30 -81 -7 214 -1 2147483647 gsm|lte 0x3 level=3
11-18 23:02:19.435: D/STATUSBAR-NetworkController(2749): refreshSignalCluster: data=0 bt=false
11-18 23:02:19.435: D/STATUSBAR-IconMerger(2749): checkOverflow(432), More:false, Req:false Child:3
11-18 23:02:19.810: D/SSRMv2:Monitor(2394): SIOP:: AP = 330 (read only)
11-18 23:02:20.085: D/STATUSBAR-NetworkController(2749): onSignalStrengthsChanged signalStrength=SignalStrength: 99 -1 -1 -1 -1 -1 -1 30 -81 -7 196 -1 2147483647 gsm|lte 0x3 level=3
11-18 23:02:21.375: D/STATUSBAR-NetworkController(2749): onSignalStrengthsChanged signalStrength=SignalStrength: 99 -1 -1 -1 -1 -1 -1 30 -81 -7 232 -1 2147483647 gsm|lte 0x3 level=3
11-18 23:02:21.435: D/STATUSBAR-NetworkController(2749): refreshSignalCluster: data=0 bt=false
11-18 23:02:21.450: D/STATUSBAR-IconMerger(2749): checkOverflow(432), More:false, Req:false Child:3
11-18 23:02:21.500: D/dalvikvm(2394): GC_CONCURRENT freed 537K, 21% free 45711K/57468K, paused 5ms+10ms, total 125ms
11-18 23:02:22.045: E/Watchdog(2394): !@Sync 460
11-18 23:02:22.310: D/SSRMv2:Monitor(2394): SIOP:: AP = 330 (read only)
11-18 23:02:22.650: D/STATUSBAR-NetworkController(2749): onSignalStrengthsChanged signalStrength=SignalStrength: 99 -1 -1 -1 -1 -1 -1 30 -81 -7 250 -1 2147483647 gsm|lte 0x3 level=3
11-18 23:02:23.440: D/STATUSBAR-NetworkController(2749): refreshSignalCluster: data=0 bt=false
11-18 23:02:23.455: D/STATUSBAR-IconMerger(2749): checkOverflow(432), More:false, Req:false Child:3
11-18 23:02:24.445: D/STATUSBAR-NetworkController(2749): refreshSignalCluster: data=0 bt=false
11-18 23:02:24.455: D/STATUSBAR-IconMerger(2749): checkOverflow(432), More:false, Req:false Child:3
11-18 23:02:24.505: V/AlarmManager(2394): waitForAlarm result :4
11-18 23:02:24.510: V/AlarmManager(2394): trigger ELAPSED_REALTIME_WAKEUP or RTC_WAKEUP
11-18 23:02:24.520: V/RealCellState(2911): telephonyManager network type is 13
11-18 23:02:24.520: V/RealCellState(2911): transforming LTE to WCDMA
11-18 23:02:24.520: I/wpa_supplicant(9901): Scan requested (ret=0) - scan timeout 30 seconds
11-18 23:02:24.815: D/SSRMv2:Monitor(2394): SIOP:: AP = 330, Prev AP = 330, Duration = 10013
11-18 23:02:25.210: D/STATUSBAR-NetworkController(2749): onSignalStrengthsChanged signalStrength=SignalStrength: 99 -1 -1 -1 -1 -1 -1 30 -81 -7 238 -1 2147483647 gsm|lte 0x3 level=3
11-18 23:02:26.445: D/STATUSBAR-NetworkController(2749): refreshSignalCluster: data=0 bt=false
11-18 23:02:26.455: D/STATUSBAR-IconMerger(2749): checkOverflow(432), More:false, Req:false Child:3
11-18 23:02:27.315: D/SSRMv2:Monitor(2394): SIOP:: AP = 330 (read only)
11-18 23:02:27.655: D/SensorService(2394): 0.0 0.5 9.0
11-18 23:02:27.775: D/STATUSBAR-NetworkController(2749): onSignalStrengthsChanged signalStrength=SignalStrength: 99 -1 -1 -1 -1 -1 -1 30 -81 -7 202 -1 2147483647 gsm|lte 0x3 level=3
11-18 23:02:27.790: D/STATUSBAR-NetworkController(2749): onSignalStrengthsChanged signalStrength=SignalStrength: 99 -1 -1 -1 -1 -1 -1 30 -81 -7 202 -1 2147483647 gsm|lte 0x3 level=3
11-18 23:02:28.495: I/wpa_supplicant(9901): nl80211: Received scan results (5 BSSes)
11-18 23:02:28.495: D/Tethering(2394): interfaceLinkStateChanged wlan0, true
11-18 23:02:28.495: D/Tethering(2394): interfaceStatusChanged wlan0, true
11-18 23:02:28.550: D/dalvikvm(2911): GC_CONCURRENT freed 898K, 20% free 12482K/15508K, paused 3ms+3ms, total 28ms
11-18 23:02:28.550: D/dalvikvm(2911): WAIT_FOR_CONCURRENT_GC blocked 19ms
11-18 23:02:29.815: D/SSRMv2:Monitor(2394): SIOP:: AP = 330 (read only)
11-18 23:02:30.335: D/STATUSBAR-NetworkController(2749): onSignalStrengthsChanged signalStrength=SignalStrength: 99 -1 -1 -1 -1 -1 -1 30 -81 -7 224 -1 2147483647 gsm|lte 0x3 level=3
11-18 23:02:30.660: V/AlarmManager(2394): waitForAlarm result :2
11-18 23:02:31.455: D/STATUSBAR-NetworkController(2749): refreshSignalCluster: data=0 bt=false
11-18 23:02:31.470: D/STATUSBAR-IconMerger(2749): checkOverflow(432), More:false, Req:false Child:3
11-18 23:02:31.610: D/STATUSBAR-NetworkController(2749): onSignalStrengthsChanged signalStrength=SignalStrength: 99 -1 -1 -1 -1 -1 -1 30 -81 -7 242 -1 2147483647 gsm|lte 0x3 level=3
11-18 23:02:32.325: D/SSRMv2:Monitor(2394): SIOP:: AP = 330 (read only)
11-18 23:02:32.890: D/STATUSBAR-NetworkController(2749): onSignalStrengthsChanged signalStrength=SignalStrength: 99 -1 -1 -1 -1 -1 -1 30 -81 -7 216 -1 2147483647 gsm|lte 0x3 level=3
11-18 23:02:34.160: D/STATUSBAR-NetworkController(2749): onSignalStrengthsChanged signalStrength=SignalStrength: 99 -1 -1 -1 -1 -1 -1 30 -81 -7 252 -1 2147483647 gsm|lte 0x3 level=3
11-18 23:02:34.460: D/STATUSBAR-NetworkController(2749): refreshSignalCluster: data=0 bt=false
11-18 23:02:34.470: D/STATUSBAR-IconMerger(2749): checkOverflow(432), More:false, Req:false Child:3
11-18 23:02:34.825: D/SSRMv2:Monitor(2394): SIOP:: AP = 330, Prev AP = 330, Duration = 10012
11-18 23:02:36.725: D/STATUSBAR-NetworkController(2749): onSignalStrengthsChanged signalStrength=SignalStrength: 99 -1 -1 -1 -1 -1 -1 30 -81 -7 226 -1 2147483647 gsm|lte 0x3 level=3
11-18 23:02:37.205: I/InputReader(2394): Touch event's action is 0x0 (deviceType=0) [pCnt=1, s=0.838 ] when=13882740269000
11-18 23:02:37.205: D/InputDispatcher(2394): Waiting for application to become ready for input: xxxx Reason: Waiting because the touched window has not finished processing the input events that were previously delivered to it.
11-18 23:02:37.325: D/SSRMv2:Monitor(2394): SIOP:: AP = 330 (read only)
11-18 23:02:37.405: I/InputReader(2394): Touch event's action is 0x1 (deviceType=0) [pCnt=1, s=] when=13882937209000
11-18 23:02:37.660: D/SensorService(2394): 0.0 0.4 8.9
11-18 23:02:37.985: I/InputReader(2394): Touch event's action is 0x0 (deviceType=0) [pCnt=1, s=0.839 ] when=13883517439000
11-18 23:02:38.190: I/InputReader(2394): Touch event's action is 0x1 (deviceType=0) [pCnt=1, s=] when=13883724970000
11-18 23:02:38.465: D/STATUSBAR-NetworkController(2749): refreshSignalCluster: data=0 bt=false
11-18 23:02:38.470: D/STATUSBAR-IconMerger(2749): checkOverflow(432), More:false, Req:false Child:3
11-18 23:02:38.745: I/InputReader(2394): Touch event's action is 0x0 (deviceType=0) [pCnt=1, s=0.840 ] when=13884282529000
11-18 23:02:38.910: I/InputReader(2394): Touch event's action is 0x1 (deviceType=0) [pCnt=1, s=] when=13884444284000
11-18 23:02:39.290: D/STATUSBAR-NetworkController(2749): onSignalStrengthsChanged signalStrength=SignalStrength: 99 -1 -1 -1 -1 -1 -1 30 -81 -7 202 -1 2147483647 gsm|lte 0x3 level=3
11-18 23:02:39.835: D/SSRMv2:Monitor(2394): SIOP:: AP = 330 (read only)
11-18 23:02:40.570: D/STATUSBAR-NetworkController(2749): onSignalStrengthsChanged signalStrength=SignalStrength: 99 -1 -1 -1 -1 -1 -1 30 -81 -7 212 -1 2147483647 gsm|lte 0x3 level=3
11-18 23:02:42.335: D/SSRMv2:Monitor(2394): SIOP:: AP = 330 (read only)
11-18 23:02:42.470: D/STATUSBAR-NetworkController(2749): refreshSignalCluster: data=0 bt=false
11-18 23:02:42.475: D/STATUSBAR-IconMerger(2749): checkOverflow(432), More:false, Req:false Child:3
11-18 23:02:44.415: D/STATUSBAR-NetworkController(2749): onSignalStrengthsChanged signalStrength=SignalStrength: 99 -1 -1 -1 -1 -1 -1 30 -81 -7 286 -1 2147483647 gsm|lte 0x3 level=3
11-18 23:02:44.520: V/AlarmManager(2394): waitForAlarm result :4
11-18 23:02:44.520: V/AlarmManager(2394): trigger ELAPSED_REALTIME_WAKEUP or RTC_WAKEUP
11-18 23:02:44.525: D/BatteryService(2394): update start
11-18 23:02:44.525: D/BatteryService(2394): level:76, scale:100, status:2, health:2, present:true, voltage: 4094, temperature: 330, technology: Li-ion, AC powered:false, USB powered:true, Wireless powered:false, icon:17303550, invalid charger:0, online:4, charge type:1, current avg:460
11-18 23:02:44.525: D/BatteryService(2394): Sending ACTION_BATTERY_CHANGED.
11-18 23:02:44.530: D/STATUSBAR-BatteryController(2749): onReceive() - ACTION_BATTERY_CHANGED
11-18 23:02:44.530: D/STATUSBAR-BatteryController(2749): onReceive() - BATTERY_STATUS_CHARGING:
11-18 23:02:44.535: I/wpa_supplicant(9901): Scan requested (ret=0) - scan timeout 30 seconds
11-18 23:02:44.535: D/LockPatternUtils(2394): isPcwEnable = null
11-18 23:02:44.535: V/RealCellState(2911): telephonyManager network type is 13
11-18 23:02:44.535: V/RealCellState(2911): transforming LTE to WCDMA
11-18 23:02:44.535: D/STATUSBAR-PhoneStatusBar(2749): mBrightnessEnablebySettings = true mBrightnessEnablebyBattery = true mBrightnessEnablebyDisableFlag = true
11-18 23:02:44.665: D/SensorService(2394): AutoRotationSensor::process: Acc eventTimestamp = 13890200595000, previousAccTimestamp = 13889800415000, difference = 400180000
11-18 23:02:44.835: D/SSRMv2:Monitor(2394): SIOP:: AP = 330, Prev AP = 330, Duration = 10013
11-18 23:02:45.680: D/STATUSBAR-NetworkController(2749): onSignalStrengthsChanged signalStrength=SignalStrength: 99 -1 -1 -1 -1 -1 -1 30 -81 -7 204 -1 2147483647 gsm|lte 0x3 level=3
11-18 23:02:47.340: D/SSRMv2:Monitor(2394): SIOP:: AP = 330 (read only)
11-18 23:02:47.870: D/SensorService(2394): 0.0 0.4 9.0
11-18 23:02:48.255: D/STATUSBAR-NetworkController(2749): onSignalStrengthsChanged signalStrength=SignalStrength: 99 -1 -1 -1 -1 -1 -1 30 -81 -7 222 -1 2147483647 gsm|lte 0x3 level=3
11-18 23:02:48.290: D/dalvikvm(2950): GC_CONCURRENT freed 1925K, 26% free 39801K/53740K, paused 2ms+6ms, total 40ms
11-18 23:02:48.515: I/wpa_supplicant(9901): nl80211: Received scan results (4 BSSes)
11-18 23:02:48.515: D/Tethering(2394): interfaceLinkStateChanged wlan0, true
11-18 23:02:48.515: D/Tethering(2394): interfaceStatusChanged wlan0, true
11-18 23:02:49.480: D/STATUSBAR-NetworkController(2749): refreshSignalCluster: data=0 bt=false
11-18 23:02:49.490: D/STATUSBAR-IconMerger(2749): checkOverflow(432), More:false, Req:false Child:3
11-18 23:02:49.535: D/STATUSBAR-NetworkController(2749): onSignalStrengthsChanged signalStrength=SignalStrength: 99 -1 -1 -1 -1 -1 -1 29 -81 -7 246 -1 2147483647 gsm|lte 0x3 level=3
11-18 23:02:49.840: D/SSRMv2:Monitor(2394): SIOP:: AP = 330 (read only)
11-18 23:02:50.485: D/STATUSBAR-NetworkController(2749): refreshSignalCluster: data=0 bt=false
11-18 23:02:50.490: D/STATUSBAR-IconMerger(2749): checkOverflow(432), More:false, Req:false Child:3
11-18 23:02:51.485: D/STATUSBAR-NetworkController(2749): refreshSignalCluster: data=0 bt=false
11-18 23:02:51.490: D/STATUSBAR-IconMerger(2749): checkOverflow(432), More:false, Req:false Child:3
11-18 23:02:52.045: E/Watchdog(2394): !@Sync 461
11-18 23:02:52.095: D/STATUSBAR-NetworkController(2749): onSignalStrengthsChanged signalStrength=SignalStrength: 99 -1 -1 -1 -1 -1 -1 30 -81 -7 226 -1 2147483647 gsm|lte 0x3 level=3
11-18 23:02:52.350: D/SSRMv2:Monitor(2394): SIOP:: AP = 330 (read only)
11-18 23:02:52.490: D/STATUSBAR-NetworkController(2749): refreshSignalCluster: data=0 bt=false
11-18 23:02:52.490: D/STATUSBAR-IconMerger(2749): checkOverflow(432), More:false, Req:false Child:3 : E/(): Device disconnected: 1 : E/(): Device disconnected