11-18 22:51:03.630: V/StagefrightPlayer(1981): reset
11-18 22:51:03.630: V/AwesomePlayer(1981): reset_l()
11-18 22:51:03.630: V/AwesomePlayer(1981): cancelPlayerEvents (keepNotifications=0)
11-18 22:51:03.630: V/AwesomePlayer(1981): mAudioTrackVector clear
11-18 22:51:03.630: V/AwesomePlayer(1981): reset_l() mAudioPlayer successfully deleted
11-18 22:51:03.630: V/AwesomePlayer(1981): mSecMediaClock clear
11-18 22:51:03.630: V/AwesomePlayer(1981): destructor
11-18 22:51:03.630: V/AwesomePlayer(1981): reset_l()
11-18 22:51:03.630: V/AwesomePlayer(1981): cancelPlayerEvents (keepNotifications=0)
11-18 22:51:03.630: V/AwesomePlayer(1981): mAudioTrackVector clear
11-18 22:51:03.630: V/AwesomePlayer(1981): reset_l() mAudioPlayer successfully deleted
11-18 22:51:03.630: V/AwesomePlayer(1981): mSecMediaClock clear
11-18 22:51:03.630: I/OMXCodec(1981): [OMX.google.vorbis.decoder] allocating 4 buffers of size 32768 on output port
11-18 22:51:03.630: I/AudioPlayer(1981): Audio channels(1)
11-18 22:51:03.630: I/AudioPlayer(1981): Audioplayer kKeyAudioPCMFormat:1, 1, 0
11-18 22:51:03.630: I/AudioPlayer(1981): Audioplayer1 (1, 1)
11-18 22:51:03.630: V/AudioCache(1981): open(48000, 1, 0x0, 1, 4)
11-18 22:51:03.630: V/AwesomePlayer(1981): addBatteryData
11-18 22:51:03.630: V/MediaPlayerService(1981): wait for playback complete
11-18 22:51:03.675: D/PowerManagerService(2394): [api] setUserActivityTimeoutOverrideFromWindowManagerInternal: timeoutMillis: 10000
11-18 22:51:03.680: V/TAG(2394): bug 7643792: fitSystemWindows([0,0][0,0])
11-18 22:51:03.680: D/PowerManagerService(2394): [api] setScreenDimDurationOverrideFromWindowManagerInternal: timeoutMillis: 0
11-18 22:51:03.680: D/PowerManagerService(2394): [api] setButtonTimeoutOverrideFromWindowManagerInternal: timeoutMillis: 10000
11-18 22:51:03.695: I/OMXCodec(1981): [OMX.google.vorbis.decoder] End Of Stream
11-18 22:51:03.695: V/AwesomePlayer(1981): postAudioEOS delayUs (0)
11-18 22:51:03.700: V/AwesomePlayer(1981): onCheckAudioStatus
11-18 22:51:03.700: V/AwesomePlayer(1981): onCheckAudioStatus() set AUDIO_AT_EOS flag
11-18 22:51:03.700: V/AwesomePlayer(1981): onStreamDone
11-18 22:51:03.700: V/AwesomePlayer(1981): MEDIA_PLAYBACK_COMPLETE
11-18 22:51:03.700: V/AwesomePlayer(1981): notifyListner_l() msg (2-MEDIA_PLAYBACK_COMPLETE), ext1 (0), ext2 (0)
11-18 22:51:03.700: V/AudioCache(1981): notify(0x4002a008, 2, 0, 0)
11-18 22:51:03.700: V/AudioCache(1981): playback complete - thread will wake up later
11-18 22:51:03.700: V/AwesomePlayer(1981): cancelPlayerEvents (keepNotifications=1)
11-18 22:51:03.700: V/AwesomePlayer(1981): addBatteryData
11-18 22:51:03.700: V/AudioCache(1981): wait - success
11-18 22:51:03.700: V/StagefrightPlayer(1981): reset
11-18 22:51:03.700: V/AwesomePlayer(1981): reset_l()
11-18 22:51:03.700: V/AwesomePlayer(1981): cancelPlayerEvents (keepNotifications=0)
11-18 22:51:03.700: V/AwesomePlayer(1981): mAudioTrackVector clear
11-18 22:51:03.700: I/OMXCodec(1981): [OMX.google.vorbis.decoder] stop() sendCommand(0x78, OMX_CommandStateSet, OMX_StateIdle)
11-18 22:51:03.700: I/AudioPlayer(1981): reset out
11-18 22:51:03.700: V/AwesomePlayer(1981): reset_l() mAudioPlayer successfully deleted
11-18 22:51:03.700: I/SecMediaClock(1981): SecMediaClock destructor
11-18 22:51:03.700: V/AwesomePlayer(1981): mSecMediaClock clear
11-18 22:51:03.700: V/StagefrightPlayer(1981): ~StagefrightPlayer
11-18 22:51:03.700: V/StagefrightPlayer(1981): reset
11-18 22:51:03.700: V/AwesomePlayer(1981): reset_l()
11-18 22:51:03.700: V/AwesomePlayer(1981): cancelPlayerEvents (keepNotifications=0)
11-18 22:51:03.700: V/AwesomePlayer(1981): mAudioTrackVector clear
11-18 22:51:03.700: V/AwesomePlayer(1981): reset_l() mAudioPlayer successfully deleted
11-18 22:51:03.700: V/AwesomePlayer(1981): mSecMediaClock clear
11-18 22:51:03.700: V/AwesomePlayer(1981): destructor
11-18 22:51:03.700: V/AwesomePlayer(1981): reset_l()
11-18 22:51:03.700: V/AwesomePlayer(1981): cancelPlayerEvents (keepNotifications=0)
11-18 22:51:03.700: V/AwesomePlayer(1981): mAudioTrackVector clear
11-18 22:51:03.700: V/AwesomePlayer(1981): reset_l() mAudioPlayer successfully deleted
11-18 22:51:03.700: V/AwesomePlayer(1981): mSecMediaClock clear
11-18 22:51:03.730: D/LSO(2394): Size Changed(1280,1280) : From(0,0) To(720,1280)
11-18 22:51:03.735: I/SurfaceFlinger(1978): id=250 createSurf (720x1280),3 flag=404, TurfaceView
11-18 22:51:03.735: D/SurfaceView(2394): SurfaceView.MyWindow.resized() is call in system process.
11-18 22:51:03.735: V/WindowManager(2394): Window{432ee778 u0 Keyguard}mOrientationRequetedFromKeyguard=true
11-18 22:51:03.735: V/WindowManager(2394): Window{432ee778 u0 Keyguard}mOrientationRequetedFromKeyguard=true
11-18 22:51:03.745: D/STATUSBAR-StatusBarManagerService(2394): manageDisableList what=0x600000 pkg=WindowManager.LayoutParams
11-18 22:51:03.745: D/RestrictionPolicy(2394): isStatusBarExpansionAllowed : true
11-18 22:51:03.750: D/CircleUnlockRipple(2394): showUnlockAffordance startDelay : 250
11-18 22:51:03.750: D/CircleUnlockRippleRenderer(2394): showUnlockAffordance()
11-18 22:51:03.750: D/CircleUnlockRippleRenderer(2394): calledScreenTurnedOn = false
11-18 22:51:03.750: D/KeyguardHostView(2394): Window is focused
11-18 22:51:03.750: D/PhoneStatusBar(2749): disable: < expand icons alerts ticker system_info BACK* HOME* RECENT clock search brightness
> 11-18 22:51:03.760: D/KeyguardClockWidgetService(17217): onReceive action=com.sec.android.widgetapp.KeyguardClock_Start
11-18 22:51:03.760: V/WindowManager(2394): Window{432ee778 u0 Keyguard}mOrientationRequetedFromKeyguard=true
11-18 22:51:03.795: D/KeyguardClockWidgetProvider(17217): refreshSingleClock :{Home} Hour = 22, Min = 51
11-18 22:51:03.855: D/CircleUnlockRippleRenderer(2394): onSurfaceCreated
11-18 22:51:03.895: D/KeyguardClockWidgetProvider(17217): desc Message = Den er 22:51
11-18 22:51:03.920: D/CircleUnlockRippleRenderer(2394): onSurfaceChanged
11-18 22:51:03.920: D/CircleUnlockRippleRenderer(2394): windowWidth = 720, windowHeight = 1280, width = 720, height = 1280
11-18 22:51:03.950: D/dalvikvm(2394): GC_CONCURRENT freed 1631K, 25% free 44556K/59268K, paused 3ms+12ms, total 164ms
11-18 22:51:03.950: D/dalvikvm(2394): WAIT_FOR_CONCURRENT_GC blocked 155ms
11-18 22:51:03.950: V/KeyguardViewManager(2394): dispatchDraw: size=(720x1280)
11-18 22:51:03.950: W/KeyguardViewMediator(2394): wakeUpIfNeeded() mMaybeShow=true mRequestedWakeUp=false mShowing=true
11-18 22:51:03.950: D/KeyguardViewMediator(2394): at com.android.internal.policy.impl.keyguard.KeyguardViewMediator.dumpStackTrack (KeyguardViewMediator.java:1226)
11-18 22:51:03.950: D/KeyguardViewMediator(2394): at com.android.internal.policy.impl.keyguard.KeyguardViewMediator.wakeUpIfNeeded (KeyguardViewMediator.java:1238)
11-18 22:51:03.950: D/KeyguardViewMediator(2394): at com.android.internal.policy.impl.keyguard.KeyguardViewMediator$2.wakeUpIfNeeded (KeyguardViewMediator.java:647)
11-18 22:51:03.955: D/KeyguardViewMediator(2394): at com.android.internal.policy.impl.keyguard.KeyguardViewManager$ViewManagerHost.dispatchDraw (KeyguardViewManager.java:271)
11-18 22:51:03.960: D/SSRMv2:Monitor(2394): SIOP:: AP = 330, Prev AP = 330, Duration = 10010
11-18 22:51:03.975: D/LockPatternUtils(2394): isPcwEnable = null
11-18 22:51:06.450: I/wpa_supplicant(9901): nl80211: Received scan results (3 BSSes)
11-18 22:51:06.450: D/Tethering(2394): interfaceLinkStateChanged wlan0, true
11-18 22:51:06.450: D/Tethering(2394): interfaceStatusChanged wlan0, true
11-18 22:51:06.460: D/SSRMv2:Monitor(2394): SIOP:: AP = 330 (read only)
11-18 22:51:07.460: V/AlarmManager(2394): waitForAlarm result :4
11-18 22:51:08.230: D/KeyguardViewMediator(2394): landscape wakeup time limit expired
11-18 22:51:08.230: V/AlarmManager(2394): waitForAlarm result :4
11-18 22:51:08.230: V/AlarmManager(2394): trigger ELAPSED_REALTIME_WAKEUP or RTC_WAKEUP
11-18 22:51:08.980: D/SSRMv2:Monitor(2394): SIOP:: AP = 330 (read only)
11-18 22:51:11.485: D/SSRMv2:Monitor(2394): SIOP:: AP = 330 (read only)
11-18 22:51:13.245: I/PowerManagerService(2394): [PWL] Off : 15s ago
11-18 22:51:13.990: D/SSRMv2:Monitor(2394): SIOP:: AP = 330, Prev AP = 330, Duration = 10029
11-18 22:51:16.495: D/SSRMv2:Monitor(2394): SIOP:: AP = 330 (read only)
11-18 22:51:18.995: D/SSRMv2:Monitor(2394): SIOP:: AP = 330 (read only)
11-18 22:51:21.500: D/SSRMv2:Monitor(2394): SIOP:: AP = 330 (read only)
11-18 22:51:22.045: E/Watchdog(2394): !@Sync 438
11-18 22:51:22.465: V/AlarmManager(2394): waitForAlarm result :4
11-18 22:51:22.465: V/AlarmManager(2394): trigger ELAPSED_REALTIME_WAKEUP or RTC_WAKEUP
11-18 22:51:22.475: I/wpa_supplicant(9901): Scan requested (ret=0) - scan timeout 30 seconds
11-18 22:51:22.480: V/RealCellState(2911): telephonyManager network type is 13
11-18 22:51:22.480: V/RealCellState(2911): transforming LTE to WCDMA
11-18 22:51:24.000: D/SSRMv2:Monitor(2394): SIOP:: AP = 330, Prev AP = 330, Duration = 10012
11-18 22:51:26.445: I/wpa_supplicant(9901): nl80211: Received scan results (6 BSSes)
11-18 22:51:26.455: D/Tethering(2394): interfaceLinkStateChanged wlan0, true
11-18 22:51:26.455: D/Tethering(2394): interfaceStatusChanged wlan0, true
11-18 22:51:26.500: D/SSRMv2:Monitor(2394): SIOP:: AP = 330 (read only)
11-18 22:51:26.510: D/dalvikvm(2911): GC_CONCURRENT freed 881K, 20% free 12410K/15512K, paused 3ms+3ms, total 36ms
11-18 22:51:26.510: D/dalvikvm(2911): WAIT_FOR_CONCURRENT_GC blocked 22ms
11-18 22:51:27.470: V/AlarmManager(2394): waitForAlarm result :4
11-18 22:51:28.250: I/PowerManagerService(2394): [PWL] Off : 30s ago
11-18 22:51:28.631: V/AlarmManager(2394): waitForAlarm result :4
11-18 22:51:28.631: V/AlarmManager(2394): trigger ELAPSED_REALTIME_WAKEUP or RTC_WAKEUP
11-18 22:51:28.646: V/AlarmManager(2394): waitForAlarm result :4
11-18 22:51:29.010: D/SSRMv2:Monitor(2394): SIOP:: AP = 330 (read only)
11-18 22:51:31.510: D/SSRMv2:Monitor(2394): SIOP:: AP = 330 (read only)
11-18 22:51:34.010: D/SSRMv2:Monitor(2394): SIOP:: AP = 330, Prev AP = 330, Duration = 10012
11-18 22:51:36.515: D/SSRMv2:Monitor(2394): SIOP:: AP = 330 (read only)
11-18 22:51:37.245: D/TimaService(2394): TIMA: TimaService scheduler is intialized.
11-18 22:51:37.245: D/TimaService(2394): TIMA: checkEvent, operation: 50000 subject: 10000
11-18 22:51:37.245: I/TIMA: tlc_communication(2394): Send Trustlet TCI Message
11-18 22:51:37.245: I/TIMA: tlc_communication(2394): mcNotify is completed
11-18 22:51:37.245: I/TIMA: tlc_communication(2394): mcWaitNotification is completed
11-18 22:51:37.245: I/TLC_TIMA_PKM(2394): Trustlet response is completed
11-18 22:51:37.245: I/TLC_TIMA_PKM(2394): TIMA: recv_cmd_id = 2
11-18 22:51:37.245: I/TLC_TIMA_PKM(2394): TIMA: recv_cmd ret = 0, result_ondemand = MSG=Kernel Verification Success;
11-18 22:51:37.245: D/TimaService(2394): TimaServiceHandler.handleMessage what =1
11-18 22:51:37.245: D/TimaService(2394): TIMA MEASUREMENT Result: TIMA_STATUS=0;MSG=Kernel Verification Success;
11-18 22:51:37.245: D/TimaService(2394): TIMA MEASUREMENT success status: TIMA_STATUS=0;MSG=Kernel Verification Success;
11-18 22:51:39.015: D/SSRMv2:Monitor(2394): SIOP:: AP = 330 (read only)
11-18 22:51:41.520: D/SSRMv2:Monitor(2394): SIOP:: AP = 330 (read only)
11-18 22:51:42.480: V/AlarmManager(2394): waitForAlarm result :4
11-18 22:51:42.480: V/AlarmManager(2394): trigger ELAPSED_REALTIME_WAKEUP or RTC_WAKEUP
11-18 22:51:42.485: D/BatteryService(2394): update start
11-18 22:51:42.485: D/BatteryService(2394): level:74, scale:100, status:2, health:2, present:true, voltage: 4094, temperature: 336, technology: Li-ion, AC powered:false, USB powered:true, Wireless powered:false, icon:17303550, invalid charger:0, online:4, charge type:1, current avg:460
11-18 22:51:42.485: D/BatteryService(2394): Sending ACTION_BATTERY_CHANGED.
11-18 22:51:42.485: D/BatteryService(2394): stay LED for charging
11-18 22:51:42.490: D/LockPatternUtils(2394): isPcwEnable = null
11-18 22:51:42.495: D/STATUSBAR-BatteryController(2749): onReceive() - ACTION_BATTERY_CHANGED
11-18 22:51:42.495: D/STATUSBAR-BatteryController(2749): onReceive() - BATTERY_STATUS_CHARGING:
11-18 22:51:42.495: D/STATUSBAR-PhoneStatusBar(2749): mBrightnessEnablebySettings = true mBrightnessEnablebyBattery = true mBrightnessEnablebyDisableFlag = true
11-18 22:51:42.515: I/wpa_supplicant(9901): Scan requested (ret=0) - scan timeout 30 seconds
11-18 22:51:42.515: V/RealCellState(2911): telephonyManager network type is 13
11-18 22:51:42.515: V/RealCellState(2911): transforming LTE to WCDMA
11-18 22:51:44.020: D/SSRMv2:Monitor(2394): SIOP:: AP = 330, Prev AP = 330, Duration = 10007
11-18 22:51:46.490: I/wpa_supplicant(9901): nl80211: Received scan results (4 BSSes)
11-18 22:51:46.490: D/Tethering(2394): interfaceLinkStateChanged wlan0, true
11-18 22:51:46.490: D/Tethering(2394): interfaceStatusChanged wlan0, true
11-18 22:51:46.520: D/SSRMv2:Monitor(2394): SIOP:: AP = 330 (read only)
11-18 22:51:46.575: D/dalvikvm(5065): GC_CONCURRENT freed 392K, 16% free 10819K/12840K, paused 2ms+1ms, total 18ms
11-18 22:51:48.250: I/PowerManagerService(2394): [PWL] Off : 50s ago
11-18 22:51:49.025: D/SSRMv2:Monitor(2394): SIOP:: AP = 330 (read only)
11-18 22:51:51.530: D/SSRMv2:Monitor(2394): SIOP:: AP = 330 (read only)
11-18 22:51:52.045: E/Watchdog(2394): !@Sync 439
11-18 22:51:54.030: D/SSRMv2:Monitor(2394): SIOP:: AP = 330, Prev AP = 330, Duration = 10009
11-18 22:51:54.285: V/AlarmManager(2394): waitForAlarm result :4
11-18 22:51:54.285: V/AlarmManager(2394): trigger ELAPSED_REALTIME_WAKEUP or RTC_WAKEUP
11-18 22:51:54.680: D/dalvikvm(10972): GC_CONCURRENT freed 2391K, 33% free 32350K/47776K, paused 6ms+7ms, total 141ms
11-18 22:51:56.535: D/SSRMv2:Monitor(2394): SIOP:: AP = 330 (read only)
11-18 22:51:59.035: D/SSRMv2:Monitor(2394): SIOP:: AP = 330 (read only)
11-18 22:51:59.995: V/AlarmManager(2394): waitForAlarm result :8
11-18 22:51:59.995: D/KeyguardClockWidgetService(17217): onReceive action=android.intent.action.TIME_TICK
11-18 22:52:00.000: V/AlarmManager(2394): ClockReceiver onReceive() ACTION_TIME_TICK
11-18 22:52:00.025: D/STATUSBAR-IconMerger(2749): checkOverflow(432), More:false, Req:false Child:4
11-18 22:52:01.540: D/SSRMv2:Monitor(2394): SIOP:: AP = 330 (read only)
11-18 22:52:02.505: V/AlarmManager(2394): waitForAlarm result :4
11-18 22:52:02.505: V/AlarmManager(2394): trigger ELAPSED_REALTIME_WAKEUP or RTC_WAKEUP
11-18 22:52:02.520: V/RealCellState(2911): telephonyManager network type is 13
11-18 22:52:02.520: V/RealCellState(2911): transforming LTE to WCDMA
11-18 22:52:02.520: I/wpa_supplicant(9901): Scan requested (ret=0) - scan timeout 30 seconds
11-18 22:52:04.045: D/SSRMv2:Monitor(2394): SIOP:: AP = 330, Prev AP = 330, Duration = 10013
11-18 22:52:06.505: I/wpa_supplicant(9901): nl80211: Received scan results (6 BSSes)
11-18 22:52:06.505: D/Tethering(2394): interfaceLinkStateChanged wlan0, true
11-18 22:52:06.505: D/Tethering(2394): interfaceStatusChanged wlan0, true
11-18 22:52:06.545: D/SSRMv2:Monitor(2394): SIOP:: AP = 330 (read only)
11-18 22:52:09.050: D/SSRMv2:Monitor(2394): SIOP:: AP = 330 (read only)
11-18 22:52:10.740: I/wpa_supplicant(9901): wlan0: CTRL-EVENT-STATE-CHANGE id=2 state=8 BSSID=00:18:e7:ef:2c:e0 SSID=Elvebredd2
11-18 22:52:10.740: I/wpa_supplicant(9901): wlan0: WPA: Group rekeying completed with 00:18:e7:ef:2c:e0 [GTK=TKIP]
11-18 22:52:10.740: I/wpa_supplicant(9901): wlan0: CTRL-EVENT-STATE-CHANGE id=2 state=9 BSSID=00:18:e7:ef:2c:e0 SSID=Elvebredd2
11-18 22:52:11.555: D/SSRMv2:Monitor(2394): SIOP:: AP = 330 (read only)
11-18 22:52:13.255: I/PowerManagerService(2394): [PWL] Off : 75s ago
11-18 22:52:14.050: D/SSRMv2:Monitor(2394): SIOP:: AP = 330, Prev AP = 330, Duration = 10012
11-18 22:52:16.560: D/SSRMv2:Monitor(2394): SIOP:: AP = 330 (read only)
11-18 22:52:19.060: D/SSRMv2:Monitor(2394): SIOP:: AP = 330 (read only)
11-18 22:52:21.565: D/SSRMv2:Monitor(2394): SIOP:: AP = 330 (read only)
11-18 22:52:22.045: E/Watchdog(2394): !@Sync 440
11-18 22:52:22.520: V/AlarmManager(2394): waitForAlarm result :4
11-18 22:52:22.520: V/AlarmManager(2394): trigger ELAPSED_REALTIME_WAKEUP or RTC_WAKEUP
11-18 22:52:22.525: D/BatteryService(2394): update start
11-18 22:52:22.530: D/BatteryService(2394): level:74, scale:100, status:2, health:2, present:true, voltage: 4103, temperature: 329, technology: Li-ion, AC powered:false, USB powered:true, Wireless powered:false, icon:17303550, invalid charger:0, online:4, charge type:1, current avg:460
11-18 22:52:22.530: D/BatteryService(2394): Sending ACTION_BATTERY_CHANGED.
11-18 22:52:22.530: D/STATUSBAR-BatteryController(2749): onReceive() - ACTION_BATTERY_CHANGED
11-18 22:52:22.530: D/STATUSBAR-BatteryController(2749): onReceive() - BATTERY_STATUS_CHARGING:
11-18 22:52:22.535: D/LockPatternUtils(2394): isPcwEnable = null
11-18 22:52:22.535: D/STATUSBAR-PhoneStatusBar(2749): mBrightnessEnablebySettings = true mBrightnessEnablebyBattery = true mBrightnessEnablebyDisableFlag = true
11-18 22:52:22.535: D/BatteryService(2394): stay LED for charging
11-18 22:52:22.555: I/wpa_supplicant(9901): Scan requested (ret=0) - scan timeout 30 seconds
11-18 22:52:22.555: V/RealCellState(2911): telephonyManager network type is 13
11-18 22:52:22.555: V/RealCellState(2911): transforming LTE to WCDMA
11-18 22:52:24.065: D/SSRMv2:Monitor(2394): SIOP:: AP = 330, Prev AP = 330, Duration = 10012
11-18 22:52:26.525: I/wpa_supplicant(9901): nl80211: Received scan results (5 BSSes)
11-18 22:52:26.530: D/Tethering(2394): interfaceLinkStateChanged wlan0, true
11-18 22:52:26.530: D/Tethering(2394): interfaceStatusChanged wlan0, true
11-18 22:52:26.570: D/SSRMv2:Monitor(2394): SIOP:: AP = 330 (read only)
11-18 22:52:26.670: D/dalvikvm(2394): GC_CONCURRENT freed 2112K, 26% free 44441K/59268K, paused 10ms+11ms, total 139ms
11-18 22:52:26.730: D/dalvikvm(2911): GC_CONCURRENT freed 865K, 20% free 12418K/15512K, paused 10ms+3ms, total 39ms
11-18 22:52:26.730: D/dalvikvm(2911): WAIT_FOR_CONCURRENT_GC blocked 20ms
11-18 22:52:29.075: D/SSRMv2:Monitor(2394): SIOP:: AP = 330 (read only)
11-18 22:52:31.575: D/SSRMv2:Monitor(2394): SIOP:: AP = 330 (read only)
11-18 22:52:34.080: D/SSRMv2:Monitor(2394): SIOP:: AP = 330, Prev AP = 330, Duration = 10013
11-18 22:52:36.585: D/SSRMv2:Monitor(2394): SIOP:: AP = 330 (read only)
11-18 22:52:39.086: D/SSRMv2:Monitor(2394): SIOP:: AP = 330 (read only)
11-18 22:52:41.590: D/SSRMv2:Monitor(2394): SIOP:: AP = 330 (read only)
11-18 22:52:42.545: V/AlarmManager(2394): waitForAlarm result :4
11-18 22:52:42.545: V/AlarmManager(2394): trigger ELAPSED_REALTIME_WAKEUP or RTC_WAKEUP
11-18 22:52:42.560: I/wpa_supplicant(9901): Scan requested (ret=0) - scan timeout 30 seconds
11-18 22:52:42.560: V/RealCellState(2911): telephonyManager network type is 13
11-18 22:52:42.560: V/RealCellState(2911): transforming LTE to WCDMA
11-18 22:52:43.255: I/PowerManagerService(2394): [PWL] Off : 105s ago
11-18 22:52:43.255: I/PowerManagerService(2394): [PWL] PowerManagerService.WakeLocks: ref count=1
11-18 22:52:43.255: I/PowerManagerService(2394): [PWL] mWakeLockSummary : 0x1
11-18 22:52:44.090: D/SSRMv2:Monitor(2394): SIOP:: AP = 330, Prev AP = 330, Duration = 10012
11-18 22:52:46.540: I/wpa_supplicant(9901): nl80211: Received scan results (5 BSSes)
11-18 22:52:46.545: D/Tethering(2394): interfaceLinkStateChanged wlan0, true
11-18 22:52:46.545: D/Tethering(2394): interfaceStatusChanged wlan0, true
11-18 22:52:46.590: D/SSRMv2:Monitor(2394): SIOP:: AP = 330 (read only)
11-18 22:52:47.550: V/AlarmManager(2394): waitForAlarm result :4
11-18 22:52:49.100: D/SSRMv2:Monitor(2394): SIOP:: AP = 330 (read only)
11-18 22:52:51.600: D/SSRMv2:Monitor(2394): SIOP:: AP = 330 (read only)
11-18 22:52:52.045: E/Watchdog(2394): !@Sync 441
11-18 22:52:54.100: D/SSRMv2:Monitor(2394): SIOP:: AP = 330, Prev AP = 330, Duration = 10012
11-18 22:52:56.610: D/SSRMv2:Monitor(2394): SIOP:: AP = 330 (read only)
11-18 22:52:58.335: V/AlarmManager(2394): waitForAlarm result :4
11-18 22:52:58.335: V/AlarmManager(2394): trigger ELAPSED_REALTIME_WAKEUP or RTC_WAKEUP
11-18 22:52:58.340: D/BatteryService(2394): update start
11-18 22:52:58.340: D/BatteryService(2394): level:74, scale:100, status:2, health:2, present:true, voltage: 4098, temperature: 335, technology: Li-ion, AC powered:false, USB powered:true, Wireless powered:false, icon:17303550, invalid charger:0, online:4, charge type:1, current avg:460
11-18 22:52:58.340: D/BatteryService(2394): Sending ACTION_BATTERY_CHANGED.
11-18 22:52:58.345: D/LockPatternUtils(2394): isPcwEnable = null
11-18 22:52:58.345: D/BatteryService(2394): stay LED for charging
11-18 22:52:58.355: D/STATUSBAR-BatteryController(2749): onReceive() - ACTION_BATTERY_CHANGED
11-18 22:52:58.355: D/STATUSBAR-BatteryController(2749): onReceive() - BATTERY_STATUS_CHARGING:
11-18 22:52:58.355: D/STATUSBAR-PhoneStatusBar(2749): mBrightnessEnablebySettings = true mBrightnessEnablebyBattery = true mBrightnessEnablebyDisableFlag = true
11-18 22:52:58.355: V/AlarmManager(2394): waitForAlarm result :4
11-18 22:52:58.360: V/AlarmManager(2394): trigger ELAPSED_REALTIME_WAKEUP or RTC_WAKEUP
11-18 22:52:58.395: V/AlarmManager(2394): waitForAlarm result :4
11-18 22:52:58.400: V/AlarmManager(2394): trigger ELAPSED_REALTIME_WAKEUP or RTC_WAKEUP
11-18 22:52:59.110: D/SSRMv2:Monitor(2394): SIOP:: AP = 330 (read only)
11-18 22:52:59.995: V/AlarmManager(2394): waitForAlarm result :8
11-18 22:52:59.995: D/KeyguardClockWidgetService(17217): onReceive action=android.intent.action.TIME_TICK
11-18 22:53:00.000: V/AlarmManager(2394): ClockReceiver onReceive() ACTION_TIME_TICK
11-18 22:53:00.030: D/STATUSBAR-IconMerger(2749): checkOverflow(432), More:false, Req:false Child:4
11-18 22:53:01.615: D/SSRMv2:Monitor(2394): SIOP:: AP = 310 (read only)
11-18 22:53:02.555: V/AlarmManager(2394): waitForAlarm result :4
11-18 22:53:02.555: V/AlarmManager(2394): trigger ELAPSED_REALTIME_WAKEUP or RTC_WAKEUP
11-18 22:53:02.565: I/wpa_supplicant(9901): Scan requested (ret=0) - scan timeout 30 seconds
11-18 22:53:02.565: V/RealCellState(2911): telephonyManager network type is 13
11-18 22:53:02.565: V/RealCellState(2911): transforming LTE to WCDMA
11-18 22:53:04.115: D/SSRMv2:Monitor(2394): SIOP:: AP = 310, Prev AP = 330, Duration = 10012
11-18 22:53:06.545: I/wpa_supplicant(9901): nl80211: Received scan results (4 BSSes)
11-18 22:53:06.550: D/Tethering(2394): interfaceLinkStateChanged wlan0, true
11-18 22:53:06.550: D/Tethering(2394): interfaceStatusChanged wlan0, true
11-18 22:53:06.620: D/SSRMv2:Monitor(2394): SIOP:: AP = 310 (read only)
11-18 22:53:09.126: D/SSRMv2:Monitor(2394): SIOP:: AP = 310 (read only)
11-18 22:53:11.625: D/SSRMv2:Monitor(2394): SIOP:: AP = 310 (read only)
11-18 22:53:14.130: D/SSRMv2:Monitor(2394): SIOP:: AP = 310, Prev AP = 310, Duration = 10012
11-18 22:53:16.630: D/SSRMv2:Monitor(2394): SIOP:: AP = 310 (read only)
11-18 22:53:18.270: I/PowerManagerService(2394): [PWL] Off : 140s ago
11-18 22:53:19.135: D/SSRMv2:Monitor(2394): SIOP:: AP = 310 (read only)
11-18 22:53:21.640: D/SSRMv2:Monitor(2394): SIOP:: AP = 310 (read only)
11-18 22:53:22.045: E/Watchdog(2394): !@Sync 442
11-18 22:53:22.565: V/AlarmManager(2394): waitForAlarm result :4
11-18 22:53:22.565: V/AlarmManager(2394): trigger ELAPSED_REALTIME_WAKEUP or RTC_WAKEUP
11-18 22:53:22.575: V/RealCellState(2911): telephonyManager network type is 13
11-18 22:53:22.575: V/RealCellState(2911): transforming LTE to WCDMA
11-18 22:53:22.575: I/wpa_supplicant(9901): Scan requested (ret=0) - scan timeout 30 seconds
11-18 22:53:24.140: D/SSRMv2:Monitor(2394): SIOP:: AP = 310, Prev AP = 310, Duration = 10012
11-18 22:53:26.565: I/wpa_supplicant(9901): nl80211: Received scan results (5 BSSes)
11-18 22:53:26.565: D/Tethering(2394): interfaceLinkStateChanged wlan0, true
11-18 22:53:26.565: D/Tethering(2394): interfaceStatusChanged wlan0, true
11-18 22:53:26.625: D/dalvikvm(2911): GC_CONCURRENT freed 872K, 20% free 12420K/15512K, paused 3ms+3ms, total 44ms
11-18 22:53:26.625: D/dalvikvm(2911): WAIT_FOR_CONCURRENT_GC blocked 15ms
11-18 22:53:26.640: D/SSRMv2:Monitor(2394): SIOP:: AP = 310 (read only)
11-18 22:53:29.145: D/SSRMv2:Monitor(2394): SIOP:: AP = 310 (read only)
11-18 22:53:31.645: D/SSRMv2:Monitor(2394): SIOP:: AP = 310 (read only)
11-18 22:53:34.150: D/SSRMv2:Monitor(2394): SIOP:: AP = 310, Prev AP = 310, Duration = 10010
11-18 22:53:36.655: D/SSRMv2:Monitor(2394): SIOP:: AP = 310 (read only)
11-18 22:53:39.155: D/SSRMv2:Monitor(2394): SIOP:: AP = 310 (read only)
11-18 22:53:41.660: D/SSRMv2:Monitor(2394): SIOP:: AP = 310 (read only)
11-18 22:53:42.580: V/AlarmManager(2394): waitForAlarm result :4
11-18 22:53:42.580: V/AlarmManager(2394): trigger ELAPSED_REALTIME_WAKEUP or RTC_WAKEUP
11-18 22:53:42.585: D/BatteryService(2394): update start
11-18 22:53:42.585: D/BatteryService(2394): level:74, scale:100, status:2, health:2, present:true, voltage: 4108, temperature: 327, technology: Li-ion, AC powered:false, USB powered:true, Wireless powered:false, icon:17303550, invalid charger:0, online:4, charge type:1, current avg:460
11-18 22:53:42.585: D/BatteryService(2394): Sending ACTION_BATTERY_CHANGED.
11-18 22:53:42.590: D/LockPatternUtils(2394): isPcwEnable = null
11-18 22:53:42.590: D/BatteryService(2394): stay LED for charging
11-18 22:53:42.595: D/STATUSBAR-BatteryController(2749): onReceive() - ACTION_BATTERY_CHANGED
11-18 22:53:42.595: D/STATUSBAR-BatteryController(2749): onReceive() - BATTERY_STATUS_CHARGING:
11-18 22:53:42.595: D/STATUSBAR-PhoneStatusBar(2749): mBrightnessEnablebySettings = true mBrightnessEnablebyBattery = true mBrightnessEnablebyDisableFlag = true
11-18 22:53:42.610: V/RealCellState(2911): telephonyManager network type is 13
11-18 22:53:42.610: V/RealCellState(2911): transforming LTE to WCDMA
11-18 22:53:42.610: I/wpa_supplicant(9901): Scan requested (ret=0) - scan timeout 30 seconds
11-18 22:53:44.165: D/SSRMv2:Monitor(2394): SIOP:: AP = 310, Prev AP = 310, Duration = 10012
11-18 22:53:46.585: I/wpa_supplicant(9901): nl80211: Received scan results (4 BSSes)
11-18 22:53:46.585: D/Tethering(2394): interfaceLinkStateChanged wlan0, true
11-18 22:53:46.585: D/Tethering(2394): interfaceStatusChanged wlan0, true
11-18 22:53:46.665: D/SSRMv2:Monitor(2394): SIOP:: AP = 310 (read only)
11-18 22:53:49.171: D/SSRMv2:Monitor(2394): SIOP:: AP = 310 (read only)
11-18 22:53:51.670: D/SSRMv2:Monitor(2394): SIOP:: AP = 310 (read only)
11-18 22:53:52.045: E/Watchdog(2394): !@Sync 443
11-18 22:53:54.175: D/SSRMv2:Monitor(2394): SIOP:: AP = 310, Prev AP = 310, Duration = 10012
11-18 22:53:56.680: D/SSRMv2:Monitor(2394): SIOP:: AP = 310 (read only)
11-18 22:53:58.280: I/PowerManagerService(2394): [PWL] Off : 180s ago
11-18 22:53:59.181: D/SSRMv2:Monitor(2394): SIOP:: AP = 310 (read only)
11-18 22:53:59.995: V/AlarmManager(2394): waitForAlarm result :8
11-18 22:53:59.995: D/KeyguardClockWidgetService(17217): onReceive action=android.intent.action.TIME_TICK
11-18 22:54:00.000: V/AlarmManager(2394): ClockReceiver onReceive() ACTION_TIME_TICK
11-18 22:54:00.025: D/STATUSBAR-IconMerger(2749): checkOverflow(432), More:false, Req:false Child:4
11-18 22:54:01.685: D/SSRMv2:Monitor(2394): SIOP:: AP = 310 (read only)
11-18 22:54:02.605: V/AlarmManager(2394): waitForAlarm result :4
11-18 22:54:02.605: V/AlarmManager(2394): trigger ELAPSED_REALTIME_WAKEUP or RTC_WAKEUP
11-18 22:54:02.620: V/RealCellState(2911): telephonyManager network type is 13
11-18 22:54:02.620: V/RealCellState(2911): transforming LTE to WCDMA
11-18 22:54:02.620: I/wpa_supplicant(9901): Scan requested (ret=0) - scan timeout 30 seconds
11-18 22:54:04.185: D/SSRMv2:Monitor(2394): SIOP:: AP = 310, Prev AP = 310, Duration = 10012
11-18 22:54:06.600: I/wpa_supplicant(9901): nl80211: Received scan results (5 BSSes)
11-18 22:54:06.605: D/Tethering(2394): interfaceLinkStateChanged wlan0, true
11-18 22:54:06.605: D/Tethering(2394): interfaceStatusChanged wlan0, true
11-18 22:54:06.685: D/SSRMv2:Monitor(2394): SIOP:: AP = 310 (read only)
11-18 22:54:06.745: D/dalvikvm(2394): GC_CONCURRENT freed 2050K, 26% free 44410K/59268K, paused 10ms+16ms, total 142ms
11-18 22:54:09.195: D/SSRMv2:Monitor(2394): SIOP:: AP = 310 (read only)
11-18 22:54:11.695: D/SSRMv2:Monitor(2394): SIOP:: AP = 310 (read only)
11-18 22:54:14.200: D/SSRMv2:Monitor(2394): SIOP:: AP = 310, Prev AP = 310, Duration = 10012
11-18 22:54:16.700: D/SSRMv2:Monitor(2394): SIOP:: AP = 310 (read only)
11-18 22:54:19.206: D/SSRMv2:Monitor(2394): SIOP:: AP = 310 (read only)
11-18 22:54:21.710: D/SSRMv2:Monitor(2394): SIOP:: AP = 310 (read only)
11-18 22:54:22.040: E/Watchdog(2394): !@Sync 444
11-18 22:54:22.620: V/AlarmManager(2394): waitForAlarm result :4
11-18 22:54:22.620: V/AlarmManager(2394): trigger ELAPSED_REALTIME_WAKEUP or RTC_WAKEUP
11-18 22:54:22.625: D/BatteryService(2394): update start
11-18 22:54:22.625: D/BatteryService(2394): level:74, scale:100, status:2, health:2, present:true, voltage: 4091, temperature: 339, technology: Li-ion, AC powered:false, USB powered:true, Wireless powered:false, icon:17303550, invalid charger:0, online:4, charge type:1, current avg:460
11-18 22:54:22.625: D/BatteryService(2394): Sending ACTION_BATTERY_CHANGED.
11-18 22:54:22.630: D/LockPatternUtils(2394): isPcwEnable = null
11-18 22:54:22.630: D/STATUSBAR-BatteryController(2749): onReceive() - ACTION_BATTERY_CHANGED
11-18 22:54:22.630: D/STATUSBAR-BatteryController(2749): onReceive() - BATTERY_STATUS_CHARGING:
11-18 22:54:22.630: D/STATUSBAR-PhoneStatusBar(2749): mBrightnessEnablebySettings = true mBrightnessEnablebyBattery = true mBrightnessEnablebyDisableFlag = true
11-18 22:54:22.635: D/BatteryService(2394): stay LED for charging
11-18 22:54:22.665: I/wpa_supplicant(9901): Scan requested (ret=0) - scan timeout 30 seconds
11-18 22:54:22.665: V/RealCellState(2911): telephonyManager network type is 13
11-18 22:54:22.665: V/RealCellState(2911): transforming LTE to WCDMA
11-18 22:54:22.675: D/LockPatternUtils(2394): isPcwEnable = null
11-18 22:54:22.675: D/LockPatternUtils(2394): isPcwEnable = null
11-18 22:54:22.680: D/LockPatternUtils(2394): isPcwEnable = null
11-18 22:54:24.210: D/SSRMv2:Monitor(2394): SIOP:: AP = 310, Prev AP = 310, Duration = 10012
11-18 22:54:26.640: I/wpa_supplicant(9901): nl80211: Received scan results (4 BSSes)
11-18 22:54:26.650: D/Tethering(2394): interfaceLinkStateChanged wlan0, true
11-18 22:54:26.650: D/Tethering(2394): interfaceStatusChanged wlan0, true
11-18 22:54:26.700: D/dalvikvm(2911): GC_CONCURRENT freed 876K, 20% free 12420K/15512K, paused 14ms+3ms, total 48ms
11-18 22:54:26.700: D/dalvikvm(2911): WAIT_FOR_CONCURRENT_GC blocked 20ms
11-18 22:54:26.710: D/SSRMv2:Monitor(2394): SIOP:: AP = 310 (read only)
11-18 22:54:27.675: E/SELinux(927): Function: selinux_android_load_priority [0], There is no sepolicy file
11-18 22:54:27.675: E/SELinux(927):
11-18 22:54:27.675: E/SELinux(927): Function: selinux_android_load_priority , loading version is VE=SEPF_GT-I9305_4.3_0021
11-18 22:54:27.675: E/SELinux(927):
11-18 22:54:27.675: E/SELinux(927):
11-18 22:54:27.675: E/SELinux(927): selinux_android_seapp_context_reload: seapp_contexts file is loaded from /data/security/spota/seapp_contexts
11-18 22:54:27.720: D/VideoWidget(927): onCreate
11-18 22:54:27.720: D/VideoWidget(927): registerContentObserver
11-18 22:54:27.725: D/VideoWidget(927): onStartCommand
11-18 22:54:27.725: D/VideoWidget(927): bulidUpdate
11-18 22:54:27.730: E/SELinux(941): Function: selinux_android_load_priority [0], There is no sepolicy file
11-18 22:54:27.730: E/SELinux(941):
11-18 22:54:27.730: E/SELinux(941): Function: selinux_android_load_priority , loading version is VE=SEPF_GT-I9305_4.3_0021
11-18 22:54:27.730: E/SELinux(941):
11-18 22:54:27.730: E/SELinux(941):
11-18 22:54:27.735: E/SELinux(941): selinux_android_seapp_context_reload: seapp_contexts file is loaded from /data/security/spota/seapp_contexts
11-18 22:54:27.770: D/dalvikvm(1979): GC_EXPLICIT freed 41K, 12% free 9864K/11196K, paused 1ms+2ms, total 30ms
11-18 22:54:27.795: D/dalvikvm(1979): GC_EXPLICIT freed <1K, 12% free 9864K/11196K, paused 1ms+2ms, total 25ms
11-18 22:54:27.815: D/dalvikvm(1979): GC_EXPLICIT freed <1K, 12% free 9864K/11196K, paused 1ms+5ms, total 22ms
11-18 22:54:27.840: E/SELinux(941): get_selabel_handle: file_contexts is loaded from /file_contexts
11-18 22:54:27.860: D/ContentApp(941): ContentApp()
11-18 22:54:27.860: D/ContentApp(941): create cache if media mounted.. media : mounted
11-18 22:54:27.860: D/MediaProvider(941): Attached volume: internal
11-18 22:54:27.880: D/MediaProvider(941): new PersonDataBaseHelper()
11-18 22:54:27.880: D/MediaScanner(941): Scanner initMutex res = 0
11-18 22:54:27.970: D/MediaProvider(941): Attached volume: external
11-18 22:54:28.005: D/VideoCloudUtil(927): isCloudContent(uri)
11-18 22:54:28.010: D/LockPatternUtils(2394): isPcwEnable = null
11-18 22:54:28.010: D/VideoCloudUtil(927): isCloudContent(string)
11-18 22:54:28.020: D/MtpService(941): addStorageLocked 65537 /storage/emulated/0
11-18 22:54:28.020: E/SELinux(958): Function: selinux_android_load_priority [0], There is no sepolicy file
11-18 22:54:28.020: E/SELinux(958):
11-18 22:54:28.020: E/SELinux(958): Function: selinux_android_load_priority , loading version is VE=SEPF_GT-I9305_4.3_0021
11-18 22:54:28.020: E/SELinux(958):
11-18 22:54:28.020: E/SELinux(958):
11-18 22:54:28.020: E/SELinux(958): selinux_android_seapp_context_reload: seapp_contexts file is loaded from /data/security/spota/seapp_contexts
11-18 22:54:28.025: D/MtpService(941): addStorageLocked 131073 /storage/extSdCard
11-18 22:54:28.060: D/EnterpriseContainerPolicy Service(2394): getContainerId()-->-1
11-18 22:54:28.060: D/EnterpriseDeviceManager(941): ContainerId: 0
11-18 22:54:28.065: W/LicenseLogService(2394): log() is called by non admin
11-18 22:54:28.065: D/MtpService(941): starting MTP server in MTP mode
11-18 22:54:28.065: D/RestrictionPolicy(2394): isUsbMediaPlayerAvailable : true
11-18 22:54:28.080: D/MediaScanner(941): MediaScanner - mSkipList ()
11-18 22:54:28.085: D/MediaScanner(941): Constructor set externalStorageSdPath : /storage/extSdCard
11-18 22:54:28.085: E/MtpServerJNI(941): could not open MTP driver, errno: 2
11-18 22:54:28.085: D/MtpService(941): addStorageLocked 65537 /storage/emulated/0
11-18 22:54:28.085: E/MtpServerJNI(941): server is null in add_storage
11-18 22:54:28.085: D/MtpService(941): addStorageLocked 131073 /storage/extSdCard
11-18 22:54:28.085: E/MtpServerJNI(941): server is null in add_storage
11-18 22:54:28.100: E/MtpServerJNI(941): server is null in run
11-18 22:54:28.100: E/MtpServerJNI(941): server is null in cleanup
11-18 22:54:28.120: D/VideoWidget(927): getWidgetThumbnail
11-18 22:54:28.120: V/MediaPlayerService(1981): Create new media retriever from pid 927
11-18 22:54:28.200: D/dalvikvm(927): GC_FOR_ALLOC freed 147K, 13% free 9953K/11392K, paused 12ms, total 13ms
11-18 22:54:28.200: I/dalvikvm-heap(927): Grow heap (frag case) to 12.733MB for 1843216-byte allocation
11-18 22:54:28.210: D/dalvikvm(927): GC_FOR_ALLOC freed <1K, 11% free 11753K/13196K, paused 11ms, total 11ms
11-18 22:54:28.240: D/dalvikvm(927): GC_CONCURRENT freed 10K, 11% free 11754K/13196K, paused 2ms+1ms, total 29ms
11-18 22:54:28.355: D/dalvikvm(2394): GC_FOR_ALLOC freed 615K, 26% free 44297K/59268K, paused 111ms, total 112ms
11-18 22:54:28.390: D/ProgressBar(2979): setProgress = 7
11-18 22:54:28.390: D/ProgressBar(2979): setProgress = 7, fromUser = false
11-18 22:54:28.390: D/ProgressBar(2979): mProgress = 7mIndeterminate = false, mMin = 0, mMax = 100
11-18 22:54:29.216: D/SSRMv2:Monitor(2394): SIOP:: AP = 310 (read only)
11-18 22:54:31.720: D/SSRMv2:Monitor(2394): SIOP:: AP = 310 (read only)
11-18 22:54:34.220: D/SSRMv2:Monitor(2394): SIOP:: AP = 310, Prev AP = 310, Duration = 10012
11-18 22:54:36.725: D/SSRMv2:Monitor(2394): SIOP:: AP = 310 (read only)
11-18 22:54:39.230: D/SSRMv2:Monitor(2394): SIOP:: AP = 310 (read only)
11-18 22:54:39.340: D/dalvikvm(2394): GC_CONCURRENT freed 1990K, 26% free 44246K/59268K, paused 4ms+10ms, total 116ms
11-18 22:54:41.730: D/SSRMv2:Monitor(2394): SIOP:: AP = 310 (read only)
11-18 22:54:42.660: V/AlarmManager(2394): waitForAlarm result :4
11-18 22:54:42.660: V/AlarmManager(2394): trigger ELAPSED_REALTIME_WAKEUP or RTC_WAKEUP
11-18 22:54:42.675: I/wpa_supplicant(9901): Scan requested (ret=0) - scan timeout 30 seconds
11-18 22:54:42.675: V/RealCellState(2911): telephonyManager network type is 13
11-18 22:54:42.675: V/RealCellState(2911): transforming LTE to WCDMA
11-18 22:54:43.280: I/PowerManagerService(2394): [PWL] Off : 225s ago
11-18 22:54:43.280: I/PowerManagerService(2394): [PWL] PowerManagerService.WakeLocks: ref count=1
11-18 22:54:43.280: I/PowerManagerService(2394): [PWL] mWakeLockSummary : 0x1
11-18 22:54:44.235: D/SSRMv2:Monitor(2394): SIOP:: AP = 310, Prev AP = 310, Duration = 10012
11-18 22:54:46.645: I/wpa_supplicant(9901): nl80211: Received scan results (5 BSSes)
11-18 22:54:46.645: D/Tethering(2394): interfaceLinkStateChanged wlan0, true
11-18 22:54:46.645: D/Tethering(2394): interfaceStatusChanged wlan0, true
11-18 22:54:46.740: D/SSRMv2:Monitor(2394): SIOP:: AP = 310 (read only)
11-18 22:54:49.241: D/SSRMv2:Monitor(2394): SIOP:: AP = 310 (read only)
11-18 22:54:51.745: D/SSRMv2:Monitor(2394): SIOP:: AP = 310 (read only)
11-18 22:54:52.045: E/Watchdog(2394): !@Sync 445
11-18 22:54:54.245: D/SSRMv2:Monitor(2394): SIOP:: AP = 310, Prev AP = 310, Duration = 10012
11-18 22:54:56.751: D/SSRMv2:Monitor(2394): SIOP:: AP = 310 (read only)
11-18 22:54:59.250: D/SSRMv2:Monitor(2394): SIOP:: AP = 310 (read only)
11-18 22:54:59.995: V/AlarmManager(2394): waitForAlarm result :8
11-18 22:55:00.000: D/KeyguardClockWidgetService(17217): onReceive action=android.intent.action.TIME_TICK
11-18 22:55:00.000: V/AlarmManager(2394): ClockReceiver onReceive() ACTION_TIME_TICK
11-18 22:55:00.030: D/STATUSBAR-IconMerger(2749): checkOverflow(432), More:false, Req:false Child:4
11-18 22:55:01.755: D/SSRMv2:Monitor(2394): SIOP:: AP = 310 (read only)
11-18 22:55:02.675: V/AlarmManager(2394): waitForAlarm result :4
11-18 22:55:02.675: V/AlarmManager(2394): trigger ELAPSED_REALTIME_WAKEUP or RTC_WAKEUP
11-18 22:55:02.680: D/BatteryService(2394): update start
11-18 22:55:02.685: D/BatteryService(2394): level:74, scale:100, status:2, health:2, present:true, voltage: 4111, temperature: 331, technology: Li-ion, AC powered:false, USB powered:true, Wireless powered:false, icon:17303550, invalid charger:0, online:4, charge type:1, current avg:460
11-18 22:55:02.685: D/BatteryService(2394): Sending ACTION_BATTERY_CHANGED.
11-18 22:55:02.690: D/LockPatternUtils(2394): isPcwEnable = null
11-18 22:55:02.690: D/STATUSBAR-BatteryController(2749): onReceive() - ACTION_BATTERY_CHANGED
11-18 22:55:02.690: D/STATUSBAR-BatteryController(2749): onReceive() - BATTERY_STATUS_CHARGING:
11-18 22:55:02.690: D/STATUSBAR-PhoneStatusBar(2749): mBrightnessEnablebySettings = true mBrightnessEnablebyBattery = true mBrightnessEnablebyDisableFlag = true
11-18 22:55:02.690: D/BatteryService(2394): stay LED for charging
11-18 22:55:02.710: I/wpa_supplicant(9901): Scan requested (ret=0) - scan timeout 30 seconds
11-18 22:55:02.715: V/RealCellState(2911): telephonyManager network type is 13
11-18 22:55:02.715: V/RealCellState(2911): transforming LTE to WCDMA
11-18 22:55:04.255: D/SSRMv2:Monitor(2394): SIOP:: AP = 300, Prev AP = 310, Duration = 10011
11-18 22:55:06.680: I/wpa_supplicant(9901): nl80211: Received scan results (3 BSSes)
11-18 22:55:06.685: D/Tethering(2394): interfaceLinkStateChanged wlan0, true
11-18 22:55:06.685: D/Tethering(2394): interfaceStatusChanged wlan0, true
11-18 22:55:06.760: D/SSRMv2:Monitor(2394): SIOP:: AP = 300 (read only)
11-18 22:55:09.265: D/SSRMv2:Monitor(2394): SIOP:: AP = 300 (read only)
11-18 22:55:11.765: D/SSRMv2:Monitor(2394): SIOP:: AP = 300 (read only)
11-18 22:55:14.270: D/SSRMv2:Monitor(2394): SIOP:: AP = 300, Prev AP = 300, Duration = 10012
11-18 22:55:16.776: D/SSRMv2:Monitor(2394): SIOP:: AP = 300 (read only)
11-18 22:55:19.275: D/SSRMv2:Monitor(2394): SIOP:: AP = 300 (read only)
11-18 22:55:21.780: D/SSRMv2:Monitor(2394): SIOP:: AP = 300 (read only)
11-18 22:55:22.046: E/Watchdog(2394): !@Sync 446
11-18 22:55:22.701: V/AlarmManager(2394): waitForAlarm result :4
11-18 22:55:22.701: V/AlarmManager(2394): trigger ELAPSED_REALTIME_WAKEUP or RTC_WAKEUP
11-18 22:55:22.715: I/wpa_supplicant(9901): Scan requested (ret=0) - scan timeout 30 seconds
11-18 22:55:22.715: V/RealCellState(2911): telephonyManager network type is 13
11-18 22:55:22.715: V/RealCellState(2911): transforming LTE to WCDMA
11-18 22:55:24.280: D/SSRMv2:Monitor(2394): SIOP:: AP = 300, Prev AP = 300, Duration = 10012
11-18 22:55:26.695: I/wpa_supplicant(9901): nl80211: Received scan results (6 BSSes)
11-18 22:55:26.700: D/Tethering(2394): interfaceLinkStateChanged wlan0, true
11-18 22:55:26.700: D/Tethering(2394): interfaceStatusChanged wlan0, true
11-18 22:55:26.760: D/dalvikvm(2911): GC_CONCURRENT freed 872K, 20% free 12422K/15512K, paused 2ms+3ms, total 52ms
11-18 22:55:26.760: D/dalvikvm(2911): WAIT_FOR_CONCURRENT_GC blocked 18ms
11-18 22:55:26.780: D/SSRMv2:Monitor(2394): SIOP:: AP = 300 (read only)
11-18 22:55:27.705: V/AlarmManager(2394): waitForAlarm result :4
11-18 22:55:29.291: D/SSRMv2:Monitor(2394): SIOP:: AP = 300 (read only)
11-18 22:55:31.790: D/SSRMv2:Monitor(2394): SIOP:: AP = 300 (read only)
11-18 22:55:33.291: I/PowerManagerService(2394): [PWL] Off : 275s ago
11-18 22:55:34.295: D/SSRMv2:Monitor(2394): SIOP:: AP = 310, Prev AP = 300, Duration = 10012
11-18 22:55:36.796: D/SSRMv2:Monitor(2394): SIOP:: AP = 310 (read only)
11-18 22:55:39.300: D/SSRMv2:Monitor(2394): SIOP:: AP = 310 (read only)
11-18 22:55:40.885: V/AlarmManager(2394): waitForAlarm result :4
11-18 22:55:40.885: V/AlarmManager(2394): trigger ELAPSED_REALTIME_WAKEUP or RTC_WAKEUP
11-18 22:55:40.890: D/BatteryService(2394): update start
11-18 22:55:40.895: D/BatteryService(2394): level:75, scale:100, status:2, health:2, present:true, voltage: 4112, temperature: 328, technology: Li-ion, AC powered:false, USB powered:true, Wireless powered:false, icon:17303550, invalid charger:0, online:4, charge type:1, current avg:460
11-18 22:55:40.895: D/BatteryService(2394): Sending ACTION_BATTERY_CHANGED.
11-18 22:55:40.895: D/STATUSBAR-BatteryController(2749): onReceive() - ACTION_BATTERY_CHANGED
11-18 22:55:40.900: D/LockPatternUtils(2394): isPcwEnable = null
11-18 22:55:40.900: D/STATUSBAR-BatteryController(2749): onReceive() - BATTERY_STATUS_CHARGING:
11-18 22:55:40.900: D/STATUSBAR-PhoneStatusBar(2749): mBrightnessEnablebySettings = true mBrightnessEnablebyBattery = true mBrightnessEnablebyDisableFlag = true
11-18 22:55:40.900: D/BatteryService(2394): stay LED for charging
11-18 22:55:41.805: D/SSRMv2:Monitor(2394): SIOP:: AP = 310 (read only)
11-18 22:55:42.710: V/AlarmManager(2394): waitForAlarm result :4
11-18 22:55:42.710: V/AlarmManager(2394): trigger ELAPSED_REALTIME_WAKEUP or RTC_WAKEUP
11-18 22:55:42.725: V/RealCellState(2911): telephonyManager network type is 13
11-18 22:55:42.725: I/wpa_supplicant(9901): Scan requested (ret=0) - scan timeout 30 seconds
11-18 22:55:42.725: V/RealCellState(2911): transforming LTE to WCDMA
11-18 22:55:44.305: D/SSRMv2:Monitor(2394): SIOP:: AP = 310, Prev AP = 310, Duration = 10012
11-18 22:55:46.705: I/wpa_supplicant(9901): nl80211: Received scan results (3 BSSes)
11-18 22:55:46.705: D/Tethering(2394): interfaceLinkStateChanged wlan0, true
11-18 22:55:46.705: D/Tethering(2394): interfaceStatusChanged wlan0, true
11-18 22:55:46.810: D/SSRMv2:Monitor(2394): SIOP:: AP = 310 (read only)
11-18 22:55:49.310: D/SSRMv2:Monitor(2394): SIOP:: AP = 310 (read only)
11-18 22:55:51.815: D/SSRMv2:Monitor(2394): SIOP:: AP = 310 (read only)
11-18 22:55:52.045: E/Watchdog(2394): !@Sync 447
11-18 22:55:54.320: D/SSRMv2:Monitor(2394): SIOP:: AP = 310, Prev AP = 310, Duration = 10012
11-18 22:55:56.821: D/SSRMv2:Monitor(2394): SIOP:: AP = 310 (read only)
11-18 22:55:59.325: D/SSRMv2:Monitor(2394): SIOP:: AP = 310 (read only)
11-18 22:55:59.995: V/AlarmManager(2394): waitForAlarm result :8
11-18 22:55:59.995: D/KeyguardClockWidgetService(17217): onReceive action=android.intent.action.TIME_TICK
11-18 22:56:00.000: V/AlarmManager(2394): ClockReceiver onReceive() ACTION_TIME_TICK
11-18 22:56:00.025: D/STATUSBAR-IconMerger(2749): checkOverflow(432), More:false, Req:false Child:4
11-18 22:56:01.825: D/SSRMv2:Monitor(2394): SIOP:: AP = 310 (read only)
11-18 22:56:02.715: V/AlarmManager(2394): waitForAlarm result :4
11-18 22:56:02.715: V/AlarmManager(2394): trigger ELAPSED_REALTIME_WAKEUP or RTC_WAKEUP
11-18 22:56:02.730: V/RealCellState(2911): telephonyManager network type is 13
11-18 22:56:02.730: V/RealCellState(2911): transforming LTE to WCDMA
11-18 22:56:02.730: I/wpa_supplicant(9901): Scan requested (ret=0) - scan timeout 30 seconds
11-18 22:56:04.330: D/SSRMv2:Monitor(2394): SIOP:: AP = 300, Prev AP = 310, Duration = 10012
11-18 22:56:06.710: I/wpa_supplicant(9901): nl80211: Received scan results (5 BSSes)
11-18 22:56:06.710: D/Tethering(2394): interfaceLinkStateChanged wlan0, true
11-18 22:56:06.710: D/Tethering(2394): interfaceStatusChanged wlan0, true
11-18 22:56:06.770: D/dalvikvm(2911): GC_CONCURRENT freed 882K, 20% free 12416K/15508K, paused 3ms+3ms, total 36ms
11-18 22:56:06.770: D/dalvikvm(2911): WAIT_FOR_CONCURRENT_GC blocked 18ms
11-18 22:56:06.835: D/SSRMv2:Monitor(2394): SIOP:: AP = 300 (read only)
11-18 22:56:09.335: D/SSRMv2:Monitor(2394): SIOP:: AP = 300 (read only)
11-18 22:56:11.840: D/SSRMv2:Monitor(2394): SIOP:: AP = 300 (read only)
11-18 22:56:14.340: D/SSRMv2:Monitor(2394): SIOP:: AP = 300, Prev AP = 300, Duration = 10013
11-18 22:56:16.845: D/SSRMv2:Monitor(2394): SIOP:: AP = 300 (read only)
11-18 22:56:16.965: D/dalvikvm(2394): GC_CONCURRENT freed 1786K, 23% free 44387K/57468K, paused 3ms+12ms, total 122ms
11-18 22:56:19.350: D/SSRMv2:Monitor(2394): SIOP:: AP = 300 (read only)
11-18 22:56:21.850: D/SSRMv2:Monitor(2394): SIOP:: AP = 300 (read only)
11-18 22:56:22.045: E/Watchdog(2394): !@Sync 448
11-18 22:56:22.730: V/AlarmManager(2394): waitForAlarm result :4
11-18 22:56:22.730: V/AlarmManager(2394): trigger ELAPSED_REALTIME_WAKEUP or RTC_WAKEUP
11-18 22:56:22.735: D/BatteryService(2394): update start
11-18 22:56:22.735: D/BatteryService(2394): level:75, scale:100, status:2, health:2, present:true, voltage: 4115, temperature: 325, technology: Li-ion, AC powered:false, USB powered:true, Wireless powered:false, icon:17303550, invalid charger:0, online:4, charge type:1, current avg:460
11-18 22:56:22.735: D/BatteryService(2394): Sending ACTION_BATTERY_CHANGED.
11-18 22:56:22.740: D/STATUSBAR-BatteryController(2749): onReceive() - ACTION_BATTERY_CHANGED
11-18 22:56:22.740: D/STATUSBAR-BatteryController(2749): onReceive() - BATTERY_STATUS_CHARGING:
11-18 22:56:22.740: D/STATUSBAR-PhoneStatusBar(2749): mBrightnessEnablebySettings = true mBrightnessEnablebyBattery = true mBrightnessEnablebyDisableFlag = true
11-18 22:56:22.745: D/LockPatternUtils(2394): isPcwEnable = null
11-18 22:56:22.745: D/BatteryService(2394): stay LED for charging
11-18 22:56:22.760: I/wpa_supplicant(9901): Scan requested (ret=0) - scan timeout 30 seconds
11-18 22:56:22.765: V/RealCellState(2911): telephonyManager network type is 13
11-18 22:56:22.765: V/RealCellState(2911): transforming LTE to WCDMA
11-18 22:56:24.355: D/SSRMv2:Monitor(2394): SIOP:: AP = 300, Prev AP = 300, Duration = 10012
11-18 22:56:26.740: I/wpa_supplicant(9901): nl80211: Received scan results (3 BSSes)
11-18 22:56:26.745: D/Tethering(2394): interfaceLinkStateChanged wlan0, true
11-18 22:56:26.745: D/Tethering(2394): interfaceStatusChanged wlan0, true
11-18 22:56:26.855: D/SSRMv2:Monitor(2394): SIOP:: AP = 300 (read only)
11-18 22:56:28.290: I/PowerManagerService(2394): [PWL] Off : 330s ago
11-18 22:56:29.360: D/SSRMv2:Monitor(2394): SIOP:: AP = 300 (read only)
11-18 22:56:31.866: D/SSRMv2:Monitor(2394): SIOP:: AP = 300 (read only)
11-18 22:56:34.365: D/SSRMv2:Monitor(2394): SIOP:: AP = 300, Prev AP = 300, Duration = 10012
11-18 22:56:36.870: D/SSRMv2:Monitor(2394): SIOP:: AP = 300 (read only)
11-18 22:56:37.245: D/TimaService(2394): TIMA: TimaService scheduler is intialized.
11-18 22:56:37.245: I/TIMA: tlc_communication(2394): Send Trustlet TCI Message
11-18 22:56:37.245: D/TimaService(2394): TimaServiceHandler.handleMessage what =1
11-18 22:56:37.245: D/TimaService(2394): TIMA: checkEvent, operation: 50000 subject: 10000
11-18 22:56:37.250: I/TIMA: tlc_communication(2394): mcNotify is completed
11-18 22:56:37.985: I/TIMA: tlc_communication(2394): mcWaitNotification is completed
11-18 22:56:37.985: I/TLC_TIMA_PKM(2394): Trustlet response is completed
11-18 22:56:37.985: I/TLC_TIMA_PKM(2394): TIMA: recv_cmd_id = 2
11-18 22:56:37.985: I/TLC_TIMA_PKM(2394): TIMA: recv_cmd ret = 0, result_ondemand = MSG=Kernel Verification Success;
11-18 22:56:37.985: D/TimaService(2394): TIMA MEASUREMENT Result: TIMA_STATUS=0;MSG=Kernel Verification Success;
11-18 22:56:37.985: D/TimaService(2394): TIMA MEASUREMENT success status: TIMA_STATUS=0;MSG=Kernel Verification Success;
11-18 22:56:39.370: D/SSRMv2:Monitor(2394): SIOP:: AP = 300 (read only)
11-18 22:56:41.875: D/SSRMv2:Monitor(2394): SIOP:: AP = 300 (read only)
11-18 22:56:42.755: V/AlarmManager(2394): waitForAlarm result :4
11-18 22:56:42.755: V/AlarmManager(2394): trigger ELAPSED_REALTIME_WAKEUP or RTC_WAKEUP
11-18 22:56:42.770: I/wpa_supplicant(9901): Scan requested (ret=0) - scan timeout 30 seconds
11-18 22:56:42.770: V/RealCellState(2911): telephonyManager network type is 13
11-18 22:56:42.770: V/RealCellState(2911): transforming LTE to WCDMA
11-18 22:56:44.380: D/SSRMv2:Monitor(2394): SIOP:: AP = 300, Prev AP = 300, Duration = 10012
11-18 22:56:46.745: I/wpa_supplicant(9901): nl80211: Received scan results (4 BSSes)
11-18 22:56:46.745: D/Tethering(2394): interfaceLinkStateChanged wlan0, true
