11-18 22:43:02.270: D/STATUSBAR-BatteryController(2749): onReceive() - BATTERY_STATUS_CHARGING:
11-18 22:43:02.270: D/STATUSBAR-PhoneStatusBar(2749): mBrightnessEnablebySettings = true mBrightnessEnablebyBattery = true mBrightnessEnablebyDisableFlag = true
11-18 22:43:03.380: D/SSRMv2:Monitor(2394): SIOP:: AP = 330, Prev AP = 330, Duration = 10013
11-18 22:43:04.205: D/STATUSBAR-NetworkController(2749): refreshSignalCluster: data=0 bt=false
11-18 22:43:04.215: D/STATUSBAR-IconMerger(2749): checkOverflow(432), More:false, Req:false Child:4
11-18 22:43:05.525: D/STATUSBAR-NetworkController(2749): onSignalStrengthsChanged signalStrength=SignalStrength: 99 -1 -1 -1 -1 -1 -1 30 -79 -7 254 -1 2147483647 gsm|lte 0x4 level=4
11-18 22:43:05.550: D/dalvikvm(2749): GC_CONCURRENT freed 1382K, 42% free 14572K/24912K, paused 3ms+3ms, total 24ms
11-18 22:43:05.885: D/SSRMv2:Monitor(2394): SIOP:: AP = 330 (read only)
11-18 22:43:06.240: I/wpa_supplicant(9901): nl80211: Received scan results (6 BSSes)
11-18 22:43:06.240: D/Tethering(2394): interfaceLinkStateChanged wlan0, true
11-18 22:43:06.240: D/Tethering(2394): interfaceStatusChanged wlan0, true
11-18 22:43:06.800: D/STATUSBAR-NetworkController(2749): onSignalStrengthsChanged signalStrength=SignalStrength: 99 -1 -1 -1 -1 -1 -1 30 -79 -7 232 -1 2147483647 gsm|lte 0x4 level=4
11-18 22:43:07.210: D/STATUSBAR-NetworkController(2749): refreshSignalCluster: data=0 bt=false
11-18 22:43:07.215: D/STATUSBAR-IconMerger(2749): checkOverflow(432), More:false, Req:false Child:4
11-18 22:43:08.080: D/STATUSBAR-NetworkController(2749): onSignalStrengthsChanged signalStrength=SignalStrength: 99 -1 -1 -1 -1 -1 -1 30 -79 -7 252 -1 2147483647 gsm|lte 0x4 level=4
11-18 22:43:08.390: D/SSRMv2:Monitor(2394): SIOP:: AP = 330 (read only)
11-18 22:43:09.215: D/STATUSBAR-NetworkController(2749): refreshSignalCluster: data=0 bt=false
11-18 22:43:09.215: D/STATUSBAR-IconMerger(2749): checkOverflow(432), More:false, Req:false Child:4
11-18 22:43:09.540: D/SensorService(2394): -0.0 0.4 9.0
11-18 22:43:10.215: D/STATUSBAR-NetworkController(2749): refreshSignalCluster: data=0 bt=false
11-18 22:43:10.215: D/STATUSBAR-IconMerger(2749): checkOverflow(432), More:false, Req:false Child:4
11-18 22:43:10.625: D/STATUSBAR-NetworkController(2749): onSignalStrengthsChanged signalStrength=SignalStrength: 99 -1 -1 -1 -1 -1 -1 30 -80 -7 258 -1 2147483647 gsm|lte 0x3 level=3
11-18 22:43:10.625: D/STATUSBAR-NetworkController(2749): refreshSignalCluster: data=0 bt=false
11-18 22:43:10.635: D/STATUSBAR-IconMerger(2749): checkOverflow(432), More:false, Req:false Child:4
11-18 22:43:10.890: D/SSRMv2:Monitor(2394): SIOP:: AP = 330 (read only)
11-18 22:43:11.920: D/STATUSBAR-NetworkController(2749): onSignalStrengthsChanged signalStrength=SignalStrength: 99 -1 -1 -1 -1 -1 -1 30 -80 -7 212 -1 2147483647 gsm|lte 0x3 level=3
11-18 22:43:12.045: D/dalvikvm(2394): GC_CONCURRENT freed 1948K, 26% free 43896K/59268K, paused 5ms+11ms, total 126ms
11-18 22:43:13.205: D/STATUSBAR-NetworkController(2749): onSignalStrengthsChanged signalStrength=SignalStrength: 99 -1 -1 -1 -1 -1 -1 30 -80 -7 258 -1 2147483647 gsm|lte 0x3 level=3
11-18 22:43:13.395: D/SSRMv2:Monitor(2394): SIOP:: AP = 330, Prev AP = 330, Duration = 10012
11-18 22:43:15.900: D/SSRMv2:Monitor(2394): SIOP:: AP = 330 (read only)
11-18 22:43:16.225: D/STATUSBAR-NetworkController(2749): refreshSignalCluster: data=0 bt=false
11-18 22:43:16.235: D/STATUSBAR-IconMerger(2749): checkOverflow(432), More:false, Req:false Child:4
11-18 22:43:18.230: D/STATUSBAR-NetworkController(2749): refreshSignalCluster: data=0 bt=false
11-18 22:43:18.235: D/STATUSBAR-IconMerger(2749): checkOverflow(432), More:false, Req:false Child:4
11-18 22:43:18.325: D/STATUSBAR-NetworkController(2749): onSignalStrengthsChanged signalStrength=SignalStrength: 99 -1 -1 -1 -1 -1 -1 30 -80 -7 222 -1 2147483647 gsm|lte 0x3 level=3
11-18 22:43:18.400: D/SSRMv2:Monitor(2394): SIOP:: AP = 330 (read only)
11-18 22:43:19.230: D/STATUSBAR-NetworkController(2749): refreshSignalCluster: data=0 bt=false
11-18 22:43:19.235: D/STATUSBAR-IconMerger(2749): checkOverflow(432), More:false, Req:false Child:4
11-18 22:43:19.545: D/SensorService(2394): 0.0 0.4 8.9
11-18 22:43:20.230: D/STATUSBAR-NetworkController(2749): refreshSignalCluster: data=0 bt=false
11-18 22:43:20.235: D/STATUSBAR-IconMerger(2749): checkOverflow(432), More:false, Req:false Child:4
11-18 22:43:20.905: D/SSRMv2:Monitor(2394): SIOP:: AP = 330 (read only)
11-18 22:43:22.035: E/Watchdog(2394): !@Sync 422
11-18 22:43:22.260: V/AlarmManager(2394): waitForAlarm result :4
11-18 22:43:22.260: V/AlarmManager(2394): trigger ELAPSED_REALTIME_WAKEUP or RTC_WAKEUP
11-18 22:43:22.275: I/wpa_supplicant(9901): Scan requested (ret=0) - scan timeout 30 seconds
11-18 22:43:22.275: V/RealCellState(2911): telephonyManager network type is 13
11-18 22:43:22.275: V/RealCellState(2911): transforming LTE to WCDMA
11-18 22:43:23.235: D/STATUSBAR-NetworkController(2749): refreshSignalCluster: data=0 bt=false
11-18 22:43:23.235: D/STATUSBAR-IconMerger(2749): checkOverflow(432), More:false, Req:false Child:4
11-18 22:43:23.405: D/SSRMv2:Monitor(2394): SIOP:: AP = 330, Prev AP = 330, Duration = 10012
11-18 22:43:23.445: D/STATUSBAR-NetworkController(2749): onSignalStrengthsChanged signalStrength=SignalStrength: 99 -1 -1 -1 -1 -1 -1 30 -80 -7 276 -1 2147483647 gsm|lte 0x3 level=3
11-18 22:43:24.240: D/STATUSBAR-NetworkController(2749): refreshSignalCluster: data=0 bt=false
11-18 22:43:24.250: D/STATUSBAR-IconMerger(2749): checkOverflow(432), More:false, Req:false Child:4
11-18 22:43:24.720: D/STATUSBAR-NetworkController(2749): onSignalStrengthsChanged signalStrength=SignalStrength: 99 -1 -1 -1 -1 -1 -1 30 -80 -7 236 -1 2147483647 gsm|lte 0x3 level=3
11-18 22:43:25.240: D/STATUSBAR-NetworkController(2749): refreshSignalCluster: data=0 bt=false
11-18 22:43:25.250: D/STATUSBAR-IconMerger(2749): checkOverflow(432), More:false, Req:false Child:4
11-18 22:43:25.910: D/SSRMv2:Monitor(2394): SIOP:: AP = 330 (read only)
11-18 22:43:26.255: I/wpa_supplicant(9901): nl80211: Received scan results (4 BSSes)
11-18 22:43:26.255: D/Tethering(2394): interfaceLinkStateChanged wlan0, true
11-18 22:43:26.255: D/Tethering(2394): interfaceStatusChanged wlan0, true
11-18 22:43:27.280: D/STATUSBAR-NetworkController(2749): onSignalStrengthsChanged signalStrength=SignalStrength: 99 -1 -1 -1 -1 -1 -1 30 -80 -7 240 -1 2147483647 gsm|lte 0x3 level=3
11-18 22:43:28.245: D/STATUSBAR-NetworkController(2749): refreshSignalCluster: data=0 bt=false
11-18 22:43:28.255: D/STATUSBAR-IconMerger(2749): checkOverflow(432), More:false, Req:false Child:4
11-18 22:43:28.410: D/SSRMv2:Monitor(2394): SIOP:: AP = 330 (read only)
11-18 22:43:29.250: D/STATUSBAR-NetworkController(2749): refreshSignalCluster: data=0 bt=false
11-18 22:43:29.255: D/STATUSBAR-IconMerger(2749): checkOverflow(432), More:false, Req:false Child:4
11-18 22:43:29.555: D/SensorService(2394): 0.0 0.4 8.9
11-18 22:43:30.920: D/SSRMv2:Monitor(2394): SIOP:: AP = 330 (read only)
11-18 22:43:32.255: D/STATUSBAR-NetworkController(2749): refreshSignalCluster: data=0 bt=false
11-18 22:43:32.255: D/STATUSBAR-IconMerger(2749): checkOverflow(432), More:false, Req:false Child:4
11-18 22:43:33.255: D/STATUSBAR-NetworkController(2749): refreshSignalCluster: data=0 bt=false
11-18 22:43:33.270: D/STATUSBAR-IconMerger(2749): checkOverflow(432), More:false, Req:false Child:4
11-18 22:43:33.420: D/SSRMv2:Monitor(2394): SIOP:: AP = 330, Prev AP = 330, Duration = 10013
11-18 22:43:34.255: D/STATUSBAR-NetworkController(2749): refreshSignalCluster: data=0 bt=false
11-18 22:43:34.270: D/STATUSBAR-IconMerger(2749): checkOverflow(432), More:false, Req:false Child:4
11-18 22:43:34.960: D/STATUSBAR-NetworkController(2749): onSignalStrengthsChanged signalStrength=SignalStrength: 99 -1 -1 -1 -1 -1 -1 30 -80 -7 230 -1 2147483647 gsm|lte 0x3 level=3
11-18 22:43:35.925: D/SSRMv2:Monitor(2394): SIOP:: AP = 330 (read only)
11-18 22:43:36.235: D/STATUSBAR-NetworkController(2749): onSignalStrengthsChanged signalStrength=SignalStrength: 99 -1 -1 -1 -1 -1 -1 30 -80 -7 240 -1 2147483647 gsm|lte 0x3 level=3
11-18 22:43:37.265: D/STATUSBAR-NetworkController(2749): refreshSignalCluster: data=0 bt=false
11-18 22:43:37.270: D/STATUSBAR-IconMerger(2749): checkOverflow(432), More:false, Req:false Child:4
11-18 22:43:37.515: D/STATUSBAR-NetworkController(2749): onSignalStrengthsChanged signalStrength=SignalStrength: 99 -1 -1 -1 -1 -1 -1 30 -80 -7 234 -1 2147483647 gsm|lte 0x3 level=3
11-18 22:43:38.265: D/STATUSBAR-NetworkController(2749): refreshSignalCluster: data=0 bt=false
11-18 22:43:38.270: D/STATUSBAR-IconMerger(2749): checkOverflow(432), More:false, Req:false Child:4
11-18 22:43:38.425: D/SSRMv2:Monitor(2394): SIOP:: AP = 330 (read only)
11-18 22:43:38.800: D/STATUSBAR-NetworkController(2749): onSignalStrengthsChanged signalStrength=SignalStrength: 99 -1 -1 -1 -1 -1 -1 30 -80 -7 248 -1 2147483647 gsm|lte 0x3 level=3
11-18 22:43:39.265: D/STATUSBAR-NetworkController(2749): refreshSignalCluster: data=0 bt=false
11-18 22:43:39.270: D/STATUSBAR-IconMerger(2749): checkOverflow(432), More:false, Req:false Child:4
11-18 22:43:39.560: D/SensorService(2394): -0.0 0.5 8.9
11-18 22:43:40.080: D/STATUSBAR-NetworkController(2749): onSignalStrengthsChanged signalStrength=SignalStrength: 99 -1 -1 -1 -1 -1 -1 30 -80 -7 216 -1 2147483647 gsm|lte 0x3 level=3
11-18 22:43:40.270: D/STATUSBAR-NetworkController(2749): refreshSignalCluster: data=0 bt=false
11-18 22:43:40.270: D/STATUSBAR-IconMerger(2749): checkOverflow(432), More:false, Req:false Child:4
11-18 22:43:40.930: D/SSRMv2:Monitor(2394): SIOP:: AP = 330 (read only)
11-18 22:43:42.270: V/AlarmManager(2394): waitForAlarm result :4
11-18 22:43:42.270: V/AlarmManager(2394): trigger ELAPSED_REALTIME_WAKEUP or RTC_WAKEUP
11-18 22:43:42.275: I/wpa_supplicant(9901): Scan requested (ret=0) - scan timeout 30 seconds
11-18 22:43:42.275: D/BatteryService(2394): update start
11-18 22:43:42.275: D/BatteryService(2394): level:72, scale:100, status:2, health:2, present:true, voltage: 4053, temperature: 339, technology: Li-ion, AC powered:false, USB powered:true, Wireless powered:false, icon:17303550, invalid charger:0, online:4, charge type:1, current avg:460
11-18 22:43:42.275: D/BatteryService(2394): Sending ACTION_BATTERY_CHANGED.
11-18 22:43:42.285: D/LockPatternUtils(2394): isPcwEnable = null
11-18 22:43:42.285: V/RealCellState(2911): telephonyManager network type is 13
11-18 22:43:42.285: V/RealCellState(2911): transforming LTE to WCDMA
11-18 22:43:42.285: D/STATUSBAR-BatteryController(2749): onReceive() - ACTION_BATTERY_CHANGED
11-18 22:43:42.285: D/STATUSBAR-BatteryController(2749): onReceive() - BATTERY_STATUS_CHARGING:
11-18 22:43:42.285: D/STATUSBAR-PhoneStatusBar(2749): mBrightnessEnablebySettings = true mBrightnessEnablebyBattery = true mBrightnessEnablebyDisableFlag = true
11-18 22:43:43.435: D/SSRMv2:Monitor(2394): SIOP:: AP = 330, Prev AP = 330, Duration = 10013
11-18 22:43:43.925: D/STATUSBAR-NetworkController(2749): onSignalStrengthsChanged signalStrength=SignalStrength: 99 -1 -1 -1 -1 -1 -1 30 -80 -7 274 -1 2147483647 gsm|lte 0x3 level=3
11-18 22:43:45.200: D/STATUSBAR-NetworkController(2749): onSignalStrengthsChanged signalStrength=SignalStrength: 99 -1 -1 -1 -1 -1 -1 30 -80 -7 230 -1 2147483647 gsm|lte 0x3 level=3
11-18 22:43:45.275: D/STATUSBAR-NetworkController(2749): refreshSignalCluster: data=0 bt=false
11-18 22:43:45.290: D/STATUSBAR-IconMerger(2749): checkOverflow(432), More:false, Req:false Child:4
11-18 22:43:45.935: D/SSRMv2:Monitor(2394): SIOP:: AP = 330 (read only)
11-18 22:43:46.250: I/wpa_supplicant(9901): nl80211: Received scan results (5 BSSes)
11-18 22:43:46.250: D/Tethering(2394): interfaceLinkStateChanged wlan0, true
11-18 22:43:46.250: D/Tethering(2394): interfaceStatusChanged wlan0, true
11-18 22:43:46.295: D/dalvikvm(2911): GC_CONCURRENT freed 872K, 22% free 12412K/15764K, paused 2ms+3ms, total 26ms
11-18 22:43:46.295: D/dalvikvm(2911): WAIT_FOR_CONCURRENT_GC blocked 17ms
11-18 22:43:47.295: E/SELinux(462): Function: selinux_android_load_priority [0], There is no sepolicy file
11-18 22:43:47.295: E/SELinux(462):
11-18 22:43:47.295: E/SELinux(462): Function: selinux_android_load_priority , loading version is VE=SEPF_GT-I9305_4.3_0021
11-18 22:43:47.295: E/SELinux(462):
11-18 22:43:47.295: E/SELinux(462):
11-18 22:43:47.295: E/SELinux(462): selinux_android_seapp_context_reload: seapp_contexts file is loaded from /data/security/spota/seapp_contexts
11-18 22:43:47.765: D/STATUSBAR-NetworkController(2749): onSignalStrengthsChanged signalStrength=SignalStrength: 99 -1 -1 -1 -1 -1 -1 30 -80 -7 204 -1 2147483647 gsm|lte 0x3 level=3
11-18 22:43:48.435: D/SSRMv2:Monitor(2394): SIOP:: AP = 330 (read only)
11-18 22:43:49.040: D/STATUSBAR-NetworkController(2749): onSignalStrengthsChanged signalStrength=SignalStrength: 99 -1 -1 -1 -1 -1 -1 30 -80 -7 242 -1 2147483647 gsm|lte 0x3 level=3
11-18 22:43:49.280: D/STATUSBAR-NetworkController(2749): refreshSignalCluster: data=0 bt=false
11-18 22:43:49.290: D/STATUSBAR-IconMerger(2749): checkOverflow(432), More:false, Req:false Child:4
11-18 22:43:49.560: D/SensorService(2394): 0.0 0.4 8.9
11-18 22:43:50.330: D/STATUSBAR-NetworkController(2749): onSignalStrengthsChanged signalStrength=SignalStrength: 99 -1 -1 -1 -1 -1 -1 29 -80 -7 188 -1 2147483647 gsm|lte 0x3 level=3
11-18 22:43:50.940: D/SSRMv2:Monitor(2394): SIOP:: AP = 330 (read only)
11-18 22:43:51.600: D/STATUSBAR-NetworkController(2749): onSignalStrengthsChanged signalStrength=SignalStrength: 99 -1 -1 -1 -1 -1 -1 31 -80 -7 238 -1 2147483647 gsm|lte 0x3 level=3
11-18 22:43:52.040: E/Watchdog(2394): !@Sync 423
11-18 22:43:52.525: D/STATUSBAR-NetworkController(2749): onReceive() - RSSI_CHANGED_ACTION, WIFI_STATE, NETWORK_STATE
11-18 22:43:52.525: D/STATUSBAR-NetworkController(2749): refreshSignalCluster: data=0 bt=false
11-18 22:43:52.540: D/STATUSBAR-IconMerger(2749): checkOverflow(432), More:false, Req:false Child:4
11-18 22:43:52.875: D/STATUSBAR-NetworkController(2749): onSignalStrengthsChanged signalStrength=SignalStrength: 99 -1 -1 -1 -1 -1 -1 31 -79 -7 248 -1 2147483647 gsm|lte 0x4 level=4
11-18 22:43:52.875: D/STATUSBAR-NetworkController(2749): refreshSignalCluster: data=0 bt=false
11-18 22:43:52.895: D/STATUSBAR-IconMerger(2749): checkOverflow(432), More:false, Req:false Child:4
11-18 22:43:53.285: D/STATUSBAR-NetworkController(2749): refreshSignalCluster: data=0 bt=false
11-18 22:43:53.290: D/STATUSBAR-IconMerger(2749): checkOverflow(432), More:false, Req:false Child:4
11-18 22:43:53.445: D/SSRMv2:Monitor(2394): SIOP:: AP = 330, Prev AP = 330, Duration = 10012
11-18 22:43:54.160: D/STATUSBAR-NetworkController(2749): onSignalStrengthsChanged signalStrength=SignalStrength: 99 -1 -1 -1 -1 -1 -1 31 -79 -7 238 -1 2147483647 gsm|lte 0x4 level=4
11-18 22:43:55.440: D/STATUSBAR-NetworkController(2749): onSignalStrengthsChanged signalStrength=SignalStrength: 99 -1 -1 -1 -1 -1 -1 31 -79 -7 250 -1 2147483647 gsm|lte 0x4 level=4
11-18 22:43:55.535: D/STATUSBAR-NetworkController(2749): onReceive() - RSSI_CHANGED_ACTION, WIFI_STATE, NETWORK_STATE
11-18 22:43:55.535: D/STATUSBAR-NetworkController(2749): refreshSignalCluster: data=0 bt=false
11-18 22:43:55.540: D/STATUSBAR-IconMerger(2749): checkOverflow(432), More:false, Req:false Child:4
11-18 22:43:55.945: D/SSRMv2:Monitor(2394): SIOP:: AP = 330 (read only)
11-18 22:43:57.290: E/SELinux(481): Function: selinux_android_load_priority [0], There is no sepolicy file
11-18 22:43:57.290: E/SELinux(481):
11-18 22:43:57.290: E/SELinux(481): Function: selinux_android_load_priority , loading version is VE=SEPF_GT-I9305_4.3_0021
11-18 22:43:57.290: E/SELinux(481):
11-18 22:43:57.290: E/SELinux(481):
11-18 22:43:57.290: E/SELinux(481): selinux_android_seapp_context_reload: seapp_contexts file is loaded from /data/security/spota/seapp_contexts
11-18 22:43:57.290: D/STATUSBAR-NetworkController(2749): refreshSignalCluster: data=0 bt=false
11-18 22:43:57.310: D/STATUSBAR-IconMerger(2749): checkOverflow(432), More:false, Req:false Child:4
11-18 22:43:57.445: E/ActivityThread(481): Failed to find provider info for com.sec.pcw.device
11-18 22:43:57.600: D/dalvikvm(481): GC_CONCURRENT freed 548K, 16% free 10235K/12072K, paused 3ms+3ms, total 22ms
11-18 22:43:58.005: D/STATUSBAR-NetworkController(2749): onSignalStrengthsChanged signalStrength=SignalStrength: 99 -1 -1 -1 -1 -1 -1 31 -79 -7 276 -1 2147483647 gsm|lte 0x4 level=4
11-18 22:43:58.455: D/SSRMv2:Monitor(2394): SIOP:: AP = 330 (read only)
11-18 22:43:59.275: D/STATUSBAR-NetworkController(2749): onSignalStrengthsChanged signalStrength=SignalStrength: 99 -1 -1 -1 -1 -1 -1 31 -79 -7 266 -1 2147483647 gsm|lte 0x4 level=4
11-18 22:43:59.565: D/SensorService(2394): 0.0 0.4 8.9
11-18 22:43:59.995: V/AlarmManager(2394): waitForAlarm result :8
11-18 22:43:59.995: D/KeyguardClockWidgetService(17217): onReceive action=android.intent.action.TIME_TICK
11-18 22:44:00.000: V/AlarmManager(2394): ClockReceiver onReceive() ACTION_TIME_TICK
11-18 22:44:00.010: D/STATUSBAR-IconMerger(2749): checkOverflow(432), More:false, Req:false Child:4
11-18 22:44:00.025: D/widget(2979): [MSC_HERO_Accu_JB]>>> SM:1292 [0:0] bTCC WCV = 200
11-18 22:44:00.025: D/widget(2979): [MSC_HERO_Accu_JB]>>> WC:1785 [0:0] drw 2nd Tm dt
11-18 22:44:00.295: D/STATUSBAR-NetworkController(2749): refreshSignalCluster: data=0 bt=false
11-18 22:44:00.310: D/STATUSBAR-IconMerger(2749): checkOverflow(432), More:false, Req:false Child:4
11-18 22:44:00.565: D/STATUSBAR-NetworkController(2749): onSignalStrengthsChanged signalStrength=SignalStrength: 99 -1 -1 -1 -1 -1 -1 31 -79 -7 230 -1 2147483647 gsm|lte 0x4 level=4
11-18 22:44:00.955: D/SSRMv2:Monitor(2394): SIOP:: AP = 330 (read only)
11-18 22:44:01.295: D/STATUSBAR-NetworkController(2749): refreshSignalCluster: data=0 bt=false
11-18 22:44:01.310: D/STATUSBAR-IconMerger(2749): checkOverflow(432), More:false, Req:false Child:4
11-18 22:44:01.845: D/STATUSBAR-NetworkController(2749): onSignalStrengthsChanged signalStrength=SignalStrength: 99 -1 -1 -1 -1 -1 -1 31 -79 -7 252 -1 2147483647 gsm|lte 0x4 level=4
11-18 22:44:02.275: V/AlarmManager(2394): waitForAlarm result :4
11-18 22:44:02.275: V/AlarmManager(2394): trigger ELAPSED_REALTIME_WAKEUP or RTC_WAKEUP
11-18 22:44:02.285: I/wpa_supplicant(9901): Scan requested (ret=0) - scan timeout 30 seconds
11-18 22:44:02.285: V/RealCellState(2911): telephonyManager network type is 13
11-18 22:44:02.285: V/RealCellState(2911): transforming LTE to WCDMA
11-18 22:44:02.295: D/STATUSBAR-NetworkController(2749): refreshSignalCluster: data=0 bt=false
11-18 22:44:02.310: D/STATUSBAR-IconMerger(2749): checkOverflow(432), More:false, Req:false Child:4
11-18 22:44:03.460: D/SSRMv2:Monitor(2394): SIOP:: AP = 330, Prev AP = 330, Duration = 10013
11-18 22:44:04.305: D/STATUSBAR-NetworkController(2749): refreshSignalCluster: data=0 bt=false
11-18 22:44:04.310: D/STATUSBAR-IconMerger(2749): checkOverflow(432), More:false, Req:false Child:4
11-18 22:44:04.375: V/AlarmManager(2394): waitForAlarm result :8
11-18 22:44:04.395: D/STATUSBAR-NetworkController(2749): onSignalStrengthsChanged signalStrength=SignalStrength: 99 -1 -1 -1 -1 -1 -1 30 -79 -7 276 -1 2147483647 gsm|lte 0x4 level=4
11-18 22:44:04.415: I/BackGroundService(3491): SSLog#> PD94bWwgdmVyc2lvbj0iMS4wIiBlbmNvZGluZz0iVVRGLTgiPz4KPGFwcF9saXN0Pgo8bmF0aW9u
11-18 22:44:04.415: I/BackGroundService(3491): PjI0MjwvbmF0aW9uPgo8b3M+MTg8L29zPgo8c2VyaWFsPjQzMDBlMGQ0NTMxYTgwOGY8L3Nlcmlh
11-18 22:44:04.415: I/BackGroundService(3491): bD4KPGltZWk+LTI1MTM5OTM1ODwvaW1laT4KPHJlc29sdXRpb24+NzIwPC9yZXNvbHV0aW9uPgo8
11-18 22:44:04.415: I/BackGroundService(3491): dXVpZD5mZmZmZmZmZi1kOWQ5LWNjNDItZjEwMy1mMzQyNGQ5ZWEyMzY8L3V1aWQ+CjxzbnN1c2Vy
11-18 22:44:04.415: I/BackGroundService(3491): aWQ+PC9zbnN1c2VyaWQ+CjxzbnM+PC9zbnM+CjxpbnN0YWxsX2FwcHM+CjxwYWNrYWdlbmFtZT5u
11-18 22:44:04.415: I/BackGroundService(3491): by5yZW1hLnVuZGVyaHVuZHJlbGFwcGVuPC9wYWNrYWdlbmFtZT4KPHBhY2thZ2VuYW1lPmNvbS5z
11-18 22:44:04.415: I/BackGroundService(3491): aGF6YW0uYW5kcm9pZDwvcGFja2FnZW5hbWU+CjwvaW5zdGFsbF9hcHBzPgo8ZGVsZXRlX2FwcHM+
11-18 22:44:04.415: I/BackGroundService(3491): CjxwYWNrYWdlbmFtZT5uby5yZW1hLnVuZGVyaHVuZHJlbGFwcGVuPC9wYWNrYWdlbmFtZT4KPHBh
11-18 22:44:04.415: I/BackGroundService(3491): Y2thZ2VuYW1lPmNvbS5zaGF6YW0uYW5kcm9pZDwvcGFja2FnZW5hbWU+CjwvZGVsZXRlX2FwcHM+
11-18 22:44:04.415: I/BackGroundService(3491): CjxydW5fYXBwcz4KPC9ydW5fYXBwcz4KPC9hcHBfbGlzdD4K
11-18 22:44:04.415: I/BackGroundService(3491): <#SSLog
11-18 22:44:04.580: W/System.err(3491): java.net.UnknownHostException: Unable to resolve host "web1-main.ssuggest.com": No address associated with hostname
11-18 22:44:04.580: W/System.err(3491): at java.net.InetAddress.lookupHostByName(InetAddress.java:424)
11-18 22:44:04.580: W/System.err(3491): at java.net.InetAddress.getAllByNameImpl(InetAddress.java:236)
11-18 22:44:04.580: W/System.err(3491): at java.net.InetAddress.getAllByName(InetAddress.java:214)
11-18 22:44:04.580: W/System.err(3491): at org.apache.http.impl.conn.DefaultClientConnectionOperator.openConnection(DefaultClientConnectionOperator.java:137)
11-18 22:44:04.580: W/System.err(3491): at org.apache.http.impl.conn.AbstractPoolEntry.open(AbstractPoolEntry.java:164)
11-18 22:44:04.580: W/System.err(3491): at org.apache.http.impl.conn.AbstractPooledConnAdapter.open(AbstractPooledConnAdapter.java:119)
11-18 22:44:04.580: W/System.err(3491): at org.apache.http.impl.client.DefaultRequestDirector.execute(DefaultRequestDirector.java:360)
11-18 22:44:04.580: W/System.err(3491): at org.apache.http.impl.client.AbstractHttpClient.execute(AbstractHttpClient.java:670)
11-18 22:44:04.580: W/System.err(3491): at org.apache.http.impl.client.AbstractHttpClient.execute(AbstractHttpClient.java:509)
11-18 22:44:04.580: W/System.err(3491): at org.apache.http.impl.client.AbstractHttpClient.execute(AbstractHttpClient.java:487)
11-18 22:44:04.580: W/System.err(3491): at com.tgrape.android.radar.util.Utils.requestPostEntity(Utils.java:460)
11-18 22:44:04.580: W/System.err(3491): at com.tgrape.android.radar.service.BackGroundService$AsyncServerSendTask.sendInfo(BackGroundService.java:997)
11-18 22:44:04.580: W/System.err(3491): at com.tgrape.android.radar.service.BackGroundService$AsyncServerSendTask.doInBackground(BackGroundService.java:918)
11-18 22:44:04.580: W/System.err(3491): at com.tgrape.android.radar.service.BackGroundService$AsyncServerSendTask.doInBackground(BackGroundService.java:1)
11-18 22:44:04.585: W/System.err(3491): at android.os.AsyncTask$2.call(AsyncTask.java:287)
11-18 22:44:04.585: W/System.err(3491): at java.util.concurrent.FutureTask.run(FutureTask.java:234)
11-18 22:44:04.585: W/System.err(3491): at java.util.concurrent.ThreadPoolExecutor.runWorker(ThreadPoolExecutor.java:1080)
11-18 22:44:04.585: W/System.err(3491): at java.util.concurrent.ThreadPoolExecutor$Worker.run(ThreadPoolExecutor.java:573)
11-18 22:44:04.585: W/System.err(3491): at java.lang.Thread.run(Thread.java:841)
11-18 22:44:04.585: W/System.err(3491): Caused by: libcore.io.GaiException: getaddrinfo failed: EAI_NODATA (No address associated with hostname)
11-18 22:44:04.585: W/System.err(3491): at libcore.io.Posix.getaddrinfo(Native Method)
11-18 22:44:04.585: W/System.err(3491): at libcore.io.ForwardingOs.getaddrinfo(ForwardingOs.java:61)
11-18 22:44:04.585: W/System.err(3491): at java.net.InetAddress.lookupHostByName(InetAddress.java:405)
11-18 22:44:04.585: W/System.err(3491): ... 18 more
11-18 22:44:05.305: D/STATUSBAR-NetworkController(2749): refreshSignalCluster: data=0 bt=false
11-18 22:44:05.310: D/STATUSBAR-IconMerger(2749): checkOverflow(432), More:false, Req:false Child:4
11-18 22:44:05.675: D/STATUSBAR-NetworkController(2749): onSignalStrengthsChanged signalStrength=SignalStrength: 99 -1 -1 -1 -1 -1 -1 31 -79 -7 236 -1 2147483647 gsm|lte 0x4 level=4
11-18 22:44:05.960: D/SSRMv2:Monitor(2394): SIOP:: AP = 330 (read only)
11-18 22:44:06.275: I/wpa_supplicant(9901): nl80211: Received scan results (3 BSSes)
11-18 22:44:06.275: D/Tethering(2394): interfaceLinkStateChanged wlan0, true
11-18 22:44:06.275: D/Tethering(2394): interfaceStatusChanged wlan0, true
11-18 22:44:06.305: D/STATUSBAR-NetworkController(2749): refreshSignalCluster: data=0 bt=false
11-18 22:44:06.310: D/STATUSBAR-IconMerger(2749): checkOverflow(432), More:false, Req:false Child:4
11-18 22:44:06.960: D/STATUSBAR-NetworkController(2749): onSignalStrengthsChanged signalStrength=SignalStrength: 99 -1 -1 -1 -1 -1 -1 31 -79 -7 244 -1 2147483647 gsm|lte 0x4 level=4
11-18 22:44:07.290: E/SELinux(508): Function: selinux_android_load_priority [0], There is no sepolicy file
11-18 22:44:07.290: E/SELinux(508):
11-18 22:44:07.290: E/SELinux(508): Function: selinux_android_load_priority , loading version is VE=SEPF_GT-I9305_4.3_0021
11-18 22:44:07.290: E/SELinux(508):
11-18 22:44:07.290: E/SELinux(508):
11-18 22:44:07.290: E/SELinux(508): selinux_android_seapp_context_reload: seapp_contexts file is loaded from /data/security/spota/seapp_contexts
11-18 22:44:07.365: I/VlingoApplication(508): VlingoApplication appVersion ='11.2.2.0.25723', ro.csc.sales_code=NEE
11-18 22:44:07.440: D/BluetoothAdapter(508): 1115657472: getState() : mService = null. Returning STATE_OFF
11-18 22:44:07.440: D/BluetoothAdapter(508): 1115657472: getState() : mService = null. Returning STATE_OFF
11-18 22:44:07.440: D/BluetoothAdapter(508): 1115657472: getState() : mService = null. Returning STATE_OFF
11-18 22:44:07.440: D/BluetoothAdapter(508): 1115657472: getState() : mService = null. Returning STATE_OFF
11-18 22:44:07.440: D/BluetoothAdapter(508): 1115657472: getState() : mService = null. Returning STATE_OFF
11-18 22:44:07.440: D/BluetoothAdapter(508): 1115657472: getState() : mService = null. Returning STATE_OFF
11-18 22:44:07.460: W/LicenseLogService(2394): log() is called by non admin
11-18 22:44:07.460: W/LicenseLogService(2394): log() is called by non admin
11-18 22:44:07.500: D/dalvikvm(508): GC_CONCURRENT freed 471K, 15% free 10363K/12124K, paused 1ms+2ms, total 18ms
11-18 22:44:07.535: V/MediaPlayer-JNI(508): native_setup
11-18 22:44:07.535: V/MediaPlayer(508): constructor
11-18 22:44:07.540: V/MediaPlayer(508): setListener
11-18 22:44:07.555: E/SELinux(525): Function: selinux_android_load_priority [0], There is no sepolicy file
11-18 22:44:07.555: E/SELinux(525):
11-18 22:44:07.555: E/SELinux(525): Function: selinux_android_load_priority , loading version is VE=SEPF_GT-I9305_4.3_0021
11-18 22:44:07.555: E/SELinux(525):
11-18 22:44:07.555: E/SELinux(525):
11-18 22:44:07.555: E/SELinux(525): selinux_android_seapp_context_reload: seapp_contexts file is loaded from /data/security/spota/seapp_contexts
11-18 22:44:07.560: I/TextToSpeech(508): Sucessfully bound to com.samsung.SMT
11-18 22:44:07.675: D/dalvikvm(525): GC_CONCURRENT freed 951K, 19% free 9938K/12176K, paused 2ms+1ms, total 17ms
11-18 22:44:07.675: D/dalvikvm(525): WAIT_FOR_CONCURRENT_GC blocked 5ms
11-18 22:44:07.740: D/dalvikvm(525): GC_CONCURRENT freed 1020K, 19% free 9939K/12248K, paused 1ms+1ms, total 13ms
11-18 22:44:07.840: D/dalvikvm(525): GC_CONCURRENT freed 1533K, 23% free 9939K/12760K, paused 1ms+2ms, total 16ms
11-18 22:44:07.875: D/dalvikvm(525): GC_CONCURRENT freed 512K, 23% free 9938K/12760K, paused 1ms+1ms, total 12ms
11-18 22:44:07.875: D/dalvikvm(525): WAIT_FOR_CONCURRENT_GC blocked 3ms
11-18 22:44:07.895: E/Samsung TTS(525): onIsLanguageAvailable() - lang : nob, country : NOR, variant : , iResult : -2
11-18 22:44:07.895: E/(525): Samsung TTS Engine - initialize() : Samsung TTS Engine (released - 201302151)
11-18 22:44:07.895: E/(525): Samsung TTS Engine - initialize() : ro.product.manufacturer - samsung
11-18 22:44:07.935: D/dalvikvm(525): GC_CONCURRENT freed 243K, 21% free 10164K/12760K, paused 2ms+2ms, total 14ms
11-18 22:44:07.940: I/TextToSpeech(508): Connected to ComponentInfo{com.samsung.SMT/com.samsung.SMT.SamsungTTSService}
11-18 22:44:07.945: I/TextToSpeech(508): Set up connection to ComponentInfo{com.samsung.SMT/com.samsung.SMT.SamsungTTSService}
11-18 22:44:08.065: E/Samsung TTS(525): onIsLanguageAvailable() - lang : eng, country : USA, variant : , iResult : 1
11-18 22:44:08.065: E/Samsung TTS(525): onIsLanguageAvailable() - lang : eng, country : USA, variant : , iResult : 1
11-18 22:44:08.065: E/Samsung TTS(525): onLoadLanguage() - LANG_COUNTRY_AVAILABLE
11-18 22:44:08.065: E/Samsung TTS(525): onLoadLanguage() - lang : eng, country : USA, variant : f01
11-18 22:44:08.305: D/STATUSBAR-NetworkController(2749): refreshSignalCluster: data=0 bt=false
11-18 22:44:08.310: D/STATUSBAR-IconMerger(2749): checkOverflow(432), More:false, Req:false Child:4
11-18 22:44:08.460: D/SSRMv2:Monitor(2394): SIOP:: AP = 330 (read only)
11-18 22:44:09.310: D/STATUSBAR-NetworkController(2749): refreshSignalCluster: data=0 bt=false
11-18 22:44:09.325: D/STATUSBAR-IconMerger(2749): checkOverflow(432), More:false, Req:false Child:4
11-18 22:44:09.570: D/SensorService(2394): -0.0 0.4 8.9
11-18 22:44:10.315: D/STATUSBAR-NetworkController(2749): refreshSignalCluster: data=0 bt=false
11-18 22:44:10.325: D/STATUSBAR-IconMerger(2749): checkOverflow(432), More:false, Req:false Child:4
11-18 22:44:10.805: D/STATUSBAR-NetworkController(2749): onSignalStrengthsChanged signalStrength=SignalStrength: 99 -1 -1 -1 -1 -1 -1 31 -79 -8 238 -1 2147483647 gsm|lte 0x4 level=4
11-18 22:44:10.970: D/SSRMv2:Monitor(2394): SIOP:: AP = 330 (read only)
11-18 22:44:12.070: D/STATUSBAR-NetworkController(2749): onSignalStrengthsChanged signalStrength=SignalStrength: 99 -1 -1 -1 -1 -1 -1 31 -79 -7 254 -1 2147483647 gsm|lte 0x4 level=4
11-18 22:44:13.320: D/STATUSBAR-NetworkController(2749): refreshSignalCluster: data=0 bt=false
11-18 22:44:13.330: D/STATUSBAR-IconMerger(2749): checkOverflow(432), More:false, Req:false Child:4
11-18 22:44:13.355: D/STATUSBAR-NetworkController(2749): onSignalStrengthsChanged signalStrength=SignalStrength: 99 -1 -1 -1 -1 -1 -1 31 -79 -7 236 -1 2147483647 gsm|lte 0x4 level=4
11-18 22:44:13.465: D/SSRMv2:Monitor(2394): SIOP:: AP = 330, Prev AP = 330, Duration = 10010
11-18 22:44:14.320: D/STATUSBAR-NetworkController(2749): refreshSignalCluster: data=0 bt=false
11-18 22:44:14.330: D/STATUSBAR-IconMerger(2749): checkOverflow(432), More:false, Req:false Child:4
11-18 22:44:14.640: D/STATUSBAR-NetworkController(2749): onSignalStrengthsChanged signalStrength=SignalStrength: 99 -1 -1 -1 -1 -1 -1 31 -79 -7 272 -1 2147483647 gsm|lte 0x4 level=4
11-18 22:44:15.325: D/STATUSBAR-NetworkController(2749): refreshSignalCluster: data=0 bt=false
11-18 22:44:15.330: D/STATUSBAR-IconMerger(2749): checkOverflow(432), More:false, Req:false Child:4
11-18 22:44:15.925: D/STATUSBAR-NetworkController(2749): onSignalStrengthsChanged signalStrength=SignalStrength: 99 -1 -1 -1 -1 -1 -1 31 -79 -7 244 -1 2147483647 gsm|lte 0x4 level=4
11-18 22:44:15.975: D/SSRMv2:Monitor(2394): SIOP:: AP = 330 (read only)
11-18 22:44:18.325: D/STATUSBAR-NetworkController(2749): refreshSignalCluster: data=0 bt=false
11-18 22:44:18.330: D/STATUSBAR-IconMerger(2749): checkOverflow(432), More:false, Req:false Child:4
11-18 22:44:18.475: D/SSRMv2:Monitor(2394): SIOP:: AP = 330 (read only)
11-18 22:44:19.580: D/SensorService(2394): 0.0 0.4 8.9
11-18 22:44:20.980: D/SSRMv2:Monitor(2394): SIOP:: AP = 330 (read only)
11-18 22:44:21.045: D/STATUSBAR-NetworkController(2749): onSignalStrengthsChanged signalStrength=SignalStrength: 99 -1 -1 -1 -1 -1 -1 29 -79 -7 222 -1 2147483647 gsm|lte 0x4 level=4
11-18 22:44:22.035: E/Watchdog(2394): !@Sync 424
11-18 22:44:22.290: V/AlarmManager(2394): waitForAlarm result :4
11-18 22:44:22.290: V/AlarmManager(2394): trigger ELAPSED_REALTIME_WAKEUP or RTC_WAKEUP
11-18 22:44:22.290: D/BatteryService(2394): update start
11-18 22:44:22.290: D/BatteryService(2394): level:72, scale:100, status:2, health:2, present:true, voltage: 4056, temperature: 337, technology: Li-ion, AC powered:false, USB powered:true, Wireless powered:false, icon:17303550, invalid charger:0, online:4, charge type:1, current avg:460
11-18 22:44:22.290: D/BatteryService(2394): Sending ACTION_BATTERY_CHANGED.
11-18 22:44:22.295: D/STATUSBAR-BatteryController(2749): onReceive() - ACTION_BATTERY_CHANGED
11-18 22:44:22.295: D/STATUSBAR-BatteryController(2749): onReceive() - BATTERY_STATUS_CHARGING:
11-18 22:44:22.295: D/STATUSBAR-PhoneStatusBar(2749): mBrightnessEnablebySettings = true mBrightnessEnablebyBattery = true mBrightnessEnablebyDisableFlag = true
11-18 22:44:22.300: D/LockPatternUtils(2394): isPcwEnable = null
11-18 22:44:22.300: I/wpa_supplicant(9901): Scan requested (ret=0) - scan timeout 30 seconds
11-18 22:44:22.310: V/RealCellState(2911): telephonyManager network type is 13
11-18 22:44:22.310: V/RealCellState(2911): transforming LTE to WCDMA
11-18 22:44:22.430: D/dalvikvm(2394): GC_CONCURRENT freed 1874K, 26% free 43959K/59268K, paused 4ms+13ms, total 130ms
11-18 22:44:23.330: D/STATUSBAR-NetworkController(2749): refreshSignalCluster: data=0 bt=false
11-18 22:44:23.345: D/STATUSBAR-IconMerger(2749): checkOverflow(432), More:false, Req:false Child:4
11-18 22:44:23.480: D/SSRMv2:Monitor(2394): SIOP:: AP = 330, Prev AP = 330, Duration = 10013
11-18 22:44:23.600: D/STATUSBAR-NetworkController(2749): onSignalStrengthsChanged signalStrength=SignalStrength: 99 -1 -1 -1 -1 -1 -1 30 -79 -7 240 -1 2147483647 gsm|lte 0x4 level=4
11-18 22:44:24.880: D/STATUSBAR-NetworkController(2749): onSignalStrengthsChanged signalStrength=SignalStrength: 99 -1 -1 -1 -1 -1 -1 30 -79 -7 232 -1 2147483647 gsm|lte 0x4 level=4
11-18 22:44:25.985: D/SSRMv2:Monitor(2394): SIOP:: AP = 330 (read only)
11-18 22:44:26.160: D/STATUSBAR-NetworkController(2749): onSignalStrengthsChanged signalStrength=SignalStrength: 99 -1 -1 -1 -1 -1 -1 30 -79 -7 248 -1 2147483647 gsm|lte 0x4 level=4
11-18 22:44:26.280: I/wpa_supplicant(9901): nl80211: Received scan results (4 BSSes)
11-18 22:44:26.280: D/Tethering(2394): interfaceLinkStateChanged wlan0, true
11-18 22:44:26.280: D/Tethering(2394): interfaceStatusChanged wlan0, true
11-18 22:44:26.335: D/STATUSBAR-NetworkController(2749): refreshSignalCluster: data=0 bt=false
11-18 22:44:26.345: D/STATUSBAR-IconMerger(2749): checkOverflow(432), More:false, Req:false Child:4
11-18 22:44:27.295: V/AlarmManager(2394): waitForAlarm result :4
11-18 22:44:28.340: D/STATUSBAR-NetworkController(2749): refreshSignalCluster: data=0 bt=false
11-18 22:44:28.345: D/STATUSBAR-IconMerger(2749): checkOverflow(432), More:false, Req:false Child:4
11-18 22:44:28.485: D/SSRMv2:Monitor(2394): SIOP:: AP = 330 (read only)
11-18 22:44:29.580: D/SensorService(2394): 0.0 0.5 8.9
11-18 22:44:30.005: D/STATUSBAR-NetworkController(2749): onSignalStrengthsChanged signalStrength=SignalStrength: 99 -1 -1 -1 -1 -1 -1 30 -79 -7 274 -1 2147483647 gsm|lte 0x4 level=4
11-18 22:44:30.250: V/AlarmManager(2394): waitForAlarm result :4
11-18 22:44:30.250: V/AlarmManager(2394): trigger ELAPSED_REALTIME_WAKEUP or RTC_WAKEUP
11-18 22:44:30.300: D/GCM(2993): Message class com.google.e.a.a.h
11-18 22:44:30.340: D/STATUSBAR-NetworkController(2749): refreshSignalCluster: data=0 bt=false
11-18 22:44:30.350: D/STATUSBAR-IconMerger(2749): checkOverflow(432), More:false, Req:false Child:4
11-18 22:44:30.805: D/ConnectivityService(2394): handleInetConditionHoldEnd: net=1, condition=100, published condition=100
11-18 22:44:30.805: D/ConnectivityService(2394): sendStickyBroadcast: action=android.net.conn.INET_CONDITION_ACTION
11-18 22:44:30.805: D/STATUSBAR-NetworkController(2749): onReceive() - CONNECTIVITY_ACTION, INET_CONDITION_ACTION
11-18 22:44:30.805: D/STATUSBAR-NetworkController(2749): updateDataNetType()
11-18 22:44:30.805: D/STATUSBAR-NetworkController(2749): Nothing, mRoamingIconId = 0
11-18 22:44:30.990: D/SSRMv2:Monitor(2394): SIOP:: AP = 330 (read only)
11-18 22:44:31.275: D/STATUSBAR-NetworkController(2749): onSignalStrengthsChanged signalStrength=SignalStrength: 99 -1 -1 -1 -1 -1 -1 30 -79 -7 242 -1 2147483647 gsm|lte 0x4 level=4
11-18 22:44:31.345: D/STATUSBAR-NetworkController(2749): refreshSignalCluster: data=0 bt=false
11-18 22:44:31.350: D/STATUSBAR-IconMerger(2749): checkOverflow(432), More:false, Req:false Child:4
11-18 22:44:33.495: D/SSRMv2:Monitor(2394): SIOP:: AP = 330, Prev AP = 330, Duration = 10012
11-18 22:44:34.580: D/SensorService(2394): AutoRotationSensor::process: Acc eventTimestamp = 12800117900000, previousAccTimestamp = 12799717728000, difference = 400172000
11-18 22:44:35.270: E/SELinux(558): Function: selinux_android_load_priority [0], There is no sepolicy file
11-18 22:44:35.270: E/SELinux(558):
11-18 22:44:35.270: E/SELinux(558): Function: selinux_android_load_priority , loading version is VE=SEPF_GT-I9305_4.3_0021
11-18 22:44:35.270: E/SELinux(558):
11-18 22:44:35.270: E/SELinux(558):
11-18 22:44:35.270: E/SELinux(558): selinux_android_seapp_context_reload: seapp_contexts file is loaded from /data/security/spota/seapp_contexts
11-18 22:44:35.300: D/STATUSBAR-StatusBarManagerService(2394): sendNotification(3) - 2130837517
11-18 22:44:35.300: D/LightsService(2394): [api] [SvcLED] turnOff:: id = 4 (uid: 10163 pid: 558)
11-18 22:44:35.300: D/LightsService(2394): [SvcLED] setSvcLedStateLocked:: SvcLEDState : 0x0 -> 0x0 | SvcLED(id=4) set Off
11-18 22:44:35.300: D/LightsService(2394): [SvcLED] Lux failed to be updated in 700ms. -> handleForcedSvcLEDTasK
11-18 22:44:35.300: D/LightsService(2394): [SvcLED] setSvcLedLightLocked :: Current SvcLED(id=3) maintains its priority right
11-18 22:44:35.300: D/PhoneStatusBar(2749): removeNotification key=android.os.BinderProxy@42a49f18 old=StatusBarNotification(pkg=com.sec.android.pagebuddynotisvc user=UserHandle{0} id=2130837517 tag=null score=-10: Notification(pri=-1 icon=7f02000c contentView=com.sec.android.pagebuddynotisvc/0x7f030000 vibrate=null sound=null defaults=0x0 flags=0x2 when=1416345268432 ledARGB=0x0 contentIntent=Y deleteIntent=N contentTitle=N contentText=N tickerText=Øretelefoner tilkoblet kind=[null]))
11-18 22:44:35.315: D/STATUSBAR-IconMerger(2749): checkOverflow(432), More:false, Req:false Child:3
11-18 22:44:35.350: D/STATUSBAR-NetworkController(2749): refreshSignalCluster: data=0 bt=false
11-18 22:44:35.365: D/STATUSBAR-IconMerger(2749): checkOverflow(432), More:false, Req:false Child:3
11-18 22:44:35.385: D/ApplicationPolicy(2394): isStatusBarNotificationAllowed: packageName = com.sec.android.pagebuddynotisvc
11-18 22:44:35.390: D/ContexualWidgetMonitor(2394): action =com.android.server.NotificationManagerService.NotificationArrived
11-18 22:44:35.390: D/ContexualWidgetMonitor(2394): pkg =null
11-18 22:44:35.390: D/ContexualWidgetMonitor(2394): mCheckMissedEvent =false
11-18 22:44:35.390: D/STATUSBAR-StatusBarManagerService(2394): sendNotification(1) - 2130837517
11-18 22:44:35.995: D/SSRMv2:Monitor(2394): SIOP:: AP = 330 (read only)
11-18 22:44:36.405: D/STATUSBAR-NetworkController(2749): onSignalStrengthsChanged signalStrength=SignalStrength: 99 -1 -1 -1 -1 -1 -1 30 -79 -7 278 -1 2147483647 gsm|lte 0x4 level=4
11-18 22:44:37.570: V/MediaPlayer-JNI(508): release
11-18 22:44:37.570: V/MediaPlayer(508): setListener
11-18 22:44:37.570: V/MediaPlayer(508): disconnect
11-18 22:44:37.570: V/MediaPlayer(508): destructor
11-18 22:44:37.570: V/MediaPlayer(508): disconnect
11-18 22:44:37.680: D/STATUSBAR-NetworkController(2749): onSignalStrengthsChanged signalStrength=SignalStrength: 99 -1 -1 -1 -1 -1 -1 30 -79 -7 266 -1 2147483647 gsm|lte 0x4 level=4
11-18 22:44:38.355: D/STATUSBAR-NetworkController(2749): refreshSignalCluster: data=0 bt=false
11-18 22:44:38.415: D/STATUSBAR-IconMerger(2749): checkOverflow(432), More:false, Req:false Child:4
11-18 22:44:38.495: D/SSRMv2:Monitor(2394): SIOP:: AP = 330 (read only)
11-18 22:44:38.970: D/STATUSBAR-NetworkController(2749): onSignalStrengthsChanged signalStrength=SignalStrength: 99 -1 -1 -1 -1 -1 -1 30 -79 -7 280 -1 2147483647 gsm|lte 0x4 level=4
11-18 22:44:39.355: D/STATUSBAR-NetworkController(2749): refreshSignalCluster: data=0 bt=false
11-18 22:44:39.365: D/STATUSBAR-IconMerger(2749): checkOverflow(432), More:false, Req:false Child:4
11-18 22:44:39.785: D/SensorService(2394): 0.0 0.5 8.9
11-18 22:44:40.230: D/STATUSBAR-NetworkController(2749): onSignalStrengthsChanged signalStrength=SignalStrength: 99 -1 -1 -1 -1 -1 -1 30 -79 -7 246 -1 2147483647 gsm|lte 0x4 level=4
11-18 22:44:40.360: D/STATUSBAR-NetworkController(2749): refreshSignalCluster: data=0 bt=false
11-18 22:44:40.365: D/STATUSBAR-IconMerger(2749): checkOverflow(432), More:false, Req:false Child:4
11-18 22:44:41.005: D/SSRMv2:Monitor(2394): SIOP:: AP = 330 (read only)
11-18 22:44:42.300: V/AlarmManager(2394): waitForAlarm result :4
11-18 22:44:42.300: V/AlarmManager(2394): trigger ELAPSED_REALTIME_WAKEUP or RTC_WAKEUP
11-18 22:44:42.310: V/RealCellState(2911): telephonyManager network type is 13
11-18 22:44:42.310: V/RealCellState(2911): transforming LTE to WCDMA
11-18 22:44:42.310: I/wpa_supplicant(9901): Scan requested (ret=0) - scan timeout 30 seconds
11-18 22:44:43.505: D/SSRMv2:Monitor(2394): SIOP:: AP = 330, Prev AP = 330, Duration = 10012
11-18 22:44:44.080: D/STATUSBAR-NetworkController(2749): onSignalStrengthsChanged signalStrength=SignalStrength: 99 -1 -1 -1 -1 -1 -1 30 -79 -7 236 -1 2147483647 gsm|lte 0x4 level=4
11-18 22:44:44.365: D/STATUSBAR-NetworkController(2749): refreshSignalCluster: data=0 bt=false
11-18 22:44:44.365: D/STATUSBAR-IconMerger(2749): checkOverflow(432), More:false, Req:false Child:4
11-18 22:44:45.365: D/STATUSBAR-NetworkController(2749): refreshSignalCluster: data=0 bt=false
11-18 22:44:45.370: D/STATUSBAR-IconMerger(2749): checkOverflow(432), More:false, Req:false Child:4
11-18 22:44:45.370: D/STATUSBAR-NetworkController(2749): onSignalStrengthsChanged signalStrength=SignalStrength: 99 -1 -1 -1 -1 -1 -1 30 -79 -6 270 -1 2147483647 gsm|lte 0x4 level=4
11-18 22:44:46.010: D/SSRMv2:Monitor(2394): SIOP:: AP = 330 (read only)
11-18 22:44:46.280: I/wpa_supplicant(9901): nl80211: Received scan results (5 BSSes)
11-18 22:44:46.280: D/Tethering(2394): interfaceLinkStateChanged wlan0, true
11-18 22:44:46.280: D/Tethering(2394): interfaceStatusChanged wlan0, true
11-18 22:44:46.315: D/dalvikvm(2911): GC_CONCURRENT freed 872K, 22% free 12412K/15764K, paused 2ms+3ms, total 28ms
11-18 22:44:46.315: D/dalvikvm(2911): WAIT_FOR_CONCURRENT_GC blocked 8ms
11-18 22:44:46.365: D/STATUSBAR-NetworkController(2749): refreshSignalCluster: data=0 bt=false
11-18 22:44:46.365: D/STATUSBAR-IconMerger(2749): checkOverflow(432), More:false, Req:false Child:4
11-18 22:44:46.640: W/SystemClock(2911): time going backwards: prev 32494134488393(ioctl) vs now 32494134398185(ioctl), tid=3234
11-18 22:44:46.640: D/STATUSBAR-NetworkController(2749): onSignalStrengthsChanged signalStrength=SignalStrength: 99 -1 -1 -1 -1 -1 -1 30 -79 -6 250 -1 2147483647 gsm|lte 0x4 level=4
11-18 22:44:48.370: D/STATUSBAR-NetworkController(2749): refreshSignalCluster: data=0 bt=false
11-18 22:44:48.385: D/STATUSBAR-IconMerger(2749): checkOverflow(432), More:false, Req:false Child:4
11-18 22:44:48.510: D/SSRMv2:Monitor(2394): SIOP:: AP = 330 (read only)
11-18 22:44:49.195: D/STATUSBAR-NetworkController(2749): onSignalStrengthsChanged signalStrength=SignalStrength: 99 -1 -1 -1 -1 -1 -1 31 -79 -7 220 -1 2147483647 gsm|lte 0x4 level=4
11-18 22:44:49.790: D/SensorService(2394): -0.0 0.4 8.9
11-18 22:44:50.375: D/STATUSBAR-NetworkController(2749): refreshSignalCluster: data=0 bt=false
11-18 22:44:50.385: D/STATUSBAR-IconMerger(2749): checkOverflow(432), More:false, Req:false Child:4
11-18 22:44:51.015: D/SSRMv2:Monitor(2394): SIOP:: AP = 330 (read only)
11-18 22:44:51.375: D/STATUSBAR-NetworkController(2749): refreshSignalCluster: data=0 bt=false
11-18 22:44:51.385: D/STATUSBAR-IconMerger(2749): checkOverflow(432), More:false, Req:false Child:4
11-18 22:44:51.765: D/STATUSBAR-NetworkController(2749): onSignalStrengthsChanged signalStrength=SignalStrength: 99 -1 -1 -1 -1 -1 -1 31 -79 -7 240 -1 2147483647 gsm|lte 0x4 level=4
11-18 22:44:52.040: E/Watchdog(2394): !@Sync 425
11-18 22:44:52.375: D/STATUSBAR-NetworkController(2749): refreshSignalCluster: data=0 bt=false
11-18 22:44:52.385: D/STATUSBAR-IconMerger(2749): checkOverflow(432), More:false, Req:false Child:4
11-18 22:44:53.520: D/SSRMv2:Monitor(2394): SIOP:: AP = 330, Prev AP = 330, Duration = 10013
11-18 22:44:54.380: D/STATUSBAR-NetworkController(2749): refreshSignalCluster: data=0 bt=false
11-18 22:44:54.385: D/STATUSBAR-IconMerger(2749): checkOverflow(432), More:false, Req:false Child:4
11-18 22:44:55.600: D/STATUSBAR-NetworkController(2749): onSignalStrengthsChanged signalStrength=SignalStrength: 99 -1 -1 -1 -1 -1 -1 31 -79 -7 236 -1 2147483647 gsm|lte 0x4 level=4
11-18 22:44:56.025: D/SSRMv2:Monitor(2394): SIOP:: AP = 330 (read only)
11-18 22:44:56.885: D/STATUSBAR-NetworkController(2749): onSignalStrengthsChanged signalStrength=SignalStrength: 99 -1 -1 -1 -1 -1 -1 30 -80 -7 260 -1 2147483647 gsm|lte 0x3 level=3
11-18 22:44:56.885: D/STATUSBAR-NetworkController(2749): refreshSignalCluster: data=0 bt=false
11-18 22:44:56.905: D/STATUSBAR-IconMerger(2749): checkOverflow(432), More:false, Req:false Child:4
11-18 22:44:57.385: D/STATUSBAR-NetworkController(2749): refreshSignalCluster: data=0 bt=false
11-18 22:44:57.385: D/STATUSBAR-IconMerger(2749): checkOverflow(432), More:false, Req:false Child:4
11-18 22:44:58.525: D/SSRMv2:Monitor(2394): SIOP:: AP = 330 (read only)
11-18 22:44:59.445: D/STATUSBAR-NetworkController(2749): onSignalStrengthsChanged signalStrength=SignalStrength: 99 -1 -1 -1 -1 -1 -1 30 -79 -7 244 -1 2147483647 gsm|lte 0x4 level=4
11-18 22:44:59.445: D/STATUSBAR-NetworkController(2749): refreshSignalCluster: data=0 bt=false
11-18 22:44:59.455: D/STATUSBAR-IconMerger(2749): checkOverflow(432), More:false, Req:false Child:4
11-18 22:44:59.795: D/SensorService(2394): 0.0 0.4 8.9
11-18 22:44:59.995: V/AlarmManager(2394): waitForAlarm result :8
11-18 22:44:59.995: D/KeyguardClockWidgetService(17217): onReceive action=android.intent.action.TIME_TICK
11-18 22:45:00.000: V/AlarmManager(2394): ClockReceiver onReceive() ACTION_TIME_TICK
11-18 22:45:00.020: D/STATUSBAR-IconMerger(2749): checkOverflow(432), More:false, Req:false Child:4
11-18 22:45:00.030: D/widget(2979): [MSC_HERO_Accu_JB]>>> SM:1292 [0:0] bTCC WCV = 200
11-18 22:45:00.030: D/widget(2979): [MSC_HERO_Accu_JB]>>> WC:1785 [0:0] drw 2nd Tm dt
11-18 22:45:01.030: D/SSRMv2:Monitor(2394): SIOP:: AP = 330 (read only)
11-18 22:45:01.395: D/STATUSBAR-NetworkController(2749): refreshSignalCluster: data=0 bt=false
11-18 22:45:01.405: D/STATUSBAR-IconMerger(2749): checkOverflow(432), More:false, Req:false Child:4
11-18 22:45:02.305: V/AlarmManager(2394): waitForAlarm result :4
11-18 22:45:02.305: V/AlarmManager(2394): trigger ELAPSED_REALTIME_WAKEUP or RTC_WAKEUP
11-18 22:45:02.315: I/wpa_supplicant(9901): Scan requested (ret=0) - scan timeout 30 seconds
11-18 22:45:02.315: V/RealCellState(2911): telephonyManager network type is 13
11-18 22:45:02.315: V/RealCellState(2911): transforming LTE to WCDMA
11-18 22:45:02.315: D/BatteryService(2394): update start
11-18 22:45:02.315: D/BatteryService(2394): level:72, scale:100, status:2, health:2, present:true, voltage: 4058, temperature: 329, technology: Li-ion, AC powered:false, USB powered:true, Wireless powered:false, icon:17303550, invalid charger:0, online:4, charge type:1, current avg:460
11-18 22:45:02.315: D/BatteryService(2394): Sending ACTION_BATTERY_CHANGED.
11-18 22:45:02.320: D/LockPatternUtils(2394): isPcwEnable = null
11-18 22:45:02.320: D/STATUSBAR-BatteryController(2749): onReceive() - ACTION_BATTERY_CHANGED
11-18 22:45:02.320: D/STATUSBAR-BatteryController(2749): onReceive() - BATTERY_STATUS_CHARGING:
11-18 22:45:02.320: D/STATUSBAR-PhoneStatusBar(2749): mBrightnessEnablebySettings = true mBrightnessEnablebyBattery = true mBrightnessEnablebyDisableFlag = true
11-18 22:45:03.530: D/SSRMv2:Monitor(2394): SIOP:: AP = 330, Prev AP = 330, Duration = 10012
11-18 22:45:04.400: D/STATUSBAR-NetworkController(2749): refreshSignalCluster: data=0 bt=false
11-18 22:45:04.405: D/STATUSBAR-IconMerger(2749): checkOverflow(432), More:false, Req:false Child:4
11-18 22:45:05.845: D/STATUSBAR-NetworkController(2749): onSignalStrengthsChanged signalStrength=SignalStrength: 99 -1 -1 -1 -1 -1 -1 31 -79 -7 272 -1 2147483647 gsm|lte 0x4 level=4
11-18 22:45:06.035: D/SSRMv2:Monitor(2394): SIOP:: AP = 330 (read only)
11-18 22:45:06.290: I/wpa_supplicant(9901): nl80211: Received scan results (3 BSSes)
11-18 22:45:06.290: D/Tethering(2394): interfaceLinkStateChanged wlan0, true
11-18 22:45:06.290: D/Tethering(2394): interfaceStatusChanged wlan0, true
11-18 22:45:08.400: D/STATUSBAR-NetworkController(2749): refreshSignalCluster: data=0 bt=false
11-18 22:45:08.405: D/STATUSBAR-IconMerger(2749): checkOverflow(432), More:false, Req:false Child:4
11-18 22:45:08.410: D/STATUSBAR-NetworkController(2749): onSignalStrengthsChanged signalStrength=SignalStrength: 99 -1 -1 -1 -1 -1 -1 31 -79 -6 238 -1 2147483647 gsm|lte 0x4 level=4
11-18 22:45:08.535: D/SSRMv2:Monitor(2394): SIOP:: AP = 330 (read only)
11-18 22:45:09.680: D/STATUSBAR-NetworkController(2749): onSignalStrengthsChanged signalStrength=SignalStrength: 99 -1 -1 -1 -1 -1 -1 31 -79 -7 244 -1 2147483647 gsm|lte 0x4 level=4
11-18 22:45:09.800: D/SensorService(2394): -0.0 0.4 8.9
11-18 22:45:11.040: D/SSRMv2:Monitor(2394): SIOP:: AP = 330 (read only)
11-18 22:45:12.410: D/STATUSBAR-NetworkController(2749): refreshSignalCluster: data=0 bt=false
11-18 22:45:12.420: D/STATUSBAR-IconMerger(2749): checkOverflow(432), More:false, Req:false Child:4
11-18 22:45:13.540: D/SSRMv2:Monitor(2394): SIOP:: AP = 330, Prev AP = 330, Duration = 10013
11-18 22:45:16.045: D/SSRMv2:Monitor(2394): SIOP:: AP = 330 (read only)
