11-18 23:01:30.500: D/checkbox(3479): checkMarkDrawable=null, checkRectangleDrawable=null
11-18 23:01:30.500: D/CircleUnlockRippleRenderer(2394): ripple(), mx = 3.0252383, my = -0.852431, intensity = 1.5
11-18 23:01:30.505: I/power(2394): *** release_dvfs_lock : lockType : 1
11-18 23:01:30.505: D/SSRMv2:CustomFrequencyManagerService(2394): releaseDVFSLockLocked : Getting Lock type frm List : DVFS_MIN_LIMIT frequency : 1200000 uid : 1000 pid : 2394 tag : ACTIVITY_RESUME_BOOSTER@8
11-18 23:01:30.510: D/checkbox(3479): TwCheckBox.onAttachedToWindow()
11-18 23:01:30.510: D/LockPatternUtils(2394): isPcwEnable = null
11-18 23:01:30.510: D/checkbox(3479): setButtonDrawable(Drawable d) mButtonBgHasBeenSet=false
11-18 23:01:30.510: D/checkbox(3479): This is not checkbox or checkbox with J_Effects disabled
11-18 23:01:30.510: D/checkbox(3479): setChecked(1) checked=false, mCheckBoxAnimationEnabled=false, mIsAttached=false
11-18 23:01:30.510: D/checkbox(3479): checkMarkDrawable=null, checkRectangleDrawable=null
11-18 23:01:30.515: D/CircleUnlockRipple(2394): handleTouchEvent event : 2
11-18 23:01:30.515: D/CircleUnlockRippleRenderer(2394): event action: 2, view = null, src = 1002
11-18 23:01:30.515: D/Fresnel(2394): setHoverEnable is false
11-18 23:01:30.515: D/Fresnel(2394): setHoverEnable is false
11-18 23:01:30.515: D/CircleUnlockRippleRenderer(2394): ripple(), mx = 1.3031467, my = -7.648456, intensity = 1.5
11-18 23:01:30.515: D/PowerManagerService(2394): [api] [s] userActivity : event: 0 flags: 0 (uid: 1000 pid: 2394)
11-18 23:01:30.520: D/CircleUnlockRippleRenderer(2394): postDelayed
11-18 23:01:30.520: D/CircleUnlockRippleRenderer(2394): clearRipple
11-18 23:01:30.520: D/checkbox(3479): TwCheckBox.onAttachedToWindow()
11-18 23:01:30.525: D/CircleUnlockRippleRenderer(2394): RENDERMODE_WHEN_DIRTY!!!
11-18 23:01:30.525: D/checkbox(3479): setButtonDrawable(Drawable d) mButtonBgHasBeenSet=false
11-18 23:01:30.525: D/checkbox(3479): This is not checkbox or checkbox with J_Effects disabled
11-18 23:01:30.525: D/checkbox(3479): setChecked(1) checked=false, mCheckBoxAnimationEnabled=false, mIsAttached=false
11-18 23:01:30.525: D/checkbox(3479): checkMarkDrawable=null, checkRectangleDrawable=null
11-18 23:01:30.525: D/CircleUnlockRippleRenderer(2394): ripple(), mx = 1.3031467, my = -7.648456, intensity = 1.5
11-18 23:01:30.525: D/LockPatternUtils(2394): isPcwEnable = null
11-18 23:01:30.530: D/CircleUnlockRipple(2394): handleTouchEvent event : 2
11-18 23:01:30.530: D/CircleUnlockRippleRenderer(2394): event action: 2, view = null, src = 1002
11-18 23:01:30.530: D/Fresnel(2394): setHoverEnable is false
11-18 23:01:30.530: D/checkbox(3479): TwCheckBox.onAttachedToWindow()
11-18 23:01:30.530: D/PowerManagerService(2394): [api] [s] userActivity : event: 0 flags: 0 (uid: 1000 pid: 2394)
11-18 23:01:30.535: D/checkbox(3479): setButtonDrawable(Drawable d) mButtonBgHasBeenSet=false
11-18 23:01:30.535: D/checkbox(3479): This is not checkbox or checkbox with J_Effects disabled
11-18 23:01:30.535: D/checkbox(3479): setChecked(1) checked=false, mCheckBoxAnimationEnabled=false, mIsAttached=false
11-18 23:01:30.535: D/checkbox(3479): checkMarkDrawable=null, checkRectangleDrawable=null
11-18 23:01:30.545: D/LockPatternUtils(2394): isPcwEnable = null
11-18 23:01:30.545: D/checkbox(3479): TwCheckBox.onAttachedToWindow()
11-18 23:01:30.550: D/CircleUnlockRipple(2394): handleTouchEvent event : 2
11-18 23:01:30.550: D/CircleUnlockRippleRenderer(2394): event action: 2, view = null, src = 1002
11-18 23:01:30.550: D/Fresnel(2394): setHoverEnable is false
11-18 23:01:30.550: D/checkbox(3479): setButtonDrawable(Drawable d) mButtonBgHasBeenSet=false
11-18 23:01:30.550: D/checkbox(3479): This is not checkbox or checkbox with J_Effects disabled
11-18 23:01:30.550: D/checkbox(3479): setChecked(1) checked=false, mCheckBoxAnimationEnabled=false, mIsAttached=false
11-18 23:01:30.550: D/checkbox(3479): checkMarkDrawable=null, checkRectangleDrawable=null
11-18 23:01:30.550: D/PowerManagerService(2394): [api] [s] userActivity : event: 0 flags: 0 (uid: 1000 pid: 2394)
11-18 23:01:30.560: D/checkbox(3479): TwCheckBox.onAttachedToWindow()
11-18 23:01:30.560: D/AbsListView(3479): unregisterIRListener() is called
11-18 23:01:30.560: D/LockPatternUtils(2394): isPcwEnable = null
11-18 23:01:30.565: D/ProgressBar(3479): setProgress = 0
11-18 23:01:30.565: D/ProgressBar(3479): setProgress = 0, fromUser = false
11-18 23:01:30.565: D/ProgressBar(3479): mProgress = 0mIndeterminate = false, mMin = 0, mMax = 100
11-18 23:01:30.565: D/CircleUnlockRipple(2394): handleTouchEvent event : 2
11-18 23:01:30.565: D/CircleUnlockRippleRenderer(2394): event action: 2, view = null, src = 1002
11-18 23:01:30.565: D/Fresnel(2394): setHoverEnable is false
11-18 23:01:30.565: D/PowerManagerService(2394): [api] [s] userActivity : event: 0 flags: 0 (uid: 1000 pid: 2394)
11-18 23:01:30.570: I/InputReader(2394): Touch event's action is 0x1 (deviceType=0) [pCnt=1, s=] when=13816105945000
11-18 23:01:30.570: I/InputDispatcher(2394): Delivering touch to: action: 0x1
11-18 23:01:30.570: D/LockPatternUtils(2394): isPcwEnable = null
11-18 23:01:30.575: D/AbsListView(3479): unregisterIRListener() is called
11-18 23:01:30.575: D/AbsListView(3479): unregisterIRListener() is called
11-18 23:01:30.575: D/PowerManagerService(2394): [api] [s] userActivity : event: 0 flags: 0 (uid: 1000 pid: 2394)
11-18 23:01:30.580: D/AbsListView(3479): unregisterIRListener() is called
11-18 23:01:30.580: D/EnterpriseContainerPolicy Service(2394): getContainerId()-->-1
11-18 23:01:30.580: D/EnterpriseDeviceManager(2394): ContainerId: 0
11-18 23:01:30.580: D/CircleUnlockRipple(2394): handleTouchEvent event : 2
11-18 23:01:30.580: D/CircleUnlockRippleRenderer(2394): event action: 2, view = null, src = 1002
11-18 23:01:30.580: D/Fresnel(2394): setHoverEnable is false
11-18 23:01:30.580: D/LockPatternUtils(2394): isPcwEnable = null
11-18 23:01:30.585: D/RestrictionPolicy(2394): isUseSecureKeypadEnabled : false
11-18 23:01:30.590: D/CircleUnlockRipple(2394): handleTouchEvent event : 1
11-18 23:01:30.590: D/CircleUnlockRippleRenderer(2394): event action: 1, view = null, src = 1002
11-18 23:01:30.590: D/Fresnel(2394): setHoverEnable is false
11-18 23:01:30.600: D/KeyguardHostView(2394): showNextSecurityScreenOrFinish(false)
11-18 23:01:30.600: D/LockPatternUtils(2394): isPcwEnable = null
11-18 23:01:30.610: D/KeyguardViewMediator(2394): keyguardDone(true)
11-18 23:01:30.615: D/KeyguardViewMediator(2394): handleKeyguardDone
11-18 23:01:30.615: D/KeyguardViewMediator(2394): handleHide
11-18 23:01:30.615: D/KeyguardViewManager(2394): hide()
11-18 23:01:30.615: I/KeyguardBackgroundView(2394): *** KeyguardEffectView getInstance ***
11-18 23:01:30.615: D/CircleUnlockRipple(2394): cleanUp
11-18 23:01:30.615: D/CircleUnlockRippleRenderer(2394): cleanUp
11-18 23:01:30.625: D/LockPatternUtils(2394): isPcwEnable = null
11-18 23:01:30.630: D/KeyguardViewMediator(2394): adjustStatusBarLocked: mShowing=false mHidden=false isSecure=false --> flags=0x0
11-18 23:01:30.630: D/KeyguardViewMediator(2394): notifyMultiUserInfo( isLocked = false)
11-18 23:01:30.630: D/KeyguardViewMediator(2394): not support multi user
11-18 23:01:30.630: D/STATUSBAR-StatusBarManagerService(2394): manageDisableList what=0x0 pkg=android
11-18 23:01:30.630: D/RestrictionPolicy(2394): isStatusBarExpansionAllowed : true
11-18 23:01:30.630: D/PowerManagerService(2394): [api] [s] userActivity : event: 0 flags: 0 (uid: 1000 pid: 2394)
11-18 23:01:30.635: D/PowerManagerService(2394): [api] [s] wakeUp (uid: 1000 pid: 2394)
11-18 23:01:30.640: I/NfcService(2964): # NativeNfcBrcmPowerMode; setPowerMode(android.intent.action.USER_PRESENT)
11-18 23:01:30.640: D/NfcService(2964): NFC is not enabled
11-18 23:01:30.640: D/LightsService(2394): [api] [SvcLED] turnOff:: id = 4 (uid: 1000 pid: 2394)
11-18 23:01:30.640: D/LightsService(2394): [SvcLED] setSvcLedStateLocked:: SvcLEDState : 0x0 -> 0x0 | SvcLED(id=4) set Off
11-18 23:01:30.640: E/MotionRecognitionService(2394): mReceiver.onReceive : ACTION_USER_PRESENT :: UNLOCK SCREEN
11-18 23:01:30.640: D/LightsService(2394): [SvcLED] Lux failed to be updated in 700ms. -> handleForcedSvcLEDTasK
11-18 23:01:30.640: D/LightsService(2394): [SvcLED] setSvcLedLightLocked :: Current SvcLED(id=3) maintains its priority right
11-18 23:01:30.655: V/UserPresentBroadcastReceiver(2993): Recieved ACTION_USER_PRESENT.
11-18 23:01:30.660: D/d(2993): Notifying listener(s): onUserPresent()...
11-18 23:01:30.660: D/c(2993): Starting periodic check for user presence.
11-18 23:01:30.660: E/NfcService(2964): callback == null
11-18 23:01:30.665: V/AlarmManager(2394): waitForAlarm result :2
11-18 23:01:30.670: D/LockPatternUtils(2394): isPcwEnable = null
11-18 23:01:30.670: D/c(2993): Stoping periodic check for user presence.
11-18 23:01:30.680: I/SurfaceFlinger(1978): id=249 Removed Leyguard (7/8)
11-18 23:01:30.680: I/SurfaceFlinger(1978): id=249 Removed Leyguard (-2/8)
11-18 23:01:30.705: D/LockPatternUtils(2394): isPcwEnable = null
11-18 23:01:30.710: D/KeyguardShortcutView(2394): onDetachedFromWindow()
11-18 23:01:30.720: D/LSO(2394): Unregistered Intent: android.intent.action.sec.LSO_CONFIG_CHANGED , android.intent.action.MEDIA_MOUNTED
11-18 23:01:30.720: I/KeyguardBackgroundView(2394): *** KeyguardEffectView getInstance ***
11-18 23:01:30.720: V/WindowManager(2394): Window{432ee778 u0 Keyguard}mOrientationRequetedFromKeyguard=false
11-18 23:01:30.735: D/PeriodicCheckReceiver(2993): Received intent: Intent { flg=0x14 cmp=com.google.android.gms/.auth.be.proximity.authorization.userpresence.PeriodicCheckReceiver (has extras) }.
11-18 23:01:30.765: I/SurfaceFlinger(1978): id=250 Removed TurfaceView (6/7)
11-18 23:01:30.765: I/SurfaceFlinger(1978): id=250 Removed TurfaceView (-2/7)
11-18 23:01:30.765: V/WindowManager(2394): Window{432ee778 u0 Keyguard}mOrientationRequetedFromKeyguard=false
11-18 23:01:30.770: V/TAG(2394): bug 7643792: fitSystemWindows([0,0][0,0])
11-18 23:01:30.860: D/AbsListView(3479): unregisterIRListener() is called
11-18 23:01:30.860: D/ProgressBar(3479): updateDrawableBounds: left = 0
11-18 23:01:30.860: D/ProgressBar(3479): updateDrawableBounds: top = 0
11-18 23:01:30.860: D/ProgressBar(3479): updateDrawableBounds: right = 68
11-18 23:01:30.860: D/ProgressBar(3479): updateDrawableBounds: bottom = 68
11-18 23:01:30.860: D/STATUSBAR-NetworkController(2749): refreshSignalCluster: data=0 bt=false
11-18 23:01:30.875: D/STATUSBAR-IconMerger(2749): checkOverflow(432), More:false, Req:false Child:3
11-18 23:01:30.895: D/checkbox(3479): setButtonDrawable(Drawable d) mButtonBgHasBeenSet=false
11-18 23:01:30.895: D/checkbox(3479): This is not checkbox or checkbox with J_Effects disabled
11-18 23:01:30.895: D/checkbox(3479): setChecked(1) checked=false, mCheckBoxAnimationEnabled=false, mIsAttached=false
11-18 23:01:30.895: D/checkbox(3479): checkMarkDrawable=null, checkRectangleDrawable=null
11-18 23:01:30.900: D/checkbox(3479): setButtonDrawable(Drawable d) mButtonBgHasBeenSet=false
11-18 23:01:30.900: D/checkbox(3479): This is not checkbox or checkbox with J_Effects disabled
11-18 23:01:30.900: D/checkbox(3479): setChecked(1) checked=false, mCheckBoxAnimationEnabled=false, mIsAttached=false
11-18 23:01:30.900: D/checkbox(3479): checkMarkDrawable=null, checkRectangleDrawable=null
11-18 23:01:30.915: D/AbsListView(3479): unregisterIRListener() is called
11-18 23:01:30.915: D/CircleUnlockRippleRenderer(2394): postDelayed
11-18 23:01:30.915: D/CircleUnlockRippleRenderer(2394): clearRipple
11-18 23:01:30.940: D/dalvikvm(2394): GC_EXPLICIT freed 1172K, 24% free 44232K/57468K, paused 8ms+14ms, total 192ms
11-18 23:01:30.950: D/UserPresenceService(2993): Received onHandleIntent() with intent: Intent { cmp=com.google.android.gms/.auth.be.proximity.authorization.userpresence.UserPresenceService (has extras) }.
11-18 23:01:30.950: E/UserPresenceService(2993): Proximity feature is not enabled.
11-18 23:01:30.995: D/dalvikvm(731): GC_CONCURRENT freed 362K, 17% free 10714K/12792K, paused 2ms+3ms, total 34ms
11-18 23:01:31.175: D/checkbox(3479): TwCheckBox.onDetachedToWindow()
11-18 23:01:31.175: D/checkbox(3479): TwCheckBox.onDetachedToWindow()
11-18 23:01:31.175: D/checkbox(3479): TwCheckBox.onDetachedToWindow()
11-18 23:01:31.175: D/checkbox(3479): TwCheckBox.onDetachedToWindow()
11-18 23:01:31.175: D/checkbox(3479): TwCheckBox.onDetachedToWindow()
11-18 23:01:31.175: D/checkbox(3479): TwCheckBox.onDetachedToWindow()
11-18 23:01:31.175: D/checkbox(3479): TwCheckBox.onDetachedToWindow()
11-18 23:01:31.175: D/checkbox(3479): TwCheckBox.onDetachedToWindow()
11-18 23:01:31.190: D/checkbox(3479): setButtonDrawable(Drawable d) mButtonBgHasBeenSet=false
11-18 23:01:31.190: D/checkbox(3479): This is not checkbox or checkbox with J_Effects disabled
11-18 23:01:31.190: D/checkbox(3479): setChecked(1) checked=false, mCheckBoxAnimationEnabled=false, mIsAttached=false
11-18 23:01:31.190: D/checkbox(3479): checkMarkDrawable=null, checkRectangleDrawable=null
11-18 23:01:31.205: D/dalvikvm(3479): GC_EXPLICIT freed 1304K, 14% free 16936K/19580K, paused 3ms+9ms, total 71ms
11-18 23:01:31.210: D/checkbox(3479): setButtonDrawable(Drawable d) mButtonBgHasBeenSet=false
11-18 23:01:31.210: D/checkbox(3479): This is not checkbox or checkbox with J_Effects disabled
11-18 23:01:31.210: D/checkbox(3479): setChecked(1) checked=false, mCheckBoxAnimationEnabled=false, mIsAttached=false
11-18 23:01:31.210: D/checkbox(3479): checkMarkDrawable=null, checkRectangleDrawable=null
11-18 23:01:31.210: D/AbsListView(3479): [unregisterDoubleTapMotionListener]
11-18 23:01:31.210: I/MotionRecognitionManager(3479): .unregisterListener : / listener count = 0->0,
11-18 23:01:31.210: D/AbsListView(3479): unregisterIRListener() is called
11-18 23:01:31.225: D/checkbox(3479): TwCheckBox.onAttachedToWindow()
11-18 23:01:31.225: D/checkbox(3479): TwCheckBox.onAttachedToWindow()
11-18 23:01:31.230: D/checkbox(3479): setButtonDrawable(Drawable d) mButtonBgHasBeenSet=false
11-18 23:01:31.230: D/checkbox(3479): This is not checkbox or checkbox with J_Effects disabled
11-18 23:01:31.230: D/checkbox(3479): setChecked(1) checked=false, mCheckBoxAnimationEnabled=false, mIsAttached=false
11-18 23:01:31.230: D/checkbox(3479): checkMarkDrawable=null, checkRectangleDrawable=null
11-18 23:01:31.235: D/checkbox(3479): TwCheckBox.onAttachedToWindow()
11-18 23:01:31.240: D/checkbox(3479): setButtonDrawable(Drawable d) mButtonBgHasBeenSet=false
11-18 23:01:31.240: D/checkbox(3479): This is not checkbox or checkbox with J_Effects disabled
11-18 23:01:31.240: D/checkbox(3479): setChecked(1) checked=false, mCheckBoxAnimationEnabled=false, mIsAttached=false
11-18 23:01:31.240: D/checkbox(3479): checkMarkDrawable=null, checkRectangleDrawable=null
11-18 23:01:31.245: D/checkbox(3479): TwCheckBox.onAttachedToWindow()
11-18 23:01:31.245: D/checkbox(3479): setButtonDrawable(Drawable d) mButtonBgHasBeenSet=false
11-18 23:01:31.245: D/checkbox(3479): This is not checkbox or checkbox with J_Effects disabled
11-18 23:01:31.250: D/checkbox(3479): setChecked(1) checked=false, mCheckBoxAnimationEnabled=false, mIsAttached=false
11-18 23:01:31.250: D/checkbox(3479): checkMarkDrawable=null, checkRectangleDrawable=null
11-18 23:01:31.255: D/checkbox(3479): TwCheckBox.onAttachedToWindow()
11-18 23:01:31.255: D/checkbox(3479): setButtonDrawable(Drawable d) mButtonBgHasBeenSet=false
11-18 23:01:31.255: D/checkbox(3479): This is not checkbox or checkbox with J_Effects disabled
11-18 23:01:31.255: D/checkbox(3479): setChecked(1) checked=false, mCheckBoxAnimationEnabled=false, mIsAttached=false
11-18 23:01:31.255: D/checkbox(3479): checkMarkDrawable=null, checkRectangleDrawable=null
11-18 23:01:31.265: D/checkbox(3479): TwCheckBox.onAttachedToWindow()
11-18 23:01:31.265: D/checkbox(3479): setButtonDrawable(Drawable d) mButtonBgHasBeenSet=false
11-18 23:01:31.265: D/checkbox(3479): This is not checkbox or checkbox with J_Effects disabled
11-18 23:01:31.265: D/checkbox(3479): setChecked(1) checked=false, mCheckBoxAnimationEnabled=false, mIsAttached=false
11-18 23:01:31.265: D/checkbox(3479): checkMarkDrawable=null, checkRectangleDrawable=null
11-18 23:01:31.270: D/checkbox(3479): TwCheckBox.onAttachedToWindow()
11-18 23:01:31.275: D/checkbox(3479): setButtonDrawable(Drawable d) mButtonBgHasBeenSet=false
11-18 23:01:31.275: D/checkbox(3479): This is not checkbox or checkbox with J_Effects disabled
11-18 23:01:31.275: D/checkbox(3479): setChecked(1) checked=false, mCheckBoxAnimationEnabled=false, mIsAttached=false
11-18 23:01:31.275: D/checkbox(3479): checkMarkDrawable=null, checkRectangleDrawable=null
11-18 23:01:31.280: D/checkbox(3479): TwCheckBox.onAttachedToWindow()
11-18 23:01:31.280: D/AbsListView(3479): unregisterIRListener() is called
11-18 23:01:31.360: D/ProgressBar(3479): setProgress = 0
11-18 23:01:31.360: D/ProgressBar(3479): setProgress = 0, fromUser = false
11-18 23:01:31.360: D/ProgressBar(3479): mProgress = 0mIndeterminate = false, mMin = 0, mMax = 100
11-18 23:01:31.375: D/ProgressBar(3479): updateDrawableBounds: left = 0
11-18 23:01:31.375: D/ProgressBar(3479): updateDrawableBounds: top = 0
11-18 23:01:31.375: D/ProgressBar(3479): updateDrawableBounds: right = 68
11-18 23:01:31.375: D/ProgressBar(3479): updateDrawableBounds: bottom = 68
11-18 23:01:31.430: D/dalvikvm(731): GC_CONCURRENT freed 422K, 17% free 10686K/12792K, paused 3ms+2ms, total 24ms
11-18 23:01:31.450: D/STATUSBAR-NetworkController(2749): onSignalStrengthsChanged signalStrength=SignalStrength: 99 -1 -1 -1 -1 -1 -1 28 -84 -7 184 -1 2147483647 gsm|lte 0x3 level=3
11-18 23:01:31.625: D/checkbox(3479): TwCheckBox.onDetachedToWindow()
11-18 23:01:31.625: D/checkbox(3479): TwCheckBox.onDetachedToWindow()
11-18 23:01:31.625: D/checkbox(3479): TwCheckBox.onDetachedToWindow()
11-18 23:01:31.625: D/checkbox(3479): TwCheckBox.onDetachedToWindow()
11-18 23:01:31.625: D/checkbox(3479): TwCheckBox.onDetachedToWindow()
11-18 23:01:31.625: D/checkbox(3479): TwCheckBox.onDetachedToWindow()
11-18 23:01:31.625: D/checkbox(3479): TwCheckBox.onDetachedToWindow()
11-18 23:01:31.625: D/checkbox(3479): TwCheckBox.onDetachedToWindow()
11-18 23:01:31.635: D/checkbox(3479): setButtonDrawable(Drawable d) mButtonBgHasBeenSet=false
11-18 23:01:31.635: D/checkbox(3479): This is not checkbox or checkbox with J_Effects disabled
11-18 23:01:31.635: D/checkbox(3479): setChecked(1) checked=false, mCheckBoxAnimationEnabled=false, mIsAttached=false
11-18 23:01:31.635: D/checkbox(3479): checkMarkDrawable=null, checkRectangleDrawable=null
11-18 23:01:31.640: D/checkbox(3479): setButtonDrawable(Drawable d) mButtonBgHasBeenSet=false
11-18 23:01:31.640: D/checkbox(3479): This is not checkbox or checkbox with J_Effects disabled
11-18 23:01:31.640: D/checkbox(3479): setChecked(1) checked=false, mCheckBoxAnimationEnabled=false, mIsAttached=false
11-18 23:01:31.640: D/checkbox(3479): checkMarkDrawable=null, checkRectangleDrawable=null
11-18 23:01:31.650: D/checkbox(3479): TwCheckBox.onAttachedToWindow()
11-18 23:01:31.650: D/checkbox(3479): TwCheckBox.onAttachedToWindow()
11-18 23:01:31.655: D/checkbox(3479): setButtonDrawable(Drawable d) mButtonBgHasBeenSet=false
11-18 23:01:31.655: D/checkbox(3479): This is not checkbox or checkbox with J_Effects disabled
11-18 23:01:31.655: D/checkbox(3479): setChecked(1) checked=false, mCheckBoxAnimationEnabled=false, mIsAttached=false
11-18 23:01:31.655: D/checkbox(3479): checkMarkDrawable=null, checkRectangleDrawable=null
11-18 23:01:31.660: D/checkbox(3479): TwCheckBox.onAttachedToWindow()
11-18 23:01:31.660: D/checkbox(3479): setButtonDrawable(Drawable d) mButtonBgHasBeenSet=false
11-18 23:01:31.660: D/checkbox(3479): This is not checkbox or checkbox with J_Effects disabled
11-18 23:01:31.660: D/checkbox(3479): setChecked(1) checked=false, mCheckBoxAnimationEnabled=false, mIsAttached=false
11-18 23:01:31.660: D/checkbox(3479): checkMarkDrawable=null, checkRectangleDrawable=null
11-18 23:01:31.665: D/checkbox(3479): TwCheckBox.onAttachedToWindow()
11-18 23:01:31.670: D/checkbox(3479): setButtonDrawable(Drawable d) mButtonBgHasBeenSet=false
11-18 23:01:31.670: D/checkbox(3479): This is not checkbox or checkbox with J_Effects disabled
11-18 23:01:31.670: D/checkbox(3479): setChecked(1) checked=false, mCheckBoxAnimationEnabled=false, mIsAttached=false
11-18 23:01:31.670: D/checkbox(3479): checkMarkDrawable=null, checkRectangleDrawable=null
11-18 23:01:31.675: D/checkbox(3479): TwCheckBox.onAttachedToWindow()
11-18 23:01:31.675: D/checkbox(3479): setButtonDrawable(Drawable d) mButtonBgHasBeenSet=false
11-18 23:01:31.675: D/checkbox(3479): This is not checkbox or checkbox with J_Effects disabled
11-18 23:01:31.675: D/checkbox(3479): setChecked(1) checked=false, mCheckBoxAnimationEnabled=false, mIsAttached=false
11-18 23:01:31.675: D/checkbox(3479): checkMarkDrawable=null, checkRectangleDrawable=null
11-18 23:01:31.680: D/checkbox(3479): TwCheckBox.onAttachedToWindow()
11-18 23:01:31.680: D/checkbox(3479): setButtonDrawable(Drawable d) mButtonBgHasBeenSet=false
11-18 23:01:31.680: D/checkbox(3479): This is not checkbox or checkbox with J_Effects disabled
11-18 23:01:31.680: D/checkbox(3479): setChecked(1) checked=false, mCheckBoxAnimationEnabled=false, mIsAttached=false
11-18 23:01:31.680: D/checkbox(3479): checkMarkDrawable=null, checkRectangleDrawable=null
11-18 23:01:31.685: D/checkbox(3479): TwCheckBox.onAttachedToWindow()
11-18 23:01:31.690: D/checkbox(3479): setButtonDrawable(Drawable d) mButtonBgHasBeenSet=false
11-18 23:01:31.690: D/checkbox(3479): This is not checkbox or checkbox with J_Effects disabled
11-18 23:01:31.690: D/checkbox(3479): setChecked(1) checked=false, mCheckBoxAnimationEnabled=false, mIsAttached=false
11-18 23:01:31.690: D/checkbox(3479): checkMarkDrawable=null, checkRectangleDrawable=null
11-18 23:01:31.695: D/checkbox(3479): TwCheckBox.onAttachedToWindow()
11-18 23:01:31.695: D/AbsListView(3479): unregisterIRListener() is called
11-18 23:01:31.800: D/lights(2394): button : 0 +
11-18 23:01:31.800: D/lights(2394): button : 0 -
11-18 23:01:32.210: D/InputReader(2394): Input event: value=1 when=13817747166000
11-18 23:01:32.210: D/lights(2394): button : 1 +
11-18 23:01:32.210: D/lights(2394): button : 1 -
11-18 23:01:32.210: I/InputDispatcher(2394): Delivering key to: action: 0x0 (0)
11-18 23:01:32.210: V/VibratorService(2394): useVibetonz: true
11-18 23:01:32.225: D/SSRMv2:Monitor(2394): SIOP:: AP = 300 (read only)
11-18 23:01:32.345: D/dalvikvm(2394): JIT code cache reset in 8 ms (1048576 bytes 16/0)
11-18 23:01:32.355: D/dalvikvm(2394): GC_EXPLICIT freed 969K, 24% free 43773K/57468K, paused 7ms+17ms, total 165ms
11-18 23:01:32.390: D/InputReader(2394): Input event: value=0 when=13817925906000
11-18 23:01:32.390: I/InputDispatcher(2394): Delivering key to: action: 0x1 (0)
11-18 23:01:32.460: D/checkbox(3479): TwCheckBox.onDetachedToWindow()
11-18 23:01:32.460: D/checkbox(3479): TwCheckBox.onDetachedToWindow()
11-18 23:01:32.465: D/checkbox(3479): TwCheckBox.onDetachedToWindow()
11-18 23:01:32.465: D/checkbox(3479): TwCheckBox.onDetachedToWindow()
11-18 23:01:32.465: D/checkbox(3479): TwCheckBox.onDetachedToWindow()
11-18 23:01:32.465: D/checkbox(3479): TwCheckBox.onDetachedToWindow()
11-18 23:01:32.465: D/checkbox(3479): TwCheckBox.onDetachedToWindow()
11-18 23:01:32.465: D/checkbox(3479): TwCheckBox.onDetachedToWindow()
11-18 23:01:32.520: D/dalvikvm(3479): GC_CONCURRENT freed 1565K, 15% free 17387K/20304K, paused 1ms+11ms, total 40ms
11-18 23:01:32.530: D/checkbox(3479): setButtonDrawable(Drawable d) mButtonBgHasBeenSet=false
11-18 23:01:32.530: D/checkbox(3479): This is not checkbox or checkbox with J_Effects disabled
11-18 23:01:32.530: D/checkbox(3479): setChecked(1) checked=false, mCheckBoxAnimationEnabled=false, mIsAttached=false
11-18 23:01:32.530: D/checkbox(3479): checkMarkDrawable=null, checkRectangleDrawable=null
11-18 23:01:32.545: D/checkbox(3479): setButtonDrawable(Drawable d) mButtonBgHasBeenSet=false
11-18 23:01:32.545: D/checkbox(3479): This is not checkbox or checkbox with J_Effects disabled
11-18 23:01:32.545: D/checkbox(3479): setChecked(1) checked=false, mCheckBoxAnimationEnabled=false, mIsAttached=false
11-18 23:01:32.545: D/checkbox(3479): checkMarkDrawable=null, checkRectangleDrawable=null
11-18 23:01:32.555: D/checkbox(3479): TwCheckBox.onAttachedToWindow()
11-18 23:01:32.560: D/checkbox(3479): TwCheckBox.onAttachedToWindow()
11-18 23:01:32.560: D/checkbox(3479): setButtonDrawable(Drawable d) mButtonBgHasBeenSet=false
11-18 23:01:32.560: D/checkbox(3479): This is not checkbox or checkbox with J_Effects disabled
11-18 23:01:32.560: D/checkbox(3479): setChecked(1) checked=false, mCheckBoxAnimationEnabled=false, mIsAttached=false
11-18 23:01:32.560: D/checkbox(3479): checkMarkDrawable=null, checkRectangleDrawable=null
11-18 23:01:32.565: D/checkbox(3479): TwCheckBox.onAttachedToWindow()
11-18 23:01:32.570: D/checkbox(3479): setButtonDrawable(Drawable d) mButtonBgHasBeenSet=false
11-18 23:01:32.570: D/checkbox(3479): This is not checkbox or checkbox with J_Effects disabled
11-18 23:01:32.570: D/checkbox(3479): setChecked(1) checked=false, mCheckBoxAnimationEnabled=false, mIsAttached=false
11-18 23:01:32.570: D/checkbox(3479): checkMarkDrawable=null, checkRectangleDrawable=null
11-18 23:01:32.575: D/checkbox(3479): TwCheckBox.onAttachedToWindow()
11-18 23:01:32.575: D/checkbox(3479): setButtonDrawable(Drawable d) mButtonBgHasBeenSet=false
11-18 23:01:32.575: D/checkbox(3479): This is not checkbox or checkbox with J_Effects disabled
11-18 23:01:32.575: D/checkbox(3479): setChecked(1) checked=false, mCheckBoxAnimationEnabled=false, mIsAttached=false
11-18 23:01:32.575: D/checkbox(3479): checkMarkDrawable=null, checkRectangleDrawable=null
11-18 23:01:32.580: D/checkbox(3479): TwCheckBox.onAttachedToWindow()
11-18 23:01:32.585: D/checkbox(3479): setButtonDrawable(Drawable d) mButtonBgHasBeenSet=false
11-18 23:01:32.585: D/checkbox(3479): This is not checkbox or checkbox with J_Effects disabled
11-18 23:01:32.585: D/checkbox(3479): setChecked(1) checked=false, mCheckBoxAnimationEnabled=false, mIsAttached=false
11-18 23:01:32.585: D/checkbox(3479): checkMarkDrawable=null, checkRectangleDrawable=null
11-18 23:01:32.590: D/checkbox(3479): TwCheckBox.onAttachedToWindow()
11-18 23:01:32.590: D/checkbox(3479): setButtonDrawable(Drawable d) mButtonBgHasBeenSet=false
11-18 23:01:32.590: D/checkbox(3479): This is not checkbox or checkbox with J_Effects disabled
11-18 23:01:32.590: D/checkbox(3479): setChecked(1) checked=false, mCheckBoxAnimationEnabled=false, mIsAttached=false
11-18 23:01:32.590: D/checkbox(3479): checkMarkDrawable=null, checkRectangleDrawable=null
11-18 23:01:32.600: D/checkbox(3479): TwCheckBox.onAttachedToWindow()
11-18 23:01:32.600: D/checkbox(3479): setButtonDrawable(Drawable d) mButtonBgHasBeenSet=false
11-18 23:01:32.600: D/checkbox(3479): This is not checkbox or checkbox with J_Effects disabled
11-18 23:01:32.600: D/checkbox(3479): setChecked(1) checked=false, mCheckBoxAnimationEnabled=false, mIsAttached=false
11-18 23:01:32.600: D/checkbox(3479): checkMarkDrawable=null, checkRectangleDrawable=null
11-18 23:01:32.605: D/checkbox(3479): TwCheckBox.onAttachedToWindow()
11-18 23:01:32.605: D/AbsListView(3479): unregisterIRListener() is called
11-18 23:01:32.610: I/MotionRecognitionManager(3479): .unregisterListener : / listener count = 0->0,
11-18 23:01:32.620: D/BadgeProvider(888): query, [selection] : package='com.android.email' AND class='com.android.email.activity.Welcome' AND extraData='base_extra_badge'
11-18 23:01:32.625: D/Launcher.Model(2979): reloadBadges entered.
11-18 23:01:32.630: D/Launcher.BadgeCache,(2979): updateBadgeCounts, app[1] have 0 badges
11-18 23:01:32.630: D/Launcher.BadgeCache,(2979): updateBadgeCounts, app[0] have 0 badges
11-18 23:01:32.630: D/Launcher.BadgeCache,(2979): updateBadgeCounts, app[3] have 0 badges
11-18 23:01:32.630: D/Launcher.BadgeCache,(2979): updateBadgeCounts, app[-1] have 1 badges
11-18 23:01:32.630: D/Launcher.BadgeCache,(2979): updateBadgeCounts, app[2] have 0 badges
11-18 23:01:32.630: D/Launcher.BadgeCache,(2979): updateBadgeCounts, app[-1] have 0 badges
11-18 23:01:32.630: D/Launcher.BadgeCache,(2979): updateBadgeCounts, app[-1] have 0 badges
11-18 23:01:32.635: D/BadgeProvider(888): sendNotify entered. [uri] : content://com.sec.badge/apps/1
11-18 23:01:32.635: D/BadgeProvider(888): sendNotify, [notify] : null
11-18 23:01:32.635: D/BadgeProvider(888): update, [uri] : content://com.sec.badge/apps/1
11-18 23:01:32.635: D/BadgeProvider(888): update, [BadgeCount] : badgecount=0
11-18 23:01:32.635: D/BadgeProvider(888): update, [UpdateCount] : 1
11-18 23:01:32.635: D/Launcher.Model(2979): reloadBadges, badges count : 4
11-18 23:01:32.635: D/Launcher.Model(2979): reloadBadges, origCallbacks : java.lang.ref.WeakReference@42827038
11-18 23:01:32.640: D/NfcP2pLinkManager(2964): hash: 1534272944
11-18 23:01:32.640: D/NfcP2pLinkManager(2964): already exist
11-18 23:01:32.640: D/NfcP2pLinkManager(2964): hash: 1534272944
11-18 23:01:32.640: D/NfcP2pLinkManager(2964): table length : 0
11-18 23:01:32.640: D/NfcHandover(2964): [NFC] You need to touch the Handover Tag
11-18 23:01:32.645: I/power(2394): *** acquire_dvfs_lock : lockType : 1 freq : 1200000
11-18 23:01:32.645: D/SSRMv2:CustomFrequencyManagerService(2394): acquireDVFSLockLocked : type : DVFS_MIN_LIMIT frequency : 1200000 uid : 1000 pid : 2394 pkgName : ACTIVITY_RESUME_BOOSTER@5
11-18 23:01:32.645: W/ActivityManager(2394): mDVFSHelper.acquire()
11-18 23:01:32.655: D/WindowManager(2394): computeScreenConfigurationLocked() set config.orientation=1 dw=720 dh=1280 Callers=com.android.server.wm.WindowManagerService.updateOrientationFromAppTokensLocked:5171 com.android.server.wm.WindowManagerService.updateOrientationFromAppTokens:5142 com.android.server.am.ActivityStack.resumeTopActivityLocked:2776
11-18 23:01:32.655: D/PowerManagerService(2394): setKeyboardVisibility: false
11-18 23:01:32.660: D/STATUSBAR-StatusBarManagerService(2394): manageDisableList what=0x0 pkg=WindowManager.LayoutParams
11-18 23:01:32.660: V/WindowManager(2394): Window{432ee778 u0 Keyguard}mOrientationRequetedFromKeyguard=false
11-18 23:01:32.660: D/RestrictionPolicy(2394): isStatusBarExpansionAllowed : true
11-18 23:01:32.675: D/checkbox(3479): setButtonDrawable(Drawable d) mButtonBgHasBeenSet=false
11-18 23:01:32.675: D/checkbox(3479): This is not checkbox or checkbox with J_Effects disabled
11-18 23:01:32.675: D/checkbox(3479): setChecked(1) checked=false, mCheckBoxAnimationEnabled=false, mIsAttached=false
11-18 23:01:32.675: D/checkbox(3479): checkMarkDrawable=null, checkRectangleDrawable=null
11-18 23:01:32.685: D/checkbox(3479): setButtonDrawable(Drawable d) mButtonBgHasBeenSet=false
11-18 23:01:32.685: D/checkbox(3479): This is not checkbox or checkbox with J_Effects disabled
11-18 23:01:32.685: D/checkbox(3479): setChecked(1) checked=false, mCheckBoxAnimationEnabled=false, mIsAttached=false
11-18 23:01:32.685: D/checkbox(3479): checkMarkDrawable=null, checkRectangleDrawable=null
11-18 23:01:32.705: D/AbsListView(3479): unregisterIRListener() is called
11-18 23:01:32.730: D/STATUSBAR-NetworkController(2749): onSignalStrengthsChanged signalStrength=SignalStrength: 99 -1 -1 -1 -1 -1 -1 30 -83 -7 228 -1 2147483647 gsm|lte 0x3 level=3
11-18 23:01:32.750: D/STATUSBAR-NetworkController(2749): onSignalStrengthsChanged signalStrength=SignalStrength: 99 -1 -1 -1 -1 -1 -1 30 -83 -7 228 -1 2147483647 gsm|lte 0x3 level=3
11-18 23:01:32.790: D/AbsListView(3479): unregisterIRListener() is called
11-18 23:01:32.790: D/AbsListView(3479): unregisterIRListener() is called
11-18 23:01:32.795: D/AbsListView(3479): unregisterIRListener() is called
11-18 23:01:32.845: V/WindowManager(2394): Window{432ee778 u0 Keyguard}mOrientationRequetedFromKeyguard=false
11-18 23:01:32.995: I/SurfaceFlinger(1978): id=252 Removed NessageList (5/6)
11-18 23:01:32.995: I/SurfaceFlinger(1978): id=252 Removed NessageList (-2/6)
11-18 23:01:33.215: D/dalvikvm(731): GC_CONCURRENT freed 387K, 17% free 10704K/12792K, paused 1ms+2ms, total 18ms
11-18 23:01:33.320: D/InputReader(2394): Input event: value=1 when=13818857465000
11-18 23:01:33.320: I/InputDispatcher(2394): Delivering key to: action: 0x0 (0)
11-18 23:01:33.320: V/VibratorService(2394): useVibetonz: true
11-18 23:01:33.460: D/dalvikvm(731): GC_CONCURRENT freed 432K, 17% free 10682K/12792K, paused 1ms+2ms, total 17ms
11-18 23:01:33.495: D/InputReader(2394): Input event: value=0 when=13819034705000
11-18 23:01:33.500: D/InputDispatcher(2394): Waiting for application to become ready for input: xxxx Reason: Waiting because the focused window has not finished processing the input events that were previously delivered to it.
11-18 23:01:34.745: D/SSRMv2:Monitor(2394): SIOP:: AP = 330, Prev AP = 300, Duration = 10035
11-18 23:01:34.805: D/InputReader(2394): Input event: value=1 when=13820340719000
11-18 23:01:34.805: V/VibratorService(2394): useVibetonz: true
11-18 23:01:34.820: D/lights(2394): button : 0 +
11-18 23:01:34.820: D/lights(2394): button : 0 -
11-18 23:01:34.845: D/InputReader(2394): Input event: value=0 when=13820383415000
11-18 23:01:34.865: D/STATUSBAR-NetworkController(2749): refreshSignalCluster: data=0 bt=false
11-18 23:01:34.875: D/STATUSBAR-IconMerger(2749): checkOverflow(432), More:false, Req:false Child:3
11-18 23:01:35.295: D/STATUSBAR-NetworkController(2749): onSignalStrengthsChanged signalStrength=SignalStrength: 99 -1 -1 -1 -1 -1 -1 30 -82 -7 208 -1 2147483647 gsm|lte 0x3 level=3
11-18 23:01:35.645: I/power(2394): *** release_dvfs_lock : lockType : 1
11-18 23:01:35.645: I/power(2394): *** acquire_dvfs_lock : lockType : 1 freq : 1200000
11-18 23:01:35.645: D/SSRMv2:CustomFrequencyManagerService(2394): releaseDVFSLockLocked : Getting Lock type frm List : DVFS_MIN_LIMIT frequency : 1200000 uid : 1000 pid : 2394 tag : ACTIVITY_RESUME_BOOSTER@5
11-18 23:01:35.645: W/ActivityManager(2394): mDVFSHelper.release()
11-18 23:01:35.645: D/SSRMv2:CustomFrequencyManagerService(2394): acquireDVFSLockLocked : type : DVFS_MIN_LIMIT frequency : 1200000 uid : 1000 pid : 2394 pkgName : ACTIVITY_RESUME_BOOSTER@8
11-18 23:01:35.870: D/STATUSBAR-NetworkController(2749): refreshSignalCluster: data=0 bt=false
11-18 23:01:35.875: D/STATUSBAR-IconMerger(2749): checkOverflow(432), More:false, Req:false Child:3
11-18 23:01:35.925: D/InputReader(2394): Input event: value=1 when=13821459948000
11-18 23:01:35.925: V/VibratorService(2394): useVibetonz: true
11-18 23:01:35.945: I/power(2394): *** release_dvfs_lock : lockType : 1
11-18 23:01:35.945: D/SSRMv2:CustomFrequencyManagerService(2394): releaseDVFSLockLocked : Getting Lock type frm List : DVFS_MIN_LIMIT frequency : 1200000 uid : 1000 pid : 2394 tag : ACTIVITY_RESUME_BOOSTER@8
11-18 23:01:36.070: D/InputReader(2394): Input event: value=0 when=13821608161000
11-18 23:01:36.625: D/InputReader(2394): Input event: value=1 when=13822161468000
11-18 23:01:36.625: V/VibratorService(2394): useVibetonz: true
11-18 23:01:36.780: D/InputReader(2394): Input event: value=0 when=13822313047000
11-18 23:01:37.245: I/TIMA: tlc_communication(2394): Send Trustlet TCI Message
11-18 23:01:37.245: I/TIMA: tlc_communication(2394): mcNotify is completed
11-18 23:01:37.245: I/TIMA: tlc_communication(2394): mcWaitNotification is completed
11-18 23:01:37.245: I/TLC_TIMA_PKM(2394): Trustlet response is completed
11-18 23:01:37.245: I/TLC_TIMA_PKM(2394): TIMA: recv_cmd_id = 2
11-18 23:01:37.245: I/TLC_TIMA_PKM(2394): TIMA: recv_cmd ret = 0, result_ondemand = MSG=Kernel Verification Success;
11-18 23:01:37.245: D/TimaService(2394): TIMA: TimaService scheduler is intialized.
11-18 23:01:37.245: D/TimaService(2394): TIMA: checkEvent, operation: 50000 subject: 10000
11-18 23:01:37.245: D/TimaService(2394): TimaServiceHandler.handleMessage what =1
11-18 23:01:37.245: D/TimaService(2394): TIMA MEASUREMENT Result: TIMA_STATUS=0;MSG=Kernel Verification Success;
11-18 23:01:37.245: D/SSRMv2:Monitor(2394): SIOP:: AP = 330 (read only)
11-18 23:01:37.245: D/TimaService(2394): TIMA MEASUREMENT success status: TIMA_STATUS=0;MSG=Kernel Verification Success;
11-18 23:01:37.280: I/InputReader(2394): Touch event's action is 0x0 (deviceType=0) [pCnt=1, s=0.835 ] when=13822817260000
11-18 23:01:37.625: D/SensorService(2394): -0.0 0.5 8.8
11-18 23:01:37.735: I/InputReader(2394): Touch event's action is 0x1 (deviceType=0) [pCnt=1, s=] when=13823270620000
11-18 23:01:37.860: D/STATUSBAR-NetworkController(2749): onSignalStrengthsChanged signalStrength=SignalStrength: 99 -1 -1 -1 -1 -1 -1 30 -81 -7 220 -1 2147483647 gsm|lte 0x3 level=3
11-18 23:01:37.870: D/STATUSBAR-NetworkController(2749): refreshSignalCluster: data=0 bt=false
11-18 23:01:37.875: D/STATUSBAR-IconMerger(2749): checkOverflow(432), More:false, Req:false Child:3
11-18 23:01:37.925: I/InputReader(2394): Touch event's action is 0x0 (deviceType=0) [pCnt=1, s=0.836 ] when=13823464772000
11-18 23:01:38.395: I/InputReader(2394): Touch event's action is 0x1 (deviceType=0) [pCnt=1, s=] when=13823929542000
11-18 23:01:38.875: D/STATUSBAR-NetworkController(2749): refreshSignalCluster: data=0 bt=false
11-18 23:01:38.880: D/STATUSBAR-IconMerger(2749): checkOverflow(432), More:false, Req:false Child:3
11-18 23:01:39.130: D/STATUSBAR-NetworkController(2749): onSignalStrengthsChanged signalStrength=SignalStrength: 99 -1 -1 -1 -1 -1 -1 29 -81 -7 274 -1 2147483647 gsm|lte 0x3 level=3
11-18 23:01:39.755: D/SSRMv2:Monitor(2394): SIOP:: AP = 330 (read only)
11-18 23:01:39.875: D/STATUSBAR-NetworkController(2749): refreshSignalCluster: data=0 bt=false
11-18 23:01:39.880: D/STATUSBAR-IconMerger(2749): checkOverflow(432), More:false, Req:false Child:3
11-18 23:01:40.415: D/STATUSBAR-NetworkController(2749): onSignalStrengthsChanged signalStrength=SignalStrength: 99 -1 -1 -1 -1 -1 -1 29 -81 -7 254 -1 2147483647 gsm|lte 0x3 level=3
11-18 23:01:41.690: D/STATUSBAR-NetworkController(2749): onSignalStrengthsChanged signalStrength=SignalStrength: 99 -1 -1 -1 -1 -1 -1 29 -81 -7 218 -1 2147483647 gsm|lte 0x3 level=3
11-18 23:01:42.255: D/SSRMv2:Monitor(2394): SIOP:: AP = 330 (read only)
11-18 23:01:42.465: W/ActivityManager(2394): Launch timeout has expired, giving up wake lock!
11-18 23:01:42.660: D/checkbox(3479): TwCheckBox.onDetachedToWindow()
11-18 23:01:42.660: D/checkbox(3479): TwCheckBox.onDetachedToWindow()
11-18 23:01:42.660: D/checkbox(3479): TwCheckBox.onDetachedToWindow()
11-18 23:01:42.660: D/checkbox(3479): TwCheckBox.onDetachedToWindow()
11-18 23:01:42.660: D/checkbox(3479): TwCheckBox.onDetachedToWindow()
11-18 23:01:42.665: D/checkbox(3479): TwCheckBox.onDetachedToWindow()
11-18 23:01:42.665: D/checkbox(3479): TwCheckBox.onDetachedToWindow()
11-18 23:01:42.665: D/checkbox(3479): TwCheckBox.onDetachedToWindow()
11-18 23:01:42.675: D/AbsListView(3479): onDetachedFromWindow
11-18 23:01:42.675: D/AbsListView(3479): onDetachedFromWindow
11-18 23:01:42.675: D/AbsListView(3479): onDetachedFromWindow
11-18 23:01:43.130: V/AlarmManager(2394): waitForAlarm result :4
11-18 23:01:43.130: V/AlarmManager(2394): trigger ELAPSED_REALTIME_WAKEUP or RTC_WAKEUP
11-18 23:01:43.140: I/wpa_supplicant(9901): Scan requested (ret=0) - scan timeout 30 seconds
11-18 23:01:43.145: V/RealCellState(2911): telephonyManager network type is 13
11-18 23:01:43.145: V/RealCellState(2911): transforming LTE to WCDMA
11-18 23:01:43.875: D/STATUSBAR-NetworkController(2749): refreshSignalCluster: data=0 bt=false
11-18 23:01:43.880: D/STATUSBAR-IconMerger(2749): checkOverflow(432), More:false, Req:false Child:3
11-18 23:01:44.250: D/STATUSBAR-NetworkController(2749): onSignalStrengthsChanged signalStrength=SignalStrength: 99 -1 -1 -1 -1 -1 -1 29 -81 -7 204 -1 2147483647 gsm|lte 0x3 level=3
11-18 23:01:44.755: D/SSRMv2:Monitor(2394): SIOP:: AP = 330, Prev AP = 330, Duration = 10013
11-18 23:01:45.535: D/STATUSBAR-NetworkController(2749): onSignalStrengthsChanged signalStrength=SignalStrength: 99 -1 -1 -1 -1 -1 -1 29 -81 -7 222 -1 2147483647 gsm|lte 0x3 level=3
11-18 23:01:47.110: I/wpa_supplicant(9901): nl80211: Received scan results (5 BSSes)
11-18 23:01:47.115: D/Tethering(2394): interfaceLinkStateChanged wlan0, true
11-18 23:01:47.115: D/Tethering(2394): interfaceStatusChanged wlan0, true
11-18 23:01:47.250: D/dalvikvm(2394): GC_CONCURRENT freed 1484K, 23% free 44257K/57468K, paused 4ms+10ms, total 129ms
11-18 23:01:47.260: D/SSRMv2:Monitor(2394): SIOP:: AP = 330 (read only)
11-18 23:01:47.635: D/SensorService(2394): 0.0 0.4 8.9
11-18 23:01:47.885: D/STATUSBAR-NetworkController(2749): refreshSignalCluster: data=0 bt=false
11-18 23:01:47.895: D/STATUSBAR-IconMerger(2749): checkOverflow(432), More:false, Req:false Child:3
11-18 23:01:49.765: D/SSRMv2:Monitor(2394): SIOP:: AP = 330 (read only)
11-18 23:01:50.655: D/STATUSBAR-NetworkController(2749): onSignalStrengthsChanged signalStrength=SignalStrength: 99 -1 -1 -1 -1 -1 -1 29 -82 -7 254 -1 2147483647 gsm|lte 0x3 level=3
11-18 23:01:50.890: D/STATUSBAR-NetworkController(2749): refreshSignalCluster: data=0 bt=false
11-18 23:01:50.895: D/STATUSBAR-IconMerger(2749): checkOverflow(432), More:false, Req:false Child:3
11-18 23:01:51.895: D/STATUSBAR-NetworkController(2749): refreshSignalCluster: data=0 bt=false
11-18 23:01:51.895: D/STATUSBAR-IconMerger(2749): checkOverflow(432), More:false, Req:false Child:3
11-18 23:01:52.045: E/Watchdog(2394): !@Sync 459
11-18 23:01:52.275: D/SSRMv2:Monitor(2394): SIOP:: AP = 330 (read only)
11-18 23:01:52.895: D/STATUSBAR-NetworkController(2749): refreshSignalCluster: data=0 bt=false
11-18 23:01:52.895: D/STATUSBAR-IconMerger(2749): checkOverflow(432), More:false, Req:false Child:3
11-18 23:01:53.210: D/STATUSBAR-NetworkController(2749): onSignalStrengthsChanged signalStrength=SignalStrength: 99 -1 -1 -1 -1 -1 -1 29 -82 -7 222 -1 2147483647 gsm|lte 0x3 level=3
11-18 23:01:53.505: I/InputDispatcher(2394): Application is not responding. It has been 20002.7ms since event, 20002.2ms since wait started. Reason: Waiting because the focused window has not finished processing the input events that were previously delivered to it.
11-18 23:01:53.545: I/InputDispatcher(2394): Delivering key to: action: 0x1 (0)
11-18 23:01:53.545: D/lights(2394): button : 1 +
11-18 23:01:53.545: D/lights(2394): button : 1 -
11-18 23:01:53.545: D/InputDispatcher(2394): Waiting for application to become ready for input: xxxx Reason: Waiting because the focused window has not finished processing the input events that were previously delivered to it.
11-18 23:01:53.560: I/Process(2394): Sending signal. PID: 29819 SIG: 3
11-18 23:01:53.560: I/dalvikvm(29819): threadid=3: reacting to signal 3
11-18 23:01:53.625: I/dalvikvm(29819): Wrote stack traces to '/data/anr/traces.txt'
11-18 23:01:53.625: I/Process(2394): Sending signal. PID: 2394 SIG: 3
11-18 23:01:53.625: I/dalvikvm(2394): threadid=3: reacting to signal 3
11-18 23:01:54.580: I/dalvikvm(2394): Wrote stack traces to '/data/anr/traces.txt'
11-18 23:01:54.580: I/Process(2394): Sending signal. PID: 2749 SIG: 3
11-18 23:01:54.580: I/Process(2394): Sending signal. PID: 2950 SIG: 3
11-18 23:01:54.580: I/dalvikvm(2749): threadid=3: reacting to signal 3
11-18 23:01:54.580: I/dalvikvm(2950): threadid=3: reacting to signal 3
11-18 23:01:54.635: D/STATUSBAR-NetworkController(2749): refreshSignalCluster: data=0 bt=false
11-18 23:01:54.640: I/dalvikvm(2749): Wrote stack traces to '/data/anr/traces.txt'
11-18 23:01:54.640: I/Process(2394): Sending signal. PID: 3179 SIG: 3
11-18 23:01:54.640: I/dalvikvm(3179): threadid=3: reacting to signal 3
11-18 23:01:54.645: D/STATUSBAR-IconMerger(2749): checkOverflow(432), More:false, Req:false Child:3
11-18 23:01:54.700: I/dalvikvm(2950): Wrote stack traces to '/data/anr/traces.txt'
11-18 23:01:54.705: I/Process(2394): Sending signal. PID: 3491 SIG: 3
11-18 23:01:54.705: I/dalvikvm(3491): threadid=3: reacting to signal 3
11-18 23:01:54.720: I/dalvikvm(3179): Wrote stack traces to '/data/anr/traces.txt'
11-18 23:01:54.720: I/Process(2394): Sending signal. PID: 3149 SIG: 3
11-18 23:01:54.720: I/dalvikvm(3149): threadid=3: reacting to signal 3
11-18 23:01:54.730: I/dalvikvm(3491): Wrote stack traces to '/data/anr/traces.txt'
11-18 23:01:54.730: I/Process(2394): Sending signal. PID: 3537 SIG: 3
11-18 23:01:54.730: I/dalvikvm(3537): threadid=3: reacting to signal 3
11-18 23:01:54.745: I/dalvikvm(3149): Wrote stack traces to '/data/anr/traces.txt'
11-18 23:01:54.745: I/Process(2394): Sending signal. PID: 2964 SIG: 3
11-18 23:01:54.745: I/dalvikvm(2964): threadid=3: reacting to signal 3
11-18 23:01:54.750: I/dalvikvm(3537): Wrote stack traces to '/data/anr/traces.txt'
11-18 23:01:54.750: I/Process(2394): Sending signal. PID: 3526 SIG: 3
11-18 23:01:54.750: I/dalvikvm(3526): threadid=3: reacting to signal 3
11-18 23:01:54.770: I/dalvikvm(3526): Wrote stack traces to '/data/anr/traces.txt'
11-18 23:01:54.770: I/Process(2394): Sending signal. PID: 3551 SIG: 3
11-18 23:01:54.770: I/dalvikvm(2964): Wrote stack traces to '/data/anr/traces.txt'
11-18 23:01:54.770: I/dalvikvm(3551): threadid=3: reacting to signal 3
11-18 23:01:54.770: I/Process(2394): Sending signal. PID: 3514 SIG: 3
11-18 23:01:54.770: I/dalvikvm(3514): threadid=3: reacting to signal 3
11-18 23:01:54.775: D/SSRMv2:Monitor(2394): SIOP:: AP = 330, Prev AP = 330, Duration = 10020
11-18 23:01:54.790: I/dalvikvm(3514): Wrote stack traces to '/data/anr/traces.txt'
11-18 23:01:54.790: I/Process(2394): Sending signal. PID: 2925 SIG: 3
11-18 23:01:54.790: I/dalvikvm(2925): threadid=3: reacting to signal 3
11-18 23:01:54.795: I/dalvikvm(3551): Wrote stack traces to '/data/anr/traces.txt'
11-18 23:01:54.810: I/dalvikvm(2925): Wrote stack traces to '/data/anr/traces.txt'
11-18 23:01:55.050: D/lights(2394): button : 0 +
11-18 23:01:55.050: D/lights(2394): button : 0 -
11-18 23:01:55.060: D/dalvikvm(2394): GC_CONCURRENT freed 1735K, 23% free 44570K/57468K, paused 3ms+11ms, total 127ms
11-18 23:01:55.060: D/dalvikvm(2394): WAIT_FOR_CONCURRENT_GC blocked 110ms
11-18 23:01:55.290: D/dalvikvm(2394): GC_EXPLICIT freed 738K, 23% free 44810K/57468K, paused 3ms+10ms, total 132ms
11-18 23:01:55.785: D/STATUSBAR-NetworkController(2749): onSignalStrengthsChanged signalStrength=SignalStrength: 99 -1 -1 -1 -1 -1 -1 29 -82 -7 256 -1 2147483647 gsm|lte 0x3 level=3
11-18 23:01:55.855: W/DropBoxManagerService(2394): Dropping: data_app_anr (10 > 0 bytes)
11-18 23:01:55.860: I/dumpstate(1203): begin
11-18 23:01:56.160: E/android.os.Debug(2394): !@Dumpstate > sdumpstate -k -t -z -d -o /data/log/dumpstate_app_anr
11-18 23:01:57.280: D/SSRMv2:Monitor(2394): SIOP:: AP = 330 (read only)
11-18 23:01:57.640: D/SensorService(2394): 0.0 0.5 8.9
11-18 23:01:58.335: D/STATUSBAR-NetworkController(2749): onSignalStrengthsChanged signalStrength=SignalStrength: 99 -1 -1 -1 -1 -1 -1 29 -82 -7 220 -1 2147483647 gsm|lte 0x3 level=3
11-18 23:01:59.780: D/SSRMv2:Monitor(2394): SIOP:: AP = 330 (read only)
11-18 23:01:59.995: V/AlarmManager(2394): waitForAlarm result :8
11-18 23:02:02.285: D/SSRMv2:Monitor(2394): SIOP:: AP = 330 (read only)
11-18 23:02:03.145: D/BatteryService(2394): update start
11-18 23:02:03.145: D/BatteryService(2394): level:76, scale:100, status:2, health:2, present:true, voltage: 4096, temperature: 324, technology: Li-ion, AC powered:false, USB powered:true, Wireless powered:false, icon:17303550, invalid charger:0, online:4, charge type:1, current avg:460
11-18 23:02:04.250: I/dumpstate(1203): done
11-18 23:02:04.380: D/dalvikvm(2394): GC_CONCURRENT freed 2448K, 23% free 44325K/57468K, paused 5ms+9ms, total 120ms
11-18 23:02:04.380: D/dalvikvm(2394): WAIT_FOR_CONCURRENT_GC blocked 115ms
11-18 23:02:04.405: I/InputDispatcher(2394): Dropped event because it is stale.
11-18 23:02:04.405: I/InputDispatcher(2394): Dropped event because it is stale.
11-18 23:02:04.405: D/lights(2394): button : 1 +
11-18 23:02:04.405: D/lights(2394): button : 1 -
11-18 23:02:04.405: I/InputDispatcher(2394): Dropped event because it is stale.
11-18 23:02:04.405: I/InputDispatcher(2394): Dropped event because it is stale.
11-18 23:02:04.405: I/InputDispatcher(2394): Dropped event because it is stale.
11-18 23:02:04.405: I/InputDispatcher(2394): Dropped event because it is stale.
11-18 23:02:04.405: I/InputDispatcher(2394): Dropped event because it is stale.
11-18 23:02:04.405: I/InputDispatcher(2394): Dropped event because it is stale.
11-18 23:02:04.405: I/InputDispatcher(2394): Dropped event because it is stale.
11-18 23:02:04.405: I/InputDispatcher(2394): Dropped event because it is stale.
11-18 23:02:04.405: I/InputDispatcher(2394): Dropped event because it is stale.
11-18 23:02:04.405: I/InputDispatcher(2394): Dropped event because it is stale.
11-18 23:02:04.405: I/InputDispatcher(2394): Dropped event because it is stale.
11-18 23:02:04.405: I/InputDispatcher(2394): Dropped event because it is stale.
11-18 23:02:04.405: I/InputDispatcher(2394): Dropped event because it is stale.
11-18 23:02:04.405: I/InputDispatcher(2394): Dropped event because it is stale.
11-18 23:02:04.405: I/InputDispatcher(2394): Dropped event because it is stale.
11-18 23:02:04.405: I/InputDispatcher(2394): Dropped event because it is stale.
11-18 23:02:04.405: I/InputDispatcher(2394): Dropped event because it is stale.
11-18 23:02:04.405: I/InputDispatcher(2394): Dropped event because it is stale.
11-18 23:02:04.405: I/InputDispatcher(2394): Dropped event because it is stale.
11-18 23:02:04.405: I/InputDispatcher(2394): Dropped event because it is stale.
11-18 23:02:04.405: I/InputDispatcher(2394): Dropped event because it is stale.
11-18 23:02:04.405: I/InputDispatcher(2394): Dropped event because it is stale.
11-18 23:02:04.405: I/InputDispatcher(2394): Dropped event because it is stale.
11-18 23:02:04.405: I/InputDispatcher(2394): Dropped event because it is stale.
11-18 23:02:04.405: I/InputDispatcher(2394): Dropped event because it is stale.
