11-18 22:45:16.080: D/STATUSBAR-NetworkController(2749): onSignalStrengthsChanged signalStrength=SignalStrength: 99 -1 -1 -1 -1 -1 -1 31 -79 -7 198 -1 2147483647 gsm|lte 0x4 level=4
11-18 22:45:16.415: D/STATUSBAR-NetworkController(2749): refreshSignalCluster: data=0 bt=false
11-18 22:45:16.425: D/STATUSBAR-IconMerger(2749): checkOverflow(432), More:false, Req:false Child:4
11-18 22:45:17.005: D/SensorService(2394): AutoRotationSensor::process: Acc eventTimestamp = 12842536874000, previousAccTimestamp = 12842136711000, difference = 400163000
11-18 22:45:17.365: D/STATUSBAR-NetworkController(2749): onSignalStrengthsChanged signalStrength=SignalStrength: 99 -1 -1 -1 -1 -1 -1 31 -79 -7 258 -1 2147483647 gsm|lte 0x4 level=4
11-18 22:45:18.545: D/SSRMv2:Monitor(2394): SIOP:: AP = 330 (read only)
11-18 22:45:18.640: D/STATUSBAR-NetworkController(2749): onSignalStrengthsChanged signalStrength=SignalStrength: 99 -1 -1 -1 -1 -1 -1 31 -79 -7 238 -1 2147483647 gsm|lte 0x4 level=4
11-18 22:45:19.420: D/STATUSBAR-NetworkController(2749): refreshSignalCluster: data=0 bt=false
11-18 22:45:19.425: D/STATUSBAR-IconMerger(2749): checkOverflow(432), More:false, Req:false Child:4
11-18 22:45:19.920: D/STATUSBAR-NetworkController(2749): onSignalStrengthsChanged signalStrength=SignalStrength: 99 -1 -1 -1 -1 -1 -1 29 -79 -7 248 -1 2147483647 gsm|lte 0x4 level=4
11-18 22:45:20.005: D/SensorService(2394): 0.0 0.4 8.9
11-18 22:45:21.050: D/SSRMv2:Monitor(2394): SIOP:: AP = 330 (read only)
11-18 22:45:21.175: D/dalvikvm(2394): GC_CONCURRENT freed 1820K, 26% free 44066K/59268K, paused 4ms+12ms, total 124ms
11-18 22:45:21.200: D/STATUSBAR-NetworkController(2749): onSignalStrengthsChanged signalStrength=SignalStrength: 99 -1 -1 -1 -1 -1 -1 29 -79 -7 232 -1 2147483647 gsm|lte 0x4 level=4
11-18 22:45:21.425: D/STATUSBAR-NetworkController(2749): refreshSignalCluster: data=0 bt=false
11-18 22:45:21.425: D/STATUSBAR-IconMerger(2749): checkOverflow(432), More:false, Req:false Child:4
11-18 22:45:22.040: E/Watchdog(2394): !@Sync 426
11-18 22:45:22.315: V/AlarmManager(2394): waitForAlarm result :4
11-18 22:45:22.315: V/AlarmManager(2394): trigger ELAPSED_REALTIME_WAKEUP or RTC_WAKEUP
11-18 22:45:22.320: V/RealCellState(2911): telephonyManager network type is 13
11-18 22:45:22.320: V/RealCellState(2911): transforming LTE to WCDMA
11-18 22:45:22.325: I/wpa_supplicant(9901): Scan requested (ret=0) - scan timeout 30 seconds
11-18 22:45:22.425: D/STATUSBAR-NetworkController(2749): refreshSignalCluster: data=0 bt=false
11-18 22:45:22.440: D/STATUSBAR-IconMerger(2749): checkOverflow(432), More:false, Req:false Child:4
11-18 22:45:23.425: D/STATUSBAR-NetworkController(2749): refreshSignalCluster: data=0 bt=false
11-18 22:45:23.440: D/STATUSBAR-IconMerger(2749): checkOverflow(432), More:false, Req:false Child:4
11-18 22:45:23.555: D/SSRMv2:Monitor(2394): SIOP:: AP = 330, Prev AP = 330, Duration = 10012
11-18 22:45:23.765: D/STATUSBAR-NetworkController(2749): onSignalStrengthsChanged signalStrength=SignalStrength: 99 -1 -1 -1 -1 -1 -1 29 -80 -7 234 -1 2147483647 gsm|lte 0x3 level=3
11-18 22:45:23.765: D/STATUSBAR-NetworkController(2749): refreshSignalCluster: data=0 bt=false
11-18 22:45:23.775: D/STATUSBAR-IconMerger(2749): checkOverflow(432), More:false, Req:false Child:4
11-18 22:45:24.425: D/STATUSBAR-NetworkController(2749): refreshSignalCluster: data=0 bt=false
11-18 22:45:24.440: D/STATUSBAR-IconMerger(2749): checkOverflow(432), More:false, Req:false Child:4
11-18 22:45:25.030: D/STATUSBAR-NetworkController(2749): onSignalStrengthsChanged signalStrength=SignalStrength: 99 -1 -1 -1 -1 -1 -1 30 -80 -7 204 -1 2147483647 gsm|lte 0x3 level=3
11-18 22:45:26.060: D/SSRMv2:Monitor(2394): SIOP:: AP = 330 (read only)
11-18 22:45:26.300: I/wpa_supplicant(9901): nl80211: Received scan results (5 BSSes)
11-18 22:45:26.300: D/Tethering(2394): interfaceLinkStateChanged wlan0, true
11-18 22:45:26.300: D/Tethering(2394): interfaceStatusChanged wlan0, true
11-18 22:45:26.320: D/STATUSBAR-NetworkController(2749): onSignalStrengthsChanged signalStrength=SignalStrength: 99 -1 -1 -1 -1 -1 -1 30 -80 -7 236 -1 2147483647 gsm|lte 0x3 level=3
11-18 22:45:26.365: D/dalvikvm(2911): GC_CONCURRENT freed 778K, 21% free 12403K/15516K, paused 3ms+2ms, total 32ms
11-18 22:45:27.435: D/STATUSBAR-NetworkController(2749): refreshSignalCluster: data=0 bt=false
11-18 22:45:27.440: D/STATUSBAR-IconMerger(2749): checkOverflow(432), More:false, Req:false Child:4
11-18 22:45:28.435: D/STATUSBAR-NetworkController(2749): refreshSignalCluster: data=0 bt=false
11-18 22:45:28.440: D/STATUSBAR-IconMerger(2749): checkOverflow(432), More:false, Req:false Child:4
11-18 22:45:28.565: D/SSRMv2:Monitor(2394): SIOP:: AP = 330 (read only)
11-18 22:45:28.880: D/STATUSBAR-NetworkController(2749): onSignalStrengthsChanged signalStrength=SignalStrength: 99 -1 -1 -1 -1 -1 -1 29 -80 -7 250 -1 2147483647 gsm|lte 0x3 level=3
11-18 22:45:30.010: D/SensorService(2394): 0.0 0.5 8.9
11-18 22:45:30.160: D/STATUSBAR-NetworkController(2749): onSignalStrengthsChanged signalStrength=SignalStrength: 99 -1 -1 -1 -1 -1 -1 29 -81 -7 246 -1 2147483647 gsm|lte 0x3 level=3
11-18 22:45:31.065: D/SSRMv2:Monitor(2394): SIOP:: AP = 330 (read only)
11-18 22:45:31.435: D/STATUSBAR-NetworkController(2749): refreshSignalCluster: data=0 bt=false
11-18 22:45:31.445: D/STATUSBAR-IconMerger(2749): checkOverflow(432), More:false, Req:false Child:4
11-18 22:45:31.450: D/STATUSBAR-NetworkController(2749): onSignalStrengthsChanged signalStrength=SignalStrength: 99 -1 -1 -1 -1 -1 -1 29 -81 -7 224 -1 2147483647 gsm|lte 0x3 level=3
11-18 22:45:33.565: D/SSRMv2:Monitor(2394): SIOP:: AP = 330, Prev AP = 330, Duration = 10012
11-18 22:45:34.000: D/STATUSBAR-NetworkController(2749): onSignalStrengthsChanged signalStrength=SignalStrength: 99 -1 -1 -1 -1 -1 -1 29 -81 -7 260 -1 2147483647 gsm|lte 0x3 level=3
11-18 22:45:35.280: D/STATUSBAR-NetworkController(2749): onSignalStrengthsChanged signalStrength=SignalStrength: 99 -1 -1 -1 -1 -1 -1 29 -81 -7 220 -1 2147483647 gsm|lte 0x3 level=3
11-18 22:45:35.440: D/STATUSBAR-NetworkController(2749): refreshSignalCluster: data=0 bt=false
11-18 22:45:35.460: D/STATUSBAR-IconMerger(2749): checkOverflow(432), More:false, Req:false Child:4
11-18 22:45:36.070: D/SSRMv2:Monitor(2394): SIOP:: AP = 330 (read only)
11-18 22:45:37.450: D/STATUSBAR-NetworkController(2749): refreshSignalCluster: data=0 bt=false
11-18 22:45:37.460: D/STATUSBAR-IconMerger(2749): checkOverflow(432), More:false, Req:false Child:4
11-18 22:45:38.570: D/SSRMv2:Monitor(2394): SIOP:: AP = 330 (read only)
11-18 22:45:39.120: D/STATUSBAR-NetworkController(2749): onSignalStrengthsChanged signalStrength=SignalStrength: 99 -1 -1 -1 -1 -1 -1 29 -81 -7 262 -1 2147483647 gsm|lte 0x3 level=3
11-18 22:45:40.010: D/SensorService(2394): -0.0 0.4 8.9
11-18 22:45:40.400: D/STATUSBAR-NetworkController(2749): onSignalStrengthsChanged signalStrength=SignalStrength: 99 -1 -1 -1 -1 -1 -1 29 -81 -7 224 -1 2147483647 gsm|lte 0x3 level=3
11-18 22:45:41.075: D/SSRMv2:Monitor(2394): SIOP:: AP = 330 (read only)
11-18 22:45:41.680: D/STATUSBAR-NetworkController(2749): onSignalStrengthsChanged signalStrength=SignalStrength: 99 -1 -1 -1 -1 -1 -1 29 -81 -7 258 -1 2147483647 gsm|lte 0x3 level=3
11-18 22:45:42.325: V/AlarmManager(2394): waitForAlarm result :4
11-18 22:45:42.325: V/AlarmManager(2394): trigger ELAPSED_REALTIME_WAKEUP or RTC_WAKEUP
11-18 22:45:42.325: D/BatteryService(2394): update start
11-18 22:45:42.325: D/BatteryService(2394): level:73, scale:100, status:2, health:2, present:true, voltage: 4046, temperature: 325, technology: Li-ion, AC powered:false, USB powered:true, Wireless powered:false, icon:17303550, invalid charger:0, online:4, charge type:1, current avg:460
11-18 22:45:42.325: D/BatteryService(2394): Sending ACTION_BATTERY_CHANGED.
11-18 22:45:42.330: D/LockPatternUtils(2394): isPcwEnable = null
11-18 22:45:42.330: D/STATUSBAR-BatteryController(2749): onReceive() - ACTION_BATTERY_CHANGED
11-18 22:45:42.330: D/STATUSBAR-BatteryController(2749): onReceive() - BATTERY_STATUS_CHARGING:
11-18 22:45:42.335: I/wpa_supplicant(9901): Scan requested (ret=0) - scan timeout 30 seconds
11-18 22:45:42.335: D/STATUSBAR-PhoneStatusBar(2749): mBrightnessEnablebySettings = true mBrightnessEnablebyBattery = true mBrightnessEnablebyDisableFlag = true
11-18 22:45:42.340: V/RealCellState(2911): telephonyManager network type is 13
11-18 22:45:42.340: V/RealCellState(2911): transforming LTE to WCDMA
11-18 22:45:43.575: D/SSRMv2:Monitor(2394): SIOP:: AP = 330, Prev AP = 330, Duration = 10012
11-18 22:45:44.235: D/STATUSBAR-NetworkController(2749): onSignalStrengthsChanged signalStrength=SignalStrength: 99 -1 -1 -1 -1 -1 -1 29 -81 -7 234 -1 2147483647 gsm|lte 0x3 level=3
11-18 22:45:46.085: D/SSRMv2:Monitor(2394): SIOP:: AP = 330 (read only)
11-18 22:45:46.320: I/wpa_supplicant(9901): nl80211: Received scan results (5 BSSes)
11-18 22:45:46.325: D/Tethering(2394): interfaceLinkStateChanged wlan0, true
11-18 22:45:46.325: D/Tethering(2394): interfaceStatusChanged wlan0, true
11-18 22:45:46.460: D/STATUSBAR-NetworkController(2749): refreshSignalCluster: data=0 bt=false
11-18 22:45:46.460: D/STATUSBAR-IconMerger(2749): checkOverflow(432), More:false, Req:false Child:4
11-18 22:45:46.805: D/STATUSBAR-NetworkController(2749): onSignalStrengthsChanged signalStrength=SignalStrength: 99 -1 -1 -1 -1 -1 -1 29 -81 -7 252 -1 2147483647 gsm|lte 0x3 level=3
11-18 22:45:47.460: D/STATUSBAR-NetworkController(2749): refreshSignalCluster: data=0 bt=false
11-18 22:45:47.460: D/STATUSBAR-IconMerger(2749): checkOverflow(432), More:false, Req:false Child:4
11-18 22:45:48.465: D/STATUSBAR-NetworkController(2749): refreshSignalCluster: data=0 bt=false
11-18 22:45:48.480: D/STATUSBAR-IconMerger(2749): checkOverflow(432), More:false, Req:false Child:4
11-18 22:45:48.585: D/SSRMv2:Monitor(2394): SIOP:: AP = 330 (read only)
11-18 22:45:49.370: D/STATUSBAR-NetworkController(2749): onSignalStrengthsChanged signalStrength=SignalStrength: 99 -1 -1 -1 -1 -1 -1 30 -81 -7 234 -1 2147483647 gsm|lte 0x3 level=3
11-18 22:45:50.015: D/SensorService(2394): 0.0 0.4 8.9
11-18 22:45:50.640: D/STATUSBAR-NetworkController(2749): onSignalStrengthsChanged signalStrength=SignalStrength: 99 -1 -1 -1 -1 -1 -1 30 -80 -7 260 -1 2147483647 gsm|lte 0x3 level=3
11-18 22:45:51.090: D/SSRMv2:Monitor(2394): SIOP:: AP = 330 (read only)
11-18 22:45:51.465: D/STATUSBAR-NetworkController(2749): refreshSignalCluster: data=0 bt=false
11-18 22:45:51.480: D/STATUSBAR-IconMerger(2749): checkOverflow(432), More:false, Req:false Child:4
11-18 22:45:52.040: E/Watchdog(2394): !@Sync 427
11-18 22:45:53.590: D/SSRMv2:Monitor(2394): SIOP:: AP = 330, Prev AP = 330, Duration = 10012
11-18 22:45:54.485: D/STATUSBAR-NetworkController(2749): onSignalStrengthsChanged signalStrength=SignalStrength: 99 -1 -1 -1 -1 -1 -1 28 -80 -7 220 -1 2147483647 gsm|lte 0x3 level=3
11-18 22:45:55.475: D/STATUSBAR-NetworkController(2749): refreshSignalCluster: data=0 bt=false
11-18 22:45:55.480: D/STATUSBAR-IconMerger(2749): checkOverflow(432), More:false, Req:false Child:4
11-18 22:45:55.765: D/STATUSBAR-NetworkController(2749): onSignalStrengthsChanged signalStrength=SignalStrength: 99 -1 -1 -1 -1 -1 -1 29 -80 -7 206 -1 2147483647 gsm|lte 0x3 level=3
11-18 22:45:56.095: D/SSRMv2:Monitor(2394): SIOP:: AP = 330 (read only)
11-18 22:45:56.475: D/STATUSBAR-NetworkController(2749): refreshSignalCluster: data=0 bt=false
11-18 22:45:56.480: D/STATUSBAR-IconMerger(2749): checkOverflow(432), More:false, Req:false Child:4
11-18 22:45:57.040: D/STATUSBAR-NetworkController(2749): onSignalStrengthsChanged signalStrength=SignalStrength: 99 -1 -1 -1 -1 -1 -1 28 -81 -7 166 -1 2147483647 gsm|lte 0x3 level=3
11-18 22:45:58.325: D/STATUSBAR-NetworkController(2749): onSignalStrengthsChanged signalStrength=SignalStrength: 99 -1 -1 -1 -1 -1 -1 28 -81 -7 228 -1 2147483647 gsm|lte 0x3 level=3
11-18 22:45:58.595: D/SSRMv2:Monitor(2394): SIOP:: AP = 330 (read only)
11-18 22:45:59.480: D/STATUSBAR-NetworkController(2749): refreshSignalCluster: data=0 bt=false
11-18 22:45:59.480: D/STATUSBAR-IconMerger(2749): checkOverflow(432), More:false, Req:false Child:4
11-18 22:45:59.995: V/AlarmManager(2394): waitForAlarm result :8
11-18 22:45:59.995: D/KeyguardClockWidgetService(17217): onReceive action=android.intent.action.TIME_TICK
11-18 22:46:00.000: V/AlarmManager(2394): ClockReceiver onReceive() ACTION_TIME_TICK
11-18 22:46:00.015: D/STATUSBAR-IconMerger(2749): checkOverflow(432), More:false, Req:false Child:4
11-18 22:46:00.020: D/SensorService(2394): -0.0 0.4 8.9
11-18 22:46:00.025: D/widget(2979): [MSC_HERO_Accu_JB]>>> SM:1292 [0:0] bTCC WCV = 200
11-18 22:46:00.025: D/widget(2979): [MSC_HERO_Accu_JB]>>> WC:1785 [0:0] drw 2nd Tm dt
11-18 22:46:00.480: D/STATUSBAR-NetworkController(2749): refreshSignalCluster: data=0 bt=false
11-18 22:46:00.500: D/STATUSBAR-IconMerger(2749): checkOverflow(432), More:false, Req:false Child:4
11-18 22:46:00.880: D/STATUSBAR-NetworkController(2749): onSignalStrengthsChanged signalStrength=SignalStrength: 99 -1 -1 -1 -1 -1 -1 28 -82 -7 202 -1 2147483647 gsm|lte 0x3 level=3
11-18 22:46:00.895: D/dalvikvm(6754): GC_CONCURRENT freed 395K, 15% free 10539K/12296K, paused 1ms+1ms, total 14ms
11-18 22:46:01.100: D/SSRMv2:Monitor(2394): SIOP:: AP = 330 (read only)
11-18 22:46:02.330: V/AlarmManager(2394): waitForAlarm result :4
11-18 22:46:02.330: V/AlarmManager(2394): trigger ELAPSED_REALTIME_WAKEUP or RTC_WAKEUP
11-18 22:46:02.340: V/RealCellState(2911): telephonyManager network type is 13
11-18 22:46:02.340: V/RealCellState(2911): transforming LTE to WCDMA
11-18 22:46:02.340: I/wpa_supplicant(9901): Scan requested (ret=0) - scan timeout 30 seconds
11-18 22:46:02.485: D/STATUSBAR-NetworkController(2749): refreshSignalCluster: data=0 bt=false
11-18 22:46:02.500: D/STATUSBAR-IconMerger(2749): checkOverflow(432), More:false, Req:false Child:4
11-18 22:46:03.420: D/SensorService(2394): AutoRotationSensor::process: Acc eventTimestamp = 12888956830000, previousAccTimestamp = 12888556664000, difference = 400166000
11-18 22:46:03.450: D/STATUSBAR-NetworkController(2749): onSignalStrengthsChanged signalStrength=SignalStrength: 99 -1 -1 -1 -1 -1 -1 28 -83 -7 178 -1 2147483647 gsm|lte 0x3 level=3
11-18 22:46:03.600: D/SSRMv2:Monitor(2394): SIOP:: AP = 330, Prev AP = 330, Duration = 10012
11-18 22:46:04.325: V/AlarmManager(2394): waitForAlarm result :1
11-18 22:46:04.720: D/STATUSBAR-NetworkController(2749): onSignalStrengthsChanged signalStrength=SignalStrength: 99 -1 -1 -1 -1 -1 -1 29 -83 -7 214 -1 2147483647 gsm|lte 0x3 level=3
11-18 22:46:05.490: D/STATUSBAR-NetworkController(2749): refreshSignalCluster: data=0 bt=false
11-18 22:46:05.500: D/STATUSBAR-IconMerger(2749): checkOverflow(432), More:false, Req:false Child:4
11-18 22:46:06.110: D/SSRMv2:Monitor(2394): SIOP:: AP = 330 (read only)
11-18 22:46:06.320: I/wpa_supplicant(9901): nl80211: Received scan results (5 BSSes)
11-18 22:46:06.320: D/Tethering(2394): interfaceLinkStateChanged wlan0, true
11-18 22:46:06.320: D/Tethering(2394): interfaceStatusChanged wlan0, true
11-18 22:46:06.490: D/STATUSBAR-NetworkController(2749): refreshSignalCluster: data=0 bt=false
11-18 22:46:06.500: D/STATUSBAR-IconMerger(2749): checkOverflow(432), More:false, Req:false Child:4
11-18 22:46:07.335: V/AlarmManager(2394): waitForAlarm result :4
11-18 22:46:07.495: D/STATUSBAR-NetworkController(2749): refreshSignalCluster: data=0 bt=false
11-18 22:46:07.500: D/STATUSBAR-IconMerger(2749): checkOverflow(432), More:false, Req:false Child:4
11-18 22:46:08.610: D/SSRMv2:Monitor(2394): SIOP:: AP = 330 (read only)
11-18 22:46:09.495: D/STATUSBAR-NetworkController(2749): refreshSignalCluster: data=0 bt=false
11-18 22:46:09.500: D/STATUSBAR-IconMerger(2749): checkOverflow(432), More:false, Req:false Child:4
11-18 22:46:10.225: D/SensorService(2394): 0.0 0.4 8.9
11-18 22:46:10.865: V/AlarmManager(2394): waitForAlarm result :4
11-18 22:46:10.865: V/AlarmManager(2394): trigger ELAPSED_REALTIME_WAKEUP or RTC_WAKEUP
11-18 22:46:10.925: D/dalvikvm(2911): GC_CONCURRENT freed 864K, 21% free 12409K/15516K, paused 2ms+4ms, total 30ms
11-18 22:46:10.925: D/dalvikvm(2911): WAIT_FOR_CONCURRENT_GC blocked 16ms
11-18 22:46:10.925: D/dalvikvm(2911): WAIT_FOR_CONCURRENT_GC blocked 16ms
11-18 22:46:10.925: D/dalvikvm(2911): WAIT_FOR_CONCURRENT_GC blocked 17ms
11-18 22:46:10.925: D/dalvikvm(2911): WAIT_FOR_CONCURRENT_GC blocked 17ms
11-18 22:46:11.110: D/SSRMv2:Monitor(2394): SIOP:: AP = 330 (read only)
11-18 22:46:11.130: D/STATUSBAR-NetworkController(2749): onSignalStrengthsChanged signalStrength=SignalStrength: 99 -1 -1 -1 -1 -1 -1 28 -83 -7 204 -1 2147483647 gsm|lte 0x3 level=3
11-18 22:46:11.500: D/STATUSBAR-NetworkController(2749): refreshSignalCluster: data=0 bt=false
11-18 22:46:11.515: D/STATUSBAR-IconMerger(2749): checkOverflow(432), More:false, Req:false Child:4
11-18 22:46:12.405: D/STATUSBAR-NetworkController(2749): onSignalStrengthsChanged signalStrength=SignalStrength: 99 -1 -1 -1 -1 -1 -1 28 -83 -7 224 -1 2147483647 gsm|lte 0x3 level=3
11-18 22:46:13.505: D/STATUSBAR-NetworkController(2749): refreshSignalCluster: data=0 bt=false
11-18 22:46:13.515: D/STATUSBAR-IconMerger(2749): checkOverflow(432), More:false, Req:false Child:4
11-18 22:46:13.615: D/SSRMv2:Monitor(2394): SIOP:: AP = 330, Prev AP = 330, Duration = 10013
11-18 22:46:13.680: D/STATUSBAR-NetworkController(2749): onSignalStrengthsChanged signalStrength=SignalStrength: 99 -1 -1 -1 -1 -1 -1 28 -83 -7 184 -1 2147483647 gsm|lte 0x3 level=3
11-18 22:46:14.505: D/STATUSBAR-NetworkController(2749): refreshSignalCluster: data=0 bt=false
11-18 22:46:14.515: D/STATUSBAR-IconMerger(2749): checkOverflow(432), More:false, Req:false Child:4
11-18 22:46:15.875: V/AlarmManager(2394): waitForAlarm result :4
11-18 22:46:16.120: D/SSRMv2:Monitor(2394): SIOP:: AP = 330 (read only)
11-18 22:46:16.245: D/STATUSBAR-NetworkController(2749): onSignalStrengthsChanged signalStrength=SignalStrength: 99 -1 -1 -1 -1 -1 -1 28 -83 -7 216 -1 2147483647 gsm|lte 0x3 level=3
11-18 22:46:17.510: D/STATUSBAR-NetworkController(2749): refreshSignalCluster: data=0 bt=false
11-18 22:46:17.520: D/STATUSBAR-IconMerger(2749): checkOverflow(432), More:false, Req:false Child:4
11-18 22:46:17.525: D/STATUSBAR-NetworkController(2749): onSignalStrengthsChanged signalStrength=SignalStrength: 99 -1 -1 -1 -1 -1 -1 28 -83 -7 198 -1 2147483647 gsm|lte 0x3 level=3
11-18 22:46:18.620: D/SSRMv2:Monitor(2394): SIOP:: AP = 330 (read only)
11-18 22:46:18.800: D/STATUSBAR-NetworkController(2749): onSignalStrengthsChanged signalStrength=SignalStrength: 99 -1 -1 -1 -1 -1 -1 28 -83 -7 170 -1 2147483647 gsm|lte 0x3 level=3
11-18 22:46:20.080: D/STATUSBAR-NetworkController(2749): onSignalStrengthsChanged signalStrength=SignalStrength: 99 -1 -1 -1 -1 -1 -1 28 -84 -7 202 -1 2147483647 gsm|lte 0x3 level=3
11-18 22:46:20.230: D/SensorService(2394): 0.0 0.4 8.9
11-18 22:46:21.125: D/SSRMv2:Monitor(2394): SIOP:: AP = 330 (read only)
11-18 22:46:21.370: D/STATUSBAR-NetworkController(2749): onSignalStrengthsChanged signalStrength=SignalStrength: 99 -1 -1 -1 -1 -1 -1 28 -84 -7 232 -1 2147483647 gsm|lte 0x3 level=3
11-18 22:46:21.520: D/STATUSBAR-NetworkController(2749): refreshSignalCluster: data=0 bt=false
11-18 22:46:21.520: D/STATUSBAR-IconMerger(2749): checkOverflow(432), More:false, Req:false Child:4
11-18 22:46:22.040: E/Watchdog(2394): !@Sync 428
11-18 22:46:22.340: V/AlarmManager(2394): waitForAlarm result :4
11-18 22:46:22.340: V/AlarmManager(2394): trigger ELAPSED_REALTIME_WAKEUP or RTC_WAKEUP
11-18 22:46:22.345: D/BatteryService(2394): update start
11-18 22:46:22.345: D/BatteryService(2394): level:73, scale:100, status:2, health:2, present:true, voltage: 4058, temperature: 331, technology: Li-ion, AC powered:false, USB powered:true, Wireless powered:false, icon:17303550, invalid charger:0, online:4, charge type:1, current avg:460
11-18 22:46:22.345: D/BatteryService(2394): Sending ACTION_BATTERY_CHANGED.
11-18 22:46:22.350: I/wpa_supplicant(9901): Scan requested (ret=0) - scan timeout 30 seconds
11-18 22:46:22.350: V/RealCellState(2911): telephonyManager network type is 13
11-18 22:46:22.350: V/RealCellState(2911): transforming LTE to WCDMA
11-18 22:46:22.350: D/STATUSBAR-BatteryController(2749): onReceive() - ACTION_BATTERY_CHANGED
11-18 22:46:22.350: D/STATUSBAR-BatteryController(2749): onReceive() - BATTERY_STATUS_CHARGING:
11-18 22:46:22.350: D/STATUSBAR-PhoneStatusBar(2749): mBrightnessEnablebySettings = true mBrightnessEnablebyBattery = true mBrightnessEnablebyDisableFlag = true
11-18 22:46:22.355: D/LockPatternUtils(2394): isPcwEnable = null
11-18 22:46:22.640: D/STATUSBAR-NetworkController(2749): onSignalStrengthsChanged signalStrength=SignalStrength: 99 -1 -1 -1 -1 -1 -1 28 -84 -7 204 -1 2147483647 gsm|lte 0x3 level=3
11-18 22:46:23.625: D/SSRMv2:Monitor(2394): SIOP:: AP = 330, Prev AP = 330, Duration = 10012
11-18 22:46:25.205: D/STATUSBAR-NetworkController(2749): onSignalStrengthsChanged signalStrength=SignalStrength: 99 -1 -1 -1 -1 -1 -1 28 -84 -7 210 -1 2147483647 gsm|lte 0x3 level=3
11-18 22:46:25.525: D/STATUSBAR-NetworkController(2749): refreshSignalCluster: data=0 bt=false
11-18 22:46:25.535: D/STATUSBAR-IconMerger(2749): checkOverflow(432), More:false, Req:false Child:4
11-18 22:46:26.135: D/SSRMv2:Monitor(2394): SIOP:: AP = 330 (read only)
11-18 22:46:26.325: I/wpa_supplicant(9901): nl80211: Received scan results (5 BSSes)
11-18 22:46:26.330: D/Tethering(2394): interfaceLinkStateChanged wlan0, true
11-18 22:46:26.330: D/Tethering(2394): interfaceStatusChanged wlan0, true
11-18 22:46:26.485: D/STATUSBAR-NetworkController(2749): onSignalStrengthsChanged signalStrength=SignalStrength: 99 -1 -1 -1 -1 -1 -1 28 -84 -7 204 -1 2147483647 gsm|lte 0x3 level=3
11-18 22:46:26.520: D/STATUSBAR-NetworkController(2749): refreshSignalCluster: data=0 bt=false
11-18 22:46:26.535: D/STATUSBAR-IconMerger(2749): checkOverflow(432), More:false, Req:false Child:4
11-18 22:46:27.760: D/STATUSBAR-NetworkController(2749): onSignalStrengthsChanged signalStrength=SignalStrength: 99 -1 -1 -1 -1 -1 -1 28 -83 -7 214 -1 2147483647 gsm|lte 0x3 level=3
11-18 22:46:28.525: D/STATUSBAR-NetworkController(2749): refreshSignalCluster: data=0 bt=false
11-18 22:46:28.535: D/STATUSBAR-IconMerger(2749): checkOverflow(432), More:false, Req:false Child:4
11-18 22:46:28.635: D/SSRMv2:Monitor(2394): SIOP:: AP = 330 (read only)
11-18 22:46:29.045: D/STATUSBAR-NetworkController(2749): onSignalStrengthsChanged signalStrength=SignalStrength: 99 -1 -1 -1 -1 -1 -1 28 -83 -7 196 -1 2147483647 gsm|lte 0x3 level=3
11-18 22:46:29.175: D/dalvikvm(2394): GC_CONCURRENT freed 1852K, 26% free 44142K/59268K, paused 4ms+12ms, total 126ms
11-18 22:46:29.530: D/STATUSBAR-NetworkController(2749): refreshSignalCluster: data=0 bt=false
11-18 22:46:29.535: D/STATUSBAR-IconMerger(2749): checkOverflow(432), More:false, Req:false Child:4
11-18 22:46:30.235: D/SensorService(2394): -0.0 0.5 8.9
11-18 22:46:30.315: D/STATUSBAR-NetworkController(2749): onSignalStrengthsChanged signalStrength=SignalStrength: 99 -1 -1 -1 -1 -1 -1 29 -83 -7 258 -1 2147483647 gsm|lte 0x3 level=3
11-18 22:46:31.140: D/SSRMv2:Monitor(2394): SIOP:: AP = 330 (read only)
11-18 22:46:32.535: D/STATUSBAR-NetworkController(2749): refreshSignalCluster: data=0 bt=false
11-18 22:46:32.535: D/STATUSBAR-IconMerger(2749): checkOverflow(432), More:false, Req:false Child:4
11-18 22:46:33.640: D/SSRMv2:Monitor(2394): SIOP:: AP = 330, Prev AP = 330, Duration = 10013
11-18 22:46:36.140: D/SSRMv2:Monitor(2394): SIOP:: AP = 330 (read only)
11-18 22:46:36.540: D/STATUSBAR-NetworkController(2749): refreshSignalCluster: data=0 bt=false
11-18 22:46:36.555: D/STATUSBAR-IconMerger(2749): checkOverflow(432), More:false, Req:false Child:4
11-18 22:46:36.715: D/STATUSBAR-NetworkController(2749): onSignalStrengthsChanged signalStrength=SignalStrength: 99 -1 -1 -1 -1 -1 -1 30 -80 -7 252 -1 2147483647 gsm|lte 0x3 level=3
11-18 22:46:37.240: D/TimaService(2394): TIMA: TimaService scheduler is intialized.
11-18 22:46:37.245: I/TIMA: tlc_communication(2394): Send Trustlet TCI Message
11-18 22:46:37.245: D/TimaService(2394): TIMA: checkEvent, operation: 50000 subject: 10000
11-18 22:46:37.245: D/TimaService(2394): TimaServiceHandler.handleMessage what =1
11-18 22:46:37.250: I/TIMA: tlc_communication(2394): mcNotify is completed
11-18 22:46:38.025: I/TIMA: tlc_communication(2394): mcWaitNotification is completed
11-18 22:46:38.025: I/TLC_TIMA_PKM(2394): Trustlet response is completed
11-18 22:46:38.025: I/TLC_TIMA_PKM(2394): TIMA: recv_cmd_id = 2
11-18 22:46:38.025: I/TLC_TIMA_PKM(2394): TIMA: recv_cmd ret = 0, result_ondemand = MSG=Kernel Verification Success;
11-18 22:46:38.025: D/TimaService(2394): TIMA MEASUREMENT Result: TIMA_STATUS=0;MSG=Kernel Verification Success;
11-18 22:46:38.025: D/TimaService(2394): TIMA MEASUREMENT success status: TIMA_STATUS=0;MSG=Kernel Verification Success;
11-18 22:46:38.645: D/SSRMv2:Monitor(2394): SIOP:: AP = 330 (read only)
11-18 22:46:39.545: D/STATUSBAR-NetworkController(2749): refreshSignalCluster: data=0 bt=false
11-18 22:46:39.555: D/STATUSBAR-IconMerger(2749): checkOverflow(432), More:false, Req:false Child:4
11-18 22:46:40.240: D/SensorService(2394): 0.0 0.5 8.9
11-18 22:46:40.565: D/STATUSBAR-NetworkController(2749): onSignalStrengthsChanged signalStrength=SignalStrength: 99 -1 -1 -1 -1 -1 -1 30 -80 -7 216 -1 2147483647 gsm|lte 0x3 level=3
11-18 22:46:41.150: D/SSRMv2:Monitor(2394): SIOP:: AP = 330 (read only)
11-18 22:46:41.550: D/STATUSBAR-NetworkController(2749): refreshSignalCluster: data=0 bt=false
11-18 22:46:41.555: D/STATUSBAR-IconMerger(2749): checkOverflow(432), More:false, Req:false Child:4
11-18 22:46:42.340: V/AlarmManager(2394): waitForAlarm result :4
11-18 22:46:42.340: V/AlarmManager(2394): trigger ELAPSED_REALTIME_WAKEUP or RTC_WAKEUP
11-18 22:46:42.350: V/RealCellState(2911): telephonyManager network type is 13
11-18 22:46:42.350: V/RealCellState(2911): transforming LTE to WCDMA
11-18 22:46:42.355: I/wpa_supplicant(9901): Scan requested (ret=0) - scan timeout 30 seconds
11-18 22:46:42.550: D/STATUSBAR-NetworkController(2749): refreshSignalCluster: data=0 bt=false
11-18 22:46:42.555: D/STATUSBAR-IconMerger(2749): checkOverflow(432), More:false, Req:false Child:4
11-18 22:46:43.555: D/STATUSBAR-NetworkController(2749): refreshSignalCluster: data=0 bt=false
11-18 22:46:43.555: D/STATUSBAR-IconMerger(2749): checkOverflow(432), More:false, Req:false Child:4
11-18 22:46:43.650: D/SSRMv2:Monitor(2394): SIOP:: AP = 330, Prev AP = 330, Duration = 10012
11-18 22:46:46.160: D/SSRMv2:Monitor(2394): SIOP:: AP = 330 (read only)
11-18 22:46:46.350: I/wpa_supplicant(9901): nl80211: Received scan results (3 BSSes)
11-18 22:46:46.350: D/Tethering(2394): interfaceLinkStateChanged wlan0, true
11-18 22:46:46.350: D/Tethering(2394): interfaceStatusChanged wlan0, true
11-18 22:46:46.560: D/STATUSBAR-NetworkController(2749): refreshSignalCluster: data=0 bt=false
11-18 22:46:46.575: D/STATUSBAR-IconMerger(2749): checkOverflow(432), More:false, Req:false Child:4
11-18 22:46:46.975: D/STATUSBAR-NetworkController(2749): onSignalStrengthsChanged signalStrength=SignalStrength: 99 -1 -1 -1 -1 -1 -1 30 -80 -7 254 -1 2147483647 gsm|lte 0x3 level=3
11-18 22:46:48.240: D/STATUSBAR-NetworkController(2749): onSignalStrengthsChanged signalStrength=SignalStrength: 99 -1 -1 -1 -1 -1 -1 30 -80 -7 230 -1 2147483647 gsm|lte 0x3 level=3
11-18 22:46:48.560: D/STATUSBAR-NetworkController(2749): refreshSignalCluster: data=0 bt=false
11-18 22:46:48.575: D/STATUSBAR-IconMerger(2749): checkOverflow(432), More:false, Req:false Child:4
11-18 22:46:48.660: D/SSRMv2:Monitor(2394): SIOP:: AP = 330 (read only)
11-18 22:46:49.525: D/STATUSBAR-NetworkController(2749): onSignalStrengthsChanged signalStrength=SignalStrength: 99 -1 -1 -1 -1 -1 -1 30 -80 -7 246 -1 2147483647 gsm|lte 0x3 level=3
11-18 22:46:49.560: D/STATUSBAR-NetworkController(2749): refreshSignalCluster: data=0 bt=false
11-18 22:46:49.575: D/STATUSBAR-IconMerger(2749): checkOverflow(432), More:false, Req:false Child:4
11-18 22:46:50.240: D/SensorService(2394): 0.0 0.4 8.9
11-18 22:46:50.565: D/STATUSBAR-NetworkController(2749): refreshSignalCluster: data=0 bt=false
11-18 22:46:50.575: D/STATUSBAR-IconMerger(2749): checkOverflow(432), More:false, Req:false Child:4
11-18 22:46:50.805: D/STATUSBAR-NetworkController(2749): onSignalStrengthsChanged signalStrength=SignalStrength: 99 -1 -1 -1 -1 -1 -1 30 -80 -7 226 -1 2147483647 gsm|lte 0x3 level=3
11-18 22:46:51.160: D/SSRMv2:Monitor(2394): SIOP:: AP = 330 (read only)
11-18 22:46:52.040: E/Watchdog(2394): !@Sync 429
11-18 22:46:53.570: D/STATUSBAR-NetworkController(2749): refreshSignalCluster: data=0 bt=false
11-18 22:46:53.575: D/STATUSBAR-IconMerger(2749): checkOverflow(432), More:false, Req:false Child:4
11-18 22:46:53.665: D/SSRMv2:Monitor(2394): SIOP:: AP = 330, Prev AP = 330, Duration = 10012
11-18 22:46:54.565: D/STATUSBAR-NetworkController(2749): refreshSignalCluster: data=0 bt=false
11-18 22:46:54.575: D/STATUSBAR-IconMerger(2749): checkOverflow(432), More:false, Req:false Child:4
11-18 22:46:55.570: D/STATUSBAR-NetworkController(2749): refreshSignalCluster: data=0 bt=false
11-18 22:46:55.575: D/STATUSBAR-IconMerger(2749): checkOverflow(432), More:false, Req:false Child:4
11-18 22:46:56.165: D/SSRMv2:Monitor(2394): SIOP:: AP = 330 (read only)
11-18 22:46:56.575: D/STATUSBAR-NetworkController(2749): refreshSignalCluster: data=0 bt=false
11-18 22:46:56.575: D/STATUSBAR-IconMerger(2749): checkOverflow(432), More:false, Req:false Child:4
11-18 22:46:58.490: D/STATUSBAR-NetworkController(2749): onSignalStrengthsChanged signalStrength=SignalStrength: 99 -1 -1 -1 -1 -1 -1 29 -80 -7 254 -1 2147483647 gsm|lte 0x3 level=3
11-18 22:46:58.670: D/SSRMv2:Monitor(2394): SIOP:: AP = 330 (read only)
11-18 22:46:59.770: D/STATUSBAR-NetworkController(2749): onSignalStrengthsChanged signalStrength=SignalStrength: 99 -1 -1 -1 -1 -1 -1 29 -80 -7 230 -1 2147483647 gsm|lte 0x3 level=3
11-18 22:46:59.995: V/AlarmManager(2394): waitForAlarm result :8
11-18 22:46:59.995: D/KeyguardClockWidgetService(17217): onReceive action=android.intent.action.TIME_TICK
11-18 22:47:00.000: V/AlarmManager(2394): ClockReceiver onReceive() ACTION_TIME_TICK
11-18 22:47:00.010: D/STATUSBAR-IconMerger(2749): checkOverflow(432), More:false, Req:false Child:4
11-18 22:47:00.025: D/widget(2979): [MSC_HERO_Accu_JB]>>> SM:1292 [0:0] bTCC WCV = 200
11-18 22:47:00.025: D/widget(2979): [MSC_HERO_Accu_JB]>>> WC:1785 [0:0] drw 2nd Tm dt
11-18 22:47:00.245: D/SensorService(2394): 0.0 0.4 8.9
11-18 22:47:01.030: D/STATUSBAR-NetworkController(2749): onSignalStrengthsChanged signalStrength=SignalStrength: 99 -1 -1 -1 -1 -1 -1 29 -80 -7 194 -1 2147483647 gsm|lte 0x3 level=3
11-18 22:47:01.175: D/SSRMv2:Monitor(2394): SIOP:: AP = 330 (read only)
11-18 22:47:02.320: D/STATUSBAR-NetworkController(2749): onSignalStrengthsChanged signalStrength=SignalStrength: 99 -1 -1 -1 -1 -1 -1 29 -80 -7 220 -1 2147483647 gsm|lte 0x3 level=3
11-18 22:47:02.355: V/AlarmManager(2394): waitForAlarm result :4
11-18 22:47:02.355: V/AlarmManager(2394): trigger ELAPSED_REALTIME_WAKEUP or RTC_WAKEUP
11-18 22:47:02.360: D/BatteryService(2394): update start
11-18 22:47:02.360: D/BatteryService(2394): level:73, scale:100, status:2, health:2, present:true, voltage: 4053, temperature: 338, technology: Li-ion, AC powered:false, USB powered:true, Wireless powered:false, icon:17303550, invalid charger:0, online:4, charge type:1, current avg:460
11-18 22:47:02.360: D/BatteryService(2394): Sending ACTION_BATTERY_CHANGED.
11-18 22:47:02.365: I/wpa_supplicant(9901): Scan requested (ret=0) - scan timeout 30 seconds
11-18 22:47:02.365: D/STATUSBAR-BatteryController(2749): onReceive() - ACTION_BATTERY_CHANGED
11-18 22:47:02.365: D/STATUSBAR-BatteryController(2749): onReceive() - BATTERY_STATUS_CHARGING:
11-18 22:47:02.365: D/STATUSBAR-PhoneStatusBar(2749): mBrightnessEnablebySettings = true mBrightnessEnablebyBattery = true mBrightnessEnablebyDisableFlag = true
11-18 22:47:02.370: V/RealCellState(2911): telephonyManager network type is 13
11-18 22:47:02.370: V/RealCellState(2911): transforming LTE to WCDMA
11-18 22:47:02.370: D/LockPatternUtils(2394): isPcwEnable = null
11-18 22:47:02.390: D/dalvikvm(2749): GC_CONCURRENT freed 1288K, 41% free 14735K/24912K, paused 2ms+3ms, total 26ms
11-18 22:47:03.595: D/STATUSBAR-NetworkController(2749): onSignalStrengthsChanged signalStrength=SignalStrength: 99 -1 -1 -1 -1 -1 -1 30 -80 -7 190 -1 2147483647 gsm|lte 0x3 level=3
11-18 22:47:03.675: D/SSRMv2:Monitor(2394): SIOP:: AP = 330, Prev AP = 330, Duration = 10011
11-18 22:47:04.585: D/STATUSBAR-NetworkController(2749): refreshSignalCluster: data=0 bt=false
11-18 22:47:04.595: D/STATUSBAR-IconMerger(2749): checkOverflow(432), More:false, Req:false Child:4
11-18 22:47:06.165: D/STATUSBAR-NetworkController(2749): onSignalStrengthsChanged signalStrength=SignalStrength: 99 -1 -1 -1 -1 -1 -1 30 -80 -7 228 -1 2147483647 gsm|lte 0x3 level=3
11-18 22:47:06.180: D/SSRMv2:Monitor(2394): SIOP:: AP = 330 (read only)
11-18 22:47:06.335: I/wpa_supplicant(9901): nl80211: Received scan results (6 BSSes)
11-18 22:47:06.335: D/Tethering(2394): interfaceLinkStateChanged wlan0, true
11-18 22:47:06.335: D/Tethering(2394): interfaceStatusChanged wlan0, true
11-18 22:47:06.390: D/dalvikvm(2911): GC_CONCURRENT freed 866K, 20% free 12415K/15516K, paused 2ms+3ms, total 28ms
11-18 22:47:06.390: D/dalvikvm(2911): WAIT_FOR_CONCURRENT_GC blocked 22ms
11-18 22:47:06.590: D/STATUSBAR-NetworkController(2749): refreshSignalCluster: data=0 bt=false
11-18 22:47:06.595: D/STATUSBAR-IconMerger(2749): checkOverflow(432), More:false, Req:false Child:4
11-18 22:47:07.445: D/STATUSBAR-NetworkController(2749): onSignalStrengthsChanged signalStrength=SignalStrength: 99 -1 -1 -1 -1 -1 -1 30 -80 -7 182 -1 2147483647 gsm|lte 0x3 level=3
11-18 22:47:07.590: D/STATUSBAR-NetworkController(2749): refreshSignalCluster: data=0 bt=false
11-18 22:47:07.595: D/STATUSBAR-IconMerger(2749): checkOverflow(432), More:false, Req:false Child:4
11-18 22:47:08.590: D/STATUSBAR-NetworkController(2749): refreshSignalCluster: data=0 bt=false
11-18 22:47:08.595: D/STATUSBAR-IconMerger(2749): checkOverflow(432), More:false, Req:false Child:4
11-18 22:47:08.680: D/SSRMv2:Monitor(2394): SIOP:: AP = 330 (read only)
11-18 22:47:08.730: D/STATUSBAR-NetworkController(2749): onSignalStrengthsChanged signalStrength=SignalStrength: 99 -1 -1 -1 -1 -1 -1 30 -80 -7 206 -1 2147483647 gsm|lte 0x3 level=3
11-18 22:47:08.745: D/STATUSBAR-NetworkController(2749): onSignalStrengthsChanged signalStrength=SignalStrength: 99 -1 -1 -1 -1 -1 -1 30 -80 -7 206 -1 2147483647 gsm|lte 0x3 level=3
11-18 22:47:10.250: D/SensorService(2394): 0.0 0.4 8.9
11-18 22:47:10.595: D/STATUSBAR-NetworkController(2749): refreshSignalCluster: data=0 bt=false
11-18 22:47:10.595: D/STATUSBAR-IconMerger(2749): checkOverflow(432), More:false, Req:false Child:4
11-18 22:47:11.185: D/SSRMv2:Monitor(2394): SIOP:: AP = 330 (read only)
11-18 22:47:11.285: D/STATUSBAR-NetworkController(2749): onSignalStrengthsChanged signalStrength=SignalStrength: 99 -1 -1 -1 -1 -1 -1 29 -80 -7 248 -1 2147483647 gsm|lte 0x3 level=3
11-18 22:47:11.590: D/STATUSBAR-NetworkController(2749): refreshSignalCluster: data=0 bt=false
11-18 22:47:11.595: D/STATUSBAR-IconMerger(2749): checkOverflow(432), More:false, Req:false Child:4
11-18 22:47:12.560: D/STATUSBAR-NetworkController(2749): onSignalStrengthsChanged signalStrength=SignalStrength: 99 -1 -1 -1 -1 -1 -1 29 -80 -7 224 -1 2147483647 gsm|lte 0x3 level=3
11-18 22:47:13.685: D/SSRMv2:Monitor(2394): SIOP:: AP = 330, Prev AP = 330, Duration = 10012
11-18 22:47:15.130: D/STATUSBAR-NetworkController(2749): onSignalStrengthsChanged signalStrength=SignalStrength: 99 -1 -1 -1 -1 -1 -1 29 -80 -7 254 -1 2147483647 gsm|lte 0x3 level=3
11-18 22:47:15.600: D/STATUSBAR-NetworkController(2749): refreshSignalCluster: data=0 bt=false
11-18 22:47:15.610: D/STATUSBAR-IconMerger(2749): checkOverflow(432), More:false, Req:false Child:4
11-18 22:47:16.195: D/SSRMv2:Monitor(2394): SIOP:: AP = 330 (read only)
11-18 22:47:16.395: D/STATUSBAR-NetworkController(2749): onSignalStrengthsChanged signalStrength=SignalStrength: 99 -1 -1 -1 -1 -1 -1 29 -81 -7 248 -1 2147483647 gsm|lte 0x3 level=3
11-18 22:47:17.680: D/STATUSBAR-NetworkController(2749): onSignalStrengthsChanged signalStrength=SignalStrength: 99 -1 -1 -1 -1 -1 -1 30 -80 -7 256 -1 2147483647 gsm|lte 0x3 level=3
11-18 22:47:18.605: D/STATUSBAR-NetworkController(2749): refreshSignalCluster: data=0 bt=false
11-18 22:47:18.615: D/STATUSBAR-IconMerger(2749): checkOverflow(432), More:false, Req:false Child:4
11-18 22:47:18.690: D/SSRMv2:Monitor(2394): SIOP:: AP = 330 (read only)
11-18 22:47:18.960: D/STATUSBAR-NetworkController(2749): onSignalStrengthsChanged signalStrength=SignalStrength: 99 -1 -1 -1 -1 -1 -1 30 -80 -7 224 -1 2147483647 gsm|lte 0x3 level=3
11-18 22:47:20.240: D/STATUSBAR-NetworkController(2749): onSignalStrengthsChanged signalStrength=SignalStrength: 99 -1 -1 -1 -1 -1 -1 30 -80 -7 262 -1 2147483647 gsm|lte 0x3 level=3
11-18 22:47:20.255: D/SensorService(2394): 0.0 0.4 8.9
11-18 22:47:21.200: D/SSRMv2:Monitor(2394): SIOP:: AP = 330 (read only)
11-18 22:47:21.515: D/STATUSBAR-NetworkController(2749): onSignalStrengthsChanged signalStrength=SignalStrength: 99 -1 -1 -1 -1 -1 -1 30 -80 -7 218 -1 2147483647 gsm|lte 0x3 level=3
11-18 22:47:22.040: E/Watchdog(2394): !@Sync 430
11-18 22:47:22.360: V/AlarmManager(2394): waitForAlarm result :4
11-18 22:47:22.360: V/AlarmManager(2394): trigger ELAPSED_REALTIME_WAKEUP or RTC_WAKEUP
11-18 22:47:22.365: V/RealCellState(2911): telephonyManager network type is 13
11-18 22:47:22.365: V/RealCellState(2911): transforming LTE to WCDMA
11-18 22:47:22.370: I/wpa_supplicant(9901): Scan requested (ret=0) - scan timeout 30 seconds
11-18 22:47:22.605: D/STATUSBAR-NetworkController(2749): refreshSignalCluster: data=0 bt=false
11-18 22:47:22.615: D/STATUSBAR-IconMerger(2749): checkOverflow(432), More:false, Req:false Child:4
11-18 22:47:22.810: D/STATUSBAR-NetworkController(2749): onSignalStrengthsChanged signalStrength=SignalStrength: 99 -1 -1 -1 -1 -1 -1 30 -80 -7 248 -1 2147483647 gsm|lte 0x3 level=3
11-18 22:47:23.610: D/STATUSBAR-NetworkController(2749): refreshSignalCluster: data=0 bt=false
11-18 22:47:23.615: D/STATUSBAR-IconMerger(2749): checkOverflow(432), More:false, Req:false Child:4
11-18 22:47:23.700: D/SSRMv2:Monitor(2394): SIOP:: AP = 330, Prev AP = 330, Duration = 10012
11-18 22:47:24.080: D/STATUSBAR-NetworkController(2749): onSignalStrengthsChanged signalStrength=SignalStrength: 99 -1 -1 -1 -1 -1 -1 30 -80 -7 220 -1 2147483647 gsm|lte 0x3 level=3
11-18 22:47:24.610: D/STATUSBAR-NetworkController(2749): refreshSignalCluster: data=0 bt=false
11-18 22:47:24.615: D/STATUSBAR-IconMerger(2749): checkOverflow(432), More:false, Req:false Child:4
11-18 22:47:25.365: D/STATUSBAR-NetworkController(2749): onSignalStrengthsChanged signalStrength=SignalStrength: 99 -1 -1 -1 -1 -1 -1 30 -80 -7 260 -1 2147483647 gsm|lte 0x3 level=3
11-18 22:47:25.610: D/STATUSBAR-NetworkController(2749): refreshSignalCluster: data=0 bt=false
11-18 22:47:25.615: D/STATUSBAR-IconMerger(2749): checkOverflow(432), More:false, Req:false Child:4
11-18 22:47:26.205: D/SSRMv2:Monitor(2394): SIOP:: AP = 330 (read only)
11-18 22:47:26.350: I/wpa_supplicant(9901): nl80211: Received scan results (6 BSSes)
11-18 22:47:26.350: D/Tethering(2394): interfaceLinkStateChanged wlan0, true
11-18 22:47:26.350: D/Tethering(2394): interfaceStatusChanged wlan0, true
11-18 22:47:26.615: D/STATUSBAR-NetworkController(2749): refreshSignalCluster: data=0 bt=false
11-18 22:47:26.630: D/STATUSBAR-IconMerger(2749): checkOverflow(432), More:false, Req:false Child:4
11-18 22:47:26.640: D/STATUSBAR-NetworkController(2749): onSignalStrengthsChanged signalStrength=SignalStrength: 99 -1 -1 -1 -1 -1 -1 30 -80 -7 226 -1 2147483647 gsm|lte 0x3 level=3
11-18 22:47:27.620: D/STATUSBAR-NetworkController(2749): refreshSignalCluster: data=0 bt=false
11-18 22:47:27.630: D/STATUSBAR-IconMerger(2749): checkOverflow(432), More:false, Req:false Child:4
11-18 22:47:27.925: D/STATUSBAR-NetworkController(2749): onSignalStrengthsChanged signalStrength=SignalStrength: 99 -1 -1 -1 -1 -1 -1 30 -80 -7 202 -1 2147483647 gsm|lte 0x3 level=3
11-18 22:47:28.705: D/SSRMv2:Monitor(2394): SIOP:: AP = 330 (read only)
11-18 22:47:29.200: D/STATUSBAR-NetworkController(2749): onSignalStrengthsChanged signalStrength=SignalStrength: 99 -1 -1 -1 -1 -1 -1 30 -80 -7 252 -1 2147483647 gsm|lte 0x3 level=3
11-18 22:47:29.625: D/STATUSBAR-NetworkController(2749): refreshSignalCluster: data=0 bt=false
11-18 22:47:29.630: D/STATUSBAR-IconMerger(2749): checkOverflow(432), More:false, Req:false Child:4
11-18 22:47:30.260: D/SensorService(2394): -0.0 0.4 8.9
11-18 22:47:30.480: D/STATUSBAR-NetworkController(2749): onSignalStrengthsChanged signalStrength=SignalStrength: 99 -1 -1 -1 -1 -1 -1 30 -80 -7 220 -1 2147483647 gsm|lte 0x3 level=3
11-18 22:47:31.210: D/SSRMv2:Monitor(2394): SIOP:: AP = 330 (read only)
11-18 22:47:31.625: D/STATUSBAR-NetworkController(2749): refreshSignalCluster: data=0 bt=false
11-18 22:47:31.630: D/STATUSBAR-IconMerger(2749): checkOverflow(432), More:false, Req:false Child:4
11-18 22:47:33.630: D/STATUSBAR-NetworkController(2749): refreshSignalCluster: data=0 bt=false
11-18 22:47:33.630: D/STATUSBAR-IconMerger(2749): checkOverflow(432), More:false, Req:false Child:4
11-18 22:47:33.710: D/SSRMv2:Monitor(2394): SIOP:: AP = 330, Prev AP = 330, Duration = 10013
11-18 22:47:34.630: D/STATUSBAR-NetworkController(2749): refreshSignalCluster: data=0 bt=false
11-18 22:47:34.630: D/STATUSBAR-IconMerger(2749): checkOverflow(432), More:false, Req:false Child:4
11-18 22:47:36.215: D/SSRMv2:Monitor(2394): SIOP:: AP = 330 (read only)
11-18 22:47:36.635: D/STATUSBAR-NetworkController(2749): refreshSignalCluster: data=0 bt=false
11-18 22:47:36.650: D/STATUSBAR-IconMerger(2749): checkOverflow(432), More:false, Req:false Child:4
11-18 22:47:36.890: D/STATUSBAR-NetworkController(2749): onSignalStrengthsChanged signalStrength=SignalStrength: 99 -1 -1 -1 -1 -1 -1 29 -80 -7 258 -1 2147483647 gsm|lte 0x3 level=3
11-18 22:47:37.640: D/STATUSBAR-NetworkController(2749): refreshSignalCluster: data=0 bt=false
11-18 22:47:37.650: D/STATUSBAR-IconMerger(2749): checkOverflow(432), More:false, Req:false Child:4
11-18 22:47:38.715: D/SSRMv2:Monitor(2394): SIOP:: AP = 330 (read only)
11-18 22:47:39.640: D/STATUSBAR-NetworkController(2749): refreshSignalCluster: data=0 bt=false
11-18 22:47:39.650: D/STATUSBAR-IconMerger(2749): checkOverflow(432), More:false, Req:false Child:4
11-18 22:47:40.265: D/SensorService(2394): 0.0 0.4 9.0
11-18 22:47:40.640: D/STATUSBAR-NetworkController(2749): refreshSignalCluster: data=0 bt=false
11-18 22:47:40.650: D/STATUSBAR-IconMerger(2749): checkOverflow(432), More:false, Req:false Child:4
11-18 22:47:40.735: D/STATUSBAR-NetworkController(2749): onSignalStrengthsChanged signalStrength=SignalStrength: 99 -1 -1 -1 -1 -1 -1 29 -81 -7 236 -1 2147483647 gsm|lte 0x3 level=3
11-18 22:47:40.750: D/STATUSBAR-NetworkController(2749): onSignalStrengthsChanged signalStrength=SignalStrength: 99 -1 -1 -1 -1 -1 -1 29 -81 -7 236 -1 2147483647 gsm|lte 0x3 level=3
11-18 22:47:41.220: D/SSRMv2:Monitor(2394): SIOP:: AP = 330 (read only)
11-18 22:47:42.365: V/AlarmManager(2394): waitForAlarm result :4
11-18 22:47:42.365: V/AlarmManager(2394): trigger ELAPSED_REALTIME_WAKEUP or RTC_WAKEUP
11-18 22:47:42.375: I/wpa_supplicant(9901): Scan requested (ret=0) - scan timeout 30 seconds
11-18 22:47:42.375: D/BatteryService(2394): update start
11-18 22:47:42.375: D/BatteryService(2394): level:73, scale:100, status:2, health:2, present:true, voltage: 4061, temperature: 330, technology: Li-ion, AC powered:false, USB powered:true, Wireless powered:false, icon:17303550, invalid charger:0, online:4, charge type:1, current avg:460
11-18 22:47:42.375: D/BatteryService(2394): Sending ACTION_BATTERY_CHANGED.
11-18 22:47:42.380: D/LockPatternUtils(2394): isPcwEnable = null
11-18 22:47:42.380: V/RealCellState(2911): telephonyManager network type is 13
11-18 22:47:42.380: V/RealCellState(2911): transforming LTE to WCDMA
11-18 22:47:42.380: D/STATUSBAR-BatteryController(2749): onReceive() - ACTION_BATTERY_CHANGED
11-18 22:47:42.380: D/STATUSBAR-BatteryController(2749): onReceive() - BATTERY_STATUS_CHARGING:
11-18 22:47:42.380: D/STATUSBAR-PhoneStatusBar(2749): mBrightnessEnablebySettings = true mBrightnessEnablebyBattery = true mBrightnessEnablebyDisableFlag = true
11-18 22:47:43.280: D/STATUSBAR-NetworkController(2749): onSignalStrengthsChanged signalStrength=SignalStrength: 99 -1 -1 -1 -1 -1 -1 29 -81 -7 254 -1 2147483647 gsm|lte 0x3 level=3
11-18 22:47:43.650: D/STATUSBAR-NetworkController(2749): refreshSignalCluster: data=0 bt=false
11-18 22:47:43.650: D/STATUSBAR-IconMerger(2749): checkOverflow(432), More:false, Req:false Child:4
11-18 22:47:43.725: D/SSRMv2:Monitor(2394): SIOP:: AP = 330, Prev AP = 330, Duration = 10012
11-18 22:47:44.560: D/STATUSBAR-NetworkController(2749): onSignalStrengthsChanged signalStrength=SignalStrength: 99 -1 -1 -1 -1 -1 -1 29 -81 -7 238 -1 2147483647 gsm|lte 0x3 level=3
11-18 22:47:44.650: D/STATUSBAR-NetworkController(2749): refreshSignalCluster: data=0 bt=false
11-18 22:47:44.650: D/STATUSBAR-IconMerger(2749): checkOverflow(432), More:false, Req:false Child:4
11-18 22:47:45.650: D/STATUSBAR-NetworkController(2749): refreshSignalCluster: data=0 bt=false
11-18 22:47:45.650: D/STATUSBAR-IconMerger(2749): checkOverflow(432), More:false, Req:false Child:4
11-18 22:47:45.845: D/STATUSBAR-NetworkController(2749): onSignalStrengthsChanged signalStrength=SignalStrength: 99 -1 -1 -1 -1 -1 -1 29 -81 -7 258 -1 2147483647 gsm|lte 0x3 level=3
11-18 22:47:46.230: D/SSRMv2:Monitor(2394): SIOP:: AP = 330 (read only)
11-18 22:47:46.350: D/dalvikvm(2394): GC_CONCURRENT freed 2117K, 26% free 43959K/59268K, paused 4ms+12ms, total 125ms
11-18 22:47:46.355: I/wpa_supplicant(9901): nl80211: Received scan results (4 BSSes)
11-18 22:47:46.355: D/Tethering(2394): interfaceLinkStateChanged wlan0, true
11-18 22:47:46.355: D/Tethering(2394): interfaceStatusChanged wlan0, true
11-18 22:47:48.405: D/STATUSBAR-NetworkController(2749): onSignalStrengthsChanged signalStrength=SignalStrength: 99 -1 -1 -1 -1 -1 -1 29 -81 -7 224 -1 2147483647 gsm|lte 0x3 level=3
11-18 22:47:48.730: D/SSRMv2:Monitor(2394): SIOP:: AP = 330 (read only)
11-18 22:47:49.655: D/STATUSBAR-NetworkController(2749): refreshSignalCluster: data=0 bt=false
11-18 22:47:49.670: D/STATUSBAR-IconMerger(2749): checkOverflow(432), More:false, Req:false Child:4
11-18 22:47:50.315: D/STATUSBAR-NetworkController(2749): onReceive() - RSSI_CHANGED_ACTION, WIFI_STATE, NETWORK_STATE
11-18 22:47:50.315: D/STATUSBAR-NetworkController(2749): refreshSignalCluster: data=0 bt=false
11-18 22:47:50.335: D/STATUSBAR-IconMerger(2749): checkOverflow(432), More:false, Req:false Child:4
11-18 22:47:50.470: D/SensorService(2394): AutoRotationSensor::process: Acc eventTimestamp = 12996005960000, previousAccTimestamp = 12995605212000, difference = 400748000
11-18 22:47:50.470: D/SensorService(2394): 0.0 0.4 8.9
11-18 22:47:51.235: D/SSRMv2:Monitor(2394): SIOP:: AP = 330 (read only)
11-18 22:47:52.040: E/Watchdog(2394): !@Sync 431
11-18 22:47:52.660: D/STATUSBAR-NetworkController(2749): refreshSignalCluster: data=0 bt=false
11-18 22:47:52.670: D/STATUSBAR-IconMerger(2749): checkOverflow(432), More:false, Req:false Child:4
11-18 22:47:53.530: D/STATUSBAR-NetworkController(2749): onSignalStrengthsChanged signalStrength=SignalStrength: 99 -1 -1 -1 -1 -1 -1 31 -81 -7 254 -1 2147483647 gsm|lte 0x3 level=3
11-18 22:47:53.660: D/STATUSBAR-NetworkController(2749): refreshSignalCluster: data=0 bt=false
11-18 22:47:53.670: D/STATUSBAR-IconMerger(2749): checkOverflow(432), More:false, Req:false Child:4
11-18 22:47:53.735: D/SSRMv2:Monitor(2394): SIOP:: AP = 330, Prev AP = 330, Duration = 10012
11-18 22:47:54.805: D/STATUSBAR-NetworkController(2749): onSignalStrengthsChanged signalStrength=SignalStrength: 99 -1 -1 -1 -1 -1 -1 29 -81 -7 274 -1 2147483647 gsm|lte 0x3 level=3
11-18 22:47:55.660: D/STATUSBAR-NetworkController(2749): refreshSignalCluster: data=0 bt=false
11-18 22:47:55.670: D/STATUSBAR-IconMerger(2749): checkOverflow(432), More:false, Req:false Child:4
11-18 22:47:56.080: D/STATUSBAR-NetworkController(2749): onSignalStrengthsChanged signalStrength=SignalStrength: 99 -1 -1 -1 -1 -1 -1 31 -80 -7 258 -1 2147483647 gsm|lte 0x3 level=3
11-18 22:47:56.240: D/SSRMv2:Monitor(2394): SIOP:: AP = 330 (read only)
11-18 22:47:57.360: D/STATUSBAR-NetworkController(2749): onSignalStrengthsChanged signalStrength=SignalStrength: 99 -1 -1 -1 -1 -1 -1 30 -80 -7 210 -1 2147483647 gsm|lte 0x3 level=3
11-18 22:47:57.665: D/STATUSBAR-NetworkController(2749): refreshSignalCluster: data=0 bt=false
11-18 22:47:57.670: D/STATUSBAR-IconMerger(2749): checkOverflow(432), More:false, Req:false Child:4
11-18 22:47:58.740: D/SSRMv2:Monitor(2394): SIOP:: AP = 330 (read only)
11-18 22:47:58.875: V/AlarmManager(2394): waitForAlarm result :8
11-18 22:47:58.890: E/SPPClientService(6754): [[PushClientService]] onStartCommand. F:false, D:false, E:false, T:false, S:true, R:false
11-18 22:47:59.670: D/STATUSBAR-NetworkController(2749): refreshSignalCluster: data=0 bt=false
11-18 22:47:59.685: D/STATUSBAR-IconMerger(2749): checkOverflow(432), More:false, Req:false Child:4
11-18 22:47:59.995: V/AlarmManager(2394): waitForAlarm result :8
11-18 22:47:59.995: D/KeyguardClockWidgetService(17217): onReceive action=android.intent.action.TIME_TICK
11-18 22:48:00.000: V/AlarmManager(2394): ClockReceiver onReceive() ACTION_TIME_TICK
11-18 22:48:00.020: D/STATUSBAR-IconMerger(2749): checkOverflow(432), More:false, Req:false Child:4
