11-18 22:56:46.745: D/Tethering(2394): interfaceStatusChanged wlan0, true
11-18 22:56:46.815: D/dalvikvm(2911): GC_CONCURRENT freed 874K, 20% free 12416K/15508K, paused 3ms+4ms, total 35ms
11-18 22:56:46.815: D/dalvikvm(2911): WAIT_FOR_CONCURRENT_GC blocked 20ms
11-18 22:56:46.815: D/dalvikvm(2911): WAIT_FOR_CONCURRENT_GC blocked 20ms
11-18 22:56:46.880: D/SSRMv2:Monitor(2394): SIOP:: AP = 300 (read only)
11-18 22:56:49.385: D/SSRMv2:Monitor(2394): SIOP:: AP = 300 (read only)
11-18 22:56:51.885: D/SSRMv2:Monitor(2394): SIOP:: AP = 300 (read only)
11-18 22:56:52.045: E/Watchdog(2394): !@Sync 449
11-18 22:56:54.390: D/SSRMv2:Monitor(2394): SIOP:: AP = 300, Prev AP = 300, Duration = 10012
11-18 22:56:56.890: D/SSRMv2:Monitor(2394): SIOP:: AP = 300 (read only)
11-18 22:56:59.395: D/SSRMv2:Monitor(2394): SIOP:: AP = 300 (read only)
11-18 22:56:59.995: V/AlarmManager(2394): waitForAlarm result :8
11-18 22:56:59.995: D/KeyguardClockWidgetService(17217): onReceive action=android.intent.action.TIME_TICK
11-18 22:57:00.000: V/AlarmManager(2394): ClockReceiver onReceive() ACTION_TIME_TICK
11-18 22:57:00.025: D/STATUSBAR-IconMerger(2749): checkOverflow(432), More:false, Req:false Child:4
11-18 22:57:01.900: D/SSRMv2:Monitor(2394): SIOP:: AP = 300 (read only)
11-18 22:57:02.770: V/AlarmManager(2394): waitForAlarm result :4
11-18 22:57:02.770: V/AlarmManager(2394): trigger ELAPSED_REALTIME_WAKEUP or RTC_WAKEUP
11-18 22:57:02.775: D/BatteryService(2394): update start
11-18 22:57:02.775: D/BatteryService(2394): level:75, scale:100, status:2, health:2, present:true, voltage: 4115, temperature: 327, technology: Li-ion, AC powered:false, USB powered:true, Wireless powered:false, icon:17303550, invalid charger:0, online:4, charge type:1, current avg:460
11-18 22:57:02.775: D/BatteryService(2394): Sending ACTION_BATTERY_CHANGED.
11-18 22:57:02.780: D/LockPatternUtils(2394): isPcwEnable = null
11-18 22:57:02.780: D/BatteryService(2394): stay LED for charging
11-18 22:57:02.785: D/STATUSBAR-BatteryController(2749): onReceive() - ACTION_BATTERY_CHANGED
11-18 22:57:02.785: D/STATUSBAR-BatteryController(2749): onReceive() - BATTERY_STATUS_CHARGING:
11-18 22:57:02.785: D/STATUSBAR-PhoneStatusBar(2749): mBrightnessEnablebySettings = true mBrightnessEnablebyBattery = true mBrightnessEnablebyDisableFlag = true
11-18 22:57:02.800: I/wpa_supplicant(9901): Scan requested (ret=0) - scan timeout 30 seconds
11-18 22:57:02.805: V/RealCellState(2911): telephonyManager network type is 13
11-18 22:57:02.805: V/RealCellState(2911): transforming LTE to WCDMA
11-18 22:57:04.400: D/SSRMv2:Monitor(2394): SIOP:: AP = 300, Prev AP = 300, Duration = 10010
11-18 22:57:06.780: I/wpa_supplicant(9901): nl80211: Received scan results (3 BSSes)
11-18 22:57:06.780: D/Tethering(2394): interfaceLinkStateChanged wlan0, true
11-18 22:57:06.780: D/Tethering(2394): interfaceStatusChanged wlan0, true
11-18 22:57:06.900: D/SSRMv2:Monitor(2394): SIOP:: AP = 300 (read only)
11-18 22:57:07.135: D/dalvikvm(2911): JIT code cache reset in 2 ms (1048432 bytes 1/0)
11-18 22:57:07.140: D/dalvikvm(2911): GC_CONCURRENT freed 768K, 20% free 12522K/15508K, paused 2ms+5ms, total 43ms
11-18 22:57:07.140: D/dalvikvm(2911): WAIT_FOR_CONCURRENT_GC blocked 14ms
11-18 22:57:07.795: V/AlarmManager(2394): waitForAlarm result :4
11-18 22:57:09.405: D/SSRMv2:Monitor(2394): SIOP:: AP = 300 (read only)
11-18 22:57:11.910: D/SSRMv2:Monitor(2394): SIOP:: AP = 300 (read only)
11-18 22:57:14.416: D/SSRMv2:Monitor(2394): SIOP:: AP = 300, Prev AP = 300, Duration = 10013
11-18 22:57:16.915: D/SSRMv2:Monitor(2394): SIOP:: AP = 300 (read only)
11-18 22:57:19.421: D/SSRMv2:Monitor(2394): SIOP:: AP = 300 (read only)
11-18 22:57:21.710: D/dalvikvm(731): GC_CONCURRENT freed 381K, 17% free 10672K/12792K, paused 2ms+2ms, total 19ms
11-18 22:57:21.920: D/SSRMv2:Monitor(2394): SIOP:: AP = 300 (read only)
11-18 22:57:22.045: E/Watchdog(2394): !@Sync 450
11-18 22:57:22.795: V/AlarmManager(2394): waitForAlarm result :4
11-18 22:57:22.795: V/AlarmManager(2394): trigger ELAPSED_REALTIME_WAKEUP or RTC_WAKEUP
11-18 22:57:22.810: I/wpa_supplicant(9901): Scan requested (ret=0) - scan timeout 30 seconds
11-18 22:57:22.810: V/RealCellState(2911): telephonyManager network type is 13
11-18 22:57:22.810: V/RealCellState(2911): transforming LTE to WCDMA
11-18 22:57:24.420: D/SSRMv2:Monitor(2394): SIOP:: AP = 300, Prev AP = 300, Duration = 10011
11-18 22:57:26.785: I/wpa_supplicant(9901): nl80211: Received scan results (5 BSSes)
11-18 22:57:26.785: D/Tethering(2394): interfaceLinkStateChanged wlan0, true
11-18 22:57:26.785: D/Tethering(2394): interfaceStatusChanged wlan0, true
11-18 22:57:26.930: D/SSRMv2:Monitor(2394): SIOP:: AP = 300 (read only)
11-18 22:57:28.290: I/PowerManagerService(2394): [PWL] Off : 390s ago
11-18 22:57:29.430: D/SSRMv2:Monitor(2394): SIOP:: AP = 300 (read only)
11-18 22:57:31.935: D/SSRMv2:Monitor(2394): SIOP:: AP = 300 (read only)
11-18 22:57:34.435: D/SSRMv2:Monitor(2394): SIOP:: AP = 300, Prev AP = 300, Duration = 10012
11-18 22:57:36.360: V/AlarmManager(2394): waitForAlarm result :1
11-18 22:57:36.940: D/SSRMv2:Monitor(2394): SIOP:: AP = 300 (read only)
11-18 22:57:39.445: D/SSRMv2:Monitor(2394): SIOP:: AP = 300 (read only)
11-18 22:57:41.945: D/SSRMv2:Monitor(2394): SIOP:: AP = 300 (read only)
11-18 22:57:42.811: V/AlarmManager(2394): waitForAlarm result :4
11-18 22:57:42.811: V/AlarmManager(2394): trigger ELAPSED_REALTIME_WAKEUP or RTC_WAKEUP
11-18 22:57:42.815: D/BatteryService(2394): update start
11-18 22:57:42.815: D/BatteryService(2394): level:75, scale:100, status:2, health:2, present:true, voltage: 4116, temperature: 323, technology: Li-ion, AC powered:false, USB powered:true, Wireless powered:false, icon:17303550, invalid charger:0, online:4, charge type:1, current avg:460
11-18 22:57:42.815: D/BatteryService(2394): Sending ACTION_BATTERY_CHANGED.
11-18 22:57:42.820: D/LockPatternUtils(2394): isPcwEnable = null
11-18 22:57:42.820: D/STATUSBAR-BatteryController(2749): onReceive() - ACTION_BATTERY_CHANGED
11-18 22:57:42.820: D/STATUSBAR-BatteryController(2749): onReceive() - BATTERY_STATUS_CHARGING:
11-18 22:57:42.825: D/STATUSBAR-PhoneStatusBar(2749): mBrightnessEnablebySettings = true mBrightnessEnablebyBattery = true mBrightnessEnablebyDisableFlag = true
11-18 22:57:42.825: D/BatteryService(2394): stay LED for charging
11-18 22:57:42.845: I/wpa_supplicant(9901): Scan requested (ret=0) - scan timeout 30 seconds
11-18 22:57:42.850: V/RealCellState(2911): telephonyManager network type is 13
11-18 22:57:42.850: V/RealCellState(2911): transforming LTE to WCDMA
11-18 22:57:42.855: D/LockPatternUtils(2394): isPcwEnable = null
11-18 22:57:44.450: D/SSRMv2:Monitor(2394): SIOP:: AP = 300, Prev AP = 300, Duration = 10012
11-18 22:57:46.820: I/wpa_supplicant(9901): nl80211: Received scan results (4 BSSes)
11-18 22:57:46.820: D/Tethering(2394): interfaceLinkStateChanged wlan0, true
11-18 22:57:46.820: D/Tethering(2394): interfaceStatusChanged wlan0, true
11-18 22:57:46.950: D/SSRMv2:Monitor(2394): SIOP:: AP = 300 (read only)
11-18 22:57:46.960: D/dalvikvm(2394): GC_CONCURRENT freed 1978K, 23% free 44423K/57468K, paused 8ms+12ms, total 138ms
11-18 22:57:47.045: D/dalvikvm(2911): GC_CONCURRENT freed 944K, 20% free 12469K/15508K, paused 3ms+3ms, total 53ms
11-18 22:57:47.860: E/SELinux(989): Function: selinux_android_load_priority [0], There is no sepolicy file
11-18 22:57:47.860: E/SELinux(989):
11-18 22:57:47.860: E/SELinux(989): Function: selinux_android_load_priority , loading version is VE=SEPF_GT-I9305_4.3_0021
11-18 22:57:47.860: E/SELinux(989):
11-18 22:57:47.860: E/SELinux(989):
11-18 22:57:47.860: E/SELinux(989): selinux_android_seapp_context_reload: seapp_contexts file is loaded from /data/security/spota/seapp_contexts
11-18 22:57:47.890: D/comsamsungapp(989): [MSC_Accu_Daemon]>>> WCS:26 [0:0] onStartcommand()
11-18 22:57:47.895: D/LockPatternUtils(2394): isPcwEnable = null
11-18 22:57:49.455: D/SSRMv2:Monitor(2394): SIOP:: AP = 300 (read only)
11-18 22:57:51.961: D/SSRMv2:Monitor(2394): SIOP:: AP = 300 (read only)
11-18 22:57:52.045: E/Watchdog(2394): !@Sync 451
11-18 22:57:52.905: E/SELinux(1001): Function: selinux_android_load_priority [0], There is no sepolicy file
11-18 22:57:52.905: E/SELinux(1001):
11-18 22:57:52.905: E/SELinux(1001): Function: selinux_android_load_priority , loading version is VE=SEPF_GT-I9305_4.3_0021
11-18 22:57:52.905: E/SELinux(1001):
11-18 22:57:52.905: E/SELinux(1001):
11-18 22:57:52.905: E/SELinux(1001): selinux_android_seapp_context_reload: seapp_contexts file is loaded from /data/security/spota/seapp_contexts
11-18 22:57:52.930: D/elm(1001): ElmAgentService : onCreate()
11-18 22:57:52.935: D/elm(1001): ElmAgentService : set alarms for deniallog and usage data upload
11-18 22:57:52.935: D/elm(1001): ElmAgentService. startJobThread() start
11-18 22:57:52.935: D/elm(1001): ElmAgentService. JobThread()
11-18 22:57:52.935: D/elm(1001): ElmAgentService. JobThread. notifyAll().
11-18 22:57:52.935: D/elm(1001): ElmAgentService. startJobThread() wait
11-18 22:57:52.940: D/elm(1001): ElmAgentService : isSetupWizardExist():false
11-18 22:57:52.940: D/elm(1001): UploadDenialLogResponseModule : setDenialAlarm()
11-18 22:57:52.940: E/elm(1001): UploadDenialLogResponseModule : setDenialAlarm() : AFTER alarmTime is .604800000
11-18 22:57:52.940: D/elm(1001): ElmAgentService : starting a seperate thread for watching on audit log files
11-18 22:57:52.945: D/elm(1001): setUsageAlarm 1 >> alarmTime value 1416834445818and SYSTEM current 1416347872950
11-18 22:57:52.945: D/elm(1001): ELMEngine.getInstance().
11-18 22:57:52.945: D/elm(1001): ELMEngine.ELMEngine( context , reStart:true).
11-18 22:57:52.945: D/elm(1001): ModuleBase : setContext() Called
11-18 22:57:52.945: D/elm(1001): MDMBridge.setEnterpriseBridge()
11-18 22:57:52.950: D/elm(1001): ELMEngine.ServiceHandler.handleMessage( BOOT_COMPLETED ).
11-18 22:57:52.950: D/elm(1001): BootCompletedState : startBootCompleted() call
11-18 22:57:52.950: D/elm(1001): BootCompletedModule.startBootCompleted( false )
11-18 22:57:52.950: D/elm(1001): ModuleBase.resetCalllogAPIAlarm()
11-18 22:57:52.950: D/elm(1001): MDMBridge.getAllLicenseInfoFromSDK()
11-18 22:57:52.955: I/elm(1001): Get License : 0
11-18 22:57:54.465: D/SSRMv2:Monitor(2394): SIOP:: AP = 300, Prev AP = 300, Duration = 10014
11-18 22:57:56.965: D/SSRMv2:Monitor(2394): SIOP:: AP = 300 (read only)
11-18 22:57:59.465: D/SSRMv2:Monitor(2394): SIOP:: AP = 300 (read only)
11-18 22:57:59.996: V/AlarmManager(2394): waitForAlarm result :8
11-18 22:57:59.996: D/KeyguardClockWidgetService(17217): onReceive action=android.intent.action.TIME_TICK
11-18 22:58:00.001: V/AlarmManager(2394): ClockReceiver onReceive() ACTION_TIME_TICK
11-18 22:58:00.026: D/STATUSBAR-IconMerger(2749): checkOverflow(432), More:false, Req:false Child:4
11-18 22:58:01.970: D/SSRMv2:Monitor(2394): SIOP:: AP = 300 (read only)
11-18 22:58:02.840: V/AlarmManager(2394): waitForAlarm result :4
11-18 22:58:02.840: V/AlarmManager(2394): trigger ELAPSED_REALTIME_WAKEUP or RTC_WAKEUP
11-18 22:58:02.855: I/wpa_supplicant(9901): Scan requested (ret=0) - scan timeout 30 seconds
11-18 22:58:02.855: V/RealCellState(2911): telephonyManager network type is 13
11-18 22:58:02.855: V/RealCellState(2911): transforming LTE to WCDMA
11-18 22:58:04.470: D/SSRMv2:Monitor(2394): SIOP:: AP = 310, Prev AP = 300, Duration = 10012
11-18 22:58:06.830: I/wpa_supplicant(9901): nl80211: Received scan results (5 BSSes)
11-18 22:58:06.830: D/Tethering(2394): interfaceLinkStateChanged wlan0, true
11-18 22:58:06.830: D/Tethering(2394): interfaceStatusChanged wlan0, true
11-18 22:58:06.980: D/SSRMv2:Monitor(2394): SIOP:: AP = 310 (read only)
11-18 22:58:07.846: V/AlarmManager(2394): waitForAlarm result :4
11-18 22:58:09.481: D/SSRMv2:Monitor(2394): SIOP:: AP = 310 (read only)
11-18 22:58:11.980: D/SSRMv2:Monitor(2394): SIOP:: AP = 310 (read only)
11-18 22:58:12.510: V/AlarmManager(2394): waitForAlarm result :12
11-18 22:58:12.510: V/AlarmManager(2394): trigger ELAPSED_REALTIME_WAKEUP or RTC_WAKEUP
11-18 22:58:12.570: W/LicenseLogService(2394): log() is called by non admin
11-18 22:58:12.570: W/NetworkStats(2394): getDevSummary: NetworkStats: elapsedRealtime=0
11-18 22:58:12.570: W/NetworkStats(2394): getXtSummary: NetworkStats: elapsedRealtime=1551420403
11-18 22:58:12.570: W/NetworkStats(2394): [0] iface=null uid=-1 set=ALL tag=0x0 rxBytes=84090741 rxPackets=93854 txBytes=11166983 txPackets=78136 operations=0
11-18 22:58:12.570: D/MobileDataStateTracker(2394): default: setPolicyDataEnable(enabled=true)
11-18 22:58:12.575: W/NetworkStats(2394): getDevSummary: NetworkStats: elapsedRealtime=0
11-18 22:58:12.575: W/NetworkStats(2394): getXtSummary: NetworkStats: elapsedRealtime=1551420408
11-18 22:58:12.575: W/NetworkStats(2394): [0] iface=null uid=-1 set=ALL tag=0x0 rxBytes=84090741 rxPackets=93854 txBytes=11166983 txPackets=78136 operations=0
11-18 22:58:12.595: D/LockPatternUtils(2394): isPcwEnable = null
11-18 22:58:12.595: D/LockPatternUtils(2394): isPcwEnable = null
11-18 22:58:14.486: D/SSRMv2:Monitor(2394): SIOP:: AP = 310, Prev AP = 310, Duration = 10013
11-18 22:58:16.990: D/SSRMv2:Monitor(2394): SIOP:: AP = 310 (read only)
11-18 22:58:17.596: E/SELinux(1019): Function: selinux_android_load_priority [0], There is no sepolicy file
11-18 22:58:17.596: E/SELinux(1019):
11-18 22:58:17.596: E/SELinux(1019): Function: selinux_android_load_priority , loading version is VE=SEPF_GT-I9305_4.3_0021
11-18 22:58:17.596: E/SELinux(1019):
11-18 22:58:17.596: E/SELinux(1019):
11-18 22:58:17.596: E/SELinux(1019): selinux_android_seapp_context_reload: seapp_contexts file is loaded from /data/security/spota/seapp_contexts
11-18 22:58:17.641: D/LockPatternUtils(2394): isPcwEnable = null
11-18 22:58:17.651: D/GroupCast_FileTools(1019): [getDirectoryForImageResized : 327] cleaning!!
11-18 22:58:17.651: W/System.err(1019): android.content.pm.PackageManager$NameNotFoundException: com.sec.android.app.mv.player
11-18 22:58:17.651: W/System.err(1019): at android.app.ApplicationPackageManager.getApplicationInfo(ApplicationPackageManager.java:248)
11-18 22:58:17.651: W/System.err(1019): at com.samsung.groupcast.application.App.preLoadShareVideoCheck(App.java:374)
11-18 22:58:17.651: W/System.err(1019): at com.samsung.groupcast.application.App.onCreate(App.java:294)
11-18 22:58:17.651: W/System.err(1019): at android.app.Instrumentation.callApplicationOnCreate(Instrumentation.java:1024)
11-18 22:58:17.651: W/System.err(1019): at android.app.ActivityThread.handleBindApplication(ActivityThread.java:4684)
11-18 22:58:17.651: W/System.err(1019): at android.app.ActivityThread.access$1400(ActivityThread.java:159)
11-18 22:58:17.651: W/System.err(1019): at android.app.ActivityThread$H.handleMessage(ActivityThread.java:1376)
11-18 22:58:17.651: W/System.err(1019): at android.os.Handler.dispatchMessage(Handler.java:99)
11-18 22:58:17.651: W/System.err(1019): at android.os.Looper.loop(Looper.java:137)
11-18 22:58:17.651: W/System.err(1019): at android.app.ActivityThread.main(ActivityThread.java:5419)
11-18 22:58:17.651: W/System.err(1019): at java.lang.reflect.Method.invokeNative(Native Method)
11-18 22:58:17.651: W/System.err(1019): at java.lang.reflect.Method.invoke(Method.java:525)
11-18 22:58:17.651: W/System.err(1019): at com.android.internal.os.ZygoteInit$MethodAndArgsCaller.run(ZygoteInit.java:1209)
11-18 22:58:17.651: W/System.err(1019): at com.android.internal.os.ZygoteInit.main(ZygoteInit.java:1025)
11-18 22:58:17.651: W/System.err(1019): at dalvik.system.NativeStart.main(Native Method)
11-18 22:58:17.656: D/com.samsung.groupcast.service.GroupPlayService(1019): [onCreate]
11-18 22:58:19.495: D/SSRMv2:Monitor(2394): SIOP:: AP = 310 (read only)
11-18 22:58:21.995: D/SSRMv2:Monitor(2394): SIOP:: AP = 310 (read only)
11-18 22:58:22.050: E/Watchdog(2394): !@Sync 452
11-18 22:58:22.650: E/SELinux(1035): Function: selinux_android_load_priority [0], There is no sepolicy file
11-18 22:58:22.650: E/SELinux(1035):
11-18 22:58:22.650: E/SELinux(1035): Function: selinux_android_load_priority , loading version is VE=SEPF_GT-I9305_4.3_0021
11-18 22:58:22.650: E/SELinux(1035):
11-18 22:58:22.650: E/SELinux(1035):
11-18 22:58:22.650: E/SELinux(1035): selinux_android_seapp_context_reload: seapp_contexts file is loaded from /data/security/spota/seapp_contexts
11-18 22:58:22.835: D/dalvikvm(1035): GC_CONCURRENT freed 664K, 17% free 10124K/12080K, paused 2ms+11ms, total 31ms
11-18 22:58:22.855: V/AlarmManager(2394): waitForAlarm result :4
11-18 22:58:22.855: V/AlarmManager(2394): trigger ELAPSED_REALTIME_WAKEUP or RTC_WAKEUP
11-18 22:58:22.860: D/BatteryService(2394): update start
11-18 22:58:22.860: D/BatteryService(2394): level:75, scale:100, status:2, health:2, present:true, voltage: 4096, temperature: 323, technology: Li-ion, AC powered:false, USB powered:true, Wireless powered:false, icon:17303550, invalid charger:0, online:4, charge type:1, current avg:460
11-18 22:58:22.860: D/BatteryService(2394): Sending ACTION_BATTERY_CHANGED.
11-18 22:58:22.865: D/LockPatternUtils(2394): isPcwEnable = null
11-18 22:58:22.865: D/STATUSBAR-BatteryController(2749): onReceive() - ACTION_BATTERY_CHANGED
11-18 22:58:22.865: D/STATUSBAR-BatteryController(2749): onReceive() - BATTERY_STATUS_CHARGING:
11-18 22:58:22.865: D/STATUSBAR-PhoneStatusBar(2749): mBrightnessEnablebySettings = true mBrightnessEnablebyBattery = true mBrightnessEnablebyDisableFlag = true
11-18 22:58:22.870: D/BatteryService(2394): stay LED for charging
11-18 22:58:22.885: I/wpa_supplicant(9901): Scan requested (ret=0) - scan timeout 30 seconds
11-18 22:58:22.890: V/RealCellState(2911): telephonyManager network type is 13
11-18 22:58:22.890: V/RealCellState(2911): transforming LTE to WCDMA
11-18 22:58:24.500: D/SSRMv2:Monitor(2394): SIOP:: AP = 310, Prev AP = 310, Duration = 10012
11-18 22:58:26.860: I/wpa_supplicant(9901): nl80211: Received scan results (4 BSSes)
11-18 22:58:26.860: D/Tethering(2394): interfaceLinkStateChanged wlan0, true
11-18 22:58:26.860: D/Tethering(2394): interfaceStatusChanged wlan0, true
11-18 22:58:27.000: D/SSRMv2:Monitor(2394): SIOP:: AP = 310 (read only)
11-18 22:58:29.505: D/SSRMv2:Monitor(2394): SIOP:: AP = 310 (read only)
11-18 22:58:32.010: D/SSRMv2:Monitor(2394): SIOP:: AP = 310 (read only)
11-18 22:58:33.300: I/PowerManagerService(2394): [PWL] Off : 455s ago
11-18 22:58:34.510: D/SSRMv2:Monitor(2394): SIOP:: AP = 300, Prev AP = 310, Duration = 10012
11-18 22:58:35.970: I/dalvikvm(1035): Total arena pages for JIT: 11
11-18 22:58:35.970: I/dalvikvm(1035): Total arena pages for JIT: 12
11-18 22:58:35.970: I/dalvikvm(1035): Total arena pages for JIT: 13
11-18 22:58:35.970: I/dalvikvm(1035): Total arena pages for JIT: 14
11-18 22:58:35.970: I/dalvikvm(1035): Total arena pages for JIT: 15
11-18 22:58:35.970: I/dalvikvm(1035): Total arena pages for JIT: 16
11-18 22:58:35.970: I/dalvikvm(1035): Total arena pages for JIT: 17
11-18 22:58:36.020: I/dalvikvm(1035): Total arena pages for JIT: 18
11-18 22:58:37.015: D/SSRMv2:Monitor(2394): SIOP:: AP = 300 (read only)
11-18 22:58:39.520: D/SSRMv2:Monitor(2394): SIOP:: AP = 300 (read only)
11-18 22:58:42.020: D/SSRMv2:Monitor(2394): SIOP:: AP = 300 (read only)
11-18 22:58:42.880: V/AlarmManager(2394): waitForAlarm result :4
11-18 22:58:42.880: V/AlarmManager(2394): trigger ELAPSED_REALTIME_WAKEUP or RTC_WAKEUP
11-18 22:58:42.895: I/wpa_supplicant(9901): Scan requested (ret=0) - scan timeout 30 seconds
11-18 22:58:42.895: V/RealCellState(2911): telephonyManager network type is 13
11-18 22:58:42.895: V/RealCellState(2911): transforming LTE to WCDMA
11-18 22:58:42.900: D/LockPatternUtils(2394): isPcwEnable = null
11-18 22:58:44.520: D/SSRMv2:Monitor(2394): SIOP:: AP = 300, Prev AP = 300, Duration = 10010
11-18 22:58:46.865: I/wpa_supplicant(9901): nl80211: Received scan results (5 BSSes)
11-18 22:58:46.870: D/Tethering(2394): interfaceLinkStateChanged wlan0, true
11-18 22:58:46.870: D/Tethering(2394): interfaceStatusChanged wlan0, true
11-18 22:58:46.945: D/dalvikvm(2911): GC_CONCURRENT freed 880K, 20% free 12478K/15508K, paused 3ms+6ms, total 47ms
11-18 22:58:47.025: D/SSRMv2:Monitor(2394): SIOP:: AP = 300 (read only)
11-18 22:58:47.905: E/SELinux(1058): Function: selinux_android_load_priority [0], There is no sepolicy file
11-18 22:58:47.905: E/SELinux(1058):
11-18 22:58:47.905: E/SELinux(1058): Function: selinux_android_load_priority , loading version is VE=SEPF_GT-I9305_4.3_0021
11-18 22:58:47.905: E/SELinux(1058):
11-18 22:58:47.905: E/SELinux(1058):
11-18 22:58:47.905: E/SELinux(1058): selinux_android_seapp_context_reload: seapp_contexts file is loaded from /data/security/spota/seapp_contexts
11-18 22:58:47.935: I/MultiDex(1058): VM with version 1.6.0 does not have multidex support
11-18 22:58:47.935: I/MultiDex(1058): install
11-18 22:58:47.935: I/MultiDex(1058): MultiDexExtractor.load(/data/app/com.google.android.gms-2.apk, false)
11-18 22:58:47.940: I/MultiDex(1058): loading existing secondary dex files
11-18 22:58:47.940: I/MultiDex(1058): load found 2 secondary dex files
11-18 22:58:47.945: I/MultiDex(1058): install done
11-18 22:58:47.950: I/ProviderInstaller(1058): Insert disabled by gate 'gms:security:enable_conscrypt_in_gms_application'
11-18 22:58:47.960: D/GCM(2993): GcmService start Intent { act=com.google.android.gms.INITIALIZE flg=0x10 pkg=com.google.android.gms cmp=com.google.android.gms/.gcm.GcmService } com.google.android.gms.INITIALIZE
11-18 22:58:48.060: D/AuthorizationBluetoothService(2993): Received GmsCore event: Intent { act=com.google.android.gms.INITIALIZE flg=0x10 pkg=com.google.android.gms cmp=com.google.android.gms/.auth.be.proximity.authorization.bt.AuthorizationBluetoothService$AutoStarter }.
11-18 22:58:48.065: E/AuthorizationBluetoothService(2993): Proximity feature is not enabled.
11-18 22:58:48.160: D/dalvikvm(1058): GC_CONCURRENT freed 329K, 14% free 10448K/12068K, paused 3ms+4ms, total 29ms
11-18 22:58:49.530: D/SSRMv2:Monitor(2394): SIOP:: AP = 300 (read only)
11-18 22:58:52.030: D/SSRMv2:Monitor(2394): SIOP:: AP = 300 (read only)
11-18 22:58:52.050: E/Watchdog(2394): !@Sync 453
11-18 22:58:54.535: D/SSRMv2:Monitor(2394): SIOP:: AP = 300, Prev AP = 300, Duration = 10012
11-18 22:58:57.035: D/SSRMv2:Monitor(2394): SIOP:: AP = 300 (read only)
11-18 22:58:59.540: D/SSRMv2:Monitor(2394): SIOP:: AP = 300 (read only)
11-18 22:58:59.995: V/AlarmManager(2394): waitForAlarm result :8
11-18 22:58:59.995: D/KeyguardClockWidgetService(17217): onReceive action=android.intent.action.TIME_TICK
11-18 22:59:00.000: V/AlarmManager(2394): ClockReceiver onReceive() ACTION_TIME_TICK
11-18 22:59:00.025: D/STATUSBAR-IconMerger(2749): checkOverflow(432), More:false, Req:false Child:4
11-18 22:59:00.070: D/dalvikvm(2749): GC_CONCURRENT freed 1716K, 42% free 14520K/24912K, paused 2ms+2ms, total 40ms
11-18 22:59:02.040: D/SSRMv2:Monitor(2394): SIOP:: AP = 300 (read only)
11-18 22:59:02.900: V/AlarmManager(2394): waitForAlarm result :4
11-18 22:59:02.900: V/AlarmManager(2394): trigger ELAPSED_REALTIME_WAKEUP or RTC_WAKEUP
11-18 22:59:02.905: D/BatteryService(2394): update start
11-18 22:59:02.905: D/BatteryService(2394): level:76, scale:100, status:2, health:2, present:true, voltage: 4123, temperature: 327, technology: Li-ion, AC powered:false, USB powered:true, Wireless powered:false, icon:17303550, invalid charger:0, online:4, charge type:1, current avg:460
11-18 22:59:02.905: D/BatteryService(2394): Sending ACTION_BATTERY_CHANGED.
11-18 22:59:02.910: D/STATUSBAR-BatteryController(2749): onReceive() - ACTION_BATTERY_CHANGED
11-18 22:59:02.910: D/STATUSBAR-BatteryController(2749): onReceive() - BATTERY_STATUS_CHARGING:
11-18 22:59:02.910: D/STATUSBAR-PhoneStatusBar(2749): mBrightnessEnablebySettings = true mBrightnessEnablebyBattery = true mBrightnessEnablebyDisableFlag = true
11-18 22:59:02.920: D/LockPatternUtils(2394): isPcwEnable = null
11-18 22:59:02.920: D/BatteryService(2394): stay LED for charging
11-18 22:59:02.975: I/wpa_supplicant(9901): Scan requested (ret=0) - scan timeout 30 seconds
11-18 22:59:03.045: V/RealCellState(2911): telephonyManager network type is 13
11-18 22:59:03.045: V/RealCellState(2911): transforming LTE to WCDMA
11-18 22:59:03.065: D/dalvikvm(2394): GC_CONCURRENT freed 1927K, 23% free 44439K/57468K, paused 11ms+13ms, total 157ms
11-18 22:59:04.540: D/SSRMv2:Monitor(2394): SIOP:: AP = 300, Prev AP = 300, Duration = 10011
11-18 22:59:06.940: I/wpa_supplicant(9901): nl80211: Received scan results (5 BSSes)
11-18 22:59:06.945: D/Tethering(2394): interfaceLinkStateChanged wlan0, true
11-18 22:59:06.945: D/Tethering(2394): interfaceStatusChanged wlan0, true
11-18 22:59:07.045: D/SSRMv2:Monitor(2394): SIOP:: AP = 300 (read only)
11-18 22:59:09.550: D/SSRMv2:Monitor(2394): SIOP:: AP = 300 (read only)
11-18 22:59:12.055: D/SSRMv2:Monitor(2394): SIOP:: AP = 300 (read only)
11-18 22:59:14.555: D/SSRMv2:Monitor(2394): SIOP:: AP = 300, Prev AP = 300, Duration = 10012
11-18 22:59:17.060: D/SSRMv2:Monitor(2394): SIOP:: AP = 300 (read only)
11-18 22:59:19.560: D/SSRMv2:Monitor(2394): SIOP:: AP = 300 (read only)
11-18 22:59:22.050: E/Watchdog(2394): !@Sync 454
11-18 22:59:22.065: D/SSRMv2:Monitor(2394): SIOP:: AP = 300 (read only)
11-18 22:59:22.955: V/AlarmManager(2394): waitForAlarm result :4
11-18 22:59:22.955: V/AlarmManager(2394): trigger ELAPSED_REALTIME_WAKEUP or RTC_WAKEUP
11-18 22:59:22.970: V/RealCellState(2911): telephonyManager network type is 13
11-18 22:59:22.970: V/RealCellState(2911): transforming LTE to WCDMA
11-18 22:59:22.970: I/wpa_supplicant(9901): Scan requested (ret=0) - scan timeout 30 seconds
11-18 22:59:24.570: D/SSRMv2:Monitor(2394): SIOP:: AP = 300, Prev AP = 300, Duration = 10012
11-18 22:59:26.945: I/wpa_supplicant(9901): nl80211: Received scan results (5 BSSes)
11-18 22:59:26.945: D/Tethering(2394): interfaceLinkStateChanged wlan0, true
11-18 22:59:26.945: D/Tethering(2394): interfaceStatusChanged wlan0, true
11-18 22:59:27.070: D/SSRMv2:Monitor(2394): SIOP:: AP = 300 (read only)
11-18 22:59:27.960: V/AlarmManager(2394): waitForAlarm result :4
11-18 22:59:29.575: D/SSRMv2:Monitor(2394): SIOP:: AP = 300 (read only)
11-18 22:59:30.310: V/AlarmManager(2394): waitForAlarm result :4
11-18 22:59:30.310: V/AlarmManager(2394): trigger ELAPSED_REALTIME_WAKEUP or RTC_WAKEUP
11-18 22:59:30.315: D/BatteryService(2394): update start
11-18 22:59:30.315: D/BatteryService(2394): level:76, scale:100, status:2, health:2, present:true, voltage: 4125, temperature: 327, technology: Li-ion, AC powered:false, USB powered:true, Wireless powered:false, icon:17303550, invalid charger:0, online:4, charge type:1, current avg:460
11-18 22:59:30.315: D/BatteryService(2394): Sending ACTION_BATTERY_CHANGED.
11-18 22:59:30.320: D/STATUSBAR-BatteryController(2749): onReceive() - ACTION_BATTERY_CHANGED
11-18 22:59:30.320: D/STATUSBAR-BatteryController(2749): onReceive() - BATTERY_STATUS_CHARGING:
11-18 22:59:30.320: D/STATUSBAR-PhoneStatusBar(2749): mBrightnessEnablebySettings = true mBrightnessEnablebyBattery = true mBrightnessEnablebyDisableFlag = true
11-18 22:59:30.325: D/LockPatternUtils(2394): isPcwEnable = null
11-18 22:59:30.325: D/BatteryService(2394): stay LED for charging
11-18 22:59:30.375: D/GCM(2993): Message class com.google.e.a.a.h
11-18 22:59:30.880: D/STATUSBAR-NetworkController(2749): onReceive() - CONNECTIVITY_ACTION, INET_CONDITION_ACTION
11-18 22:59:30.880: D/STATUSBAR-NetworkController(2749): updateDataNetType()
11-18 22:59:30.880: D/STATUSBAR-NetworkController(2749): Nothing, mRoamingIconId = 0
11-18 22:59:30.880: D/ConnectivityService(2394): handleInetConditionHoldEnd: net=1, condition=100, published condition=100
11-18 22:59:30.880: D/ConnectivityService(2394): sendStickyBroadcast: action=android.net.conn.INET_CONDITION_ACTION
11-18 22:59:32.075: D/SSRMv2:Monitor(2394): SIOP:: AP = 300 (read only)
11-18 22:59:34.580: D/SSRMv2:Monitor(2394): SIOP:: AP = 300, Prev AP = 300, Duration = 10012
11-18 22:59:37.085: D/SSRMv2:Monitor(2394): SIOP:: AP = 300 (read only)
11-18 22:59:39.585: D/SSRMv2:Monitor(2394): SIOP:: AP = 300 (read only)
11-18 22:59:42.085: D/SSRMv2:Monitor(2394): SIOP:: AP = 300 (read only)
11-18 22:59:42.965: V/AlarmManager(2394): waitForAlarm result :4
11-18 22:59:42.965: V/AlarmManager(2394): trigger ELAPSED_REALTIME_WAKEUP or RTC_WAKEUP
11-18 22:59:42.980: I/wpa_supplicant(9901): Scan requested (ret=0) - scan timeout 30 seconds
11-18 22:59:42.980: V/RealCellState(2911): telephonyManager network type is 13
11-18 22:59:42.980: V/RealCellState(2911): transforming LTE to WCDMA
11-18 22:59:43.295: I/PowerManagerService(2394): [PWL] Off : 525s ago
11-18 22:59:43.295: I/PowerManagerService(2394): [PWL] PowerManagerService.WakeLocks: ref count=1
11-18 22:59:43.295: I/PowerManagerService(2394): [PWL] mWakeLockSummary : 0x1
11-18 22:59:44.590: D/SSRMv2:Monitor(2394): SIOP:: AP = 300, Prev AP = 300, Duration = 10011
11-18 22:59:46.985: I/wpa_supplicant(9901): nl80211: Received scan results (4 BSSes)
11-18 22:59:46.990: D/Tethering(2394): interfaceLinkStateChanged wlan0, true
11-18 22:59:46.990: D/Tethering(2394): interfaceStatusChanged wlan0, true
11-18 22:59:47.060: D/dalvikvm(2911): GC_CONCURRENT freed 892K, 20% free 12480K/15508K, paused 3ms+3ms, total 40ms
11-18 22:59:47.060: D/dalvikvm(2911): WAIT_FOR_CONCURRENT_GC blocked 13ms
11-18 22:59:47.060: D/dalvikvm(2911): WAIT_FOR_CONCURRENT_GC blocked 16ms
11-18 22:59:47.095: D/SSRMv2:Monitor(2394): SIOP:: AP = 300 (read only)
11-18 22:59:49.600: D/SSRMv2:Monitor(2394): SIOP:: AP = 300 (read only)
11-18 22:59:52.050: E/Watchdog(2394): !@Sync 455
11-18 22:59:52.100: D/SSRMv2:Monitor(2394): SIOP:: AP = 300 (read only)
11-18 22:59:54.605: D/SSRMv2:Monitor(2394): SIOP:: AP = 300, Prev AP = 300, Duration = 10012
11-18 22:59:57.105: D/SSRMv2:Monitor(2394): SIOP:: AP = 300 (read only)
11-18 22:59:58.880: V/AlarmManager(2394): waitForAlarm result :8
11-18 22:59:58.900: E/SPPClientService(6754): [[PushClientService]] onStartCommand. F:false, D:false, E:false, T:false, S:true, R:false
11-18 22:59:59.610: D/SSRMv2:Monitor(2394): SIOP:: AP = 300 (read only)
11-18 22:59:59.995: V/AlarmManager(2394): waitForAlarm result :8
11-18 22:59:59.995: D/KeyguardClockWidgetService(17217): onReceive action=android.intent.action.TIME_TICK
11-18 23:00:00.000: V/AlarmManager(2394): ClockReceiver onReceive() ACTION_TIME_TICK
11-18 23:00:00.035: D/STATUSBAR-IconMerger(2749): checkOverflow(432), More:false, Req:false Child:4
11-18 23:00:02.115: D/SSRMv2:Monitor(2394): SIOP:: AP = 300 (read only)
11-18 23:00:02.980: V/AlarmManager(2394): waitForAlarm result :4
11-18 23:00:02.980: V/AlarmManager(2394): trigger ELAPSED_REALTIME_WAKEUP or RTC_WAKEUP
11-18 23:00:02.990: D/BatteryService(2394): update start
11-18 23:00:02.990: D/BatteryService(2394): level:76, scale:100, status:2, health:2, present:true, voltage: 4117, temperature: 332, technology: Li-ion, AC powered:false, USB powered:true, Wireless powered:false, icon:17303550, invalid charger:0, online:4, charge type:1, current avg:460
11-18 23:00:02.990: D/BatteryService(2394): Sending ACTION_BATTERY_CHANGED.
11-18 23:00:02.995: D/LockPatternUtils(2394): isPcwEnable = null
11-18 23:00:02.995: D/STATUSBAR-BatteryController(2749): onReceive() - ACTION_BATTERY_CHANGED
11-18 23:00:02.995: D/STATUSBAR-BatteryController(2749): onReceive() - BATTERY_STATUS_CHARGING:
11-18 23:00:02.995: D/STATUSBAR-PhoneStatusBar(2749): mBrightnessEnablebySettings = true mBrightnessEnablebyBattery = true mBrightnessEnablebyDisableFlag = true
11-18 23:00:03.000: D/BatteryService(2394): stay LED for charging
11-18 23:00:03.015: I/wpa_supplicant(9901): Scan requested (ret=0) - scan timeout 30 seconds
11-18 23:00:03.015: V/RealCellState(2911): telephonyManager network type is 13
11-18 23:00:03.015: V/RealCellState(2911): transforming LTE to WCDMA
11-18 23:00:03.025: D/LockPatternUtils(2394): isPcwEnable = null
11-18 23:00:03.030: D/LockPatternUtils(2394): isPcwEnable = null
11-18 23:00:04.615: D/SSRMv2:Monitor(2394): SIOP:: AP = 300, Prev AP = 300, Duration = 10012
11-18 23:00:06.990: I/wpa_supplicant(9901): nl80211: Received scan results (4 BSSes)
11-18 23:00:06.990: D/Tethering(2394): interfaceLinkStateChanged wlan0, true
11-18 23:00:06.990: D/Tethering(2394): interfaceStatusChanged wlan0, true
11-18 23:00:07.120: D/SSRMv2:Monitor(2394): SIOP:: AP = 300 (read only)
11-18 23:00:09.620: D/SSRMv2:Monitor(2394): SIOP:: AP = 300 (read only)
11-18 23:00:12.125: D/SSRMv2:Monitor(2394): SIOP:: AP = 300 (read only)
11-18 23:00:14.630: D/SSRMv2:Monitor(2394): SIOP:: AP = 300, Prev AP = 300, Duration = 10012
11-18 23:00:17.130: D/SSRMv2:Monitor(2394): SIOP:: AP = 300 (read only)
11-18 23:00:19.635: D/SSRMv2:Monitor(2394): SIOP:: AP = 300 (read only)
11-18 23:00:22.050: E/Watchdog(2394): !@Sync 456
11-18 23:00:22.135: D/SSRMv2:Monitor(2394): SIOP:: AP = 300 (read only)
11-18 23:00:23.010: V/AlarmManager(2394): waitForAlarm result :4
11-18 23:00:23.010: V/AlarmManager(2394): trigger ELAPSED_REALTIME_WAKEUP or RTC_WAKEUP
11-18 23:00:23.025: V/RealCellState(2911): telephonyManager network type is 13
11-18 23:00:23.025: V/RealCellState(2911): transforming LTE to WCDMA
11-18 23:00:23.025: I/wpa_supplicant(9901): Scan requested (ret=0) - scan timeout 30 seconds
11-18 23:00:24.640: D/SSRMv2:Monitor(2394): SIOP:: AP = 300, Prev AP = 300, Duration = 10012
11-18 23:00:25.910: V/AlarmManager(2394): waitForAlarm result :4
11-18 23:00:25.910: V/AlarmManager(2394): trigger ELAPSED_REALTIME_WAKEUP or RTC_WAKEUP
11-18 23:00:27.035: I/wpa_supplicant(9901): nl80211: Received scan results (4 BSSes)
11-18 23:00:27.040: D/Tethering(2394): interfaceLinkStateChanged wlan0, true
11-18 23:00:27.040: D/Tethering(2394): interfaceStatusChanged wlan0, true
11-18 23:00:27.115: D/dalvikvm(2911): GC_CONCURRENT freed 849K, 20% free 12472K/15508K, paused 3ms+3ms, total 44ms
11-18 23:00:27.145: D/SSRMv2:Monitor(2394): SIOP:: AP = 300 (read only)
11-18 23:00:29.645: D/SSRMv2:Monitor(2394): SIOP:: AP = 300 (read only)
11-18 23:00:32.150: D/SSRMv2:Monitor(2394): SIOP:: AP = 300 (read only)
11-18 23:00:34.650: D/SSRMv2:Monitor(2394): SIOP:: AP = 300, Prev AP = 300, Duration = 10012
11-18 23:00:37.155: D/SSRMv2:Monitor(2394): SIOP:: AP = 300 (read only)
11-18 23:00:39.660: D/SSRMv2:Monitor(2394): SIOP:: AP = 300 (read only)
11-18 23:00:42.160: D/SSRMv2:Monitor(2394): SIOP:: AP = 300 (read only)
11-18 23:00:43.025: V/AlarmManager(2394): waitForAlarm result :4
11-18 23:00:43.025: V/AlarmManager(2394): trigger ELAPSED_REALTIME_WAKEUP or RTC_WAKEUP
11-18 23:00:43.030: D/BatteryService(2394): update start
11-18 23:00:43.030: D/BatteryService(2394): level:76, scale:100, status:2, health:2, present:true, voltage: 4128, temperature: 329, technology: Li-ion, AC powered:false, USB powered:true, Wireless powered:false, icon:17303550, invalid charger:0, online:4, charge type:1, current avg:460
11-18 23:00:43.030: D/BatteryService(2394): Sending ACTION_BATTERY_CHANGED.
11-18 23:00:43.040: D/LockPatternUtils(2394): isPcwEnable = null
11-18 23:00:43.045: D/STATUSBAR-BatteryController(2749): onReceive() - ACTION_BATTERY_CHANGED
11-18 23:00:43.045: D/STATUSBAR-BatteryController(2749): onReceive() - BATTERY_STATUS_CHARGING:
11-18 23:00:43.045: D/STATUSBAR-PhoneStatusBar(2749): mBrightnessEnablebySettings = true mBrightnessEnablebyBattery = true mBrightnessEnablebyDisableFlag = true
11-18 23:00:43.045: D/BatteryService(2394): stay LED for charging
11-18 23:00:43.110: I/wpa_supplicant(9901): Scan requested (ret=0) - scan timeout 30 seconds
11-18 23:00:43.170: V/RealCellState(2911): telephonyManager network type is 13
11-18 23:00:43.170: V/RealCellState(2911): transforming LTE to WCDMA
11-18 23:00:43.190: D/dalvikvm(2394): GC_CONCURRENT freed 1980K, 23% free 44414K/57468K, paused 13ms+13ms, total 158ms
11-18 23:00:44.665: D/SSRMv2:Monitor(2394): SIOP:: AP = 300, Prev AP = 300, Duration = 10012
11-18 23:00:47.140: I/wpa_supplicant(9901): nl80211: Received scan results (4 BSSes)
11-18 23:00:47.140: D/Tethering(2394): interfaceLinkStateChanged wlan0, true
11-18 23:00:47.140: D/Tethering(2394): interfaceStatusChanged wlan0, true
11-18 23:00:47.165: D/SSRMv2:Monitor(2394): SIOP:: AP = 300 (read only)
11-18 23:00:48.090: V/AlarmManager(2394): waitForAlarm result :4
11-18 23:00:49.670: D/SSRMv2:Monitor(2394): SIOP:: AP = 300 (read only)
11-18 23:00:52.050: E/Watchdog(2394): !@Sync 457
11-18 23:00:52.170: D/SSRMv2:Monitor(2394): SIOP:: AP = 300 (read only)
11-18 23:00:54.675: D/SSRMv2:Monitor(2394): SIOP:: AP = 300, Prev AP = 300, Duration = 10012
11-18 23:00:57.180: D/SSRMv2:Monitor(2394): SIOP:: AP = 300 (read only)
11-18 23:00:58.311: I/PowerManagerService(2394): [PWL] Off : 600s ago
11-18 23:00:58.580: D/SensorService(2394): info.rates.add, set DEFAULT_EVENTS_PERIOD
11-18 23:00:58.580: D/SensorService(2394): SensorDevice::activating sensor handle=3 ns=200000000
11-18 23:00:58.580: I/SensorService(2394): info.selectDelay() ns=200000000
11-18 23:00:58.580: D/SensorService(2394): SensorDevice::setDelay, Return(true 1, false 0) = 1
11-18 23:00:58.580: D/SensorManager(2394): registerListener :: create queue :: handler = 3, name = CM36651 Light sensor, delay = 200000,
11-18 23:00:58.580: V/AlarmManager(2394): waitForAlarm result :4
11-18 23:00:58.580: V/AlarmManager(2394): trigger ELAPSED_REALTIME_WAKEUP or RTC_WAKEUP
11-18 23:00:58.580: D/LightsService(2394): [api] onReceive : SvcLEDReceiver re-enables LightSenor and sends MSG_FORCEDSVCLEDTASK
11-18 23:00:58.785: D/SensorManager(2394): unregisterListener ::
11-18 23:00:58.785: D/SensorService(2394): SensorDevice::activating sensor handle=3 ns=200000000
11-18 23:00:58.785: D/LightsService(2394): [SvcLED] onSensorChanged::light value = 41
11-18 23:00:58.785: D/LightsService(2394): [SvcLED] setSvcLedLightLocked :: Current SvcLED(id=3) maintains its priority right
11-18 23:00:59.680: D/SSRMv2:Monitor(2394): SIOP:: AP = 300 (read only)
11-18 23:00:59.995: V/AlarmManager(2394): waitForAlarm result :8
11-18 23:00:59.995: D/KeyguardClockWidgetService(17217): onReceive action=android.intent.action.TIME_TICK
11-18 23:01:00.000: V/AlarmManager(2394): ClockReceiver onReceive() ACTION_TIME_TICK
11-18 23:01:00.035: D/STATUSBAR-IconMerger(2749): checkOverflow(432), More:false, Req:false Child:4
11-18 23:01:02.180: D/SSRMv2:Monitor(2394): SIOP:: AP = 300 (read only)
11-18 23:01:03.090: V/AlarmManager(2394): waitForAlarm result :4
11-18 23:01:03.090: V/AlarmManager(2394): trigger ELAPSED_REALTIME_WAKEUP or RTC_WAKEUP
11-18 23:01:03.105: V/RealCellState(2911): telephonyManager network type is 13
11-18 23:01:03.105: V/RealCellState(2911): transforming LTE to WCDMA
11-18 23:01:03.105: I/wpa_supplicant(9901): Scan requested (ret=0) - scan timeout 30 seconds
11-18 23:01:04.685: D/SSRMv2:Monitor(2394): SIOP:: AP = 300, Prev AP = 300, Duration = 10012
11-18 23:01:07.080: I/wpa_supplicant(9901): nl80211: Received scan results (4 BSSes)
11-18 23:01:07.085: D/Tethering(2394): interfaceLinkStateChanged wlan0, true
11-18 23:01:07.085: D/Tethering(2394): interfaceStatusChanged wlan0, true
11-18 23:01:07.190: D/SSRMv2:Monitor(2394): SIOP:: AP = 300 (read only)
11-18 23:01:09.695: D/SSRMv2:Monitor(2394): SIOP:: AP = 300 (read only)
11-18 23:01:12.195: D/SSRMv2:Monitor(2394): SIOP:: AP = 300 (read only)
11-18 23:01:14.700: D/SSRMv2:Monitor(2394): SIOP:: AP = 300, Prev AP = 300, Duration = 10012
11-18 23:01:17.205: D/SSRMv2:Monitor(2394): SIOP:: AP = 300 (read only)
11-18 23:01:19.705: D/SSRMv2:Monitor(2394): SIOP:: AP = 300 (read only)
11-18 23:01:22.050: E/Watchdog(2394): !@Sync 458
11-18 23:01:22.210: D/SSRMv2:Monitor(2394): SIOP:: AP = 300 (read only)
11-18 23:01:23.105: V/AlarmManager(2394): waitForAlarm result :4
11-18 23:01:23.105: V/AlarmManager(2394): trigger ELAPSED_REALTIME_WAKEUP or RTC_WAKEUP
11-18 23:01:23.110: D/BatteryService(2394): update start
11-18 23:01:23.110: D/BatteryService(2394): level:76, scale:100, status:2, health:2, present:true, voltage: 4128, temperature: 323, technology: Li-ion, AC powered:false, USB powered:true, Wireless powered:false, icon:17303550, invalid charger:0, online:4, charge type:1, current avg:460
11-18 23:01:23.115: D/BatteryService(2394): Sending ACTION_BATTERY_CHANGED.
11-18 23:01:23.115: D/STATUSBAR-BatteryController(2749): onReceive() - ACTION_BATTERY_CHANGED
11-18 23:01:23.115: D/STATUSBAR-BatteryController(2749): onReceive() - BATTERY_STATUS_CHARGING:
11-18 23:01:23.115: D/STATUSBAR-PhoneStatusBar(2749): mBrightnessEnablebySettings = true mBrightnessEnablebyBattery = true mBrightnessEnablebyDisableFlag = true
11-18 23:01:23.120: D/LockPatternUtils(2394): isPcwEnable = null
11-18 23:01:23.120: D/BatteryService(2394): stay LED for charging
11-18 23:01:23.135: I/wpa_supplicant(9901): Scan requested (ret=0) - scan timeout 30 seconds
11-18 23:01:23.140: V/RealCellState(2911): telephonyManager network type is 13
11-18 23:01:23.140: V/RealCellState(2911): transforming LTE to WCDMA
11-18 23:01:24.710: D/SSRMv2:Monitor(2394): SIOP:: AP = 300, Prev AP = 300, Duration = 10012
11-18 23:01:24.810: D/InputReader(2394): Input event: value=1 when=13810345047000
11-18 23:01:24.810: D/KeyguardViewMediator(2394): onWakeKeyWhenKeyguardShowing(3)
11-18 23:01:24.810: D/KeyguardViewMediator(2394): handleWakeWhenReady(3) : mMaybeShow=false
11-18 23:01:24.810: D/KeyguardViewManager(2394): wakeWhenReady(3)
11-18 23:01:24.810: D/KeyguardHostView(2394): onWakeKey
11-18 23:01:24.810: D/KeyguardHostView(2394): poking wake lock immediately
11-18 23:01:24.810: I/libsuspend(2394): !@[s] autosuspend_earlysuspend_disable : 35
11-18 23:01:24.810: D/PowerManagerService(2394): [api] [s] wakeUp (uid: 1000 pid: 2394)
11-18 23:01:24.810: I/PowerManagerService(2394): [ps] Screen__On : wakeUp: (uid: 1000 pid: 2394)
11-18 23:01:24.810: I/PowerManagerService(2394): Waking up from sleep...
11-18 23:01:24.810: D/PowerManagerService(2394): Screen on blocked: mNestCount=1
11-18 23:01:24.810: D/PowerManagerService(2394): [PWL] sb acquire: PowerManagerService.Broadcasts
11-18 23:01:24.810: D/PowerManagerService(2394): [s] WAKEFULNESS_AWAKE
11-18 23:01:24.810: D/PowerManagerService(2394): [s] getScreenOffTimeoutLocked: 600000 -> 10000
11-18 23:01:24.810: D/PowerManagerService(2394): [s] UserActivityState : 0 -> 1
11-18 23:01:24.810: D/DisplayPowerController(2394): animation target = 96 (PSM:false, AB limit:(-1 ~ -1) MB Limit:(-1 ~ -1) MAdj:(0, (0, 255)))
11-18 23:01:24.815: D/SensorService(2394): AutoRotationSensor::activate (ident=0x59984288, enabled=1)
11-18 23:01:24.815: D/SensorService(2394): AutoRotationSensor::AR_init
11-18 23:01:24.815: D/SensorService(2394): info.rates.add, set DEFAULT_EVENTS_PERIOD
11-18 23:01:24.815: I/iNemoSensor(2394): enable(): handle(0), en(1), what(0)
11-18 23:01:24.815: D/AkmSensor(2394): akm_enable_sensor: Accel is enabled. (orien = 0)
11-18 23:01:24.815: I/AkmSensor(2394): enable_accelerometer, mEnabled = 0, enable = 1
11-18 23:01:24.815: D/lights(2394): lcd : 20 +
11-18 23:01:24.815: D/lights(2394): lcd : 20 -
11-18 23:01:24.815: D/iNemoSensor(2394): enable(): MASK_ACC (1) MASK_MAG (0) MASK_GYR (0), MASK_UMAG(0)
11-18 23:01:24.815: D/iNemoSensor(2394): enable(): mEnAcc(1) mEnMag(0) mEnGyr(0), mEUMag(0)
11-18 23:01:24.815: I/iNemoSensor(2394): update_delay wanted_accel = 200000000
11-18 23:01:24.815: I/AkmSensor(2394): enabled = 2, shutdown = 0
11-18 23:01:24.815: D/SensorService(2394): SensorDevice::activating sensor handle=0 ns=200000000
11-18 23:01:24.815: D/iNemoSensor(2394): setDelay(): handle(0), en(200000000)
11-18 23:01:24.815: I/iNemoSensor(2394): skip update_delay wanted_accel = 200000000 current delay = 200000000
11-18 23:01:24.815: I/SensorService(2394): info.selectDelay() ns=200000000
11-18 23:01:24.815: D/iNemoSensor(2394): setDelay(): handle(0), en(200000000)
11-18 23:01:24.815: I/iNemoSensor(2394): skip update_delay wanted_accel = 200000000 current delay = 200000000
11-18 23:01:24.815: D/SensorService(2394): SensorDevice::setDelay, Return(true 1, false 0) = 1
11-18 23:01:24.815: D/SensorService(2394): AutoRotationSensor::changed settle time to [0]
11-18 23:01:24.815: D/SensorManager(2394): registerListener :: create queue :: handler = 1600221811, name = Auto Rotation Sensor, delay = 200000,
11-18 23:01:24.815: D/KeyguardViewMediator(2394): onScreenTurnedOn, seq = 36
11-18 23:01:24.815: D/KeyguardViewMediator(2394): notifyScreenOnLocked
11-18 23:01:24.820: D/KeyguardViewMediator(2394): handleNotifyScreenOn
11-18 23:01:24.820: D/KeyguardViewManager(2394): onScreenTurnedOn()
11-18 23:01:24.820: D/KeyguardHostView(2394): screen on, instance 43f5a078
11-18 23:01:24.820: D/LockPatternUtils(2394): isPcwEnable = null
11-18 23:01:24.820: V/KeyguardHostView(2394): showPrimarySecurityScreen(turningOff=false)
11-18 23:01:24.820: I/KeyguardBackgroundView(2394): *** KeyguardEffectView getInstance ***
11-18 23:01:24.820: D/SensorService(2394): AutoRotationSensor::process: Acc eventTimestamp = 13810357762000, previousAccTimestamp = 13183692141000, difference = 626665621000
11-18 23:01:24.820: D/SensorService(2394): AutoRotationSensor::reset oldrotation = [100], initState = [1]
11-18 23:01:24.820: D/LockPatternUtils(2394): isPcwEnable = null
11-18 23:01:24.825: D/KeyguardHostView(2394): showSecurityScreen(None)
11-18 23:01:24.825: D/KeyguardHostView(2394): getSecurityView(None)
11-18 23:01:24.825: I/KeyguardBackgroundView(2394): *** KeyguardEffectView getInstance ***
11-18 23:01:24.825: D/CircleUnlockRipple(2394): screenTurnedOn
11-18 23:01:24.825: D/CircleUnlockRippleRenderer(2394): screenTurnedOn
11-18 23:01:24.825: D/CircleUnlockRippleRenderer(2394): keyguardManager.isKeyguardLocked() = true
11-18 23:01:24.825: D/LockPatternUtils(2394): isPcwEnable = null
11-18 23:01:24.825: D/lights(2394): button : 1 +
11-18 23:01:24.825: D/lights(2394): button : 1 -
11-18 23:01:24.825: D/PowerManagerService(2394): [api] [s] userActivity : event: 3 flags: 0 (uid: 1000 pid: 2394)
11-18 23:01:24.830: D/InputDispatcher(2394): setInputDispatchMode: enabled=1, frozen=0
11-18 23:01:24.830: D/KeyguardClockWidgetService(17217): onReceive action=android.intent.action.SCREEN_ON
11-18 23:01:24.835: D/KeyguardClockWidgetProvider(17217): refreshSingleClock :{Home} Hour = 23, Min = 01
11-18 23:01:24.840: D/KeyguardClockWidgetProvider(17217): desc Message = Den er 23:1
11-18 23:01:24.845: D/LockPatternUtils(2394): isPcwEnable = null
11-18 23:01:24.875: D/RampAnimator(2394): Light Animator Finished currentValue=96
11-18 23:01:24.875: I/WindowManager(2394): Lock screen displayed!
11-18 23:01:24.875: D/PowerManagerNotifier(2394): [api] WindowManagerPolicy.ScreenOnListener : Received onScreenOn().
11-18 23:01:24.875: D/PowerManagerService(2394): Screen on unblocked: mNestCount=0
11-18 23:01:24.890: D/DisplayPowerController(2394): animation target = 96 (PSM:false, AB limit:(-1 ~ -1) MB Limit:(-1 ~ -1) MAdj:(0, (0, 255)))
11-18 23:01:24.890: D/PowerManagerService(2394): [s] mDisplayPowerControllerCallbacks : onStateChanged()
11-18 23:01:24.895: D/lights(2394): lcd : 96 +
11-18 23:01:24.895: D/lights(2394): lcd : 96 -
11-18 23:01:24.905: D/LightsService(2394): [api] [SvcLED] turnOff:: id = 3 (uid: 1000 pid: 2394)
11-18 23:01:24.905: D/LightsService(2394): [SvcLED] setSvcLedStateLocked:: SvcLEDState : 0x10 -> 0x0 | SvcLED(id=3) set Off
11-18 23:01:24.905: D/BatteryService(2394): turn off LED
11-18 23:01:24.905: D/LightsService(2394): [SvcLED] Lux failed to be updated in 700ms. -> handleForcedSvcLEDTasK
11-18 23:01:24.910: D/lights(2394): led_pattern : 0 +
11-18 23:01:24.910: D/lights(2394): led_pattern : 0 -
11-18 23:01:24.910: D/LightsService(2394): [SvcLED] setSvcLedLightLocked :: Current SvcLED(id=3) maintains its priority right
11-18 23:01:24.940: D/LockPatternUtils(2394): isPcwEnable = null
11-18 23:01:24.970: D/STATUSBAR-NetworkController(2749): onReceive() - RSSI_CHANGED_ACTION, WIFI_STATE, NETWORK_STATE
11-18 23:01:24.970: D/STATUSBAR-NetworkController(2749): refreshSignalCluster: data=0 bt=false
11-18 23:01:24.990: D/STATUSBAR-IconMerger(2749): checkOverflow(432), More:false, Req:false Child:4
11-18 23:01:24.995: D/STATUSBAR-NotificationService(2394): ACTION_SCREEN_ON
11-18 23:01:24.995: D/LightsService(2394): [api] [SvcLED] turnOff:: id = 4 (uid: 1000 pid: 2394)
11-18 23:01:24.995: D/LightsService(2394): [SvcLED] setSvcLedStateLocked:: SvcLEDState : 0x0 -> 0x0 | SvcLED(id=4) set Off
11-18 23:01:24.995: D/LightsService(2394): [SvcLED] Lux failed to be updated in 700ms. -> handleForcedSvcLEDTasK
11-18 23:01:24.995: D/LightsService(2394): [SvcLED] setSvcLedLightLocked :: Current SvcLED(id=3) maintains its priority right
11-18 23:01:25.010: I/AudioHardwareTinyALSA(1981): setParameters(screen_state=on)
11-18 23:01:25.010: I/audio_wfd_hw(1981): adev_set_parameters() screen_state=on
11-18 23:01:25.010: D/tms_audio_hw/AudioTmsIpc(1981): adev_set_parameters : Enter
11-18 23:01:25.010: D/tms_audio_hw/AudioTmsIpc(1981): adev_set_parameters : Exit
11-18 23:01:25.015: D/SensorService(2394): AutoRotationSensor::process: Acc eventTimestamp = 13810553946000, previousAccTimestamp = 13183692141000, difference = 626861805000
11-18 23:01:25.015: D/SensorService(2394): [AR] 0.1 0.4 8.8
11-18 23:01:25.015: D/SensorService(2394): AutoRotationSensor::process: Ar_SensorChanged oldrotation = [100], rotation = [255]
11-18 23:01:25.015: V/WindowOrientationListener(2394): Rotation Sensor : x=255.0
11-18 23:01:25.015: D/WifiDisplayAdapter(2394): onGetScreenState : 1
11-18 23:01:25.035: D/InputReader(2394): Input event: value=0 when=13810570089000
11-18 23:01:25.035: D/RestrictionPolicy(2394): isHomeKeyEnabled :true
11-18 23:01:25.035: W/LicenseLogService(2394): log() is called by non admin
11-18 23:01:25.035: D/RestrictionPolicy(2394): isHomeKeyEnabled :true
11-18 23:01:25.050: D/STATUSBAR-IconMerger(2749): checkOverflow(432), More:false, Req:false Child:4
11-18 23:01:25.065: I/NfcService(2964): NFC: When Screen On, S View Cover also Open!!
