11-18 22:40:49.230: D/dalvikvm(29819): GC_CONCURRENT freed 310K, 55% free 10218K/22236K, paused 2ms+3ms, total 16ms
11-18 22:40:49.290: I/InputReader(2394): Touch event's action is 0x1 (deviceType=0) [pCnt=1, s=] when=12574829704000
11-18 22:40:49.290: I/InputDispatcher(2394): Delivering touch to: action: 0x1
11-18 22:40:49.340: D/Qt(29819): qrc:/SpeedyCraftMobile/UI/Source/MainMenu/Form/FormList.qml:358 (createAndOpen): qml: form type id 12
11-18 22:40:49.380: W/Qt(29819): ..\..\QtDevelopment\SpeedyCraftMobile\Engine\Source\ddbtable.cpp:105 (bool DDBTable::Add()): [DDBTable::Add] "tblAssignmentQualityControl" 9
11-18 22:40:49.400: D/Qt(29819): ..\..\QtDevelopment\SpeedyCraftMobile\Engine\Source\DataModels\DXmlTreeModel.cpp:31 (QString DXmlTreeModel::ColumnNamesString()): "[DXmlTreeModel::ColumnNamesString] roles [287, 290]"
11-18 22:40:49.400: D/Qt(29819): ..\..\QtDevelopment\SpeedyCraftMobile\Engine\Source\DataModels\DataModelQualityControl.cpp:100 (bool DataModelQualityControl::openForm(int, int, int)): [DataModelQualityControl::openForm] 0 0 9
11-18 22:40:49.415: D/Qt(29819): ..\..\QtDevelopment\SpeedyCraftMobile\Engine\Source\DataModels\DataModelQualityControl.cpp:312 (void DataModelQualityControl::parseCommon(QXmlStreamReader&)): [DataModelQualityControl::parseCommon]
11-18 22:40:49.440: D/Qt(29819): ..\..\QtDevelopment\SpeedyCraftMobile\Engine\Source\DataModels\DataModelQualityControl.cpp:87 (bool DataModelQualityControl::save()): [DataModelQualityControl::save] 0 0 9
11-18 22:40:49.440: D/Qt(29819): ..\..\QtDevelopment\SpeedyCraftMobile\Engine\Source\DataModels\DataModelQualityControl.cpp:2015 (QString DataModelQualityControl::generateAnswer(int&)): [DataModelQualityControl::generateAnswer()]
11-18 22:40:49.465: D/Qt(29819): ..\..\QtDevelopment\SpeedyCraftMobile\Engine\Source\blutil.cpp:1324 (static void BLUtil::updateAssignmentStatusWorking(int)): [BLUtil::updateAssignmentStatusWorking] 10003
11-18 22:40:49.465: D/Qt(29819): ..\..\QtDevelopment\SpeedyCraftMobile\Engine\Source\DataModels\DataModelAssignmentBase.cpp:74 (void DataModelAssignmentBase::updateStatusInProgress(int)): [DataModelAssignmentBase::updateStatusInProgress] 10003
11-18 22:40:49.480: D/SensorService(2394): [AR] -1.0 5.1 7.4
11-18 22:40:49.480: D/SensorService(2394): AutoRotationSensor::process: Ar_SensorChanged oldrotation = [0], rotation = [255]
11-18 22:40:49.480: V/WindowOrientationListener(2394): Rotation Sensor : x=255.0
11-18 22:40:49.485: D/Qt(29819): ..\..\QtDevelopment\SpeedyCraftMobile\Engine\Source\DataModels\DSqlListModel.cpp:794 (virtual bool DSqlListModel::setData(const QModelIndex&, const QVariant&, int)): [DSqlListModel::setData] q: "UPDATE tblAssignmentQualityControl SET UpdateInfo = :UpdateInfo WHERE AssignmentQualityControlID = 9" UpdateColumnName: "UpdateInfo" value: QVariant(int, 2)
11-18 22:40:49.820: D/Qt(29819): qrc:/SpeedyCraftMobile/UI/Source/MainMenu/Form/FormList.qml:375 (openForm): qml: open form, owner id 9
11-18 22:40:49.920: D/Qt(29819): ..\..\QtDevelopment\SpeedyCraftMobile\Engine\Source\DataModels\DXmlTreeModel.cpp:31 (QString DXmlTreeModel::ColumnNamesString()): "[DXmlTreeModel::ColumnNamesString] roles [287, 290]"
11-18 22:40:49.935: D/Qt(29819): qrc:/Common/UI/Source/List/DListBase.qml:50 (onUseFastScrollerChanged): qml: DListBase useFastScroller true
11-18 22:40:49.945: D/Qt(29819): qrc:/Common/UI/Source/List/DListBase.qml:82 (updateHighlighedItem): qml: updateHighlighedItem -1 true
11-18 22:40:49.960: D/Qt(29819): ..\..\QtDevelopment\SpeedyCraftMobile\Engine\Source\DataModels\DXmlTreeModel.cpp:50 (void DXmlTreeModel::expandAll()): [DXmlTreeModel::expandAll]
11-18 22:40:49.960: D/Qt(29819): qrc:/SpeedyCraftMobile/UI/Source/MainMenu/Form/QualityControlForm.qml:187 (refreshActionBar): qml: refreshActionBar() readOnly: false, signedByEmployee: false, signedByCustomer: false
11-18 22:40:49.970: D/Qt(29819): qrc:/SpeedyCraftMobile/UI/Source/MainMenu/States/StateMenuMain.qml:532 (expression for script): qml: state: form
11-18 22:40:49.970: D/Qt(29819): qrc:/SpeedyCraftMobile/UI/Source/MainMenu/Form/QualityControlForm.qml:385 (initForm): qml: initForm 0 0 9
11-18 22:40:49.970: D/Qt(29819): ..\..\QtDevelopment\SpeedyCraftMobile\Engine\Source\DataModels\DataModelQualityControl.cpp:100 (bool DataModelQualityControl::openForm(int, int, int)): [DataModelQualityControl::openForm] 0 0 9
11-18 22:40:49.985: D/Qt(29819): ..\..\QtDevelopment\SpeedyCraftMobile\Engine\Source\DataModels\DataModelQualityControl.cpp:312 (void DataModelQualityControl::parseCommon(QXmlStreamReader&)): [DataModelQualityControl::parseCommon]
11-18 22:40:50.005: D/Qt(29819): qrc:/Common/UI/Source/List/DListBase.qml:82 (updateHighlighedItem): qml: updateHighlighedItem -1 true
11-18 22:40:50.080: D/Qt(29819): qrc:/SpeedyCraftMobile/UI/Source/MainMenu/Form/FormList.qml:392 (refreshSignatureProperties): qml: refreshSignatureProperties ReadOnly: 0, SignatureCustomerID: 0, SignatureEmployeeID: 0
11-18 22:40:50.080: D/Qt(29819): qrc:/SpeedyCraftMobile/UI/Source/MainMenu/Form/FormList.qml:399 (refreshSignatureProperties): qml: refreshSignatureProperties pageView.currentItem.readOnly: false, false, false
11-18 22:40:50.080: D/SensorService(2394): [AR] -0.9 5.0 7.5
11-18 22:40:50.080: D/SensorService(2394): AutoRotationSensor::process: Ar_SensorChanged oldrotation = [255], rotation = [0]
11-18 22:40:50.080: V/WindowOrientationListener(2394): Rotation Sensor : x=0.0
11-18 22:40:50.085: D/Qt(29819): qrc:/Common/UI/Source/ActionBar/ActionBar.qml:559 (moveToList): qml: move to list
11-18 22:40:50.085: D/Qt(29819): qrc:/Common/UI/Source/ActionBar/ActionBar.qml:574 (moveToList): qml: show menu
11-18 22:40:50.085: D/Qt(29819): qrc:/Common/UI/Source/ActionBar/ActionBar.qml:585 (moveFromList): qml: moveFromList 7
11-18 22:40:50.720: D/SSRMv2:Monitor(2394): SIOP:: AP = 340 (read only)
11-18 22:40:51.885: D/SensorService(2394): [AR] -2.3 6.0 6.6
11-18 22:40:51.885: D/SensorService(2394): AutoRotationSensor::process: Ar_SensorChanged oldrotation = [0], rotation = [255]
11-18 22:40:51.885: V/WindowOrientationListener(2394): Rotation Sensor : x=255.0
11-18 22:40:51.900: I/InputReader(2394): Touch event's action is 0x0 (deviceType=0) [pCnt=1, s=0.827 ] when=12577435438000
11-18 22:40:51.900: I/InputDispatcher(2394): Delivering touch to: action: 0x0
11-18 22:40:51.975: I/InputReader(2394): Touch event's action is 0x1 (deviceType=0) [pCnt=1, s=] when=12577513698000
11-18 22:40:51.975: I/InputDispatcher(2394): Delivering touch to: action: 0x1
11-18 22:40:51.980: D/Qt(29819): qrc:/Common/UI/Source/ActionBar/ActionBar.qml:224 (clickBack): qml: actionBar.clickBack() state: form, previous state:formlist
11-18 22:40:52.035: E/Watchdog(2394): !@Sync 417
11-18 22:40:52.080: D/Qt(29819): ..\..\QtDevelopment\SpeedyCraftMobile\Engine\Source\DataModels\DataModelQualityControl.cpp:87 (bool DataModelQualityControl::save()): [DataModelQualityControl::save] 0 0 9
11-18 22:40:52.080: D/Qt(29819): ..\..\QtDevelopment\SpeedyCraftMobile\Engine\Source\DataModels\DataModelQualityControl.cpp:2015 (QString DataModelQualityControl::generateAnswer(int&)): [DataModelQualityControl::generateAnswer()]
11-18 22:40:52.100: D/Qt(29819): qrc:/SpeedyCraftMobile/UI/Source/MainMenu/States/StateMenuMain.qml:522 (expression for script): qml: state: formlist
11-18 22:40:52.110: D/Qt(29819): qrc:/Common/UI/Source/ActionBar/ActionBar.qml:559 (moveToList): qml: move to list
11-18 22:40:52.110: D/Qt(29819): qrc:/Common/UI/Source/ActionBar/ActionBar.qml:574 (moveToList): qml: show menu
11-18 22:40:52.110: D/Qt(29819): qrc:/Common/UI/Source/ActionBar/ActionBar.qml:559 (moveToList): qml: move to list
11-18 22:40:52.110: D/Qt(29819): qrc:/Common/UI/Source/ActionBar/ActionBar.qml:574 (moveToList): qml: show menu
11-18 22:40:52.110: D/Qt(29819): qrc:/Common/UI/Source/ActionBar/ActionBar.qml:559 (moveToList): qml: move to list
11-18 22:40:52.110: D/Qt(29819): qrc:/Common/UI/Source/ActionBar/ActionBar.qml:574 (moveToList): qml: show menu
11-18 22:40:52.180: D/Qt(29819): qrc:/Common/UI/Source/ActionBar/ActionBarList.qml:80 (onBlnShowChanged): qml: blnShow: true
11-18 22:40:52.190: D/Qt(29819): qrc:/Common/UI/Source/ActionBar/ActionBarList.qml:80 (onBlnShowChanged): qml: blnShow: true
11-18 22:40:52.195: D/Qt(29819): qrc:/Common/UI/Source/ActionBar/ActionBarList.qml:80 (onBlnShowChanged): qml: blnShow: true
11-18 22:40:52.995: D/STATUSBAR-NetworkController(2749): refreshSignalCluster: data=0 bt=false
11-18 22:40:53.005: D/STATUSBAR-IconMerger(2749): checkOverflow(432), More:false, Req:false Child:4
11-18 22:40:53.080: D/SensorService(2394): [AR] -0.8 5.0 7.5
11-18 22:40:53.080: D/SensorService(2394): AutoRotationSensor::process: Ar_SensorChanged oldrotation = [255], rotation = [0]
11-18 22:40:53.080: V/WindowOrientationListener(2394): Rotation Sensor : x=0.0
11-18 22:40:53.225: D/SSRMv2:Monitor(2394): SIOP:: AP = 340, Prev AP = 340, Duration = 10012
11-18 22:40:53.830: I/InputReader(2394): Touch event's action is 0x0 (deviceType=0) [pCnt=1, s=0.828 ] when=12579364024000
11-18 22:40:53.830: I/InputDispatcher(2394): Delivering touch to: action: 0x0
11-18 22:40:53.880: D/SensorService(2394): AutoRotationSensor::process: Acc eventTimestamp = 12579419305000, previousAccTimestamp = 12579019117000, difference = 400188000
11-18 22:40:53.995: D/STATUSBAR-NetworkController(2749): refreshSignalCluster: data=0 bt=false
11-18 22:40:54.005: D/STATUSBAR-IconMerger(2749): checkOverflow(432), More:false, Req:false Child:4
11-18 22:40:54.145: I/InputReader(2394): Touch event's action is 0x1 (deviceType=0) [pCnt=1, s=] when=12579682586000
11-18 22:40:54.145: I/InputDispatcher(2394): Delivering touch to: action: 0x1
11-18 22:40:55.150: I/InputReader(2394): Touch event's action is 0x0 (deviceType=0) [pCnt=1, s=0.829 ] when=12580686113000
11-18 22:40:55.150: I/InputDispatcher(2394): Delivering touch to: action: 0x0
11-18 22:40:55.570: I/InputReader(2394): Touch event's action is 0x1 (deviceType=0) [pCnt=1, s=] when=12581107973000
11-18 22:40:55.570: I/InputDispatcher(2394): Delivering touch to: action: 0x1
11-18 22:40:55.725: D/SSRMv2:Monitor(2394): SIOP:: AP = 340 (read only)
11-18 22:40:56.310: I/InputReader(2394): Touch event's action is 0x0 (deviceType=0) [pCnt=1, s=0.830 ] when=12581847784000
11-18 22:40:56.310: I/InputDispatcher(2394): Delivering touch to: action: 0x0
11-18 22:40:56.310: D/PowerManagerService(2394): [api] userActivityFromNative : 210 (event: 2 flags: 0)
11-18 22:40:56.640: I/InputReader(2394): Touch event's action is 0x1 (deviceType=0) [pCnt=1, s=] when=12582178274000
11-18 22:40:56.640: I/InputDispatcher(2394): Delivering touch to: action: 0x1
11-18 22:40:56.995: D/STATUSBAR-NetworkController(2749): refreshSignalCluster: data=0 bt=false
11-18 22:40:57.010: D/STATUSBAR-IconMerger(2749): checkOverflow(432), More:false, Req:false Child:4
11-18 22:40:57.645: D/dalvikvm(2394): GC_EXPLICIT freed 642K, 27% free 43749K/59268K, paused 5ms+13ms, total 157ms
11-18 22:40:57.690: I/InputReader(2394): Touch event's action is 0x0 (deviceType=0) [pCnt=1, s=0.831 ] when=12583227641000
11-18 22:40:57.690: I/InputDispatcher(2394): Delivering touch to: action: 0x0
11-18 22:40:58.230: D/SSRMv2:Monitor(2394): SIOP:: AP = 340 (read only)
11-18 22:40:58.285: I/InputReader(2394): Touch event's action is 0x1 (deviceType=0) [pCnt=1, s=] when=12583821227000
11-18 22:40:58.285: I/InputDispatcher(2394): Delivering touch to: action: 0x1
11-18 22:40:58.285: D/SensorService(2394): [AR] -0.9 5.0 7.4
11-18 22:40:58.285: D/SensorService(2394): AutoRotationSensor::process: Ar_SensorChanged oldrotation = [0], rotation = [255]
11-18 22:40:58.285: V/WindowOrientationListener(2394): Rotation Sensor : x=255.0
11-18 22:40:58.485: D/SensorService(2394): [AR] -0.9 5.0 7.4
11-18 22:40:58.485: D/SensorService(2394): AutoRotationSensor::process: Ar_SensorChanged oldrotation = [255], rotation = [0]
11-18 22:40:58.485: V/WindowOrientationListener(2394): Rotation Sensor : x=0.0
11-18 22:40:58.890: D/SensorService(2394): -0.9 5.1 7.5
11-18 22:40:59.285: D/SensorService(2394): [AR] -1.1 5.0 7.5
11-18 22:40:59.285: D/SensorService(2394): AutoRotationSensor::process: Ar_SensorChanged oldrotation = [0], rotation = [255]
11-18 22:40:59.285: V/WindowOrientationListener(2394): Rotation Sensor : x=255.0
11-18 22:40:59.890: D/SensorService(2394): [AR] -0.9 4.9 7.5
11-18 22:40:59.890: D/SensorService(2394): AutoRotationSensor::process: Ar_SensorChanged oldrotation = [255], rotation = [0]
11-18 22:40:59.890: V/WindowOrientationListener(2394): Rotation Sensor : x=0.0
11-18 22:40:59.995: V/AlarmManager(2394): waitForAlarm result :8
11-18 22:40:59.995: D/KeyguardClockWidgetService(17217): onReceive action=android.intent.action.TIME_TICK
11-18 22:41:00.000: V/AlarmManager(2394): ClockReceiver onReceive() ACTION_TIME_TICK
11-18 22:41:00.005: D/STATUSBAR-NetworkController(2749): refreshSignalCluster: data=0 bt=false
11-18 22:41:00.010: D/STATUSBAR-IconMerger(2749): checkOverflow(432), More:false, Req:false Child:4
11-18 22:41:00.025: D/STATUSBAR-IconMerger(2749): checkOverflow(432), More:false, Req:false Child:4
11-18 22:41:00.035: D/widget(2979): [MSC_HERO_Accu_JB]>>> SM:1292 [0:0] bTCC WCV = 200
11-18 22:41:00.035: D/widget(2979): [MSC_HERO_Accu_JB]>>> WC:1785 [0:0] drw 2nd Tm dt
11-18 22:41:00.075: D/STATUSBAR-NetworkController(2749): onSignalStrengthsChanged signalStrength=SignalStrength: 99 -1 -1 -1 -1 -1 -1 28 -82 -7 276 -1 2147483647 gsm|lte 0x3 level=3
11-18 22:41:00.690: D/SensorService(2394): [AR] -1.1 4.7 7.4
11-18 22:41:00.690: D/SensorService(2394): AutoRotationSensor::process: Ar_SensorChanged oldrotation = [0], rotation = [255]
11-18 22:41:00.690: V/WindowOrientationListener(2394): Rotation Sensor : x=255.0
11-18 22:41:00.735: D/SSRMv2:Monitor(2394): SIOP:: AP = 340 (read only)
11-18 22:41:00.890: D/SensorService(2394): [AR] -0.7 4.9 7.7
11-18 22:41:00.890: D/SensorService(2394): AutoRotationSensor::process: Ar_SensorChanged oldrotation = [255], rotation = [0]
11-18 22:41:00.890: V/WindowOrientationListener(2394): Rotation Sensor : x=0.0
11-18 22:41:01.005: D/STATUSBAR-NetworkController(2749): refreshSignalCluster: data=0 bt=false
11-18 22:41:01.025: D/STATUSBAR-IconMerger(2749): checkOverflow(432), More:false, Req:false Child:4
11-18 22:41:01.690: D/SensorService(2394): [AR] -1.4 4.3 7.9
11-18 22:41:01.690: D/SensorService(2394): AutoRotationSensor::process: Ar_SensorChanged oldrotation = [0], rotation = [255]
11-18 22:41:01.690: V/WindowOrientationListener(2394): Rotation Sensor : x=255.0
11-18 22:41:02.010: D/STATUSBAR-NetworkController(2749): refreshSignalCluster: data=0 bt=false
11-18 22:41:02.025: D/STATUSBAR-IconMerger(2749): checkOverflow(432), More:false, Req:false Child:4
11-18 22:41:02.220: V/AlarmManager(2394): waitForAlarm result :4
11-18 22:41:02.220: V/AlarmManager(2394): trigger ELAPSED_REALTIME_WAKEUP or RTC_WAKEUP
11-18 22:41:02.225: D/BatteryService(2394): update start
11-18 22:41:02.225: D/BatteryService(2394): level:72, scale:100, status:2, health:2, present:true, voltage: 4048, temperature: 327, technology: Li-ion, AC powered:false, USB powered:true, Wireless powered:false, icon:17303550, invalid charger:0, online:4, charge type:1, current avg:460
11-18 22:41:02.225: D/BatteryService(2394): Sending ACTION_BATTERY_CHANGED.
11-18 22:41:02.230: I/wpa_supplicant(9901): Scan requested (ret=0) - scan timeout 30 seconds
11-18 22:41:02.230: D/STATUSBAR-BatteryController(2749): onReceive() - ACTION_BATTERY_CHANGED
11-18 22:41:02.230: D/STATUSBAR-BatteryController(2749): onReceive() - BATTERY_STATUS_CHARGING:
11-18 22:41:02.230: D/STATUSBAR-PhoneStatusBar(2749): mBrightnessEnablebySettings = true mBrightnessEnablebyBattery = true mBrightnessEnablebyDisableFlag = true
11-18 22:41:02.235: D/LockPatternUtils(2394): isPcwEnable = null
11-18 22:41:02.235: V/RealCellState(2911): telephonyManager network type is 13
11-18 22:41:02.235: V/RealCellState(2911): transforming LTE to WCDMA
11-18 22:41:03.235: D/SSRMv2:Monitor(2394): SIOP:: AP = 340, Prev AP = 340, Duration = 10011
11-18 22:41:05.015: D/STATUSBAR-NetworkController(2749): refreshSignalCluster: data=0 bt=false
11-18 22:41:05.025: D/STATUSBAR-IconMerger(2749): checkOverflow(432), More:false, Req:false Child:4
11-18 22:41:05.195: D/STATUSBAR-NetworkController(2749): onSignalStrengthsChanged signalStrength=SignalStrength: 99 -1 -1 -1 -1 -1 -1 30 -81 -7 226 -1 2147483647 gsm|lte 0x3 level=3
11-18 22:41:05.740: D/SSRMv2:Monitor(2394): SIOP:: AP = 340 (read only)
11-18 22:41:06.200: I/wpa_supplicant(9901): nl80211: Received scan results (4 BSSes)
11-18 22:41:06.200: D/Tethering(2394): interfaceLinkStateChanged wlan0, true
11-18 22:41:06.205: D/Tethering(2394): interfaceStatusChanged wlan0, true
11-18 22:41:06.485: D/STATUSBAR-NetworkController(2749): onSignalStrengthsChanged signalStrength=SignalStrength: 99 -1 -1 -1 -1 -1 -1 31 -80 -7 254 -1 2147483647 gsm|lte 0x3 level=3
11-18 22:41:07.015: D/STATUSBAR-NetworkController(2749): onReceive() - RSSI_CHANGED_ACTION, WIFI_STATE, NETWORK_STATE
11-18 22:41:07.015: D/STATUSBAR-NetworkController(2749): refreshSignalCluster: data=0 bt=false
11-18 22:41:07.025: D/STATUSBAR-IconMerger(2749): checkOverflow(432), More:false, Req:false Child:4
11-18 22:41:07.030: D/STATUSBAR-NetworkController(2749): refreshSignalCluster: data=0 bt=false
11-18 22:41:07.045: D/STATUSBAR-IconMerger(2749): checkOverflow(432), More:false, Req:false Child:4
11-18 22:41:07.755: D/STATUSBAR-NetworkController(2749): onSignalStrengthsChanged signalStrength=SignalStrength: 99 -1 -1 -1 -1 -1 -1 31 -79 -7 276 -1 2147483647 gsm|lte 0x4 level=4
11-18 22:41:07.755: D/STATUSBAR-NetworkController(2749): refreshSignalCluster: data=0 bt=false
11-18 22:41:07.765: D/STATUSBAR-IconMerger(2749): checkOverflow(432), More:false, Req:false Child:4
11-18 22:41:07.770: D/STATUSBAR-NetworkController(2749): onSignalStrengthsChanged signalStrength=SignalStrength: 99 -1 -1 -1 -1 -1 -1 31 -79 -7 276 -1 2147483647 gsm|lte 0x4 level=4
11-18 22:41:08.020: D/STATUSBAR-NetworkController(2749): refreshSignalCluster: data=0 bt=false
11-18 22:41:08.025: D/STATUSBAR-IconMerger(2749): checkOverflow(432), More:false, Req:false Child:4
11-18 22:41:08.240: D/SSRMv2:Monitor(2394): SIOP:: AP = 340 (read only)
11-18 22:41:08.895: D/SensorService(2394): 0.0 0.4 8.9
11-18 22:41:09.035: D/STATUSBAR-NetworkController(2749): onSignalStrengthsChanged signalStrength=SignalStrength: 99 -1 -1 -1 -1 -1 -1 31 -78 -7 244 -1 2147483647 gsm|lte 0x4 level=4
11-18 22:41:10.020: D/STATUSBAR-NetworkController(2749): refreshSignalCluster: data=0 bt=false
11-18 22:41:10.025: D/STATUSBAR-IconMerger(2749): checkOverflow(432), More:false, Req:false Child:4
11-18 22:41:10.320: D/STATUSBAR-NetworkController(2749): onSignalStrengthsChanged signalStrength=SignalStrength: 99 -1 -1 -1 -1 -1 -1 31 -78 -7 230 -1 2147483647 gsm|lte 0x4 level=4
11-18 22:41:10.745: D/SSRMv2:Monitor(2394): SIOP:: AP = 340 (read only)
11-18 22:41:11.595: D/STATUSBAR-NetworkController(2749): onSignalStrengthsChanged signalStrength=SignalStrength: 99 -1 -1 -1 -1 -1 -1 31 -78 -7 242 -1 2147483647 gsm|lte 0x4 level=4
11-18 22:41:13.250: D/SSRMv2:Monitor(2394): SIOP:: AP = 340, Prev AP = 340, Duration = 10012
11-18 22:41:14.030: D/STATUSBAR-NetworkController(2749): refreshSignalCluster: data=0 bt=false
11-18 22:41:14.045: D/STATUSBAR-IconMerger(2749): checkOverflow(432), More:false, Req:false Child:4
11-18 22:41:14.155: D/STATUSBAR-NetworkController(2749): onSignalStrengthsChanged signalStrength=SignalStrength: 99 -1 -1 -1 -1 -1 -1 30 -78 -7 216 -1 2147483647 gsm|lte 0x4 level=4
11-18 22:41:14.185: D/dalvikvm(2911): GC_CONCURRENT freed 757K, 22% free 12397K/15764K, paused 3ms+4ms, total 30ms
11-18 22:41:15.755: D/SSRMv2:Monitor(2394): SIOP:: AP = 340 (read only)
11-18 22:41:16.030: D/STATUSBAR-NetworkController(2749): refreshSignalCluster: data=0 bt=false
11-18 22:41:16.045: D/STATUSBAR-IconMerger(2749): checkOverflow(432), More:false, Req:false Child:4
11-18 22:41:18.005: D/STATUSBAR-NetworkController(2749): onSignalStrengthsChanged signalStrength=SignalStrength: 99 -1 -1 -1 -1 -1 -1 30 -79 -7 258 -1 2147483647 gsm|lte 0x4 level=4
11-18 22:41:18.255: D/SSRMv2:Monitor(2394): SIOP:: AP = 340 (read only)
11-18 22:41:18.900: D/SensorService(2394): 0.0 0.4 8.9
11-18 22:41:19.280: D/STATUSBAR-NetworkController(2749): onSignalStrengthsChanged signalStrength=SignalStrength: 99 -1 -1 -1 -1 -1 -1 30 -79 -7 232 -1 2147483647 gsm|lte 0x4 level=4
11-18 22:41:20.760: D/SSRMv2:Monitor(2394): SIOP:: AP = 340 (read only)
11-18 22:41:21.845: D/STATUSBAR-NetworkController(2749): onSignalStrengthsChanged signalStrength=SignalStrength: 99 -1 -1 -1 -1 -1 -1 30 -80 -7 228 -1 2147483647 gsm|lte 0x3 level=3
11-18 22:41:21.845: D/STATUSBAR-NetworkController(2749): refreshSignalCluster: data=0 bt=false
11-18 22:41:21.860: D/STATUSBAR-IconMerger(2749): checkOverflow(432), More:false, Req:false Child:4
11-18 22:41:22.035: E/Watchdog(2394): !@Sync 418
11-18 22:41:22.225: V/AlarmManager(2394): waitForAlarm result :4
11-18 22:41:22.225: V/AlarmManager(2394): trigger ELAPSED_REALTIME_WAKEUP or RTC_WAKEUP
11-18 22:41:22.230: I/wpa_supplicant(9901): Scan requested (ret=0) - scan timeout 30 seconds
11-18 22:41:22.230: V/RealCellState(2911): telephonyManager network type is 13
11-18 22:41:22.230: V/RealCellState(2911): transforming LTE to WCDMA
11-18 22:41:23.105: D/STATUSBAR-NetworkController(2749): onSignalStrengthsChanged signalStrength=SignalStrength: 99 -1 -1 -1 -1 -1 -1 30 -80 -7 262 -1 2147483647 gsm|lte 0x3 level=3
11-18 22:41:23.260: D/SSRMv2:Monitor(2394): SIOP:: AP = 340, Prev AP = 340, Duration = 10012
11-18 22:41:25.680: D/STATUSBAR-NetworkController(2749): onSignalStrengthsChanged signalStrength=SignalStrength: 99 -1 -1 -1 -1 -1 -1 30 -80 -7 230 -1 2147483647 gsm|lte 0x3 level=3
11-18 22:41:25.765: D/SSRMv2:Monitor(2394): SIOP:: AP = 340 (read only)
11-18 22:41:25.865: V/AlarmManager(2394): waitForAlarm result :4
11-18 22:41:25.865: V/AlarmManager(2394): trigger ELAPSED_REALTIME_WAKEUP or RTC_WAKEUP
11-18 22:41:26.045: D/STATUSBAR-NetworkController(2749): refreshSignalCluster: data=0 bt=false
11-18 22:41:26.045: D/STATUSBAR-IconMerger(2749): checkOverflow(432), More:false, Req:false Child:4
11-18 22:41:26.205: I/wpa_supplicant(9901): nl80211: Received scan results (5 BSSes)
11-18 22:41:26.205: D/Tethering(2394): interfaceLinkStateChanged wlan0, true
11-18 22:41:26.205: D/Tethering(2394): interfaceStatusChanged wlan0, true
11-18 22:41:27.050: D/STATUSBAR-NetworkController(2749): refreshSignalCluster: data=0 bt=false
11-18 22:41:27.065: D/STATUSBAR-IconMerger(2749): checkOverflow(432), More:false, Req:false Child:4
11-18 22:41:28.240: D/STATUSBAR-NetworkController(2749): onSignalStrengthsChanged signalStrength=SignalStrength: 99 -1 -1 -1 -1 -1 -1 30 -80 -7 250 -1 2147483647 gsm|lte 0x3 level=3
11-18 22:41:28.270: D/SSRMv2:Monitor(2394): SIOP:: AP = 340 (read only)
11-18 22:41:28.900: D/SensorService(2394): -0.0 0.5 8.9
11-18 22:41:29.050: D/STATUSBAR-NetworkController(2749): refreshSignalCluster: data=0 bt=false
11-18 22:41:29.065: D/STATUSBAR-IconMerger(2749): checkOverflow(432), More:false, Req:false Child:4
11-18 22:41:30.770: D/SSRMv2:Monitor(2394): SIOP:: AP = 330 (read only)
11-18 22:41:32.060: D/STATUSBAR-NetworkController(2749): refreshSignalCluster: data=0 bt=false
11-18 22:41:32.065: D/STATUSBAR-IconMerger(2749): checkOverflow(432), More:false, Req:false Child:4
11-18 22:41:32.075: D/STATUSBAR-NetworkController(2749): onSignalStrengthsChanged signalStrength=SignalStrength: 99 -1 -1 -1 -1 -1 -1 31 -80 -6 226 -1 2147483647 gsm|lte 0x3 level=3
11-18 22:41:33.275: D/SSRMv2:Monitor(2394): SIOP:: AP = 330, Prev AP = 340, Duration = 10012
11-18 22:41:33.360: D/STATUSBAR-NetworkController(2749): onSignalStrengthsChanged signalStrength=SignalStrength: 99 -1 -1 -1 -1 -1 -1 31 -80 -7 248 -1 2147483647 gsm|lte 0x3 level=3
11-18 22:41:34.105: D/STATUSBAR-NetworkController(2749): onReceive() - RSSI_CHANGED_ACTION, WIFI_STATE, NETWORK_STATE
11-18 22:41:34.105: D/STATUSBAR-NetworkController(2749): refreshSignalCluster: data=0 bt=false
11-18 22:41:34.115: D/STATUSBAR-IconMerger(2749): checkOverflow(432), More:false, Req:false Child:4
11-18 22:41:35.065: D/STATUSBAR-NetworkController(2749): refreshSignalCluster: data=0 bt=false
11-18 22:41:35.065: D/STATUSBAR-IconMerger(2749): checkOverflow(432), More:false, Req:false Child:4
11-18 22:41:35.775: D/SSRMv2:Monitor(2394): SIOP:: AP = 330 (read only)
11-18 22:41:35.925: D/STATUSBAR-NetworkController(2749): onSignalStrengthsChanged signalStrength=SignalStrength: 99 -1 -1 -1 -1 -1 -1 31 -80 -7 238 -1 2147483647 gsm|lte 0x3 level=3
11-18 22:41:37.120: D/STATUSBAR-NetworkController(2749): onReceive() - RSSI_CHANGED_ACTION, WIFI_STATE, NETWORK_STATE
11-18 22:41:37.120: D/STATUSBAR-NetworkController(2749): refreshSignalCluster: data=0 bt=false
11-18 22:41:37.130: D/STATUSBAR-IconMerger(2749): checkOverflow(432), More:false, Req:false Child:4
11-18 22:41:37.195: D/STATUSBAR-NetworkController(2749): onSignalStrengthsChanged signalStrength=SignalStrength: 99 -1 -1 -1 -1 -1 -1 30 -80 -7 240 -1 2147483647 gsm|lte 0x3 level=3
11-18 22:41:37.240: D/TimaService(2394): TIMA: TimaService scheduler is intialized.
11-18 22:41:37.240: D/TimaService(2394): TIMA: checkEvent, operation: 50000 subject: 10000
11-18 22:41:37.240: D/TimaService(2394): TimaServiceHandler.handleMessage what =1
11-18 22:41:37.245: I/TIMA: tlc_communication(2394): Send Trustlet TCI Message
11-18 22:41:37.245: I/TIMA: tlc_communication(2394): mcNotify is completed
11-18 22:41:37.245: I/TIMA: tlc_communication(2394): mcWaitNotification is completed
11-18 22:41:37.245: I/TLC_TIMA_PKM(2394): Trustlet response is completed
11-18 22:41:37.245: I/TLC_TIMA_PKM(2394): TIMA: recv_cmd_id = 2
11-18 22:41:37.245: I/TLC_TIMA_PKM(2394): TIMA: recv_cmd ret = 0, result_ondemand = MSG=Kernel Verification Success;
11-18 22:41:37.245: D/TimaService(2394): TIMA MEASUREMENT Result: TIMA_STATUS=0;MSG=Kernel Verification Success;
11-18 22:41:37.245: D/TimaService(2394): TIMA MEASUREMENT success status: TIMA_STATUS=0;MSG=Kernel Verification Success;
11-18 22:41:38.070: D/STATUSBAR-NetworkController(2749): refreshSignalCluster: data=0 bt=false
11-18 22:41:38.080: D/STATUSBAR-IconMerger(2749): checkOverflow(432), More:false, Req:false Child:4
11-18 22:41:38.275: D/SSRMv2:Monitor(2394): SIOP:: AP = 330 (read only)
11-18 22:41:38.475: D/STATUSBAR-NetworkController(2749): onSignalStrengthsChanged signalStrength=SignalStrength: 99 -1 -1 -1 -1 -1 -1 30 -79 -7 250 -1 2147483647 gsm|lte 0x4 level=4
11-18 22:41:38.475: D/STATUSBAR-NetworkController(2749): refreshSignalCluster: data=0 bt=false
11-18 22:41:38.480: D/STATUSBAR-IconMerger(2749): checkOverflow(432), More:false, Req:false Child:4
11-18 22:41:38.905: D/SensorService(2394): 0.0 0.4 8.9
11-18 22:41:39.760: D/STATUSBAR-NetworkController(2749): onSignalStrengthsChanged signalStrength=SignalStrength: 99 -1 -1 -1 -1 -1 -1 30 -79 -7 230 -1 2147483647 gsm|lte 0x4 level=4
11-18 22:41:40.785: D/SSRMv2:Monitor(2394): SIOP:: AP = 330 (read only)
11-18 22:41:41.030: D/STATUSBAR-NetworkController(2749): onSignalStrengthsChanged signalStrength=SignalStrength: 99 -1 -1 -1 -1 -1 -1 30 -79 -7 258 -1 2147483647 gsm|lte 0x4 level=4
11-18 22:41:42.230: V/AlarmManager(2394): waitForAlarm result :4
11-18 22:41:42.230: V/AlarmManager(2394): trigger ELAPSED_REALTIME_WAKEUP or RTC_WAKEUP
11-18 22:41:42.235: I/wpa_supplicant(9901): Scan requested (ret=0) - scan timeout 30 seconds
11-18 22:41:42.240: V/RealCellState(2911): telephonyManager network type is 13
11-18 22:41:42.240: V/RealCellState(2911): transforming LTE to WCDMA
11-18 22:41:42.240: D/BatteryService(2394): update start
11-18 22:41:42.240: D/BatteryService(2394): level:72, scale:100, status:2, health:2, present:true, voltage: 4051, temperature: 329, technology: Li-ion, AC powered:false, USB powered:true, Wireless powered:false, icon:17303550, invalid charger:0, online:4, charge type:1, current avg:460
11-18 22:41:42.240: D/BatteryService(2394): Sending ACTION_BATTERY_CHANGED.
11-18 22:41:42.240: D/STATUSBAR-BatteryController(2749): onReceive() - ACTION_BATTERY_CHANGED
11-18 22:41:42.240: D/STATUSBAR-BatteryController(2749): onReceive() - BATTERY_STATUS_CHARGING:
11-18 22:41:42.245: D/LockPatternUtils(2394): isPcwEnable = null
11-18 22:41:42.245: D/STATUSBAR-PhoneStatusBar(2749): mBrightnessEnablebySettings = true mBrightnessEnablebyBattery = true mBrightnessEnablebyDisableFlag = true
11-18 22:41:43.285: D/SSRMv2:Monitor(2394): SIOP:: AP = 330, Prev AP = 330, Duration = 10013
11-18 22:41:44.075: D/STATUSBAR-NetworkController(2749): refreshSignalCluster: data=0 bt=false
11-18 22:41:44.085: D/STATUSBAR-IconMerger(2749): checkOverflow(432), More:false, Req:false Child:4
11-18 22:41:45.790: D/SSRMv2:Monitor(2394): SIOP:: AP = 330 (read only)
11-18 22:41:46.080: D/STATUSBAR-NetworkController(2749): refreshSignalCluster: data=0 bt=false
11-18 22:41:46.085: D/STATUSBAR-IconMerger(2749): checkOverflow(432), More:false, Req:false Child:4
11-18 22:41:46.160: D/STATUSBAR-NetworkController(2749): onSignalStrengthsChanged signalStrength=SignalStrength: 99 -1 -1 -1 -1 -1 -1 31 -79 -7 274 -1 2147483647 gsm|lte 0x4 level=4
11-18 22:41:46.210: I/wpa_supplicant(9901): nl80211: Received scan results (4 BSSes)
11-18 22:41:46.210: D/Tethering(2394): interfaceLinkStateChanged wlan0, true
11-18 22:41:46.210: D/Tethering(2394): interfaceStatusChanged wlan0, true
11-18 22:41:46.270: D/dalvikvm(2911): GC_CONCURRENT freed 839K, 22% free 12403K/15764K, paused 2ms+4ms, total 35ms
11-18 22:41:47.445: D/STATUSBAR-NetworkController(2749): onSignalStrengthsChanged signalStrength=SignalStrength: 99 -1 -1 -1 -1 -1 -1 31 -79 -7 268 -1 2147483647 gsm|lte 0x4 level=4
11-18 22:41:48.290: D/SSRMv2:Monitor(2394): SIOP:: AP = 330 (read only)
11-18 22:41:48.910: D/SensorService(2394): 0.0 0.5 8.9
11-18 22:41:49.085: D/STATUSBAR-NetworkController(2749): refreshSignalCluster: data=0 bt=false
11-18 22:41:49.100: D/STATUSBAR-IconMerger(2749): checkOverflow(432), More:false, Req:false Child:4
11-18 22:41:49.995: D/STATUSBAR-NetworkController(2749): onSignalStrengthsChanged signalStrength=SignalStrength: 99 -1 -1 -1 -1 -1 -1 31 -79 -7 222 -1 2147483647 gsm|lte 0x4 level=4
11-18 22:41:50.085: D/STATUSBAR-NetworkController(2749): refreshSignalCluster: data=0 bt=false
11-18 22:41:50.100: D/STATUSBAR-IconMerger(2749): checkOverflow(432), More:false, Req:false Child:4
11-18 22:41:50.795: D/SSRMv2:Monitor(2394): SIOP:: AP = 330 (read only)
11-18 22:41:51.090: D/STATUSBAR-NetworkController(2749): refreshSignalCluster: data=0 bt=false
11-18 22:41:51.100: D/STATUSBAR-IconMerger(2749): checkOverflow(432), More:false, Req:false Child:4
11-18 22:41:51.275: D/STATUSBAR-NetworkController(2749): onSignalStrengthsChanged signalStrength=SignalStrength: 99 -1 -1 -1 -1 -1 -1 31 -79 -7 258 -1 2147483647 gsm|lte 0x4 level=4
11-18 22:41:52.035: E/Watchdog(2394): !@Sync 419
11-18 22:41:52.090: D/STATUSBAR-NetworkController(2749): refreshSignalCluster: data=0 bt=false
11-18 22:41:52.100: D/STATUSBAR-IconMerger(2749): checkOverflow(432), More:false, Req:false Child:4
11-18 22:41:53.300: D/SSRMv2:Monitor(2394): SIOP:: AP = 330, Prev AP = 330, Duration = 10012
11-18 22:41:53.835: D/STATUSBAR-NetworkController(2749): onSignalStrengthsChanged signalStrength=SignalStrength: 99 -1 -1 -1 -1 -1 -1 30 -79 -7 226 -1 2147483647 gsm|lte 0x4 level=4
11-18 22:41:55.115: D/STATUSBAR-NetworkController(2749): onSignalStrengthsChanged signalStrength=SignalStrength: 99 -1 -1 -1 -1 -1 -1 30 -79 -7 252 -1 2147483647 gsm|lte 0x4 level=4
11-18 22:41:55.800: D/SSRMv2:Monitor(2394): SIOP:: AP = 330 (read only)
11-18 22:41:56.095: D/STATUSBAR-NetworkController(2749): refreshSignalCluster: data=0 bt=false
11-18 22:41:56.100: D/STATUSBAR-IconMerger(2749): checkOverflow(432), More:false, Req:false Child:4
11-18 22:41:58.100: D/STATUSBAR-NetworkController(2749): refreshSignalCluster: data=0 bt=false
11-18 22:41:58.100: D/STATUSBAR-IconMerger(2749): checkOverflow(432), More:false, Req:false Child:4
11-18 22:41:58.300: D/SSRMv2:Monitor(2394): SIOP:: AP = 330 (read only)
11-18 22:41:58.915: D/SensorService(2394): 0.0 0.4 8.9
11-18 22:41:59.100: D/STATUSBAR-NetworkController(2749): refreshSignalCluster: data=0 bt=false
11-18 22:41:59.105: D/STATUSBAR-IconMerger(2749): checkOverflow(432), More:false, Req:false Child:4
11-18 22:41:59.995: V/AlarmManager(2394): waitForAlarm result :8
11-18 22:41:59.995: D/KeyguardClockWidgetService(17217): onReceive action=android.intent.action.TIME_TICK
11-18 22:42:00.000: V/AlarmManager(2394): ClockReceiver onReceive() ACTION_TIME_TICK
11-18 22:42:00.020: D/STATUSBAR-IconMerger(2749): checkOverflow(432), More:false, Req:false Child:4
11-18 22:42:00.030: D/widget(2979): [MSC_HERO_Accu_JB]>>> SM:1292 [0:0] bTCC WCV = 200
11-18 22:42:00.035: D/widget(2979): [MSC_HERO_Accu_JB]>>> WC:1785 [0:0] drw 2nd Tm dt
11-18 22:42:00.100: D/STATUSBAR-NetworkController(2749): refreshSignalCluster: data=0 bt=false
11-18 22:42:00.105: D/STATUSBAR-IconMerger(2749): checkOverflow(432), More:false, Req:false Child:4
11-18 22:42:00.150: D/dalvikvm(2394): GC_CONCURRENT freed 1800K, 26% free 43922K/59268K, paused 3ms+12ms, total 137ms
11-18 22:42:00.810: D/SSRMv2:Monitor(2394): SIOP:: AP = 330 (read only)
11-18 22:42:02.235: V/AlarmManager(2394): waitForAlarm result :4
11-18 22:42:02.235: V/AlarmManager(2394): trigger ELAPSED_REALTIME_WAKEUP or RTC_WAKEUP
11-18 22:42:02.245: V/RealCellState(2911): telephonyManager network type is 13
11-18 22:42:02.245: V/RealCellState(2911): transforming LTE to WCDMA
11-18 22:42:02.245: I/wpa_supplicant(9901): Scan requested (ret=0) - scan timeout 30 seconds
11-18 22:42:03.105: D/STATUSBAR-NetworkController(2749): refreshSignalCluster: data=0 bt=false
11-18 22:42:03.120: D/STATUSBAR-IconMerger(2749): checkOverflow(432), More:false, Req:false Child:4
11-18 22:42:03.305: D/SSRMv2:Monitor(2394): SIOP:: AP = 330, Prev AP = 330, Duration = 10012
11-18 22:42:05.815: D/SSRMv2:Monitor(2394): SIOP:: AP = 330 (read only)
11-18 22:42:06.220: I/wpa_supplicant(9901): nl80211: Received scan results (7 BSSes)
11-18 22:42:06.220: D/Tethering(2394): interfaceLinkStateChanged wlan0, true
11-18 22:42:06.220: D/Tethering(2394): interfaceStatusChanged wlan0, true
11-18 22:42:07.920: D/STATUSBAR-NetworkController(2749): onSignalStrengthsChanged signalStrength=SignalStrength: 99 -1 -1 -1 -1 -1 -1 30 -79 -7 274 -1 2147483647 gsm|lte 0x4 level=4
11-18 22:42:08.115: D/STATUSBAR-NetworkController(2749): refreshSignalCluster: data=0 bt=false
11-18 22:42:08.120: D/STATUSBAR-IconMerger(2749): checkOverflow(432), More:false, Req:false Child:4
11-18 22:42:08.315: D/SSRMv2:Monitor(2394): SIOP:: AP = 330 (read only)
11-18 22:42:08.920: D/SensorService(2394): 0.0 0.4 8.9
11-18 22:42:09.190: D/STATUSBAR-NetworkController(2749): onSignalStrengthsChanged signalStrength=SignalStrength: 99 -1 -1 -1 -1 -1 -1 30 -79 -7 242 -1 2147483647 gsm|lte 0x4 level=4
11-18 22:42:10.120: D/STATUSBAR-NetworkController(2749): refreshSignalCluster: data=0 bt=false
11-18 22:42:10.120: D/STATUSBAR-IconMerger(2749): checkOverflow(432), More:false, Req:false Child:4
11-18 22:42:10.485: D/STATUSBAR-NetworkController(2749): onSignalStrengthsChanged signalStrength=SignalStrength: 99 -1 -1 -1 -1 -1 -1 30 -79 -6 238 -1 2147483647 gsm|lte 0x4 level=4
11-18 22:42:10.820: D/SSRMv2:Monitor(2394): SIOP:: AP = 330 (read only)
11-18 22:42:11.120: D/STATUSBAR-NetworkController(2749): refreshSignalCluster: data=0 bt=false
11-18 22:42:11.120: D/STATUSBAR-IconMerger(2749): checkOverflow(432), More:false, Req:false Child:4
11-18 22:42:11.720: D/SensorService(2394): AutoRotationSensor::process: Acc eventTimestamp = 12657255091000, previousAccTimestamp = 12656854920000, difference = 400171000
11-18 22:42:11.760: D/STATUSBAR-NetworkController(2749): onSignalStrengthsChanged signalStrength=SignalStrength: 99 -1 -1 -1 -1 -1 -1 30 -80 -6 290 -1 2147483647 gsm|lte 0x3 level=3
11-18 22:42:11.760: D/STATUSBAR-NetworkController(2749): refreshSignalCluster: data=0 bt=false
11-18 22:42:11.775: D/STATUSBAR-IconMerger(2749): checkOverflow(432), More:false, Req:false Child:4
11-18 22:42:13.040: D/STATUSBAR-NetworkController(2749): onSignalStrengthsChanged signalStrength=SignalStrength: 99 -1 -1 -1 -1 -1 -1 30 -80 -7 248 -1 2147483647 gsm|lte 0x3 level=3
11-18 22:42:13.120: D/STATUSBAR-NetworkController(2749): refreshSignalCluster: data=0 bt=false
11-18 22:42:13.120: D/STATUSBAR-IconMerger(2749): checkOverflow(432), More:false, Req:false Child:4
11-18 22:42:13.320: D/SSRMv2:Monitor(2394): SIOP:: AP = 330, Prev AP = 330, Duration = 10012
11-18 22:42:14.120: D/STATUSBAR-NetworkController(2749): refreshSignalCluster: data=0 bt=false
11-18 22:42:14.140: D/STATUSBAR-IconMerger(2749): checkOverflow(432), More:false, Req:false Child:4
11-18 22:42:15.825: D/SSRMv2:Monitor(2394): SIOP:: AP = 330 (read only)
11-18 22:42:18.130: D/STATUSBAR-NetworkController(2749): refreshSignalCluster: data=0 bt=false
11-18 22:42:18.140: D/STATUSBAR-IconMerger(2749): checkOverflow(432), More:false, Req:false Child:4
11-18 22:42:18.165: D/STATUSBAR-NetworkController(2749): onSignalStrengthsChanged signalStrength=SignalStrength: 99 -1 -1 -1 -1 -1 -1 31 -80 -7 220 -1 2147483647 gsm|lte 0x3 level=3
11-18 22:42:18.325: D/SSRMv2:Monitor(2394): SIOP:: AP = 330 (read only)
11-18 22:42:19.125: D/SensorService(2394): 0.0 0.4 8.8
11-18 22:42:19.440: D/STATUSBAR-NetworkController(2749): onSignalStrengthsChanged signalStrength=SignalStrength: 99 -1 -1 -1 -1 -1 -1 31 -80 -7 254 -1 2147483647 gsm|lte 0x3 level=3
11-18 22:42:19.720: D/SensorService(2394): AutoRotationSensor::process: Acc eventTimestamp = 12665258490000, previousAccTimestamp = 12664858323000, difference = 400167000
11-18 22:42:20.135: D/STATUSBAR-NetworkController(2749): refreshSignalCluster: data=0 bt=false
11-18 22:42:20.140: D/STATUSBAR-IconMerger(2749): checkOverflow(432), More:false, Req:false Child:4
11-18 22:42:20.830: D/SSRMv2:Monitor(2394): SIOP:: AP = 330 (read only)
11-18 22:42:21.135: D/STATUSBAR-NetworkController(2749): refreshSignalCluster: data=0 bt=false
11-18 22:42:21.140: D/STATUSBAR-IconMerger(2749): checkOverflow(432), More:false, Req:false Child:4
11-18 22:42:22.040: E/Watchdog(2394): !@Sync 420
11-18 22:42:22.135: D/STATUSBAR-NetworkController(2749): refreshSignalCluster: data=0 bt=false
11-18 22:42:22.140: D/STATUSBAR-IconMerger(2749): checkOverflow(432), More:false, Req:false Child:4
11-18 22:42:22.245: V/AlarmManager(2394): waitForAlarm result :4
11-18 22:42:22.245: V/AlarmManager(2394): trigger ELAPSED_REALTIME_WAKEUP or RTC_WAKEUP
11-18 22:42:22.250: D/BatteryService(2394): update start
11-18 22:42:22.250: D/BatteryService(2394): level:72, scale:100, status:2, health:2, present:true, voltage: 4046, temperature: 336, technology: Li-ion, AC powered:false, USB powered:true, Wireless powered:false, icon:17303550, invalid charger:0, online:4, charge type:1, current avg:460
11-18 22:42:22.250: D/BatteryService(2394): Sending ACTION_BATTERY_CHANGED.
11-18 22:42:22.255: I/wpa_supplicant(9901): Scan requested (ret=0) - scan timeout 30 seconds
11-18 22:42:22.255: D/STATUSBAR-BatteryController(2749): onReceive() - ACTION_BATTERY_CHANGED
11-18 22:42:22.255: D/STATUSBAR-BatteryController(2749): onReceive() - BATTERY_STATUS_CHARGING:
11-18 22:42:22.255: D/STATUSBAR-PhoneStatusBar(2749): mBrightnessEnablebySettings = true mBrightnessEnablebyBattery = true mBrightnessEnablebyDisableFlag = true
11-18 22:42:22.260: V/RealCellState(2911): telephonyManager network type is 13
11-18 22:42:22.260: V/RealCellState(2911): transforming LTE to WCDMA
11-18 22:42:22.260: D/LockPatternUtils(2394): isPcwEnable = null
11-18 22:42:23.335: D/SSRMv2:Monitor(2394): SIOP:: AP = 330, Prev AP = 330, Duration = 10012
11-18 22:42:25.140: D/STATUSBAR-NetworkController(2749): refreshSignalCluster: data=0 bt=false
11-18 22:42:25.155: D/STATUSBAR-IconMerger(2749): checkOverflow(432), More:false, Req:false Child:4
11-18 22:42:25.835: D/SSRMv2:Monitor(2394): SIOP:: AP = 330 (read only)
11-18 22:42:25.835: D/STATUSBAR-NetworkController(2749): onSignalStrengthsChanged signalStrength=SignalStrength: 99 -1 -1 -1 -1 -1 -1 30 -79 -7 234 -1 2147483647 gsm|lte 0x4 level=4
11-18 22:42:25.835: D/STATUSBAR-NetworkController(2749): refreshSignalCluster: data=0 bt=false
11-18 22:42:25.840: D/STATUSBAR-IconMerger(2749): checkOverflow(432), More:false, Req:false Child:4
11-18 22:42:26.230: I/wpa_supplicant(9901): nl80211: Received scan results (3 BSSes)
11-18 22:42:26.230: D/Tethering(2394): interfaceLinkStateChanged wlan0, true
11-18 22:42:26.230: D/Tethering(2394): interfaceStatusChanged wlan0, true
11-18 22:42:27.115: D/STATUSBAR-NetworkController(2749): onSignalStrengthsChanged signalStrength=SignalStrength: 99 -1 -1 -1 -1 -1 -1 30 -79 -7 266 -1 2147483647 gsm|lte 0x4 level=4
11-18 22:42:28.340: D/SSRMv2:Monitor(2394): SIOP:: AP = 330 (read only)
11-18 22:42:28.400: D/STATUSBAR-NetworkController(2749): onSignalStrengthsChanged signalStrength=SignalStrength: 99 -1 -1 -1 -1 -1 -1 31 -79 -7 224 -1 2147483647 gsm|lte 0x4 level=4
11-18 22:42:29.145: D/STATUSBAR-NetworkController(2749): refreshSignalCluster: data=0 bt=false
11-18 22:42:29.160: D/STATUSBAR-IconMerger(2749): checkOverflow(432), More:false, Req:false Child:4
11-18 22:42:29.325: D/SensorService(2394): 0.0 0.4 8.9
11-18 22:42:29.675: D/STATUSBAR-NetworkController(2749): onSignalStrengthsChanged signalStrength=SignalStrength: 99 -1 -1 -1 -1 -1 -1 30 -79 -7 256 -1 2147483647 gsm|lte 0x4 level=4
11-18 22:42:30.840: D/SSRMv2:Monitor(2394): SIOP:: AP = 330 (read only)
11-18 22:42:30.965: D/STATUSBAR-NetworkController(2749): onSignalStrengthsChanged signalStrength=SignalStrength: 99 -1 -1 -1 -1 -1 -1 31 -79 -7 232 -1 2147483647 gsm|lte 0x4 level=4
11-18 22:42:32.240: D/STATUSBAR-NetworkController(2749): onSignalStrengthsChanged signalStrength=SignalStrength: 99 -1 -1 -1 -1 -1 -1 30 -79 -7 260 -1 2147483647 gsm|lte 0x4 level=4
11-18 22:42:33.155: D/STATUSBAR-NetworkController(2749): refreshSignalCluster: data=0 bt=false
11-18 22:42:33.160: D/STATUSBAR-IconMerger(2749): checkOverflow(432), More:false, Req:false Child:4
11-18 22:42:33.345: D/SSRMv2:Monitor(2394): SIOP:: AP = 330, Prev AP = 330, Duration = 10013
11-18 22:42:34.795: D/STATUSBAR-NetworkController(2749): onSignalStrengthsChanged signalStrength=SignalStrength: 99 -1 -1 -1 -1 -1 -1 31 -79 -7 224 -1 2147483647 gsm|lte 0x4 level=4
11-18 22:42:35.850: D/SSRMv2:Monitor(2394): SIOP:: AP = 330 (read only)
11-18 22:42:36.080: D/STATUSBAR-NetworkController(2749): onSignalStrengthsChanged signalStrength=SignalStrength: 99 -1 -1 -1 -1 -1 -1 30 -79 -7 260 -1 2147483647 gsm|lte 0x4 level=4
11-18 22:42:37.160: D/STATUSBAR-NetworkController(2749): refreshSignalCluster: data=0 bt=false
11-18 22:42:37.160: D/STATUSBAR-IconMerger(2749): checkOverflow(432), More:false, Req:false Child:4
11-18 22:42:38.355: D/SSRMv2:Monitor(2394): SIOP:: AP = 330 (read only)
11-18 22:42:39.165: D/STATUSBAR-NetworkController(2749): refreshSignalCluster: data=0 bt=false
11-18 22:42:39.175: D/STATUSBAR-IconMerger(2749): checkOverflow(432), More:false, Req:false Child:4
11-18 22:42:39.330: D/SensorService(2394): 0.0 0.5 8.9
11-18 22:42:40.855: D/SSRMv2:Monitor(2394): SIOP:: AP = 330 (read only)
11-18 22:42:41.165: D/STATUSBAR-NetworkController(2749): refreshSignalCluster: data=0 bt=false
11-18 22:42:41.175: D/STATUSBAR-IconMerger(2749): checkOverflow(432), More:false, Req:false Child:4
11-18 22:42:42.250: V/AlarmManager(2394): waitForAlarm result :4
11-18 22:42:42.250: V/AlarmManager(2394): trigger ELAPSED_REALTIME_WAKEUP or RTC_WAKEUP
11-18 22:42:42.260: V/RealCellState(2911): telephonyManager network type is 13
11-18 22:42:42.260: V/RealCellState(2911): transforming LTE to WCDMA
11-18 22:42:42.265: I/wpa_supplicant(9901): Scan requested (ret=0) - scan timeout 30 seconds
11-18 22:42:43.170: D/STATUSBAR-NetworkController(2749): refreshSignalCluster: data=0 bt=false
11-18 22:42:43.180: D/STATUSBAR-IconMerger(2749): checkOverflow(432), More:false, Req:false Child:4
11-18 22:42:43.355: D/SSRMv2:Monitor(2394): SIOP:: AP = 330, Prev AP = 330, Duration = 10012
11-18 22:42:44.170: D/STATUSBAR-NetworkController(2749): refreshSignalCluster: data=0 bt=false
11-18 22:42:44.180: D/STATUSBAR-IconMerger(2749): checkOverflow(432), More:false, Req:false Child:4
11-18 22:42:45.170: D/STATUSBAR-NetworkController(2749): refreshSignalCluster: data=0 bt=false
11-18 22:42:45.180: D/STATUSBAR-IconMerger(2749): checkOverflow(432), More:false, Req:false Child:4
11-18 22:42:45.865: D/SSRMv2:Monitor(2394): SIOP:: AP = 330 (read only)
11-18 22:42:46.175: D/STATUSBAR-NetworkController(2749): refreshSignalCluster: data=0 bt=false
11-18 22:42:46.180: D/STATUSBAR-IconMerger(2749): checkOverflow(432), More:false, Req:false Child:4
11-18 22:42:46.245: I/wpa_supplicant(9901): nl80211: Received scan results (4 BSSes)
11-18 22:42:46.245: D/Tethering(2394): interfaceLinkStateChanged wlan0, true
11-18 22:42:46.245: D/Tethering(2394): interfaceStatusChanged wlan0, true
11-18 22:42:46.295: D/dalvikvm(2911): GC_CONCURRENT freed 862K, 22% free 12412K/15764K, paused 2ms+3ms, total 27ms
11-18 22:42:46.295: D/dalvikvm(2911): WAIT_FOR_CONCURRENT_GC blocked 21ms
11-18 22:42:47.180: D/STATUSBAR-NetworkController(2749): refreshSignalCluster: data=0 bt=false
11-18 22:42:47.180: D/STATUSBAR-IconMerger(2749): checkOverflow(432), More:false, Req:false Child:4
11-18 22:42:48.365: D/SSRMv2:Monitor(2394): SIOP:: AP = 330 (read only)
11-18 22:42:49.335: D/SensorService(2394): 0.0 0.5 8.9
11-18 22:42:49.935: D/SensorService(2394): AutoRotationSensor::process: Acc eventTimestamp = 12695471395000, previousAccTimestamp = 12695071238000, difference = 400157000
11-18 22:42:50.865: D/SSRMv2:Monitor(2394): SIOP:: AP = 330 (read only)
11-18 22:42:52.040: E/Watchdog(2394): !@Sync 421
11-18 22:42:52.185: D/STATUSBAR-NetworkController(2749): refreshSignalCluster: data=0 bt=false
11-18 22:42:52.195: D/STATUSBAR-IconMerger(2749): checkOverflow(432), More:false, Req:false Child:4
11-18 22:42:53.370: D/SSRMv2:Monitor(2394): SIOP:: AP = 330, Prev AP = 330, Duration = 10012
11-18 22:42:55.190: D/STATUSBAR-NetworkController(2749): refreshSignalCluster: data=0 bt=false
11-18 22:42:55.195: D/STATUSBAR-IconMerger(2749): checkOverflow(432), More:false, Req:false Child:4
11-18 22:42:55.875: D/SSRMv2:Monitor(2394): SIOP:: AP = 330 (read only)
11-18 22:42:56.565: D/STATUSBAR-NetworkController(2749): onSignalStrengthsChanged signalStrength=SignalStrength: 99 -1 -1 -1 -1 -1 -1 30 -79 -7 234 -1 2147483647 gsm|lte 0x4 level=4
11-18 22:42:57.195: D/STATUSBAR-NetworkController(2749): refreshSignalCluster: data=0 bt=false
11-18 22:42:57.195: D/STATUSBAR-IconMerger(2749): checkOverflow(432), More:false, Req:false Child:4
11-18 22:42:57.840: D/STATUSBAR-NetworkController(2749): onSignalStrengthsChanged signalStrength=SignalStrength: 99 -1 -1 -1 -1 -1 -1 30 -79 -7 246 -1 2147483647 gsm|lte 0x4 level=4
11-18 22:42:58.195: D/STATUSBAR-NetworkController(2749): refreshSignalCluster: data=0 bt=false
11-18 22:42:58.195: D/STATUSBAR-IconMerger(2749): checkOverflow(432), More:false, Req:false Child:4
11-18 22:42:58.375: D/SSRMv2:Monitor(2394): SIOP:: AP = 330 (read only)
11-18 22:42:58.380: D/STATUSBAR-NetworkController(2749): onReceive() - RSSI_CHANGED_ACTION, WIFI_STATE, NETWORK_STATE
11-18 22:42:58.380: D/STATUSBAR-NetworkController(2749): refreshSignalCluster: data=0 bt=false
11-18 22:42:58.395: D/STATUSBAR-IconMerger(2749): checkOverflow(432), More:false, Req:false Child:4
11-18 22:42:59.200: D/STATUSBAR-NetworkController(2749): refreshSignalCluster: data=0 bt=false
11-18 22:42:59.200: D/STATUSBAR-IconMerger(2749): checkOverflow(432), More:false, Req:false Child:4
11-18 22:42:59.540: D/SensorService(2394): 0.0 0.4 8.9
11-18 22:42:59.995: V/AlarmManager(2394): waitForAlarm result :8
11-18 22:42:59.995: D/KeyguardClockWidgetService(17217): onReceive action=android.intent.action.TIME_TICK
11-18 22:43:00.000: V/AlarmManager(2394): ClockReceiver onReceive() ACTION_TIME_TICK
11-18 22:43:00.015: D/STATUSBAR-IconMerger(2749): checkOverflow(432), More:false, Req:false Child:4
11-18 22:43:00.025: D/widget(2979): [MSC_HERO_Accu_JB]>>> SM:1292 [0:0] bTCC WCV = 200
11-18 22:43:00.025: D/widget(2979): [MSC_HERO_Accu_JB]>>> WC:1785 [0:0] drw 2nd Tm dt
11-18 22:43:00.880: D/SSRMv2:Monitor(2394): SIOP:: AP = 330 (read only)
11-18 22:43:01.200: D/STATUSBAR-NetworkController(2749): refreshSignalCluster: data=0 bt=false
11-18 22:43:01.215: D/STATUSBAR-IconMerger(2749): checkOverflow(432), More:false, Req:false Child:4
11-18 22:43:01.675: D/STATUSBAR-NetworkController(2749): onSignalStrengthsChanged signalStrength=SignalStrength: 99 -1 -1 -1 -1 -1 -1 30 -79 -7 216 -1 2147483647 gsm|lte 0x4 level=4
11-18 22:43:02.200: D/STATUSBAR-NetworkController(2749): refreshSignalCluster: data=0 bt=false
11-18 22:43:02.215: D/STATUSBAR-IconMerger(2749): checkOverflow(432), More:false, Req:false Child:4
11-18 22:43:02.255: V/AlarmManager(2394): waitForAlarm result :4
11-18 22:43:02.255: V/AlarmManager(2394): trigger ELAPSED_REALTIME_WAKEUP or RTC_WAKEUP
11-18 22:43:02.260: I/wpa_supplicant(9901): Scan requested (ret=0) - scan timeout 30 seconds
11-18 22:43:02.265: V/RealCellState(2911): telephonyManager network type is 13
11-18 22:43:02.265: V/RealCellState(2911): transforming LTE to WCDMA
11-18 22:43:02.265: D/BatteryService(2394): update start
11-18 22:43:02.265: D/BatteryService(2394): level:72, scale:100, status:2, health:2, present:true, voltage: 4042, temperature: 327, technology: Li-ion, AC powered:false, USB powered:true, Wireless powered:false, icon:17303550, invalid charger:0, online:4, charge type:1, current avg:460
11-18 22:43:02.265: D/BatteryService(2394): Sending ACTION_BATTERY_CHANGED.
11-18 22:43:02.270: D/LockPatternUtils(2394): isPcwEnable = null
11-18 22:43:02.270: D/STATUSBAR-BatteryController(2749): onReceive() - ACTION_BATTERY_CHANGED
