11-18 22:48:00.030: D/widget(2979): [MSC_HERO_Accu_JB]>>> SM:1292 [0:0] bTCC WCV = 200
11-18 22:48:00.030: D/widget(2979): [MSC_HERO_Accu_JB]>>> WC:1785 [0:0] drw 2nd Tm dt
11-18 22:48:00.475: D/SensorService(2394): -0.0 0.5 8.9
11-18 22:48:00.675: D/STATUSBAR-NetworkController(2749): refreshSignalCluster: data=0 bt=false
11-18 22:48:00.685: D/STATUSBAR-IconMerger(2749): checkOverflow(432), More:false, Req:false Child:4
11-18 22:48:01.245: D/SSRMv2:Monitor(2394): SIOP:: AP = 330 (read only)
11-18 22:48:02.370: V/AlarmManager(2394): waitForAlarm result :4
11-18 22:48:02.370: V/AlarmManager(2394): trigger ELAPSED_REALTIME_WAKEUP or RTC_WAKEUP
11-18 22:48:02.375: I/wpa_supplicant(9901): Scan requested (ret=0) - scan timeout 30 seconds
11-18 22:48:02.380: V/RealCellState(2911): telephonyManager network type is 13
11-18 22:48:02.380: V/RealCellState(2911): transforming LTE to WCDMA
11-18 22:48:02.480: D/STATUSBAR-NetworkController(2749): onSignalStrengthsChanged signalStrength=SignalStrength: 99 -1 -1 -1 -1 -1 -1 30 -81 -7 200 -1 2147483647 gsm|lte 0x3 level=3
11-18 22:48:03.750: D/SSRMv2:Monitor(2394): SIOP:: AP = 330, Prev AP = 330, Duration = 10012
11-18 22:48:03.760: D/STATUSBAR-NetworkController(2749): onSignalStrengthsChanged signalStrength=SignalStrength: 99 -1 -1 -1 -1 -1 -1 29 -81 -7 210 -1 2147483647 gsm|lte 0x3 level=3
11-18 22:48:04.680: D/STATUSBAR-NetworkController(2749): refreshSignalCluster: data=0 bt=false
11-18 22:48:04.690: D/STATUSBAR-IconMerger(2749): checkOverflow(432), More:false, Req:false Child:4
11-18 22:48:06.250: D/SSRMv2:Monitor(2394): SIOP:: AP = 330 (read only)
11-18 22:48:06.355: I/wpa_supplicant(9901): nl80211: Received scan results (5 BSSes)
11-18 22:48:06.355: D/Tethering(2394): interfaceLinkStateChanged wlan0, true
11-18 22:48:06.355: D/Tethering(2394): interfaceStatusChanged wlan0, true
11-18 22:48:06.400: D/dalvikvm(2911): GC_CONCURRENT freed 875K, 20% free 12414K/15512K, paused 3ms+3ms, total 27ms
11-18 22:48:06.400: D/dalvikvm(2911): WAIT_FOR_CONCURRENT_GC blocked 15ms
11-18 22:48:07.605: D/STATUSBAR-NetworkController(2749): onSignalStrengthsChanged signalStrength=SignalStrength: 99 -1 -1 -1 -1 -1 -1 29 -82 -7 250 -1 2147483647 gsm|lte 0x3 level=3
11-18 22:48:07.685: D/STATUSBAR-NetworkController(2749): refreshSignalCluster: data=0 bt=false
11-18 22:48:07.690: D/STATUSBAR-IconMerger(2749): checkOverflow(432), More:false, Req:false Child:4
11-18 22:48:08.755: D/SSRMv2:Monitor(2394): SIOP:: AP = 330 (read only)
11-18 22:48:08.885: D/STATUSBAR-NetworkController(2749): onSignalStrengthsChanged signalStrength=SignalStrength: 99 -1 -1 -1 -1 -1 -1 29 -82 -7 220 -1 2147483647 gsm|lte 0x3 level=3
11-18 22:48:10.475: D/SensorService(2394): -0.0 0.5 8.9
11-18 22:48:10.690: D/STATUSBAR-NetworkController(2749): refreshSignalCluster: data=0 bt=false
11-18 22:48:10.690: D/STATUSBAR-IconMerger(2749): checkOverflow(432), More:false, Req:false Child:4
11-18 22:48:11.255: D/SSRMv2:Monitor(2394): SIOP:: AP = 330 (read only)
11-18 22:48:11.445: D/STATUSBAR-NetworkController(2749): onSignalStrengthsChanged signalStrength=SignalStrength: 99 -1 -1 -1 -1 -1 -1 29 -82 -7 242 -1 2147483647 gsm|lte 0x3 level=3
11-18 22:48:11.690: D/STATUSBAR-NetworkController(2749): refreshSignalCluster: data=0 bt=false
11-18 22:48:11.690: D/STATUSBAR-IconMerger(2749): checkOverflow(432), More:false, Req:false Child:4
11-18 22:48:12.695: D/STATUSBAR-NetworkController(2749): refreshSignalCluster: data=0 bt=false
11-18 22:48:12.705: D/STATUSBAR-IconMerger(2749): checkOverflow(432), More:false, Req:false Child:4
11-18 22:48:12.720: D/STATUSBAR-NetworkController(2749): onSignalStrengthsChanged signalStrength=SignalStrength: 99 -1 -1 -1 -1 -1 -1 29 -82 -6 234 -1 2147483647 gsm|lte 0x3 level=3
11-18 22:48:13.760: D/SSRMv2:Monitor(2394): SIOP:: AP = 330, Prev AP = 330, Duration = 10013
11-18 22:48:14.695: D/STATUSBAR-NetworkController(2749): refreshSignalCluster: data=0 bt=false
11-18 22:48:14.705: D/STATUSBAR-IconMerger(2749): checkOverflow(432), More:false, Req:false Child:4
11-18 22:48:16.265: D/SSRMv2:Monitor(2394): SIOP:: AP = 330 (read only)
11-18 22:48:16.565: D/STATUSBAR-NetworkController(2749): onSignalStrengthsChanged signalStrength=SignalStrength: 99 -1 -1 -1 -1 -1 -1 29 -82 -7 194 -1 2147483647 gsm|lte 0x3 level=3
11-18 22:48:17.700: D/STATUSBAR-NetworkController(2749): refreshSignalCluster: data=0 bt=false
11-18 22:48:17.705: D/STATUSBAR-IconMerger(2749): checkOverflow(432), More:false, Req:false Child:4
11-18 22:48:18.700: D/STATUSBAR-NetworkController(2749): refreshSignalCluster: data=0 bt=false
11-18 22:48:18.705: D/STATUSBAR-IconMerger(2749): checkOverflow(432), More:false, Req:false Child:4
11-18 22:48:18.765: D/SSRMv2:Monitor(2394): SIOP:: AP = 330 (read only)
11-18 22:48:19.120: D/STATUSBAR-NetworkController(2749): onSignalStrengthsChanged signalStrength=SignalStrength: 99 -1 -1 -1 -1 -1 -1 30 -82 -7 230 -1 2147483647 gsm|lte 0x3 level=3
11-18 22:48:19.705: D/STATUSBAR-NetworkController(2749): refreshSignalCluster: data=0 bt=false
11-18 22:48:19.705: D/STATUSBAR-IconMerger(2749): checkOverflow(432), More:false, Req:false Child:4
11-18 22:48:20.405: D/STATUSBAR-NetworkController(2749): onSignalStrengthsChanged signalStrength=SignalStrength: 99 -1 -1 -1 -1 -1 -1 30 -82 -7 268 -1 2147483647 gsm|lte 0x3 level=3
11-18 22:48:20.485: D/SensorService(2394): 0.0 0.5 8.9
11-18 22:48:21.270: D/SSRMv2:Monitor(2394): SIOP:: AP = 330 (read only)
11-18 22:48:21.680: D/STATUSBAR-NetworkController(2749): onSignalStrengthsChanged signalStrength=SignalStrength: 99 -1 -1 -1 -1 -1 -1 30 -81 -6 272 -1 2147483647 gsm|lte 0x3 level=3
11-18 22:48:21.705: D/STATUSBAR-NetworkController(2749): refreshSignalCluster: data=0 bt=false
11-18 22:48:21.710: D/STATUSBAR-IconMerger(2749): checkOverflow(432), More:false, Req:false Child:4
11-18 22:48:22.040: E/Watchdog(2394): !@Sync 432
11-18 22:48:22.385: V/AlarmManager(2394): waitForAlarm result :4
11-18 22:48:22.385: V/AlarmManager(2394): trigger ELAPSED_REALTIME_WAKEUP or RTC_WAKEUP
11-18 22:48:22.385: D/BatteryService(2394): update start
11-18 22:48:22.385: D/BatteryService(2394): level:73, scale:100, status:2, health:2, present:true, voltage: 4060, temperature: 332, technology: Li-ion, AC powered:false, USB powered:true, Wireless powered:false, icon:17303550, invalid charger:0, online:4, charge type:1, current avg:460
11-18 22:48:22.385: D/BatteryService(2394): Sending ACTION_BATTERY_CHANGED.
11-18 22:48:22.390: D/LockPatternUtils(2394): isPcwEnable = null
11-18 22:48:22.390: D/STATUSBAR-BatteryController(2749): onReceive() - ACTION_BATTERY_CHANGED
11-18 22:48:22.390: D/STATUSBAR-BatteryController(2749): onReceive() - BATTERY_STATUS_CHARGING:
11-18 22:48:22.390: D/STATUSBAR-PhoneStatusBar(2749): mBrightnessEnablebySettings = true mBrightnessEnablebyBattery = true mBrightnessEnablebyDisableFlag = true
11-18 22:48:22.405: I/wpa_supplicant(9901): Scan requested (ret=0) - scan timeout 30 seconds
11-18 22:48:22.405: V/RealCellState(2911): telephonyManager network type is 13
11-18 22:48:22.405: V/RealCellState(2911): transforming LTE to WCDMA
11-18 22:48:23.770: D/SSRMv2:Monitor(2394): SIOP:: AP = 330, Prev AP = 330, Duration = 10012
11-18 22:48:24.235: D/STATUSBAR-NetworkController(2749): onSignalStrengthsChanged signalStrength=SignalStrength: 99 -1 -1 -1 -1 -1 -1 30 -80 -7 246 -1 2147483647 gsm|lte 0x3 level=3
11-18 22:48:24.710: D/STATUSBAR-NetworkController(2749): refreshSignalCluster: data=0 bt=false
11-18 22:48:24.725: D/STATUSBAR-IconMerger(2749): checkOverflow(432), More:false, Req:false Child:4
11-18 22:48:25.525: D/STATUSBAR-NetworkController(2749): onSignalStrengthsChanged signalStrength=SignalStrength: 99 -1 -1 -1 -1 -1 -1 30 -80 -7 278 -1 2147483647 gsm|lte 0x3 level=3
11-18 22:48:26.280: D/SSRMv2:Monitor(2394): SIOP:: AP = 330 (read only)
11-18 22:48:26.380: I/wpa_supplicant(9901): nl80211: Received scan results (5 BSSes)
11-18 22:48:26.380: D/Tethering(2394): interfaceLinkStateChanged wlan0, true
11-18 22:48:26.380: D/Tethering(2394): interfaceStatusChanged wlan0, true
11-18 22:48:26.805: D/STATUSBAR-NetworkController(2749): onSignalStrengthsChanged signalStrength=SignalStrength: 99 -1 -1 -1 -1 -1 -1 30 -79 -7 250 -1 2147483647 gsm|lte 0x4 level=4
11-18 22:48:26.805: D/STATUSBAR-NetworkController(2749): refreshSignalCluster: data=0 bt=false
11-18 22:48:26.810: D/STATUSBAR-IconMerger(2749): checkOverflow(432), More:false, Req:false Child:4
11-18 22:48:28.715: D/STATUSBAR-NetworkController(2749): refreshSignalCluster: data=0 bt=false
11-18 22:48:28.725: D/STATUSBAR-IconMerger(2749): checkOverflow(432), More:false, Req:false Child:4
11-18 22:48:28.780: D/SSRMv2:Monitor(2394): SIOP:: AP = 330 (read only)
11-18 22:48:29.370: D/STATUSBAR-NetworkController(2749): onSignalStrengthsChanged signalStrength=SignalStrength: 99 -1 -1 -1 -1 -1 -1 30 -79 -7 232 -1 2147483647 gsm|lte 0x4 level=4
11-18 22:48:30.485: D/SensorService(2394): 0.0 0.5 8.9
11-18 22:48:30.640: D/STATUSBAR-NetworkController(2749): onSignalStrengthsChanged signalStrength=SignalStrength: 99 -1 -1 -1 -1 -1 -1 29 -79 -7 244 -1 2147483647 gsm|lte 0x4 level=4
11-18 22:48:31.280: D/SSRMv2:Monitor(2394): SIOP:: AP = 330 (read only)
11-18 22:48:33.190: D/STATUSBAR-NetworkController(2749): onSignalStrengthsChanged signalStrength=SignalStrength: 99 -1 -1 -1 -1 -1 -1 30 -79 -7 226 -1 2147483647 gsm|lte 0x4 level=4
11-18 22:48:33.720: D/STATUSBAR-NetworkController(2749): refreshSignalCluster: data=0 bt=false
11-18 22:48:33.725: D/STATUSBAR-IconMerger(2749): checkOverflow(432), More:false, Req:false Child:4
11-18 22:48:33.785: D/SSRMv2:Monitor(2394): SIOP:: AP = 330, Prev AP = 330, Duration = 10012
11-18 22:48:35.485: D/STATUSBAR-NetworkController(2749): onReceive() - RSSI_CHANGED_ACTION, WIFI_STATE, NETWORK_STATE
11-18 22:48:35.485: D/STATUSBAR-NetworkController(2749): refreshSignalCluster: data=0 bt=false
11-18 22:48:35.495: D/STATUSBAR-IconMerger(2749): checkOverflow(432), More:false, Req:false Child:4
11-18 22:48:35.770: D/STATUSBAR-NetworkController(2749): onSignalStrengthsChanged signalStrength=SignalStrength: 99 -1 -1 -1 -1 -1 -1 30 -79 -7 254 -1 2147483647 gsm|lte 0x4 level=4
11-18 22:48:36.285: D/SSRMv2:Monitor(2394): SIOP:: AP = 330 (read only)
11-18 22:48:36.725: D/STATUSBAR-NetworkController(2749): refreshSignalCluster: data=0 bt=false
11-18 22:48:36.725: D/STATUSBAR-IconMerger(2749): checkOverflow(432), More:false, Req:false Child:4
11-18 22:48:37.045: D/STATUSBAR-NetworkController(2749): onSignalStrengthsChanged signalStrength=SignalStrength: 99 -1 -1 -1 -1 -1 -1 30 -80 -7 224 -1 2147483647 gsm|lte 0x3 level=3
11-18 22:48:37.045: D/STATUSBAR-NetworkController(2749): refreshSignalCluster: data=0 bt=false
11-18 22:48:37.065: D/STATUSBAR-IconMerger(2749): checkOverflow(432), More:false, Req:false Child:4
11-18 22:48:38.325: D/STATUSBAR-NetworkController(2749): onSignalStrengthsChanged signalStrength=SignalStrength: 99 -1 -1 -1 -1 -1 -1 30 -80 -7 246 -1 2147483647 gsm|lte 0x3 level=3
11-18 22:48:38.795: D/SSRMv2:Monitor(2394): SIOP:: AP = 330 (read only)
11-18 22:48:40.495: D/SensorService(2394): 0.0 0.4 8.9
11-18 22:48:40.890: D/STATUSBAR-NetworkController(2749): onSignalStrengthsChanged signalStrength=SignalStrength: 99 -1 -1 -1 -1 -1 -1 30 -80 -7 238 -1 2147483647 gsm|lte 0x3 level=3
11-18 22:48:41.295: D/SSRMv2:Monitor(2394): SIOP:: AP = 330 (read only)
11-18 22:48:42.395: V/AlarmManager(2394): waitForAlarm result :4
11-18 22:48:42.395: V/AlarmManager(2394): trigger ELAPSED_REALTIME_WAKEUP or RTC_WAKEUP
11-18 22:48:42.400: V/RealCellState(2911): telephonyManager network type is 13
11-18 22:48:42.400: V/RealCellState(2911): transforming LTE to WCDMA
11-18 22:48:42.405: I/wpa_supplicant(9901): Scan requested (ret=0) - scan timeout 30 seconds
11-18 22:48:43.450: D/STATUSBAR-NetworkController(2749): onSignalStrengthsChanged signalStrength=SignalStrength: 99 -1 -1 -1 -1 -1 -1 30 -80 -7 284 -1 2147483647 gsm|lte 0x3 level=3
11-18 22:48:43.800: D/SSRMv2:Monitor(2394): SIOP:: AP = 330, Prev AP = 330, Duration = 10012
11-18 22:48:44.730: D/STATUSBAR-NetworkController(2749): onSignalStrengthsChanged signalStrength=SignalStrength: 99 -1 -1 -1 -1 -1 -1 30 -79 -7 282 -1 2147483647 gsm|lte 0x4 level=4
11-18 22:48:44.730: D/STATUSBAR-NetworkController(2749): refreshSignalCluster: data=0 bt=false
11-18 22:48:44.745: D/STATUSBAR-IconMerger(2749): checkOverflow(432), More:false, Req:false Child:4
11-18 22:48:44.755: D/STATUSBAR-NetworkController(2749): refreshSignalCluster: data=0 bt=false
11-18 22:48:44.755: D/STATUSBAR-NetworkController(2749): onSignalStrengthsChanged signalStrength=SignalStrength: 99 -1 -1 -1 -1 -1 -1 30 -79 -7 282 -1 2147483647 gsm|lte 0x4 level=4
11-18 22:48:44.760: D/STATUSBAR-IconMerger(2749): checkOverflow(432), More:false, Req:false Child:4
11-18 22:48:45.735: D/STATUSBAR-NetworkController(2749): refreshSignalCluster: data=0 bt=false
11-18 22:48:45.745: D/STATUSBAR-IconMerger(2749): checkOverflow(432), More:false, Req:false Child:4
11-18 22:48:46.300: D/SSRMv2:Monitor(2394): SIOP:: AP = 330 (read only)
11-18 22:48:46.455: I/wpa_supplicant(9901): nl80211: Received scan results (4 BSSes)
11-18 22:48:46.455: D/Tethering(2394): interfaceLinkStateChanged wlan0, true
11-18 22:48:46.455: D/Tethering(2394): interfaceStatusChanged wlan0, true
11-18 22:48:47.525: D/STATUSBAR-NetworkController(2749): onReceive() - RSSI_CHANGED_ACTION, WIFI_STATE, NETWORK_STATE
11-18 22:48:47.525: D/STATUSBAR-NetworkController(2749): refreshSignalCluster: data=0 bt=false
11-18 22:48:47.530: D/STATUSBAR-IconMerger(2749): checkOverflow(432), More:false, Req:false Child:4
11-18 22:48:48.560: D/STATUSBAR-NetworkController(2749): onSignalStrengthsChanged signalStrength=SignalStrength: 99 -1 -1 -1 -1 -1 -1 31 -79 -7 256 -1 2147483647 gsm|lte 0x4 level=4
11-18 22:48:48.805: D/SSRMv2:Monitor(2394): SIOP:: AP = 330 (read only)
11-18 22:48:49.840: D/STATUSBAR-NetworkController(2749): onSignalStrengthsChanged signalStrength=SignalStrength: 99 -1 -1 -1 -1 -1 -1 30 -79 -7 284 -1 2147483647 gsm|lte 0x4 level=4
11-18 22:48:50.500: D/SensorService(2394): 0.0 0.5 8.9
11-18 22:48:50.740: D/STATUSBAR-NetworkController(2749): refreshSignalCluster: data=0 bt=false
11-18 22:48:50.745: D/STATUSBAR-IconMerger(2749): checkOverflow(432), More:false, Req:false Child:4
11-18 22:48:51.115: D/STATUSBAR-NetworkController(2749): onSignalStrengthsChanged signalStrength=SignalStrength: 99 -1 -1 -1 -1 -1 -1 31 -79 -7 240 -1 2147483647 gsm|lte 0x4 level=4
11-18 22:48:51.305: D/SSRMv2:Monitor(2394): SIOP:: AP = 330 (read only)
11-18 22:48:51.745: D/STATUSBAR-NetworkController(2749): refreshSignalCluster: data=0 bt=false
11-18 22:48:51.745: D/STATUSBAR-IconMerger(2749): checkOverflow(432), More:false, Req:false Child:4
11-18 22:48:52.040: E/Watchdog(2394): !@Sync 433
11-18 22:48:52.405: D/STATUSBAR-NetworkController(2749): onSignalStrengthsChanged signalStrength=SignalStrength: 99 -1 -1 -1 -1 -1 -1 30 -78 -7 272 -1 2147483647 gsm|lte 0x4 level=4
11-18 22:48:53.680: D/STATUSBAR-NetworkController(2749): onSignalStrengthsChanged signalStrength=SignalStrength: 99 -1 -1 -1 -1 -1 -1 30 -78 -7 254 -1 2147483647 gsm|lte 0x4 level=4
11-18 22:48:53.750: D/STATUSBAR-NetworkController(2749): refreshSignalCluster: data=0 bt=false
11-18 22:48:53.765: D/STATUSBAR-IconMerger(2749): checkOverflow(432), More:false, Req:false Child:4
11-18 22:48:53.810: D/SSRMv2:Monitor(2394): SIOP:: AP = 330, Prev AP = 330, Duration = 10013
11-18 22:48:54.750: D/STATUSBAR-NetworkController(2749): refreshSignalCluster: data=0 bt=false
11-18 22:48:54.765: D/STATUSBAR-IconMerger(2749): checkOverflow(432), More:false, Req:false Child:4
11-18 22:48:54.960: D/STATUSBAR-NetworkController(2749): onSignalStrengthsChanged signalStrength=SignalStrength: 99 -1 -1 -1 -1 -1 -1 30 -78 -7 270 -1 2147483647 gsm|lte 0x4 level=4
11-18 22:48:55.750: D/STATUSBAR-NetworkController(2749): refreshSignalCluster: data=0 bt=false
11-18 22:48:55.765: D/STATUSBAR-IconMerger(2749): checkOverflow(432), More:false, Req:false Child:4
11-18 22:48:56.240: D/STATUSBAR-NetworkController(2749): onSignalStrengthsChanged signalStrength=SignalStrength: 99 -1 -1 -1 -1 -1 -1 31 -78 -7 232 -1 2147483647 gsm|lte 0x4 level=4
11-18 22:48:56.315: D/SSRMv2:Monitor(2394): SIOP:: AP = 330 (read only)
11-18 22:48:57.525: D/STATUSBAR-NetworkController(2749): onSignalStrengthsChanged signalStrength=SignalStrength: 99 -1 -1 -1 -1 -1 -1 31 -78 -7 252 -1 2147483647 gsm|lte 0x4 level=4
11-18 22:48:58.755: D/STATUSBAR-NetworkController(2749): refreshSignalCluster: data=0 bt=false
11-18 22:48:58.765: D/STATUSBAR-IconMerger(2749): checkOverflow(432), More:false, Req:false Child:4
11-18 22:48:58.805: D/STATUSBAR-NetworkController(2749): onSignalStrengthsChanged signalStrength=SignalStrength: 99 -1 -1 -1 -1 -1 -1 30 -78 -7 270 -1 2147483647 gsm|lte 0x4 level=4
11-18 22:48:58.815: D/SSRMv2:Monitor(2394): SIOP:: AP = 330 (read only)
11-18 22:48:58.940: D/dalvikvm(2394): GC_CONCURRENT freed 1931K, 26% free 43955K/59268K, paused 4ms+11ms, total 126ms
11-18 22:48:59.995: V/AlarmManager(2394): waitForAlarm result :8
11-18 22:48:59.995: D/KeyguardClockWidgetService(17217): onReceive action=android.intent.action.TIME_TICK
11-18 22:49:00.000: V/AlarmManager(2394): ClockReceiver onReceive() ACTION_TIME_TICK
11-18 22:49:00.015: D/STATUSBAR-IconMerger(2749): checkOverflow(432), More:false, Req:false Child:4
11-18 22:49:00.025: D/widget(2979): [MSC_HERO_Accu_JB]>>> SM:1292 [0:0] bTCC WCV = 200
11-18 22:49:00.025: D/widget(2979): [MSC_HERO_Accu_JB]>>> WC:1785 [0:0] drw 2nd Tm dt
11-18 22:49:00.075: D/STATUSBAR-NetworkController(2749): onSignalStrengthsChanged signalStrength=SignalStrength: 99 -1 -1 -1 -1 -1 -1 31 -78 -7 228 -1 2147483647 gsm|lte 0x4 level=4
11-18 22:49:00.505: D/SensorService(2394): 0.0 0.4 8.9
11-18 22:49:01.320: D/SSRMv2:Monitor(2394): SIOP:: AP = 330 (read only)
11-18 22:49:01.365: D/STATUSBAR-NetworkController(2749): onSignalStrengthsChanged signalStrength=SignalStrength: 99 -1 -1 -1 -1 -1 -1 30 -78 -7 280 -1 2147483647 gsm|lte 0x4 level=4
11-18 22:49:02.405: V/AlarmManager(2394): waitForAlarm result :4
11-18 22:49:02.405: V/AlarmManager(2394): trigger ELAPSED_REALTIME_WAKEUP or RTC_WAKEUP
11-18 22:49:02.405: D/BatteryService(2394): update start
11-18 22:49:02.405: D/BatteryService(2394): level:73, scale:100, status:2, health:2, present:true, voltage: 4061, temperature: 345, technology: Li-ion, AC powered:false, USB powered:true, Wireless powered:false, icon:17303550, invalid charger:0, online:4, charge type:1, current avg:460
11-18 22:49:02.405: D/BatteryService(2394): Sending ACTION_BATTERY_CHANGED.
11-18 22:49:02.410: D/STATUSBAR-BatteryController(2749): onReceive() - ACTION_BATTERY_CHANGED
11-18 22:49:02.410: D/STATUSBAR-BatteryController(2749): onReceive() - BATTERY_STATUS_CHARGING:
11-18 22:49:02.410: D/STATUSBAR-PhoneStatusBar(2749): mBrightnessEnablebySettings = true mBrightnessEnablebyBattery = true mBrightnessEnablebyDisableFlag = true
11-18 22:49:02.415: D/LockPatternUtils(2394): isPcwEnable = null
11-18 22:49:02.420: I/wpa_supplicant(9901): Scan requested (ret=0) - scan timeout 30 seconds
11-18 22:49:02.420: V/RealCellState(2911): telephonyManager network type is 13
11-18 22:49:02.420: V/RealCellState(2911): transforming LTE to WCDMA
11-18 22:49:02.440: D/dalvikvm(2911): GC_CONCURRENT freed 764K, 21% free 12403K/15512K, paused 5ms+3ms, total 32ms
11-18 22:49:02.645: D/STATUSBAR-NetworkController(2749): onSignalStrengthsChanged signalStrength=SignalStrength: 99 -1 -1 -1 -1 -1 -1 30 -79 -7 234 -1 2147483647 gsm|lte 0x4 level=4
11-18 22:49:03.760: D/STATUSBAR-NetworkController(2749): refreshSignalCluster: data=0 bt=false
11-18 22:49:03.765: D/STATUSBAR-IconMerger(2749): checkOverflow(432), More:false, Req:false Child:4
11-18 22:49:03.820: D/SSRMv2:Monitor(2394): SIOP:: AP = 330, Prev AP = 330, Duration = 10012
11-18 22:49:03.920: D/STATUSBAR-NetworkController(2749): onSignalStrengthsChanged signalStrength=SignalStrength: 99 -1 -1 -1 -1 -1 -1 31 -79 -7 250 -1 2147483647 gsm|lte 0x4 level=4
11-18 22:49:04.765: D/STATUSBAR-NetworkController(2749): refreshSignalCluster: data=0 bt=false
11-18 22:49:04.765: D/STATUSBAR-IconMerger(2749): checkOverflow(432), More:false, Req:false Child:4
11-18 22:49:06.330: D/SSRMv2:Monitor(2394): SIOP:: AP = 330 (read only)
11-18 22:49:06.395: I/wpa_supplicant(9901): nl80211: Received scan results (4 BSSes)
11-18 22:49:06.395: D/Tethering(2394): interfaceLinkStateChanged wlan0, true
11-18 22:49:06.395: D/Tethering(2394): interfaceStatusChanged wlan0, true
11-18 22:49:07.770: D/STATUSBAR-NetworkController(2749): onSignalStrengthsChanged signalStrength=SignalStrength: 99 -1 -1 -1 -1 -1 -1 31 -79 -7 236 -1 2147483647 gsm|lte 0x4 level=4
11-18 22:49:08.305: D/SensorService(2394): AutoRotationSensor::process: Acc eventTimestamp = 13073840951000, previousAccTimestamp = 13073440783000, difference = 400168000
11-18 22:49:08.825: D/SSRMv2:Monitor(2394): SIOP:: AP = 330 (read only)
11-18 22:49:09.035: D/STATUSBAR-NetworkController(2749): onSignalStrengthsChanged signalStrength=SignalStrength: 99 -1 -1 -1 -1 -1 -1 30 -79 -7 300 -1 2147483647 gsm|lte 0x4 level=4
11-18 22:49:09.775: D/STATUSBAR-NetworkController(2749): refreshSignalCluster: data=0 bt=false
11-18 22:49:09.785: D/STATUSBAR-IconMerger(2749): checkOverflow(432), More:false, Req:false Child:4
11-18 22:49:10.325: D/STATUSBAR-NetworkController(2749): onSignalStrengthsChanged signalStrength=SignalStrength: 99 -1 -1 -1 -1 -1 -1 30 -79 -7 236 -1 2147483647 gsm|lte 0x4 level=4
11-18 22:49:10.650: V/AlarmManager(2394): waitForAlarm result :1
11-18 22:49:10.710: D/SensorService(2394): 0.0 0.4 8.9
11-18 22:49:10.775: D/STATUSBAR-NetworkController(2749): refreshSignalCluster: data=0 bt=false
11-18 22:49:10.785: D/STATUSBAR-IconMerger(2749): checkOverflow(432), More:false, Req:false Child:4
11-18 22:49:11.335: D/SSRMv2:Monitor(2394): SIOP:: AP = 330 (read only)
11-18 22:49:12.780: D/STATUSBAR-NetworkController(2749): refreshSignalCluster: data=0 bt=false
11-18 22:49:12.785: D/STATUSBAR-IconMerger(2749): checkOverflow(432), More:false, Req:false Child:4
11-18 22:49:13.780: D/STATUSBAR-NetworkController(2749): refreshSignalCluster: data=0 bt=false
11-18 22:49:13.785: D/STATUSBAR-IconMerger(2749): checkOverflow(432), More:false, Req:false Child:4
11-18 22:49:13.835: D/SSRMv2:Monitor(2394): SIOP:: AP = 330, Prev AP = 330, Duration = 10013
11-18 22:49:14.165: D/STATUSBAR-NetworkController(2749): onSignalStrengthsChanged signalStrength=SignalStrength: 99 -1 -1 -1 -1 -1 -1 30 -79 -7 264 -1 2147483647 gsm|lte 0x4 level=4
11-18 22:49:15.445: D/STATUSBAR-NetworkController(2749): onSignalStrengthsChanged signalStrength=SignalStrength: 99 -1 -1 -1 -1 -1 -1 30 -79 -7 234 -1 2147483647 gsm|lte 0x4 level=4
11-18 22:49:15.785: D/STATUSBAR-NetworkController(2749): refreshSignalCluster: data=0 bt=false
11-18 22:49:15.785: D/STATUSBAR-IconMerger(2749): checkOverflow(432), More:false, Req:false Child:4
11-18 22:49:16.340: D/SSRMv2:Monitor(2394): SIOP:: AP = 330 (read only)
11-18 22:49:16.715: D/STATUSBAR-NetworkController(2749): onSignalStrengthsChanged signalStrength=SignalStrength: 99 -1 -1 -1 -1 -1 -1 30 -79 -7 272 -1 2147483647 gsm|lte 0x4 level=4
11-18 22:49:18.790: D/STATUSBAR-NetworkController(2749): refreshSignalCluster: data=0 bt=false
11-18 22:49:18.800: D/STATUSBAR-IconMerger(2749): checkOverflow(432), More:false, Req:false Child:4
11-18 22:49:18.840: D/SSRMv2:Monitor(2394): SIOP:: AP = 330 (read only)
11-18 22:49:19.275: D/STATUSBAR-NetworkController(2749): onSignalStrengthsChanged signalStrength=SignalStrength: 99 -1 -1 -1 -1 -1 -1 30 -79 -7 252 -1 2147483647 gsm|lte 0x4 level=4
11-18 22:49:19.790: D/STATUSBAR-NetworkController(2749): refreshSignalCluster: data=0 bt=false
11-18 22:49:19.800: D/STATUSBAR-IconMerger(2749): checkOverflow(432), More:false, Req:false Child:4
11-18 22:49:20.565: D/STATUSBAR-NetworkController(2749): onSignalStrengthsChanged signalStrength=SignalStrength: 99 -1 -1 -1 -1 -1 -1 30 -79 -7 238 -1 2147483647 gsm|lte 0x4 level=4
11-18 22:49:20.710: D/SensorService(2394): 0.0 0.4 8.9
11-18 22:49:20.795: D/STATUSBAR-NetworkController(2749): refreshSignalCluster: data=0 bt=false
11-18 22:49:20.800: D/STATUSBAR-IconMerger(2749): checkOverflow(432), More:false, Req:false Child:4
11-18 22:49:21.345: D/SSRMv2:Monitor(2394): SIOP:: AP = 330 (read only)
11-18 22:49:22.040: E/Watchdog(2394): !@Sync 434
11-18 22:49:22.420: V/AlarmManager(2394): waitForAlarm result :4
11-18 22:49:22.420: V/AlarmManager(2394): trigger ELAPSED_REALTIME_WAKEUP or RTC_WAKEUP
11-18 22:49:22.425: V/RealCellState(2911): telephonyManager network type is 13
11-18 22:49:22.425: V/RealCellState(2911): transforming LTE to WCDMA
11-18 22:49:22.430: I/wpa_supplicant(9901): Scan requested (ret=0) - scan timeout 30 seconds
11-18 22:49:22.795: D/STATUSBAR-NetworkController(2749): refreshSignalCluster: data=0 bt=false
11-18 22:49:22.805: D/STATUSBAR-IconMerger(2749): checkOverflow(432), More:false, Req:false Child:4
11-18 22:49:23.125: D/STATUSBAR-NetworkController(2749): onSignalStrengthsChanged signalStrength=SignalStrength: 99 -1 -1 -1 -1 -1 -1 30 -79 -7 248 -1 2147483647 gsm|lte 0x4 level=4
11-18 22:49:23.800: D/STATUSBAR-NetworkController(2749): refreshSignalCluster: data=0 bt=false
11-18 22:49:23.805: D/STATUSBAR-IconMerger(2749): checkOverflow(432), More:false, Req:false Child:4
11-18 22:49:23.845: D/SSRMv2:Monitor(2394): SIOP:: AP = 330, Prev AP = 330, Duration = 10012
11-18 22:49:24.410: D/STATUSBAR-NetworkController(2749): onSignalStrengthsChanged signalStrength=SignalStrength: 99 -1 -1 -1 -1 -1 -1 30 -79 -7 228 -1 2147483647 gsm|lte 0x4 level=4
11-18 22:49:24.800: D/STATUSBAR-NetworkController(2749): refreshSignalCluster: data=0 bt=false
11-18 22:49:24.805: D/STATUSBAR-IconMerger(2749): checkOverflow(432), More:false, Req:false Child:4
11-18 22:49:25.685: D/STATUSBAR-NetworkController(2749): onSignalStrengthsChanged signalStrength=SignalStrength: 99 -1 -1 -1 -1 -1 -1 30 -79 -7 248 -1 2147483647 gsm|lte 0x4 level=4
11-18 22:49:25.800: D/STATUSBAR-NetworkController(2749): refreshSignalCluster: data=0 bt=false
11-18 22:49:25.805: D/STATUSBAR-IconMerger(2749): checkOverflow(432), More:false, Req:false Child:4
11-18 22:49:26.355: D/SSRMv2:Monitor(2394): SIOP:: AP = 330 (read only)
11-18 22:49:26.420: I/wpa_supplicant(9901): nl80211: Received scan results (4 BSSes)
11-18 22:49:26.420: D/Tethering(2394): interfaceLinkStateChanged wlan0, true
11-18 22:49:26.420: D/Tethering(2394): interfaceStatusChanged wlan0, true
11-18 22:49:26.800: D/STATUSBAR-NetworkController(2749): refreshSignalCluster: data=0 bt=false
11-18 22:49:26.805: D/STATUSBAR-IconMerger(2749): checkOverflow(432), More:false, Req:false Child:4
11-18 22:49:26.965: D/STATUSBAR-NetworkController(2749): onSignalStrengthsChanged signalStrength=SignalStrength: 99 -1 -1 -1 -1 -1 -1 30 -79 -7 276 -1 2147483647 gsm|lte 0x4 level=4
11-18 22:49:27.435: E/SELinux(731): Function: selinux_android_load_priority [0], There is no sepolicy file
11-18 22:49:27.435: E/SELinux(731):
11-18 22:49:27.435: E/SELinux(731): Function: selinux_android_load_priority , loading version is VE=SEPF_GT-I9305_4.3_0021
11-18 22:49:27.435: E/SELinux(731):
11-18 22:49:27.435: E/SELinux(731):
11-18 22:49:27.435: E/SELinux(731): selinux_android_seapp_context_reload: seapp_contexts file is loaded from /data/security/spota/seapp_contexts
11-18 22:49:27.755: D/dalvikvm(3479): GC_EXPLICIT freed 405K, 15% free 10722K/12576K, paused 1ms+4ms, total 21ms
11-18 22:49:27.800: D/STATUSBAR-NetworkController(2749): refreshSignalCluster: data=0 bt=false
11-18 22:49:27.825: D/STATUSBAR-IconMerger(2749): checkOverflow(432), More:false, Req:false Child:4
11-18 22:49:27.970: D/dalvikvm(731): GC_CONCURRENT freed 558K, 16% free 10275K/12124K, paused 3ms+5ms, total 50ms
11-18 22:49:28.095: D/dalvikvm(2394): GC_EXPLICIT freed 1584K, 27% free 43858K/59268K, paused 5ms+12ms, total 143ms
11-18 22:49:28.190: D/dalvikvm(3479): GC_CONCURRENT freed 374K, 15% free 10764K/12576K, paused 3ms+7ms, total 37ms
11-18 22:49:28.250: D/STATUSBAR-NetworkController(2749): onSignalStrengthsChanged signalStrength=SignalStrength: 99 -1 -1 -1 -1 -1 -1 30 -79 -7 254 -1 2147483647 gsm|lte 0x4 level=4
11-18 22:49:28.275: D/dalvikvm(731): GC_CONCURRENT freed 432K, 16% free 10266K/12124K, paused 3ms+3ms, total 32ms
11-18 22:49:28.420: D/dalvikvm(731): GC_CONCURRENT freed 411K, 15% free 10329K/12124K, paused 2ms+4ms, total 20ms
11-18 22:49:28.595: D/dalvikvm(731): GC_CONCURRENT freed 875K, 18% free 10467K/12632K, paused 2ms+3ms, total 23ms
11-18 22:49:28.800: D/dalvikvm(3479): GC_EXPLICIT freed 420K, 15% free 10748K/12576K, paused 2ms+4ms, total 28ms
11-18 22:49:28.805: D/STATUSBAR-NetworkController(2749): refreshSignalCluster: data=0 bt=false
11-18 22:49:28.820: D/STATUSBAR-IconMerger(2749): checkOverflow(432), More:false, Req:false Child:4
11-18 22:49:28.855: D/SSRMv2:Monitor(2394): SIOP:: AP = 330 (read only)
11-18 22:49:29.005: D/dalvikvm(2394): GC_EXPLICIT freed 702K, 27% free 43771K/59268K, paused 4ms+11ms, total 135ms
11-18 22:49:29.185: D/dalvikvm(3479): GC_CONCURRENT freed 402K, 15% free 10750K/12576K, paused 2ms+4ms, total 19ms
11-18 22:49:29.520: D/STATUSBAR-NetworkController(2749): onSignalStrengthsChanged signalStrength=SignalStrength: 99 -1 -1 -1 -1 -1 -1 30 -79 -7 272 -1 2147483647 gsm|lte 0x4 level=4
11-18 22:49:30.715: D/SensorService(2394): 0.0 0.5 8.8
11-18 22:49:30.805: D/STATUSBAR-NetworkController(2749): onSignalStrengthsChanged signalStrength=SignalStrength: 99 -1 -1 -1 -1 -1 -1 30 -79 -7 246 -1 2147483647 gsm|lte 0x4 level=4
11-18 22:49:30.805: D/STATUSBAR-NetworkController(2749): refreshSignalCluster: data=0 bt=false
11-18 22:49:30.820: D/STATUSBAR-IconMerger(2749): checkOverflow(432), More:false, Req:false Child:4
11-18 22:49:31.005: D/dalvikvm(731): GC_EXPLICIT freed 656K, 16% free 10848K/12792K, paused 1ms+4ms, total 28ms
11-18 22:49:31.240: D/dalvikvm(2394): GC_EXPLICIT freed 621K, 27% free 43721K/59268K, paused 3ms+11ms, total 128ms
11-18 22:49:31.355: D/SSRMv2:Monitor(2394): SIOP:: AP = 330 (read only)
11-18 22:49:31.370: D/dalvikvm(731): GC_CONCURRENT freed 583K, 17% free 10667K/12792K, paused 2ms+2ms, total 22ms
11-18 22:49:31.810: D/STATUSBAR-NetworkController(2749): refreshSignalCluster: data=0 bt=false
11-18 22:49:31.820: D/STATUSBAR-IconMerger(2749): checkOverflow(432), More:false, Req:false Child:4
11-18 22:49:32.815: D/STATUSBAR-NetworkController(2749): refreshSignalCluster: data=0 bt=false
11-18 22:49:32.820: D/STATUSBAR-IconMerger(2749): checkOverflow(432), More:false, Req:false Child:4
11-18 22:49:33.815: D/STATUSBAR-NetworkController(2749): refreshSignalCluster: data=0 bt=false
11-18 22:49:33.820: D/STATUSBAR-IconMerger(2749): checkOverflow(432), More:false, Req:false Child:4
11-18 22:49:33.860: D/SSRMv2:Monitor(2394): SIOP:: AP = 330, Prev AP = 330, Duration = 10012
11-18 22:49:34.820: D/STATUSBAR-NetworkController(2749): refreshSignalCluster: data=0 bt=false
11-18 22:49:34.820: D/STATUSBAR-IconMerger(2749): checkOverflow(432), More:false, Req:false Child:4
11-18 22:49:36.365: D/SSRMv2:Monitor(2394): SIOP:: AP = 330 (read only)
11-18 22:49:38.775: V/AlarmManager(2394): waitForAlarm result :1
11-18 22:49:38.775: V/AlarmManager(2394): trigger ELAPSED_REALTIME_WAKEUP or RTC_WAKEUP
11-18 22:49:38.805: D/dalvikvm(3479): GC_EXPLICIT freed 317K, 15% free 10772K/12576K, paused 2ms+3ms, total 22ms
11-18 22:49:38.865: D/SSRMv2:Monitor(2394): SIOP:: AP = 330 (read only)
11-18 22:49:39.770: D/STATUSBAR-NetworkController(2749): onSignalStrengthsChanged signalStrength=SignalStrength: 99 -1 -1 -1 -1 -1 -1 30 -79 -7 272 -1 2147483647 gsm|lte 0x4 level=4
11-18 22:49:39.825: D/STATUSBAR-NetworkController(2749): refreshSignalCluster: data=0 bt=false
11-18 22:49:39.840: D/STATUSBAR-IconMerger(2749): checkOverflow(432), More:false, Req:false Child:4
11-18 22:49:40.720: D/SensorService(2394): AutoRotationSensor::process: Acc eventTimestamp = 13106255471000, previousAccTimestamp = 13105855294000, difference = 400177000
11-18 22:49:40.830: D/STATUSBAR-NetworkController(2749): refreshSignalCluster: data=0 bt=false
11-18 22:49:40.840: D/STATUSBAR-IconMerger(2749): checkOverflow(432), More:false, Req:false Child:4
11-18 22:49:40.920: D/SensorService(2394): 0.0 0.4 8.9
11-18 22:49:41.370: D/SSRMv2:Monitor(2394): SIOP:: AP = 330 (read only)
11-18 22:49:42.335: D/STATUSBAR-NetworkController(2749): onSignalStrengthsChanged signalStrength=SignalStrength: 99 -1 -1 -1 -1 -1 -1 30 -79 -7 254 -1 2147483647 gsm|lte 0x4 level=4
11-18 22:49:42.430: V/AlarmManager(2394): waitForAlarm result :4
11-18 22:49:42.430: V/AlarmManager(2394): trigger ELAPSED_REALTIME_WAKEUP or RTC_WAKEUP
11-18 22:49:42.435: D/BatteryService(2394): update start
11-18 22:49:42.435: D/BatteryService(2394): level:73, scale:100, status:2, health:2, present:true, voltage: 4065, temperature: 335, technology: Li-ion, AC powered:false, USB powered:true, Wireless powered:false, icon:17303550, invalid charger:0, online:4, charge type:1, current avg:460
11-18 22:49:42.435: D/BatteryService(2394): Sending ACTION_BATTERY_CHANGED.
11-18 22:49:42.440: D/STATUSBAR-BatteryController(2749): onReceive() - ACTION_BATTERY_CHANGED
11-18 22:49:42.440: D/STATUSBAR-BatteryController(2749): onReceive() - BATTERY_STATUS_CHARGING:
11-18 22:49:42.440: D/STATUSBAR-PhoneStatusBar(2749): mBrightnessEnablebySettings = true mBrightnessEnablebyBattery = true mBrightnessEnablebyDisableFlag = true
11-18 22:49:42.445: D/LockPatternUtils(2394): isPcwEnable = null
11-18 22:49:42.445: I/wpa_supplicant(9901): Scan requested (ret=0) - scan timeout 30 seconds
11-18 22:49:42.445: V/RealCellState(2911): telephonyManager network type is 13
11-18 22:49:42.445: V/RealCellState(2911): transforming LTE to WCDMA
11-18 22:49:43.605: D/STATUSBAR-NetworkController(2749): onSignalStrengthsChanged signalStrength=SignalStrength: 99 -1 -1 -1 -1 -1 -1 30 -79 -7 272 -1 2147483647 gsm|lte 0x4 level=4
11-18 22:49:43.830: D/STATUSBAR-NetworkController(2749): refreshSignalCluster: data=0 bt=false
11-18 22:49:43.840: D/STATUSBAR-IconMerger(2749): checkOverflow(432), More:false, Req:false Child:4
11-18 22:49:43.870: D/SSRMv2:Monitor(2394): SIOP:: AP = 330, Prev AP = 330, Duration = 10010
11-18 22:49:45.695: V/AlarmManager(2394): waitForAlarm result :12
11-18 22:49:45.695: V/AlarmManager(2394): trigger ELAPSED_REALTIME_WAKEUP or RTC_WAKEUP
11-18 22:49:45.695: V/AlarmManager(2394): trigger ELAPSED_REALTIME_WAKEUP or RTC_WAKEUP
11-18 22:49:45.725: V/AlarmManager(2394): waitForAlarm result :4
11-18 22:49:45.730: V/AlarmManager(2394): trigger ELAPSED_REALTIME_WAKEUP or RTC_WAKEUP
11-18 22:49:45.830: D/STATUSBAR-NetworkController(2749): refreshSignalCluster: data=0 bt=false
11-18 22:49:45.840: D/STATUSBAR-IconMerger(2749): checkOverflow(432), More:false, Req:false Child:4
11-18 22:49:45.955: E/SPPClientService(6754): [b] __PingReply__
11-18 22:49:46.165: D/STATUSBAR-NetworkController(2749): onSignalStrengthsChanged signalStrength=SignalStrength: 99 -1 -1 -1 -1 -1 -1 30 -79 -6 234 -1 2147483647 gsm|lte 0x4 level=4
11-18 22:49:46.370: D/SSRMv2:Monitor(2394): SIOP:: AP = 330 (read only)
11-18 22:49:46.505: I/wpa_supplicant(9901): nl80211: Received scan results (5 BSSes)
11-18 22:49:46.505: D/Tethering(2394): interfaceLinkStateChanged wlan0, true
11-18 22:49:46.505: D/Tethering(2394): interfaceStatusChanged wlan0, true
11-18 22:49:46.555: D/dalvikvm(2911): GC_CONCURRENT freed 859K, 20% free 12414K/15512K, paused 2ms+3ms, total 26ms
11-18 22:49:46.555: D/dalvikvm(2911): WAIT_FOR_CONCURRENT_GC blocked 20ms
11-18 22:49:47.440: D/STATUSBAR-NetworkController(2749): onSignalStrengthsChanged signalStrength=SignalStrength: 99 -1 -1 -1 -1 -1 -1 30 -79 -7 252 -1 2147483647 gsm|lte 0x4 level=4
11-18 22:49:47.835: D/STATUSBAR-NetworkController(2749): refreshSignalCluster: data=0 bt=false
11-18 22:49:47.840: D/STATUSBAR-IconMerger(2749): checkOverflow(432), More:false, Req:false Child:4
11-18 22:49:48.840: D/STATUSBAR-NetworkController(2749): refreshSignalCluster: data=0 bt=false
11-18 22:49:48.840: D/STATUSBAR-IconMerger(2749): checkOverflow(432), More:false, Req:false Child:4
11-18 22:49:48.875: D/SSRMv2:Monitor(2394): SIOP:: AP = 330 (read only)
11-18 22:49:50.000: D/STATUSBAR-NetworkController(2749): onSignalStrengthsChanged signalStrength=SignalStrength: 99 -1 -1 -1 -1 -1 -1 30 -79 -7 272 -1 2147483647 gsm|lte 0x4 level=4
11-18 22:49:50.925: D/SensorService(2394): 0.0 0.5 8.9
11-18 22:49:51.285: D/STATUSBAR-NetworkController(2749): onSignalStrengthsChanged signalStrength=SignalStrength: 99 -1 -1 -1 -1 -1 -1 30 -79 -6 238 -1 2147483647 gsm|lte 0x4 level=4
11-18 22:49:51.375: D/SSRMv2:Monitor(2394): SIOP:: AP = 330 (read only)
11-18 22:49:52.040: E/Watchdog(2394): !@Sync 435
11-18 22:49:52.565: D/STATUSBAR-NetworkController(2749): onSignalStrengthsChanged signalStrength=SignalStrength: 99 -1 -1 -1 -1 -1 -1 30 -79 -6 274 -1 2147483647 gsm|lte 0x4 level=4
11-18 22:49:52.840: D/STATUSBAR-NetworkController(2749): refreshSignalCluster: data=0 bt=false
11-18 22:49:52.860: D/STATUSBAR-IconMerger(2749): checkOverflow(432), More:false, Req:false Child:4
11-18 22:49:53.840: D/STATUSBAR-NetworkController(2749): onSignalStrengthsChanged signalStrength=SignalStrength: 99 -1 -1 -1 -1 -1 -1 30 -79 -6 230 -1 2147483647 gsm|lte 0x4 level=4
11-18 22:49:53.880: D/SSRMv2:Monitor(2394): SIOP:: AP = 330, Prev AP = 330, Duration = 10010
11-18 22:49:55.120: D/STATUSBAR-NetworkController(2749): onSignalStrengthsChanged signalStrength=SignalStrength: 99 -1 -1 -1 -1 -1 -1 30 -79 -6 276 -1 2147483647 gsm|lte 0x4 level=4
11-18 22:49:56.385: D/SSRMv2:Monitor(2394): SIOP:: AP = 330 (read only)
11-18 22:49:58.855: D/STATUSBAR-NetworkController(2749): refreshSignalCluster: data=0 bt=false
11-18 22:49:58.860: D/STATUSBAR-IconMerger(2749): checkOverflow(432), More:false, Req:false Child:4
11-18 22:49:58.885: D/SSRMv2:Monitor(2394): SIOP:: AP = 330 (read only)
11-18 22:49:58.970: W/SystemClock(2911): time going backwards: prev 32806461820459(ioctl) vs now 32806461819042(ioctl), tid=3448
11-18 22:49:58.970: D/STATUSBAR-NetworkController(2749): onSignalStrengthsChanged signalStrength=SignalStrength: 99 -1 -1 -1 -1 -1 -1 30 -79 -6 224 -1 2147483647 gsm|lte 0x4 level=4
11-18 22:49:59.855: D/STATUSBAR-NetworkController(2749): refreshSignalCluster: data=0 bt=false
11-18 22:49:59.860: D/STATUSBAR-IconMerger(2749): checkOverflow(432), More:false, Req:false Child:4
11-18 22:49:59.995: V/AlarmManager(2394): waitForAlarm result :8
11-18 22:49:59.995: D/KeyguardClockWidgetService(17217): onReceive action=android.intent.action.TIME_TICK
11-18 22:50:00.000: V/AlarmManager(2394): ClockReceiver onReceive() ACTION_TIME_TICK
11-18 22:50:00.010: D/STATUSBAR-IconMerger(2749): checkOverflow(432), More:false, Req:false Child:4
11-18 22:50:00.020: D/widget(2979): [MSC_HERO_Accu_JB]>>> SM:1292 [0:0] bTCC WCV = 200
11-18 22:50:00.025: D/widget(2979): [MSC_HERO_Accu_JB]>>> WC:1785 [0:0] drw 2nd Tm dt
11-18 22:50:00.060: D/dalvikvm(2979): GC_CONCURRENT freed 1612K, 22% free 40115K/51000K, paused 2ms+5ms, total 37ms
11-18 22:50:00.240: D/STATUSBAR-NetworkController(2749): onSignalStrengthsChanged signalStrength=SignalStrength: 99 -1 -1 -1 -1 -1 -1 30 -79 -6 242 -1 2147483647 gsm|lte 0x4 level=4
11-18 22:50:00.930: D/SensorService(2394): 0.0 0.5 8.9
11-18 22:50:01.390: D/SSRMv2:Monitor(2394): SIOP:: AP = 330 (read only)
11-18 22:50:01.525: D/STATUSBAR-NetworkController(2749): onSignalStrengthsChanged signalStrength=SignalStrength: 99 -1 -1 -1 -1 -1 -1 30 -79 -6 280 -1 2147483647 gsm|lte 0x4 level=4
11-18 22:50:01.855: D/STATUSBAR-NetworkController(2749): refreshSignalCluster: data=0 bt=false
11-18 22:50:01.860: D/STATUSBAR-IconMerger(2749): checkOverflow(432), More:false, Req:false Child:4
11-18 22:50:02.440: V/AlarmManager(2394): waitForAlarm result :4
11-18 22:50:02.440: V/AlarmManager(2394): trigger ELAPSED_REALTIME_WAKEUP or RTC_WAKEUP
11-18 22:50:02.445: V/RealCellState(2911): telephonyManager network type is 13
11-18 22:50:02.445: V/RealCellState(2911): transforming LTE to WCDMA
11-18 22:50:02.450: I/wpa_supplicant(9901): Scan requested (ret=0) - scan timeout 30 seconds
11-18 22:50:02.860: D/STATUSBAR-NetworkController(2749): refreshSignalCluster: data=0 bt=false
11-18 22:50:02.860: D/STATUSBAR-IconMerger(2749): checkOverflow(432), More:false, Req:false Child:4
11-18 22:50:03.860: D/STATUSBAR-NetworkController(2749): refreshSignalCluster: data=0 bt=false
11-18 22:50:03.860: D/STATUSBAR-IconMerger(2749): checkOverflow(432), More:false, Req:false Child:4
11-18 22:50:03.890: D/SSRMv2:Monitor(2394): SIOP:: AP = 330, Prev AP = 330, Duration = 10012
11-18 22:50:04.085: D/STATUSBAR-NetworkController(2749): onSignalStrengthsChanged signalStrength=SignalStrength: 99 -1 -1 -1 -1 -1 -1 30 -79 -7 224 -1 2147483647 gsm|lte 0x4 level=4
11-18 22:50:04.860: D/STATUSBAR-NetworkController(2749): refreshSignalCluster: data=0 bt=false
11-18 22:50:04.875: D/STATUSBAR-IconMerger(2749): checkOverflow(432), More:false, Req:false Child:4
11-18 22:50:06.395: D/SSRMv2:Monitor(2394): SIOP:: AP = 330 (read only)
11-18 22:50:06.435: I/wpa_supplicant(9901): nl80211: Received scan results (4 BSSes)
11-18 22:50:06.435: D/Tethering(2394): interfaceLinkStateChanged wlan0, true
11-18 22:50:06.435: D/Tethering(2394): interfaceStatusChanged wlan0, true
11-18 22:50:06.640: D/STATUSBAR-NetworkController(2749): onSignalStrengthsChanged signalStrength=SignalStrength: 99 -1 -1 -1 -1 -1 -1 30 -79 -6 264 -1 2147483647 gsm|lte 0x4 level=4
11-18 22:50:06.865: D/STATUSBAR-NetworkController(2749): refreshSignalCluster: data=0 bt=false
11-18 22:50:06.880: D/STATUSBAR-IconMerger(2749): checkOverflow(432), More:false, Req:false Child:4
11-18 22:50:07.865: D/STATUSBAR-NetworkController(2749): refreshSignalCluster: data=0 bt=false
11-18 22:50:07.880: D/STATUSBAR-IconMerger(2749): checkOverflow(432), More:false, Req:false Child:4
11-18 22:50:08.870: D/STATUSBAR-NetworkController(2749): refreshSignalCluster: data=0 bt=false
11-18 22:50:08.880: D/STATUSBAR-IconMerger(2749): checkOverflow(432), More:false, Req:false Child:4
11-18 22:50:08.895: D/SSRMv2:Monitor(2394): SIOP:: AP = 330 (read only)
11-18 22:50:09.210: D/STATUSBAR-NetworkController(2749): onSignalStrengthsChanged signalStrength=SignalStrength: 99 -1 -1 -1 -1 -1 -1 30 -79 -7 232 -1 2147483647 gsm|lte 0x4 level=4
11-18 22:50:09.870: D/STATUSBAR-NetworkController(2749): refreshSignalCluster: data=0 bt=false
11-18 22:50:09.880: D/STATUSBAR-IconMerger(2749): checkOverflow(432), More:false, Req:false Child:4
11-18 22:50:10.485: D/STATUSBAR-NetworkController(2749): onSignalStrengthsChanged signalStrength=SignalStrength: 99 -1 -1 -1 -1 -1 -1 30 -79 -7 270 -1 2147483647 gsm|lte 0x4 level=4
11-18 22:50:10.500: D/dalvikvm(6754): GC_CONCURRENT freed 354K, 15% free 10571K/12296K, paused 1ms+2ms, total 15ms
11-18 22:50:10.870: D/STATUSBAR-NetworkController(2749): refreshSignalCluster: data=0 bt=false
11-18 22:50:10.880: D/STATUSBAR-IconMerger(2749): checkOverflow(432), More:false, Req:false Child:4
11-18 22:50:10.935: D/SensorService(2394): 0.0 0.4 8.9
11-18 22:50:11.400: D/SSRMv2:Monitor(2394): SIOP:: AP = 330 (read only)
11-18 22:50:12.875: D/STATUSBAR-NetworkController(2749): refreshSignalCluster: data=0 bt=false
11-18 22:50:12.880: D/STATUSBAR-IconMerger(2749): checkOverflow(432), More:false, Req:false Child:4
11-18 22:50:13.875: D/STATUSBAR-NetworkController(2749): refreshSignalCluster: data=0 bt=false
11-18 22:50:13.880: D/STATUSBAR-IconMerger(2749): checkOverflow(432), More:false, Req:false Child:4
11-18 22:50:13.905: D/SSRMv2:Monitor(2394): SIOP:: AP = 330, Prev AP = 330, Duration = 10013
11-18 22:50:14.330: D/STATUSBAR-NetworkController(2749): onSignalStrengthsChanged signalStrength=SignalStrength: 99 -1 -1 -1 -1 -1 -1 31 -79 -7 254 -1 2147483647 gsm|lte 0x4 level=4
11-18 22:50:15.880: D/STATUSBAR-NetworkController(2749): refreshSignalCluster: data=0 bt=false
11-18 22:50:15.895: D/STATUSBAR-IconMerger(2749): checkOverflow(432), More:false, Req:false Child:4
11-18 22:50:16.410: D/SSRMv2:Monitor(2394): SIOP:: AP = 330 (read only)
11-18 22:50:16.885: D/STATUSBAR-NetworkController(2749): refreshSignalCluster: data=0 bt=false
11-18 22:50:16.895: D/STATUSBAR-IconMerger(2749): checkOverflow(432), More:false, Req:false Child:4
11-18 22:50:17.885: D/STATUSBAR-NetworkController(2749): refreshSignalCluster: data=0 bt=false
11-18 22:50:17.895: D/STATUSBAR-IconMerger(2749): checkOverflow(432), More:false, Req:false Child:4
11-18 22:50:18.910: D/SSRMv2:Monitor(2394): SIOP:: AP = 330 (read only)
11-18 22:50:19.890: D/STATUSBAR-NetworkController(2749): refreshSignalCluster: data=0 bt=false
11-18 22:50:19.895: D/STATUSBAR-IconMerger(2749): checkOverflow(432), More:false, Req:false Child:4
11-18 22:50:20.720: D/STATUSBAR-NetworkController(2749): onSignalStrengthsChanged signalStrength=SignalStrength: 99 -1 -1 -1 -1 -1 -1 31 -79 -7 254 -1 2147483647 gsm|lte 0x4 level=4
11-18 22:50:20.735: D/STATUSBAR-NetworkController(2749): onSignalStrengthsChanged signalStrength=SignalStrength: 99 -1 -1 -1 -1 -1 -1 31 -79 -7 254 -1 2147483647 gsm|lte 0x4 level=4
11-18 22:50:20.890: D/STATUSBAR-NetworkController(2749): refreshSignalCluster: data=0 bt=false
11-18 22:50:20.895: D/STATUSBAR-IconMerger(2749): checkOverflow(432), More:false, Req:false Child:4
11-18 22:50:20.940: D/SensorService(2394): 0.0 0.5 8.9
11-18 22:50:21.410: D/SSRMv2:Monitor(2394): SIOP:: AP = 330 (read only)
11-18 22:50:21.895: D/STATUSBAR-NetworkController(2749): refreshSignalCluster: data=0 bt=false
11-18 22:50:21.895: D/STATUSBAR-IconMerger(2749): checkOverflow(432), More:false, Req:false Child:4
11-18 22:50:22.040: E/Watchdog(2394): !@Sync 436
11-18 22:50:22.445: V/AlarmManager(2394): waitForAlarm result :4
11-18 22:50:22.445: V/AlarmManager(2394): trigger ELAPSED_REALTIME_WAKEUP or RTC_WAKEUP
11-18 22:50:22.450: D/BatteryService(2394): update start
11-18 22:50:22.455: V/RealCellState(2911): telephonyManager network type is 13
11-18 22:50:22.455: V/RealCellState(2911): transforming LTE to WCDMA
11-18 22:50:22.455: D/BatteryService(2394): level:73, scale:100, status:2, health:2, present:true, voltage: 4070, temperature: 334, technology: Li-ion, AC powered:false, USB powered:true, Wireless powered:false, icon:17303550, invalid charger:0, online:4, charge type:1, current avg:460
11-18 22:50:22.455: D/BatteryService(2394): Sending ACTION_BATTERY_CHANGED.
11-18 22:50:22.455: D/STATUSBAR-BatteryController(2749): onReceive() - ACTION_BATTERY_CHANGED
11-18 22:50:22.455: D/STATUSBAR-BatteryController(2749): onReceive() - BATTERY_STATUS_CHARGING:
11-18 22:50:22.455: D/STATUSBAR-PhoneStatusBar(2749): mBrightnessEnablebySettings = true mBrightnessEnablebyBattery = true mBrightnessEnablebyDisableFlag = true
11-18 22:50:22.460: I/wpa_supplicant(9901): Scan requested (ret=0) - scan timeout 30 seconds
11-18 22:50:22.460: D/LockPatternUtils(2394): isPcwEnable = null
11-18 22:50:23.895: D/STATUSBAR-NetworkController(2749): refreshSignalCluster: data=0 bt=false
11-18 22:50:23.895: D/STATUSBAR-IconMerger(2749): checkOverflow(432), More:false, Req:false Child:4
11-18 22:50:23.915: D/SSRMv2:Monitor(2394): SIOP:: AP = 330, Prev AP = 330, Duration = 10012
11-18 22:50:24.570: D/STATUSBAR-NetworkController(2749): onSignalStrengthsChanged signalStrength=SignalStrength: 99 -1 -1 -1 -1 -1 -1 31 -79 -7 272 -1 2147483647 gsm|lte 0x4 level=4
11-18 22:50:26.420: D/SSRMv2:Monitor(2394): SIOP:: AP = 330 (read only)
11-18 22:50:26.425: I/wpa_supplicant(9901): nl80211: Received scan results (6 BSSes)
11-18 22:50:26.430: D/Tethering(2394): interfaceLinkStateChanged wlan0, true
11-18 22:50:26.430: D/Tethering(2394): interfaceStatusChanged wlan0, true
11-18 22:50:26.900: D/STATUSBAR-NetworkController(2749): refreshSignalCluster: data=0 bt=false
11-18 22:50:26.915: D/STATUSBAR-IconMerger(2749): checkOverflow(432), More:false, Req:false Child:4
11-18 22:50:27.125: D/STATUSBAR-NetworkController(2749): onSignalStrengthsChanged signalStrength=SignalStrength: 99 -1 -1 -1 -1 -1 -1 31 -79 -7 246 -1 2147483647 gsm|lte 0x4 level=4
11-18 22:50:28.405: D/STATUSBAR-NetworkController(2749): onSignalStrengthsChanged signalStrength=SignalStrength: 99 -1 -1 -1 -1 -1 -1 31 -79 -7 296 -1 2147483647 gsm|lte 0x4 level=4
11-18 22:50:28.920: D/SSRMv2:Monitor(2394): SIOP:: AP = 330 (read only)
11-18 22:50:29.675: D/STATUSBAR-NetworkController(2749): onSignalStrengthsChanged signalStrength=SignalStrength: 99 -1 -1 -1 -1 -1 -1 31 -79 -7 230 -1 2147483647 gsm|lte 0x4 level=4
11-18 22:50:29.905: D/STATUSBAR-NetworkController(2749): refreshSignalCluster: data=0 bt=false
11-18 22:50:29.915: D/STATUSBAR-IconMerger(2749): checkOverflow(432), More:false, Req:false Child:4
11-18 22:50:30.945: D/SensorService(2394): 0.0 0.4 8.9
11-18 22:50:30.965: D/STATUSBAR-NetworkController(2749): onSignalStrengthsChanged signalStrength=SignalStrength: 99 -1 -1 -1 -1 -1 -1 31 -79 -7 264 -1 2147483647 gsm|lte 0x4 level=4
11-18 22:50:31.425: D/SSRMv2:Monitor(2394): SIOP:: AP = 330 (read only)
11-18 22:50:31.910: D/STATUSBAR-NetworkController(2749): refreshSignalCluster: data=0 bt=false
11-18 22:50:31.915: D/STATUSBAR-IconMerger(2749): checkOverflow(432), More:false, Req:false Child:4
11-18 22:50:32.245: D/STATUSBAR-NetworkController(2749): onSignalStrengthsChanged signalStrength=SignalStrength: 99 -1 -1 -1 -1 -1 -1 31 -79 -6 284 -1 2147483647 gsm|lte 0x4 level=4
11-18 22:50:32.260: D/dalvikvm(29666): GC_CONCURRENT freed 743K, 17% free 10274K/12308K, paused 2ms+2ms, total 15ms
11-18 22:50:32.905: D/STATUSBAR-NetworkController(2749): refreshSignalCluster: data=0 bt=false
11-18 22:50:32.915: D/STATUSBAR-IconMerger(2749): checkOverflow(432), More:false, Req:false Child:4
11-18 22:50:33.910: D/STATUSBAR-NetworkController(2749): refreshSignalCluster: data=0 bt=false
11-18 22:50:33.915: D/STATUSBAR-IconMerger(2749): checkOverflow(432), More:false, Req:false Child:4
11-18 22:50:33.930: D/SSRMv2:Monitor(2394): SIOP:: AP = 330, Prev AP = 330, Duration = 10013
