11-18 22:50:34.055: D/dalvikvm(2394): GC_CONCURRENT freed 1721K, 26% free 43924K/59268K, paused 4ms+12ms, total 127ms
11-18 22:50:34.810: D/STATUSBAR-NetworkController(2749): onSignalStrengthsChanged signalStrength=SignalStrength: 99 -1 -1 -1 -1 -1 -1 31 -79 -7 256 -1 2147483647 gsm|lte 0x4 level=4
11-18 22:50:35.910: D/STATUSBAR-NetworkController(2749): refreshSignalCluster: data=0 bt=false
11-18 22:50:35.915: D/STATUSBAR-IconMerger(2749): checkOverflow(432), More:false, Req:false Child:4
11-18 22:50:36.435: D/SSRMv2:Monitor(2394): SIOP:: AP = 330 (read only)
11-18 22:50:38.635: D/STATUSBAR-NetworkController(2749): onSignalStrengthsChanged signalStrength=SignalStrength: 99 -1 -1 -1 -1 -1 -1 31 -79 -7 280 -1 2147483647 gsm|lte 0x4 level=4
11-18 22:50:38.920: D/STATUSBAR-NetworkController(2749): refreshSignalCluster: data=0 bt=false
11-18 22:50:38.935: D/SSRMv2:Monitor(2394): SIOP:: AP = 330 (read only)
11-18 22:50:38.935: D/STATUSBAR-IconMerger(2749): checkOverflow(432), More:false, Req:false Child:4
11-18 22:50:39.920: D/STATUSBAR-NetworkController(2749): refreshSignalCluster: data=0 bt=false
11-18 22:50:39.935: D/STATUSBAR-IconMerger(2749): checkOverflow(432), More:false, Req:false Child:4
11-18 22:50:39.935: D/STATUSBAR-NetworkController(2749): onSignalStrengthsChanged signalStrength=SignalStrength: 99 -1 -1 -1 -1 -1 -1 31 -79 -7 242 -1 2147483647 gsm|lte 0x4 level=4
11-18 22:50:40.920: D/STATUSBAR-NetworkController(2749): refreshSignalCluster: data=0 bt=false
11-18 22:50:40.935: D/STATUSBAR-IconMerger(2749): checkOverflow(432), More:false, Req:false Child:4
11-18 22:50:40.945: D/SensorService(2394): 0.0 0.5 9.0
11-18 22:50:41.200: D/STATUSBAR-NetworkController(2749): onSignalStrengthsChanged signalStrength=SignalStrength: 99 -1 -1 -1 -1 -1 -1 30 -79 -7 282 -1 2147483647 gsm|lte 0x4 level=4
11-18 22:50:41.440: D/SSRMv2:Monitor(2394): SIOP:: AP = 330 (read only)
11-18 22:50:42.450: V/AlarmManager(2394): waitForAlarm result :4
11-18 22:50:42.450: V/AlarmManager(2394): trigger ELAPSED_REALTIME_WAKEUP or RTC_WAKEUP
11-18 22:50:42.460: V/RealCellState(2911): telephonyManager network type is 13
11-18 22:50:42.460: V/RealCellState(2911): transforming LTE to WCDMA
11-18 22:50:42.460: I/wpa_supplicant(9901): Scan requested (ret=0) - scan timeout 30 seconds
11-18 22:50:43.925: D/STATUSBAR-NetworkController(2749): refreshSignalCluster: data=0 bt=false
11-18 22:50:43.935: D/STATUSBAR-IconMerger(2749): checkOverflow(432), More:false, Req:false Child:4
11-18 22:50:43.940: D/SSRMv2:Monitor(2394): SIOP:: AP = 330, Prev AP = 330, Duration = 10010
11-18 22:50:46.325: D/STATUSBAR-NetworkController(2749): onSignalStrengthsChanged signalStrength=SignalStrength: 99 -1 -1 -1 -1 -1 -1 30 -79 -7 254 -1 2147483647 gsm|lte 0x4 level=4
11-18 22:50:46.430: I/wpa_supplicant(9901): nl80211: Received scan results (7 BSSes)
11-18 22:50:46.430: D/Tethering(2394): interfaceLinkStateChanged wlan0, true
11-18 22:50:46.430: D/Tethering(2394): interfaceStatusChanged wlan0, true
11-18 22:50:46.440: D/SSRMv2:Monitor(2394): SIOP:: AP = 330 (read only)
11-18 22:50:46.475: D/dalvikvm(2911): GC_CONCURRENT freed 870K, 20% free 12417K/15512K, paused 2ms+3ms, total 26ms
11-18 22:50:46.475: D/dalvikvm(2911): WAIT_FOR_CONCURRENT_GC blocked 17ms
11-18 22:50:46.930: D/STATUSBAR-NetworkController(2749): refreshSignalCluster: data=0 bt=false
11-18 22:50:46.935: D/STATUSBAR-IconMerger(2749): checkOverflow(432), More:false, Req:false Child:4
11-18 22:50:47.455: V/AlarmManager(2394): waitForAlarm result :4
11-18 22:50:48.885: D/STATUSBAR-NetworkController(2749): onSignalStrengthsChanged signalStrength=SignalStrength: 99 -1 -1 -1 -1 -1 -1 30 -79 -7 272 -1 2147483647 gsm|lte 0x4 level=4
11-18 22:50:48.945: D/SSRMv2:Monitor(2394): SIOP:: AP = 330 (read only)
11-18 22:50:50.355: D/SensorService(2394): AutoRotationSensor::process: Acc eventTimestamp = 13175888787000, previousAccTimestamp = 13175488623000, difference = 400164000
11-18 22:50:50.935: D/STATUSBAR-NetworkController(2749): refreshSignalCluster: data=0 bt=false
11-18 22:50:50.935: D/STATUSBAR-IconMerger(2749): checkOverflow(432), More:false, Req:false Child:4
11-18 22:50:51.155: D/SensorService(2394): 0.0 0.4 8.9
11-18 22:50:51.225: D/PowerManagerService(2394): [s] UserActivityState : 1 -> 2
11-18 22:50:51.225: D/DisplayPowerController(2394): animation target = 20 (PSM:false, AB limit:(-1 ~ -1) MB Limit:(-1 ~ -1) MAdj:(0, (0, 255)))
11-18 22:50:51.225: D/PowerManagerService(2394): [s] mDisplayPowerControllerCallbacks : onStateChanged()
11-18 22:50:51.240: D/lights(2394): lcd : 67 +
11-18 22:50:51.255: D/lights(2394): lcd : 67 -
11-18 22:50:51.255: D/lights(2394): lcd : 34 +
11-18 22:50:51.270: D/RampAnimator(2394): Light Animator Finished currentValue=20
11-18 22:50:51.290: D/lights(2394): lcd : 34 -
11-18 22:50:51.290: D/lights(2394): lcd : 20 +
11-18 22:50:51.300: D/lights(2394): lcd : 20 -
11-18 22:50:51.450: D/SSRMv2:Monitor(2394): SIOP:: AP = 330 (read only)
11-18 22:50:51.940: D/STATUSBAR-NetworkController(2749): refreshSignalCluster: data=0 bt=false
11-18 22:50:51.955: D/STATUSBAR-IconMerger(2749): checkOverflow(432), More:false, Req:false Child:4
11-18 22:50:52.040: E/Watchdog(2394): !@Sync 437
11-18 22:50:52.725: D/STATUSBAR-NetworkController(2749): onSignalStrengthsChanged signalStrength=SignalStrength: 99 -1 -1 -1 -1 -1 -1 30 -79 -7 256 -1 2147483647 gsm|lte 0x4 level=4
11-18 22:50:52.940: D/STATUSBAR-NetworkController(2749): refreshSignalCluster: data=0 bt=false
11-18 22:50:52.955: D/STATUSBAR-IconMerger(2749): checkOverflow(432), More:false, Req:false Child:4
11-18 22:50:53.940: D/STATUSBAR-NetworkController(2749): refreshSignalCluster: data=0 bt=false
11-18 22:50:53.950: D/SSRMv2:Monitor(2394): SIOP:: AP = 330, Prev AP = 330, Duration = 10010
11-18 22:50:53.955: D/STATUSBAR-IconMerger(2749): checkOverflow(432), More:false, Req:false Child:4
11-18 22:50:54.945: D/STATUSBAR-NetworkController(2749): refreshSignalCluster: data=0 bt=false
11-18 22:50:54.955: D/STATUSBAR-IconMerger(2749): checkOverflow(432), More:false, Req:false Child:4
11-18 22:50:55.875: V/AlarmManager(2394): waitForAlarm result :4
11-18 22:50:55.875: V/AlarmManager(2394): trigger ELAPSED_REALTIME_WAKEUP or RTC_WAKEUP
11-18 22:50:55.885: D/BatteryService(2394): update start
11-18 22:50:55.885: D/BatteryService(2394): level:73, scale:100, status:2, health:2, present:true, voltage: 4068, temperature: 340, technology: Li-ion, AC powered:false, USB powered:true, Wireless powered:false, icon:17303550, invalid charger:0, online:4, charge type:1, current avg:460
11-18 22:50:55.885: D/BatteryService(2394): Sending ACTION_BATTERY_CHANGED.
11-18 22:50:55.890: D/LockPatternUtils(2394): isPcwEnable = null
11-18 22:50:55.890: D/STATUSBAR-BatteryController(2749): onReceive() - ACTION_BATTERY_CHANGED
11-18 22:50:55.890: D/STATUSBAR-BatteryController(2749): onReceive() - BATTERY_STATUS_CHARGING:
11-18 22:50:55.890: D/STATUSBAR-PhoneStatusBar(2749): mBrightnessEnablebySettings = true mBrightnessEnablebyBattery = true mBrightnessEnablebyDisableFlag = true
11-18 22:50:55.945: D/STATUSBAR-NetworkController(2749): refreshSignalCluster: data=0 bt=false
11-18 22:50:55.955: D/STATUSBAR-IconMerger(2749): checkOverflow(432), More:false, Req:false Child:4
11-18 22:50:56.450: D/SSRMv2:Monitor(2394): SIOP:: AP = 330 (read only)
11-18 22:50:56.560: D/STATUSBAR-NetworkController(2749): onSignalStrengthsChanged signalStrength=SignalStrength: 99 -1 -1 -1 -1 -1 -1 30 -79 -7 232 -1 2147483647 gsm|lte 0x4 level=4
11-18 22:50:57.845: D/STATUSBAR-NetworkController(2749): onSignalStrengthsChanged signalStrength=SignalStrength: 99 -1 -1 -1 -1 -1 -1 30 -79 -7 200 -1 2147483647 gsm|lte 0x4 level=4
11-18 22:50:57.950: D/STATUSBAR-NetworkController(2749): refreshSignalCluster: data=0 bt=false
11-18 22:50:57.955: D/STATUSBAR-IconMerger(2749): checkOverflow(432), More:false, Req:false Child:4
11-18 22:50:58.220: D/lights(2394): lcd : 0 +
11-18 22:50:58.220: D/lights(2394): lcd : 0 -
11-18 22:50:58.220: D/KeyguardViewMediator(2394): onScreenTurnedOff(3)
11-18 22:50:58.220: D/SEC PowerHAL(2394): power_set_interactive: /sys/class/input/input1/enabled
11-18 22:50:58.220: E/SEC PowerHAL(2394): sysfs_write : Error opening /sys/class/input/input1/enabled: No such file or directory
11-18 22:50:58.220: D/SEC PowerHAL(2394): power_set_interactive: /sys/class/input/input8/enabled
11-18 22:50:58.220: E/SEC PowerHAL(2394): sysfs_write : Error opening /sys/class/input/input8/enabled: No such file or directory
11-18 22:50:58.220: D/SurfaceFlinger(1978): Screen released, type=0 flinger=0x40ba4568
11-18 22:50:58.220: D/SecTVOutService(1978): virtual void android::SecTVOutService::setSuspendMode(uint32_t) TV suspend mode = 1
11-18 22:50:58.220: D/SecTVOutService(1978): virtual void android::SecTVOutService::setHdmiStatus(uint32_t) HDMI cable status = 0
11-18 22:50:58.220: I/libsuspend(2394): !@[s] autosuspend_earlysuspend_enable : 34
11-18 22:50:58.220: D/PowerManagerService(2394): [s] UserActivityState : 2 -> 0
11-18 22:50:58.220: I/PowerManagerService(2394): [ps] Screen__Off(2) : timeout (0x4)
11-18 22:50:58.220: I/PowerManagerService(2394): Going to sleep due to screen timeout...
11-18 22:50:58.220: D/PowerManagerService(2394): [s] WAKEFULNESS_ASLEEP
11-18 22:50:58.220: D/PowerManagerService(2394): [s] mDisplayPowerControllerCallbacks : onStateChanged()
11-18 22:50:58.220: D/PowerManagerService(2394): [PWL] sb acquire: PowerManagerService.Broadcasts
11-18 22:50:58.220: D/PowerManagerService(2394): [s] blankAllDisplays() : blankAllDisplaysFromPowerManage
11-18 22:50:58.225: W/LicenseLogService(2394): log() is called by non admin
11-18 22:50:58.225: D/LockPatternUtils(2394): isPcwEnable = null
11-18 22:50:58.225: D/KeyguardViewMediator(2394): setting alarm to turn off keyguard, seq = 35
11-18 22:50:58.225: V/WindowOrientationListener(2394): WindowOrientationListener disabled
11-18 22:50:58.225: D/SensorManager(2394): unregisterListener ::
11-18 22:50:58.225: D/SensorService(2394): AutoRotationSensor::activate (ident=0x5d670630, enabled=0)
11-18 22:50:58.225: I/iNemoSensor(2394): enable(): handle(0), en(0), what(0)
11-18 22:50:58.225: D/AkmSensor(2394): akm_disable_sensor: Accel is disabled. (orien = 0)
11-18 22:50:58.225: I/AkmSensor(2394): enable_accelerometer, mEnabled = 1, enable = 0
11-18 22:50:58.225: D/iNemoSensor(2394): enable(): MASK_ACC (0) MASK_MAG (0) MASK_GYR (0), MASK_UMAG(0)
11-18 22:50:58.225: D/iNemoSensor(2394): enable(): mEnAcc(0) mEnMag(0) mEnGyr(0), mEUMag(0)
11-18 22:50:58.225: D/SensorService(2394): SensorDevice::activating sensor handle=0 ns=200000000
11-18 22:50:58.225: D/iNemoSensor(2394): setDelay(): handle(0), en(200000000)
11-18 22:50:58.225: D/InputDispatcher(2394): setInputDispatchMode: enabled=0, frozen=0
11-18 22:50:58.235: I/libsuspend(2394): !@[s] wait_for_fb_sleep : 34 (1, 0) -
11-18 22:50:58.235: I/libsuspend(2394): !@[s] autosuspend_earlysuspend_enable done : 34
11-18 22:50:58.235: I/libsuspend(2394): !@[s] wait_for_fb_wake : 34 (0, 0) +
11-18 22:50:58.235: I/SecHardwareInterface(2394): setBatteryADC path = /sys/class/power_supply/battery/lcd, (false)
11-18 22:50:58.235: D/PowerManagerService(2394): SecHardwareInterface.setBatteryADC : false
11-18 22:50:58.235: I/PowerManagerService(2394): [PWL] Off : 0s ago
11-18 22:50:58.235: I/PowerManagerService(2394): [PWL] PowerManagerService.WakeLocks: ref count=1
11-18 22:50:58.235: I/PowerManagerService(2394): [PWL] PowerManagerService.Broadcasts: ref count=1
11-18 22:50:58.235: I/PowerManagerService(2394): [PWL] mWakeLockSummary : 0x1
11-18 22:50:58.240: W/System.err(2394): java.io.FileNotFoundException: /sys/class/power_supply/battery/lcd: open failed: ENOENT (No such file or directory)
11-18 22:50:58.240: W/System.err(2394): at libcore.io.IoBridge.open(IoBridge.java:409)
11-18 22:50:58.240: W/System.err(2394): at java.io.FileOutputStream.(FileOutputStream.java:88)
11-18 22:50:58.240: W/System.err(2394): at java.io.FileOutputStream.(FileOutputStream.java:73)
11-18 22:50:58.240: W/System.err(2394): at com.sec.android.hardware.SecHardwareInterface.setBatteryADC(SecHardwareInterface.java:389)
11-18 22:50:58.240: W/System.err(2394): at com.android.server.power.PowerManagerService$DisplayBlankerImpl$1.run(PowerManagerService.java:4769)
11-18 22:50:58.240: W/System.err(2394): at android.os.Handler.handleCallback(Handler.java:730)
11-18 22:50:58.240: W/System.err(2394): at android.os.Handler.dispatchMessage(Handler.java:92)
11-18 22:50:58.240: W/System.err(2394): at android.os.Looper.loop(Looper.java:137)
11-18 22:50:58.240: W/System.err(2394): at android.os.HandlerThread.run(HandlerThread.java:61)
11-18 22:50:58.240: W/System.err(2394): Caused by: libcore.io.ErrnoException: open failed: ENOENT (No such file or directory)
11-18 22:50:58.240: W/System.err(2394): at libcore.io.Posix.open(Native Method)
11-18 22:50:58.240: W/System.err(2394): at libcore.io.BlockGuardOs.open(BlockGuardOs.java:110)
11-18 22:50:58.240: W/System.err(2394): at libcore.io.IoBridge.open(IoBridge.java:393)
11-18 22:50:58.240: W/System.err(2394): ... 8 more
11-18 22:50:58.295: I/WindowManager(2394): Screenshot Window{4341b5f8 u0 com.devinco.speedycraftmobile/org.qtproject.qt5.android.bindings.QtActivity} was all black! mSurfaceLayer=21060 minLayer=21055 maxLayer=21060
11-18 22:50:58.320: V/AlarmManager(2394): waitForAlarm result :1
11-18 22:50:58.325: V/AlarmManager(2394): trigger ELAPSED_REALTIME_WAKEUP or RTC_WAKEUP
11-18 22:50:58.330: D/SensorService(2394): info.rates.add, set DEFAULT_EVENTS_PERIOD
11-18 22:50:58.330: D/LightsService(2394): [api] [SvcLED] setFlashing :: id = 3, color = 0, mode = 10 (uid: 1000 pid: 2394)
11-18 22:50:58.330: D/LightsService(2394): [SvcLED] setSvcLedStateLocked:: SvcLEDState : 0x0 -> 0x10 | SvcLED(id=3) set On
11-18 22:50:58.335: D/SensorService(2394): SensorDevice::activating sensor handle=3 ns=200000000
11-18 22:50:58.335: I/SensorService(2394): info.selectDelay() ns=200000000
11-18 22:50:58.335: D/SensorService(2394): SensorDevice::setDelay, Return(true 1, false 0) = 1
11-18 22:50:58.335: D/SensorManager(2394): registerListener :: create queue :: handler = 3, name = CM36651 Light sensor, delay = 200000,
11-18 22:50:58.335: D/BatteryService(2394): turn on LED for charging
11-18 22:50:58.355: I/AkmSensor(2394): enabled = 0, shutdown = 0
11-18 22:50:58.395: D/STATUSBAR-NotificationService(2394): ACTION_SCREEN_OFF
11-18 22:50:58.395: D/LightsService(2394): [api] [SvcLED] turnOff:: id = 4 (uid: 1000 pid: 2394)
11-18 22:50:58.395: D/LightsService(2394): [SvcLED] setSvcLedStateLocked:: SvcLEDState : 0x10 -> 0x10 | SvcLED(id=4) set Off
11-18 22:50:58.400: I/AudioHardwareTinyALSA(1981): setParameters(screen_state=off)
11-18 22:50:58.400: I/audio_wfd_hw(1981): adev_set_parameters() screen_state=off
11-18 22:50:58.400: D/tms_audio_hw/AudioTmsIpc(1981): adev_set_parameters : Enter
11-18 22:50:58.400: D/tms_audio_hw/AudioTmsIpc(1981): adev_set_parameters : Exit
11-18 22:50:58.425: D/WifiDisplayAdapter(2394): onGetScreenState : 0
11-18 22:50:58.435: D/STATUSBAR-PhoneStatusBar(2749): makeExpandedInvisible
11-18 22:50:58.435: D/PhoneStatusBarView(2749): marqueeStatusBar:128, mClearCover:0
11-18 22:50:58.440: D/ECS_EnterpriseContainerService(2394): <<< Intent action is >>> : android.intent.action.SCREEN_OFF
11-18 22:50:58.440: D/ECS_EnterpriseContainerService(2394): <<< Intent data is >>> : null
11-18 22:50:58.440: D/ECS_EnterpriseContainerCacheData(2394): Container cache getContainers
11-18 22:50:58.440: D/ECS_EnterpriseContainerCacheData(2394): Container cache getContainers not null
11-18 22:50:58.440: D/ECS_EnterpriseContainerService(2394): ACTION_SCREEN_OFF container list: 0
11-18 22:50:58.445: I/NfcService(2964): # NativeNfcBrcmPowerMode; setPowerMode(android.intent.action.SCREEN_OFF)
11-18 22:50:58.445: D/NfcService(2964): NFC is not enabled
11-18 22:50:58.455: D/STATUSBAR-IconMerger(2749): checkOverflow(432), More:false, Req:false Child:4
11-18 22:50:58.570: D/dalvikvm(2394): GC_CONCURRENT freed 1816K, 26% free 44156K/59268K, paused 4ms+12ms, total 165ms
11-18 22:50:58.570: D/dalvikvm(2394): WAIT_FOR_CONCURRENT_GC blocked 65ms
11-18 22:50:58.570: D/dalvikvm(2394): WAIT_FOR_CONCURRENT_GC blocked 37ms
11-18 22:50:58.570: D/SensorManager(2394): unregisterListener ::
11-18 22:50:58.570: D/SensorService(2394): SensorDevice::activating sensor handle=3 ns=200000000
11-18 22:50:58.570: D/lights(2394): led_pattern : 1 +
11-18 22:50:58.570: D/LightsService(2394): [SvcLED] onSensorChanged::light value = 39
11-18 22:50:58.580: D/lights(2394): led_pattern : 1 -
11-18 22:50:58.580: D/LightsService(2394): [SvcLED] setSvcLedLightLocked :: Current SvcLED(id=3) maintains its priority right
11-18 22:50:58.605: D/Launcher.Workspace(2979): exitWidgetResizeMode State: NORMAL, newDragStarted: false
11-18 22:50:58.605: D/STATUSBAR-NetworkController(2749): onSignalStrengthsChanged signalStrength=SignalStrength: 99 -1 -1 -1 -1 -1 -1 30 -79 -7 200 -1 2147483647 gsm|lte 0x4 level=4
11-18 22:50:58.635: D/LockPatternUtils(2394): isPcwEnable = null
11-18 22:50:58.670: D/com.samsung.app(3830): [MSC_HERO_Accu_JB]>>> WCS:257 [0:0] BR act = androidintentactionSCREEN_OFF
11-18 22:50:58.675: I/AutoBackupUtil(462): checkAutoBackupCondition returns : true
11-18 22:50:58.675: I/AutoBackupUtil(462): bChargerConnected : true
11-18 22:50:58.675: I/AutoBackupUtil(462): bWifiConnected : true
11-18 22:50:58.675: I/AutoBackupUtil(462): bScreenOn : false
11-18 22:50:58.680: D/PowerManagerService(2394): [PWL] sb release: PowerManagerService.Broadcasts
11-18 22:50:58.685: E/NfcService(2964): callback == null
11-18 22:50:58.955: D/SSRMv2:Monitor(2394): SIOP:: AP = 330 (read only)
11-18 22:50:59.995: V/AlarmManager(2394): waitForAlarm result :8
11-18 22:50:59.995: D/KeyguardClockWidgetService(17217): onReceive action=android.intent.action.TIME_TICK
11-18 22:51:00.000: V/AlarmManager(2394): ClockReceiver onReceive() ACTION_TIME_TICK
11-18 22:51:00.030: D/STATUSBAR-IconMerger(2749): checkOverflow(432), More:false, Req:false Child:4
11-18 22:51:00.330: W/fb4a(:):JACKSON_FALLBACK(10972): Using BeanSerializer for com.facebook.appirater.api.FetchISRConfigResult to serialize class com.facebook.appirater.api.FetchISRConfigResult
11-18 22:51:00.450: D/dalvikvm(10972): GC_CONCURRENT freed 1818K, 32% free 32516K/47776K, paused 6ms+9ms, total 157ms
11-18 22:51:00.450: D/dalvikvm(10972): WAIT_FOR_CONCURRENT_GC blocked 117ms
11-18 22:51:00.450: D/dalvikvm(10972): WAIT_FOR_CONCURRENT_GC blocked 112ms
11-18 22:51:00.460: W/fb4a(:):JACKSON_FALLBACK(10972): Using BeanSerializer for com.facebook.quickpromotion.protocol.QuickPromotionDefinitionsFetchResult to serialize class com.facebook.quickpromotion.protocol.QuickPromotionDefinitionsFetchResult
11-18 22:51:00.470: W/fb4a(:):JACKSON_FALLBACK(10972): Using BeanSerializer for com.facebook.quickpromotion.model.QuickPromotionDefinition$FilterClause to serialize class com.facebook.quickpromotion.model.QuickPromotionDefinition$FilterClause
11-18 22:51:00.475: W/fb4a(:):JACKSON_FALLBACK(10972): Using BeanSerializer for com.facebook.quickpromotion.protocol.QuickPromotionDefinitionsFetchResult to serialize class com.facebook.quickpromotion.protocol.QuickPromotionDefinitionsFetchResult
11-18 22:51:00.500: W/fb4a(:):JACKSON_FALLBACK(10972): Using BeanSerializer for com.facebook.quickpromotion.model.QuickPromotionDefinition$FilterClause to serialize class com.facebook.quickpromotion.model.QuickPromotionDefinition$FilterClause
11-18 22:51:00.500: W/fb4a(:):JACKSON_FALLBACK(10972): Using BeanSerializer for com.facebook.quickpromotion.model.QuickPromotionDefinition$FilterClause to serialize class com.facebook.quickpromotion.model.QuickPromotionDefinition$FilterClause
11-18 22:51:00.515: W/fb4a(:):JACKSON_FALLBACK(10972): Using BeanSerializer for com.facebook.quickpromotion.protocol.QuickPromotionDefinitionsFetchResult to serialize class com.facebook.quickpromotion.protocol.QuickPromotionDefinitionsFetchResult
11-18 22:51:00.525: W/fb4a(:):JACKSON_FALLBACK(10972): Using BeanSerializer for com.facebook.quickpromotion.model.QuickPromotionDefinition$FilterClause to serialize class com.facebook.quickpromotion.model.QuickPromotionDefinition$FilterClause
11-18 22:51:00.555: W/fb4a(:):JACKSON_FALLBACK(10972): Using BeanSerializer for com.facebook.places.checkin.activity.PlacesInterstitialFetchResult to serialize class com.facebook.places.checkin.activity.PlacesInterstitialFetchResult
11-18 22:51:00.880: V/AlarmManager(2394): waitForAlarm result :4
11-18 22:51:00.885: D/dalvikvm(10972): GC_CONCURRENT freed 1749K, 32% free 32815K/47776K, paused 15ms+8ms, total 158ms
11-18 22:51:00.885: D/dalvikvm(10972): WAIT_FOR_CONCURRENT_GC blocked 133ms
11-18 22:51:00.895: D/dalvikvm(10972): WAIT_FOR_CONCURRENT_GC blocked 130ms
11-18 22:51:01.460: D/SSRMv2:Monitor(2394): SIOP:: AP = 330 (read only)
11-18 22:51:02.455: V/AlarmManager(2394): waitForAlarm result :4
11-18 22:51:02.455: V/AlarmManager(2394): trigger ELAPSED_REALTIME_WAKEUP or RTC_WAKEUP
11-18 22:51:02.470: V/RealCellState(2911): telephonyManager network type is 13
11-18 22:51:02.470: V/RealCellState(2911): transforming LTE to WCDMA
11-18 22:51:02.470: I/wpa_supplicant(9901): Scan requested (ret=0) - scan timeout 30 seconds
11-18 22:51:03.225: D/KeyguardViewMediator(2394): received DELAYED_KEYGUARD_ACTION with seq = 35, mDelayedShowingSequence = 35
11-18 22:51:03.225: V/AlarmManager(2394): waitForAlarm result :4
11-18 22:51:03.225: V/AlarmManager(2394): trigger ELAPSED_REALTIME_WAKEUP or RTC_WAKEUP
11-18 22:51:03.230: D/KeyguardViewMediator(2394): setting alarm to set off wake time limit
11-18 22:51:03.230: D/KeyguardViewMediator(2394): doKeyguard() : mMaybeShow=true mRequestedWakeUp=false
11-18 22:51:03.230: D/LockPatternUtils(2394): isPcwEnable = null
11-18 22:51:03.235: D/FactoryTest(2394): Not factory mode
11-18 22:51:03.235: D/FactoryTest(2394): Not factory mode. isFactoryMode() returend false
11-18 22:51:03.235: D/KeyguardViewMediator(2394): doKeyguard: showing the lock screen
11-18 22:51:03.235: D/KeyguardViewMediator(2394): KeyguardGetAudioService.dismissVolumePanel() run
11-18 22:51:03.235: D/KeyguardViewMediator(2394): showLocked
11-18 22:51:03.235: D/KeyguardViewMediator(2394): handleShow : mMaybeShow=true mRequestedWakeUp=false
11-18 22:51:03.235: D/KeyguardViewManager(2394): show(); mKeyguardView==null
11-18 22:51:03.235: E/KeyguardHostView(2394): KeyguardHostView()
11-18 22:51:03.235: V/KeyguardHostView(2394): Initial transport state: 0, pbstate=0
11-18 22:51:03.235: D/KeyguardHostView(2394): tb off
11-18 22:51:03.235: D/KeyguardHostView(2394): mIsVoiceUnlockOn=false
11-18 22:51:03.235: V/KeyguardHostView(2394): mIsMultipleLockOn is true
11-18 22:51:03.240: D/LockPatternUtils(2394): isPcwEnable = null
11-18 22:51:03.240: I/KeyguardBackgroundView(2394): *** KeyguardEffectView getInstance ***
11-18 22:51:03.240: I/PowerManagerService(2394): [PWL] Off : 5s ago
11-18 22:51:03.240: I/PowerManagerService(2394): [PWL] PowerManagerService.WakeLocks: ref count=1
11-18 22:51:03.240: I/PowerManagerService(2394): [PWL] mWakeLockSummary : 0x1
11-18 22:51:03.260: I/KeyguardHostView(2394): onFinishInflate
11-18 22:51:03.265: D/LockPatternUtils(2394): isPcwEnable = null
11-18 22:51:03.265: D/LockPatternUtils(2394): isPcwEnable = null
11-18 22:51:03.305: D/KeyguardHostView(2394): Show right-most page 1
11-18 22:51:03.305: D/LockPatternUtils(2394): isPcwEnable = null
11-18 22:51:03.310: V/KeyguardHostView(2394): showPrimarySecurityScreen(turningOff=false)
11-18 22:51:03.310: I/KeyguardBackgroundView(2394): *** KeyguardEffectView getInstance ***
11-18 22:51:03.310: D/KeyguardHostView(2394): showSecurityScreen(None)
11-18 22:51:03.310: D/KeyguardHostView(2394): getSecurityView(Invalid)
11-18 22:51:03.310: D/KeyguardHostView(2394): getSecurityView(None)
11-18 22:51:03.310: V/KeyguardHostView(2394): inflating id = 17367190
11-18 22:51:03.315: D/LockPatternUtils(2394): isPcwEnable = null
11-18 22:51:03.320: V/EmergencyButton(2394): updateEmergencyCallButton DefaultPhoneState : 0 phoneState : 0
11-18 22:51:03.325: D/LockPatternUtils(2394): isPcwEnable = null
11-18 22:51:03.325: I/KeyguardBackgroundView(2394): *** KeyguardEffectView getInstance ***
11-18 22:51:03.325: E/KeyguardShortcutView(2394): density = 320
11-18 22:51:03.330: D/KeyguardShortcutView(2394): explore by touch mode off
11-18 22:51:03.330: D/KeyguardShortcutView(2394): mIconWidth =96
11-18 22:51:03.335: E/SELinux(888): Function: selinux_android_load_priority [0], There is no sepolicy file
11-18 22:51:03.335: E/SELinux(888):
11-18 22:51:03.335: E/SELinux(888): Function: selinux_android_load_priority , loading version is VE=SEPF_GT-I9305_4.3_0021
11-18 22:51:03.335: E/SELinux(888):
11-18 22:51:03.335: E/SELinux(888):
11-18 22:51:03.335: E/SELinux(888): selinux_android_seapp_context_reload: seapp_contexts file is loaded from /data/security/spota/seapp_contexts
11-18 22:51:03.360: D/BadgeProvider(888): onCreate
11-18 22:51:03.360: D/BadgeProvider(888): DatabaseHelper
11-18 22:51:03.370: D/BadgeProvider(888): onUpgarde :: oldVersion:2 newVersion:3
11-18 22:51:03.370: E/SQLiteLog(888): (1) duplicate column name: extraData
11-18 22:51:03.370: E/BadgeProvider(888): onUpgarde :: Trying to add Column :: Exception already exists:duplicate column name: extraData (code 1): , while compiling: ALTER TABLE apps ADD COLUMN extraData TEXT DEFAULT base_extra_badge;
11-18 22:51:03.380: D/KeyguardShortcutView(2394): BitmapDrawable
11-18 22:51:03.385: D/KeyguardShortcutView(2394): mIconWidth =96
11-18 22:51:03.395: D/KeyguardShortcutView(2394): BitmapDrawable
11-18 22:51:03.400: D/KeyguardShortcutView(2394): mIconWidth =96
11-18 22:51:03.415: D/KeyguardShortcutView(2394): BitmapDrawable
11-18 22:51:03.415: D/KeyguardShortcutView(2394): mIconWidth =96
11-18 22:51:03.430: D/KeyguardShortcutView(2394): BitmapDrawable
11-18 22:51:03.430: D/KeyguardShortcutView(2394): mIconWidth =96
11-18 22:51:03.445: D/KeyguardShortcutView(2394): BitmapDrawable
11-18 22:51:03.450: I/KeyguardBackgroundView(2394): *** KeyguardEffectView getInstance ***
11-18 22:51:03.450: D/KeyguardVoiceEngineThread(2394): condition = 0
11-18 22:51:03.450: D/KeyguardHostView(2394): AUTO_WIPE = false
11-18 22:51:03.450: D/LSO(2394): getData()
11-18 22:51:03.450: D/LSO(2394): getData()
11-18 22:51:03.450: D/LSO(2394): getData()
11-18 22:51:03.450: D/LSO(2394): No Lockscreen Overlay data found.
11-18 22:51:03.450: D/KeyguardHostView(2394): Creating Lockscreen overlay
11-18 22:51:03.455: V/KeyguardHostView(2394): hide transport, gen:40
11-18 22:51:03.455: V/KeyguardHostView(2394): music state changed: 0
11-18 22:51:03.465: V/EmergencyButton(2394): updateEmergencyCallButton DefaultPhoneState : 0 phoneState : 0
11-18 22:51:03.470: D/LockPatternUtils(2394): isPcwEnable = null
11-18 22:51:03.470: V/EmergencyButton(2394): updateEmergencyCallButton DefaultPhoneState : 0 phoneState : 0
11-18 22:51:03.470: D/LockPatternUtils(2394): isPcwEnable = null
11-18 22:51:03.475: D/LSO(2394): getData()
11-18 22:51:03.475: D/LSO(2394): getData()
11-18 22:51:03.475: D/LSO(2394): getData()
11-18 22:51:03.475: D/LSO(2394): No Lockscreen Overlay data found.
11-18 22:51:03.475: D/LSO(2394): Registered for Intent: android.intent.action.sec.LSO_CONFIG_CHANGED , android.intent.action.MEDIA_MOUNTED
11-18 22:51:03.480: D/KeyguardViewManager(2394): maybeCreateKeyguardLocked() orient=1 rotationEnabled=false isNotHidden=true
11-18 22:51:03.480: D/KeyguardViewManager(2394): at com.android.internal.policy.impl.keyguard.KeyguardViewManager.maybeCreateKeyguardLocked (KeyguardViewManager.java:392)
11-18 22:51:03.480: D/KeyguardViewManager(2394): at com.android.internal.policy.impl.keyguard.KeyguardViewManager.show (KeyguardViewManager.java:185)
11-18 22:51:03.480: D/KeyguardViewManager(2394): at com.android.internal.policy.impl.keyguard.KeyguardViewMediator.handleShow (KeyguardViewMediator.java:2115)
11-18 22:51:03.480: D/KeyguardViewManager(2394): maybeCreateKeyguardLocked() set view=android.widget.FrameLayout{4341bad0 V.E..... ......ID 0,0-720,1280} VISIBLE in portrait mode
11-18 22:51:03.480: D/KeyguardViewManager(2394): maybeCreateKeyguardLocked() set view=android.widget.FrameLayout{43186c38 V.E..... ......ID 0,0-720,1280} VISIBLE in portrait mode
11-18 22:51:03.480: D/KeyguardViewManager(2394): maybeCreateKeyguardLocked() set view=android.widget.FrameLayout{4341c0e8 V.E..... ........ 0,0-720,1280} VISIBLE in portrait mode
11-18 22:51:03.480: D/KeyguardViewManager(2394): Rotation sensor for lock screen Off!
11-18 22:51:03.485: V/KeyguardViewManager(2394): show:setSystemUiVisibility(201400)
11-18 22:51:03.485: D/KeyguardHostView(2394): show()
11-18 22:51:03.485: D/LockPatternUtils(2394): isPcwEnable = null
11-18 22:51:03.485: V/KeyguardHostView(2394): showPrimarySecurityScreen(turningOff=false)
11-18 22:51:03.485: I/KeyguardBackgroundView(2394): *** KeyguardEffectView getInstance ***
11-18 22:51:03.485: D/KeyguardHostView(2394): showSecurityScreen(None)
11-18 22:51:03.490: I/KeyguardBackgroundView(2394): *** KeyguardEffectView getInstance ***
11-18 22:51:03.490: D/LockPatternUtils(2394): isPcwEnable = null
11-18 22:51:03.495: D/CircleUnlockRipple(2394): onDetachedFromWindow
11-18 22:51:03.495: D/CircleUnlockRippleRenderer(2394): destroyed
11-18 22:51:03.495: D/CircleUnlockRipple(2394): show
11-18 22:51:03.495: D/CircleUnlockRippleRenderer(2394): show
11-18 22:51:03.495: D/CircleUnlockRippleRenderer(2394): show mSoundPool is null
11-18 22:51:03.495: D/CircleUnlockRippleRenderer(2394): KeyguardUpdateMonitor hasBootCompleted
11-18 22:51:03.495: D/CircleUnlockRippleRenderer(2394): show mSoundPool_Gravity is null
11-18 22:51:03.495: D/CircleUnlockRippleRenderer(2394): KeyguardUpdateMonitor hasBootCompleted
11-18 22:51:03.495: D/CircleUnlockRippleRenderer(2394): setRippleVersion
11-18 22:51:03.495: D/CircleUnlockRippleRenderer(2394): ModeType.RIPPLE_LIGHT
11-18 22:51:03.495: D/CircleUnlockRipple(2394): requestRender()
11-18 22:51:03.495: D/LockPatternUtils(2394): isPcwEnable = null
11-18 22:51:03.500: D/LockPatternUtils(2394): isPcwEnable = null
11-18 22:51:03.500: D/LockPatternUtils(2394): isPcwEnable = null
11-18 22:51:03.500: D/KeyguardViewMediator(2394): adjustStatusBarLocked: mShowing=true mHidden=false isSecure=false --> flags=0x1000000
11-18 22:51:03.500: V/MediaPlayer(2394): decode(449, 21159868, 16820)
11-18 22:51:03.500: D/STATUSBAR-StatusBarManagerService(2394): manageDisableList what=0x1000000 pkg=android
11-18 22:51:03.500: D/RestrictionPolicy(2394): isStatusBarExpansionAllowed : true
11-18 22:51:03.505: V/MediaPlayerService(1981): decode(65, 21159868, 16820)
11-18 22:51:03.505: V/MediaPlayerService(1981): player type = 3
11-18 22:51:03.505: V/AwesomePlayer(1981): setDefault
11-18 22:51:03.505: V/AwesomePlayer(1981): constructor
11-18 22:51:03.505: V/AwesomePlayer(1981): setDefault
11-18 22:51:03.505: V/AwesomePlayer(1981): reset_l()
11-18 22:51:03.505: V/AwesomePlayer(1981): cancelPlayerEvents (keepNotifications=0)
11-18 22:51:03.505: V/AwesomePlayer(1981): mAudioTrackVector clear
11-18 22:51:03.505: V/AwesomePlayer(1981): reset_l() mAudioPlayer successfully deleted
11-18 22:51:03.505: V/AwesomePlayer(1981): mSecMediaClock clear
11-18 22:51:03.505: V/StagefrightPlayer(1981): StagefrightPlayer
11-18 22:51:03.505: V/AwesomePlayer(1981): setListener
11-18 22:51:03.505: V/StagefrightPlayer(1981): initCheck
11-18 22:51:03.505: V/AwesomePlayer(1981): setAudioSink
11-18 22:51:03.505: V/StagefrightPlayer(1981): setDataSource(65, 21159868, 16820)
11-18 22:51:03.505: V/AwesomePlayer(1981): setDataSource (67, 21159868, 16820)
11-18 22:51:03.505: V/AwesomePlayer(1981): reset_l()
11-18 22:51:03.505: V/AwesomePlayer(1981): cancelPlayerEvents (keepNotifications=0)
11-18 22:51:03.505: V/AwesomePlayer(1981): mAudioTrackVector clear
11-18 22:51:03.505: V/AwesomePlayer(1981): reset_l() mAudioPlayer successfully deleted
11-18 22:51:03.505: V/AwesomePlayer(1981): mSecMediaClock clear
11-18 22:51:03.505: V/MediaExtractor(1981): Autodetected media content as 'application/ogg' with confidence 0.20
11-18 22:51:03.505: V/AwesomePlayer(1981): track of type 'audio/vorbis' does not publish bitrate
11-18 22:51:03.505: V/AwesomePlayer(1981): mBitrate = -1 bits/sec
11-18 22:51:03.505: W/AwesomePlayer(1981): couldn't get userdata - Weather
11-18 22:51:03.505: W/AwesomePlayer(1981): couldn't get userdata - Authorization
11-18 22:51:03.505: W/AwesomePlayer(1981): couldn't get userdata - SnapShot
11-18 22:51:03.505: W/AwesomePlayer(1981): couldn't get userdata - SMRD
11-18 22:51:03.505: V/AwesomePlayer(1981): current audio track index (0) is added to vector
11-18 22:51:03.505: V/AwesomePlayer(1981): setDataSource_l: Audio(1), Video(0)
11-18 22:51:03.505: I/AwesomePlayer(1981): AwesomePlayer::setDataSource_l():: This is not a DRM content
11-18 22:51:03.505: V/MediaPlayerService(1981): prepare
11-18 22:51:03.505: V/AwesomePlayer(1981): prepareAsync
11-18 22:51:03.505: V/MediaPlayerService(1981): wait for prepare
11-18 22:51:03.505: V/MediaPlayer(2394): decode(447, 20250284, 11571)
11-18 22:51:03.505: V/MediaPlayerService(1981): decode(69, 20250284, 11571)
11-18 22:51:03.510: V/MediaPlayerService(1981): player type = 3
11-18 22:51:03.510: V/AwesomePlayer(1981): setDefault
11-18 22:51:03.510: V/AwesomePlayer(1981): constructor
11-18 22:51:03.510: V/AwesomePlayer(1981): setDefault
11-18 22:51:03.510: V/AwesomePlayer(1981): reset_l()
11-18 22:51:03.510: V/AwesomePlayer(1981): cancelPlayerEvents (keepNotifications=0)
11-18 22:51:03.510: V/AwesomePlayer(1981): mAudioTrackVector clear
11-18 22:51:03.510: V/AwesomePlayer(1981): reset_l() mAudioPlayer successfully deleted
11-18 22:51:03.510: V/AwesomePlayer(1981): mSecMediaClock clear
11-18 22:51:03.510: V/StagefrightPlayer(1981): StagefrightPlayer
11-18 22:51:03.510: V/AwesomePlayer(1981): setListener
11-18 22:51:03.510: V/StagefrightPlayer(1981): initCheck
11-18 22:51:03.510: V/AwesomePlayer(1981): setAudioSink
11-18 22:51:03.510: V/StagefrightPlayer(1981): setDataSource(69, 20250284, 11571)
11-18 22:51:03.510: V/AwesomePlayer(1981): setDataSource (71, 20250284, 11571)
11-18 22:51:03.510: V/AwesomePlayer(1981): reset_l()
11-18 22:51:03.510: V/AwesomePlayer(1981): cancelPlayerEvents (keepNotifications=0)
11-18 22:51:03.510: V/AwesomePlayer(1981): mAudioTrackVector clear
11-18 22:51:03.510: V/AwesomePlayer(1981): reset_l() mAudioPlayer successfully deleted
11-18 22:51:03.510: V/AwesomePlayer(1981): mSecMediaClock clear
11-18 22:51:03.510: V/MediaExtractor(1981): Autodetected media content as 'application/ogg' with confidence 0.20
11-18 22:51:03.510: V/AwesomePlayer(1981): track of type 'audio/vorbis' does not publish bitrate
11-18 22:51:03.510: V/AwesomePlayer(1981): mBitrate = -1 bits/sec
11-18 22:51:03.510: W/AwesomePlayer(1981): couldn't get userdata - Weather
11-18 22:51:03.510: W/AwesomePlayer(1981): couldn't get userdata - Authorization
11-18 22:51:03.510: W/AwesomePlayer(1981): couldn't get userdata - SnapShot
11-18 22:51:03.510: W/AwesomePlayer(1981): couldn't get userdata - SMRD
11-18 22:51:03.510: V/AwesomePlayer(1981): current audio track index (0) is added to vector
11-18 22:51:03.510: V/AwesomePlayer(1981): setDataSource_l: Audio(1), Video(0)
11-18 22:51:03.510: I/AwesomePlayer(1981): AwesomePlayer::setDataSource_l():: This is not a DRM content
11-18 22:51:03.510: V/MediaPlayerService(1981): prepare
11-18 22:51:03.510: V/AwesomePlayer(1981): prepareAsync
11-18 22:51:03.510: V/MediaPlayerService(1981): wait for prepare
11-18 22:51:03.510: V/AwesomePlayer(1981): onPrepareAsyncEvent
11-18 22:51:03.510: I/SecMediaClock(1981): SecMediaClock constructor
11-18 22:51:03.510: I/SecMediaClock(1981): reset
11-18 22:51:03.510: V/AwesomePlayer(1981): initAudioDecoder
11-18 22:51:03.510: I/OMXCodec(1981): OMXCodec::Create mime (audio/vorbis), flags (0), matchComponentName ((null)), createEncoder (0)
11-18 22:51:03.510: I/OMXCodec(1981): Attempting to allocate OMX node 'OMX.google.vorbis.decoder'
11-18 22:51:03.510: I/OMXCodec(1981): Successfully allocated OMX node 'OMX.google.vorbis.decoder'
11-18 22:51:03.510: I/OMXCodec(1981): [OMX.google.vorbis.decoder] allocating 4 buffers of size 8192 on input port
11-18 22:51:03.510: I/OMXCodec(1981): [OMX.google.vorbis.decoder] allocating 4 buffers of size 32768 on output port
11-18 22:51:03.510: V/AwesomePlayer(1981): onPrepareAsyncEvent
11-18 22:51:03.510: I/SecMediaClock(1981): SecMediaClock constructor
11-18 22:51:03.510: I/SecMediaClock(1981): reset
11-18 22:51:03.510: V/AwesomePlayer(1981): initAudioDecoder
11-18 22:51:03.510: I/OMXCodec(1981): OMXCodec::Create mime (audio/vorbis), flags (0), matchComponentName ((null)), createEncoder (0)
11-18 22:51:03.510: I/OMXCodec(1981): Attempting to allocate OMX node 'OMX.google.vorbis.decoder'
11-18 22:51:03.510: I/OMXCodec(1981): Successfully allocated OMX node 'OMX.google.vorbis.decoder'
11-18 22:51:03.510: I/OMXCodec(1981): [OMX.google.vorbis.decoder] allocating 4 buffers of size 8192 on input port
11-18 22:51:03.510: I/OMXCodec(1981): [OMX.google.vorbis.decoder] allocating 4 buffers of size 32768 on output port
11-18 22:51:03.515: D/PhoneStatusBar(2749): disable: < expand icons alerts ticker system_info back home RECENT* clock search brightness
> 11-18 22:51:03.515: D/PowerManagerService(2394): [api] [s] userActivity : event: 3 flags: 0 (uid: 1000 pid: 2394)
11-18 22:51:03.520: D/KeyguardViewMediator(2394): notifyMultiUserInfo( isLocked = true)
11-18 22:51:03.520: D/KeyguardViewMediator(2394): not support multi user
11-18 22:51:03.525: D/STATUSBAR-PhoneStatusBar(2749): animateCollapsePanels
11-18 22:51:03.530: V/AwesomePlayer(1981): finishAsyncPrepare_l
11-18 22:51:03.530: V/AwesomePlayer(1981): notifyListner_l() msg (200-MEDIA_INFO), ext1 (973), ext2 (0)
11-18 22:51:03.530: V/AudioCache(1981): notify(0x42b8cb60, 200, 973, 0)
11-18 22:51:03.530: V/AudioCache(1981): ignored
11-18 22:51:03.530: V/AwesomePlayer(1981): notifyListner_l() msg (5-MEDIA_SET_VIDEO_SIZE), ext1 (0), ext2 (0)
11-18 22:51:03.530: V/AudioCache(1981): notify(0x42b8cb60, 5, 0, 0)
11-18 22:51:03.530: V/AudioCache(1981): ignored
11-18 22:51:03.530: V/AwesomePlayer(1981): notifyListner_l() msg (1-MEDIA_PREPARED), ext1 (0), ext2 (0)
11-18 22:51:03.530: V/AudioCache(1981): notify(0x42b8cb60, 1, 0, 0)
11-18 22:51:03.530: V/AudioCache(1981): prepared
11-18 22:51:03.530: V/AudioCache(1981): wait - success
11-18 22:51:03.530: V/MediaPlayerService(1981): start
11-18 22:51:03.530: V/StagefrightPlayer(1981): start
11-18 22:51:03.530: V/AwesomePlayer(1981): finishAsyncPrepare_l
11-18 22:51:03.530: V/AwesomePlayer(1981): notifyListner_l() msg (200-MEDIA_INFO), ext1 (973), ext2 (0)
11-18 22:51:03.530: V/AudioCache(1981): notify(0x4282d798, 200, 973, 0)
11-18 22:51:03.530: V/AudioCache(1981): ignored
11-18 22:51:03.530: V/AwesomePlayer(1981): notifyListner_l() msg (5-MEDIA_SET_VIDEO_SIZE), ext1 (0), ext2 (0)
11-18 22:51:03.530: V/AudioCache(1981): notify(0x4282d798, 5, 0, 0)
11-18 22:51:03.530: V/AudioCache(1981): ignored
11-18 22:51:03.530: V/AwesomePlayer(1981): notifyListner_l() msg (1-MEDIA_PREPARED), ext1 (0), ext2 (0)
11-18 22:51:03.530: V/AudioCache(1981): notify(0x4282d798, 1, 0, 0)
11-18 22:51:03.530: V/AudioCache(1981): prepared
11-18 22:51:03.530: V/AudioCache(1981): wait - success
11-18 22:51:03.530: V/MediaPlayerService(1981): start
11-18 22:51:03.530: V/StagefrightPlayer(1981): start
11-18 22:51:03.530: V/AwesomePlayer(1981): play
11-18 22:51:03.530: V/AwesomePlayer(1981): AwesomePlayer::play_l():: This is not a DRM content
11-18 22:51:03.530: V/AwesomePlayer(1981): startAudioPlayer_l, sendErrorNotification (0)
11-18 22:51:03.530: V/AwesomePlayer(1981): play
11-18 22:51:03.530: V/AwesomePlayer(1981): AwesomePlayer::play_l():: This is not a DRM content
11-18 22:51:03.530: V/AwesomePlayer(1981): startAudioPlayer_l, sendErrorNotification (0)
11-18 22:51:03.530: D/STATUSBAR-AirplaneModeQuickSettingButton(2749): onReceive : android.intent.action.CLOSE_SYSTEM_DIALOGS
11-18 22:51:03.535: I/OMXCodec(1981): [OMX.google.vorbis.decoder] allocating 4 buffers of size 32768 on output port
11-18 22:51:03.535: I/OMXCodec(1981): [OMX.google.vorbis.decoder] allocating 4 buffers of size 32768 on output port
11-18 22:51:03.535: I/AudioPlayer(1981): Audio channels(2)
11-18 22:51:03.535: I/AudioPlayer(1981): Audioplayer kKeyAudioPCMFormat:1, 2, 0
11-18 22:51:03.535: I/AudioPlayer(1981): Audioplayer1 (2, 1)
11-18 22:51:03.535: V/AudioCache(1981): open(44100, 2, 0x0, 1, 4)
11-18 22:51:03.535: V/AwesomePlayer(1981): addBatteryData
11-18 22:51:03.535: V/MediaPlayerService(1981): wait for playback complete
11-18 22:51:03.535: I/AudioPlayer(1981): Audio channels(2)
11-18 22:51:03.535: I/AudioPlayer(1981): Audioplayer kKeyAudioPCMFormat:1, 2, 0
11-18 22:51:03.535: I/AudioPlayer(1981): Audioplayer1 (2, 1)
11-18 22:51:03.535: V/AudioCache(1981): open(44100, 2, 0x0, 1, 4)
11-18 22:51:03.535: V/AwesomePlayer(1981): addBatteryData
11-18 22:51:03.540: V/MediaPlayerService(1981): wait for playback complete
11-18 22:51:03.550: I/SurfaceFlinger(1978): id=249 createSurf (720x1280),1 flag=4, Leyguard
11-18 22:51:03.555: V/WindowManager(2394): Window{432ee778 u0 Keyguard}mOrientationRequetedFromKeyguard=true
11-18 22:51:03.560: V/WindowManager(2394): rotationForOrientationLw(orient=1, last=0); user=0 sensorRotation=-1 isCoverOpen=true mLidState=-1 mDockMode=0 mHdmiPlugged=false mAccelerometerDefault=false
11-18 22:51:03.565: V/WindowManager(2394): Application requested orientation 1, got rotation 0 which has compatible metrics
11-18 22:51:03.600: I/OMXCodec(1981): [OMX.google.vorbis.decoder] End Of Stream
11-18 22:51:03.600: V/AwesomePlayer(1981): postAudioEOS delayUs (0)
11-18 22:51:03.600: V/AwesomePlayer(1981): onCheckAudioStatus
11-18 22:51:03.600: V/AwesomePlayer(1981): onCheckAudioStatus() set AUDIO_AT_EOS flag
11-18 22:51:03.600: V/AwesomePlayer(1981): onStreamDone
11-18 22:51:03.600: V/AwesomePlayer(1981): MEDIA_PLAYBACK_COMPLETE
11-18 22:51:03.600: V/AwesomePlayer(1981): notifyListner_l() msg (2-MEDIA_PLAYBACK_COMPLETE), ext1 (0), ext2 (0)
11-18 22:51:03.600: V/AudioCache(1981): notify(0x4282d798, 2, 0, 0)
11-18 22:51:03.600: V/AudioCache(1981): playback complete - thread will wake up later
11-18 22:51:03.600: V/AwesomePlayer(1981): cancelPlayerEvents (keepNotifications=1)
11-18 22:51:03.600: V/AwesomePlayer(1981): addBatteryData
11-18 22:51:03.600: V/AudioCache(1981): wait - success
11-18 22:51:03.600: V/StagefrightPlayer(1981): reset
11-18 22:51:03.600: V/AwesomePlayer(1981): reset_l()
11-18 22:51:03.600: V/AwesomePlayer(1981): cancelPlayerEvents (keepNotifications=0)
11-18 22:51:03.600: V/AwesomePlayer(1981): mAudioTrackVector clear
11-18 22:51:03.600: I/OMXCodec(1981): [OMX.google.vorbis.decoder] stop() sendCommand(0x77, OMX_CommandStateSet, OMX_StateIdle)
11-18 22:51:03.605: I/AudioPlayer(1981): reset out
11-18 22:51:03.605: V/AwesomePlayer(1981): reset_l() mAudioPlayer successfully deleted
11-18 22:51:03.605: I/SecMediaClock(1981): SecMediaClock destructor
11-18 22:51:03.605: V/AwesomePlayer(1981): mSecMediaClock clear
11-18 22:51:03.605: V/StagefrightPlayer(1981): ~StagefrightPlayer
11-18 22:51:03.605: V/StagefrightPlayer(1981): reset
11-18 22:51:03.605: V/AwesomePlayer(1981): reset_l()
11-18 22:51:03.605: V/AwesomePlayer(1981): cancelPlayerEvents (keepNotifications=0)
11-18 22:51:03.605: V/AwesomePlayer(1981): mAudioTrackVector clear
11-18 22:51:03.605: V/AwesomePlayer(1981): reset_l() mAudioPlayer successfully deleted
11-18 22:51:03.605: V/AwesomePlayer(1981): mSecMediaClock clear
11-18 22:51:03.605: V/AwesomePlayer(1981): destructor
11-18 22:51:03.605: V/AwesomePlayer(1981): reset_l()
11-18 22:51:03.605: V/AwesomePlayer(1981): cancelPlayerEvents (keepNotifications=0)
11-18 22:51:03.605: V/AwesomePlayer(1981): mAudioTrackVector clear
11-18 22:51:03.605: V/AwesomePlayer(1981): reset_l() mAudioPlayer successfully deleted
11-18 22:51:03.605: V/AwesomePlayer(1981): mSecMediaClock clear
11-18 22:51:03.605: V/MediaPlayer(2394): decode(448, 21227644, 20394)
11-18 22:51:03.605: V/MediaPlayerService(1981): decode(69, 21227644, 20394)
11-18 22:51:03.605: V/MediaPlayerService(1981): player type = 3
11-18 22:51:03.605: V/AwesomePlayer(1981): setDefault
11-18 22:51:03.605: V/AwesomePlayer(1981): constructor
11-18 22:51:03.605: V/AwesomePlayer(1981): setDefault
11-18 22:51:03.605: V/AwesomePlayer(1981): reset_l()
11-18 22:51:03.605: V/AwesomePlayer(1981): cancelPlayerEvents (keepNotifications=0)
11-18 22:51:03.605: V/AwesomePlayer(1981): mAudioTrackVector clear
11-18 22:51:03.605: V/AwesomePlayer(1981): reset_l() mAudioPlayer successfully deleted
11-18 22:51:03.605: V/AwesomePlayer(1981): mSecMediaClock clear
11-18 22:51:03.605: V/StagefrightPlayer(1981): StagefrightPlayer
11-18 22:51:03.605: V/AwesomePlayer(1981): setListener
11-18 22:51:03.605: V/StagefrightPlayer(1981): initCheck
11-18 22:51:03.605: V/AwesomePlayer(1981): setAudioSink
11-18 22:51:03.605: V/StagefrightPlayer(1981): setDataSource(69, 21227644, 20394)
11-18 22:51:03.605: V/AwesomePlayer(1981): setDataSource (73, 21227644, 20394)
11-18 22:51:03.605: V/AwesomePlayer(1981): reset_l()
11-18 22:51:03.605: V/AwesomePlayer(1981): cancelPlayerEvents (keepNotifications=0)
11-18 22:51:03.605: V/AwesomePlayer(1981): mAudioTrackVector clear
11-18 22:51:03.605: V/AwesomePlayer(1981): reset_l() mAudioPlayer successfully deleted
11-18 22:51:03.605: V/AwesomePlayer(1981): mSecMediaClock clear
11-18 22:51:03.605: V/MediaExtractor(1981): Autodetected media content as 'application/ogg' with confidence 0.20
11-18 22:51:03.610: V/AwesomePlayer(1981): track of type 'audio/vorbis' does not publish bitrate
11-18 22:51:03.610: V/AwesomePlayer(1981): mBitrate = -1 bits/sec
11-18 22:51:03.610: W/AwesomePlayer(1981): couldn't get userdata - Weather
11-18 22:51:03.610: W/AwesomePlayer(1981): couldn't get userdata - Authorization
11-18 22:51:03.610: W/AwesomePlayer(1981): couldn't get userdata - SnapShot
11-18 22:51:03.610: W/AwesomePlayer(1981): couldn't get userdata - SMRD
11-18 22:51:03.610: V/AwesomePlayer(1981): current audio track index (0) is added to vector
11-18 22:51:03.610: V/AwesomePlayer(1981): setDataSource_l: Audio(1), Video(0)
11-18 22:51:03.610: I/AwesomePlayer(1981): AwesomePlayer::setDataSource_l():: This is not a DRM content
11-18 22:51:03.610: V/MediaPlayerService(1981): prepare
11-18 22:51:03.610: V/AwesomePlayer(1981): prepareAsync
11-18 22:51:03.610: V/MediaPlayerService(1981): wait for prepare
11-18 22:51:03.615: V/AwesomePlayer(1981): onPrepareAsyncEvent
11-18 22:51:03.615: I/SecMediaClock(1981): SecMediaClock constructor
11-18 22:51:03.615: I/SecMediaClock(1981): reset
11-18 22:51:03.615: V/AwesomePlayer(1981): initAudioDecoder
11-18 22:51:03.615: I/OMXCodec(1981): OMXCodec::Create mime (audio/vorbis), flags (0), matchComponentName ((null)), createEncoder (0)
11-18 22:51:03.615: I/OMXCodec(1981): Attempting to allocate OMX node 'OMX.google.vorbis.decoder'
11-18 22:51:03.615: I/OMXCodec(1981): Successfully allocated OMX node 'OMX.google.vorbis.decoder'
11-18 22:51:03.615: I/OMXCodec(1981): [OMX.google.vorbis.decoder] allocating 4 buffers of size 8192 on input port
11-18 22:51:03.615: I/OMXCodec(1981): [OMX.google.vorbis.decoder] allocating 4 buffers of size 32768 on output port
11-18 22:51:03.620: I/OMXCodec(1981): [OMX.google.vorbis.decoder] End Of Stream
11-18 22:51:03.620: V/AwesomePlayer(1981): finishAsyncPrepare_l
11-18 22:51:03.620: V/AwesomePlayer(1981): notifyListner_l() msg (200-MEDIA_INFO), ext1 (973), ext2 (0)
11-18 22:51:03.620: V/AudioCache(1981): notify(0x4002a008, 200, 973, 0)
11-18 22:51:03.620: V/AudioCache(1981): ignored
11-18 22:51:03.620: V/AwesomePlayer(1981): notifyListner_l() msg (5-MEDIA_SET_VIDEO_SIZE), ext1 (0), ext2 (0)
11-18 22:51:03.620: V/AudioCache(1981): notify(0x4002a008, 5, 0, 0)
11-18 22:51:03.620: V/AudioCache(1981): ignored
11-18 22:51:03.620: V/AwesomePlayer(1981): notifyListner_l() msg (1-MEDIA_PREPARED), ext1 (0), ext2 (0)
11-18 22:51:03.620: V/AudioCache(1981): notify(0x4002a008, 1, 0, 0)
11-18 22:51:03.620: V/AudioCache(1981): prepared
11-18 22:51:03.620: V/AudioCache(1981): wait - success
11-18 22:51:03.620: V/MediaPlayerService(1981): start
11-18 22:51:03.620: V/StagefrightPlayer(1981): start
11-18 22:51:03.620: V/AwesomePlayer(1981): play
11-18 22:51:03.620: V/AwesomePlayer(1981): AwesomePlayer::play_l():: This is not a DRM content
11-18 22:51:03.620: V/AwesomePlayer(1981): startAudioPlayer_l, sendErrorNotification (0)
11-18 22:51:03.625: V/AwesomePlayer(1981): postAudioEOS delayUs (0)
11-18 22:51:03.630: V/AwesomePlayer(1981): onCheckAudioStatus
11-18 22:51:03.630: V/AwesomePlayer(1981): onCheckAudioStatus() set AUDIO_AT_EOS flag
11-18 22:51:03.630: V/AwesomePlayer(1981): onStreamDone
11-18 22:51:03.630: V/AwesomePlayer(1981): MEDIA_PLAYBACK_COMPLETE
11-18 22:51:03.630: V/AwesomePlayer(1981): notifyListner_l() msg (2-MEDIA_PLAYBACK_COMPLETE), ext1 (0), ext2 (0)
11-18 22:51:03.630: V/AudioCache(1981): notify(0x42b8cb60, 2, 0, 0)
11-18 22:51:03.630: V/AudioCache(1981): playback complete - thread will wake up later
11-18 22:51:03.630: V/AwesomePlayer(1981): cancelPlayerEvents (keepNotifications=1)
11-18 22:51:03.630: V/AwesomePlayer(1981): addBatteryData
11-18 22:51:03.630: V/AudioCache(1981): wait - success
11-18 22:51:03.630: V/StagefrightPlayer(1981): reset
11-18 22:51:03.630: V/AwesomePlayer(1981): reset_l()
11-18 22:51:03.630: V/AwesomePlayer(1981): cancelPlayerEvents (keepNotifications=0)
11-18 22:51:03.630: V/AwesomePlayer(1981): mAudioTrackVector clear
11-18 22:51:03.630: I/OMXCodec(1981): [OMX.google.vorbis.decoder] stop() sendCommand(0x76, OMX_CommandStateSet, OMX_StateIdle)
11-18 22:51:03.630: I/AudioPlayer(1981): reset out
11-18 22:51:03.630: V/AwesomePlayer(1981): reset_l() mAudioPlayer successfully deleted
11-18 22:51:03.630: I/SecMediaClock(1981): SecMediaClock destructor
11-18 22:51:03.630: V/AwesomePlayer(1981): mSecMediaClock clear
11-18 22:51:03.630: V/StagefrightPlayer(1981): ~StagefrightPlayer
