I/RDGE ( 467): ActiveShelfSceneRunState::reloadTexture( 8 )
D/RDGE ( 467): glTexSubImage2D( 228x361 ) - tname=2730039; tex=0x55331e40; name='ActiveShelfSceneRunState:11'
D/dalvikvm( 467): GC_CONCURRENT freed 1939K, 24% free 27129K/35655K, paused 3ms+6ms
I/RDGE ( 467): ActiveShelfSceneRunState::onImageLoaded( 10, 0x57d99b24 ) - 228 x 361 (opaque='false')
I/RDGE ( 467): ActiveShelfSceneRunState::reloadTexture( 7 )
D/RDGE ( 467): glTexSubImage2D( 228x361 ) - tname=2800040; tex=0x55331ec0; name='ActiveShelfSceneRunState:10'
I/RDGE ( 467): ActiveShelfSceneRunState::onImageLoaded( 9, 0x57d99b24 ) - 228 x 361 (opaque='false')
I/RDGE ( 467): ActiveShelfSceneRunState::reloadTexture( 6 )
D/RDGE ( 467): glTexSubImage2D( 228x361 ) - tname=2870041; tex=0x55331f40; name='ActiveShelfSceneRunState:9'
I/RDGE ( 467): ActiveShelfSceneRunState::onImageLoaded( 8, 0x57d99b24 ) - 228 x 361 (opaque='false')
I/RDGE ( 467): ActiveShelfSceneRunState::reloadTexture( 5 )
D/RDGE ( 467): glTexSubImage2D( 228x361 ) - tname=2940042; tex=0x55331fc0; name='ActiveShelfSceneRunState:8'
I/RDGE ( 467): ActiveShelfSceneRunState::onImageLoaded( 7, 0x57d99b24 ) - 228 x 361 (opaque='false')
I/RDGE ( 467): ActiveShelfSceneRunState::reloadTexture( 4 )
D/RDGE ( 467): glTexSubImage2D( 228x361 ) - tname=3010043; tex=0x55332040; name='ActiveShelfSceneRunState:7'
I/RDGE ( 467): ActiveShelfSceneRunState::onImageLoaded( 6, 0x57d99b24 ) - 228 x 361 (opaque='false')
I/RDGE ( 467): ActiveShelfSceneRunState::reloadTexture( 3 )
D/RDGE ( 467): glTexSubImage2D( 228x361 ) - tname=3080044; tex=0x553320c0; name='ActiveShelfSceneRunState:6'
I/RDGE ( 467): ActiveShelfSceneRunState::onImageLoaded( 5, 0x57d99b24 ) - 228 x 361 (opaque='false')
I/RDGE ( 467): ActiveShelfSceneRunState::reloadTexture( 2 )
D/RDGE ( 467): glTexSubImage2D( 228x361 ) - tname=3150045; tex=0x55332140; name='ActiveShelfSceneRunState:5'
D/dalvikvm( 467): GC_CONCURRENT freed 1934K, 24% free 27129K/35655K, paused 2ms+3ms
I/RDGE ( 467): ActiveShelfSceneRunState::onImageLoaded( 4, 0x57d99b24 ) - 228 x 361 (opaque='false')
I/RDGE ( 467): ActiveShelfSceneRunState::reloadTexture( 1 )
D/RDGE ( 467): glTexSubImage2D( 228x361 ) - tname=3220046; tex=0x553321c0; name='ActiveShelfSceneRunState:4'
I/RDGE ( 467): ActiveShelfSceneRunState::onImageLoaded( 3, 0x57d99b24 ) - 228 x 361 (opaque='false')
I/RDGE ( 467): ActiveShelfSceneRunState::reloadTexture( 0 )
D/RDGE ( 467): glTexSubImage2D( 228x361 ) - tname=3290047; tex=0x55332240; name='ActiveShelfSceneRunState:3'
I/RDGE ( 467): ActiveShelfSceneRunState::onImageLoaded( 2, 0x57d99b24 ) - 228 x 361 (opaque='false')
D/RDGE ( 467): glTexSubImage2D( 228x361 ) - tname=3360048; tex=0x553322c0; name='ActiveShelfSceneRunState:2'
I/RDGE ( 467): ActiveShelfSceneRunState::onImageLoaded( 1, 0x57d99b24 ) - 228 x 361 (opaque='false')
D/RDGE ( 467): glTexSubImage2D( 228x361 ) - tname=3430049; tex=0x55332340; name='ActiveShelfSceneRunState:1'
I/RDGE ( 467): ActiveShelfSceneRunState::onImageLoaded( 0, 0x57d99b24 ) - 228 x 361 (opaque='false')
D/RDGE ( 467): glTexSubImage2D( 228x361 ) - tname=3500050; tex=0x553323c0; name='ActiveShelfSceneRunState:0'
D/CallStack( 8481): Flushing caches (mode 1)
I/ActivityManager( 202): No longer want com.android.musicfx (pid 7660): hidden #16
I/InputReader( 202): Reconfiguring input devices. changes=0x00000004
I/InputReader( 202): Device reconfigured: id=6, name='ft5x06-i2c', surface size is now 900x1440, mode is 1
D/dalvikvm( 202): GC_CONCURRENT freed 2007K, 34% free 20788K/31239K, paused 8ms+17ms
D/dalvikvm( 202): GC_EXPLICIT freed 103K, 34% free 20685K/31239K, paused 6ms+10ms
E/RDGE ( 467): OVERFLOW ERROR: Can't convert uint64 value 3301247000 to type 'int32'
E/RDGE ( 467): Dispatching single-tap
D/RDGE ( 467): ActiveShelfSceneRunState received single-tap
E/RDGE ( 467): Collided mesh = |center|centerShapewhite
I/RDGE ( 467): Tap collision item index = 19
E/RDGE ( 467): ActiveShelfScene item idx=19 single-tapped
I/ActivityManager( 202): START {act=android.intent.action.MAIN cat=[android.intent.category.LAUNCHER] flg=0x10200000 pkg=net.gcompris cmp=net.gcompris/.GComprisActivity} from pid 467
I/TC ( 444): KPICollector: 1421812199314 Home item_opened {"ean":"net.gcompris","list_position":"19","location":"activeshelf"}
I/main ( 467): RDGEActivity - RDGEActivity.onPause()
I/main ( 467): RDGEApp - RDGEApp.onPause()
I/main ( 467): RDGEApp - RDGEApp: pausing INGLView com.bn.nook.rdgenook.view.ActiveShelfSceneView@42107400
I/main ( 467): RDGEApp - RDGEApp: finished pausing INGLView com.bn.nook.rdgenook.view.ActiveShelfSceneView@42107400
I/main ( 467): RDGEActivity - RDGE pause time: 0ms
D/MediaProvider( 7398): update() - BN handled
I/ActivityManager( 202): Start proc net.gcompris for activity net.gcompris/.GComprisActivity: pid=8656 uid=10114 gids={3003}
I/TC ( 444): KPICollector: 1421812199475 platform process_start {"processName":"net.gcompris"}
D/CallStack( 467): Flushing caches (mode 1)
D/CallStack( 467): Flushing caches (mode 0)
I/TC ( 444): KPICollector: 1421812199523 ActivityManager background {"component":"com.nook.home2\/.MainActivity"}
I/TC ( 444): KPICollector: 1421812199532 ActivityManager foreground {"component":"net.gcompris\/.GComprisActivity"}
D/dalvikvm( 8656): GC_FOR_ALLOC freed 76K, 2% free 9264K/9415K, paused 14ms
I/dalvikvm-heap( 8656): Grow heap (frag case) to 9.666MB for 592736-byte allocation
D/dalvikvm( 8656): GC_CONCURRENT freed <1K, 3% free 9841K/10055K, paused 1ms+1ms
D/dalvikvm( 8656): Trying to load lib /data/data/net.gcompris/lib/libgnustl_shared.so 0x413c3678
D/dalvikvm( 8656): Added shared lib /data/data/net.gcompris/lib/libgnustl_shared.so 0x413c3678
D/dalvikvm( 8656): No JNI_OnLoad found in /data/data/net.gcompris/lib/libgnustl_shared.so 0x413c3678, skipping init
D/dalvikvm( 8656): Trying to load lib /data/data/net.gcompris/lib/libQt5Core.so 0x413c3678
D/dalvikvm( 8656): Added shared lib /data/data/net.gcompris/lib/libQt5Core.so 0x413c3678
D/dalvikvm( 8656): Trying to load lib /data/data/net.gcompris/lib/libQt5Network.so 0x413c3678
D/dalvikvm( 8656): Added shared lib /data/data/net.gcompris/lib/libQt5Network.so 0x413c3678
D/dalvikvm( 8656): No JNI_OnLoad found in /data/data/net.gcompris/lib/libQt5Network.so 0x413c3678, skipping init
D/dalvikvm( 8656): Trying to load lib /data/data/net.gcompris/lib/libQt5Qml.so 0x413c3678
D/dalvikvm( 8656): Added shared lib /data/data/net.gcompris/lib/libQt5Qml.so 0x413c3678
D/dalvikvm( 8656): No JNI_OnLoad found in /data/data/net.gcompris/lib/libQt5Qml.so 0x413c3678, skipping init
D/dalvikvm( 8656): Trying to load lib /data/data/net.gcompris/lib/libQt5Gui.so 0x413c3678
D/dalvikvm( 8656): Added shared lib /data/data/net.gcompris/lib/libQt5Gui.so 0x413c3678
D/dalvikvm( 8656): No JNI_OnLoad found in /data/data/net.gcompris/lib/libQt5Gui.so 0x413c3678, skipping init
D/dalvikvm( 8656): Trying to load lib /data/data/net.gcompris/lib/libQt5Quick.so 0x413c3678
D/dalvikvm( 8656): Added shared lib /data/data/net.gcompris/lib/libQt5Quick.so 0x413c3678
D/dalvikvm( 8656): No JNI_OnLoad found in /data/data/net.gcompris/lib/libQt5Quick.so 0x413c3678, skipping init
D/dalvikvm( 8656): Trying to load lib /data/data/net.gcompris/lib/libQt5QuickParticles.so 0x413c3678
D/dalvikvm( 8656): Added shared lib /data/data/net.gcompris/lib/libQt5QuickParticles.so 0x413c3678
D/dalvikvm( 8656): No JNI_OnLoad found in /data/data/net.gcompris/lib/libQt5QuickParticles.so 0x413c3678, skipping init
D/dalvikvm( 8656): Trying to load lib /data/data/net.gcompris/lib/libQt5Multimedia.so 0x413c3678
D/dalvikvm( 8656): Added shared lib /data/data/net.gcompris/lib/libQt5Multimedia.so 0x413c3678
D/dalvikvm( 8656): No JNI_OnLoad found in /data/data/net.gcompris/lib/libQt5Multimedia.so 0x413c3678, skipping init
D/dalvikvm( 8656): Trying to load lib /data/data/net.gcompris/lib/libQt5MultimediaQuick_p.so 0x413c3678
D/dalvikvm( 8656): Added shared lib /data/data/net.gcompris/lib/libQt5MultimediaQuick_p.so 0x413c3678
D/dalvikvm( 8656): No JNI_OnLoad found in /data/data/net.gcompris/lib/libQt5MultimediaQuick_p.so 0x413c3678, skipping init
D/dalvikvm( 8656): Trying to load lib /data/data/net.gcompris/lib/libQt5Widgets.so 0x413c3678
D/BatteryService( 202): PROCESSVALUES : update plugged:false was:false stat:4 zone:16 was:16 send low:false
D/dalvikvm( 8656): Added shared lib /data/data/net.gcompris/lib/libQt5Widgets.so 0x413c3678
D/dalvikvm( 8656): No JNI_OnLoad found in /data/data/net.gcompris/lib/libQt5Widgets.so 0x413c3678, skipping init
D/dalvikvm( 8656): Trying to load lib /data/data/net.gcompris/lib/libQt5Svg.so 0x413c3678
D/dalvikvm( 8656): Added shared lib /data/data/net.gcompris/lib/libQt5Svg.so 0x413c3678
D/dalvikvm( 8656): No JNI_OnLoad found in /data/data/net.gcompris/lib/libQt5Svg.so 0x413c3678, skipping init
D/dalvikvm( 8656): Trying to load lib /data/data/net.gcompris/lib/libQt5Xml.so 0x413c3678
D/dalvikvm( 8656): Added shared lib /data/data/net.gcompris/lib/libQt5Xml.so 0x413c3678
D/dalvikvm( 8656): No JNI_OnLoad found in /data/data/net.gcompris/lib/libQt5Xml.so 0x413c3678, skipping init
D/dalvikvm( 8656): Trying to load lib /data/data/net.gcompris/lib/libQt5XmlPatterns.so 0x413c3678
D/dalvikvm( 8656): Added shared lib /data/data/net.gcompris/lib/libQt5XmlPatterns.so 0x413c3678
D/dalvikvm( 8656): No JNI_OnLoad found in /data/data/net.gcompris/lib/libQt5XmlPatterns.so 0x413c3678, skipping init
D/dalvikvm( 8656): Trying to load lib /data/data/net.gcompris/lib/libQt5AndroidExtras.so 0x413c3678
D/dalvikvm( 8656): Added shared lib /data/data/net.gcompris/lib/libQt5AndroidExtras.so 0x413c3678
D/dalvikvm( 8656): No JNI_OnLoad found in /data/data/net.gcompris/lib/libQt5AndroidExtras.so 0x413c3678, skipping init
D/dalvikvm( 8656): Trying to load lib /data/data/net.gcompris/qt-reserved-files/plugins/platforms/android/libqtforandroid.so 0x413c3678
D/dalvikvm( 8656): Added shared lib /data/data/net.gcompris/qt-reserved-files/plugins/platforms/android/libqtforandroid.so 0x413c3678
I/Qt ( 8656): qt start
D/dalvikvm( 8656): Trying to load lib /data/data/net.gcompris/lib/libQt5QuickParticles.so 0x413c3678
D/dalvikvm( 8656): Shared lib '/data/data/net.gcompris/lib/libQt5QuickParticles.so' already loaded in same CL 0x413c3678
D/dalvikvm( 8656): Trying to load lib /data/data/net.gcompris/qt-reserved-files/plugins/mediaservice/libqtmedia_android.so 0x413c3678
D/dalvikvm( 8656): Added shared lib /data/data/net.gcompris/qt-reserved-files/plugins/mediaservice/libqtmedia_android.so 0x413c3678
D/dalvikvm( 8656): Trying to load lib /data/data/net.gcompris/lib/libQt5MultimediaQuick_p.so 0x413c3678
D/dalvikvm( 8656): Shared lib '/data/data/net.gcompris/lib/libQt5MultimediaQuick_p.so' already loaded in same CL 0x413c3678
D/dalvikvm( 8656): Trying to load lib /data/data/net.gcompris/lib/libGCompris.so 0x413c3678
D/dalvikvm( 8656): Added shared lib /data/data/net.gcompris/lib/libGCompris.so 0x413c3678
D/dalvikvm( 8656): GC_CONCURRENT freed 199K, 3% free 10079K/10375K, paused 2ms+1ms
D/libEGL ( 8656): loaded /system/lib/egl/libGLES_android.so
D/libEGL ( 8656): loaded /vendor/lib/egl/libEGL_POWERVR_SGX544_112.so
D/libEGL ( 8656): loaded /vendor/lib/egl/libGLESv1_CM_POWERVR_SGX544_112.so
D/libEGL ( 8656): loaded /vendor/lib/egl/libGLESv2_POWERVR_SGX544_112.so
W/InputManagerService( 202): Starting input on non-focused client com.android.internal.view.IInputMethodClient$Stub$Proxy@41ce7b18 (uid=10000 pid=467)
I/ActivityManager( 202): Displayed net.gcompris/.GComprisActivity: +777ms
I/main ( 467): RDGEActivity - RDGEActivity.onStop()
I/main ( 467): RDGEApp - RDGEApp.onStop()
D/MediaProvider( 7398): query() - BN handled
D/MediaProvider( 7398): query() - BN handled
D/MediaProvider( 7398): query() - BN handled
D/dalvikvm( 7398): GC_CONCURRENT freed 434K, 9% free 9426K/10311K, paused 2ms+2ms
D/MediaProvider( 7398): query() - BN handled
D/MediaProvider( 7398): query() - BN handled
D/MediaProvider( 7398): query() - BN handled
D/Finsky ( 6726): [481] InAppBillingUtils.pickAccount: net.gcompris: Account determined from installer data - [eyZ7vrbN--wQ9OObYy3ZrN3sUVU]
D/Qt ( 8656): /home/bdoin/Projets/gcompris/gcompris-kde/src/core/main.cpp:46 (bool loadAndroidTranslation(QTranslator&, const QString&)): file assets:/ "en_US" .qm exists
W/Qt ( 8656): io/qiodevice.cpp:820 (qint64 QIODevice::read(char*, qint64)): QIODevice::read: device not open
D/Qt ( 8656): /home/bdoin/Projets/gcompris/gcompris-kde/src/core/main.cpp:51 (bool loadAndroidTranslation(QTranslator&, const QString&)): Unable to load translation for locale "en_US" , use en_US by default
D/Qt ( 8656): /home/bdoin/Projets/gcompris/gcompris-kde/src/core/main.cpp:46 (bool loadAndroidTranslation(QTranslator&, const QString&)): file assets:/ "en" .qm exists
W/Qt ( 8656): io/qiodevice.cpp:820 (qint64 QIODevice::read(char*, qint64)): QIODevice::read: device not open
D/Qt ( 8656): /home/bdoin/Projets/gcompris/gcompris-kde/src/core/main.cpp:51 (bool loadAndroidTranslation(QTranslator&, const QString&)): Unable to load translation for locale "en" , use en_US by default
D/Qt ( 8656): /home/bdoin/Projets/gcompris/gcompris-kde/src/core/ApplicationSettings.cpp:264 (void ApplicationSettings::notifyExeCountChanged()): exeCount set to: 4
D/Qt ( 8656): /home/bdoin/Projets/gcompris/gcompris-kde/src/core/DownloadManager.cpp:168 (bool DownloadManager::updateResource(const QString&)): No such local resource and download prohibited: "data/voices/voices-en.rcc"
D/dalvikvm( 467): GC_CONCURRENT freed 2851K, 27% free 26220K/35655K, paused 3ms+3ms
D/MediaProvider( 7398): query() - BN handled
D/MediaProvider( 7398): query() - BN handled
D/MediaProvider( 7398): query() - BN handled
D/Qt ( 8656): qrc:/gcompris/src/core/main.qml:84 (onCompleted): qml: enter main.qml (run #4, ratio=1.695, fontRatio=1.527027027027027, dpi=243)
E/MediaPlayerService( 132): Error when opening /sys/devices/system/cpu/cpufreq/interactive/boostpulse
E/ASFDummyExtractor( 132): isASFParserAvailable
W/ASFDummyExtractor( 132): ASF parser is not available
E/ASFDummyExtractor( 132): isASFParserAvailable
W/ASFDummyExtractor( 132): ASF parser is not available
E/AudioPlayer( 132): PCM Properties: SampleRate 44100 , Channels 2 BitRate 31755768
I/AudioSink( 132): Channelcount = 2
I/AudioPlayer( 132): mLatencyUs = 348000
W/AudioPlayer( 132): time is rewinding: -72926 Tf=1 t0=4273005310 pos0=-72926 dt=0 now=4273005310 last=0 now_last=0
I/audio_hw_primary( 132): AUDIO DEVICE OUT: 0x00040002
W/Qt ( 8656): opengl/qopenglshaderprogram.cpp:322 (bool QOpenGLShaderPrivate::compile(QOpenGLShader*)): QOpenGLShader::compile(Vertex): Compile failed.
W/Qt ( 8656):
W/Qt ( 8656): opengl/qopenglshaderprogram.cpp:328 (bool QOpenGLShaderPrivate::compile(QOpenGLShader*)): *** Problematic Vertex shader source code ***
W/Qt ( 8656): opengl/qopenglshaderprogram.cpp:329 (bool QOpenGLShaderPrivate::compile(QOpenGLShader*)): #define COLOR
W/Qt ( 8656): #define DEFORM
W/Qt ( 8656):
W/Qt ( 8656): #if defined(DEFORM)
W/Qt ( 8656): attribute highp vec4 vPosTex;
W/Qt ( 8656): #else
W/Qt ( 8656): attribute highp vec2 vPos;
W/Qt ( 8656): #endif
W/Qt ( 8656):
W/Qt ( 8656): attribute highp vec4 vData; // x = time, y = lifeSpan, z = size, w = endSize
W/Qt ( 8656): attribute highp vec4 vVec; // x,y = constant velocity, z,w = acceleration
W/Qt ( 8656): uniform highp float entry;
W/Qt ( 8656):
W/Qt ( 8656): #if defined(COLOR)
W/Qt ( 8656): attribute highp vec4 vColor;
W/Qt ( 8656): #endif
W/Qt ( 8656):
W/Qt ( 8656): #if defined(DEFORM)
W/Qt ( 8656): attribute highp vec4 vDeformVec; // x,y x unit vector; z,w = y unit vector
W/Qt ( 8656): attribute highp vec3 vRotation; // x = radians of rotation, y = rotation velocity, z = bool autoRotate
W/Qt ( 8656): #endif
W/Qt ( 8656):
W/Qt ( 8656): #if defined(SPRITE)
W/Qt ( 8656): attribute highp vec3 vAnimData; // w,h(premultiplied of anim), interpolation progress
W/Qt ( 8656): attribute highp vec4 vAnimPos; // x,y, x,y (two frames for interpolation)
W/Qt ( 8656): #endif
W/Qt ( 8656):
W/Qt ( 8656): uniform highp mat4 qt_Matrix;
W/Qt ( 8656): uniform highp float timestamp;
W/Qt ( 8656):
W/Qt ( 8656): #if defined(TABLE)
W/Qt ( 8656): varying lowp vec2 tt;//y is progress if Sprite mode
W/Qt ( 8656): uniform highp float sizetable[64];
W/Qt ( 8656): uniform hig
W/Qt ( 8656): opengl/qopenglshaderprogram.cpp:330 (bool QOpenGLShaderPrivate::compile(QOpenGLShader*)): ***
W/Qt ( 8656): opengl/qopenglshaderprogram.cpp:940 (virtual bool QOpenGLShaderProgram::link()): QOpenGLShader::link: "Link Error: Vertex shader is missing.
W/Qt ( 8656): "
W/Qt ( 8656): scenegraph/coreapi/qsgmaterial.cpp:369 (virtual void QSGMaterialShader::compile()): QSGMaterialShader: Shader compilation failed:
W/Qt ( 8656): scenegraph/coreapi/qsgmaterial.cpp:370 (virtual void QSGMaterialShader::compile()): "Link Error: Vertex shader is missing.
W/Qt ( 8656): "
W/Qt ( 8656): opengl/qopenglshaderprogram.cpp:1781 (int QOpenGLShaderProgram::uniformLocation(const char*) const): QOpenGLShaderProgram::uniformLocation( qt_Matrix ): shader program is not linked
F/Qt ( 8656): ../../include/QtQuick/../../src/quick/scenegraph/util/qsgsimplematerial.h:58 (void QSGSimpleMaterialShader::initialize() [with State = DeformableMaterialData]): QSGSimpleMaterialShader does not implement 'uniform highp mat4 qt_Matrix;' in its vertex shader
F/libc ( 8656): Fatal signal 11 (SIGSEGV) at 0xdeadbaad (code=1)
I/DEBUG ( 128): *** *** *** *** *** *** *** *** *** *** *** *** *** *** *** ***
I/DEBUG ( 128): Build fingerprint: 'NOOK/HD/hummingbird:4.0.4/IMM76L/2.2.0.8013:user/release-keys'
I/DEBUG ( 128): pid: 8656, tid: 8675 >>> net.gcompris <<<
I/DEBUG ( 128): signal 11 (SIGSEGV), code 1 (SEGV_MAPERR), fault addr deadbaad
I/DEBUG ( 128): r0 deadbaad r1 00000001 r2 40000000 r3 00000000
I/DEBUG ( 128): r4 00000000 r5 00000027 r6 593f29c0 r7 01162df0
I/DEBUG ( 128): r8 5469f4b8 r9 593f2a3c 10 593f2a38 fp 01162dfc
I/DEBUG ( 128): ip ffffffff sp 593f2990 lr 400a6fc1 pc 400a3708 cpsr 60000030
I/DEBUG ( 128): d0 6576207374692064 d1 6168732078657465
I/DEBUG ( 128): d2 706d6920746f6e72 d3 2720746e656d650a
I/DEBUG ( 128): d4 206d726f66696e75 d5 616d207068676968
I/DEBUG ( 128): d6 614d5f7471203474 d7 6920273b78697274
I/DEBUG ( 128): d8 3ff0000000000000 d9 3ff0000000000000
I/DEBUG ( 128): d10 3ff0000000000000 d11 0000000000000000
I/DEBUG ( 128): d12 0000000000000000 d13 0000000000000000
I/DEBUG ( 128): d14 0000000000000000 d15 0000000000000000
I/DEBUG ( 128): d16 3fe7b66000000000 d17 3e2955ee2f6cc000
I/DEBUG ( 128): d18 3fe0000000000000 d19 3fe0000001955ee3
I/DEBUG ( 128): d20 bf75c6d5a10f7452 d21 3f4e67efe86ccc15
I/DEBUG ( 128): d22 393f1976b7ed8fc0 d23 3de5d93a5acfd57c
I/DEBUG ( 128): d24 bfb3b0f2b17d1125 d25 3fb10d66a28c4531
I/DEBUG ( 128): d26 bfadde2d556ad9cc d27 3fa97b4b2598a788
I/DEBUG ( 128): d28 bfa2b4442c6a6c2f d29 3f49ffde5d07f7bf
I/DEBUG ( 128): d30 0000000000000000 d31 0000000000000000
I/DEBUG ( 128): scr 80000013
I/DEBUG ( 128):
I/DEBUG ( 128): #00 pc 00017708 /system/lib/libc.so
I/DEBUG ( 128): #01 lr 400a6fc1 /system/lib/libc.so
I/DEBUG ( 128):
I/DEBUG ( 128): code around pc:
I/DEBUG ( 128): 400a36e8 4623b15c 2c006824 e026d1fb b12368db \.#F$h.,..&..h#.
I/DEBUG ( 128): 400a36f8 21014a17 6011447a 48124798 24002527 .J.!zD.`.G.H'%.$
I/DEBUG ( 128): 400a3708 f7f47005 2106ef44 efe0f7f5 460aa901 .p..D..!.......F
I/DEBUG ( 128): 400a3718 f04f2006 94015380 94029303 eb9cf7f5 . O..S..........
I/DEBUG ( 128): 400a3728 4622a905 f7f52002 f7f4eba6 2106ef30 .."F. ......0..!
I/DEBUG ( 128):
I/DEBUG ( 128): code around lr:
I/DEBUG ( 128): 400a6fa0 41f0e92d 46804c0c 447c2600 68a56824 -..A.L.F.&|D$h.h
I/DEBUG ( 128): 400a6fb0 e0076867 300cf9b5 dd022b00 47c04628 gh.....0.+..(F.G
I/DEBUG ( 128): 400a6fc0 35544306 37fff117 6824d5f4 d1ee2c00 .CT5...7..$h.,..
I/DEBUG ( 128): 400a6fd0 e8bd4630 bf0081f0 0002853a 41f0e92d 0F......:...-..A
I/DEBUG ( 128): 400a6fe0 fb01b086 9004f602 461f4815 4615460c .........H.F.F.F
I/DEBUG ( 128):
I/DEBUG ( 128): memory map around addr deadbaad:
I/DEBUG ( 128): beefe000-bef1f000 [stack]
I/DEBUG ( 128): (no map for address)
I/DEBUG ( 128): ffff0000-ffff1000 [vectors]
I/DEBUG ( 128):
I/DEBUG ( 128): stack:
I/DEBUG ( 128): 593f2950 53c5b9a9 /data/data/net.gcompris/lib/libQt5Core.so
I/DEBUG ( 128): 593f2954 593f29c0
I/DEBUG ( 128): 593f2958 00000003
I/DEBUG ( 128): 593f295c 593f29dc
I/DEBUG ( 128): 593f2960 400cf70c /system/lib/libc.so
I/DEBUG ( 128): 593f2964 400d485c
I/DEBUG ( 128): 593f2968 00000000
I/DEBUG ( 128): 593f296c 400a6fc1 /system/lib/libc.so
I/DEBUG ( 128): 593f2970 00000000
I/DEBUG ( 128): 593f2974 593f29a4
I/DEBUG ( 128): 593f2978 593f29c0
I/DEBUG ( 128): 593f297c 01162df0 [heap]
I/DEBUG ( 128): 593f2980 5469f4b8 /data/data/net.gcompris/lib/libQt5Quick.so
I/DEBUG ( 128): 593f2984 400a612d /system/lib/libc.so
I/DEBUG ( 128): 593f2988 df0027ad
I/DEBUG ( 128): 593f298c 00000000
I/DEBUG ( 128): #00 593f2990 593f2a38
I/DEBUG ( 128): 593f2994 010c3de0 [heap]
I/DEBUG ( 128): 593f2998 593f29d0
I/DEBUG ( 128): 593f299c 53e49924 /data/data/net.gcompris/lib/libQt5Core.so
I/DEBUG ( 128): 593f29a0 593f29c0
I/DEBUG ( 128): 593f29a4 fffffbdf
I/DEBUG ( 128): 593f29a8 5469f4b8 /data/data/net.gcompris/lib/libQt5Quick.so
I/DEBUG ( 128): 593f29ac 593f29d0
I/DEBUG ( 128): 593f29b0 53e49924 /data/data/net.gcompris/lib/libQt5Core.so
I/DEBUG ( 128): 593f29b4 53c59fdb /data/data/net.gcompris/lib/libQt5Core.so
I/DEBUG ( 128): 593f29b8 593f29c0
I/DEBUG ( 128): 593f29bc 544b7b98 /data/data/net.gcompris/lib/libQt5Gui.so
I/DEBUG ( 128): 593f29c0 010c3de0 [heap]
I/DEBUG ( 128): 593f29c4 593f29d0
I/DEBUG ( 128): 593f29c8 546b07d5 /data/data/net.gcompris/lib/libQt5QuickParticles.so
I/DEBUG ( 128): 593f29cc 546cf07d /data/data/net.gcompris/lib/libQt5QuickParticles.so
I/DEBUG ( 128): 593f29d0 546cef97 /data/data/net.gcompris/lib/libQt5QuickParticles.so
I/DEBUG ( 128): 593f29d4 546cf075 /data/data/net.gcompris/lib/libQt5QuickParticles.so
I/BootReceiver( 202): Copying /data/tombstones/tombstone_04 to DropBox (SYSTEM_TOMBSTONE)
I/ActivityManager( 202): Process net.gcompris (pid 8656) has died.
I/WindowManager( 202): WIN DEATH: Window{41ccbae8 net.gcompris/net.gcompris.GComprisActivity paused=false}
W/ActivityManager( 202): Force removing ActivityRecord{416458a0 net.gcompris/.GComprisActivity}: app died, no saved state
W/AudioFlinger( 132): session id 41 not found for pid 132
W/WindowManager( 202): Force-removing child win Window{41ccd140 SurfaceView paused=false} from container Window{41ccbae8 net.gcompris/net.gcompris.GComprisActivity paused=false}
D/Zygote ( 198): Process 8656 terminated by signal (11)
W/WindowManager( 202): Failed looking up window
W/WindowManager( 202): java.lang.IllegalArgumentException: Requested window android.os.BinderProxy@418e3330 does not exist
W/WindowManager( 202): at com.android.server.wm.WindowManagerService.windowForClientLocked(WindowManagerService.java:7189)
W/WindowManager( 202): at com.android.server.wm.WindowManagerService.windowForClientLocked(WindowManagerService.java:7180)
W/WindowManager( 202): at com.android.server.wm.WindowState$DeathRecipient.binderDied(WindowState.java:1551)
W/WindowManager( 202): at android.os.BinderProxy.sendDeathNotice(Binder.java:417)
W/WindowManager( 202): at dalvik.system.NativeStart.run(Native Method)
I/main ( 467): RDGEActivity - RDGEActivity.onRestart()
I/main ( 467): RDGEApp - RDGEApp.onRestart()
I/main ( 467): RDGEActivity - RDGEActivity.onStart()
I/main ( 467): RDGEApp - RDGEApp.onStart()
I/main ( 467): RDGEActivity - RDGEActivity.onResume()
I/main ( 467): RDGEApp - RDGEApp.onResume()
I/main ( 467): RDGEApp - RDGEApp: resuming INGLView com.bn.nook.rdgenook.view.ActiveShelfSceneView@42107400
I/main ( 467): RDGEApp - RDGEApp: finished resuming INGLView com.bn.nook.rdgenook.view.ActiveShelfSceneView@42107400
E/RDGE ( 467): ADAPTER CALLBACK ActiveShelfSceneRunState::onSetChanged()
E/RDGE ( 467): JNIBitmapAdapter::getCount() --> 23
I/RDGE ( 467): ActiveShelfSceneRunState::reloadTexture( 19 )
I/RDGE ( 467): ActiveShelfSceneRunState::reloadTexture( 20 )
I/RDGE ( 467): ActiveShelfSceneRunState::reloadTexture( 18 )
I/RDGE ( 467): ActiveShelf current item index changing to 19.00
I/WindowManager( 202): WIN DEATH: null
E/RDGE ( 467): ADAPTER CALLBACK ActiveShelfSceneRunState::onSetChanged()
E/RDGE ( 467): JNIBitmapAdapter::getCount() --> 23
I/RDGE ( 467): ActiveShelfSceneRunState::reloadTexture( 19 )
I/RDGE ( 467): ActiveShelfSceneRunState::reloadTexture( 20 )
I/RDGE ( 467): ActiveShelfSceneRunState::reloadTexture( 18 )
I/RDGE ( 467): ActiveShelf current item index changing to 19.00
D/dalvikvm( 202): GC_CONCURRENT freed 1308K, 32% free 21335K/31239K, paused 7ms+7ms
E/RDGE ( 467): ADAPTER CALLBACK ActiveShelfSceneRunState::onItemChanged( 19 )
I/RDGE ( 467): ActiveShelfSceneRunState::onImageLoaded( 19, 0x57d99b24 ) - 228 x 361 (opaque='false')
I/RDGE ( 467): ActiveShelfSceneRunState::reloadTexture( 19 )
D/RDGE ( 467): glTexSubImage2D( 228x361 ) - tname=1960028; tex=0x553318c0; name='ActiveShelfSceneRunState:19'
E/RDGE ( 467): ADAPTER CALLBACK ActiveShelfSceneRunState::onItemChanged( 20 )
I/RDGE ( 467): ActiveShelfSceneRunState::onImageLoaded( 20, 0x57d99b24 ) - 228 x 361 (opaque='false')
I/RDGE ( 467): ActiveShelfSceneRunState::reloadTexture( 20 )
D/RDGE ( 467): glTexSubImage2D( 228x361 ) - tname=2030029; tex=0x55331940; name='ActiveShelfSceneRunState:20'
E/RDGE ( 467): ADAPTER CALLBACK ActiveShelfSceneRunState::onItemChanged( 18 )
I/RDGE ( 467): ActiveShelfSceneRunState::onImageLoaded( 18, 0x57d99b24 ) - 228 x 361 (opaque='false')
I/RDGE ( 467): ActiveShelfSceneRunState::reloadTexture( 18 )
W/InputManagerService( 202): Got RemoteException sending setActive(false) notification to pid 8656 uid 10114
D/RDGE ( 467): glTexSubImage2D( 228x361 ) - tname=2100030; tex=0x553319c0; name='ActiveShelfSceneRunState:18'
I/RDGE ( 467): ActiveShelfSceneRunState::onImageLoaded( 19, 0x57d99b24 ) - 228 x 361 (opaque='false')
I/RDGE ( 467): ActiveShelfSceneRunState::reloadTexture( 21 )
D/RDGE ( 467): glTexSubImage2D( 228x361 ) - tname=1960028; tex=0x553318c0; name='ActiveShelfSceneRunState:19'
I/RDGE ( 467): ActiveShelfSceneRunState::onImageLoaded( 20, 0x57d99b24 ) - 228 x 361 (opaque='false')
I/RDGE ( 467): ActiveShelfSceneRunState::reloadTexture( 17 )
D/RDGE ( 467): glTexSubImage2D( 228x361 ) - tname=2030029; tex=0x55331940; name='ActiveShelfSceneRunState:20'
D/dalvikvm( 467): GC_FOR_ALLOC freed 1206K, 25% free 26889K/35655K, paused 25ms
I/RDGE ( 467): ActiveShelfSceneRunState::onImageLoaded( 18, 0x57d99b24 ) - 228 x 361 (opaque='false')
I/RDGE ( 467): ActiveShelfSceneRunState::reloadTexture( 22 )
D/RDGE ( 467): glTexSubImage2D( 228x361 ) - tname=2100030; tex=0x553319c0; name='ActiveShelfSceneRunState:18'
E/RDGE ( 467): ADAPTER CALLBACK ActiveShelfSceneRunState::onItemChanged( 21 )
I/RDGE ( 467): ActiveShelfSceneRunState::onImageLoaded( 21, 0x57d99b24 ) - 228 x 361 (opaque='false')
I/RDGE ( 467): ActiveShelfSceneRunState::reloadTexture( 21 )
D/RDGE ( 467): glTexSubImage2D( 228x361 ) - tname=2170031; tex=0x55331a40; name='ActiveShelfSceneRunState:21'
E/RDGE ( 467): ADAPTER CALLBACK ActiveShelfSceneRunState::onItemChanged( 17 )
I/RDGE ( 467): ActiveShelfSceneRunState::onImageLoaded( 17, 0x57d99b24 ) - 228 x 361 (opaque='false')
I/RDGE ( 467): ActiveShelfSceneRunState::reloadTexture( 17 )
D/RDGE ( 467): glTexSubImage2D( 228x361 ) - tname=2310033; tex=0x55331b40; name='ActiveShelfSceneRunState:17'
I/RDGE ( 467): ActiveShelfSceneRunState::onImageLoaded( 19, 0x57d99b24 ) - 228 x 361 (opaque='false')
I/RDGE ( 467): ActiveShelfSceneRunState::reloadTexture( 16 )
D/RDGE ( 467): glTexSubImage2D( 228x361 ) - tname=1960028; tex=0x553318c0; name='ActiveShelfSceneRunState:19'
E/RDGE ( 467): ADAPTER CALLBACK ActiveShelfSceneRunState::onItemChanged( 22 )
I/RDGE ( 467): ActiveShelfSceneRunState::onImageLoaded( 22, 0x57d99b24 ) - 228 x 361 (opaque='false')
I/RDGE ( 467): ActiveShelfSceneRunState::reloadTexture( 22 )
D/RDGE ( 467): glTexSubImage2D( 228x361 ) - tname=2240032; tex=0x55331ac0; name='ActiveShelfSceneRunState:22'
I/RDGE ( 467): ActiveShelfSceneRunState::onImageLoaded( 18, 0x57d99b24 ) - 228 x 361 (opaque='false')
I/RDGE ( 467): ActiveShelfSceneRunState::reloadTexture( 15 )
D/RDGE ( 467): glTexSubImage2D( 228x361 ) - tname=2100030; tex=0x553319c0; name='ActiveShelfSceneRunState:18'
D/dalvikvm( 467): GC_CONCURRENT freed 1339K, 23% free 27500K/35655K, paused 2ms+5ms
I/RDGE ( 467): ActiveShelfSceneRunState::onImageLoaded( 20, 0x57d99b24 ) - 228 x 361 (opaque='false')
I/RDGE ( 467): ActiveShelfSceneRunState::reloadTexture( 14 )
D/RDGE ( 467): glTexSubImage2D( 228x361 ) - tname=2030029; tex=0x55331940; name='ActiveShelfSceneRunState:20'
I/RDGE ( 467): ActiveShelfSceneRunState::onImageLoaded( 21, 0x57d99b24 ) - 228 x 361 (opaque='false')
I/RDGE ( 467): ActiveShelfSceneRunState::reloadTexture( 13 )
D/RDGE ( 467): glTexSubImage2D( 228x361 ) - tname=2170031; tex=0x55331a40; name='ActiveShelfSceneRunState:21'
E/RDGE ( 467): ADAPTER CALLBACK ActiveShelfSceneRunState::onItemChanged( 16 )
I/RDGE ( 467): ActiveShelfSceneRunState::onImageLoaded( 16, 0x57d99b24 ) - 228 x 361 (opaque='false')
I/RDGE ( 467): ActiveShelfSceneRunState::reloadTexture( 16 )
D/RDGE ( 467): glTexSubImage2D( 228x361 ) - tname=2380034; tex=0x55331bc0; name='ActiveShelfSceneRunState:16'
E/RDGE ( 467): ADAPTER CALLBACK ActiveShelfSceneRunState::onItemChanged( 15 )
I/RDGE ( 467): ActiveShelfSceneRunState::onImageLoaded( 15, 0x57d99b24 ) - 228 x 361 (opaque='false')
I/RDGE ( 467): ActiveShelfSceneRunState::reloadTexture( 15 )
D/RDGE ( 467): glTexSubImage2D( 228x361 ) - tname=2450035; tex=0x55331c40; name='ActiveShelfSceneRunState:15'
E/RDGE ( 467): ADAPTER CALLBACK ActiveShelfSceneRunState::onItemChanged( 14 )
I/RDGE ( 467): ActiveShelfSceneRunState::onImageLoaded( 14, 0x57d99b24 ) - 228 x 361 (opaque='false')
I/RDGE ( 467): ActiveShelfSceneRunState::reloadTexture( 14 )
D/RDGE ( 467): glTexSubImage2D( 228x361 ) - tname=2520036; tex=0x55331cc0; name='ActiveShelfSceneRunState:14'
I/RDGE ( 467): ActiveShelfSceneRunState::onImageLoaded( 17, 0x57d99b24 ) - 228 x 361 (opaque='false')
I/RDGE ( 467): ActiveShelfSceneRunState::reloadTexture( 12 )
D/RDGE ( 467): glTexSubImage2D( 228x361 ) - tname=2310033; tex=0x55331b40; name='ActiveShelfSceneRunState:17'
E/RDGE ( 467): ADAPTER CALLBACK ActiveShelfSceneRunState::onItemChanged( 13 )
D/dalvikvm( 467): GC_CONCURRENT freed 1638K, 22% free 27812K/35655K, paused 2ms+4ms
I/RDGE ( 467): ActiveShelfSceneRunState::onImageLoaded( 13, 0x57d99b24 ) - 228 x 361 (opaque='false')
I/RDGE ( 467): ActiveShelfSceneRunState::reloadTexture( 13 )
D/RDGE ( 467): glTexSubImage2D( 228x361 ) - tname=2590037; tex=0x55331d40; name='ActiveShelfSceneRunState:13'
I/RDGE ( 467): ActiveShelfSceneRunState::onImageLoaded( 22, 0x57d99b24 ) - 228 x 361 (opaque='false')
I/RDGE ( 467): ActiveShelfSceneRunState::reloadTexture( 11 )
D/RDGE ( 467): glTexSubImage2D( 228x361 ) - tname=2240032; tex=0x55331ac0; name='ActiveShelfSceneRunState:22'
E/RDGE ( 467): ADAPTER CALLBACK ActiveShelfSceneRunState::onItemChanged( 12 )
I/RDGE ( 467): ActiveShelfSceneRunState::onImageLoaded( 12, 0x57d99b24 ) - 228 x 361 (opaque='false')
I/RDGE ( 467): ActiveShelfSceneRunState::reloadTexture( 12 )
D/RDGE ( 467): glTexSubImage2D( 228x361 ) - tname=2660038; tex=0x55331dc0; name='ActiveShelfSceneRunState:12'
I/RDGE ( 467): ActiveShelfSceneRunState::onImageLoaded( 16, 0x57d99b24 ) - 228 x 361 (opaque='false')
I/RDGE ( 467): ActiveShelfSceneRunState::reloadTexture( 10 )
D/RDGE ( 467): glTexSubImage2D( 228x361 ) - tname=2380034; tex=0x55331bc0; name='ActiveShelfSceneRunState:16'
I/RDGE ( 467): ActiveShelfSceneRunState::onImageLoaded( 15, 0x57d99b24 ) - 228 x 361 (opaque='false')
I/RDGE ( 467): ActiveShelfSceneRunState::reloadTexture( 9 )
D/RDGE ( 467): glTexSubImage2D( 228x361 ) - tname=2450035; tex=0x55331c40; name='ActiveShelfSceneRunState:15'
E/RDGE ( 467): ADAPTER CALLBACK ActiveShelfSceneRunState::onItemChanged( 11 )
I/RDGE ( 467): ActiveShelfSceneRunState::onImageLoaded( 11, 0x57d99b24 ) - 228 x 361 (opaque='false')
I/RDGE ( 467): ActiveShelfSceneRunState::reloadTexture( 11 )
D/RDGE ( 467): glTexSubImage2D( 228x361 ) - tname=2730039; tex=0x55331e40; name='ActiveShelfSceneRunState:11'
D/dalvikvm( 467): GC_CONCURRENT freed 1940K, 23% free 27806K/35655K, paused 2ms+4ms
I/RDGE ( 467): ActiveShelfSceneRunState::onImageLoaded( 14, 0x57d99b24 ) - 228 x 361 (opaque='false')
I/RDGE ( 467): ActiveShelfSceneRunState::reloadTexture( 8 )
D/RDGE ( 467): glTexSubImage2D( 228x361 ) - tname=2520036; tex=0x55331cc0; name='ActiveShelfSceneRunState:14'
I/RDGE ( 467): ActiveShelfSceneRunState::onImageLoaded( 13, 0x57d99b24 ) - 228 x 361 (opaque='false')
I/RDGE ( 467): ActiveShelfSceneRunState::reloadTexture( 7 )
D/RDGE ( 467): glTexSubImage2D( 228x361 ) - tname=2590037; tex=0x55331d40; name='ActiveShelfSceneRunState:13'
E/RDGE ( 467): ADAPTER CALLBACK ActiveShelfSceneRunState::onItemChanged( 10 )
I/RDGE ( 467): ActiveShelfSceneRunState::onImageLoaded( 10, 0x57d99b24 ) - 228 x 361 (opaque='false')
I/RDGE ( 467): ActiveShelfSceneRunState::reloadTexture( 10 )
D/RDGE ( 467): glTexSubImage2D( 228x361 ) - tname=2800040; tex=0x55331ec0; name='ActiveShelfSceneRunState:10'
E/RDGE ( 467): ADAPTER CALLBACK ActiveShelfSceneRunState::onItemChanged( 9 )
I/RDGE ( 467): ActiveShelfSceneRunState::onImageLoaded( 9, 0x57d99b24 ) - 228 x 361 (opaque='false')
I/RDGE ( 467): ActiveShelfSceneRunState::reloadTexture( 9 )
D/RDGE ( 467): glTexSubImage2D( 228x361 ) - tname=2870041; tex=0x55331f40; name='ActiveShelfSceneRunState:9'
E/RDGE ( 467): ADAPTER CALLBACK ActiveShelfSceneRunState::onItemChanged( 8 )
I/RDGE ( 467): ActiveShelfSceneRunState::onImageLoaded( 8, 0x57d99b24 ) - 228 x 361 (opaque='false')
I/RDGE ( 467): ActiveShelfSceneRunState::reloadTexture( 8 )
D/RDGE ( 467): glTexSubImage2D( 228x361 ) - tname=2940042; tex=0x55331fc0; name='ActiveShelfSceneRunState:8'
I/RDGE ( 467): ActiveShelfSceneRunState::onImageLoaded( 12, 0x57d99b24 ) - 228 x 361 (opaque='false')
I/RDGE ( 467): ActiveShelfSceneRunState::reloadTexture( 6 )
D/RDGE ( 467): glTexSubImage2D( 228x361 ) - tname=2660038; tex=0x55331dc0; name='ActiveShelfSceneRunState:12'
E/RDGE ( 467): ADAPTER CALLBACK ActiveShelfSceneRunState::onItemChanged( 7 )
D/dalvikvm( 467): GC_CONCURRENT freed 1945K, 23% free 27796K/35655K, paused 2ms+3ms
I/RDGE ( 467): ActiveShelfSceneRunState::onImageLoaded( 7, 0x57d99b24 ) - 228 x 361 (opaque='false')
I/RDGE ( 467): ActiveShelfSceneRunState::reloadTexture( 7 )
D/RDGE ( 467): glTexSubImage2D( 228x361 ) - tname=3010043; tex=0x55332040; name='ActiveShelfSceneRunState:7'
I/RDGE ( 467): ActiveShelfSceneRunState::onImageLoaded( 11, 0x57d99b24 ) - 228 x 361 (opaque='false')
I/RDGE ( 467): ActiveShelfSceneRunState::reloadTexture( 5 )
D/RDGE ( 467): glTexSubImage2D( 228x361 ) - tname=2730039; tex=0x55331e40; name='ActiveShelfSceneRunState:11'
E/RDGE ( 467): ADAPTER CALLBACK ActiveShelfSceneRunState::onItemChanged( 6 )
I/RDGE ( 467): ActiveShelfSceneRunState::onImageLoaded( 6, 0x57d99b24 ) - 228 x 361 (opaque='false')
I/RDGE ( 467): ActiveShelfSceneRunState::reloadTexture( 6 )
D/RDGE ( 467): glTexSubImage2D( 228x361 ) - tname=3080044; tex=0x553320c0; name='ActiveShelfSceneRunState:6'
I/RDGE ( 467): ActiveShelfSceneRunState::onImageLoaded( 10, 0x57d99b24 ) - 228 x 361 (opaque='false')
I/RDGE ( 467): ActiveShelfSceneRunState::reloadTexture( 4 )
D/RDGE ( 467): glTexSubImage2D( 228x361 ) - tname=2800040; tex=0x55331ec0; name='ActiveShelfSceneRunState:10'
I/RDGE ( 467): ActiveShelfSceneRunState::onImageLoaded( 9, 0x57d99b24 ) - 228 x 361 (opaque='false')
I/RDGE ( 467): ActiveShelfSceneRunState::reloadTexture( 3 )
D/RDGE ( 467): glTexSubImage2D( 228x361 ) - tname=2870041; tex=0x55331f40; name='ActiveShelfSceneRunState:9'
I/RDGE ( 467): ActiveShelfSceneRunState::onImageLoaded( 8, 0x57d99b24 ) - 228 x 361 (opaque='false')
I/RDGE ( 467): ActiveShelfSceneRunState::reloadTexture( 2 )
D/RDGE ( 467): glTexSubImage2D( 228x361 ) - tname=2940042; tex=0x55331fc0; name='ActiveShelfSceneRunState:8'
D/dalvikvm( 467): GC_CONCURRENT freed 1938K, 23% free 27793K/35655K, paused 3ms+4ms
I/RDGE ( 467): ActiveShelfSceneRunState::onImageLoaded( 7, 0x57d99b24 ) - 228 x 361 (opaque='false')
I/RDGE ( 467): ActiveShelfSceneRunState::reloadTexture( 1 )
D/RDGE ( 467): glTexSubImage2D( 228x361 ) - tname=3010043; tex=0x55332040; name='ActiveShelfSceneRunState:7'
E/RDGE ( 467): ADAPTER CALLBACK ActiveShelfSceneRunState::onItemChanged( 5 )
I/RDGE ( 467): ActiveShelfSceneRunState::onImageLoaded( 5, 0x57d99b24 ) - 228 x 361 (opaque='false')
I/RDGE ( 467): ActiveShelfSceneRunState::reloadTexture( 5 )
D/RDGE ( 467): glTexSubImage2D( 228x361 ) - tname=3150045; tex=0x55332140; name='ActiveShelfSceneRunState:5'
E/RDGE ( 467): ADAPTER CALLBACK ActiveShelfSceneRunState::onItemChanged( 4 )
I/RDGE ( 467): ActiveShelfSceneRunState::onImageLoaded( 4, 0x57d99b24 ) - 228 x 361 (opaque='false')
I/RDGE ( 467): ActiveShelfSceneRunState::reloadTexture( 4 )
D/RDGE ( 467): glTexSubImage2D( 228x361 ) - tname=3220046; tex=0x553321c0; name='ActiveShelfSceneRunState:4'
E/RDGE ( 467): ADAPTER CALLBACK ActiveShelfSceneRunState::onItemChanged( 3 )
I/RDGE ( 467): ActiveShelfSceneRunState::onImageLoaded( 3, 0x57d99b24 ) - 228 x 361 (opaque='false')
I/RDGE ( 467): ActiveShelfSceneRunState::reloadTexture( 3 )
D/RDGE ( 467): glTexSubImage2D( 228x361 ) - tname=3290047; tex=0x55332240; name='ActiveShelfSceneRunState:3'
E/RDGE ( 467): ADAPTER CALLBACK ActiveShelfSceneRunState::onItemChanged( 2 )
I/RDGE ( 467): ActiveShelfSceneRunState::onImageLoaded( 2, 0x57d99b24 ) - 228 x 361 (opaque='false')
I/RDGE ( 467): ActiveShelfSceneRunState::reloadTexture( 2 )
D/RDGE ( 467): glTexSubImage2D( 228x361 ) - tname=3360048; tex=0x553322c0; name='ActiveShelfSceneRunState:2'
E/RDGE ( 467): ADAPTER CALLBACK ActiveShelfSceneRunState::onItemChanged( 1 )
I/RDGE ( 467): ActiveShelfSceneRunState::onImageLoaded( 1, 0x57d99b24 ) - 228 x 361 (opaque='false')
I/RDGE ( 467): ActiveShelfSceneRunState::reloadTexture( 1 )
D/RDGE ( 467): glTexSubImage2D( 228x361 ) - tname=3430049; tex=0x55332340; name='ActiveShelfSceneRunState:1'
D/dalvikvm( 467): GC_CONCURRENT freed 1628K, 22% free 28101K/35655K, paused 1ms+4ms
I/RDGE ( 467): ActiveShelfSceneRunState::onImageLoaded( 6, 0x57d99b24 ) - 228 x 361 (opaque='false')
I/RDGE ( 467): ActiveShelfSceneRunState::reloadTexture( 0 )
D/RDGE ( 467): glTexSubImage2D( 228x361 ) - tname=3080044; tex=0x553320c0; name='ActiveShelfSceneRunState:6'
I/RDGE ( 467): ActiveShelfSceneRunState::onImageLoaded( 5, 0x57d99b24 ) - 228 x 361 (opaque='false')
D/RDGE ( 467): glTexSubImage2D( 228x361 ) - tname=3150045; tex=0x55332140; name='ActiveShelfSceneRunState:5'
I/RDGE ( 467): ActiveShelfSceneRunState::onImageLoaded( 4, 0x57d99b24 ) - 228 x 361 (opaque='false')
D/RDGE ( 467): glTexSubImage2D( 228x361 ) - tname=3220046; tex=0x553321c0; name='ActiveShelfSceneRunState:4'
E/RDGE ( 467): ADAPTER CALLBACK ActiveShelfSceneRunState::onItemChanged( 0 )
I/RDGE ( 467): ActiveShelfSceneRunState::onImageLoaded( 0, 0x57d99b24 ) - 228 x 361 (opaque='false')
I/RDGE ( 467): ActiveShelfSceneRunState::reloadTexture( 0 )
D/RDGE ( 467): glTexSubImage2D( 228x361 ) - tname=3500050; tex=0x553323c0; name='ActiveShelfSceneRunState:0'
I/RDGE ( 467): ActiveShelfSceneRunState::onImageLoaded( 3, 0x57d99b24 ) - 228 x 361 (opaque='false')
D/RDGE ( 467): glTexSubImage2D( 228x361 ) - tname=3290047; tex=0x55332240; name='ActiveShelfSceneRunState:3'
I/RDGE ( 467): ActiveShelfSceneRunState::onImageLoaded( 2, 0x57d99b24 ) - 228 x 361 (opaque='false')
D/RDGE ( 467): glTexSubImage2D( 228x361 ) - tname=3360048; tex=0x553322c0; name='ActiveShelfSceneRunState:2'
D/dalvikvm( 467): GC_CONCURRENT freed 2261K, 23% free 27776K/35655K, paused 1ms+3ms
I/RDGE ( 467): ActiveShelfSceneRunState::onImageLoaded( 1, 0x57d99b24 ) - 228 x 361 (opaque='false')
D/RDGE ( 467): glTexSubImage2D( 228x361 ) - tname=3430049; tex=0x55332340; name='ActiveShelfSceneRunState:1'
I/RDGE ( 467): sysFrameTime=12.09ms, tickTime=3.67ms, extra=8.42ms, fps=82.71Hz, psys=0, pn=0
I/RDGE ( 467): ActiveShelfSceneRunState::onImageLoaded( 0, 0x57d99b24 ) - 228 x 361 (opaque='false')
D/RDGE ( 467): glTexSubImage2D( 228x361 ) - tname=3500050; tex=0x553323c0; name='ActiveShelfSceneRunState:0'