Debugging starts
D/dalvikvm( 156): Zygote::ForkAndSpecialize : 9411
I/ActivityManager( 668): Start proc org.qtproject.example.stocqt for activity org.qtproject.example.stocqt/org.qtproject.qt5.android.bindings.QtActivity: pid=9411 uid=10095 gids={50095, 3003, 1028, 1015}
D/dalvikvm( 9411): Zygote::ForkAndSpecialize : 0
D/dalvikvm( 9411): zygote get new systemTid : 9411
D/dalvikvm( 9411): Late-enabling CheckJNI
D/dalvikvm( 9411): threadid=2: interp stack at 0x50a0c000
D/dalvikvm( 9411): init ref table
D/dalvikvm( 9411): init mutex
D/dalvikvm( 9411): threadid=3: interp stack at 0x50b2d000
D/dalvikvm( 9411): init ref table
D/dalvikvm( 9411): init mutex
D/jdwp ( 9411): prepping for JDWP over ADB
D/dalvikvm( 9411): Elevating priority from 0 to -8
D/dalvikvm( 9411): threadid=4: interp stack at 0x50c4e000
D/dalvikvm( 9411): init ref table
D/dalvikvm( 9411): init mutex
D/jdwp ( 9411): JDWP: thread running
D/ADB_SERVICES( 187): Adding socket 20 pid 9411 to jdwp process list
D/jdwp ( 9411): trying to receive file descriptor from ADB
D/dalvikvm( 9411): threadid=5: interp stack at 0x5406b000
D/dalvikvm( 9411): init ref table
D/dalvikvm( 9411): init mutex
D/dalvikvm( 9411): zygote get thread init done
D/dalvikvm( 9411): create interp thread : stack size=128KB
D/dalvikvm( 9411): create new thread
D/dalvikvm( 9411): new thread created
D/dalvikvm( 9411): update thread list
D/dalvikvm( 9411): threadid=6: interp stack at 0x5408b000
D/dalvikvm( 9411): init ref table
D/dalvikvm( 9411): init mutex
D/dalvikvm( 9411): threadid=6: created from interp
D/dalvikvm( 9411): start new thread
D/dalvikvm( 9411): create interp thread : stack size=128KB
D/dalvikvm( 9411): create new thread
D/dalvikvm( 9411): new thread created
D/dalvikvm( 9411): update thread list
D/dalvikvm( 9411): threadid=6: notify debugger
D/dalvikvm( 9411): threadid=6 (ReferenceQueueDaemon): calling run()
D/dalvikvm( 9411): threadid=7: interp stack at 0x541ab000
D/dalvikvm( 9411): init ref table
D/dalvikvm( 9411): init mutex
D/dalvikvm( 9411): threadid=7: created from interp
D/dalvikvm( 9411): start new thread
D/dalvikvm( 9411): create interp thread : stack size=128KB
D/dalvikvm( 9411): create new thread
D/dalvikvm( 9411): new thread created
D/dalvikvm( 9411): update thread list
D/dalvikvm( 9411): threadid=7: notify debugger
D/dalvikvm( 9411): threadid=7 (FinalizerDaemon): calling run()
D/dalvikvm( 9411): threadid=8: interp stack at 0x542cb000
D/dalvikvm( 9411): init ref table
D/dalvikvm( 9411): init mutex
D/dalvikvm( 9411): threadid=8: created from interp
D/dalvikvm( 9411): start new thread
D/dalvikvm( 9411): threadid=8: notify debugger
D/dalvikvm( 9411): threadid=8 (FinalizerWatchdogDaemon): calling run()
D/dalvikvm( 9411): threadid=9: interp stack at 0x546e9000
D/dalvikvm( 9411): init ref table
D/dalvikvm( 9411): init mutex
D/dalvikvm( 9411): threadid=10: interp stack at 0x54809000
D/dalvikvm( 9411): init ref table
D/dalvikvm( 9411): init mutex
D/NetworkPolicy( 668): onRecv: MSG_FOREGROUND_ACTIVITIES_CHANGED pid:uid:act=9411:10095:true
V/Provider/Settings( 9411): get setting for user 0 by user 0 so skipping cache
V/Provider/Settings( 9411): invalidate [system]: current 134 != cached 0
D/ActivityManager( 668): getContentProviderImpl: from caller=android.app.ApplicationThreadProxy@423e2fe0 (pid=9411, userId=0) to get content provider settings cpr=ContentProviderRecord{421159d8 u0 com.android.providers.settings/.SettingsProvider}
D/ActivityThread( 9411): hoder:android.app.IActivityManager$ContentProviderHolder@41b55330,provider,holder.Provider:android.content.ContentProviderProxy@41b55aa8
V/Provider/Settings( 9411): from db cache, name = anr_debugging_mechanism , value = 1
D/asset ( 9411): AssetManager-->addDefaultAssets CIP path not exsit!
D/Proxy ( 9411): setHttpRequestCheckHandler
D/dalvikvm( 9411): open_cached_dex_file : /data/app/org.qtproject.example.stocqt-1.apk /data/dalvik-cache/data@app@org.qtproject.example.stocqt-1.apk@classes.dex
D/ActivityThread( 9411): BIND_APPLICATION handled : 0 / AppBindData{appInfo=ApplicationInfo{41b52758 org.qtproject.example.stocqt}}
V/ActivityThread( 9411): ActivityRecord{41b53fe0 token=android.os.BinderProxy@41b53580 {org.qtproject.example.stocqt/org.qtproject.qt5.android.bindings.QtActivity}}: app=org.qtproject.qt5.android.bindings.QtApplication@41b59c30, appName=org.qtproject.example.stocqt, pkg=org.qtproject.example.stocqt, comp={org.qtproject.example.stocqt/org.qtproject.qt5.android.bindings.QtActivity}, dir=/data/app/org.qtproject.example.stocqt-1.apk
D/dalvikvm( 9411): Trying to load lib /data/data/org.qtproject.example.stocqt/lib/libgnustl_shared.so 0x41b58690
D/dalvikvm( 9411): Added shared lib /data/data/org.qtproject.example.stocqt/lib/libgnustl_shared.so 0x41b58690
D/dalvikvm( 9411): No JNI_OnLoad found in /data/data/org.qtproject.example.stocqt/lib/libgnustl_shared.so 0x41b58690, skipping init
D/dalvikvm( 9411): Trying to load lib /data/data/org.qtproject.example.stocqt/lib/libQt5Core.so 0x41b58690
D/dalvikvm( 9411): Added shared lib /data/data/org.qtproject.example.stocqt/lib/libQt5Core.so 0x41b58690
D/dalvikvm( 9411): Trying to load lib /data/data/org.qtproject.example.stocqt/lib/libQt5Gui.so 0x41b58690
D/dalvikvm( 9411): Added shared lib /data/data/org.qtproject.example.stocqt/lib/libQt5Gui.so 0x41b58690
D/dalvikvm( 9411): No JNI_OnLoad found in /data/data/org.qtproject.example.stocqt/lib/libQt5Gui.so 0x41b58690, skipping init
D/dalvikvm( 9411): Trying to load lib /data/data/org.qtproject.example.stocqt/lib/libQt5Network.so 0x41b58690
D/dalvikvm( 9411): Added shared lib /data/data/org.qtproject.example.stocqt/lib/libQt5Network.so 0x41b58690
D/dalvikvm( 9411): No JNI_OnLoad found in /data/data/org.qtproject.example.stocqt/lib/libQt5Network.so 0x41b58690, skipping init
D/dalvikvm( 9411): Trying to load lib /data/data/org.qtproject.example.stocqt/lib/libQt5Qml.so 0x41b58690
D/dalvikvm( 9411): Added shared lib /data/data/org.qtproject.example.stocqt/lib/libQt5Qml.so 0x41b58690
D/dalvikvm( 9411): No JNI_OnLoad found in /data/data/org.qtproject.example.stocqt/lib/libQt5Qml.so 0x41b58690, skipping init
D/dalvikvm( 9411): Trying to load lib /data/data/org.qtproject.example.stocqt/lib/libQt5Quick.so 0x41b58690
D/dalvikvm( 9411): Added shared lib /data/data/org.qtproject.example.stocqt/lib/libQt5Quick.so 0x41b58690
D/dalvikvm( 9411): No JNI_OnLoad found in /data/data/org.qtproject.example.stocqt/lib/libQt5Quick.so 0x41b58690, skipping init
D/dalvikvm( 9411): Trying to load lib /data/data/org.qtproject.example.stocqt/lib/libQt5QuickParticles.so 0x41b58690
D/dalvikvm( 9411): Added shared lib /data/data/org.qtproject.example.stocqt/lib/libQt5QuickParticles.so 0x41b58690
D/dalvikvm( 9411): No JNI_OnLoad found in /data/data/org.qtproject.example.stocqt/lib/libQt5QuickParticles.so 0x41b58690, skipping init
D/dalvikvm( 9411): Trying to load lib /data/data/org.qtproject.example.stocqt/qt-reserved-files/plugins/platforms/android/libqtforandroid.so 0x41b58690
D/dalvikvm( 9411): Added shared lib /data/data/org.qtproject.example.stocqt/qt-reserved-files/plugins/platforms/android/libqtforandroid.so 0x41b58690
I/Qt ( 9411): qt start
D/dalvikvm( 9411): Trying to load lib /data/data/org.qtproject.example.stocqt/qt-reserved-files/plugins/bearer/libqandroidbearer.so 0x41b58690
D/dalvikvm( 9411): Added shared lib /data/data/org.qtproject.example.stocqt/qt-reserved-files/plugins/bearer/libqandroidbearer.so 0x41b58690
D/dalvikvm( 9411): No JNI_OnLoad found in /data/data/org.qtproject.example.stocqt/qt-reserved-files/plugins/bearer/libqandroidbearer.so 0x41b58690, skipping init
D/dalvikvm( 9411): Trying to load lib /data/data/org.qtproject.example.stocqt/lib/libQt5QuickParticles.so 0x41b58690
D/dalvikvm( 9411): Shared lib '/data/data/org.qtproject.example.stocqt/lib/libQt5QuickParticles.so' already loaded in same CL 0x41b58690
W/System.err( 9411): java.lang.ClassNotFoundException: android.graphics.drawable.RippleDrawable
W/System.err( 9411): at java.lang.Class.classForName(Native Method)
W/System.err( 9411): at java.lang.Class.forName(Class.java:251)
W/System.err( 9411): at java.lang.Class.forName(Class.java:216)
W/System.err( 9411): at org.qtproject.qt5.android.ExtractStyle.getClass(ExtractStyle.java:388)
W/System.err( 9411): at org.qtproject.qt5.android.ExtractStyle.(ExtractStyle.java:92)
W/System.err( 9411): at org.qtproject.qt5.android.QtActivityDelegate.loadApplication(QtActivityDelegate.java:430)
W/System.err( 9411): at java.lang.reflect.Method.invokeNative(Native Method)
W/System.err( 9411): at java.lang.reflect.Method.invoke(Method.java:515)
W/System.err( 9411): at org.qtproject.qt5.android.bindings.QtActivity.loadApplication(QtActivity.java:245)
W/System.err( 9411): at org.qtproject.qt5.android.bindings.QtActivity.startApp(QtActivity.java:655)
W/System.err( 9411): at org.qtproject.qt5.android.bindings.QtActivity.onCreate(QtActivity.java:895)
W/System.err( 9411): at android.app.Activity.performCreate(Activity.java:5264)
W/System.err( 9411): at android.app.Instrumentation.callActivityOnCreate(Instrumentation.java:1088)
W/System.err( 9411): at android.app.ActivityThread.performLaunchActivity(ActivityThread.java:2302)
W/System.err( 9411): at android.app.ActivityThread.handleLaunchActivity(ActivityThread.java:2390)
W/System.err( 9411): at android.app.ActivityThread.access$800(ActivityThread.java:151)
W/System.err( 9411): at android.app.ActivityThread$H.handleMessage(ActivityThread.java:1321)
W/System.err( 9411): at android.os.Handler.dispatchMessage(Handler.java:110)
W/System.err( 9411): at android.os.Looper.loop(Looper.java:193)
W/System.err( 9411): at android.app.ActivityThread.main(ActivityThread.java:5299)
W/System.err( 9411): at java.lang.reflect.Method.invokeNative(Native Method)
W/System.err( 9411): at java.lang.reflect.Method.invoke(Method.java:515)
W/System.err( 9411): at com.android.internal.os.ZygoteInit$MethodAndArgsCaller.run(ZygoteInit.java:825)
W/System.err( 9411): at com.android.internal.os.ZygoteInit.main(ZygoteInit.java:641)
W/System.err( 9411): at dalvik.system.NativeStart.main(Native Method)
W/System.err( 9411): Caused by: java.lang.NoClassDefFoundError: android/graphics/drawable/RippleDrawable
W/System.err( 9411): ... 25 more
W/System.err( 9411): Caused by: java.lang.ClassNotFoundException: Didn't find class "android.graphics.drawable.RippleDrawable" on path: DexPathList[[zip file "/data/app/org.qtproject.example.stocqt-1.apk"],nativeLibraryDirectories=[/data/app-lib/org.qtproject.example.stocqt-1, /vendor/lib, /system/lib]]
W/System.err( 9411): at dalvik.system.BaseDexClassLoader.findClass(BaseDexClassLoader.java:56)
W/System.err( 9411): at java.lang.ClassLoader.loadClass(ClassLoader.java:497)
W/System.err( 9411): at java.lang.ClassLoader.loadClass(ClassLoader.java:457)
W/System.err( 9411): ... 25 more
W/System.err( 9411): java.lang.ClassNotFoundException: android.graphics.drawable.AnimatedStateListDrawable
W/System.err( 9411): at java.lang.Class.classForName(Native Method)
W/System.err( 9411): at java.lang.Class.forName(Class.java:251)
W/System.err( 9411): at java.lang.Class.forName(Class.java:216)
W/System.err( 9411): at org.qtproject.qt5.android.ExtractStyle.getClass(ExtractStyle.java:388)
W/System.err( 9411): at org.qtproject.qt5.android.ExtractStyle.(ExtractStyle.java:93)
W/System.err( 9411): at org.qtproject.qt5.android.QtActivityDelegate.loadApplication(QtActivityDelegate.java:430)
W/System.err( 9411): at java.lang.reflect.Method.invokeNative(Native Method)
W/System.err( 9411): at java.lang.reflect.Method.invoke(Method.java:515)
W/System.err( 9411): at org.qtproject.qt5.android.bindings.QtActivity.loadApplication(QtActivity.java:245)
W/System.err( 9411): at org.qtproject.qt5.android.bindings.QtActivity.startApp(QtActivity.java:655)
W/System.err( 9411): at org.qtproject.qt5.android.bindings.QtActivity.onCreate(QtActivity.java:895)
W/System.err( 9411): at android.app.Activity.performCreate(Activity.java:5264)
W/System.err( 9411): at android.app.Instrumentation.callActivityOnCreate(Instrumentation.java:1088)
W/System.err( 9411): at android.app.ActivityThread.performLaunchActivity(ActivityThread.java:2302)
W/System.err( 9411): at android.app.ActivityThread.handleLaunchActivity(ActivityThread.java:2390)
W/System.err( 9411): at android.app.ActivityThread.access$800(ActivityThread.java:151)
W/System.err( 9411): at android.app.ActivityThread$H.handleMessage(ActivityThread.java:1321)
W/System.err( 9411): at android.os.Handler.dispatchMessage(Handler.java:110)
W/System.err( 9411): at android.os.Looper.loop(Looper.java:193)
W/System.err( 9411): at android.app.ActivityThread.main(ActivityThread.java:5299)
W/System.err( 9411): at java.lang.reflect.Method.invokeNative(Native Method)
W/System.err( 9411): at java.lang.reflect.Method.invoke(Method.java:515)
W/System.err( 9411): at com.android.internal.os.ZygoteInit$MethodAndArgsCaller.run(ZygoteInit.java:825)
W/System.err( 9411): at com.android.internal.os.ZygoteInit.main(ZygoteInit.java:641)
W/System.err( 9411): at dalvik.system.NativeStart.main(Native Method)
W/System.err( 9411): Caused by: java.lang.NoClassDefFoundError: android/graphics/drawable/AnimatedStateListDrawable
W/System.err( 9411): ... 25 more
W/System.err( 9411): Caused by: java.lang.ClassNotFoundException: Didn't find class "android.graphics.drawable.AnimatedStateListDrawable" on path: DexPathList[[zip file "/data/app/org.qtproject.example.stocqt-1.apk"],nativeLibraryDirectories=[/data/app-lib/org.qtproject.example.stocqt-1, /vendor/lib, /system/lib]]
W/System.err( 9411): at dalvik.system.BaseDexClassLoader.findClass(BaseDexClassLoader.java:56)
W/System.err( 9411): at java.lang.ClassLoader.loadClass(ClassLoader.java:497)
W/System.err( 9411): at java.lang.ClassLoader.loadClass(ClassLoader.java:457)
W/System.err( 9411): ... 25 more
W/System.err( 9411): java.lang.ClassNotFoundException: android.graphics.drawable.VectorDrawable
W/System.err( 9411): at java.lang.Class.classForName(Native Method)
W/System.err( 9411): at java.lang.Class.forName(Class.java:251)
W/System.err( 9411): at java.lang.Class.forName(Class.java:216)
W/System.err( 9411): at org.qtproject.qt5.android.ExtractStyle.getClass(ExtractStyle.java:388)
W/System.err( 9411): at org.qtproject.qt5.android.ExtractStyle.(ExtractStyle.java:94)
W/System.err( 9411): at org.qtproject.qt5.android.QtActivityDelegate.loadApplication(QtActivityDelegate.java:430)
W/System.err( 9411): at java.lang.reflect.Method.invokeNative(Native Method)
W/System.err( 9411): at java.lang.reflect.Method.invoke(Method.java:515)
W/System.err( 9411): at org.qtproject.qt5.android.bindings.QtActivity.loadApplication(QtActivity.java:245)
W/System.err( 9411): at org.qtproject.qt5.android.bindings.QtActivity.startApp(QtActivity.java:655)
W/System.err( 9411): at org.qtproject.qt5.android.bindings.QtActivity.onCreate(QtActivity.java:895)
W/System.err( 9411): at android.app.Activity.performCreate(Activity.java:5264)
W/System.err( 9411): at android.app.Instrumentation.callActivityOnCreate(Instrumentation.java:1088)
W/System.err( 9411): at android.app.ActivityThread.performLaunchActivity(ActivityThread.java:2302)
W/System.err( 9411): at android.app.ActivityThread.handleLaunchActivity(ActivityThread.java:2390)
W/System.err( 9411): at android.app.ActivityThread.access$800(ActivityThread.java:151)
W/System.err( 9411): at android.app.ActivityThread$H.handleMessage(ActivityThread.java:1321)
W/System.err( 9411): at android.os.Handler.dispatchMessage(Handler.java:110)
W/System.err( 9411): at android.os.Looper.loop(Looper.java:193)
W/System.err( 9411): at android.app.ActivityThread.main(ActivityThread.java:5299)
W/System.err( 9411): at java.lang.reflect.Method.invokeNative(Native Method)
W/System.err( 9411): at java.lang.reflect.Method.invoke(Method.java:515)
W/System.err( 9411): at com.android.internal.os.ZygoteInit$MethodAndArgsCaller.run(ZygoteInit.java:825)
W/System.err( 9411): at com.android.internal.os.ZygoteInit.main(ZygoteInit.java:641)
W/System.err( 9411): at dalvik.system.NativeStart.main(Native Method)
W/System.err( 9411): Caused by: java.lang.NoClassDefFoundError: android/graphics/drawable/VectorDrawable
W/System.err( 9411): ... 25 more
W/System.err( 9411): Caused by: java.lang.ClassNotFoundException: Didn't find class "android.graphics.drawable.VectorDrawable" on path: DexPathList[[zip file "/data/app/org.qtproject.example.stocqt-1.apk"],nativeLibraryDirectories=[/data/app-lib/org.qtproject.example.stocqt-1, /vendor/lib, /system/lib]]
W/System.err( 9411): at dalvik.system.BaseDexClassLoader.findClass(BaseDexClassLoader.java:56)
W/System.err( 9411): at java.lang.ClassLoader.loadClass(ClassLoader.java:497)
W/System.err( 9411): at java.lang.ClassLoader.loadClass(ClassLoader.java:457)
W/System.err( 9411): ... 25 more
W/ResourceType( 9411): Skipping entry 0x1080528 in package table 0 because it is not complex!
D/dalvikvm( 9411): GC_CONCURRENT freed 1352K (14575), 26% free 4109K/5544K, paused 2ms+1ms, total 28ms
D/dalvikvm( 9411): GC_CONCURRENT freed 1663K (12431), 27% free 4903K/6636K, paused 2ms+2ms, total 19ms
D/dalvikvm( 9411): GC_CONCURRENT freed 2241K (15233), 32% free 5129K/7448K, paused 3ms+2ms, total 21ms
D/dalvikvm( 9411): Trying to load lib /data/app-lib/org.qtproject.example.stocqt-1/libstocqt.so 0x41b58690
D/ ( 9411): (null):0 ((null)): QML debugging is enabled. Only use this in a safe environment.
D/dalvikvm( 9411): Added shared lib /data/app-lib/org.qtproject.example.stocqt-1/libstocqt.so 0x41b58690
D/dalvikvm( 9411): No JNI_OnLoad found in /data/app-lib/org.qtproject.example.stocqt-1/libstocqt.so 0x41b58690, skipping init
I/Qt JAVA ( 9411): DEBUGGER: extra parameters: Bundle[{debug_ping=true, gdbserver_socket=/data/data/org.qtproject.example.stocqt/debug-socket, qml_debug=true, gdbserver_command=/data/data/org.qtproject.example.stocqt/lib/libgdbserver.so --multi +/data/data/org.qtproject.example.stocqt/debug-socket, qmljsdebugger=port:61831,block,services:DebugMessages,QmlDebugger,V8Debugger,QmlInspector, ping_socket=org.qtproject.example.stocqt.ping_pong_socket}]
I/Qt JAVA ( 9411): DEBUGGER: removing gdb socket /data/data/org.qtproject.example.stocqt/debug-socket
I/Qt JAVA ( 9411): DEBUGGER: starting /data/data/org.qtproject.example.stocqt/lib/libgdbserver.so --multi +/data/data/org.qtproject.example.stocqt/debug-socket
D/dalvikvm( 9411): create interp thread : stack size=128KB
D/dalvikvm( 9411): create new thread
D/dalvikvm( 9411): new thread created
D/dalvikvm( 9411): update thread list
D/dalvikvm( 9411): threadid=11: interp stack at 0x55729000
D/dalvikvm( 9411): init ref table
D/dalvikvm( 9411): init mutex
D/dalvikvm( 9411): threadid=11: created from interp
D/dalvikvm( 9411): start new thread
D/dalvikvm( 9411): threadid=11: notify debugger
D/dalvikvm( 9411): threadid=11 (java.lang.ProcessManager): calling run()
I/Qt JAVA ( 9411): DEBUGGER: gdbserver started
I/Qt JAVA ( 9411): DEBUGGER: waiting for socket at /data/data/org.qtproject.example.stocqt/debug-socket, attempt 0
I/Qt JAVA ( 9411): DEBUGGER: waiting for socket at /data/data/org.qtproject.example.stocqt/debug-socket, attempt 1
I/Qt JAVA ( 9411): DEBUGGER: socket ok
D/dalvikvm( 9411): create interp thread : stack size=128KB
D/dalvikvm( 9411): create new thread
D/dalvikvm( 9411): new thread created
D/dalvikvm( 9411): update thread list
D/dalvikvm( 9411): threadid=12: interp stack at 0x5584d000
D/dalvikvm( 9411): init ref table
D/dalvikvm( 9411): init mutex
D/dalvikvm( 9411): threadid=12: created from interp
D/dalvikvm( 9411): start new thread
I/Qt JAVA ( 9411): DEBUGGER: Waiting for debug socket connect
I/Qt JAVA ( 9411): DEBUGGER: go to sleep
D/dalvikvm( 9411): threadid=12: notify debugger
D/dalvikvm( 9411): threadid=12 (Thread-571): calling run()
I/Qt JAVA ( 9411): DEBUGGER: Waiting for debug socket connect
I/Qt JAVA ( 9411): DEBUGGER: go to sleep
I/Qt JAVA ( 9411): DEBUGGER: Waiting for debug socket connect
I/Qt JAVA ( 9411): DEBUGGER: go to sleep
I/Qt JAVA ( 9411): DEBUGGER: Waiting for debug socket connect
I/Qt JAVA ( 9411): DEBUGGER: go to sleep
I/Qt JAVA ( 9411): DEBUGGER: Waiting for debug socket connect
I/Qt JAVA ( 9411): DEBUGGER: go to sleep
I/Qt JAVA ( 9411): DEBUGGER: Debug socket accepted
I/Qt JAVA ( 9411): DEBUGGER: Waiting for debug socket connect
I/Qt JAVA ( 9411): DEBUGGER: go to sleep
I/Qt JAVA ( 9411): DEBUGGER: Waiting for debug socket connect
I/Qt JAVA ( 9411): DEBUGGER: go to sleep
I/Qt JAVA ( 9411): DEBUGGER: Waiting for debug socket connect
I/Qt JAVA ( 9411): DEBUGGER: go to sleep
I/Qt JAVA ( 9411): DEBUGGER: Waiting for debug socket connect
I/Qt JAVA ( 9411): DEBUGGER: go to sleep
I/Qt JAVA ( 9411): DEBUGGER: Waiting for debug socket connect
I/Qt JAVA ( 9411): DEBUGGER: go to sleep
I/Qt JAVA ( 9411): DEBUGGER: Waiting for debug socket connect
I/Qt JAVA ( 9411): DEBUGGER: go to sleep
I/Qt JAVA ( 9411): DEBUGGER: Waiting for debug socket connect
I/Qt JAVA ( 9411): DEBUGGER: go to sleep
I/Qt JAVA ( 9411): DEBUGGER: Waiting for debug socket connect
I/Qt JAVA ( 9411): DEBUGGER: go to sleep
I/Qt JAVA ( 9411): DEBUGGER: Waiting for debug socket connect
I/Qt JAVA ( 9411): DEBUGGER: go to sleep Could not load shared library symbols for 106 libraries, e.g. /system/bin/linker. Use the "info sharedlibrary" command to see the complete listing. Do you need "set solib-search-path" or "set sysroot"?Unable to find dynamic linker breakpoint function. GDB will be unable to debug shared library initializers and track explicitly loaded dynamic code.I/Qt JAVA ( 9411): DEBUGGER: Incoming socket OK
D/dalvikvm( 9411): threadid=12: exiting
D/dalvikvm( 9411): threadid=12: bye!
I/Qt JAVA ( 9411): DEBUGGER: Got pid acknowledgment
I/Qt JAVA ( 9411): DEBUGGER: ping not requested
I/Qt JAVA ( 9411): DEBUGGER: pong not requested
V/ActivityThread( 9411): Performing resume of ActivityRecord{41b53fe0 token=android.os.BinderProxy@41b53580 {org.qtproject.example.stocqt/org.qtproject.qt5.android.bindings.QtActivity}} finished=false
D/ActivityThread( 9411): ACT-AM_ON_RESUME_CALLED ActivityRecord{41b53fe0 token=android.os.BinderProxy@41b53580 {org.qtproject.example.stocqt/org.qtproject.qt5.android.bindings.QtActivity}}
V/ActivityThread( 9411): Resume ActivityRecord{41b53fe0 token=android.os.BinderProxy@41b53580 {org.qtproject.example.stocqt/org.qtproject.qt5.android.bindings.QtActivity}} started activity: false, hideForNow: false, finished: false
V/PhoneWindow( 9411): DecorView setVisiblity: visibility = 4 ,Parent =null, this =com.android.internal.policy.impl.PhoneWindow$DecorView{41c00830 I.E..... R.....ID 0,0-0,0}
I/SurfaceFlinger( 155): EventThread Client Pid (9411) created
V/ActivityThread( 9411): Resuming ActivityRecord{41b53fe0 token=android.os.BinderProxy@41b53580 {org.qtproject.example.stocqt/org.qtproject.qt5.android.bindings.QtActivity}} with isForward=true
V/PhoneWindow( 9411): DecorView setVisiblity: visibility = 0 ,Parent =ViewRoot{41e55cd0 org.qtproject.example.stocqt/org.qtproject.qt5.android.bindings.QtActivity,ident = 0}, this =com.android.internal.policy.impl.PhoneWindow$DecorView{41c00830 V.E..... R.....ID 0,0-0,0}
V/ActivityThread( 9411): Scheduling idle handler for ActivityRecord{41b53fe0 token=android.os.BinderProxy@41b53580 {org.qtproject.example.stocqt/org.qtproject.qt5.android.bindings.QtActivity}}
D/ActivityThread( 9411): ACT-LAUNCH_ACTIVITY handled : 0 / ActivityRecord{41b53fe0 token=android.os.BinderProxy@41b53580 {org.qtproject.example.stocqt/org.qtproject.qt5.android.bindings.QtActivity}}
E/ ( 9411): appName=org.qtproject.example.stocqt, acAppName=/system/bin/surfaceflinger
E/ ( 9411): 0
I/BufferQueue( 155): [org.qtproject.example.stocqt/org.qtproject.qt5.android.bindings.QtActivity](this:0xb7901380,id:183,api:0,p:9411,c:155) connect: api=1 producer=(9411:org.qtproject.example.stocqt) producerControlledByApp=true
I/BufferQueue( 155): [org.qtproject.example.stocqt/org.qtproject.qt5.android.bindings.QtActivity](this:0xb7901380,id:183,api:1,p:9411,c:155) new GraphicBuffer needed
D/GraphicBuffer( 9411): create handle(0x55abf4b0) (w:480, h:800, f:1)
D/BufferQueue( 155): [org.qtproject.example.stocqt/org.qtproject.qt5.android.bindings.QtActivity](this:0xb7901380,id:183,api:1,p:9411,c:155) cancelBuffer: slot=0
I/MaliEGL ( 9411): [Mali]window_type=1, is_framebuffer=0, errnum = 0
I/MaliEGL ( 9411): [Mali]surface->num_buffers=4, surface->num_frames=3, win_min_undequeued=1
I/MaliEGL ( 9411): [Mali]max_allowed_dequeued_buffers=3
I/BufferQueue( 155): [org.qtproject.example.stocqt/org.qtproject.qt5.android.bindings.QtActivity](this:0xb7901380,id:183,api:1,p:9411,c:155) setBufferCount: count=4
I/BufferQueue( 155): [org.qtproject.example.stocqt/org.qtproject.qt5.android.bindings.QtActivity](this:0xb7901380,id:183,api:1,p:9411,c:155) getReleasedBuffers: returning mask 0xffffffff
D/GraphicBuffer( 9411): close handle(0x55abf4b0) (w:480 h:800 f:1)
I/BufferQueue( 155): [org.qtproject.example.stocqt/org.qtproject.qt5.android.bindings.QtActivity](this:0xb7901380,id:183,api:1,p:9411,c:155) new GraphicBuffer needed
D/GraphicBuffer( 9411): create handle(0x55ac0298) (w:480, h:800, f:1)
D/OpenGLRenderer( 9411): Enabling debug mode 0
D/GraphicBuffer( 9411): create handle(0x55d37a70) (w:768, h:768, f:1)
D/OpenGLRenderer( 9411): setViewport 480x800 <0x55ac0820>
V/InputMethodManager( 9411): onWindowFocus: null softInputMode=288 first=true flags=#1810100
V/InputMethodManager( 9411): START INPUT: com.android.internal.policy.impl.PhoneWindow$DecorView{41c00830 V.E..... R.....ID 0,0-480,800} ic=null tba=android.view.inputmethod.EditorInfo@41eacda0 controlFlags=#104
D/dalvikvm( 9411): threadid=12: interp stack at 0x56082000
D/dalvikvm( 9411): init ref table
D/dalvikvm( 9411): init mutex
W/libstocqt( 9411): (null):0 ((null)): "QML Debugger: Invalid argument 'services:DebugMessages' detected. Ignoring the same."
W/libstocqt( 9411): (null):0 ((null)): "QML Debugger: Invalid argument 'QmlDebugger' detected. Ignoring the same."
W/libstocqt( 9411): (null):0 ((null)): "QML Debugger: Invalid argument 'V8Debugger' detected. Ignoring the same."
W/libstocqt( 9411): (null):0 ((null)): "QML Debugger: Invalid argument 'QmlInspector' detected. Ignoring the same."
D/libstocqt( 9411): (null):0 ((null)): QML Debugger: Waiting for connection on port 61831...
D/dalvikvm( 9411): threadid=13: interp stack at 0x56f61000
D/dalvikvm( 9411): init ref table
D/dalvikvm( 9411): init mutex
D/OpenSSLLib( 9411): OpensslErr:Module:2(1:2); file:external/openssl/crypto/bio/bss_file.c ;Line:169;Function:BIO_new_file
D/OpenSSLLib( 9411): OpensslErr:Module:32(109:128); file:external/openssl/crypto/bio/bss_file.c ;Line:172;Function:BIO_new_file
D/OpenSSLLib( 9411): OpensslErr:Module:14(120:114); file:external/openssl/crypto/conf/conf_def.c ;Line:197;Function:def_load
D/dalvikvm( 9411): GC_CONCURRENT freed 3961K (25541), 53% free 3650K/7692K, paused 2ms+5ms, total 37ms
D/dalvikvm( 9411): GC_CONCURRENT freed 2638K (25598), 54% free 3551K/7692K, paused 3ms+4ms, total 35ms
D/dalvikvm( 9411): GC_CONCURRENT freed 2453K (23771), 53% free 3657K/7692K, paused 2ms+6ms, total 28ms
D/dalvikvm( 9411): WAIT_FOR_CONCURRENT_GC blocked 7ms
E/ ( 9411): appName=org.qtproject.example.stocqt, acAppName=/system/bin/surfaceflinger
E/ ( 9411): 0
D/dalvikvm( 9411): threadid=14: interp stack at 0x576c7000
D/dalvikvm( 9411): init ref table
D/dalvikvm( 9411): init mutex
D/SurfaceView( 9411): checkGLSurfaceViewlLogProperty get invalid command
W/ResourceType( 9411): No package identifier when getting name for resource number 0x00000001
D/ViewGroup( 9411): addInArray been called, this = org.qtproject.qt5.android.QtLayout{41e02c38 V.E....L ......ID 0,0-480,762} ,child = org.qtproject.qt5.android.QtSurface{41b9f920 V.E..... ......I. 0,0-0,0 #1} ,call stack =
D/ViewGroup( 9411): java.lang.Throwable: addInArray
D/ViewGroup( 9411): at android.view.ViewGroup.addInArray(ViewGroup.java:3786)
D/ViewGroup( 9411): at android.view.ViewGroup.addViewInner(ViewGroup.java:3740)
D/ViewGroup( 9411): at android.view.ViewGroup.addView(ViewGroup.java:3564)
D/ViewGroup( 9411): at android.view.ViewGroup.addView(ViewGroup.java:3509)
D/ViewGroup( 9411): at org.qtproject.qt5.android.QtActivityDelegate.createSurface(QtActivityDelegate.java:1203)
D/ViewGroup( 9411): at org.qtproject.qt5.android.QtNative$12.run(QtNative.java:519)
D/ViewGroup( 9411): at android.os.Handler.handleCallback(Handler.java:808)
D/ViewGroup( 9411): at android.os.Handler.dispatchMessage(Handler.java:103)
D/ViewGroup( 9411): at android.os.Looper.loop(Looper.java:193)
D/ViewGroup( 9411): at android.app.ActivityThread.main(ActivityThread.java:5299)
D/ViewGroup( 9411): at java.lang.reflect.Method.invokeNative(Native Method)
D/ViewGroup( 9411): at java.lang.reflect.Method.invoke(Method.java:515)
D/ViewGroup( 9411): at com.android.internal.os.ZygoteInit$MethodAndArgsCaller.run(ZygoteInit.java:825)
D/ViewGroup( 9411): at com.android.internal.os.ZygoteInit.main(ZygoteInit.java:641)
D/ViewGroup( 9411): at dalvik.system.NativeStart.main(Native Method)
I/SurfaceView( 9411): updateWindow -- onWindowVisibilityChanged, visibility = 0
I/BufferQueue( 155): [org.qtproject.example.stocqt/org.qtproject.qt5.android.bindings.QtActivity](this:0xb7901380,id:183,api:1,p:9411,c:-1) consumerDisconnect
D/GraphicBuffer( 9411): close handle(0x55ac0298) (w:480 h:800 f:1)
I/BufferQueue( 155): [org.qtproject.example.stocqt/org.qtproject.qt5.android.bindings.QtActivity](this:0xb7904278,id:184,api:0,p:9411,c:155) connect: api=1 producer=(9411:org.qtproject.example.stocqt) producerControlledByApp=true
I/BufferQueue( 155): [org.qtproject.example.stocqt/org.qtproject.qt5.android.bindings.QtActivity](this:0xb7904278,id:184,api:1,p:9411,c:155) new GraphicBuffer needed
D/libc-netbsd( 9411): getaddrinfo: ichart.finance.yahoo.com get result from proxy >>
D/dalvikvm( 9411): threadid=15: interp stack at 0x55bbf000
D/dalvikvm( 9411): init ref table
D/dalvikvm( 9411): init mutex
D/GraphicBuffer( 9411): create handle(0x5558bd60) (w:480, h:800, f:1)
D/BufferQueue( 155): [org.qtproject.example.stocqt/org.qtproject.qt5.android.bindings.QtActivity](this:0xb7904278,id:184,api:1,p:9411,c:155) cancelBuffer: slot=0
I/MaliEGL ( 9411): [Mali]window_type=1, is_framebuffer=0, errnum = 0
I/MaliEGL ( 9411): [Mali]surface->num_buffers=4, surface->num_frames=3, win_min_undequeued=1
I/MaliEGL ( 9411): [Mali]max_allowed_dequeued_buffers=3
I/BufferQueue( 155): [org.qtproject.example.stocqt/org.qtproject.qt5.android.bindings.QtActivity](this:0xb7904278,id:184,api:1,p:9411,c:155) setBufferCount: count=4
I/BufferQueue( 155): [org.qtproject.example.stocqt/org.qtproject.qt5.android.bindings.QtActivity](this:0xb7904278,id:184,api:1,p:9411,c:155) getReleasedBuffers: returning mask 0xffffffff
D/GraphicBuffer( 9411): close handle(0x5558bd60) (w:480 h:800 f:1)
I/BufferQueue( 155): [org.qtproject.example.stocqt/org.qtproject.qt5.android.bindings.QtActivity](this:0xb7904278,id:184,api:1,p:9411,c:155) new GraphicBuffer needed
D/GraphicBuffer( 9411): create handle(0x55be0df8) (w:480, h:800, f:1)
I/SurfaceView( 9411): updateWindow -- setFrame
I/SurfaceView( 9411): updateWindow -- OnPreDrawListener, mHaveFrame = true
I/SurfaceView( 9411): Changes: creating=true format=true size=true visible=true left=true top=true mUpdateWindowNeeded=false mReportDrawNeeded=false redrawNeeded=false forceSizeChanged=true mVisible=false mRequestedVisible=true
I/SurfaceView( 9411): Cur surface: Surface(name=null)/@0x41c02368
W/ResourceType( 9411): No package identifier when getting name for resource number 0x00000001
V/SurfaceView( 9411): org.qtproject.qt5.android.QtSurface{41b9f920 V.E..... ......ID 0,0-480,762 #1} got resized: w=480 h=762, cur w=-1 h=-1
I/SurfaceView( 9411): New surface: Surface(name=null)/@0x41b5f120, vis=true, frame=Rect(0, 38 - 480, 800)
I/SurfaceView( 9411): Callback --> surfaceCreated
I/SurfaceView( 9411): surfaceCreated callback +
I/SurfaceView( 9411): surfaceCreated callback -
I/SurfaceView( 9411): surfaceChanged -- format=1 w=480 h=762
I/SurfaceView( 9411): surfaceChanged callback +
I/SurfaceView( 9411): surfaceChanged callback -
I/SurfaceView( 9411): surfaceRedrawNeeded
I/SurfaceView( 9411): finishedDrawing
I/BufferQueue( 155): [SurfaceView](this:0xb7901380,id:185,api:0,p:9411,c:155) connect: api=1 producer=(9411:org.qtproject.example.stocqt) producerControlledByApp=true
I/BufferQueue( 155): [SurfaceView](this:0xb7901380,id:185,api:1,p:9411,c:155) new GraphicBuffer needed
D/GraphicBuffer( 9411): create handle(0x55be2a48) (w:480, h:762, f:1)
D/BufferQueue( 155): [SurfaceView](this:0xb7901380,id:185,api:1,p:9411,c:155) cancelBuffer: slot=0
I/MaliEGL ( 9411): [Mali]window_type=1, is_framebuffer=0, errnum = 0
I/MaliEGL ( 9411): [Mali]surface->num_buffers=4, surface->num_frames=3, win_min_undequeued=1
I/MaliEGL ( 9411): [Mali]max_allowed_dequeued_buffers=3
I/BufferQueue( 155): [SurfaceView](this:0xb7901380,id:185,api:1,p:9411,c:155) setBufferCount: count=4
V/SurfaceView( 9411): Layout: x=0 y=38 w=480 h=762, frame=Rect(0, 0 - 480, 762)
I/BufferQueue( 155): [SurfaceView](this:0xb7901380,id:185,api:1,p:9411,c:155) getReleasedBuffers: returning mask 0xffffffff
D/GraphicBuffer( 9411): close handle(0x55be2a48) (w:480 h:762 f:1)
I/BufferQueue( 155): [SurfaceView](this:0xb7901380,id:185,api:1,p:9411,c:155) new GraphicBuffer needed
D/GraphicBuffer( 9411): create handle(0x55be3800) (w:480, h:762, f:1)
I/SurfaceView( 9411): updateWindow -- UPDATE_WINDOW_MSG
I/SurfaceView( 9411): Changes: creating=false format=false size=false visible=false left=false top=false mUpdateWindowNeeded=true mReportDrawNeeded=true redrawNeeded=false forceSizeChanged=false mVisible=true mRequestedVisible=true
I/SurfaceView( 9411): Cur surface: Surface(name=null)/@0x41c02368
I/SurfaceView( 9411): New surface: Surface(name=null)/@0x41b5f120, vis=true, frame=Rect(0, 38 - 480, 800)
I/SurfaceView( 9411): surfaceRedrawNeeded
I/SurfaceView( 9411): finishedDrawing
V/SurfaceView( 9411): Layout: x=0 y=38 w=480 h=762, frame=Rect(0, 0 - 480, 762)
I/BufferQueue( 155): [SurfaceView](this:0xb7901380,id:185,api:1,p:9411,c:155) new GraphicBuffer needed
D/GraphicBuffer( 9411): create handle(0x579e9598) (w:480, h:762, f:1)
I/BufferQueue( 155): [SurfaceView](this:0xb7901380,id:185,api:1,p:9411,c:155) new GraphicBuffer needed
D/GraphicBuffer( 9411): create handle(0x55d32d78) (w:480, h:762, f:1)
I/BufferQueue( 155): [SurfaceView](this:0xb7901380,id:185,api:1,p:9411,c:155) new GraphicBuffer needed
D/GraphicBuffer( 9411): create handle(0x57a4fb80) (w:480, h:762, f:1)
I/BufferQueue( 155): [SurfaceView](this:0xb7901380,id:185,api:1,p:9411,c:155) [queue] queued:2 (lag)
D/BufferQueue( 155): [SurfaceView](this:0xb7901380,id:185,api:1,p:9411,c:155) NEW [idx:3] handle:0xb78fd920
D/BufferQueue( 155): [SurfaceView](this:0xb7901380,id:185,api:1,p:9411,c:155) [idx:1] handle:0xb790dc50
D/BufferQueue( 155): [SurfaceView](this:0xb7901380,id:185,api:1,p:9411,c:155) [idx:2] handle:0xb790dcb0
W/libstocqt( 9411): (null):0 ((null)): Context2D: The font families specified are invalid: OpenSans
I/BufferQueue( 155): [SurfaceView](this:0xb7901380,id:185,api:1,p:9411,c:155) [queue] fps:10.29, dur:1262.80, max:472.65, min:6.20
I/BufferQueue( 155): [SurfaceView](this:0xb7901380,id:185,api:1,p:9411,c:155) [release] fps:9.55, dur:1256.08, max:478.56, min:13.57
D/dalvikvm( 9411): threadid=16: interp stack at 0x5849d000
D/dalvikvm( 9411): init ref table
D/dalvikvm( 9411): init mutex
D/ActivityThread( 9411): ACT-AM_ON_PAUSE_CALLED ActivityRecord{41b53fe0 token=android.os.BinderProxy@41b53580 {org.qtproject.example.stocqt/org.qtproject.qt5.android.bindings.QtActivity}}
I/BufferQueue( 155): [SurfaceView](this:0xb7901380,id:185,api:1,p:9411,c:155) [queue] fps:0.21, dur:9541.65, max:9532.32, min:9.33
I/BufferQueue( 155): [SurfaceView](this:0xb7901380,id:185,api:1,p:9411,c:155) [release] fps:0.21, dur:9540.19, max:9523.53, min:16.66
D/ActivityThread( 9411): ACT-PAUSE_ACTIVITY handled : 1 / android.os.BinderProxy@41b53580
I/SurfaceView( 9411): updateWindow -- onWindowVisibilityChanged, visibility = 8
I/SurfaceView( 9411): Changes: creating=false format=false size=false visible=true left=false top=false mUpdateWindowNeeded=false mReportDrawNeeded=false redrawNeeded=false forceSizeChanged=false mVisible=true mRequestedVisible=false
I/SurfaceView( 9411): Cur surface: Surface(name=null)/@0x41c02368
I/SurfaceView( 9411): New surface: Surface(name=null)/@0x41b5f120, vis=false, frame=Rect(0, 38 - 480, 800)
I/SurfaceView( 9411): Callback --> surfaceDestroyed
I/SurfaceView( 9411): surfaceDestroyed callback +
I/SurfaceView( 9411): surfaceDestroyed callback -
V/SurfaceView( 9411): Layout: x=0 y=38 w=480 h=762, frame=Rect(0, 0 - 480, 762)
D/OpenGLRenderer( 9411): Flushing caches (mode 0)
D/GraphicBuffer( 9411): close handle(0x55be0df8) (w:480 h:800 f:1)
I/SurfaceView( 9411): updateWindow -- OnPreDrawListener, mHaveFrame = true
I/BufferQueue( 155): [SurfaceView](this:0xb7901380,id:185,api:1,p:9411,c:-1) consumerDisconnect
V/ActivityThread( 9411): Finishing stop of ActivityRecord{41b53fe0 token=android.os.BinderProxy@41b53580 {org.qtproject.example.stocqt/org.qtproject.qt5.android.bindings.QtActivity}}: show=false win=com.android.internal.policy.impl.PhoneWindow@41b5f2d8
V/PhoneWindow( 9411): DecorView setVisiblity: visibility = 4 ,Parent =ViewRoot{41e55cd0 org.qtproject.example.stocqt/org.qtproject.qt5.android.bindings.QtActivity,ident = 0}, this =com.android.internal.policy.impl.PhoneWindow$DecorView{41c00830 I.E..... R....... 0,0-480,800}
D/ActivityThread( 9411): ACT-STOP_ACTIVITY_HIDE handled : 0 / android.os.BinderProxy@41b53580
D/OpenGLRenderer( 9411): Flushing caches (mode 1)
I/SurfaceView( 9411): updateWindow -- OnPreDrawListener, mHaveFrame = true
D/GraphicBuffer( 9411): close handle(0x55be3800) (w:480 h:762 f:1)
D/GraphicBuffer( 9411): close handle(0x579e9598) (w:480 h:762 f:1)
D/GraphicBuffer( 9411): close handle(0x55d32d78) (w:480 h:762 f:1)
D/NetworkPolicy( 668): onRecv: MSG_FOREGROUND_ACTIVITIES_CHANGED pid:uid:act=9411:10095:false
D/GraphicBuffer( 9411): close handle(0x57a4fb80) (w:480 h:762 f:1)
I/SurfaceView( 9411): updateWindow -- onWindowVisibilityChanged, visibility = 4
D/OpenGLRenderer( 9411): Flushing caches (mode 0)
I/SurfaceView( 9411): updateWindow -- OnPreDrawListener, mHaveFrame = true
V/ActivityThread( 9411): Performing resume of ActivityRecord{41b53fe0 token=android.os.BinderProxy@41b53580 {org.qtproject.example.stocqt/org.qtproject.qt5.android.bindings.QtActivity}} finished=false
D/ActivityThread( 9411): ACT-AM_ON_RESUME_CALLED ActivityRecord{41b53fe0 token=android.os.BinderProxy@41b53580 {org.qtproject.example.stocqt/org.qtproject.qt5.android.bindings.QtActivity}}
V/ActivityThread( 9411): Resume ActivityRecord{41b53fe0 token=android.os.BinderProxy@41b53580 {org.qtproject.example.stocqt/org.qtproject.qt5.android.bindings.QtActivity}} started activity: false, hideForNow: false, finished: false
V/ActivityThread( 9411): Resuming ActivityRecord{41b53fe0 token=android.os.BinderProxy@41b53580 {org.qtproject.example.stocqt/org.qtproject.qt5.android.bindings.QtActivity}} with isForward=true
V/PhoneWindow( 9411): DecorView setVisiblity: visibility = 0 ,Parent =ViewRoot{41e55cd0 org.qtproject.example.stocqt/org.qtproject.qt5.android.bindings.QtActivity,ident = 0}, this =com.android.internal.policy.impl.PhoneWindow$DecorView{41c00830 V.E..... R.....ID 0,0-480,800}
V/ActivityThread( 9411): Scheduling idle handler for ActivityRecord{41b53fe0 token=android.os.BinderProxy@41b53580 {org.qtproject.example.stocqt/org.qtproject.qt5.android.bindings.QtActivity}}
D/NetworkPolicy( 668): onRecv: MSG_FOREGROUND_ACTIVITIES_CHANGED pid:uid:act=9411:10095:true
D/ActivityThread( 9411): ACT-RESUME_ACTIVITY handled : 1 / android.os.BinderProxy@41b53580
I/SurfaceView( 9411): updateWindow -- onWindowVisibilityChanged, visibility = 0
I/SurfaceView( 9411): Changes: creating=false format=false size=false visible=true left=false top=false mUpdateWindowNeeded=false mReportDrawNeeded=false redrawNeeded=false forceSizeChanged=false mVisible=false mRequestedVisible=true
I/SurfaceView( 9411): Cur surface: Surface(name=null)/@0x41c02368
I/SurfaceView( 9411): New surface: Surface(name=null)/@0x41b5f120, vis=true, frame=Rect(0, 38 - 480, 800)
I/SurfaceView( 9411): Callback --> surfaceCreated
I/SurfaceView( 9411): surfaceCreated callback +
I/SurfaceView( 9411): surfaceCreated callback -
I/SurfaceView( 9411): surfaceChanged -- format=1 w=480 h=762
I/SurfaceView( 9411): surfaceChanged callback +
W/libstocqt( 9411): (null):0 ((null)): Can't find surface 1
I/SurfaceView( 9411): surfaceChanged callback -
V/SurfaceView( 9411): Layout: x=0 y=38 w=480 h=762, frame=Rect(0, 0 - 480, 762)
I/BufferQueue( 155): [org.qtproject.example.stocqt/org.qtproject.qt5.android.bindings.QtActivity](this:0xb791b1d8,id:189,api:0,p:9411,c:155) connect: api=1 producer=(9411:org.qtproject.example.stocqt) producerControlledByApp=true
I/BufferQueue( 155): [org.qtproject.example.stocqt/org.qtproject.qt5.android.bindings.QtActivity](this:0xb791b1d8,id:189,api:1,p:9411,c:155) new GraphicBuffer needed
D/GraphicBuffer( 9411): create handle(0x56f81e70) (w:480, h:800, f:1)
D/BufferQueue( 155): [org.qtproject.example.stocqt/org.qtproject.qt5.android.bindings.QtActivity](this:0xb791b1d8,id:189,api:1,p:9411,c:155) cancelBuffer: slot=0
I/MaliEGL ( 9411): [Mali]window_type=1, is_framebuffer=0, errnum = 0
I/MaliEGL ( 9411): [Mali]surface->num_buffers=4, surface->num_frames=3, win_min_undequeued=1
I/MaliEGL ( 9411): [Mali]max_allowed_dequeued_buffers=3
I/BufferQueue( 155): [org.qtproject.example.stocqt/org.qtproject.qt5.android.bindings.QtActivity](this:0xb791b1d8,id:189,api:1,p:9411,c:155) setBufferCount: count=4
I/BufferQueue( 155): [org.qtproject.example.stocqt/org.qtproject.qt5.android.bindings.QtActivity](this:0xb791b1d8,id:189,api:1,p:9411,c:155) getReleasedBuffers: returning mask 0xffffffff
D/GraphicBuffer( 9411): close handle(0x56f81e70) (w:480 h:800 f:1)
I/BufferQueue( 155): [org.qtproject.example.stocqt/org.qtproject.qt5.android.bindings.QtActivity](this:0xb791b1d8,id:189,api:1,p:9411,c:155) new GraphicBuffer needed
D/GraphicBuffer( 9411): create handle(0x56f81e70) (w:480, h:800, f:1)
D/OpenGLRenderer( 9411): setViewport 480x800 <0x55ac0820>
I/SurfaceView( 9411): updateWindow -- OnPreDrawListener, mHaveFrame = true
I/SurfaceView( 9411): Changes: creating=false format=false size=false visible=false left=false top=false mUpdateWindowNeeded=false mReportDrawNeeded=true redrawNeeded=false forceSizeChanged=false mVisible=true mRequestedVisible=true
I/SurfaceView( 9411): Cur surface: Surface(name=null)/@0x41c02368
I/SurfaceView( 9411): New surface: Surface(name=null)/@0x41b5f120, vis=true, frame=Rect(0, 38 - 480, 800)
I/SurfaceView( 9411): surfaceRedrawNeeded
I/SurfaceView( 9411): finishedDrawing
V/SurfaceView( 9411): Layout: x=0 y=38 w=480 h=762, frame=Rect(0, 0 - 480, 762)
I/SurfaceView( 9411): updateWindow -- onWindowVisibilityChanged, visibility = 8
I/SurfaceView( 9411): Changes: creating=false format=false size=false visible=true left=false top=false mUpdateWindowNeeded=false mReportDrawNeeded=true redrawNeeded=false forceSizeChanged=false mVisible=true mRequestedVisible=false
I/SurfaceView( 9411): Cur surface: Surface(name=null)/@0x41c02368
I/SurfaceView( 9411): New surface: Surface(name=null)/@0x41b5f120, vis=false, frame=Rect(0, 38 - 480, 800)
I/SurfaceView( 9411): Callback --> surfaceDestroyed
I/SurfaceView( 9411): surfaceDestroyed callback +
W/libstocqt( 9411): (null):0 ((null)): Can't find surface 1
I/SurfaceView( 9411): surfaceDestroyed callback -
I/SurfaceView( 9411): finishedDrawing
V/SurfaceView( 9411): Layout: x=0 y=38 w=480 h=762, frame=Rect(0, 0 - 480, 762)
I/SurfaceView( 9411): updateWindow -- onDetachedFromWindow
D/SurfaceView( 9411): checkGLSurfaceViewlLogProperty get invalid command
I/SurfaceView( 9411): updateWindow -- onWindowVisibilityChanged, visibility = 0
V/InputMethodManager( 9411): onWindowFocus: null softInputMode=288 first=true flags=#1810100
V/InputMethodManager( 9411): START INPUT: com.android.internal.policy.impl.PhoneWindow$DecorView{41c00830 V.E..... R.....ID 0,0-480,800} ic=null tba=android.view.inputmethod.EditorInfo@41b5e1b0 controlFlags=#104
I/SurfaceView( 9411): updateWindow -- setFrame
I/SurfaceView( 9411): updateWindow -- OnPreDrawListener, mHaveFrame = true
I/SurfaceView( 9411): Changes: creating=true format=true size=true visible=true left=true top=true mUpdateWindowNeeded=false mReportDrawNeeded=false redrawNeeded=false forceSizeChanged=true mVisible=false mRequestedVisible=true
I/SurfaceView( 9411): Cur surface: Surface(name=null)/@0x41c685e8
W/ResourceType( 9411): No package identifier when getting name for resource number 0x00000002
V/SurfaceView( 9411): org.qtproject.qt5.android.QtSurface{41c39f70 V.E..... ......ID 0,0-480,762 #2} got resized: w=480 h=762, cur w=-1 h=-1
I/SurfaceView( 9411): New surface: Surface(name=null)/@0x41dc4db8, vis=true, frame=Rect(0, 38 - 480, 800)
I/SurfaceView( 9411): Callback --> surfaceCreated
I/SurfaceView( 9411): surfaceCreated callback +
I/SurfaceView( 9411): surfaceCreated callback -
I/SurfaceView( 9411): surfaceChanged -- format=1 w=480 h=762
I/SurfaceView( 9411): surfaceChanged callback +
I/SurfaceView( 9411): surfaceChanged callback -
I/SurfaceView( 9411): surfaceRedrawNeeded
I/SurfaceView( 9411): finishedDrawing
I/BufferQueue( 155): [SurfaceView](this:0xb79023e0,id:190,api:0,p:9411,c:155) connect: api=1 producer=(9411:org.qtproject.example.stocqt) producerControlledByApp=true
I/BufferQueue( 155): [SurfaceView](this:0xb79023e0,id:190,api:1,p:9411,c:155) new GraphicBuffer needed
D/GraphicBuffer( 9411): create handle(0x55d24cb8) (w:480, h:762, f:1)
V/SurfaceView( 9411): Layout: x=0 y=38 w=480 h=762, frame=Rect(0, 0 - 480, 762)
D/BufferQueue( 155): [SurfaceView](this:0xb79023e0,id:190,api:1,p:9411,c:155) cancelBuffer: slot=0
I/MaliEGL ( 9411): [Mali]window_type=1, is_framebuffer=0, errnum = 0
I/MaliEGL ( 9411): [Mali]surface->num_buffers=4, surface->num_frames=3, win_min_undequeued=1
I/MaliEGL ( 9411): [Mali]max_allowed_dequeued_buffers=3
I/BufferQueue( 155): [SurfaceView](this:0xb79023e0,id:190,api:1,p:9411,c:155) setBufferCount: count=4
I/BufferQueue( 155): [SurfaceView](this:0xb79023e0,id:190,api:1,p:9411,c:155) getReleasedBuffers: returning mask 0xffffffff
D/GraphicBuffer( 9411): close handle(0x55d24cb8) (w:480 h:762 f:1)
I/BufferQueue( 155): [SurfaceView](this:0xb79023e0,id:190,api:1,p:9411,c:155) new GraphicBuffer needed
D/GraphicBuffer( 9411): create handle(0x55d20140) (w:480, h:762, f:1)
I/BufferQueue( 155): [SurfaceView](this:0xb79023e0,id:190,api:1,p:9411,c:155) new GraphicBuffer needed
I/SurfaceView( 9411): updateWindow -- UPDATE_WINDOW_MSG
I/SurfaceView( 9411): Changes: creating=false format=false size=false visible=false left=false top=false mUpdateWindowNeeded=true mReportDrawNeeded=true redrawNeeded=false forceSizeChanged=false mVisible=true mRequestedVisible=true
I/SurfaceView( 9411): Cur surface: Surface(name=null)/@0x41c685e8
D/GraphicBuffer( 9411): create handle(0x58050450) (w:480, h:762, f:1)
I/BufferQueue( 155): [SurfaceView](this:0xb79023e0,id:190,api:1,p:9411,c:155) new GraphicBuffer needed
D/GraphicBuffer( 9411): create handle(0x55be30b8) (w:480, h:762, f:1)
I/BufferQueue( 155): [SurfaceView](this:0xb79023e0,id:190,api:1,p:9411,c:155) new GraphicBuffer needed
D/GraphicBuffer( 9411): create handle(0x5838a650) (w:480, h:762, f:1)
I/SurfaceView( 9411): New surface: Surface(name=null)/@0x41dc4db8, vis=true, frame=Rect(0, 38 - 480, 800)
I/SurfaceView( 9411): surfaceRedrawNeeded
I/SurfaceView( 9411): finishedDrawing
V/SurfaceView( 9411): Layout: x=0 y=38 w=480 h=762, frame=Rect(0, 0 - 480, 762)
D/BufferQueue( 155): [SurfaceView](this:0xb79023e0,id:190,api:1,p:9411,c:155) cancelBuffer: slot=0
D/GraphicBuffer( 9411): close handle(0x55d20140) (w:480 h:762 f:1)
D/GraphicBuffer( 9411): close handle(0x58050450) (w:480 h:762 f:1)
D/GraphicBuffer( 9411): close handle(0x55be30b8) (w:480 h:762 f:1)
D/GraphicBuffer( 9411): close handle(0x5838a650) (w:480 h:762 f:1)
D/dalvikvm( 9411): threadid=14: bye!
D/dalvikvm( 9411): threadid=15: bye!
D/dalvikvm( 9411): threadid=13: bye!
D/dalvikvm( 9411): threadid=12: bye!
D/dalvikvm( 9411): threadid=12: interp stack at 0x55bbf000
D/dalvikvm( 9411): init ref table
D/dalvikvm( 9411): init mutex
D/ActivityThread( 9411): ACT-AM_ON_PAUSE_CALLED ActivityRecord{41b53fe0 token=android.os.BinderProxy@41b53580 {org.qtproject.example.stocqt/org.qtproject.qt5.android.bindings.QtActivity}}
D/dalvikvm( 9411): threadid=12: bye!
D/ActivityThread( 9411): ACT-PAUSE_ACTIVITY_FINISHING handled : 0 / android.os.BinderProxy@41b53580
I/SurfaceView( 9411): updateWindow -- onWindowVisibilityChanged, visibility = 8
I/SurfaceView( 9411): Changes: creating=false format=false size=false visible=true left=false top=false mUpdateWindowNeeded=false mReportDrawNeeded=false redrawNeeded=false forceSizeChanged=false mVisible=true mRequestedVisible=false
I/SurfaceView( 9411): Cur surface: Surface(name=null)/@0x41c685e8
I/SurfaceView( 9411): New surface: Surface(name=null)/@0x41dc4db8, vis=false, frame=Rect(0, 38 - 480, 800)
I/SurfaceView( 9411): Callback --> surfaceDestroyed
I/SurfaceView( 9411): surfaceDestroyed callback +
I/SurfaceView( 9411): surfaceDestroyed callback -
V/SurfaceView( 9411): Layout: x=0 y=38 w=480 h=762, frame=Rect(0, 0 - 480, 762)
D/OpenGLRenderer( 9411): Flushing caches (mode 0)
D/GraphicBuffer( 9411): close handle(0x56f81e70) (w:480 h:800 f:1)
I/SurfaceView( 9411): updateWindow -- OnPreDrawListener, mHaveFrame = true
D/NetworkPolicy( 668): onRecv: MSG_FOREGROUND_ACTIVITIES_CHANGED pid:uid:act=9411:10095:false
D/OpenGLRenderer( 9411): Flushing caches (mode 1)
D/dalvikvm( 9411): create interp thread : stack size=128KB
D/dalvikvm( 9411): create new thread
D/dalvikvm( 9411): new thread created
D/dalvikvm( 9411): update thread list
D/dalvikvm( 9411): threadid=12: interp stack at 0x55bbf000
D/dalvikvm( 9411): init ref table
D/dalvikvm( 9411): init mutex
D/dalvikvm( 9411): threadid=12: created from interp
