08-23 09:21:32.992: D/libEGL(17132): };
08-23 09:21:32.992: D/libEGL(17132): glUniformMatrix4fv(0, 1, GL_FALSE, value);
08-23 09:21:32.992: D/libEGL(17132): glVertexAttribPointer(0, 2, GL_FLOAT, GL_FALSE, 16, (const void *) 0x00000000);
08-23 09:21:32.992: D/libEGL(17132): glVertexAttribPointer(1, 2, GL_FLOAT, GL_FALSE, 16, (const void *) 0x00000008);
08-23 09:21:32.992: D/libEGL(17132): glVertexAttribPointer(2, 1, GL_FLOAT, GL_FALSE, 0, (const void *) 0x00000040);
08-23 09:21:32.992: D/libEGL(17132): glDrawElements(GL_TRIANGLE_STRIP, 4, GL_UNSIGNED_SHORT, (const void *) 0x00000052);
08-23 09:21:32.992: D/libEGL(17132): glDisableVertexAttribArray(0);
08-23 09:21:32.992: D/libEGL(17132): glDisableVertexAttribArray(1);
08-23 09:21:32.992: D/libEGL(17132): glDisableVertexAttribArray(2);
08-23 09:21:32.992: D/libEGL(17132): glDisable(0xb90);
08-23 09:21:32.992: D/libEGL(17132): glDisable(0xc11);
08-23 09:21:32.992: D/libEGL(17132): glBindBuffer(0x8892, 0);
08-23 09:21:32.992: D/libEGL(17132): glBindBuffer(0x8893, 0);
08-23 09:21:32.992: D/libEGL(17132): glDepthMask(GL_TRUE);
08-23 09:21:33.012: D/libEGL(17132): glGetString(0x1f01);
08-23 09:21:33.022: D/libEGL(17132): glGetString(0x1f01);
08-23 09:21:33.042: D/libEGL(17132): glGetString(0x1f01);
08-23 09:21:33.062: D/libEGL(17132): glGetString(0x1f01);
08-23 09:21:33.062: I/InputReader(2925): Touch event's action is 0x1 (deviceType=0) [pCnt=1, s=] when=40156398363000
08-23 09:21:33.062: I/InputDispatcher(2925): Delivering touch to (17132): action: 0x1, toolType: 1
08-23 09:21:33.072: E/PersonaManagerService(2925): inState(): stateMachine is null !!
08-23 09:21:33.072: I/ActivityManager(2925): do not start freezing screen for locked container getKeyguardshowstate = false
08-23 09:21:33.072: I/ActivityManager(2925): START u0 {act=android.intent.action.VIEW dat=http://www.google.com cmp=com.sec.android.app.sbrowser/.SBrowserMainActivity} from uid 10120 on display 0
08-23 09:21:33.072: D/CustomFrequencyManagerService(2925): acquireDVFSLockLocked : type : DVFS_MIN_LIMIT frequency : 1248000 uid : 1000 pid : 2925 pkgName : ACTIVITY_RESUME_BOOSTER@4
08-23 09:21:33.072: W/ActivityManager(2925): mDVFSHelper.acquire()
08-23 09:21:33.072: V/WindowManager(2925): findFocusedWindow: Found new focus @ 9 = Window{15696b5a u0 org.qtproject.example.helloworld3/org.qtproject.qt5.android.bindings.QtActivity}
08-23 09:21:33.072: V/WindowManager(2925): findFocusedWindow: Found new focus @ 7 = Window{15696b5a u0 org.qtproject.example.helloworld3/org.qtproject.qt5.android.bindings.QtActivity}
08-23 09:21:33.092: D/ActivityManager(2925): Launching com.sec.android.app.sbrowser, updated priority
08-23 09:21:33.092: V/ApplicationPolicy(2925): isApplicationStateBlocked userId 0 pkgname org.qtproject.example.helloworld3
08-23 09:21:33.092: V/ApplicationPolicy(2925): isApplicationStateBlocked userId 0 pkgname com.sec.android.app.sbrowser
08-23 09:21:33.092: V/WindowManager(2925): Set focused app to: AppWindowToken{164a724 token=Token{29394dde ActivityRecord{3fc2919 u0 com.sec.android.app.sbrowser/.SBrowserMainActivity t81}}} old focus=AppWindowToken{285143a1 token=Token{24fe67fa ActivityRecord{2df32a25 u0 org.qtproject.example.helloworld3/org.qtproject.qt5.android.bindings.QtActivity t97}}} moveFocusNow=true
08-23 09:21:33.092: D/InputDispatcher(2925): Focused application set to: xxxx
08-23 09:21:33.092: V/WindowManager(2925): findFocusedWindow: Reached focused app=AppWindowToken{164a724 token=Token{29394dde ActivityRecord{3fc2919 u0 com.sec.android.app.sbrowser/.SBrowserMainActivity t81}}}
08-23 09:21:33.092: V/WindowManager(2925): Changing focus from Window{15696b5a u0 org.qtproject.example.helloworld3/org.qtproject.qt5.android.bindings.QtActivity} to null Callers=com.android.server.wm.WindowManagerService.setFocusedApp:4215 com.android.server.am.ActivityManagerService.setFocusedActivityLocked:3000 com.android.server.am.ActivityStack.moveTaskToFrontLocked:3710 com.android.server.am.ActivityStackSupervisor.startActivityUncheckedLocked:2181
08-23 09:21:33.092: D/PersonaManager(2925): getFocusedUser
08-23 09:21:33.092: D/PersonaManagerService(2925): getFocusedUser: current uesr id is 0
08-23 09:21:33.092: D/WindowManager(2925): Input focus has changed to null
08-23 09:21:33.092: D/InputDispatcher(2925): Focus left window: 17132
08-23 09:21:33.092: I/WindowManager(2925): Focus moving from Window{15696b5a u0 org.qtproject.example.helloworld3/org.qtproject.qt5.android.bindings.QtActivity} to null
08-23 09:21:33.092: I/WindowManager(2925): Losing focus: Window{15696b5a u0 org.qtproject.example.helloworld3/org.qtproject.qt5.android.bindings.QtActivity}
08-23 09:21:33.092: D/libEGL(17132): glGetString(0x1f01);
08-23 09:21:33.092: D/libEGL(17132): glGetString(0x1f01);
08-23 09:21:33.092: D/libEGL(17132): glBindFramebuffer(0x8d40, 0);
08-23 09:21:33.092: D/libEGL(17132): glViewport(0, 0, 480, 764);
08-23 09:21:33.092: D/libEGL(17132): glClearColor(1, 1, 1, 1);
08-23 09:21:33.092: D/libEGL(17132): glClearDepthf(1);
08-23 09:21:33.092: D/libEGL(17132): glEnable(0xb71);
08-23 09:21:33.092: D/libEGL(17132): glDepthFunc(GL_LESS);
08-23 09:21:33.092: D/libEGL(17132): glDepthMask(GL_TRUE);
08-23 09:21:33.092: D/libEGL(17132): glDisable(0xbe2);
08-23 09:21:33.092: D/libEGL(17132): glDisable(0xb44);
08-23 09:21:33.092: D/libEGL(17132): glColorMask(GL_TRUE, GL_TRUE, GL_TRUE, GL_TRUE);
08-23 09:21:33.092: D/libEGL(17132): glDisable(0xc11);
08-23 09:21:33.092: D/libEGL(17132): glDisable(0xb90);
08-23 09:21:33.092: D/libEGL(17132): glClear(GL_COLOR_BUFFER_BIT | GL_STENCIL_BUFFER_BIT | GL_DEPTH_BUFFER_BIT);
08-23 09:21:33.092: D/libEGL(17132): glBindBuffer(0x8892, 2);
08-23 09:21:33.092: D/libEGL(17132): glBindBuffer(0x8893, 2);
08-23 09:21:33.092: D/libEGL(17132): glEnableVertexAttribArray(0);
08-23 09:21:33.092: D/libEGL(17132): glEnableVertexAttribArray(1);
08-23 09:21:33.092: D/libEGL(17132): glEnableVertexAttribArray(2);
08-23 09:21:33.092: D/libEGL(17132): glUseProgram(1);
08-23 09:21:33.092: D/libEGL(17132): const GLfloat value[] = {
08-23 09:21:33.092: D/libEGL(17132): 0.00416667, 0, 0, 0,
08-23 09:21:33.092: D/libEGL(17132): 0, -0.0026178, 0, 0,
08-23 09:21:33.092: D/libEGL(17132): 0, 0, 1, 0,
08-23 09:21:33.092: D/libEGL(17132): -1, 1, 0, 1
08-23 09:21:33.092: D/libEGL(17132): };
08-23 09:21:33.092: D/libEGL(17132): glUniformMatrix4fv(0, 1, GL_FALSE, value);
08-23 09:21:33.092: D/libEGL(17132): glVertexAttribPointer(0, 2, GL_FLOAT, GL_FALSE, 12, (const void *) 0x00000000);
08-23 09:21:33.092: D/libEGL(17132): glVertexAttribPointer(1, 4, GL_UNSIGNED_BYTE, GL_TRUE, 12, (const void *) 0x00000008);
08-23 09:21:33.092: D/libEGL(17132): glVertexAttribPointer(2, 1, GL_FLOAT, GL_FALSE, 0, (const void *) 0x00000030);
08-23 09:21:33.092: D/libEGL(17132): glDrawElements(GL_TRIANGLE_STRIP, 4, GL_UNSIGNED_SHORT, (const void *) 0x00000042);
08-23 09:21:33.092: D/libEGL(17132): glEnable(0xbe2);
08-23 09:21:33.092: D/libEGL(17132): glDepthMask(GL_FALSE);
08-23 09:21:33.092: D/libEGL(17132): glBlendFunc(GL_LINES, GL_ONE_MINUS_SRC_ALPHA);
08-23 09:21:33.092: D/libEGL(17132): glBindBuffer(0x8892, 3);
08-23 09:21:33.092: D/libEGL(17132): glBindBuffer(0x8893, 3);
08-23 09:21:33.092: D/libEGL(17132): glUseProgram(4);
08-23 09:21:33.092: D/libEGL(17132): glBindTexture(0xde1, 2);
08-23 09:21:33.092: D/libEGL(17132): const GLfloat value[] = {
08-23 09:21:33.092: D/libEGL(17132): 0.00416667, 0, 0, 0,
08-23 09:21:33.092: D/libEGL(17132): 0, -0.0026178, 0, 0,
08-23 09:21:33.092: D/libEGL(17132): 0, 0, 1, 0,
08-23 09:21:33.092: D/libEGL(17132): -1, 1, 0, 1
08-23 09:21:33.092: D/libEGL(17132): };
08-23 09:21:33.092: D/libEGL(17132): glUniformMatrix4fv(0, 1, GL_FALSE, value);
08-23 09:21:33.092: D/libEGL(17132): glVertexAttribPointer(0, 2, GL_FLOAT, GL_FALSE, 16, (const void *) 0x00000000);
08-23 09:21:33.092: D/libEGL(17132): glVertexAttribPointer(1, 2, GL_FLOAT, GL_FALSE, 16, (const void *) 0x00000008);
08-23 09:21:33.092: D/libEGL(17132): glVertexAttribPointer(2, 1, GL_FLOAT, GL_FALSE, 0, (const void *) 0x00000100);
08-23 09:21:33.092: D/libEGL(17132): glDrawElements(GL_TRIANGLES, 54, GL_UNSIGNED_SHORT, (const void *) 0x00000140);
08-23 09:21:33.092: D/libEGL(17132): glBindBuffer(0x8892, 4);
08-23 09:21:33.092: D/libEGL(17132): glBindBuffer(0x8893, 4);
08-23 09:21:33.092: D/libEGL(17132): glUseProgram(7);
08-23 09:21:33.092: D/libEGL(17132): const GLfloat value[] = {
08-23 09:21:33.102: D/libEGL(17132): 0.00416667, 0, 0, 0,
08-23 09:21:33.102: D/libEGL(17132): 0, -0.0026178, 0, 0,
08-23 09:21:33.102: D/libEGL(17132): 0, 0, 1, 0,
08-23 09:21:33.102: D/libEGL(17132): -1, 1, 0, 1
08-23 09:21:33.102: D/libEGL(17132): };
08-23 09:21:33.102: D/libEGL(17132): glUniformMatrix4fv(1, 1, GL_FALSE, value);
08-23 09:21:33.102: D/libEGL(17132): glBindTexture(0xde1, 1);
08-23 09:21:33.102: D/libEGL(17132): glVertexAttribPointer(0, 2, GL_FLOAT, GL_FALSE, 16, (const void *) 0x00000000);
08-23 09:21:33.102: D/libEGL(17132): glVertexAttribPointer(1, 2, GL_FLOAT, GL_FALSE, 16, (const void *) 0x00000008);
08-23 09:21:33.102: D/libEGL(17132): glVertexAttribPointer(2, 1, GL_FLOAT, GL_FALSE, 0, (const void *) 0x000002c0);
08-23 09:21:33.102: D/libEGL(17132): glDrawElements(GL_TRIANGLES, 66, GL_UNSIGNED_SHORT, (const void *) 0x00000370);
08-23 09:21:33.102: D/libEGL(17132): glBindBuffer(0x8892, 5);
08-23 09:21:33.102: D/libEGL(17132): glBindBuffer(0x8893, 5);
08-23 09:21:33.102: D/libEGL(17132): glUseProgram(4);
08-23 09:21:33.102: D/libEGL(17132): glBindTexture(0xde1, 3);
08-23 09:21:33.102: D/libEGL(17132): const GLfloat value[] = {
08-23 09:21:33.102: D/libEGL(17132): 0.00416667, 0, 0, 0,
08-23 09:21:33.102: D/libEGL(17132): 0, -0.0026178, 0, 0,
08-23 09:21:33.102: D/libEGL(17132): 0, 0, 1, 0,
08-23 09:21:33.102: D/libEGL(17132): -1, 1, 0, 1
08-23 09:21:33.102: D/libEGL(17132): };
08-23 09:21:33.102: D/libEGL(17132): glUniformMatrix4fv(0, 1, GL_FALSE, value);
08-23 09:21:33.102: D/libEGL(17132): glVertexAttribPointer(0, 2, GL_FLOAT, GL_FALSE, 16, (const void *) 0x00000000);
08-23 09:21:33.102: D/libEGL(17132): glVertexAttribPointer(1, 2, GL_FLOAT, GL_FALSE, 16, (const void *) 0x00000008);
08-23 09:21:33.102: D/libEGL(17132): glVertexAttribPointer(2, 1, GL_FLOAT, GL_FALSE, 0, (const void *) 0x00000100);
08-23 09:21:33.102: D/libEGL(17132): glDrawElements(GL_TRIANGLES, 54, GL_UNSIGNED_SHORT, (const void *) 0x00000140);
08-23 09:21:33.102: D/libEGL(17132): glBindBuffer(0x8892, 6);
08-23 09:21:33.102: D/libEGL(17132): glBindBuffer(0x8893, 6);
08-23 09:21:33.102: D/libEGL(17132): glUseProgram(10);
08-23 09:21:33.102: D/libEGL(17132): glBindTexture(0xde1, 4);
08-23 09:21:33.102: D/libEGL(17132): const GLfloat value[] = {
08-23 09:21:33.102: D/libEGL(17132): 0.00416667, 0, 0, 0,
08-23 09:21:33.102: D/libEGL(17132): 0, -0.0026178, 0, 0,
08-23 09:21:33.102: D/libEGL(17132): 0, 0, 1, 0,
08-23 09:21:33.102: D/libEGL(17132): -1, 1, 0, 1
08-23 09:21:33.102: D/libEGL(17132): };
08-23 09:21:33.102: D/libEGL(17132): glUniformMatrix4fv(0, 1, GL_FALSE, value);
08-23 09:21:33.102: D/libEGL(17132): glVertexAttribPointer(0, 2, GL_FLOAT, GL_FALSE, 16, (const void *) 0x00000000);
08-23 09:21:33.102: D/libEGL(17132): glVertexAttribPointer(1, 2, GL_FLOAT, GL_FALSE, 16, (const void *) 0x00000008);
08-23 09:21:33.102: D/libEGL(17132): glVertexAttribPointer(2, 1, GL_FLOAT, GL_FALSE, 0, (const void *) 0x00000040);
08-23 09:21:33.102: D/libEGL(17132): glDrawElements(GL_TRIANGLE_STRIP, 4, GL_UNSIGNED_SHORT, (const void *) 0x00000052);
08-23 09:21:33.102: D/libEGL(17132): glDisableVertexAttribArray(0);
08-23 09:21:33.102: D/libEGL(17132): glDisableVertexAttribArray(1);
08-23 09:21:33.102: D/libEGL(17132): glDisableVertexAttribArray(2);
08-23 09:21:33.102: D/libEGL(17132): glDisable(0xb90);
08-23 09:21:33.102: D/libEGL(17132): glDisable(0xc11);
08-23 09:21:33.102: D/libEGL(17132): glBindBuffer(0x8892, 0);
08-23 09:21:33.102: D/libEGL(17132): glBindBuffer(0x8893, 0);
08-23 09:21:33.102: D/libEGL(17132): glDepthMask(GL_TRUE);
08-23 09:21:33.112: D/DisplayManager(2925): addAllDisplaysLocked()
08-23 09:21:33.112: D/PowerManagerService(2925): setKeyboardVisibility: false
08-23 09:21:33.112: D/SSRM:a(2925): DeviceInfo:: 000000000000
08-23 09:21:33.112: D/SSRM:a(2925): SettingsAirViewInfo:: 000000000
08-23 09:21:33.122: V/WindowManager(2925): Relayout Window{befaa18 u0 com.sec.android.app.sbrowser/com.sec.android.app.sbrowser.SBrowserMainActivity}: viewVisibility=4 req=480x800 WM.LayoutParams{(0,0)(fillxfill) sim=#110 ty=1 fl=#81810100 fmt=-3 wanim=0x1030380 vsysui=0x600 surfaceInsets=Rect(0, 0 - 0, 0) needsMenuKey=2 sfl=#2}
08-23 09:21:33.122: V/WindowManager(2925): findFocusedWindow: No focusable windows.
08-23 09:21:33.122: V/MainActivityController(5919): APPLOGS: onNewIntent()
08-23 09:21:33.122: D/Main(5919): processVoiceResults
08-23 09:21:33.122: D/SBrowserMobileApplication(5919): getTabManagerByContextID key =com.sec.android.app.sbrowser.SBrowserMainActivity@1d0e2821 value=com.sec.android.app.sbrowser.tabmodel.sbr.TabManager@29b06607
08-23 09:21:33.122: V/MainActivityController(5919): APPLOGS: onNewIntent() : loadUrl in new Tab
08-23 09:21:33.122: D/MainActivityController(5919): APPLOGS: onNewIntent() : loadUrl (from external application)
08-23 09:21:33.122: I/QuickAccessController(5919): showQuickAccessView : show = false, animation = false
08-23 09:21:33.122: V/TabManager(5919): APPLOGS: launchUrlFromExternalApp() calling launchUrl which inturn call createNewTab
08-23 09:21:33.122: D/SBrowserMobileApplication(5919): getTabManagerByContextID key =com.sec.android.app.sbrowser.SBrowserMainActivity@1d0e2821 value=com.sec.android.app.sbrowser.tabmodel.sbr.TabManager@29b06607
08-23 09:21:33.122: D/SuggestionsReceiver(5919): APPLOGS - Suggestions stop()
08-23 09:21:33.122: D/LocationBar.java(5919): APPLOGS - hideSuggestions()
08-23 09:21:33.122: D/ToolBarController(5919): APPLOGS - clearSuggestions() flag = true
08-23 09:21:33.122: V/TabManager(5919): APPLOGS: createNewTab() CREATE TAB REQUEST- Surface is not ready, doWait()
08-23 09:21:33.132: D/SBrowserMainActivity(5919): registerAssistantMenu called
08-23 09:21:33.132: I/[APP_LAUNCH]VerificationLog(5919): onResume of SbrowserMainActivity - start
08-23 09:21:33.132: D/SecContentProvider(2925): uri = 22 selection = isAuthenticationEnabled
08-23 09:21:33.132: V/NetworkChangeNotifierAutoDetect(5919): getCurrentConnectionType() networkType:1
08-23 09:21:33.132: D/SBrowserWebkitTimers(5919): ContentViewStatics.setWebKitSharedTimersSuspended(false)
08-23 09:21:33.132: I/chromium(5919): [INFO:content_view_statics.cc(87)] ResumeWebkitSharedTimers: Send IPC [host ID = 3]
08-23 09:21:33.132: E/MainActivityController(5919): APPLOGS: Hide Place hodler is invoked for Saved tab
08-23 09:21:33.132: D/PlaceHolderController(5919): APPLOGS:PlaceHolder Controller HIDE called =============
08-23 09:21:33.132: D/PlaceHolderView(5919): APPLOGS: PlaceHolder is Hidden --- with visibility as View.GONE
08-23 09:21:33.132: V/NetworkChangeNotifierAutoDetect(5919): getCurrentConnectionType() networkType:1
08-23 09:21:33.132: D/SecContentProvider(2925): uri = 5 selection = getAutoFillSetting
08-23 09:21:33.132: D/SecContentProvider(2925): uri = 5 selection = getCookiesSetting
08-23 09:21:33.132: I/SBrowserMobileApplication(5919): Setting Instace: 1 State: RESUMED ID: 81
08-23 09:21:33.132: D/View(5919): setting BottomBarChildClicked to false
08-23 09:21:33.132: I/View(5919): Button state true MainActivityController-onResumePostBrowserStartup
08-23 09:21:33.132: D/ToolbarPhoneUi(5919): Enabling more button: enableMoreButton()
08-23 09:21:33.132: I/MainActivityController(5919): APPLOGS: onResume instance counter = 1 mReusableLocalInstanceId = 1 Context ID = com.sec.android.app.sbrowser.SBrowserMainActivity@1d0e2821
08-23 09:21:33.132: W/TabManager(5919): APPLOGS:notifyActivityState - surface not ready, doWait()
08-23 09:21:33.142: V/MainActivityController(5919): isBrowserAllowedByDPM() - true
08-23 09:21:33.142: V/MainActivityController(5919): isBrowserAllowedBySharedPreference() - true
08-23 09:21:33.142: V/MainActivityController(5919): registerDevicePolicyReceiver()
08-23 09:21:33.142: D/SSRM:a(2925): DeviceInfo:: 000001000000
08-23 09:21:33.142: D/SSRM:a(2925): SettingsAirViewInfo:: 000000000
08-23 09:21:33.142: E/NFC(5919): isAndroidBeamAllowed - Begin
08-23 09:21:33.142: I/NFC(5919): showMsg is false
08-23 09:21:33.142: D/SecContentProvider(2925): uri = 15 selection = isAndroidBeamAllowed
08-23 09:21:33.142: I/chromium(5987): [INFO:top_controls_manager.cc(261)] SetTopControlsHeight : 0xabbbf638 top_controls_height = 56
08-23 09:21:33.142: I/QuickAccessController(5919): onResume
08-23 09:21:33.142: I/PhoneUi(5919): onResume mainActphonUI - start
08-23 09:21:33.142: D/ToolBarUITranslations(5919): updateMainActivityPauseState isPausedState = false
08-23 09:21:33.142: D/SBrowserFeatureFlag(5919): isMultiWindowFeatureSupported false
08-23 09:21:33.142: D/ToolBarUITranslations(5919): APPLOGS - attachCurrentTab curTab=com.sec.android.app.sbrowser.tab.Tab@1015db9b
08-23 09:21:33.142: D/SbrUIResourceLayerManager(5919): APPLOGS setListener() listener: NULL
08-23 09:21:33.142: D/SbrUIResourceLayerManager(5919): APPLOGS setListener() listener:com.sec.android.app.sbrowser.toolbar.ui.hideurl.ToolBarUITranslations$3@3564ee02
08-23 09:21:33.142: D/SbrUIResourceLayerManager(5919): APPLOGS setListener() listener: NULL
08-23 09:21:33.142: D/SbrUIResourceLayerManager(5919): APPLOGS setListener() listener:com.sec.android.app.sbrowser.toolbar.ui.hideurl.ToolBarUITranslations$3@3564ee02
08-23 09:21:33.142: D/ToolBarUITranslations(5919): HIDEURL showToolBarUsingTopControl calling updateTopControls
08-23 09:21:33.142: D/ContentViewCore(5919): updateTopControlsState Hide:false Show: true
08-23 09:21:33.142: D/ContentViewCore(5919): updateTopControlsState Hide:true Show: true
08-23 09:21:33.152: I/PhoneUi(5919): onResume mainActphonUI - end
08-23 09:21:33.152: I/[APP_LAUNCH]VerificationLog(5919): onResume isRunningTabManager - false
08-23 09:21:33.152: D/EnterpriseController(2510): mIsMarkChainAdded is 0 mIsBlockChainAdded is 0 netId is 0
08-23 09:21:33.152: D/Netd(2510): getNetworkForDns: using netid 511 for uid 10081
08-23 09:21:33.152: V/SBrowserMainActivity(5919): setmDNIeUIMode() run
08-23 09:21:33.152: I/chromium(5919): [INFO:render_widget_host_impl.cc(531)] RenderWidgetHostImpl::WasShown() :: is_hidden_ : 1 process_id_ 5987
08-23 09:21:33.152: D/Tab(5919): isFullscreenForTabOrPending
08-23 09:21:33.152: D/ContentFullScreenManager(5919): isFullscreenForTabOrPending() , returning = false
08-23 09:21:33.152: D/SBrowserMainActivity(5919): registerAssistantMenu called
08-23 09:21:33.152: I/[APP_LAUNCH]VerificationLog(5919): onResume of SbrowserMainActivity - end
08-23 09:21:33.162: D/ActivityManager(2925): bindService callerProcessName:com.sec.android.app.sbrowser, calleePkgName: com.sec.android.app.sbrowser, action: null
08-23 09:21:33.162: D/ActivityManager(2925): retrieveServiceLocked(): component = com.sec.android.app.sbrowser/org.chromium.content.app.SandboxedProcessService0; callingUser = 0; userId(target) = 0
08-23 09:21:33.162: D/ActivityManager(2925): post active user change for 0 fullscreen true
08-23 09:21:33.162: D/KnoxTimeoutHandler(2925): postActiveUserChange for user 0
08-23 09:21:33.162: I/KnoxTimeoutHandler(2925): postActiveUserChange, showWhenLocked: false
08-23 09:21:33.162: D/KnoxTimeoutHandler(2925): handleActiveUserChange for user 0
08-23 09:21:33.162: E/EnterpriseSharedDevicePolicy(2925): isSharedDeviceEnabled
08-23 09:21:33.162: V/WindowManager(2925): Relayout Window{c827960 u0 SurfaceView}: viewVisibility=0 req=480x764 WM.LayoutParams{(0,36)(480x764) gr=#800033 ty=1004 fl=#4218 pfl=0x40 fmt=4 surfaceInsets=Rect(0, 0 - 0, 0)}
08-23 09:21:33.162: I/SurfaceFlinger(2503): id=396 createSurf (480x764),4 flag=404, TurfaceView
08-23 09:21:33.162: I/EnterpriseSharedDevicePolicy(2925): isSharedDeviceEnabled in Service
08-23 09:21:33.162: I/EnterpriseSharedDevicePolicy(2925): Get Result: -1
08-23 09:21:33.162: V/WindowManager(2925): findFocusedWindow: No focusable windows.
08-23 09:21:33.162: I/EnterpriseSharedDevicePolicy(2925): status: false
08-23 09:21:33.162: D/PersonaManagerService(2925): getPersonasForUser(): returning null!
08-23 09:21:33.162: I/KnoxTimeoutHandler(2925): Shared devices show user statefalse
08-23 09:21:33.162: D/SbrContentViewRenderView(5919): surfaceCreated
08-23 09:21:33.162: D/PlaceHolderContentViewRenderViewAdapter(5919): APPLOGS: surfaceCreated
08-23 09:21:33.172: D/APPLOGS(5919): APPLOGS: setting topMargin for PlaceHolderView to :84
08-23 09:21:33.172: D/PlaceHolderView(5919): APPLOGS:PlaceHolder view SHOWN =============
08-23 09:21:33.172: I/[APP_LAUNCH]VerificationLog(5919): MainActCtrler - surfaceCreated -start
08-23 09:21:33.172: I/[APP_LAUNCH]VerificationLog(5919): MainActCtrler - surfaceCreated -stop
08-23 09:21:33.172: D/SBrowserCVHolder(5919): onControllerChanged
08-23 09:21:33.172: D/SRIB_DBQ(5919): SurfaceView:updateWindow: viewRoot.sSVBufferCount=-1 mSVBufferCount=-1
08-23 09:21:33.172: D/SbrContentViewRenderView(5919): surfaceChanged: 480, 764
08-23 09:21:33.172: D/PlaceHolderContentViewRenderViewAdapter(5919): APPLOGS: surfaceChanged
08-23 09:21:33.172: D/APPLOGS(5919): APPLOGS: surfaceChanged HEIGHT = 764
08-23 09:21:33.172: D/PlaceHolderContentViewRenderViewAdapter(5919): APPLOGS: widthCache = 320.0 heightCache = 509.33334
08-23 09:21:33.172: D/MainActivityController(5919): APPLOGS: MainActivityControler - surfaceChanged
08-23 09:21:33.172: W/art(5919): Attempt to remove local handle scope entry from IRT, ignoring
08-23 09:21:33.172: I/SBrowserParent(5919): padding = 0
08-23 09:21:33.172: I/SBrowserParent(5919): bottomBarVisibility = 0
08-23 09:21:33.172: I/SBrowserParent(5919): main activity status = RESUMED
08-23 09:21:33.172: V/WindowManager(2925): Relayout Window{befaa18 u0 com.sec.android.app.sbrowser/com.sec.android.app.sbrowser.SBrowserMainActivity}: viewVisibility=0 req=480x800 WM.LayoutParams{(0,0)(fillxfill) sim=#110 ty=1 fl=#81810100 fmt=-3 wanim=0x1030380 vsysui=0x600 surfaceInsets=Rect(0, 0 - 0, 0) needsMenuKey=2 sfl=#2}
08-23 09:21:33.172: I/SurfaceFlinger(2503): id=397 createSurf (480x800),1 flag=4, TBrowserMai
08-23 09:21:33.172: V/SBrowserMainActivity(5919): setmDNIeUIMode(8) is set!!
08-23 09:21:33.172: V/WindowManager(2925): findFocusedWindow: Found new focus @ 9 = Window{befaa18 u0 com.sec.android.app.sbrowser/com.sec.android.app.sbrowser.SBrowserMainActivity}
08-23 09:21:33.172: V/WindowManager(2925): Changing focus from null to Window{befaa18 u0 com.sec.android.app.sbrowser/com.sec.android.app.sbrowser.SBrowserMainActivity} Callers=com.android.server.wm.WindowManagerService.relayoutWindow:3348 com.android.server.wm.Session.relayout:197 android.view.IWindowSession$Stub.onTransact:273 com.android.server.wm.Session.onTransact:130
08-23 09:21:33.172: D/PersonaManager(2925): getFocusedUser
08-23 09:21:33.172: D/PersonaManagerService(2925): getFocusedUser: current uesr id is 0
08-23 09:21:33.172: D/WindowManager(2925): Input focus has changed to Window{befaa18 u0 com.sec.android.app.sbrowser/com.sec.android.app.sbrowser.SBrowserMainActivity}
08-23 09:21:33.172: D/StatusBarManagerService(2925): manageDisableList userId=0 what=0x0 pkg=Window{befaa18 u0 com.sec.android.app.sbrowser/com.sec.android.app.sbrowser.SBrowserMainActivity}
08-23 09:21:33.172: D/PersonaManager(2925): getFocusedUser
08-23 09:21:33.172: D/PersonaManagerService(2925): getFocusedUser: current uesr id is 0
08-23 09:21:33.172: D/InputDispatcher(2925): Focus entered window: 5919
08-23 09:21:33.172: I/WindowManager(2925): Focus moving from null to Window{befaa18 u0 com.sec.android.app.sbrowser/com.sec.android.app.sbrowser.SBrowserMainActivity}
08-23 09:21:33.172: I/WindowManager(2925): Gaining focus: Window{befaa18 u0 com.sec.android.app.sbrowser/com.sec.android.app.sbrowser.SBrowserMainActivity}
08-23 09:21:33.182: D/PersonaManager(2925): getFocusedUser
08-23 09:21:33.182: V/WindowManager(2925): Relayout Window{c827960 u0 SurfaceView}: viewVisibility=0 req=480x764 WM.LayoutParams{(0,36)(480x764) gr=#800033 ty=1004 fl=#4218 pfl=0x40 fmt=4 surfaceInsets=Rect(0, 0 - 0, 0)}
08-23 09:21:33.182: D/PersonaManagerService(2925): getFocusedUser: current uesr id is 0
08-23 09:21:33.182: V/WindowManager(2925): findFocusedWindow: Found new focus @ 9 = Window{befaa18 u0 com.sec.android.app.sbrowser/com.sec.android.app.sbrowser.SBrowserMainActivity}
08-23 09:21:33.192: D/PersonaManager(2925): getFocusedUser
08-23 09:21:33.192: D/PersonaManagerService(2925): getFocusedUser: current uesr id is 0
08-23 09:21:33.192: V/WindowManager(2925): Relayout Window{c827960 u0 SurfaceView}: viewVisibility=0 req=480x764 WM.LayoutParams{(0,36)(480x764) gr=#800033 ty=1004 fl=#4218 pfl=0x40 fmt=4 surfaceInsets=Rect(0, 0 - 0, 0)}
08-23 09:21:33.192: V/WindowManager(2925): findFocusedWindow: Found new focus @ 9 = Window{befaa18 u0 com.sec.android.app.sbrowser/com.sec.android.app.sbrowser.SBrowserMainActivity}
08-23 09:21:33.192: D/PersonaManager(2925): getFocusedUser
08-23 09:21:33.192: D/PersonaManagerService(2925): getFocusedUser: current uesr id is 0
08-23 09:21:33.192: I/TabManager(5919): APPLOGS:HANDLER_SHOW_TAB, mIsSurfaceReady = true
08-23 09:21:33.192: D/TabManager(5919): APPLOGS:HANDLER_SHOW_TAB,surface ready, calling getCurrentTab().onActivityResume()
08-23 09:21:33.192: I/TabManager(5919): APPLOGS:HANDLER_CREATE_TAB, creating tab
08-23 09:21:33.192: D/SBrowserMobileApplication(5919): getTabManagerByContextID key =com.sec.android.app.sbrowser.SBrowserMainActivity@1d0e2821 value=com.sec.android.app.sbrowser.tabmodel.sbr.TabManager@29b06607
08-23 09:21:33.192: D/TabManager(5919): APPLOGS:Creating tab SurfaceReady state = true
08-23 09:21:33.192: D/Tab(5919): APPLOGS - Tab:: nativeWebContents =0 com.sec.android.app.sbrowser.tab.Tab@261fe1bb
08-23 09:21:33.202: D/DVFSHelperFullImpl(5919): DVFSHelperFullImpl
08-23 09:21:33.202: V/Tab(5919): mSupportedCPUCoreNum is null
08-23 09:21:33.202: D/DVFSHelperFullImpl(5919): DVFSHelperFullImpl
08-23 09:21:33.202: I/[APP_LAUNCH] Tab(5919): initTabBase start
08-23 09:21:33.202: D/SbrTabBridge(5919): SbrTabBridge mNativeSbrTabBridge = -1403729208
08-23 09:21:33.202: D/Tab(5919): APPLOGS - initTabBase:: nativeWebContents =0 TabId = 5 Tab = com.sec.android.app.sbrowser.tab.Tab@261fe1bb
08-23 09:21:33.202: I/ChromeNative(5919): [Forked Tab.java] Tab(5) mNativeTabAndroid: 0
08-23 09:21:33.202: I/ChromeNative(5919): [Forked Tab.java] Tab(4) mNativeTabAndroid: 0
08-23 09:21:33.202: I/ChromeNative(5919): [Forked Tab.java] Tab(3) mNativeTabAndroid: 0
08-23 09:21:33.202: I/chromium(5919): [INFO:web_contents_impl.cc(413)] WebContentsImpl::WebContentsImpl 0xac660f88 ++
08-23 09:21:33.202: I/chromium(5919): [INFO:web_contents_impl.cc(422)] WebContentsImpl::WebContentsImpl 0xac660f88 --
08-23 09:21:33.202: I/chromium(5919): [INFO:site_instance_impl.cc(82)] [Renderer][Startup] SiteInstanceImpl::GetProcess: process_ is 0. So getting new
08-23 09:21:33.202: I/chromium(5919): [INFO:site_instance_impl.cc(112)] [Renderer][Startup] SiteInstanceImpl::GetProcess: Creating New RenderProcessHostImpl
08-23 09:21:33.202: I/chromium(5919): [INFO:render_frame_host_impl.cc(182)] RenderFrameHostImpl::RenderFrameHostImpl 0xac7664e8 ++
08-23 09:21:33.202: I/chromium(5919): [INFO:render_frame_host_impl.cc(198)] RenderFrameHostImpl::RenderFrameHostImpl 0xac7664e8 --
08-23 09:21:33.202: I/ChromeNative(5919): [SbrTabBase.java] SbrTabBase() mNativeWebContentsPtr: -1402597496
08-23 09:21:33.202: I/chromium(5919): [INFO:render_process_host_impl.cc(1365)] [RenderProcessHostImpl][Send] channel_ is null and is_initialized_ is null
08-23 09:21:33.202: I/chromium(5919): [INFO:render_process_host_impl.cc(1365)] [RenderProcessHostImpl][Send] channel_ is null and is_initialized_ is null
08-23 09:21:33.202: I/chromium(5919): [INFO:render_process_host_impl.cc(1365)] [RenderProcessHostImpl][Send] channel_ is null and is_initialized_ is null
08-23 09:21:33.202: D/SbrUIResourceLayerManager(5919): SbrUIResourceLayerManager: client - com.sec.chromium.content.browser.SbrContentViewCore@3fc46d8
08-23 09:21:33.222: I/chromium(5919): [INFO:render_process_host_impl.cc(1365)] [RenderProcessHostImpl][Send] channel_ is null and is_initialized_ is null
08-23 09:21:33.222: I/chromium(5919): [INFO:tab_android.cc(418)] ChromeNative [tab_android.cc] InitWebContents() web_contents(): 0xac660f88
08-23 09:21:33.222: D/ContentViewCore(5919): updateTopControlsState Hide:false Show: true
08-23 09:21:33.222: D/Tab(5919): APPLOGS initTabBase mSbrUILayerManager=com.sec.chromium.content.browser.SbrUIResourceLayerManager@33102a31
08-23 09:21:33.222: I/[APP_LAUNCH] Tab(5919): initTabBase finish
08-23 09:21:33.222: D/TabManager(5919): APPLOGS:Tab created tab =com.sec.android.app.sbrowser.tab.Tab@261fe1bb
08-23 09:21:33.222: D/TabManager(5919): APPLOGS:Calling onSetIndex2 normally, index changed
08-23 09:21:33.222: I/TabManager(5919): APPLOGS:Inside showTab
08-23 09:21:33.222: W/TabManager(5919): APPLOGS:HIDING TAB=com.sec.android.app.sbrowser.tab.Tab@1015db9b
08-23 09:21:33.222: I/chromium(5919): [INFO:render_widget_host_impl.cc(505)] RenderWidgetHostImpl::WasHidden() :: is_hidden_ : 0 process_id_ 5987
08-23 09:21:33.222: E/TabSaverRestorer(5919): addTabToSaveQueue
08-23 09:21:33.222: E/TabSaverRestorer(5919): saveNextTab
08-23 09:21:33.222: E/TabSaverRestorer(5919): TaskSaverForTab onPostExecute
08-23 09:21:33.222: W/TabManager(5919): APPLOGS:SHOWING TAB =com.sec.android.app.sbrowser.tab.Tab@261fe1bb
08-23 09:21:33.222: D/Tab(5919): APPLOGS: inside Show()= com.sec.android.app.sbrowser.tab.SbrTabBase@13e0de97
08-23 09:21:33.222: D/Tab(5919): APPLOGS showInternal() tab = com.sec.android.app.sbrowser.tab.Tab@261fe1bb , tab_count =2
08-23 09:21:33.222: D/ContentViewCore(5919): updateTopControlsState Hide:true Show: true
08-23 09:21:33.222: D/ToolBarUITranslations(5919): APPLOGS - attachCurrentTab curTab=com.sec.android.app.sbrowser.tab.Tab@261fe1bb
08-23 09:21:33.222: D/SbrUIResourceLayerManager(5919): APPLOGS setListener() listener: NULL
08-23 09:21:33.222: E/TabSaverRestorer(5919): TaskSaverForTab doInBackground
08-23 09:21:33.222: D/SbrUIResourceLayerManager(5919): APPLOGS setListener() listener:com.sec.android.app.sbrowser.toolbar.ui.hideurl.ToolBarUITranslations$3@3564ee02
08-23 09:21:33.222: D/ToolBarUITranslations(5919): UIComposition: unRegisterScrollOrFlingListner()
08-23 09:21:33.222: D/Tab(5919): [SBRCHECK_LU] APPLOGS: reloadTabIfNecessary mTabCrashedInBackground = false for Tab Id = 5
08-23 09:21:33.222: I/chromium(5919): [INFO:render_process_host_impl.cc(1365)] [RenderProcessHostImpl][Send] channel_ is null and is_initialized_ is null
08-23 09:21:33.222: D/REFRESH_ICON(5919): LocationBar -> updateReloadVisibility()
08-23 09:21:33.222: D/REFRESH_ICON(5919): LocationBar -> setReloadVisibility(), Flow is normal
08-23 09:21:33.222: D/PhoneUi(5919): onTabSwitchOperation
08-23 09:21:33.222: D/SBrowserCVHolder(5919): onTabSwitchOperation
08-23 09:21:33.222: D/SBrowserCVHolder(5919): onControllerChanged
08-23 09:21:33.222: D/SBrowserCVHolder(5919): onControllerChanged :: Attaching
08-23 09:21:33.232: D/ContentViewCore(5919): onPhysicalBackingSizeChanged :: Calling nativeWasResized
08-23 09:21:33.232: D/TabManager(5919): notifyTabSelected() tabId=5 prevTabId=1
08-23 09:21:33.232: D/REFRESH_ICON(5919): LocationBar -> updateReloadVisibility()
08-23 09:21:33.232: D/REFRESH_ICON(5919): LocationBar -> setReloadVisibility(), Flow is normal
08-23 09:21:33.232: D/LocationBar.java(5919): updateLoadingState
08-23 09:21:33.232: I/VerificationLog(5919): Calling setUrlToPageUrl in ToolbarBaseUi - start
08-23 09:21:33.232: I/VerificationLog(5919): handleQuickLaunchURL- stop
08-23 09:21:33.232: D/MainActivityController(5919): showQuickAccessView overdrawbottomheight:0
08-23 09:21:33.232: I/QuickAccessController(5919): showQuickAccessView : show = false, animation = false
08-23 09:21:33.232: E/QuickAccessController(5919): showQuickAccessView : home button was pressed, avoiding reset of view
08-23 09:21:33.232: I/VerificationLog(5919): handleQuickLaunchURL- stop
08-23 09:21:33.232: D/MainActivityController(5919): showQuickAccessView overdrawbottomheight:0
08-23 09:21:33.232: I/QuickAccessController(5919): showQuickAccessView : show = false, animation = false
08-23 09:21:33.232: E/QuickAccessController(5919): showQuickAccessView : home button was pressed, avoiding reset of view
08-23 09:21:33.232: D/SBrowserMobileApplication(5919): getTabManagerByContextID key =com.sec.android.app.sbrowser.SBrowserMainActivity@1d0e2821 value=com.sec.android.app.sbrowser.tabmodel.sbr.TabManager@29b06607
08-23 09:21:33.232: I/VerificationLog(5919): Calling setUrlToPageUrl in ToolbarBaseUi - stop
08-23 09:21:33.232: D/REFRESH_ICON(5919): ToolBArBaseUi --> updateButtonStatus()
08-23 09:21:33.232: I/StatusBar(3275): Icon Only
08-23 09:21:33.232: D/REFRESH_ICON(5919): LocationBar -> updateReloadVisibility()
08-23 09:21:33.232: D/REFRESH_ICON(5919): LocationBar -> setReloadVisibility(), Flow is normal
08-23 09:21:33.232: D/ToolbarPhoneUi(5919): setToolBarBackground : 4
08-23 09:21:33.232: D/PanelView(3275): There is/are notification(s)
08-23 09:21:33.232: I/VerificationLog(5919): Calling setUrlToPageUrl in ToolbarBaseUi - start
08-23 09:21:33.232: I/VerificationLog(5919): handleQuickLaunchURL- stop
08-23 09:21:33.232: D/MainActivityController(5919): showQuickAccessView overdrawbottomheight:0
08-23 09:21:33.232: I/QuickAccessController(5919): showQuickAccessView : show = false, animation = false
08-23 09:21:33.232: E/QuickAccessController(5919): showQuickAccessView : home button was pressed, avoiding reset of view
08-23 09:21:33.232: I/VerificationLog(5919): handleQuickLaunchURL- stop
08-23 09:21:33.232: D/MainActivityController(5919): showQuickAccessView overdrawbottomheight:0
08-23 09:21:33.232: I/QuickAccessController(5919): showQuickAccessView : show = false, animation = false
08-23 09:21:33.232: E/QuickAccessController(5919): showQuickAccessView : home button was pressed, avoiding reset of view
08-23 09:21:33.232: I/VerificationLog(5919): Calling setUrlToPageUrl in ToolbarBaseUi - stop
08-23 09:21:33.232: D/REFRESH_ICON(5919): ToolBArBaseUi --> updateButtonStatus()
08-23 09:21:33.232: D/REFRESH_ICON(5919): LocationBar -> updateReloadVisibility()
08-23 09:21:33.232: D/REFRESH_ICON(5919): LocationBar -> setReloadVisibility(), Flow is normal
08-23 09:21:33.242: D/SuggestionsReceiver(5919): APPLOGS - Suggestions stop()
08-23 09:21:33.242: D/ToolbarPhoneUi(5919): setToolBarBackground : 4
08-23 09:21:33.242: D/TabListWrapper(5919): Current tab changed notification 5 1 FROM_NEW
08-23 09:21:33.242: D/TabListWrapper(5919): Listener is unregistered false
08-23 09:21:33.242: I/chromium(5919): [INFO:render_process_host_impl.cc(1365)] [RenderProcessHostImpl][Send] channel_ is null and is_initialized_ is null
08-23 09:21:33.242: I/TabListWrapper(5919): onPostTabCreate with launch type FROM_EXTERNAL_APP 5
08-23 09:21:33.242: D/TabListWrapper(5919): New Tab created notification 5 false
08-23 09:21:33.242: D/Tab(5919): APPLOGS: Tab LoadUrl 134217728
08-23 09:21:33.242: I/chromium(5919): [INFO:navigation_controller_impl.cc(656)] LoadURLWithParamsLOAD_URL NavigationControllerImpl::LoadURLWithParams
08-23 09:21:33.242: I/chromium(5919): [INFO:navigation_controller_impl.cc(1600)] [Renderer][Startup] NavigationControllerImpl::NavigateToPendingEntry Size = 0, LastEntryIndex=-1, PendingEntryIndex=-1
08-23 09:21:33.242: I/chromium(5919): [INFO:navigator_impl.cc(326)] NavigateToEntryLOAD_URL NavigatorImpl::NavigateToEntry
08-23 09:21:33.242: I/chromium(5919): [INFO:render_process_host_impl.cc(576)] [Renderer][Startup] RenderProcessHostImpl::Init
08-23 09:21:33.242: I/chromium(5919): [INFO:render_process_host_impl.cc(650)] [Renderer][Startup] RenderProcessHostImpl::Init: Create ChildProcessLauncher
08-23 09:21:33.242: I/chromium(5919): [INFO:child_process_launcher.cc(83)] [APP_LAUNCH][Renderer][Startup] ChildProcessLauncher::Launch
08-23 09:21:33.242: I/chromium(5919): [INFO:render_process_host_impl.cc(1380)] [RenderProcessHostImpl][Send] child_process_launcher_ is true
08-23 09:21:33.242: I/chromium(5919): [INFO:render_process_host_impl.cc(1380)] [RenderProcessHostImpl][Send] child_process_launcher_ is true
08-23 09:21:33.242: I/chromium(5919): [INFO:render_process_host_impl.cc(1380)] [RenderProcessHostImpl][Send] child_process_launcher_ is true
08-23 09:21:33.242: I/chromium(5919): [INFO:render_process_host_impl.cc(1380)] [RenderProcessHostImpl][Send] child_process_launcher_ is true
08-23 09:21:33.242: I/chromium(5919): [INFO:render_process_host_impl.cc(1380)] [RenderProcessHostImpl][Send] child_process_launcher_ is true
08-23 09:21:33.242: I/chromium(5919): [INFO:render_process_host_impl.cc(1380)] [RenderProcessHostImpl][Send] child_process_launcher_ is true
08-23 09:21:33.242: I/chromium(5919): [INFO:render_process_host_impl.cc(1380)] [RenderProcessHostImpl][Send] child_process_launcher_ is true
08-23 09:21:33.242: I/chromium(5919): [INFO:render_process_host_impl.cc(1380)] [RenderProcessHostImpl][Send] child_process_launcher_ is true
08-23 09:21:33.242: D/ChildProcessLauncher(5919): Allocator allocated a connection, sandbox: true, slot: 4
08-23 09:21:33.242: I/chromium(5919): [INFO:render_process_host_impl.cc(1380)] [RenderProcessHostImpl][Send] child_process_launcher_ is true
08-23 09:21:33.242: I/chromium(5919): [INFO:render_frame_host_impl.cc(1098)] NavigateLOAD_URL RenderFrameHostImpl::Navigate: Send IPC FrameMsg_Navigate
08-23 09:21:33.242: I/chromium(5919): [INFO:render_process_host_impl.cc(1380)] [RenderProcessHostImpl][Send] child_process_launcher_ is true
08-23 09:21:33.242: D/Tab(5919): onLoadStarted
08-23 09:21:33.242: D/Tab(5919): didStartLoading
08-23 09:21:33.242: I/TabManager(5919): sending broadcast for Tab created
08-23 09:21:33.242: I/QuickAccessController(5919): onTabCreated
08-23 09:21:33.242: D/tabcount(5919): updateTabCountDisplay
08-23 09:21:33.242: D/tabcount(5919): updateTabCountDisplay 2
08-23 09:21:33.242: D/tabcount(5919): toDigitString
08-23 09:21:33.242: D/ActivityManager(2925): bindService callerProcessName:com.sec.android.app.sbrowser, calleePkgName: com.sec.android.app.sbrowser, action: null
08-23 09:21:33.242: D/ActivityManager(2925): retrieveServiceLocked(): component = com.sec.android.app.sbrowser/org.chromium.content.app.SandboxedProcessService4; callingUser = 0; userId(target) = 0
08-23 09:21:33.242: E/ActivityManager(2925): checkUser: useridlist=null, currentuser=0
08-23 09:21:33.242: E/ActivityManager(2925): checkUser: useridlist=null, currentuser=0
08-23 09:21:33.242: E/ActivityManager(2925): checkUser: useridlist=null, currentuser=0
08-23 09:21:33.252: D/GC(5919): OES20 ===> GC Version : GC version rls_5011p6_GC5.5.14
08-23 09:21:33.242: E/ActivityManager(2925): checkUser: useridlist=null, currentuser=0
08-23 09:21:33.262: I/SELinux(17164): Function: selinux_compare_spd_ram , priority [2] , priority version is VE=SEPF_SM-G388F_5.1.1_0045
08-23 09:21:33.272: V/NetworkChangeNotifierAutoDetect(5919): getCurrentConnectionType() networkType:1
08-23 09:21:33.272: I/ActivityManager(2925): Start proc 17164:com.sec.android.app.sbrowser:sandboxed_process4/u0i30 for service com.sec.android.app.sbrowser/org.chromium.content.app.SandboxedProcessService4
08-23 09:21:33.272: E/SELinux(17164): [DEBUG] get_category: variable seinfo: platform sensitivity: NULL, cateogry: NULL
08-23 09:21:33.272: V/NetworkChangeNotifierAutoDetect(5919): getCurrentConnectionType() networkType:1
08-23 09:21:33.272: V/NetDeviceUtils(5919): onServiceStateChanged() newState:0
08-23 09:21:33.272: D/ActivityManager(2925): bindService callerProcessName:com.sec.android.app.sbrowser, calleePkgName: com.sec.android.app.sbrowser, action: null
08-23 09:21:33.272: I/TabManager(5919): APPLOGS:HANDLER_SHOW_TAB, mIsSurfaceReady = true
08-23 09:21:33.272: D/ActivityManager(2925): retrieveServiceLocked(): component = com.sec.android.app.sbrowser/org.chromium.content.app.SandboxedProcessService4; callingUser = 0; userId(target) = 0
08-23 09:21:33.272: D/TabManager(5919): APPLOGS:HANDLER_SHOW_TAB,surface ready, calling getCurrentTab().onActivityResume()
08-23 09:21:33.272: I/chromium(5919): [INFO:render_process_host_impl.cc(1380)] [RenderProcessHostImpl][Send] child_process_launcher_ is true
08-23 09:21:33.272: D/ChildProcessLauncher(5919): Setting up connection to process: slot=4
08-23 09:21:33.282: I/chromium(5919): [INFO:render_process_host_impl.cc(1380)] [RenderProcessHostImpl][Send] child_process_launcher_ is true
08-23 09:21:33.282: I/VerificationLog(5919): onWindowFocusChanged, Start
08-23 09:21:33.282: D/SBrowserMainActivity(5919): registerAssistantMenu called
08-23 09:21:33.282: I/VerificationLog(5919): onWindowFocusChanged, End
08-23 09:21:33.282: D/InputMethodManagerService(2925): windowGainedFocus mCurrentFocusedUserId - 0 and mSecureKeypadEnabled-false
08-23 09:21:33.282: I/StatusBar(3275): Icon Only
08-23 09:21:33.282: I/SBrowserParent(5919): padding = 0
08-23 09:21:33.282: I/SBrowserParent(5919): bottomBarVisibility = 0
08-23 09:21:33.282: I/SBrowserParent(5919): main activity status = RESUMED
08-23 09:21:33.282: D/SbrContentViewCore(5919): onSizeChanged : New Size = (480, 764), Old Size = (0, 0)
08-23 09:21:33.282: D/ContentViewCore(5919): onSizeChanged :: Calling nativeWasResized
08-23 09:21:33.282: I/chromium(5919): [INFO:render_process_host_impl.cc(1380)] [RenderProcessHostImpl][Send] child_process_launcher_ is true
08-23 09:21:33.282: D/Tab(5919): isFullscreenForTabOrPending
08-23 09:21:33.282: D/ContentFullScreenManager(5919): isFullscreenForTabOrPending() , returning = false
08-23 09:21:33.282: I/chromium(5919): [INFO:render_process_host_impl.cc(1380)] [RenderProcessHostImpl][Send] child_process_launcher_ is true
08-23 09:21:33.282: D/PersonaManager(2925): getFocusedUser
08-23 09:21:33.282: V/WindowManager(2925): Relayout Window{c827960 u0 SurfaceView}: viewVisibility=0 req=480x764 WM.LayoutParams{(0,36)(480x764) gr=#800033 ty=1004 fl=#4218 pfl=0x40 fmt=4 surfaceInsets=Rect(0, 0 - 0, 0)}
08-23 09:21:33.282: D/PersonaManagerService(2925): getFocusedUser: current uesr id is 0
08-23 09:21:33.282: V/WindowManager(2925): findFocusedWindow: Found new focus @ 9 = Window{befaa18 u0 com.sec.android.app.sbrowser/com.sec.android.app.sbrowser.SBrowserMainActivity}
08-23 09:21:33.292: D/TimaKeyStoreProvider(17164): in addTimaSignatureService
08-23 09:21:33.292: D/PanelView(3275): There is/are notification(s)
08-23 09:21:33.292: D/TimaKeyStoreProvider(17164): TimaSignature is unavailable
08-23 09:21:33.292: D/ActivityThread(17164): Added TimaKesytore provider
08-23 09:21:33.292: I/chromium(5987): [INFO:render_widget.cc(803)] RenderWidget::OnWasShown()
08-23 09:21:33.292: I/chromium(5987): [INFO:render_widget.cc(825)] RenderWidget::OnWasShown() calling scheduleComposite
08-23 09:21:33.302: I/chromium(5987): [INFO:render_widget.cc(791)] RenderWidget::OnWasHidden()
08-23 09:21:33.302: D/PersonaManager(2925): getFocusedUser
08-23 09:21:33.302: D/PersonaManagerService(2925): getFocusedUser: current uesr id is 0
08-23 09:21:33.302: E/TabSaverRestorer(5919): TaskSaverForTab onPostExecute tabStateWasPersisted
08-23 09:21:33.302: W/TabSaverRestorer(5919): TaskSaverForTab saveNextTab
08-23 09:21:33.302: E/TabSaverRestorer(5919): saveNextTab
08-23 09:21:33.302: W/TabSaverRestorer(5919): saveNextTab mSaveListTask called
08-23 09:21:33.302: E/TabSaverRestorer(5919): onPreExecute
08-23 09:21:33.302: W/TabSaverRestorer(5919): TaskListSaver saveListToMemory called
08-23 09:21:33.302: E/TabSaverRestorer(5919): saveListToFile
08-23 09:21:33.302: W/TabSaverRestorer(5919): saveListToFile TAB_SAVED_STATE called
08-23 09:21:33.302: W/TabSaverRestorer(5919): saveListToFile dataOutputStream closed
08-23 09:21:33.302: I/Timeline(5919): Timeline: Activity_idle id: android.os.BinderProxy@344061c4 time:40156639
08-23 09:21:33.302: I/TabSaverRestorer(5919): Writing mListTabMetaDatainstanceIndex: 1Size : 2
08-23 09:21:33.302: W/TabSaverRestorer(5919): saveTabListToFile TAB_LIST_SAVED_STATE called
08-23 09:21:33.312: D/PlaceHolderContentViewRenderViewAdapter(5919): APPLOGS: Place Holder is visible and New height is calculated mHeightCache = 509.0 and m_overdrawBottomHeightCss = 0.0
08-23 09:21:33.312: D/PlaceHolderContentViewRenderViewAdapter(5919): APPLOGS: Place Holder is still visible and NOT hidden because updateFrameInfo values are NOT MATCHED: scaledHeight = 0.0 heightCache= 509.0 contentOffsetYCss= 0.0 m_pageScaleFactor= 0.0 m_viewportHeight= 0.0 toolbarHeight= 56.0 bottombarHeight = 48.0
08-23 09:21:33.312: V/WindowManager(2925): findFocusedWindow: Found new focus @ 9 = Window{befaa18 u0 com.sec.android.app.sbrowser/com.sec.android.app.sbrowser.SBrowserMainActivity}
08-23 09:21:33.312: D/PersonaManager(2925): getFocusedUser
08-23 09:21:33.312: D/PersonaManagerService(2925): getFocusedUser: current uesr id is 0
08-23 09:21:33.312: D/PersonaManager(2925): getFocusedUser
08-23 09:21:33.312: D/StatusBarManagerService(2925): manageDisableList userId=0 what=0x0 pkg=Window{befaa18 u0 com.sec.android.app.sbrowser/com.sec.android.app.sbrowser.SBrowserMainActivity}
08-23 09:21:33.312: D/PersonaManagerService(2925): getFocusedUser: current uesr id is 0
08-23 09:21:33.322: D/PlaceHolderContentViewRenderViewAdapter(5919): APPLOGS: Place Holder is visible and New height is calculated mHeightCache = 509.0 and m_overdrawBottomHeightCss = 0.0
08-23 09:21:33.322: D/PlaceHolderContentViewRenderViewAdapter(5919): APPLOGS: Place Holder is still visible and NOT hidden because updateFrameInfo values are NOT MATCHED: scaledHeight = 0.0 heightCache= 509.0 contentOffsetYCss= 0.0 m_pageScaleFactor= 0.0 m_viewportHeight= 0.0 toolbarHeight= 56.0 bottombarHeight = 48.0
08-23 09:21:33.322: W/TabSaverRestorer(5919): saveTabListToFile objectOutputStream closed
08-23 09:21:33.322: W/ResourcesManager(17164): getTopLevelResources: null for user 0
08-23 09:21:33.322: E/TabSaverRestorer(5919): onPostExecute
08-23 09:21:33.322: V/WindowManager(2925): Relayout Window{187c1d14 u0 SurfaceView}: viewVisibility=8 req=480x764 WM.LayoutParams{(0,36)(480x764) gr=#800033 ty=1001 fl=#4218 pfl=0x40 fmt=1 surfaceInsets=Rect(0, 0 - 0, 0)}
08-23 09:21:33.322: D/PersonaManager(2925): getFocusedUser
08-23 09:21:33.322: V/WindowManager(2925): findFocusedWindow: Found new focus @ 9 = Window{befaa18 u0 com.sec.android.app.sbrowser/com.sec.android.app.sbrowser.SBrowserMainActivity}
08-23 09:21:33.322: D/PersonaManagerService(2925): getFocusedUser: current uesr id is 0
08-23 09:21:33.322: W/ResourcesManager(17164): Asset path '/system/framework/secsmartcard.jar' does not exist or contains no resources.
08-23 09:21:33.332: D/libEGL(17132): glFinish();
08-23 09:21:33.332: D/libEGL(17132): glFinish();
08-23 09:21:33.342: D/PersonaManager(2925): getFocusedUser
08-23 09:21:33.342: V/WindowManager(2925): Relayout Window{15696b5a u0 org.qtproject.example.helloworld3/org.qtproject.qt5.android.bindings.QtActivity}: viewVisibility=8 req=480x800 WM.LayoutParams{(0,0)(fillxfill) sim=#20 ty=1 fl=#1810100 fmt=-3 wanim=0x10303e2 surfaceInsets=Rect(0, 0 - 0, 0) needsMenuKey=2}
08-23 09:21:33.342: D/PersonaManagerService(2925): getFocusedUser: current uesr id is 0
08-23 09:21:33.342: V/WindowManager(2925): findFocusedWindow: Found new focus @ 9 = Window{befaa18 u0 com.sec.android.app.sbrowser/com.sec.android.app.sbrowser.SBrowserMainActivity}
08-23 09:21:33.352: I/ChildProcessService(17164): Creating new ChildProcessService pid=17164
08-23 09:21:33.362: D/ChildProcessLauncher(5919): on connect callback, pid=17164 context=-1414092560
08-23 09:21:33.362: I/chromium(5919): [INFO:child_process_launcher.cc(114)] [Renderer][Startup] ChildProcessLauncher::OnChildProcessStarted 17164
08-23 09:21:33.362: D/ActivityManager(2925): bindService callerProcessName:com.sec.android.app.sbrowser, calleePkgName: com.sec.android.app.sbrowser, action: null
08-23 09:21:33.362: D/ActivityManager(2925): retrieveServiceLocked(): component = com.sec.android.app.sbrowser/org.chromium.content.app.SandboxedProcessService4; callingUser = 0; userId(target) = 0
08-23 09:21:33.382: I/[APP_LAUNCH] LibraryLoader(17164): Time to load native libraries: 26 ms (timestamps 6688-6714)
08-23 09:21:33.382: I/LibraryLoader(17164): Expected native library version number "38.0.2125.102",actual native library version number "38.0.2125.102"
08-23 09:21:33.382: I/chromium(17164): [INFO:library_loader_hooks.cc(104)] Chromium logging enabled: level = 0, default verbosity = 0
08-23 09:21:33.422: E/[Renderer][Startup](17164): [ChildProcessService][onCreate] - Native Initialization start.
08-23 09:21:33.422: W/art(17164): Attempt to remove local handle scope entry from IRT, ignoring
08-23 09:21:33.422: W/art(17164): Attempt to remove local handle scope entry from IRT, ignoring
08-23 09:21:33.422: I/chromium(17164): [INFO:content_main_runner.cc(484)] [Renderer][Startup] ContentMainRunnerImpl::Initialize.
08-23 09:21:33.422: W/ResourcesManager(17164): getTopLevelResources: null for user 0
08-23 09:21:33.422: D/DisplayManager(17164): DisplayManager()
08-23 09:21:33.432: I/chromium(5987): [INFO:FrameLoaderClientImpl.cpp(526)] FrameLoaderClientImpl::didStartLoading called
08-23 09:21:33.432: I/chromium(5987): [INFO:FrameLoaderClientImpl.cpp(395)] [APP_LAUNCH] FrameLoaderClientImpl::dispatchDidStartProvisionalLoad called
08-23 09:21:33.432: D/Tab(5919): onLoadStarted
08-23 09:21:33.432: D/Tab(5919): didStartLoading
08-23 09:21:33.432: I/chromium(17164): [INFO:content_main_runner.cc(398)] [Renderer][Startup] ContentMainRunnerImpl::RunNamedProcessTypeMain. renderer
08-23 09:21:33.432: I/chromium(17164): [INFO:renderer_main.cc(207)] [Renderer][Startup] RendererMain.
08-23 09:21:33.432: V/[APP_LAUNCH] Tab(5919): didStartProvisionalLoadForFrame frameId(1)isMainFrame = true
08-23 09:21:33.432: V/Tab(5919): doStartLoading
