08-23 09:21:33.432: I/SecAPI(5919): CFM method_sendCommandToSsrm.invoke
08-23 09:21:33.432: D/SecContentProvider(2925): uri = 5 selection = getHttpProxy
08-23 09:21:33.432: I/SBrowserProxyHandler(5919): getMDMProxy() : MDM proxy[]
08-23 09:21:33.432: I/SBrowserProxyHandler(5919): Custom Proxy [null]
08-23 09:21:33.432: I/chromium(17164): [INFO:render_process_impl.cc(30)] [Renderer][Startup] RenderProcessImpl::RenderProcessImpl
08-23 09:21:33.432: I/chromium(5987): [INFO:resource_dispatcher.cc(190)] ResourceDispatcher::IPCResourceLoaderBridge::Start mainframe request id =424
08-23 09:21:33.432: I/v8(17164): Error: unrecognized flag --optimize-for-size
08-23 09:21:33.432: I/v8(17164): Try --help for options
08-23 09:21:33.432: I/chromium(5919): [INFO:resource_dispatcher_host_impl.cc(872)] ResourceDispatcherHostImpl::OnRequestResource mainframe request_id=424
08-23 09:21:33.432: W/UrlHandler(5919): shouldOverrideUrl
08-23 09:21:33.432: W/UrlHandler(5919): startActivityForUrl
08-23 09:21:33.442: I/chromium(17164): [INFO:renderer_main.cc(199)] [RendererMain] Enabled sigaction handler.
08-23 09:21:33.442: I/chromium(17164): [INFO:render_thread_impl.cc(1407)] [Renderer][Startup] RenderThreadImpl::OnCreateNewView 2
08-23 09:21:33.442: D/Tab(5919): shouldIgnoreNavigation :: Returning value = false
08-23 09:21:33.442: D/SecContentProvider(2925): uri = 10 selection = isUrlBlocked
08-23 09:21:33.442: D/SecContentProvider(2925): uri = 2 selection = isAuditLogEnabled
08-23 09:21:33.452: D/EnterpriseController(2510): mIsMarkChainAdded is 0 mIsBlockChainAdded is 0 netId is 0
08-23 09:21:33.452: D/Netd(2510): getNetworkForDns: using netid 511 for uid 10081
08-23 09:21:33.462: I/chromium(17164): [INFO:top_controls_manager.cc(54)] TopControlsManager : 0xabbb64e0
08-23 09:21:33.462: I/chromium(17164): [INFO:render_view_impl.cc(787)] RenderViewImpl::Initialize :: region_code : no
08-23 09:21:33.472: D/PhoneUi(5919): APPLOGS: onRenderProcessSwap()
08-23 09:21:33.472: D/MainActivityController(5919): ToolBarAutoHider : initializeLayerPositions
08-23 09:21:33.472: D/Tab(5919): onRenderProcessSwaped() tabId = 5 Tab = com.sec.android.app.sbrowser.tab.Tab@261fe1bb webcontents = org.chromium.content.browser.webcontents.WebContentsImpl@3aad4495 ContentViewCore = com.sec.chromium.content.browser.SbrContentViewCore@3fc46d8
08-23 09:21:33.472: D/Tab(5919): onRenderProcessSwap() - showing topControlState as per previous state currTab=com.sec.android.app.sbrowser.tab.Tab@261fe1bb
08-23 09:21:33.472: D/ContentViewCore(5919): updateTopControlsState Hide:false Show: true
08-23 09:21:33.472: I/StatusBar(3275): Icon Only
08-23 09:21:33.472: D/ContentViewCore(5919): updateTopControlsState Hide:true Show: true
08-23 09:21:33.472: D/PanelView(3275): There is/are notification(s)
08-23 09:21:33.482: I/chromium(17164): [INFO:FrameLoaderClientImpl.cpp(526)] FrameLoaderClientImpl::didStartLoading called
08-23 09:21:33.482: I/chromium(17164): [INFO:FrameLoaderClientImpl.cpp(395)] [APP_LAUNCH] FrameLoaderClientImpl::dispatchDidStartProvisionalLoad called
08-23 09:21:33.482: V/[APP_LAUNCH] Tab(5919): didStartProvisionalLoadForFrame frameId(1)isMainFrame = true
08-23 09:21:33.482: V/Tab(5919): doStartLoading
08-23 09:21:33.482: I/chromium(17164): [INFO:resource_dispatcher.cc(190)] ResourceDispatcher::IPCResourceLoaderBridge::Start mainframe request id =0
08-23 09:21:33.482: I/SecAPI(5919): CFM method_sendCommandToSsrm.invoke
08-23 09:21:33.482: I/chromium(5919): [INFO:resource_dispatcher_host_impl.cc(872)] ResourceDispatcherHostImpl::OnRequestResource mainframe request_id=0
08-23 09:21:33.482: I/chromium(17164): [INFO:render_widget.cc(753)] RenderWidget::OnResize size=320,510
08-23 09:21:33.482: D/SecContentProvider(2925): uri = 5 selection = getHttpProxy
08-23 09:21:33.482: I/chromium(17164): [INFO:WebViewImpl.cpp(1821)] [SBRCHECK_ROTATE] WebViewImpl::resize: START :: newSize ::320,510:old size = :0,0
08-23 09:21:33.482: I/chromium(17164): [INFO:WebViewImpl.cpp(1858)] [SBRCHECK_ROTATE] WebViewImpl::resize: m_fixedLayoutSizeLock
08-23 09:21:33.482: I/chromium(17164): [INFO:FrameView.cpp(838)] FrameView::LAYOUT
08-23 09:21:33.482: I/SBrowserProxyHandler(5919): getMDMProxy() : MDM proxy[]
08-23 09:21:33.482: I/chromium(17164): [INFO:WebViewImpl.cpp(1875)] [SBRCHECK_ROTATE]WebViewImpl::resize :: CONTENT SIZE after LAYOUT :: 980,1561
08-23 09:21:33.482: I/SBrowserProxyHandler(5919): Custom Proxy [null]
08-23 09:21:33.482: I/chromium(17164): [INFO:WebViewImpl.cpp(1876)] [SBRCHECK_ROTATE]WebViewImpl::resize :: LAYOUT SIZE after LAYOUT :: 980,1561
08-23 09:21:33.482: I/VerificationLog(5919): onPageLoadStarted, start
08-23 09:21:33.482: D/LocationBar.java(5919): updateLoadingState
08-23 09:21:33.482: I/VerificationLog(5919): Calling setUrlToPageUrl in ToolbarBaseUi - start
08-23 09:21:33.482: I/VerificationLog(5919): handleQuickLaunchURL- stop
08-23 09:21:33.482: D/MainActivityController(5919): showQuickAccessView overdrawbottomheight:0
08-23 09:21:33.482: I/chromium(17164): [INFO:WebViewImpl.cpp(1877)] [SBRCHECK_ROTATE] WebViewImpl::resize: END
08-23 09:21:33.482: I/QuickAccessController(5919): showQuickAccessView : show = false, animation = false
08-23 09:21:33.482: E/QuickAccessController(5919): showQuickAccessView : home button was pressed, avoiding reset of view
08-23 09:21:33.482: I/VerificationLog(5919): handleQuickLaunchURL- stop
08-23 09:21:33.482: D/MainActivityController(5919): showQuickAccessView overdrawbottomheight:0
08-23 09:21:33.482: I/QuickAccessController(5919): showQuickAccessView : show = false, animation = false
08-23 09:21:33.482: E/QuickAccessController(5919): showQuickAccessView : home button was pressed, avoiding reset of view
08-23 09:21:33.482: I/VerificationLog(5919): Calling setUrlToPageUrl in ToolbarBaseUi - stop
08-23 09:21:33.482: D/REFRESH_ICON(5919): ToolBArBaseUi --> updateButtonStatus()
08-23 09:21:33.492: D/REFRESH_ICON(5919): LocationBar -> updateReloadVisibility()
08-23 09:21:33.492: D/REFRESH_ICON(5919): LocationBar -> setDeleteVisibility() : isShowingInterstitialPage = false, isLoading = true, EmptyUrl = false
08-23 09:21:33.492: D/REFRESH_ICON(5919): ToolBArBaseUi --> updateButtonStatus()
08-23 09:21:33.492: D/REFRESH_ICON(5919): LocationBar -> updateReloadVisibility()
08-23 09:21:33.492: D/REFRESH_ICON(5919): LocationBar -> setDeleteVisibility() : isShowingInterstitialPage = false, isLoading = true, EmptyUrl = false
08-23 09:21:33.492: D/Tab(5919): shouldIgnoreNavigation :: Returning value = false
08-23 09:21:33.492: D/SecContentProvider(2925): uri = 10 selection = isUrlBlocked
08-23 09:21:33.492: D/SecContentProvider(2925): uri = 2 selection = isAuditLogEnabled
08-23 09:21:33.492: D/GC(5919): OES20 ===> GC Version : GC version rls_5011p6_GC5.5.14
08-23 09:21:33.492: D/EnterpriseController(2510): mIsMarkChainAdded is 0 mIsBlockChainAdded is 0 netId is 0
08-23 09:21:33.492: D/Netd(2510): getNetworkForDns: using netid 511 for uid 10081
08-23 09:21:33.502: I/SBrowserParent(5919): padding = 0
08-23 09:21:33.502: I/SBrowserParent(5919): bottomBarVisibility = 0
08-23 09:21:33.502: I/SBrowserParent(5919): main activity status = RESUMED
08-23 09:21:33.512: I/chromium(17164): [INFO:layer_tree_host_impl.cc(2106)] CreateAndSetTileManager Async Upload Path
08-23 09:21:33.512: I/chromium(17164): [INFO:top_controls_manager.cc(261)] SetTopControlsHeight : 0xabbb64e0 top_controls_height = 56
08-23 09:21:33.512: I/chromium(17164): [INFO:top_controls_manager.cc(261)] SetTopControlsHeight : 0xabbb64e0 top_controls_height = 56
08-23 09:21:33.512: I/chromium(17164): [INFO:CompositedLayerMapping.cpp(2143)] CompositedLayerMapping::paintContents
08-23 09:21:33.542: V/WindowManager(2925): Relayout Window{c827960 u0 SurfaceView}: viewVisibility=0 req=480x764 WM.LayoutParams{(0,36)(480x764) gr=#800033 ty=1004 fl=#4218 pfl=0x40 fmt=4 surfaceInsets=Rect(0, 0 - 0, 0)}
08-23 09:21:33.542: D/PersonaManager(2925): getFocusedUser
08-23 09:21:33.542: D/PersonaManagerService(2925): getFocusedUser: current uesr id is 0
08-23 09:21:33.572: I/chromium(5987): [INFO:FrameLoaderClientImpl.cpp(533)] FrameLoaderClientImpl::progressEstimateChanged progressEstimate:: 0.232666
08-23 09:21:33.612: I/chromium(5919): [INFO:magnifier.cc(25)] InitMagnifier()
08-23 09:21:33.612: I/chromium(5919): [INFO:sbr_select_action_popup_controller.cc(17)] InitSelectActionPopup()
08-23 09:21:33.612: I/chromium(5919): [INFO:sbr_selection_magnifier_helper.cc(21)] InitMagnifierHelper()
08-23 09:21:33.612: I/chromium(17164): [INFO:top_controls_manager.cc(261)] SetTopControlsHeight : 0xabbb64e0 top_controls_height = 56
08-23 09:21:33.612: W/UrlHandler(5919): shouldOverrideUrl
08-23 09:21:33.612: W/UrlHandler(5919): startActivityForUrl
08-23 09:21:33.622: D/Tab(5919): shouldIgnoreNavigation :: Returning value = false
08-23 09:21:33.622: I/chromium(5919): [INFO:render_frame_host_impl.cc(202)] RenderFrameHostImpl::~RenderFrameHostImpl 0xac7869e8 ++
08-23 09:21:33.622: I/chromium(5919): [INFO:render_frame_host_impl.cc(216)] RenderFrameHostImpl::~RenderFrameHostImpl 0xac7869e8 --
08-23 09:21:33.622: I/chromium(5919): [INFO:render_frame_host_impl.cc(202)] RenderFrameHostImpl::~RenderFrameHostImpl 0xac6c0308 ++
08-23 09:21:33.622: I/chromium(5919): [INFO:render_frame_host_impl.cc(216)] RenderFrameHostImpl::~RenderFrameHostImpl 0xac6c0308 --
08-23 09:21:33.622: I/chromium(5919): [INFO:render_frame_host_impl.cc(202)] RenderFrameHostImpl::~RenderFrameHostImpl 0xac5f6160 ++
08-23 09:21:33.622: I/chromium(5919): [INFO:render_frame_host_impl.cc(216)] RenderFrameHostImpl::~RenderFrameHostImpl 0xac5f6160 --
08-23 09:21:33.622: I/chromium(5919): [INFO:render_frame_host_impl.cc(202)] RenderFrameHostImpl::~RenderFrameHostImpl 0xac530b20 ++
08-23 09:21:33.622: I/chromium(5919): [INFO:render_frame_host_impl.cc(216)] RenderFrameHostImpl::~RenderFrameHostImpl 0xac530b20 --
08-23 09:21:33.622: I/chromium(5919): [INFO:render_frame_host_impl.cc(202)] RenderFrameHostImpl::~RenderFrameHostImpl 0xac6ffd90 ++
08-23 09:21:33.622: I/chromium(5919): [INFO:render_frame_host_impl.cc(216)] RenderFrameHostImpl::~RenderFrameHostImpl 0xac6ffd90 --
08-23 09:21:33.622: I/chromium(5919): [INFO:render_frame_host_impl.cc(202)] RenderFrameHostImpl::~RenderFrameHostImpl 0xac132dd0 ++
08-23 09:21:33.622: I/chromium(5919): [INFO:render_frame_host_impl.cc(216)] RenderFrameHostImpl::~RenderFrameHostImpl 0xac132dd0 --
08-23 09:21:33.622: D/SecContentProvider(2925): uri = 10 selection = isUrlBlocked
08-23 09:21:33.622: D/SecContentProvider(2925): uri = 2 selection = isAuditLogEnabled
08-23 09:21:33.622: D/PlaceHolderContentViewRenderViewAdapter(5919): APPLOGS: updateFrameInfo m_pageScaleFactor = 0.3265306 and m_viewportHeight = 1241.3334
08-23 09:21:33.632: D/EnterpriseController(2510): mIsMarkChainAdded is 0 mIsBlockChainAdded is 0 netId is 0
08-23 09:21:33.632: D/Netd(2510): getNetworkForDns: using netid 511 for uid 10081
08-23 09:21:33.632: I/chromium(5987): [INFO:FrameLoaderClientImpl.cpp(416)] FrameLoaderClientImpl::dispatchDidCommitLoad called
08-23 09:21:33.632: D/EnterpriseController(2510): mIsMarkChainAdded is 0 mIsBlockChainAdded is 0 netId is 0
08-23 09:21:33.632: D/Netd(2510): getNetworkForDns: using netid 511 for uid 10081
08-23 09:21:33.632: D/EnterpriseController(2510): mIsMarkChainAdded is 0 mIsBlockChainAdded is 0 netId is 0
08-23 09:21:33.632: D/Netd(2510): getNetworkForDns: using netid 511 for uid 10081
08-23 09:21:33.632: D/EnterpriseController(2510): mIsMarkChainAdded is 0 mIsBlockChainAdded is 0 netId is 0
08-23 09:21:33.632: D/Netd(2510): getNetworkForDns: using netid 511 for uid 10081
08-23 09:21:33.642: D/EnterpriseController(2510): mIsMarkChainAdded is 0 mIsBlockChainAdded is 0 netId is 0
08-23 09:21:33.642: D/Netd(2510): getNetworkForDns: using netid 511 for uid 10081
08-23 09:21:33.642: D/Tab(5919): isFullscreenForTabOrPending
08-23 09:21:33.642: D/ContentFullScreenManager(5919): isFullscreenForTabOrPending() , returning = false
08-23 09:21:33.642: D/Tab(5919): didCommitProvisionalLoadForFrame
08-23 09:21:33.642: D/QuickAccessController(5919): onUrlUpdated
08-23 09:21:33.642: D/Tab(5919): onUpdateUrl called
08-23 09:21:33.642: D/QuickAccessController(5919): onUrlUpdated
08-23 09:21:33.642: D/Tab(5919): didNavigateMainFrame isNavigationToDifferentPage = true
08-23 09:21:33.642: I/chromium(5987): [INFO:FrameLoaderClientImpl.cpp(533)] FrameLoaderClientImpl::progressEstimateChanged progressEstimate:: 0.419978
08-23 09:21:33.642: D/Tab(5919): isFullscreenForTabOrPending
08-23 09:21:33.642: D/ContentFullScreenManager(5919): isFullscreenForTabOrPending() , returning = false
08-23 09:21:33.642: I/chromium(17164): [INFO:render_widget.cc(753)] RenderWidget::OnResize size=320,406
08-23 09:21:33.642: I/chromium(17164): [INFO:WebViewImpl.cpp(1821)] [SBRCHECK_ROTATE] WebViewImpl::resize: START :: newSize ::320,406:old size = :320,510
08-23 09:21:33.642: I/chromium(17164): [INFO:WebViewImpl.cpp(1858)] [SBRCHECK_ROTATE] WebViewImpl::resize: m_fixedLayoutSizeLock
08-23 09:21:33.642: I/chromium(17164): [INFO:FrameView.cpp(838)] FrameView::LAYOUT
08-23 09:21:33.642: D/Tab(5919): onFavIconUpdateForCurrentTab for id: 0
08-23 09:21:33.642: D/Tab(5919): Favicon for the web page is already fetched before
08-23 09:21:33.642: I/chromium(17164): [INFO:WebViewImpl.cpp(1875)] [SBRCHECK_ROTATE]WebViewImpl::resize :: CONTENT SIZE after LAYOUT :: 980,1243
08-23 09:21:33.642: I/chromium(17164): [INFO:WebViewImpl.cpp(1876)] [SBRCHECK_ROTATE]WebViewImpl::resize :: LAYOUT SIZE after LAYOUT :: 980,1243
08-23 09:21:33.642: I/chromium(17164): [INFO:WebViewImpl.cpp(1877)] [SBRCHECK_ROTATE] WebViewImpl::resize: END
08-23 09:21:33.642: I/chromium(5987): [INFO:FrameLoaderClientImpl.cpp(533)] FrameLoaderClientImpl::progressEstimateChanged progressEstimate:: 0.440411
08-23 09:21:33.652: I/chromium(5987): [INFO:FrameLoaderClientImpl.cpp(533)] FrameLoaderClientImpl::progressEstimateChanged progressEstimate:: 0.463589
08-23 09:21:33.652: D/PlaceHolderContentViewRenderViewAdapter(5919): APPLOGS: Place Holder is visible and New height is calculated mHeightCache = 509.0 and m_overdrawBottomHeightCss = 0.0
08-23 09:21:33.652: D/PlaceHolderContentViewRenderViewAdapter(5919): APPLOGS: Place Holder is visible and onReceiveSwapBufferCompleted MATCHED: scaledHeight = 405.0 heightCache= 509.0 contentOffsetYCss= 56.0
08-23 09:21:33.652: D/PlaceHolderController(5919): APPLOGS:PlaceHolder Controller HIDE called =============
08-23 09:21:33.652: D/PlaceHolderView(5919): APPLOGS: PlaceHolder is Hidden --- with visibility as View.GONE
08-23 09:21:33.662: I/chromium(5987): [INFO:FrameLoaderClientImpl.cpp(533)] FrameLoaderClientImpl::progressEstimateChanged progressEstimate:: 0.484498
08-23 09:21:33.662: I/chromium(5987): [INFO:resource_dispatcher.cc(559)] ResourceDispatcher::OnRequestComplete mainframe request id =424
08-23 09:21:33.662: D/EnterpriseController(2510): mIsMarkChainAdded is 0 mIsBlockChainAdded is 0 netId is 0
08-23 09:21:33.662: D/Netd(2510): getNetworkForDns: using netid 511 for uid 10081
08-23 09:21:33.672: D/Tab(5919): isFullscreenForTabOrPending
08-23 09:21:33.672: D/ContentFullScreenManager(5919): isFullscreenForTabOrPending() , returning = false
08-23 09:21:33.672: D/EnterpriseController(2510): mIsMarkChainAdded is 0 mIsBlockChainAdded is 0 netId is 0
08-23 09:21:33.672: D/Netd(2510): getNetworkForDns: using netid 511 for uid 10081
08-23 09:21:33.672: D/EnterpriseController(2510): mIsMarkChainAdded is 0 mIsBlockChainAdded is 0 netId is 0
08-23 09:21:33.672: D/Netd(2510): getNetworkForDns: using netid 511 for uid 10081
08-23 09:21:33.672: D/EnterpriseController(2510): mIsMarkChainAdded is 0 mIsBlockChainAdded is 0 netId is 0
08-23 09:21:33.672: D/Netd(2510): getNetworkForDns: using netid 511 for uid 10081
08-23 09:21:33.682: D/EnterpriseController(2510): mIsMarkChainAdded is 0 mIsBlockChainAdded is 0 netId is 0
08-23 09:21:33.682: D/Netd(2510): getNetworkForDns: using netid 511 for uid 10081
08-23 09:21:33.702: D/EnterpriseController(2510): mIsMarkChainAdded is 0 mIsBlockChainAdded is 0 netId is 0
08-23 09:21:33.702: D/Netd(2510): getNetworkForDns: using netid 511 for uid 10081
08-23 09:21:33.702: D/EnterpriseController(2510): mIsMarkChainAdded is 0 mIsBlockChainAdded is 0 netId is 0
08-23 09:21:33.702: D/Netd(2510): getNetworkForDns: using netid 511 for uid 10081
08-23 09:21:33.702: D/EnterpriseController(2510): mIsMarkChainAdded is 0 mIsBlockChainAdded is 0 netId is 0
08-23 09:21:33.702: D/Netd(2510): getNetworkForDns: using netid 511 for uid 10081
08-23 09:21:33.702: D/EnterpriseController(2510): mIsMarkChainAdded is 0 mIsBlockChainAdded is 0 netId is 0
08-23 09:21:33.702: D/Netd(2510): getNetworkForDns: using netid 511 for uid 10081
08-23 09:21:33.712: D/EnterpriseController(2510): mIsMarkChainAdded is 0 mIsBlockChainAdded is 0 netId is 0
08-23 09:21:33.712: D/Netd(2510): getNetworkForDns: using netid 511 for uid 10081
08-23 09:21:33.712: D/EnterpriseController(2510): mIsMarkChainAdded is 0 mIsBlockChainAdded is 0 netId is 0
08-23 09:21:33.712: D/Netd(2510): getNetworkForDns: using netid 511 for uid 10081
08-23 09:21:33.752: I/chromium(17164): [INFO:FrameLoaderClientImpl.cpp(533)] FrameLoaderClientImpl::progressEstimateChanged progressEstimate:: 0.213477
08-23 09:21:33.752: I/chromium(17164): [INFO:FrameLoaderClientImpl.cpp(416)] FrameLoaderClientImpl::dispatchDidCommitLoad called
08-23 09:21:33.762: I/chromium(17164): [INFO:FrameLoaderClientImpl.cpp(533)] FrameLoaderClientImpl::progressEstimateChanged progressEstimate:: 0.351832
08-23 09:21:33.762: I/chromium(17164): [INFO:FrameLoaderClientImpl.cpp(533)] FrameLoaderClientImpl::progressEstimateChanged progressEstimate:: 0.379978
08-23 09:21:33.762: I/chromium(5987): [INFO:FrameLoaderClientImpl.cpp(533)] FrameLoaderClientImpl::progressEstimateChanged progressEstimate:: 0.495192
08-23 09:21:33.762: I/SBrowserParent(5919): padding = 0
08-23 09:21:33.762: I/SBrowserParent(5919): bottomBarVisibility = 0
08-23 09:21:33.762: I/SBrowserParent(5919): main activity status = RESUMED
08-23 09:21:33.762: D/Tab(5919): isFullscreenForTabOrPending
08-23 09:21:33.762: D/ContentFullScreenManager(5919): isFullscreenForTabOrPending() , returning = false
08-23 09:21:33.772: D/Tab(5919): didCommitProvisionalLoadForFrame
08-23 09:21:33.772: D/QuickAccessController(5919): onUrlUpdated
08-23 09:21:33.772: D/Tab(5919): onUpdateUrl called
08-23 09:21:33.772: D/LocationBar.java(5919): updateLoadingState
08-23 09:21:33.772: I/VerificationLog(5919): Calling setUrlToPageUrl in ToolbarBaseUi - start
08-23 09:21:33.772: I/VerificationLog(5919): handleQuickLaunchURL- stop
08-23 09:21:33.772: D/MainActivityController(5919): showQuickAccessView overdrawbottomheight:0
08-23 09:21:33.772: I/QuickAccessController(5919): showQuickAccessView : show = false, animation = false
08-23 09:21:33.772: I/VerificationLog(5919): handleQuickLaunchURL- stop
08-23 09:21:33.772: D/MainActivityController(5919): showQuickAccessView overdrawbottomheight:0
08-23 09:21:33.772: I/QuickAccessController(5919): showQuickAccessView : show = false, animation = false
08-23 09:21:33.772: D/SBrowserMobileApplication(5919): getTabManagerByContextID key =com.sec.android.app.sbrowser.SBrowserMainActivity@1d0e2821 value=com.sec.android.app.sbrowser.tabmodel.sbr.TabManager@29b06607
08-23 09:21:33.772: I/VerificationLog(5919): Calling setUrlToPageUrl in ToolbarBaseUi - stop
08-23 09:21:33.772: D/REFRESH_ICON(5919): ToolBArBaseUi --> updateButtonStatus()
08-23 09:21:33.772: D/REFRESH_ICON(5919): LocationBar -> updateReloadVisibility()
08-23 09:21:33.772: D/REFRESH_ICON(5919): LocationBar -> setDeleteVisibility() : isShowingInterstitialPage = false, isLoading = true, EmptyUrl = false
08-23 09:21:33.772: D/QuickAccessController(5919): onUrlUpdated
08-23 09:21:33.772: D/Tab(5919): didNavigateMainFrame isNavigationToDifferentPage = true
08-23 09:21:33.782: I/SBrowserParent(5919): padding = 0
08-23 09:21:33.782: I/SBrowserParent(5919): bottomBarVisibility = 0
08-23 09:21:33.782: I/SBrowserParent(5919): main activity status = RESUMED
08-23 09:21:33.812: I/chromium(5919): [INFO:CONSOLE(2)] "AST library loaded: 0.3.9"
08-23 09:21:33.882: I/chromium(17164): [INFO:FrameLoaderClientImpl.cpp(533)] FrameLoaderClientImpl::progressEstimateChanged progressEstimate:: 0.392291
08-23 09:21:33.882: I/chromium(17164): [INFO:FrameLoaderClientImpl.cpp(533)] FrameLoaderClientImpl::progressEstimateChanged progressEstimate:: 0.419805
08-23 09:21:33.882: I/SBrowserParent(5919): padding = 0
08-23 09:21:33.882: I/SBrowserParent(5919): bottomBarVisibility = 0
08-23 09:21:33.882: I/SBrowserParent(5919): main activity status = RESUMED
08-23 09:21:33.892: I/chromium(17164): [INFO:FrameView.cpp(838)] FrameView::LAYOUT
08-23 09:21:33.932: I/chromium(17164): [INFO:FrameView.cpp(838)] FrameView::LAYOUT
08-23 09:21:33.932: I/chromium(17164): [INFO:CompositedLayerMapping.cpp(2143)] CompositedLayerMapping::paintContents
08-23 09:21:33.942: I/chromium(17164): [INFO:resource_dispatcher.cc(559)] ResourceDispatcher::OnRequestComplete mainframe request id =0
08-23 09:21:33.942: I/chromium(17164): [INFO:FrameLoaderClientImpl.cpp(533)] FrameLoaderClientImpl::progressEstimateChanged progressEstimate:: 0.572492
08-23 09:21:33.942: D/EnterpriseController(2510): mIsMarkChainAdded is 0 mIsBlockChainAdded is 0 netId is 0
08-23 09:21:33.942: D/Netd(2510): getNetworkForDns: using netid 511 for uid 10081
08-23 09:21:33.942: D/EnterpriseController(2510): mIsMarkChainAdded is 0 mIsBlockChainAdded is 0 netId is 0
08-23 09:21:33.942: D/Netd(2510): getNetworkForDns: using netid 511 for uid 10081
08-23 09:21:33.952: D/StatusBar.NetworkController(3275): refreshViews connected={ wifi } level=3 combinedSignalIconId=0x7f0202fc/com.android.systemui:drawable/stat_sys_wifi_signal_3 mobileLabel=ice.net wifiLabel="grilstadwlan" emergencyOnly=false combinedLabel="grilstadwlan" mAirplaneMode=false mDataActivity=0 mPhoneSignalIconId=0x7f0202b5/com.android.systemui:drawable/stat_sys_signal_3_auto_rotate mQSPhoneSignalIconId=0x7f0200b8/com.android.systemui:drawable/ic_qs_signal_3 mDataDirectionIconId=0x0/(null) mDataSignalIconId=0x7f0202b5/com.android.systemui:drawable/stat_sys_signal_3_auto_rotate mDataTypeIconId=0x7f0201fc/com.android.systemui:drawable/stat_sys_data_connected_4g mQSDataTypeIconId=0x7f0200bb/com.android.systemui:drawable/ic_qs_signal_4g mNoSimIconId=0x0/(null) mWifiIconId=0x7f0202fc/com.android.systemui:drawable/stat_sys_wifi_signal_3 mQSWifiIconId=0x7f0200cd/com.android.systemui:drawable/ic_qs_wifi_3 mWifiActivityIconId=0x7f0202d0/com.android.systemui:drawable/stat_sys_signal_inout mBluetoothTetherIconId=0x7f0202dd/com.android.systemui:drawable/stat_sys_tether_bluetooth
08-23 09:21:33.952: D/STATUSBAR-WifiQuickSettingButton(3275): onWifiSignalChanged enabled=true enabledDesc:"grilstadwlan"
08-23 09:21:34.002: I/SBrowserParent(5919): padding = 0
08-23 09:21:34.002: I/SBrowserParent(5919): bottomBarVisibility = 0
08-23 09:21:34.002: I/SBrowserParent(5919): main activity status = RESUMED
08-23 09:21:34.032: D/EnterpriseController(2510): mIsMarkChainAdded is 0 mIsBlockChainAdded is 0 netId is 0
08-23 09:21:34.032: D/Netd(2510): getNetworkForDns: using netid 511 for uid 10081
08-23 09:21:34.032: D/EnterpriseController(2510): mIsMarkChainAdded is 0 mIsBlockChainAdded is 0 netId is 0
08-23 09:21:34.032: D/Netd(2510): getNetworkForDns: using netid 511 for uid 10081
08-23 09:21:34.052: I/chromium(17164): [INFO:FrameLoaderClientImpl.cpp(533)] FrameLoaderClientImpl::progressEstimateChanged progressEstimate:: 0.58506
08-23 09:21:34.062: D/PersonaManager(2925): getFocusedUser
08-23 09:21:34.062: D/PersonaManagerService(2925): getFocusedUser: current uesr id is 0
08-23 09:21:34.062: I/SurfaceFlinger(2503): id=394 Removed RtActivity (4/11)
08-23 09:21:34.062: V/WindowManager(2925): findFocusedWindow: Found new focus @ 9 = Window{befaa18 u0 com.sec.android.app.sbrowser/com.sec.android.app.sbrowser.SBrowserMainActivity}
08-23 09:21:34.062: I/SurfaceFlinger(2503): id=395 Removed TurfaceView (3/10)
08-23 09:21:34.062: I/SurfaceFlinger(2503): id=394 Removed RtActivity (-2/10)
08-23 09:21:34.062: I/SurfaceFlinger(2503): id=395 Removed TurfaceView (-2/10)
08-23 09:21:34.062: D/PersonaManager(2925): getFocusedUser
08-23 09:21:34.062: D/PersonaManagerService(2925): getFocusedUser: current uesr id is 0
08-23 09:21:34.072: I/Timeline(2925): Timeline: Activity_windows_visible id: ActivityRecord{3fc2919 u0 com.sec.android.app.sbrowser/.SBrowserMainActivity t81} time:40157401
08-23 09:21:34.072: D/CustomFrequencyManagerService(2925): releaseDVFSLockLocked : Getting Lock type frm List : DVFS_MIN_LIMIT frequency : 1248000 uid : 1000 pid : 2925 tag : ACTIVITY_RESUME_BOOSTER@4
08-23 09:21:34.072: W/ActivityManager(2925): mDVFSHelper.release()
08-23 09:21:34.072: I/chromium(17164): [INFO:FrameLoaderClientImpl.cpp(533)] FrameLoaderClientImpl::progressEstimateChanged progressEstimate:: 0.619083
08-23 09:21:34.072: I/chromium(17164): [INFO:FrameLoaderClientImpl.cpp(533)] FrameLoaderClientImpl::progressEstimateChanged progressEstimate:: 0.723066
08-23 09:21:34.072: D/CustomFrequencyManagerService(2925): acquireDVFSLockLocked : type : DVFS_MIN_LIMIT frequency : 832000 uid : 1000 pid : 2925 pkgName : ACTIVITY_RESUME_BOOSTER@10
08-23 09:21:34.072: I/chromium(17164): [INFO:FrameLoaderClientImpl.cpp(533)] FrameLoaderClientImpl::progressEstimateChanged progressEstimate:: 0.744026
08-23 09:21:34.072: I/chromium(17164): [INFO:FrameLoaderClientImpl.cpp(533)] FrameLoaderClientImpl::progressEstimateChanged progressEstimate:: 0.796017
08-23 09:21:34.072: I/chromium(17164): [INFO:FrameLoaderClientImpl.cpp(533)] FrameLoaderClientImpl::progressEstimateChanged progressEstimate:: 0.848009
08-23 09:21:34.072: D/EnterpriseController(2510): mIsMarkChainAdded is 0 mIsBlockChainAdded is 0 netId is 0
08-23 09:21:34.072: D/Netd(2510): getNetworkForDns: using netid 511 for uid 10081
08-23 09:21:34.082: D/EnterpriseController(2510): mIsMarkChainAdded is 0 mIsBlockChainAdded is 0 netId is 0
08-23 09:21:34.082: D/Netd(2510): getNetworkForDns: using netid 511 for uid 10081
08-23 09:21:34.082: D/EnterpriseController(2510): mIsMarkChainAdded is 0 mIsBlockChainAdded is 0 netId is 0
08-23 09:21:34.082: D/Netd(2510): getNetworkForDns: using netid 511 for uid 10081
08-23 09:21:34.092: D/PersonaManager(2925): getFocusedUser
08-23 09:21:34.092: D/PersonaManagerService(2925): getFocusedUser: current uesr id is 0
08-23 09:21:34.092: D/EnterpriseController(2510): mIsMarkChainAdded is 0 mIsBlockChainAdded is 0 netId is 0
08-23 09:21:34.092: D/Netd(2510): getNetworkForDns: using netid 511 for uid 10081
08-23 09:21:34.092: D/EnterpriseController(2510): mIsMarkChainAdded is 0 mIsBlockChainAdded is 0 netId is 0
08-23 09:21:34.092: D/Netd(2510): getNetworkForDns: using netid 511 for uid 10081
08-23 09:21:34.092: D/EnterpriseController(2510): mIsMarkChainAdded is 0 mIsBlockChainAdded is 0 netId is 0
08-23 09:21:34.092: D/Netd(2510): getNetworkForDns: using netid 511 for uid 10081
08-23 09:21:34.102: E/BufferQueueProducer(2503): [SurfaceView] cancelBuffer: BufferQueue has been abandoned
08-23 09:21:34.102: D/libEGL(17132): glFinish();
08-23 09:21:34.112: D/EnterpriseController(2510): mIsMarkChainAdded is 0 mIsBlockChainAdded is 0 netId is 0
08-23 09:21:34.112: D/Netd(2510): getNetworkForDns: using netid 511 for uid 10081
08-23 09:21:34.122: D/EnterpriseController(2510): mIsMarkChainAdded is 0 mIsBlockChainAdded is 0 netId is 0
08-23 09:21:34.122: D/Netd(2510): getNetworkForDns: using netid 511 for uid 10081
08-23 09:21:34.122: D/EnterpriseController(2510): mIsMarkChainAdded is 0 mIsBlockChainAdded is 0 netId is 0
08-23 09:21:34.122: D/Netd(2510): getNetworkForDns: using netid 511 for uid 10081
08-23 09:21:34.132: W/ResourceType(3275): No package identifier when getting value for resource number 0x00000000
08-23 09:21:34.132: W/ResourcesManager(3275): getTopLevelResources: null for user 0
08-23 09:21:34.132: W/PackageManager(3275): Failure retrieving resources for org.qtproject.example.helloworld3: Resource ID #0x0
08-23 09:21:34.132: W/ResourcesManager(3275): getTopLevelResources: null for user 0
08-23 09:21:34.132: W/ResourceType(3275): No package identifier when getting value for resource number 0x00000000
08-23 09:21:34.132: W/PackageManager(3275): Failure retrieving resources for org.qtproject.example.helloworld3: Resource ID #0x0
08-23 09:21:34.152: I/SBrowserParent(5919): padding = 0
08-23 09:21:34.152: I/SBrowserParent(5919): bottomBarVisibility = 0
08-23 09:21:34.152: I/SBrowserParent(5919): main activity status = RESUMED
08-23 09:21:34.172: I/chromium(17164): [INFO:FrameLoaderClientImpl.cpp(533)] FrameLoaderClientImpl::progressEstimateChanged progressEstimate:: 0.869741
08-23 09:21:34.172: I/chromium(17164): [INFO:FrameLoaderClientImpl.cpp(533)] FrameLoaderClientImpl::progressEstimateChanged progressEstimate:: 0.889914
08-23 09:21:34.182: D/EnterpriseController(2510): mIsMarkChainAdded is 0 mIsBlockChainAdded is 0 netId is 0
08-23 09:21:34.182: D/Netd(2510): getNetworkForDns: using netid 511 for uid 10081
08-23 09:21:34.182: D/EnterpriseController(2510): mIsMarkChainAdded is 0 mIsBlockChainAdded is 0 netId is 0
08-23 09:21:34.182: D/Netd(2510): getNetworkForDns: using netid 511 for uid 10081
08-23 09:21:34.182: I/chromium(17164): [INFO:FrameLoaderClientImpl.cpp(533)] FrameLoaderClientImpl::progressEstimateChanged progressEstimate:: 1
08-23 09:21:34.182: I/chromium(17164): [INFO:FrameLoaderClientImpl.cpp(540)] FrameLoaderClientImpl::didStopLoading called
08-23 09:21:34.182: I/chromium(17164): [INFO:FrameLoaderClientImpl.cpp(449)] [APP_LAUNCH] FrameLoaderClientImpl::dispatchDidFinishLoad called
08-23 09:21:34.182: D/REFRESH_ICON(5919): ToolBArBaseUi --> updateButtonStatus()
08-23 09:21:34.182: D/REFRESH_ICON(5919): LocationBar -> updateReloadVisibility()
08-23 09:21:34.182: D/EnterpriseController(2510): mIsMarkChainAdded is 0 mIsBlockChainAdded is 0 netId is 0
08-23 09:21:34.182: D/REFRESH_ICON(5919): LocationBar -> setDeleteVisibility() : isShowingInterstitialPage = false, isLoading = true, EmptyUrl = false
08-23 09:21:34.182: D/Netd(2510): getNetworkForDns: using netid 511 for uid 10081
08-23 09:21:34.182: D/REFRESH_ICON(5919): ToolBArBaseUi --> updateButtonStatus()
08-23 09:21:34.182: D/REFRESH_ICON(5919): LocationBar -> updateReloadVisibility()
08-23 09:21:34.182: D/REFRESH_ICON(5919): LocationBar -> setDeleteVisibility() : isShowingInterstitialPage = false, isLoading = true, EmptyUrl = false
08-23 09:21:34.182: I/VerificationLog(5919): onPageLoadFinished, start
08-23 09:21:34.182: D/LocationBar.java(5919): updateLoadingState
08-23 09:21:34.182: I/VerificationLog(5919): Calling setUrlToPageUrl in ToolbarBaseUi - start
08-23 09:21:34.182: I/VerificationLog(5919): handleQuickLaunchURL- stop
08-23 09:21:34.182: D/MainActivityController(5919): showQuickAccessView overdrawbottomheight:0
08-23 09:21:34.182: I/QuickAccessController(5919): showQuickAccessView : show = false, animation = false
08-23 09:21:34.182: I/VerificationLog(5919): handleQuickLaunchURL- stop
08-23 09:21:34.182: D/MainActivityController(5919): showQuickAccessView overdrawbottomheight:0
08-23 09:21:34.182: I/QuickAccessController(5919): showQuickAccessView : show = false, animation = false
08-23 09:21:34.182: D/EnterpriseController(2510): mIsMarkChainAdded is 0 mIsBlockChainAdded is 0 netId is 0
08-23 09:21:34.182: D/Netd(2510): getNetworkForDns: using netid 511 for uid 10081
08-23 09:21:34.182: I/VerificationLog(5919): Calling setUrlToPageUrl in ToolbarBaseUi - stop
08-23 09:21:34.182: D/REFRESH_ICON(5919): ToolBArBaseUi --> updateButtonStatus()
08-23 09:21:34.182: D/REFRESH_ICON(5919): LocationBar -> updateReloadVisibility()
08-23 09:21:34.182: D/REFRESH_ICON(5919): LocationBar -> setReloadVisibility(), Flow is normal
08-23 09:21:34.182: D/SBrowserMobileApplication(5919): getTabManagerByContextID key =com.sec.android.app.sbrowser.SBrowserMainActivity@1d0e2821 value=com.sec.android.app.sbrowser.tabmodel.sbr.TabManager@29b06607
08-23 09:21:34.182: D/REFRESH_ICON(5919): LocationBar -> updateReloadVisibility()
08-23 09:21:34.182: D/REFRESH_ICON(5919): LocationBar -> setReloadVisibility(), Flow is normal
08-23 09:21:34.182: D/REFRESH_ICON(5919): ToolBArBaseUi --> updateButtonStatus()
08-23 09:21:34.182: D/REFRESH_ICON(5919): LocationBar -> updateReloadVisibility()
08-23 09:21:34.182: D/REFRESH_ICON(5919): LocationBar -> setReloadVisibility(), Flow is normal
08-23 09:21:34.192: I/VerificationLog(5919): onPageLoadFinished, Executed
08-23 09:21:34.192: D/ToolBarUITranslations(5919): UIComposition: onPageLoadFinish
08-23 09:21:34.192: D/EnterpriseController(2510): mIsMarkChainAdded is 0 mIsBlockChainAdded is 0 netId is 0
08-23 09:21:34.192: D/Netd(2510): getNetworkForDns: using netid 511 for uid 10081
08-23 09:21:34.192: I/chromium(17164): [INFO:render_frame_impl.cc(2323)] Found libsbrowser rx section. Trying to madvise start: 1417105408 end: 1438576640
08-23 09:21:34.192: I/SBrowserParent(5919): padding = 0
08-23 09:21:34.192: I/SBrowserParent(5919): bottomBarVisibility = 0
08-23 09:21:34.192: I/SBrowserParent(5919): main activity status = RESUMED
08-23 09:21:34.192: D/Tab(5919): onLoadStopped
08-23 09:21:34.192: D/Tab(5919): didStopLoading
08-23 09:21:34.192: I/chromium(5919): [INFO:web_contents_impl.cc(2784)] WebContentsImpl::OnDidFinishLoad 0xac660f88 ++
08-23 09:21:34.192: D/[APP_LAUNCH] Tab(5919): didFinishLoad frameId(1)isMainFrame = true
08-23 09:21:34.192: D/Tab(5919): didFinishLoad tabId = 5 Tab = com.sec.android.app.sbrowser.tab.Tab@261fe1bb webcontents = org.chromium.content.browser.webcontents.WebContentsImpl@3aad4495 ContentViewCore = com.sec.chromium.content.browser.SbrContentViewCore@3fc46d8
08-23 09:21:34.192: V/Tab(5919): doStopLoading
08-23 09:21:34.202: D/EnterpriseController(2510): mIsMarkChainAdded is 0 mIsBlockChainAdded is 0 netId is 0
08-23 09:21:34.202: D/Netd(2510): getNetworkForDns: using netid 511 for uid 10081
08-23 09:21:34.202: D/MainActivityController(5919): ManifestManager onPageLoadCompleted.
08-23 09:21:34.202: I/SecAPI(5919): CFM method_sendCommandToSsrm.invoke
08-23 09:21:34.202: I/GATE(5919): DEV_ACTION_COMPLETED
08-23 09:21:34.202: D/SBrowserMobileApplication(5919): getTabManagerByContextID key =com.sec.android.app.sbrowser.SBrowserMainActivity@1d0e2821 value=com.sec.android.app.sbrowser.tabmodel.sbr.TabManager@29b06607
08-23 09:21:34.202: I/chromium(5919): [INFO:web_contents_impl.cc(2817)] [APP_LAUNCH] OnDidFinishLoad - calling Tab: didFinishLoad isMainFrame=1
08-23 09:21:34.202: I/chromium(5919): [INFO:web_contents_impl.cc(2822)] WebContentsImpl::OnDidFinishLoad 0xac660f88 --
08-23 09:21:34.202: D/APP_LAUNCH(5919): ToolBarController --> onPageLoadFinished()
08-23 09:21:34.202: I/VerificationLog(5919): onPageLoadFinished, start
08-23 09:21:34.202: D/LocationBar.java(5919): updateLoadingState
08-23 09:21:34.202: I/VerificationLog(5919): Calling setUrlToPageUrl in ToolbarBaseUi - start
08-23 09:21:34.202: I/VerificationLog(5919): handleQuickLaunchURL- stop
08-23 09:21:34.202: D/MainActivityController(5919): showQuickAccessView overdrawbottomheight:0
08-23 09:21:34.202: I/QuickAccessController(5919): showQuickAccessView : show = false, animation = false
08-23 09:21:34.202: I/VerificationLog(5919): handleQuickLaunchURL- stop
08-23 09:21:34.202: D/MainActivityController(5919): showQuickAccessView overdrawbottomheight:0
08-23 09:21:34.202: I/QuickAccessController(5919): showQuickAccessView : show = false, animation = false
08-23 09:21:34.202: D/SBrowserMobileApplication(5919): getTabManagerByContextID key =com.sec.android.app.sbrowser.SBrowserMainActivity@1d0e2821 value=com.sec.android.app.sbrowser.tabmodel.sbr.TabManager@29b06607
08-23 09:21:34.202: I/VerificationLog(5919): Calling setUrlToPageUrl in ToolbarBaseUi - stop
08-23 09:21:34.202: D/REFRESH_ICON(5919): ToolBArBaseUi --> updateButtonStatus()
08-23 09:21:34.202: D/REFRESH_ICON(5919): LocationBar -> updateReloadVisibility()
08-23 09:21:34.202: D/REFRESH_ICON(5919): LocationBar -> setReloadVisibility(), Flow is normal
08-23 09:21:34.212: D/SBrowserMobileApplication(5919): getTabManagerByContextID key =com.sec.android.app.sbrowser.SBrowserMainActivity@1d0e2821 value=com.sec.android.app.sbrowser.tabmodel.sbr.TabManager@29b06607
08-23 09:21:34.212: D/REFRESH_ICON(5919): LocationBar -> updateReloadVisibility()
08-23 09:21:34.212: D/REFRESH_ICON(5919): LocationBar -> setReloadVisibility(), Flow is normal
08-23 09:21:34.212: D/REFRESH_ICON(5919): ToolBArBaseUi --> updateButtonStatus()
08-23 09:21:34.212: D/REFRESH_ICON(5919): LocationBar -> updateReloadVisibility()
08-23 09:21:34.212: D/REFRESH_ICON(5919): LocationBar -> setReloadVisibility(), Flow is normal
08-23 09:21:34.212: I/chromium(5987): [INFO:FrameLoaderClientImpl.cpp(533)] FrameLoaderClientImpl::progressEstimateChanged progressEstimate:: 0.498457
08-23 09:21:34.212: I/VerificationLog(5919): onPageLoadFinished, Executed
08-23 09:21:34.212: D/Tab(5919): onFavIconUpdateForCurrentTab for id: 4
08-23 09:21:34.212: D/Tab(5919): processFaviconUpdationPostPageLoadFinish for id: 5
08-23 09:21:34.212: D/Tab(5919): updateFavIconForSync for id: 5
08-23 09:21:34.222: D/SbrIconFetcher(5919): onFaviconAvailable - adding to Bitmap Cache
08-23 09:21:34.222: I/ImageCache(5919): ImageCache :: addBitmapToCache - key ::: 720ec1d4bf326e652b4c9861f6a4f88c
08-23 09:21:34.222: I/SBrowserParent(5919): padding = 0
08-23 09:21:34.222: I/SBrowserParent(5919): bottomBarVisibility = 0
08-23 09:21:34.222: I/SBrowserParent(5919): main activity status = RESUMED
08-23 09:21:34.232: I/chromium(5919): [INFO:manifest_manager_host.cc(65)] ManifestManagerHost::GetManifest Manifest link doesn't exist
08-23 09:21:34.232: I/chromium(5919): [INFO:sbr_manifest_parser.cc(91)] Manifest file is not existed.
08-23 09:21:34.232: D/Tab(5919): updateFavIconForSync for id: 5
08-23 09:21:34.232: D/SbrIconFetcher(5919): onFaviconAvailable - adding to Bitmap Cache
08-23 09:21:34.262: I/ImageCache(5919): ImageCache :: addBitmapToCache - key ::: 768b07263e427b54cac42c95ea62fd7a
08-23 09:21:34.282: I/ImageCache(5919): ImageCache :: addBitmapToCache - key ::: e1c610ec356022c13ffea115072e2ab1
08-23 09:21:34.302: I/ImageCache(5919): ImageCache :: addBitmapToCache - key ::: 720ec1d4bf326e652b4c9861f6a4f88c
08-23 09:21:34.302: I/ImageCache(5919): ImageCache :: addBitmapToCache - key ::: e1c610ec356022c13ffea115072e2ab1
08-23 09:21:34.372: D/CustomFrequencyManagerService(2925): releaseDVFSLockLocked : Getting Lock type frm List : DVFS_MIN_LIMIT frequency : 832000 uid : 1000 pid : 2925 tag : ACTIVITY_RESUME_BOOSTER@10
08-23 09:21:34.522: I/chromium(5987): [INFO:FrameView.cpp(838)] FrameView::LAYOUT
08-23 09:21:34.592: I/chromium(5987): [INFO:FrameLoader.cpp(1167)] History FrameLoader::restoreScrollPositionAndViewState() FrameScrollOffset 0 0 0
08-23 09:21:34.592: I/chromium(5987): [INFO:FrameLoader.cpp(1205)] History FrameLoader::restoreScrollPositionAndViewState() END!!
08-23 09:21:34.612: I/chromium(5987): [INFO:FrameView.cpp(838)] FrameView::LAYOUT
08-23 09:21:34.612: I/chromium(5987): [INFO:FrameLoader.cpp(1167)] History FrameLoader::restoreScrollPositionAndViewState() FrameScrollOffset 0 0 0
08-23 09:21:34.612: I/chromium(5987): [INFO:FrameLoader.cpp(1205)] History FrameLoader::restoreScrollPositionAndViewState() END!!
08-23 09:21:34.702: V/Tab(5919): executReaderDetectionLogic() called
08-23 09:21:34.702: E/ReaderDetection(5919): Simple Native recognition is activated!!!
08-23 09:21:34.712: I/chromium(5987): [INFO:FrameLoaderClientImpl.cpp(533)] FrameLoaderClientImpl::progressEstimateChanged progressEstimate:: 0.555207
08-23 09:21:34.712: D/EnterpriseController(2510): mIsMarkChainAdded is 0 mIsBlockChainAdded is 0 netId is 0
08-23 09:21:34.712: D/Netd(2510): getNetworkForDns: using netid 511 for uid 10081
08-23 09:21:34.712: D/EnterpriseController(2510): mIsMarkChainAdded is 0 mIsBlockChainAdded is 0 netId is 0
08-23 09:21:34.712: D/Netd(2510): getNetworkForDns: using netid 511 for uid 10081
08-23 09:21:34.712: I/chromium(17164): [INFO:render_view_impl.cc(4730)] recognizeArticle native Time : 0.069ms
08-23 09:21:34.712: D/Tab(5919): onRecognizeArticleResult :: isArticle = false
08-23 09:21:34.712: D/ReaderDetection(5919): onRecognizeArticleResult :: isArticle = false
08-23 09:21:34.712: D/EnterpriseController(2510): mIsMarkChainAdded is 0 mIsBlockChainAdded is 0 netId is 0
08-23 09:21:34.712: D/Netd(2510): getNetworkForDns: using netid 511 for uid 10081
08-23 09:21:34.722: D/EnterpriseController(2510): mIsMarkChainAdded is 0 mIsBlockChainAdded is 0 netId is 0
08-23 09:21:34.722: I/chromium(5987): [INFO:FrameLoaderClientImpl.cpp(533)] FrameLoaderClientImpl::progressEstimateChanged progressEstimate:: 0.580434
08-23 09:21:34.722: D/Netd(2510): getNetworkForDns: using netid 511 for uid 10081
08-23 09:21:34.722: D/EnterpriseController(2510): mIsMarkChainAdded is 0 mIsBlockChainAdded is 0 netId is 0
08-23 09:21:34.722: D/Netd(2510): getNetworkForDns: using netid 511 for uid 10081
08-23 09:21:34.722: I/chromium(5987): [INFO:FrameLoaderClientImpl.cpp(533)] FrameLoaderClientImpl::progressEstimateChanged progressEstimate:: 0.605004
08-23 09:21:34.722: I/chromium(5987): [INFO:FrameLoaderClientImpl.cpp(533)] FrameLoaderClientImpl::progressEstimateChanged progressEstimate:: 0.63958
08-23 09:21:34.722: D/EnterpriseController(2510): mIsMarkChainAdded is 0 mIsBlockChainAdded is 0 netId is 0
08-23 09:21:34.722: D/Netd(2510): getNetworkForDns: using netid 511 for uid 10081
08-23 09:21:34.722: I/chromium(5987): [INFO:FrameLoaderClientImpl.cpp(533)] FrameLoaderClientImpl::progressEstimateChanged progressEstimate:: 0.66263
08-23 09:21:34.722: D/EnterpriseController(2510): mIsMarkChainAdded is 0 mIsBlockChainAdded is 0 netId is 0
08-23 09:21:34.722: D/Netd(2510): getNetworkForDns: using netid 511 for uid 10081
08-23 09:21:34.722: D/EnterpriseController(2510): mIsMarkChainAdded is 0 mIsBlockChainAdded is 0 netId is 0
08-23 09:21:34.722: D/Netd(2510): getNetworkForDns: using netid 511 for uid 10081
08-23 09:21:34.732: I/chromium(5987): [INFO:FrameLoaderClientImpl.cpp(533)] FrameLoaderClientImpl::progressEstimateChanged progressEstimate:: 0.712827
08-23 09:21:34.732: I/chromium(5987): [INFO:FrameLoaderClientImpl.cpp(533)] FrameLoaderClientImpl::progressEstimateChanged progressEstimate:: 0.746626
08-23 09:21:34.732: D/EnterpriseController(2510): mIsMarkChainAdded is 0 mIsBlockChainAdded is 0 netId is 0
08-23 09:21:34.732: D/Netd(2510): getNetworkForDns: using netid 511 for uid 10081
08-23 09:21:34.732: I/chromium(5987): [INFO:FrameLoaderClientImpl.cpp(533)] FrameLoaderClientImpl::progressEstimateChanged progressEstimate:: 0.804251
08-23 09:21:34.732: D/EnterpriseController(2510): mIsMarkChainAdded is 0 mIsBlockChainAdded is 0 netId is 0
08-23 09:21:34.732: D/Netd(2510): getNetworkForDns: using netid 511 for uid 10081
08-23 09:21:34.732: D/EnterpriseController(2510): mIsMarkChainAdded is 0 mIsBlockChainAdded is 0 netId is 0
08-23 09:21:34.732: D/Netd(2510): getNetworkForDns: using netid 511 for uid 10081
08-23 09:21:34.732: D/EnterpriseController(2510): mIsMarkChainAdded is 0 mIsBlockChainAdded is 0 netId is 0
08-23 09:21:34.732: D/Netd(2510): getNetworkForDns: using netid 511 for uid 10081
08-23 09:21:34.732: D/EnterpriseController(2510): mIsMarkChainAdded is 0 mIsBlockChainAdded is 0 netId is 0
08-23 09:21:34.732: D/Netd(2510): getNetworkForDns: using netid 511 for uid 10081
08-23 09:21:34.742: D/EnterpriseController(2510): mIsMarkChainAdded is 0 mIsBlockChainAdded is 0 netId is 0
08-23 09:21:34.742: D/Netd(2510): getNetworkForDns: using netid 511 for uid 10081
08-23 09:21:34.742: D/EnterpriseController(2510): mIsMarkChainAdded is 0 mIsBlockChainAdded is 0 netId is 0
08-23 09:21:34.742: D/Netd(2510): getNetworkForDns: using netid 511 for uid 10081
08-23 09:21:34.752: I/chromium(5987): [INFO:FrameLoader.cpp(1167)] History FrameLoader::restoreScrollPositionAndViewState() FrameScrollOffset 0 0 0
08-23 09:21:34.752: I/chromium(5987): [INFO:FrameLoader.cpp(1205)] History FrameLoader::restoreScrollPositionAndViewState() END!!
08-23 09:21:34.752: I/chromium(5987): [INFO:FrameLoaderClientImpl.cpp(533)] FrameLoaderClientImpl::progressEstimateChanged progressEstimate:: 1
08-23 09:21:34.752: I/chromium(5987): [INFO:FrameLoaderClientImpl.cpp(540)] FrameLoaderClientImpl::didStopLoading called
08-23 09:21:34.752: I/chromium(5987): [INFO:FrameLoaderClientImpl.cpp(449)] [APP_LAUNCH] FrameLoaderClientImpl::dispatchDidFinishLoad called
08-23 09:21:34.752: D/Tab(5919): onLoadStopped
08-23 09:21:34.752: D/Tab(5919): didStopLoading
08-23 09:21:34.752: I/chromium(5919): [INFO:web_contents_impl.cc(2784)] WebContentsImpl::OnDidFinishLoad 0xabe91790 ++
08-23 09:21:34.752: D/[APP_LAUNCH] Tab(5919): didFinishLoad frameId(1)isMainFrame = true
08-23 09:21:34.752: D/Tab(5919): didFinishLoad tabId = 1 Tab = com.sec.android.app.sbrowser.tab.Tab@1015db9b webcontents = org.chromium.content.browser.webcontents.WebContentsImpl@2246c055 ContentViewCore = com.sec.chromium.content.browser.SbrContentViewCore@e6d4076
08-23 09:21:34.752: V/Tab(5919): doStopLoading
08-23 09:21:34.752: D/MainActivityController(5919): ManifestManager onPageLoadCompleted.
08-23 09:21:34.752: I/SecAPI(5919): CFM method_sendCommandToSsrm.invoke
08-23 09:21:34.752: I/GATE(5919): DEV_ACTION_COMPLETED
08-23 09:21:34.752: D/SBrowserMobileApplication(5919): getTabManagerByContextID key =com.sec.android.app.sbrowser.SBrowserMainActivity@1d0e2821 value=com.sec.android.app.sbrowser.tabmodel.sbr.TabManager@29b06607
08-23 09:21:34.762: I/chromium(5919): [INFO:web_contents_impl.cc(2817)] [APP_LAUNCH] OnDidFinishLoad - calling Tab: didFinishLoad isMainFrame=1
08-23 09:21:34.762: I/chromium(5919): [INFO:web_contents_impl.cc(2822)] WebContentsImpl::OnDidFinishLoad 0xabe91790 --
08-23 09:21:34.762: D/SbrIconFetcher(5919): onFaviconAvailable - adding to Bitmap Cache
08-23 09:21:34.762: I/ImageCache(5919): ImageCache :: addBitmapToCache - key ::: 1700b04df649d5facd3537c9d4e22ae9
08-23 09:21:34.762: I/chromium(5919): [INFO:manifest_manager_host.cc(65)] ManifestManagerHost::GetManifest Manifest link doesn't exist
08-23 09:21:34.762: I/chromium(5919): [INFO:sbr_manifest_parser.cc(91)] Manifest file is not existed.
08-23 09:21:34.772: V/Tab(5919): executReaderDetectionLogic() called
08-23 09:21:34.772: E/ReaderDetection(5919): Simple Native recognition is activated!!!
08-23 09:21:34.792: E/Watchdog(2925): !@Sync 1338 [08-23 09:21:34.796]
08-23 09:21:34.792: E/chromium(17164): [ERROR:GeoNotifier.cpp(41)] GeoNotifier::setFatalError Fatal Error(1: User denied Geolocation) occurs
08-23 09:21:34.962: I/chromium(5987): [INFO:render_view_impl.cc(4730)] recognizeArticle native Time : 0.051ms
08-23 09:21:34.962: D/Tab(5919): onRecognizeArticleResult :: isArticle = false
08-23 09:21:34.962: D/ReaderDetection(5919): onRecognizeArticleResult :: isArticle = false
08-23 09:21:34.962: D/EnterpriseController(2510): mIsMarkChainAdded is 0 mIsBlockChainAdded is 0 netId is 0
08-23 09:21:34.962: D/Netd(2510): getNetworkForDns: using netid 511 for uid 10081
08-23 09:21:34.982: D/StatusBar.NetworkController(3275): refreshViews connected={ wifi } level=3 combinedSignalIconId=0x7f0202ff/com.android.systemui:drawable/stat_sys_wifi_signal_4 mobileLabel=ice.net wifiLabel="grilstadwlan" emergencyOnly=false combinedLabel="grilstadwlan" mAirplaneMode=false mDataActivity=0 mPhoneSignalIconId=0x7f0202b5/com.android.systemui:drawable/stat_sys_signal_3_auto_rotate mQSPhoneSignalIconId=0x7f0200b8/com.android.systemui:drawable/ic_qs_signal_3 mDataDirectionIconId=0x0/(null) mDataSignalIconId=0x7f0202b5/com.android.systemui:drawable/stat_sys_signal_3_auto_rotate mDataTypeIconId=0x7f0201fc/com.android.systemui:drawable/stat_sys_data_connected_4g mQSDataTypeIconId=0x7f0200bb/com.android.systemui:drawable/ic_qs_signal_4g mNoSimIconId=0x0/(null) mWifiIconId=0x7f0202ff/com.android.systemui:drawable/stat_sys_wifi_signal_4 mQSWifiIconId=0x7f0200ce/com.android.systemui:drawable/ic_qs_wifi_4 mWifiActivityIconId=0x7f0202d0/com.android.systemui:drawable/stat_sys_signal_inout mBluetoothTetherIconId=0x7f0202dd/com.android.systemui:drawable/stat_sys_tether_bluetooth
08-23 09:21:34.982: D/STATUSBAR-WifiQuickSettingButton(3275): onWifiSignalChanged enabled=true enabledDesc:"grilstadwlan"
08-23 09:21:35.072: D/EnterpriseController(2510): mIsMarkChainAdded is 0 mIsBlockChainAdded is 0 netId is 0
08-23 09:21:35.072: D/Netd(2510): getNetworkForDns: using netid 511 for uid 10081
08-23 09:21:35.072: D/EnterpriseController(2510): mIsMarkChainAdded is 0 mIsBlockChainAdded is 0 netId is 0
08-23 09:21:35.072: D/Netd(2510): getNetworkForDns: using netid 511 for uid 10081
08-23 09:21:35.082: D/InputReader(2925): Input event: value=1
08-23 09:21:35.082: I/InputDispatcher(2925): Delivering key to (5919): action: 0x0 (0)
08-23 09:21:35.262: I/TabBitmapBridge(5919): BITMAP_MANAGER_TAG capturing Software bitmap tab id=1
08-23 09:21:35.272: I/chromium(5987): [INFO:FrameView.cpp(2657)] FrameView::paintContents
08-23 09:21:35.302: D/SensorService(2925): [SO] 0.123 -0.219 9.724
08-23 09:21:35.332: I/chromium(5987): [INFO:render_view_impl.cc(4827)] [RenderViewImpl][OnCaptureRendererContentSnapShot] The size of the Bitmap before sending via IPC channel :: 1031040
08-23 09:21:35.362: D/InputReader(2925): Input event: value=0
08-23 09:21:35.362: I/InputDispatcher(2925): Delivering key to (5919): action: 0x1 (0)
08-23 09:21:35.362: D/Tab(5919): [SBRCHECK_ROTATE] bitmapAvailable - START
08-23 09:21:35.372: D/EnterpriseController(2510): mIsMarkChainAdded is 0 mIsBlockChainAdded is 0 netId is 0
08-23 09:21:35.372: D/Netd(2510): getNetworkForDns: using netid 511 for uid 10081
08-23 09:21:35.372: D/Tab(5919): [SBRCHECK_ROTATE] bitmapAvailable - END [mBitmapBridge != null]
08-23 09:21:35.372: I/BitmapCache(5919): BITMAP_MANAGER addBitmapToCache - key ::: 1
08-23 09:21:35.372: E/MainActivityController(5919): onBackPressed : FROM_EXTERNAL_APP
