08-23 09:21:35.372: E/MainActivityController(5919): moveSBrowserToBack() : called
08-23 09:21:35.372: D/PersonaManager(2925): getFocusedUser
08-23 09:21:35.372: I/ActivityManager(2925): moveTaskToBack: TaskRecord{163c7c13 #81 A=com.sec.android.app.sbrowser U=0 sz=1}
08-23 09:21:35.372: D/PersonaManagerService(2925): getFocusedUser: current uesr id is 0
08-23 09:21:35.372: V/WindowManager(2925): findFocusedWindow: No focusable windows.
08-23 09:21:35.372: D/PersonaManager(2925): getFocusedUser
08-23 09:21:35.372: V/WindowManager(2925): Changing focus from Window{befaa18 u0 com.sec.android.app.sbrowser/com.sec.android.app.sbrowser.SBrowserMainActivity} to null Callers=com.android.server.wm.WindowManagerService.moveStackWindowsLocked:5321 com.android.server.wm.WindowManagerService.moveStackWindowsLocked:5289 com.android.server.wm.WindowManagerService.moveTaskToBottom:5383 com.android.server.am.ActivityStack.moveTaskToBackLocked:3785
08-23 09:21:35.372: D/PersonaManagerService(2925): getFocusedUser: current uesr id is 0
08-23 09:21:35.372: D/WindowManager(2925): Input focus has changed to null
08-23 09:21:35.372: D/BitmapCache(5919): BITMAP_MANAGER writeToOutputStream Buffer is created
08-23 09:21:35.382: D/InputDispatcher(2925): Focus left window: 5919
08-23 09:21:35.382: I/WindowManager(2925): Focus moving from Window{befaa18 u0 com.sec.android.app.sbrowser/com.sec.android.app.sbrowser.SBrowserMainActivity} to null
08-23 09:21:35.382: I/WindowManager(2925): Losing focus: Window{befaa18 u0 com.sec.android.app.sbrowser/com.sec.android.app.sbrowser.SBrowserMainActivity}
08-23 09:21:35.392: D/ActivityManager(2925): Launching org.qtproject.example.helloworld3, updated priority
08-23 09:21:35.392: D/MainActivityController(5919): showQuickAccessView overdrawbottomheight:0
08-23 09:21:35.392: I/QuickAccessController(5919): showQuickAccessView : show = false, animation = false
08-23 09:21:35.392: I/VerificationLog(5919): onWindowFocusChanged, Start
08-23 09:21:35.392: I/VerificationLog(5919): onWindowFocusChanged, End
08-23 09:21:35.402: D/ToolBarUITranslations(5919): APPLOGS mToolbarBitmap bitmap getWidth() =480 getHeight() =84
08-23 09:21:35.402: D/ToolBarUITranslations(5919): UIComposition: setCompositableBitmaps() for ToolbarBitmap=android.graphics.Bitmap@2cf2d676 size [480, 84]
08-23 09:21:35.402: D/ToolBarUITranslations(5919): APPLOGS mBottomBarContainer getWidth() =480 getHeight() =72
08-23 09:21:35.402: D/ToolBarUITranslations(5919): APPLOGS mBottomBar getWidth() =480 getHeight() =72
08-23 09:21:35.402: D/ToolBarUITranslations(5919): APPLOGS mBottombarBitmap getWidth() =480 getHeight() =72
08-23 09:21:35.402: D/ToolBarUITranslations(5919): UIComposition: setCompositableBitmaps() for BottomBarBitmap=android.graphics.Bitmap@20ee113 size [480, 72]
08-23 09:21:35.402: D/ToolBarUITranslations(5919): captureToolbarBottomBarBitmaps() exit function
08-23 09:21:35.402: I/SBrowserMainActivity(5919): APPLOGS: onPause - obj=com.sec.android.app.sbrowser.SBrowserMainActivity@1d0e2821
08-23 09:21:35.402: V/SBrowserMainActivity(5919): setmDNIeUIMode() run
08-23 09:21:35.402: I/SBrowserMobileApplication(5919): Setting Instace: 1 State: PAUSED ID: 81
08-23 09:21:35.402: I/MainActivityController(5919): onPause instance counter = 1 mReusableLocalInstanceId = 1 Context ID = com.sec.android.app.sbrowser.SBrowserMainActivity@1d0e2821
08-23 09:21:35.412: D/ToolBarUITranslations(5919): updateMainActivityPauseState isPausedState = true
08-23 09:21:35.412: D/ToolBarUITranslations(5919): removePendingMessages clearing the pending messages
08-23 09:21:35.412: E/TabSaverRestorer(5919): tabSavedState
08-23 09:21:35.412: W/TabSaverRestorer(5919): tabSavedState saveListToFile called
08-23 09:21:35.412: E/TabSaverRestorer(5919): saveListToFile
08-23 09:21:35.412: W/TabSaverRestorer(5919): saveListToFile TAB_SAVED_STATE called
08-23 09:21:35.412: W/TabSaverRestorer(5919): saveListToFile dataOutputStream closed
08-23 09:21:35.412: I/TabSaverRestorer(5919): Writing mListTabMetaDatainstanceIndex: 1Size : 2
08-23 09:21:35.412: W/TabSaverRestorer(5919): saveTabListToFile TAB_LIST_SAVED_STATE called
08-23 09:21:35.412: V/SBrowserMainActivity(5919): setmDNIeUIMode(0) is set!!
08-23 09:21:35.412: W/TabSaverRestorer(5919): saveTabListToFile objectOutputStream closed
08-23 09:21:35.412: E/NFC(5919): isAndroidBeamAllowed - Begin
08-23 09:21:35.412: I/NFC(5919): showMsg is false
08-23 09:21:35.412: D/SSRM:a(2925): DeviceInfo:: 000000000000
08-23 09:21:35.412: D/SSRM:a(2925): SettingsAirViewInfo:: 000000000
08-23 09:21:35.422: D/SecContentProvider(2925): uri = 15 selection = isAndroidBeamAllowed
08-23 09:21:35.422: D/LocationBar.java(5919): APPLOGS - hideSuggestions()
08-23 09:21:35.422: D/ToolBarController(5919): APPLOGS - clearSuggestions() flag = true
08-23 09:21:35.422: V/MainActivityController(5919): deregisterDevicePolicyReceiver()
08-23 09:21:35.422: I/MainActivityController(5919): MainActivityController onPause -totalInstance-1
08-23 09:21:35.422: I/BitmapCache(5919): BITMAP_MANAGER addBitmapToCache - key ::: 1
08-23 09:21:35.422: D/CustomFrequencyManagerService(2925): acquireDVFSLockLocked : type : DVFS_MIN_LIMIT frequency : 832000 uid : 1000 pid : 2925 pkgName : ACTIVITY_RESUME_BOOSTER@4
08-23 09:21:35.422: W/ActivityManager(2925): mDVFSHelper.acquire()
08-23 09:21:35.422: D/BitmapCache(5919): BITMAP_MANAGER writeToOutputStream Buffer is created
08-23 09:21:35.422: D/DisplayManager(2925): addAllDisplaysLocked()
08-23 09:21:35.422: D/PowerManagerService(2925): setKeyboardVisibility: false
08-23 09:21:35.432: D/libEGL(17132): glFinish();
08-23 09:21:35.432: D/SSRM:a(2925): DeviceInfo:: 000000000000
08-23 09:21:35.432: D/libEGL(17132): glFinish();
08-23 09:21:35.432: D/SSRM:a(2925): SettingsAirViewInfo:: 000000000
08-23 09:21:35.432: D/BitmapModel(5919): BITMAP_MANAGER : notifyObservers tab id is =1
08-23 09:21:35.432: V/WindowManager(2925): Relayout Window{15696b5a u0 org.qtproject.example.helloworld3/org.qtproject.qt5.android.bindings.QtActivity}: viewVisibility=4 req=480x800 WM.LayoutParams{(0,0)(fillxfill) sim=#20 ty=1 fl=#1810100 fmt=-3 wanim=0x10303e2 surfaceInsets=Rect(0, 0 - 0, 0) needsMenuKey=2}
08-23 09:21:35.432: V/WindowManager(2925): findFocusedWindow: No focusable windows.
08-23 09:21:35.442: D/ActivityManager(2925): post active user change for 0 fullscreen true
08-23 09:21:35.442: D/KnoxTimeoutHandler(2925): postActiveUserChange for user 0
08-23 09:21:35.442: I/KnoxTimeoutHandler(2925): postActiveUserChange, showWhenLocked: false
08-23 09:21:35.442: D/KnoxTimeoutHandler(2925): handleActiveUserChange for user 0
08-23 09:21:35.442: E/EnterpriseSharedDevicePolicy(2925): isSharedDeviceEnabled
08-23 09:21:35.442: I/EnterpriseSharedDevicePolicy(2925): isSharedDeviceEnabled in Service
08-23 09:21:35.442: I/EnterpriseSharedDevicePolicy(2925): Get Result: -1
08-23 09:21:35.442: D/PersonaManagerService(2925): getPersonasForUser(): returning null!
08-23 09:21:35.442: I/EnterpriseSharedDevicePolicy(2925): status: false
08-23 09:21:35.442: I/KnoxTimeoutHandler(2925): Shared devices show user statefalse
08-23 09:21:35.452: V/WindowManager(2925): Relayout Window{187c1d14 u0 SurfaceView}: viewVisibility=0 req=480x764 WM.LayoutParams{(0,36)(480x764) gr=#800033 ty=1001 fl=#4218 pfl=0x40 fmt=1 surfaceInsets=Rect(0, 0 - 0, 0)}
08-23 09:21:35.462: I/SurfaceFlinger(2503): id=398 createSurf (480x764),1 flag=4, TurfaceView
08-23 09:21:35.462: V/WindowManager(2925): findFocusedWindow: No focusable windows.
08-23 09:21:35.462: D/SRIB_DBQ(17132): SurfaceView:updateWindow: viewRoot.sSVBufferCount=-1 mSVBufferCount=-1
08-23 09:21:35.462: W/libhelloworld3.so(17132): (null):0 ((null)): Can't find surface 1
08-23 09:21:35.462: V/WindowManager(2925): Relayout Window{15696b5a u0 org.qtproject.example.helloworld3/org.qtproject.qt5.android.bindings.QtActivity}: viewVisibility=0 req=480x800 WM.LayoutParams{(0,0)(fillxfill) sim=#20 ty=1 fl=#1810100 fmt=-3 wanim=0x10303e2 surfaceInsets=Rect(0, 0 - 0, 0) needsMenuKey=2}
08-23 09:21:35.472: D/EnterpriseController(2510): mIsMarkChainAdded is 0 mIsBlockChainAdded is 0 netId is 0
08-23 09:21:35.472: D/Netd(2510): getNetworkForDns: using netid 511 for uid 10081
08-23 09:21:35.472: I/SurfaceFlinger(2503): id=399 createSurf (480x800),1 flag=4, RtActivity
08-23 09:21:35.472: V/WindowManager(2925): findFocusedWindow: Found new focus @ 7 = Window{15696b5a u0 org.qtproject.example.helloworld3/org.qtproject.qt5.android.bindings.QtActivity}
08-23 09:21:35.472: D/PersonaManager(2925): getFocusedUser
08-23 09:21:35.472: V/WindowManager(2925): Changing focus from null to Window{15696b5a u0 org.qtproject.example.helloworld3/org.qtproject.qt5.android.bindings.QtActivity} Callers=com.android.server.wm.WindowManagerService.relayoutWindow:3348 com.android.server.wm.Session.relayout:197 android.view.IWindowSession$Stub.onTransact:273 com.android.server.wm.Session.onTransact:130
08-23 09:21:35.472: D/PersonaManagerService(2925): getFocusedUser: current uesr id is 0
08-23 09:21:35.472: D/WindowManager(2925): Input focus has changed to Window{15696b5a u0 org.qtproject.example.helloworld3/org.qtproject.qt5.android.bindings.QtActivity}
08-23 09:21:35.472: D/StatusBarManagerService(2925): manageDisableList userId=0 what=0x0 pkg=Window{15696b5a u0 org.qtproject.example.helloworld3/org.qtproject.qt5.android.bindings.QtActivity}
08-23 09:21:35.472: D/PersonaManager(2925): getFocusedUser
08-23 09:21:35.472: D/PersonaManagerService(2925): getFocusedUser: current uesr id is 0
08-23 09:21:35.472: D/InputDispatcher(2925): Focus entered window: 17132
08-23 09:21:35.472: I/WindowManager(2925): Focus moving from null to Window{15696b5a u0 org.qtproject.example.helloworld3/org.qtproject.qt5.android.bindings.QtActivity}
08-23 09:21:35.472: I/WindowManager(2925): Gaining focus: Window{15696b5a u0 org.qtproject.example.helloworld3/org.qtproject.qt5.android.bindings.QtActivity}
08-23 09:21:35.492: V/WindowManager(2925): Relayout Window{187c1d14 u0 SurfaceView}: viewVisibility=0 req=480x764 WM.LayoutParams{(0,36)(480x764) gr=#800033 ty=1001 fl=#4218 pfl=0x40 fmt=1 surfaceInsets=Rect(0, 0 - 0, 0)}
08-23 09:21:35.492: V/WindowManager(2925): findFocusedWindow: Found new focus @ 7 = Window{15696b5a u0 org.qtproject.example.helloworld3/org.qtproject.qt5.android.bindings.QtActivity}
08-23 09:21:35.492: D/PersonaManager(2925): getFocusedUser
08-23 09:21:35.492: D/PersonaManagerService(2925): getFocusedUser: current uesr id is 0
08-23 09:21:35.492: D/PersonaManager(2925): getFocusedUser
08-23 09:21:35.492: D/PersonaManagerService(2925): getFocusedUser: current uesr id is 0
08-23 09:21:35.502: V/WindowManager(2925): Relayout Window{187c1d14 u0 SurfaceView}: viewVisibility=8 req=480x764 WM.LayoutParams{(0,36)(480x764) gr=#800033 ty=1001 fl=#4218 pfl=0x40 fmt=1 surfaceInsets=Rect(0, 0 - 0, 0)}
08-23 09:21:35.502: V/WindowManager(2925): findFocusedWindow: Found new focus @ 7 = Window{15696b5a u0 org.qtproject.example.helloworld3/org.qtproject.qt5.android.bindings.QtActivity}
08-23 09:21:35.502: D/PersonaManager(2925): getFocusedUser
08-23 09:21:35.502: D/PersonaManagerService(2925): getFocusedUser: current uesr id is 0
08-23 09:21:35.502: W/libhelloworld3.so(17132): (null):0 ((null)): Can't find surface 1
08-23 09:21:35.502: V/WindowManager(2925): findFocusedWindow: Found new focus @ 7 = Window{15696b5a u0 org.qtproject.example.helloworld3/org.qtproject.qt5.android.bindings.QtActivity}
08-23 09:21:35.502: D/PersonaManager(2925): getFocusedUser
08-23 09:21:35.502: D/PersonaManagerService(2925): getFocusedUser: current uesr id is 0
08-23 09:21:35.502: D/InputMethodManagerService(2925): windowGainedFocus mCurrentFocusedUserId - 0 and mSecureKeypadEnabled-false
08-23 09:21:35.512: I/StatusBar(3275): Icon Only
08-23 09:21:35.512: W/IInputConnectionWrapper(5919): showStatusIcon on inactive InputConnection
08-23 09:21:35.512: V/WindowManager(2925): Relayout Window{15696b5a u0 org.qtproject.example.helloworld3/org.qtproject.qt5.android.bindings.QtActivity}: viewVisibility=0 req=480x800 WM.LayoutParams{(0,0)(fillxfill) sim=#20 ty=1 fl=#1810100 fmt=-3 wanim=0x10303e2 surfaceInsets=Rect(0, 0 - 0, 0) needsMenuKey=2}
08-23 09:21:35.512: D/PersonaManager(2925): getFocusedUser
08-23 09:21:35.512: D/PersonaManagerService(2925): getFocusedUser: current uesr id is 0
08-23 09:21:35.522: D/WindowManager(2925): addWindowToListInOrderLocked: win=Window{12d99eba u0 SurfaceView} Callers=com.android.server.wm.WindowManagerService.addWindow:2591 com.android.server.wm.Session.addToDisplayWithoutInputChannel:182 android.view.IWindowSession$Stub.onTransact:209 com.android.server.wm.Session.onTransact:130
08-23 09:21:35.522: V/WindowManager(2925): Relayout Window{12d99eba u0 SurfaceView}: viewVisibility=0 req=480x764 WM.LayoutParams{(0,36)(480x764) gr=#800033 ty=1001 fl=#4218 pfl=0x40 fmt=1 surfaceInsets=Rect(0, 0 - 0, 0)}
08-23 09:21:35.532: D/PanelView(3275): There is/are notification(s)
08-23 09:21:35.532: I/SurfaceFlinger(2503): id=400 createSurf (480x764),1 flag=4, TurfaceView
08-23 09:21:35.532: I/StatusBar(3275): Icon Only
08-23 09:21:35.532: V/WindowManager(2925): findFocusedWindow: Found new focus @ 8 = Window{15696b5a u0 org.qtproject.example.helloworld3/org.qtproject.qt5.android.bindings.QtActivity}
08-23 09:21:35.532: D/PersonaManager(2925): getFocusedUser
08-23 09:21:35.532: D/PersonaManagerService(2925): getFocusedUser: current uesr id is 0
08-23 09:21:35.532: D/PanelView(3275): There is/are notification(s)
08-23 09:21:35.532: D/SRIB_DBQ(17132): SurfaceView:updateWindow: viewRoot.sSVBufferCount=-1 mSVBufferCount=-1
08-23 09:21:35.532: D/PersonaManager(2925): getFocusedUser
08-23 09:21:35.532: D/PersonaManagerService(2925): getFocusedUser: current uesr id is 0
08-23 09:21:35.532: E/BufferQueueProducer(2503): [SurfaceView] setBufferCount: BufferQueue has been abandoned
08-23 09:21:35.532: E/Surface(17132): IGraphicBufferProducer::setBufferCount(0) returned No such device
08-23 09:21:35.542: A/libc(17132): heap corruption detected by dlmalloc_real
08-23 09:21:35.542: A/libc(17132): Fatal signal 6 (SIGABRT), code -6 in tid 17132 (ple.helloworld3)
08-23 09:21:35.652: I/DEBUG(2511): *** *** *** *** *** *** *** *** *** *** *** *** *** *** *** ***
08-23 09:21:35.652: I/DEBUG(2511): Build fingerprint: 'samsung/xcover3ltexx/xcover3lte:5.1.1/LMY48B/G388FXXU1BPD1:user/release-keys'
08-23 09:21:35.652: I/DEBUG(2511): Revision: '7'
08-23 09:21:35.652: I/DEBUG(2511): ABI: 'arm'
08-23 09:21:35.652: I/DEBUG(2511): pid: 17132, tid: 17132, name: ple.helloworld3 >>> org.qtproject.example.helloworld3 <<<
08-23 09:21:35.652: I/DEBUG(2511): signal 6 (SIGABRT), code -6 (SI_TKILL), fault addr --------
08-23 09:21:35.672: I/DEBUG(2511): Abort message: 'heap corruption detected by dlmalloc_real'
08-23 09:21:35.672: I/DEBUG(2511): r0 00000000 r1 000042ec r2 00000006 r3 00000000
08-23 09:21:35.672: I/DEBUG(2511): r4 4000fe38 r5 00000006 r6 0000000b r7 0000010c
08-23 09:21:35.672: I/DEBUG(2511): r8 00000004 r9 00000000 sl 0000000f fp 00000002
08-23 09:21:35.672: I/DEBUG(2511): ip 000042ec sp ffe79d20 lr 4015f1f9 pc 40185560 cpsr 600f0010
08-23 09:21:35.672: I/DEBUG(2511): backtrace:
08-23 09:21:35.672: I/DEBUG(2511): #00 pc 0003d560 /system/lib/libc.so (tgkill+12)
08-23 09:21:35.672: I/DEBUG(2511): #01 pc 000171f5 /system/lib/libc.so (pthread_kill+52)
08-23 09:21:35.672: I/DEBUG(2511): #02 pc 00017e13 /system/lib/libc.so (raise+10)
08-23 09:21:35.672: I/DEBUG(2511): #03 pc 00014691 /system/lib/libc.so (__libc_android_abort+36)
08-23 09:21:35.672: I/DEBUG(2511): #04 pc 00012500 /system/lib/libc.so (abort+4)
08-23 09:21:35.672: I/DEBUG(2511): #05 pc 000158e3 /system/lib/libc.so (__libc_fatal+16)
08-23 09:21:35.672: I/DEBUG(2511): #06 pc 00029f79 /system/lib/libc.so (__bionic_heap_corruption_error+8)
08-23 09:21:35.672: I/DEBUG(2511): #07 pc 0002b791 /system/lib/libc.so (dlmalloc_real+2948)
08-23 09:21:35.672: I/DEBUG(2511): #08 pc 00012297 /system/lib/libc.so (malloc+10)
08-23 09:21:35.672: I/DEBUG(2511): #09 pc 0000eeb9 /system/lib/libutils.so (_ZN7android12SharedBuffer5allocEj+28)
08-23 09:21:35.672: I/DEBUG(2511): #10 pc 000115cd /system/lib/libutils.so (_ZN7android10VectorImpl5_growEjj+124)
08-23 09:21:35.672: I/DEBUG(2511): #11 pc 000116cd /system/lib/libutils.so (_ZN7android10VectorImpl8insertAtEPKvjj+20)
08-23 09:21:35.672: I/DEBUG(2511): #12 pc 0002160d /system/lib/libhwui.so (_ZN7android10uirenderer19DisplayListRenderer19addOpAndUpdateChunkEPNS0_13DisplayListOpE+30)
08-23 09:21:35.672: I/DEBUG(2511): #13 pc 00021b83 /system/lib/libhwui.so (_ZN7android10uirenderer19DisplayListRenderer9addDrawOpEPNS0_6DrawOpE+62)
08-23 09:21:35.672: I/DEBUG(2511): #14 pc 000220cf /system/lib/libhwui.so (_ZN7android10uirenderer19DisplayListRenderer8drawRectEffffPK7SkPaint+62)
08-23 09:21:35.672: I/DEBUG(2511): #15 pc 00081f9d /system/lib/libandroid_runtime.so
08-23 09:21:35.672: I/DEBUG(2511): #16 pc 0084ed13 /system/framework/arm/boot.oat
08-23 09:21:35.692: D/EnterpriseController(2510): mIsMarkChainAdded is 0 mIsBlockChainAdded is 0 netId is 0
08-23 09:21:35.692: D/Netd(2510): getNetworkForDns: using netid 511 for uid 10081
08-23 09:21:35.712: D/EnterpriseController(2510): mIsMarkChainAdded is 0 mIsBlockChainAdded is 0 netId is 0
08-23 09:21:35.712: D/Netd(2510): getNetworkForDns: using netid 511 for uid 10081
08-23 09:21:35.752: D/EnterpriseController(2510): mIsMarkChainAdded is 0 mIsBlockChainAdded is 0 netId is 0
08-23 09:21:35.752: D/Netd(2510): getNetworkForDns: using netid 511 for uid 10081
08-23 09:21:35.892: D/TabManager(5919): closeTab 5
08-23 09:21:35.892: D/TabListWrapper(5919): on tab deleted notification to TabListWrapper tab id =5
08-23 09:21:35.892: D/BitmapManager(5919): BITMAP_MANAGER Inside getBitmap()
08-23 09:21:35.892: I/BitmapManager(5919): BITMAP_MANAGER getBitmap() FORCE_SYNC
08-23 09:21:35.892: W/TabSaverRestorer(5919): loadState deleteFile 1_tab5
08-23 09:21:35.932: V/SbrContentViewCore(5919): Returning the Bitmap
08-23 09:21:35.932: I/BitmapCache(5919): BITMAP_MANAGER addBitmapToCache - key ::: 5
08-23 09:21:35.932: D/BitmapCache(5919): BITMAP_MANAGER writeToOutputStream Buffer is created
08-23 09:21:35.932: V/SBrowserTabAnimationManager(5919): getCurrentTabBitmap completed
08-23 09:21:35.932: D/tabcount(5919): updateTabCountDisplay
08-23 09:21:35.932: D/tabcount(5919): updateTabCountDisplay 2
08-23 09:21:35.932: D/tabcount(5919): toDigitString
08-23 09:21:35.942: D/TabManager(5919): APPLOGS:Calling onSetIndex normally, index not changed
08-23 09:21:35.942: I/TabManager(5919): APPLOGS:Inside showTab
08-23 09:21:35.942: W/TabManager(5919): APPLOGS:HIDING TAB=com.sec.android.app.sbrowser.tab.Tab@261fe1bb
08-23 09:21:35.942: I/chromium(5919): [INFO:render_widget_host_impl.cc(505)] RenderWidgetHostImpl::WasHidden() :: is_hidden_ : 0 process_id_ 17164
08-23 09:21:35.942: E/TabSaverRestorer(5919): addTabToSaveQueue
08-23 09:21:35.942: E/TabSaverRestorer(5919): saveNextTab
08-23 09:21:35.942: E/TabSaverRestorer(5919): TaskSaverForTab onPostExecute
08-23 09:21:35.942: W/TabManager(5919): APPLOGS:SHOWING TAB =com.sec.android.app.sbrowser.tab.Tab@1015db9b
08-23 09:21:35.942: D/Tab(5919): APPLOGS: inside Show()= com.sec.android.app.sbrowser.tab.SbrTabBase@f37634d
08-23 09:21:35.942: D/Tab(5919): APPLOGS showInternal() tab = com.sec.android.app.sbrowser.tab.Tab@1015db9b , tab_count =1
08-23 09:21:35.942: D/ContentViewCore(5919): updateTopControlsState Hide:true Show: true
08-23 09:21:35.942: I/chromium(17164): [INFO:render_widget.cc(791)] RenderWidget::OnWasHidden()
08-23 09:21:35.942: D/ToolBarUITranslations(5919): APPLOGS - attachCurrentTab curTab=com.sec.android.app.sbrowser.tab.Tab@1015db9b
08-23 09:21:35.942: D/SbrUIResourceLayerManager(5919): APPLOGS setListener() listener: NULL
08-23 09:21:35.942: D/SbrUIResourceLayerManager(5919): APPLOGS setListener() listener:com.sec.android.app.sbrowser.toolbar.ui.hideurl.ToolBarUITranslations$3@3564ee02
08-23 09:21:35.942: D/ToolBarUITranslations(5919): UIComposition: unRegisterScrollOrFlingListner()
08-23 09:21:35.942: D/Tab(5919): [SBRCHECK_LU] APPLOGS: reloadTabIfNecessary mTabCrashedInBackground = false for Tab Id = 1
08-23 09:21:35.942: I/chromium(5919): [INFO:render_widget_host_impl.cc(531)] RenderWidgetHostImpl::WasShown() :: is_hidden_ : 1 process_id_ 5987
08-23 09:21:35.942: D/Tab(5919): isFullscreenForTabOrPending
08-23 09:21:35.942: D/ContentFullScreenManager(5919): isFullscreenForTabOrPending() , returning = false
08-23 09:21:35.942: D/PhoneUi(5919): onTabSwitchOperation
08-23 09:21:35.942: D/SBrowserCVHolder(5919): onTabSwitchOperation
08-23 09:21:35.942: D/SBrowserCVHolder(5919): onControllerChanged
08-23 09:21:35.942: D/SBrowserCVHolder(5919): onControllerChanged :: Attaching
08-23 09:21:35.942: D/ActivityManager(2925): bindService callerProcessName:com.sec.android.app.sbrowser, calleePkgName: com.sec.android.app.sbrowser, action: null
08-23 09:21:35.942: D/ActivityManager(2925): retrieveServiceLocked(): component = com.sec.android.app.sbrowser/org.chromium.content.app.SandboxedProcessService0; callingUser = 0; userId(target) = 0
08-23 09:21:35.942: D/TabManager(5919): notifyTabSelected() tabId=1 prevTabId=1
08-23 09:21:35.942: D/REFRESH_ICON(5919): LocationBar -> updateReloadVisibility()
08-23 09:21:35.942: D/REFRESH_ICON(5919): LocationBar -> setReloadVisibility(), Flow is normal
08-23 09:21:35.942: W/InputMethodManagerService(2925): Starting input on non-focused client com.android.internal.view.IInputMethodClient$Stub$Proxy@152c0af2 (uid=10081 pid=5919)
08-23 09:21:35.942: D/SBrowserMobileApplication(5919): getTabManagerByContextID key =com.sec.android.app.sbrowser.SBrowserMainActivity@1d0e2821 value=com.sec.android.app.sbrowser.tabmodel.sbr.TabManager@29b06607
08-23 09:21:35.942: D/LocationBar.java(5919): updateLoadingState
08-23 09:21:35.942: E/Vold(2502): Failed to find mounted volume for /storage/extSdCard/Android/data/com.sec.android.app.sbrowser/files/Pictures/
08-23 09:21:35.942: I/VerificationLog(5919): Calling setUrlToPageUrl in ToolbarBaseUi - start
08-23 09:21:35.942: W/Vold(2502): Returning OperationFailed - no handler for errno 0
08-23 09:21:35.942: I/VerificationLog(5919): handleQuickLaunchURL- stop
08-23 09:21:35.942: D/MainActivityController(5919): showQuickAccessView overdrawbottomheight:0
08-23 09:21:35.942: I/QuickAccessController(5919): showQuickAccessView : show = false, animation = false
08-23 09:21:35.942: I/VerificationLog(5919): handleQuickLaunchURL- stop
08-23 09:21:35.952: W/ContextImpl(5919): Failed to ensure directory: /storage/extSdCard/Android/data/com.sec.android.app.sbrowser/files/Pictures
08-23 09:21:35.952: D/MainActivityController(5919): showQuickAccessView overdrawbottomheight:0
08-23 09:21:35.952: I/QuickAccessController(5919): showQuickAccessView : show = false, animation = false
08-23 09:21:35.952: I/VerificationLog(5919): Calling setUrlToPageUrl in ToolbarBaseUi - stop
08-23 09:21:35.952: D/REFRESH_ICON(5919): ToolBArBaseUi --> updateButtonStatus()
08-23 09:21:35.952: E/Vold(2502): Failed to find mounted volume for /storage/extSdCard/Android/data/com.sec.android.app.sbrowser/files/Pictures/
08-23 09:21:35.952: W/Vold(2502): Returning OperationFailed - no handler for errno 0
08-23 09:21:35.952: D/REFRESH_ICON(5919): LocationBar -> updateReloadVisibility()
08-23 09:21:35.952: D/REFRESH_ICON(5919): LocationBar -> setReloadVisibility(), Flow is normal
08-23 09:21:35.952: D/ToolbarPhoneUi(5919): setToolBarBackground : 4
08-23 09:21:35.952: I/VerificationLog(5919): Calling setUrlToPageUrl in ToolbarBaseUi - start
08-23 09:21:35.952: I/VerificationLog(5919): handleQuickLaunchURL- stop
08-23 09:21:35.952: W/ContextImpl(5919): Failed to ensure directory: /storage/extSdCard/Android/data/com.sec.android.app.sbrowser/files/Pictures
08-23 09:21:35.952: D/MainActivityController(5919): showQuickAccessView overdrawbottomheight:0
08-23 09:21:35.952: I/QuickAccessController(5919): showQuickAccessView : show = false, animation = false
08-23 09:21:35.952: I/VerificationLog(5919): handleQuickLaunchURL- stop
08-23 09:21:35.952: D/MainActivityController(5919): showQuickAccessView overdrawbottomheight:0
08-23 09:21:35.952: I/QuickAccessController(5919): showQuickAccessView : show = false, animation = false
08-23 09:21:35.962: I/VerificationLog(5919): Calling setUrlToPageUrl in ToolbarBaseUi - stop
08-23 09:21:35.962: D/REFRESH_ICON(5919): ToolBArBaseUi --> updateButtonStatus()
08-23 09:21:35.962: D/REFRESH_ICON(5919): LocationBar -> updateReloadVisibility()
08-23 09:21:35.962: D/REFRESH_ICON(5919): LocationBar -> setReloadVisibility(), Flow is normal
08-23 09:21:35.962: D/SuggestionsReceiver(5919): APPLOGS - Suggestions stop()
08-23 09:21:35.962: D/ToolbarPhoneUi(5919): setToolBarBackground : 4
08-23 09:21:35.962: D/TabListWrapper(5919): Current tab changed notification 1 1 FROM_CLOSE
08-23 09:21:35.962: D/TabListWrapper(5919): Listener is unregistered true
08-23 09:21:35.962: D/Tab(5919): APPLOGS:Tab destroy() id:5, tab_count =1
08-23 09:21:35.962: D/Tab(5919): APPLOGS: destroyTabBase()
08-23 09:21:35.962: D/Tab(5919): destroyTabBase() tabId = 5 Tab = com.sec.android.app.sbrowser.tab.Tab@261fe1bb webcontents = org.chromium.content.browser.webcontents.WebContentsImpl@3aad4495 ContentViewCore = com.sec.chromium.content.browser.SbrContentViewCore@3fc46d8
08-23 09:21:35.962: I/ChromeNative(5919): [SbrTabBase.java] destroy() mNativeWebContentsPtr: -1402597496
08-23 09:21:35.962: I/ChromeNative(5919): [Forked Tab.java] destroy() mNativeTabAndroid: -1404328032
08-23 09:21:35.962: I/chromium(5919): [INFO:sbr_ui_resource_layer_manager.cc(340)] CC-HideUrlBar: Detach LayerType: 1 Detached LayerSize [480, 84]
08-23 09:21:35.962: I/chromium(5919): [INFO:sbr_ui_resource_layer_manager.cc(340)] CC-HideUrlBar: Detach LayerType: 2 Detached LayerSize [480, 72]
08-23 09:21:35.962: W/ScreenOrientationListener(5919): Removing an inexistent observer!
08-23 09:21:35.962: I/chromium(5919): [INFO:tab_android.cc(449)] ChromeNative [tab_android.cc] DestroyWebContents() Deleted web_contents(): 0xac660f88
08-23 09:21:35.962: I/chromium(5919): [INFO:web_contents_impl.cc(426)] WebContentsImpl::~WebContentsImpl 0xac660f88 ++
08-23 09:21:35.962: I/chromium(5919): [INFO:web_contents_impl.cc(495)] WebContentsImpl::~WebContentsImpl 0xac660f88 --
08-23 09:21:35.962: I/chromium(5919): [INFO:render_frame_host_impl.cc(202)] RenderFrameHostImpl::~RenderFrameHostImpl 0xac7664e8 ++
08-23 09:21:35.962: I/chromium(5919): [INFO:render_frame_host_impl.cc(216)] RenderFrameHostImpl::~RenderFrameHostImpl 0xac7664e8 --
08-23 09:21:35.962: I/BitmapCache(5919): BITMAP_MANAGER addBitmapToCache - key ::: 5
08-23 09:21:35.962: D/SbrTabBridge(5919): destroy() mNativeSbrTabBridge = -1403729208
08-23 09:21:35.962: D/Tab(5919): destroyTabBase() :: mSbrTabBridge = com.sec.chromium.chrome.browser.SbrTabBridge@50b24ba
08-23 09:21:35.962: D/SBrowserMobileApplication(5919): getTabManagerByContextID key =com.sec.android.app.sbrowser.SBrowserMainActivity@1d0e2821 value=com.sec.android.app.sbrowser.tabmodel.sbr.TabManager@29b06607
08-23 09:21:35.962: D/PhoneUi(5919): onTabCloseOperation
08-23 09:21:35.962: D/SBrowserCVHolder(5919): onTabCloseOperation
08-23 09:21:35.962: D/SBrowserCVHolder(5919): onControllerChanged
08-23 09:21:35.972: W/Tab(5919): Tab deleteFileAsync 1_tab5
08-23 09:21:35.972: I/SBrowserParent(5919): padding = 0
08-23 09:21:35.972: I/SBrowserParent(5919): bottomBarVisibility = 0
08-23 09:21:35.972: I/SBrowserParent(5919): main activity status = PAUSED
08-23 09:21:35.982: D/BitmapCache(5919): BITMAP_MANAGER writeToOutputStream Buffer is created
08-23 09:21:35.982: I/chromium(5919): [INFO:child_process_launcher.cc(402)] [Renderer][Exit] ChildProcessLauncher::TerminateInternal 17164
08-23 09:21:35.982: I/chromium(5919): [INFO:child_process_launcher.cc(404)] ChromeProcess: Stopping process with handle 17164
08-23 09:21:35.982: D/ChildProcessLauncher(5919): stopping child connection: pid=17164
08-23 09:21:35.982: I/chromium(5919): [INFO:child_process_launcher_android.cc(168)] [Renderer][Exit] ChildProcessLauncher::OnChildProcessDied called through JNI pid = 17164, renderer_id =0
08-23 09:21:35.982: E/lowmemorykiller(2500): Error writing /proc/17164/oom_score_adj; errno=22
08-23 09:21:35.992: E/lowmemorykiller(2500): Error writing /proc/17164/oom_score_adj; errno=22
08-23 09:21:35.992: D/ChildProcessLauncher(5919): Allocator freed a connection, sandbox: true, slot: 4
08-23 09:21:35.992: I/ActivityManager(2925): Process com.sec.android.app.sbrowser:sandboxed_process4 (pid 17164)(adj 0) has died(33,633)
08-23 09:21:35.992: W/libprocessgroup(2925): failed to open /acct/uid_10081/pid_17164/cgroup.procs: No such file or directory
08-23 09:21:35.992: D/PersonaManager(2925): getFocusedUser
08-23 09:21:35.992: D/PersonaManagerService(2925): getFocusedUser: current uesr id is 0
08-23 09:21:36.002: E/TabSaverRestorer(5919): TaskSaverForTab doInBackground
08-23 09:21:36.002: W/ActivityManager(2925): Force finishing activity 1 org.qtproject.example.helloworld3/org.qtproject.qt5.android.bindings.QtActivity
08-23 09:21:36.012: E/TabSaverRestorer(5919): TaskSaverForTab onPostExecute tabStateWasPersisted
08-23 09:21:36.012: W/TabSaverRestorer(5919): TaskSaverForTab saveNextTab
08-23 09:21:36.012: E/TabSaverRestorer(5919): saveNextTab
08-23 09:21:36.012: W/TabSaverRestorer(5919): saveNextTab mSaveListTask called
08-23 09:21:36.012: E/TabSaverRestorer(5919): onPreExecute
08-23 09:21:36.012: W/TabSaverRestorer(5919): TaskListSaver saveListToMemory called
08-23 09:21:36.012: I/DEBUG(2511): Tombstone written to: /data/tombstones/tombstone_05
08-23 09:21:36.012: E/TabSaverRestorer(5919): saveListToFile
08-23 09:21:36.012: E/(2511): ro.product_ship = true
08-23 09:21:36.012: E/(2511): ro.debug_level = 0x4f4c
08-23 09:21:36.012: I/BootReceiver(2925): Copying /data/tombstones/tombstone_05 to DropBox (SYSTEM_TOMBSTONE)
08-23 09:21:36.022: W/TabSaverRestorer(5919): saveListToFile TAB_SAVED_STATE called
08-23 09:21:36.022: W/TabSaverRestorer(5919): saveListToFile dataOutputStream closed
08-23 09:21:36.022: I/TabSaverRestorer(5919): Writing mListTabMetaDatainstanceIndex: 1Size : 1
08-23 09:21:36.022: W/TabSaverRestorer(5919): saveTabListToFile TAB_LIST_SAVED_STATE called
08-23 09:21:36.022: W/TabSaverRestorer(5919): saveTabListToFile objectOutputStream closed
08-23 09:21:36.022: E/TabSaverRestorer(5919): onPostExecute
08-23 09:21:36.032: E/android.os.Debug(2925): ro.product_ship = true
08-23 09:21:36.032: E/android.os.Debug(2925): ro.debug_level = 0x4f4c
08-23 09:21:36.042: D/PhoneWindow(2925): *FMB* installDecor mIsFloating : true
08-23 09:21:36.042: D/PhoneWindow(2925): *FMB* installDecor flags : 8519682
08-23 09:21:36.052: D/ViewRootImpl(2925): Buffer Count from app info with ::-1 && -1 for :: android from View :: -1 DBQ Enabled ::false false
08-23 09:21:36.062: D/WindowManager(2925): addWindowToListInOrderLocked: win=Window{38ae9cc2 u0 Application Error: org.qtproject.example.helloworld3} Callers=com.android.server.wm.WindowManagerService.addWindow:2591 com.android.server.wm.Session.addToDisplay:168 android.view.ViewRootImpl.setView:559 android.view.WindowManagerGlobal.addView:282
08-23 09:21:36.062: V/WindowManager(2925): Free window: Adding window Window{38ae9cc2 u0 Application Error: org.qtproject.example.helloworld3} at 13 of 16
08-23 09:21:36.062: V/WindowManager(2925): findFocusedWindow: Found new focus @ 13 = Window{38ae9cc2 u0 Application Error: org.qtproject.example.helloworld3}
08-23 09:21:36.062: V/WindowManager(2925): Changing focus from Window{15696b5a u0 org.qtproject.example.helloworld3/org.qtproject.qt5.android.bindings.QtActivity} to Window{38ae9cc2 u0 Application Error: org.qtproject.example.helloworld3} Callers=com.android.server.wm.WindowManagerService.addWindow:2630 com.android.server.wm.Session.addToDisplay:168 android.view.ViewRootImpl.setView:559 android.view.WindowManagerGlobal.addView:282
08-23 09:21:36.062: D/PersonaManager(2925): getFocusedUser
08-23 09:21:36.062: D/PersonaManagerService(2925): getFocusedUser: current uesr id is 0
08-23 09:21:36.062: D/WindowManager(2925): Input focus has changed to Window{38ae9cc2 u0 Application Error: org.qtproject.example.helloworld3}
08-23 09:21:36.062: D/StatusBarManagerService(2925): manageDisableList userId=0 what=0x0 pkg=Window{38ae9cc2 u0 Application Error: org.qtproject.example.helloworld3}
08-23 09:21:36.062: D/InputDispatcher(2925): Focus left window: 17132
08-23 09:21:36.062: D/InputDispatcher(2925): Focus entered window: 2925
08-23 09:21:36.062: I/WindowManager(2925): Focus moving from Window{15696b5a u0 org.qtproject.example.helloworld3/org.qtproject.qt5.android.bindings.QtActivity} to Window{38ae9cc2 u0 Application Error: org.qtproject.example.helloworld3}
08-23 09:21:36.062: I/WindowManager(2925): Gaining focus: Window{38ae9cc2 u0 Application Error: org.qtproject.example.helloworld3}
08-23 09:21:36.062: V/BroadcastQueue(2925): [background] Process cur broadcast BroadcastRecord{16280ad3 u0 android.intent.action.DROPBOX_ENTRY_ADDED} DELIVERED for app ProcessRecord{2112ed4a 4205:com.samsung.android.sm/1000}
08-23 09:21:36.062: W/ContextImpl(4205): Calling a method in the system process without a qualified user: android.app.ContextImpl.startService:1876 android.content.ContextWrapper.startService:523 android.content.ContextWrapper.startService:523 com.samsung.android.sm.common.SmartManagerReceiver.b:199 com.samsung.android.sm.common.SmartManagerReceiver.onReceive:93
08-23 09:21:36.062: D/ActivityManager(2925): startService callerProcessName:com.samsung.android.sm, calleePkgName: com.samsung.android.sm
08-23 09:21:36.072: D/ActivityManager(2925): retrieveServiceLocked(): component = com.samsung.android.sm/com.samsung.android.sm.common.notification.CrashedAppLoggingService; callingUser = 0; userId(target) = 0
08-23 09:21:36.072: D/ActivityManager(2925): caller:android.app.ApplicationThreadProxy@148b1610, r.packageName :com.samsung.android.sm
08-23 09:21:36.072: V/BroadcastQueue(2925): [background] Process cur broadcast BroadcastRecord{16280ad3 u0 android.intent.action.DROPBOX_ENTRY_ADDED} DELIVERED for app ProcessRecord{626ae07 12407:com.google.android.gms/u0a7}
08-23 09:21:36.072: D/PhoneWindow(2925): *FMB* isFloatingMenuEnabled mFloatingMenuBtn : null
08-23 09:21:36.072: D/PhoneWindow(2925): *FMB* isFloatingMenuEnabled return false
08-23 09:21:36.082: V/WindowManager(2925): Relayout Window{38ae9cc2 u0 Application Error: org.qtproject.example.helloworld3}: viewVisibility=0 req=480x236 WM.LayoutParams{(0,0)(wrapxwrap) gr=#11 sim=#120 ty=2003 fl=#1820002 pfl=0x110 fmt=-3 wanim=0x1030381 surfaceInsets=Rect(36, 36 - 36, 36) needsMenuKey=2}
08-23 09:21:36.082: I/SurfaceFlinger(2503): id=401 createSurf (73x73),1 flag=4, ielloworld3
08-23 09:21:36.082: D/PersonaManager(2925): getFocusedUser
08-23 09:21:36.082: V/WindowManager(2925): findFocusedWindow: Found new focus @ 13 = Window{38ae9cc2 u0 Application Error: org.qtproject.example.helloworld3}
08-23 09:21:36.082: D/PersonaManagerService(2925): getFocusedUser: current uesr id is 0
08-23 09:21:36.082: D/ActivityManager(2925): retrieveServiceLocked(): component = null; callingUser = 0; userId(target) = 0
08-23 09:21:36.082: D/ActivityManager(2925): caller:android.app.ApplicationThreadProxy@24dc30e, r.packageName :com.google.android.gms
08-23 09:21:36.092: V/BroadcastQueue(2925): [background] Process cur broadcast BroadcastRecord{17f3833c u0 android.intent.action.DROPBOX_ENTRY_ADDED} DELIVERED for app ProcessRecord{2112ed4a 4205:com.samsung.android.sm/1000}
08-23 09:21:36.092: D/PersonaManager(2925): getFocusedUser
08-23 09:21:36.092: D/PersonaManagerService(2925): getFocusedUser: current uesr id is 0
08-23 09:21:36.092: V/BroadcastQueue(2925): [background] Process cur broadcast BroadcastRecord{17f3833c u0 android.intent.action.DROPBOX_ENTRY_ADDED} DELIVERED for app ProcessRecord{626ae07 12407:com.google.android.gms/u0a7}
08-23 09:21:36.102: D/ActivityManager(2925): retrieveServiceLocked(): component = null; callingUser = 0; userId(target) = 0
08-23 09:21:36.102: D/ActivityManager(2925): caller:android.app.ApplicationThreadProxy@211358c5, r.packageName :com.google.android.gms
08-23 09:21:36.102: I/OpenGLRenderer(2925): Initialized EGL, version 1.4
08-23 09:21:36.102: D/GC(2925): OES20 ===> GC Version : GC version rls_5011p6_GC5.5.14
08-23 09:21:36.112: I/ActivityManager(2925): Process org.qtproject.example.helloworld3 (pid 17132)(adj 0) has died(55,630)
08-23 09:21:36.112: W/InputDispatcher(2925): channel '15696b5a org.qtproject.example.helloworld3/org.qtproject.qt5.android.bindings.QtActivity (server)' ~ Consumer closed input channel or an error occurred. events=0x9
08-23 09:21:36.112: E/InputDispatcher(2925): channel '15696b5a org.qtproject.example.helloworld3/org.qtproject.qt5.android.bindings.QtActivity (server)' ~ Channel is unrecoverably broken and will be disposed!
08-23 09:21:36.112: I/Zygote(2526): Process 17132 exited due to signal (6)
08-23 09:21:36.112: I/WindowState(2925): WIN DEATH: Window{15696b5a u0 org.qtproject.example.helloworld3/org.qtproject.qt5.android.bindings.QtActivity}
08-23 09:21:36.112: W/InputDispatcher(2925): Attempted to unregister already unregistered input channel '15696b5a org.qtproject.example.helloworld3/org.qtproject.qt5.android.bindings.QtActivity (server)'
08-23 09:21:36.112: W/WindowManager(2925): Force-removing child win Window{187c1d14 u0 SurfaceView EXITING} from container Window{15696b5a u0 org.qtproject.example.helloworld3/org.qtproject.qt5.android.bindings.QtActivity}
08-23 09:21:36.112: I/SurfaceFlinger(2503): id=398 Removed TurfaceView (4/13)
08-23 09:21:36.112: I/SurfaceFlinger(2503): id=398 Removed TurfaceView (-2/13)
08-23 09:21:36.112: D/PersonaManager(2925): getFocusedUser
08-23 09:21:36.112: D/PersonaManagerService(2925): getFocusedUser: current uesr id is 0
08-23 09:21:36.122: W/WindowManager(2925): Force-removing child win Window{12d99eba u0 SurfaceView} from container Window{15696b5a u0 org.qtproject.example.helloworld3/org.qtproject.qt5.android.bindings.QtActivity}
08-23 09:21:36.122: I/SurfaceFlinger(2503): id=400 Removed TurfaceView (4/12)
08-23 09:21:36.122: I/SurfaceFlinger(2503): id=400 Removed TurfaceView (-2/12)
08-23 09:21:36.122: D/PersonaManager(2925): getFocusedUser
08-23 09:21:36.122: D/PersonaManagerService(2925): getFocusedUser: current uesr id is 0
08-23 09:21:36.122: I/SurfaceFlinger(2503): id=399 Removed RtActivity (4/11)
08-23 09:21:36.122: I/SurfaceFlinger(2503): id=399 Removed RtActivity (-2/11)
08-23 09:21:36.122: D/PersonaManager(2925): getFocusedUser
08-23 09:21:36.122: D/PersonaManagerService(2925): getFocusedUser: current uesr id is 0
08-23 09:21:36.122: I/SurfaceFlinger(2503): id=399 Removed RtActivity (-2/11)
08-23 09:21:36.122: I/SurfaceFlinger(2503): id=398 Removed TurfaceView (-2/11)
08-23 09:21:36.122: I/SurfaceFlinger(2503): id=400 Removed TurfaceView (-2/11)
08-23 09:21:36.132: V/WindowManager(2925): findFocusedWindow: Found new focus @ 10 = Window{38ae9cc2 u0 Application Error: org.qtproject.example.helloworld3}
08-23 09:21:36.132: W/WindowManager(2925): Failed looking up window
08-23 09:21:36.132: W/WindowManager(2925): java.lang.IllegalArgumentException: Requested window android.os.BinderProxy@2f947b67 does not exist
08-23 09:21:36.132: W/WindowManager(2925): at com.android.server.wm.WindowManagerService.windowForClientLocked(WindowManagerService.java:9084)
08-23 09:21:36.132: W/WindowManager(2925): at com.android.server.wm.WindowManagerService.windowForClientLocked(WindowManagerService.java:9075)
08-23 09:21:36.132: W/WindowManager(2925): at com.android.server.wm.WindowState$DeathRecipient.binderDied(WindowState.java:1182)
08-23 09:21:36.132: W/WindowManager(2925): at android.os.BinderProxy.sendDeathNotice(Binder.java:551)
08-23 09:21:36.132: I/WindowState(2925): WIN DEATH: null
08-23 09:21:36.132: W/WindowManager(2925): Failed looking up window
08-23 09:21:36.132: W/WindowManager(2925): java.lang.IllegalArgumentException: Requested window android.os.BinderProxy@117203e5 does not exist
08-23 09:21:36.132: W/WindowManager(2925): at com.android.server.wm.WindowManagerService.windowForClientLocked(WindowManagerService.java:9084)
08-23 09:21:36.132: W/WindowManager(2925): at com.android.server.wm.WindowManagerService.windowForClientLocked(WindowManagerService.java:9075)
08-23 09:21:36.132: W/WindowManager(2925): at com.android.server.wm.WindowState$DeathRecipient.binderDied(WindowState.java:1182)
08-23 09:21:36.132: W/WindowManager(2925): at android.os.BinderProxy.sendDeathNotice(Binder.java:551)
08-23 09:21:36.132: I/WindowState(2925): WIN DEATH: null
08-23 09:21:36.132: V/WindowManager(2925): findFocusedWindow: Found new focus @ 10 = Window{38ae9cc2 u0 Application Error: org.qtproject.example.helloworld3}
08-23 09:21:36.132: V/WindowOrientationListener(2925): setCurrentAppOrientation :1
08-23 09:21:36.132: V/WindowOrientationListener(2925): ScreenOrientationEventListenerImpl.getProposedRotationLocked, Rotation: -1
08-23 09:21:36.132: V/WindowManager(2925): rotationForOrientationLw(orient=1, last=0); user=0
08-23 09:21:36.132: D/DisplayManager(2925): addAllDisplaysLocked()
08-23 09:21:36.132: V/WindowOrientationListener(2925): getProposedRotation : mEnabled = true, mUseScreenOrientationSensor =true
08-23 09:21:36.132: D/PowerManagerService(2925): setKeyboardVisibility: false
08-23 09:21:36.132: D/PersonaManager(2925): getFocusedUser
08-23 09:21:36.132: D/PersonaManagerService(2925): getFocusedUser: current uesr id is 0
08-23 09:21:36.142: D/ActivityManager(2925): retrieveServiceLocked(): component = null; callingUser = 0; userId(target) = 0
08-23 09:21:36.152: D/PersonaManager(2925): getFocusedUser
08-23 09:21:36.152: V/WindowManager(2925): Relayout Window{11429bf2 u0 com.sec.android.app.launcher/com.android.launcher2.Launcher}: viewVisibility=4 req=480x800 WM.LayoutParams{(0,0)(fillxfill) sim=#20 ty=1 fl=#89910d00 fmt=-2 wanim=0x1030466 vsysui=0x700 surfaceInsets=Rect(0, 0 - 0, 0) needsMenuKey=2}
08-23 09:21:36.152: D/PersonaManagerService(2925): getFocusedUser: current uesr id is 0
08-23 09:21:36.152: V/WindowManager(2925): findFocusedWindow: Found new focus @ 10 = Window{38ae9cc2 u0 Application Error: org.qtproject.example.helloworld3}
08-23 09:21:36.152: D/Launcher(3611): onRestart, Launcher: 998707257
08-23 09:21:36.152: D/Launcher(3611): onStart, Launcher: 998707257
08-23 09:21:36.152: D/Launcher.HomeView(3611): onStart
08-23 09:21:36.152: D/Launcher(3611): onResume, Launcher: 998707257
08-23 09:21:36.152: D/Launcher(3611): setSystemUiTransparency.SettingNotFoundException : set as TRUE
08-23 09:21:36.162: D/Launcher.HomeView(3611): onResume
08-23 09:21:36.162: D/ActivityManager(2925): retrieveServiceLocked(): component = null; callingUser = 0; userId(target) = 0
08-23 09:21:36.162: D/MenuAppsGridFragment(3611): onResume
08-23 09:21:36.172: D/ActivityManager(2925): handle home activity for 0
08-23 09:21:36.172: I/WallpaperService(2925): switchPersonaWallpaper is called for personaId-0
08-23 09:21:36.172: D/KnoxTimeoutHandler(2925): post home show event for user 0
08-23 09:21:36.172: D/ActivityManager(2925): post active user change for 0 fullscreen true
08-23 09:21:36.172: D/WallpaperService(2925): force update = false; persona id = 0; current user =0; current persona = 0
08-23 09:21:36.172: D/KnoxTimeoutHandler(2925): postActiveUserChange for user 0
08-23 09:21:36.172: D/KnoxTimeoutHandler(2925): handleHomeShow for 0 and current 0
08-23 09:21:36.172: I/KnoxTimeoutHandler(2925): postActiveUserChange, showWhenLocked: false
08-23 09:21:36.172: D/KnoxTimeoutHandler(2925): handleActiveUserChange for user 0
08-23 09:21:36.172: D/ActivityManager(2925): retrieveServiceLocked(): component = null; callingUser = 0; userId(target) = 0
08-23 09:21:36.172: E/EnterpriseSharedDevicePolicy(2925): isSharedDeviceEnabled
08-23 09:21:36.172: I/EnterpriseSharedDevicePolicy(2925): isSharedDeviceEnabled in Service
08-23 09:21:36.172: I/EnterpriseSharedDevicePolicy(2925): Get Result: -1
08-23 09:21:36.172: D/PersonaManagerService(2925): getPersonasForUser(): returning null!
08-23 09:21:36.172: I/EnterpriseSharedDevicePolicy(2925): status: false
08-23 09:21:36.172: V/WindowManager(2925): Relayout Window{11429bf2 u0 com.sec.android.app.launcher/com.android.launcher2.Launcher}: viewVisibility=0 req=480x800 WM.LayoutParams{(0,0)(fillxfill) sim=#20 ty=1 fl=#89910d00 fmt=-2 wanim=0x1030466 vsysui=0x700 surfaceInsets=Rect(0, 0 - 0, 0) needsMenuKey=2}
08-23 09:21:36.172: I/KnoxTimeoutHandler(2925): Shared devices show user statefalse
08-23 09:21:36.172: I/SurfaceFlinger(2503): id=402 createSurf (480x800),1 flag=4, Mauncher
08-23 09:21:36.172: V/WindowManager(2925): findFocusedWindow: Found new focus @ 10 = Window{38ae9cc2 u0 Application Error: org.qtproject.example.helloworld3}
08-23 09:21:36.172: D/PersonaManager(2925): getFocusedUser
08-23 09:21:36.172: D/PersonaManagerService(2925): getFocusedUser: current uesr id is 0
08-23 09:21:36.222: I/Timeline(3611): Timeline: Activity_idle id: android.os.BinderProxy@2e1e82e4 time:40159554
08-23 09:21:36.222: D/PersonaManager(2925): getFocusedUser
08-23 09:21:36.222: D/DropBoxEntryAddedChimeraService(12407): User is not opted-in to Usage & Diagnostics or Lockbox.
08-23 09:21:36.222: D/PersonaManagerService(2925): getFocusedUser: current uesr id is 0
08-23 09:21:36.232: V/WindowManager(2925): findFocusedWindow: Found new focus @ 10 = Window{38ae9cc2 u0 Application Error: org.qtproject.example.helloworld3}
08-23 09:21:36.232: D/PersonaManager(2925): getFocusedUser
08-23 09:21:36.232: D/PersonaManagerService(2925): getFocusedUser: current uesr id is 0
08-23 09:21:36.242: V/WindowManager(2925): Relayout Window{1fad429 u0 com.android.systemui.ImageWallpaper}: viewVisibility=0 req=800x800 WM.LayoutParams{(0,0)(800x800) gr=#800033 ty=2013 fl=#318 fmt=2 wanim=0x10302e5 surfaceInsets=Rect(0, 0 - 0, 0)}
08-23 09:21:36.242: D/PersonaManager(2925): getFocusedUser
08-23 09:21:36.242: D/PersonaManagerService(2925): getFocusedUser: current uesr id is 0
08-23 09:21:36.242: D/PersonaManager(2925): getFocusedUser
08-23 09:21:36.242: D/PersonaManagerService(2925): getFocusedUser: current uesr id is 0
08-23 09:21:36.242: V/WindowManager(2925): Relayout Window{c827960 u0 SurfaceView}: viewVisibility=8 req=480x764 WM.LayoutParams{(0,36)(480x764) gr=#800033 ty=1004 fl=#4218 pfl=0x40 fmt=4 surfaceInsets=Rect(0, 0 - 0, 0)}
08-23 09:21:36.242: V/WindowManager(2925): findFocusedWindow: Found new focus @ 10 = Window{38ae9cc2 u0 Application Error: org.qtproject.example.helloworld3}
08-23 09:21:36.242: D/PersonaManager(2925): getFocusedUser
08-23 09:21:36.242: D/PersonaManagerService(2925): getFocusedUser: current uesr id is 0
08-23 09:21:36.252: D/SbrContentViewRenderView(5919): surfaceDestroyed
08-23 09:21:36.252: D/PlaceHolderContentViewRenderViewAdapter(5919): APPLOGS: surfaceDestroyed
08-23 09:21:36.252: D/MainActivityController(5919): APPLOGS: setTabSwitched is invoked with value = false
08-23 09:21:36.252: D/PlaceHolderContentViewRenderViewAdapter(5919): APPLOGS: DESTROYED NOT FOR READER
08-23 09:21:36.252: D/PlaceHolderContentViewRenderViewAdapter(5919): APPLOGS: captureAndStorePlaceHolder is invoked
08-23 09:21:36.252: D/BitmapManager(5919): BITMAP_MANAGER Inside getBitmap()
08-23 09:21:36.252: I/BitmapManager(5919): BITMAP_MANAGER getBitmap() FORCE_SYNC
08-23 09:21:36.252: E/SbrContentViewCore(5919): nativeGetBitmapFromCompositor FAILED: .
08-23 09:21:36.252: D/APPLOGS(5919): APPLOGS: bitmap coming from compositor is NULL
08-23 09:21:36.252: D/PlaceHolderModel(5919): APPLOGS: Storing bitmap = null
08-23 09:21:36.252: D/APPLOGS(5919): APPLOGS: setting topMargin for PlaceHolderView to :84
08-23 09:21:36.252: D/PlaceHolderView(5919): APPLOGS:PlaceHolder view SHOWN =============
08-23 09:21:36.252: I/VerificationLog(5919): MainActCtrler - surfaceDestroyed
08-23 09:21:36.282: I/SBrowserParent(5919): padding = 0
08-23 09:21:36.282: I/SBrowserParent(5919): bottomBarVisibility = 0
08-23 09:21:36.282: I/SBrowserParent(5919): main activity status = PAUSED
08-23 09:21:36.282: D/PersonaManager(2925): getFocusedUser
08-23 09:21:36.282: V/WindowManager(2925): Relayout Window{befaa18 u0 com.sec.android.app.sbrowser/com.sec.android.app.sbrowser.SBrowserMainActivity}: viewVisibility=8 req=480x800 WM.LayoutParams{(0,0)(fillxfill) sim=#110 ty=1 fl=#81810100 fmt=-3 wanim=0x1030380 vsysui=0x600 surfaceInsets=Rect(0, 0 - 0, 0) needsMenuKey=2 sfl=#2}
08-23 09:21:36.282: D/PersonaManagerService(2925): getFocusedUser: current uesr id is 0
08-23 09:21:36.282: V/WindowManager(2925): findFocusedWindow: Found new focus @ 10 = Window{38ae9cc2 u0 Application Error: org.qtproject.example.helloworld3}
08-23 09:21:36.282: I/chromium(5987): [INFO:top_controls_manager.cc(261)] SetTopControlsHeight : 0xabbbf638 top_controls_height = 56
08-23 09:21:36.282: I/chromium(5987): [INFO:render_widget.cc(803)] RenderWidget::OnWasShown()
08-23 09:21:36.282: D/QuickAccessUtilityController(5919): createPinTouchIcon
08-23 09:21:36.282: D/QuickAccessUtilityController(5919): createPinTouchIcon : request icon
08-23 09:21:36.282: I/TabManager(5919): APPLOGS:Handler msg HANDLER_HIDE_TAB on ActivityPause
08-23 09:21:36.282: I/chromium(5919): [INFO:render_widget_host_impl.cc(505)] RenderWidgetHostImpl::WasHidden() :: is_hidden_ : 0 process_id_ 5987
08-23 09:21:36.292: I/chromium(5987): [INFO:render_widget.cc(825)] RenderWidget::OnWasShown() calling scheduleComposite
08-23 09:21:36.292: D/QuickAccessUtilityController(5919): addFavIconToPinnedDB
08-23 09:21:36.292: I/ImageCache(5919): ImageCache :: addBitmapToCache - key ::: 73b3569edff4e474a132a0437b5a298a
08-23 09:21:36.292: D/QuickAccessUtilityController(5919): addFavIconToPinnedDB in worker thread
08-23 09:21:36.292: D/QuickAccessUtilityController(5919): getDominantFavIconColor
08-23 09:21:36.292: D/QuickAccessUtilityController(5919): handleMessage : unregister listener
08-23 09:21:36.292: D/Tab(5919): updateFavIconForSync for id: 1
