08-23 09:21:36.292: D/DropBoxEntryAddedChimeraService(12407): User is not opted-in to Usage & Diagnostics or Lockbox.
08-23 09:21:36.302: I/QuickAccessUtilityController(5919): getDominantColor : -1290174
08-23 09:21:36.302: E/QuickAccessModel(5919): onChange - pinned update
08-23 09:21:36.312: I/chromium(5987): [INFO:FrameView.cpp(838)] FrameView::LAYOUT
08-23 09:21:36.312: D/QuickAccessUtilityController(5919): setPintTabList
08-23 09:21:36.322: I/ImageCache(5919): ImageCache :: addBitmapToCache - key ::: b8c402eaf7a1fb543e83a58af27fe2b8
08-23 09:21:36.332: D/PersonaManager(2925): getFocusedUser
08-23 09:21:36.332: D/PersonaManagerService(2925): getFocusedUser: current uesr id is 0
08-23 09:21:36.342: I/WindowManager(2925): Losing delayed focus: Window{15696b5a u0 org.qtproject.example.helloworld3/org.qtproject.qt5.android.bindings.QtActivity}
08-23 09:21:36.342: I/chromium(5987): [INFO:render_widget.cc(791)] RenderWidget::OnWasHidden()
08-23 09:21:36.352: D/PersonaManager(2925): getFocusedUser
08-23 09:21:36.352: V/BroadcastQueue(2925): [background] Process cur broadcast BroadcastRecord{1f5425ca u0 com.sec.android.intent.action.HOME_RESUME} DELIVERED for app ProcessRecord{2759c737 3585:com.android.phone/1001}
08-23 09:21:36.352: D/PersonaManagerService(2925): getFocusedUser: current uesr id is 0
08-23 09:21:36.352: V/BroadcastQueue(2925): [background] Process cur broadcast BroadcastRecord{1f5425ca u0 com.sec.android.intent.action.HOME_RESUME} DELIVERED for app ProcessRecord{dfb1731 4144:com.android.contacts/u0a14}
08-23 09:21:36.352: V/BroadcastQueue(2925): [background] Process cur broadcast BroadcastRecord{1f5425ca u0 com.sec.android.intent.action.HOME_RESUME} DELIVERED for app ProcessRecord{39dac519 15534:com.android.mms/u0a27}
08-23 09:21:36.362: D/Mms/UIEventReceiver(15534): ui event
08-23 09:21:36.362: V/BroadcastQueue(2925): [background] Process cur broadcast BroadcastRecord{1f5425ca u0 com.sec.android.intent.action.HOME_RESUME} DELIVERED for app ProcessRecord{7167324 15558:com.sec.android.widgetapp.dualclockdigital/u0a56}
08-23 09:21:36.362: V/BroadcastQueue(2925): [background] Process cur broadcast BroadcastRecord{1f5425ca u0 com.sec.android.intent.action.HOME_RESUME} DELIVERED for app ProcessRecord{21694bd2 15788:com.sec.android.widgetapp.ap.hero.accuweather/u0a39}
08-23 09:21:36.372: D/(15788): actionWC : com.sec.android.intent.action.HOME_RESUME rebootFlag = 0
08-23 09:21:36.372: D/(15788): getInstance
08-23 09:21:36.372: I/(15788): cp query pt : 0
08-23 09:21:36.372: D/ActivityManager(2925): startService callerProcessName:com.sec.android.widgetapp.ap.hero.accuweather, calleePkgName: com.sec.android.widgetapp.ap.hero.accuweather
08-23 09:21:36.372: D/ActivityManager(2925): retrieveServiceLocked(): component = com.sec.android.widgetapp.ap.hero.accuweather/com.sec.android.widgetapp.ap.hero.accuweather.WeatherClockService; callingUser = 0; userId(target) = 0
08-23 09:21:36.372: D/ActivityManager(2925): caller:android.app.ApplicationThreadProxy@3e93d33b, r.packageName :com.sec.android.widgetapp.ap.hero.accuweather
08-23 09:21:36.372: I/(15788): cp query pt : 1
08-23 09:21:36.382: I/(15788): cp query pt : 0
08-23 09:21:36.382: D/(15788): AR_S_T : 3
08-23 09:21:36.382: I/(15788): cp query pt : 1
08-23 09:21:36.382: D/(15788): cUI : cnt = 1
08-23 09:21:36.382: D/(15788): cUI : cnt = not empty
08-23 09:21:36.382: I/(15788): cp query pt : 0
08-23 09:21:36.392: D/(15788): cUI : cnt = not empty nr :true
08-23 09:21:36.392: D/(15788): cUI : cnt RWe= setui
08-23 09:21:36.392: I/(15788): cp query pt : 0
08-23 09:21:36.392: D/(15788): cUI : cnt = not handler
08-23 09:21:36.392: I/(15788): cp query pt : 1
08-23 09:21:36.392: D/(15788): convertTemp : fS = 1, tS = 1, v = 12.7
08-23 09:21:36.402: D/(15788): SS h:21, m:0
08-23 09:21:36.402: D/(15788): convertTemp : fS = 1, tS = 1, v = 12.7
08-23 09:21:36.402: D/(15788): getWeatherText : 7/true
08-23 09:21:36.402: D/(15788): summmerTime_icon??:1
08-23 09:21:36.402: D/(15788): mSUDH(): id = 261172, tZ=GMT+2
08-23 09:21:36.402: D/(15788): ===== mSetUIDataHandler(): day = 05:39 AM, night=09:01 PM
08-23 09:21:36.412: E/WidgetProviderAssistiveLight(15593): buildUpdate PORTRAIT
08-23 09:21:36.412: W/ResourcesManager(3611): getTopLevelResources: null for user 0
08-23 09:21:36.412: V/BroadcastQueue(2925): [background] Process cur broadcast BroadcastRecord{1f5425ca u0 com.sec.android.intent.action.HOME_RESUME} DELIVERED for app ProcessRecord{40a2689 15593:com.samsung.android.widgetapp.torch/1000}
08-23 09:21:36.412: I/(15788): cp query pt : 4
08-23 09:21:36.412: D/WidgetProviderAssistiveLight(15593): getWidgetMode : false
08-23 09:21:36.412: D/WidgetProviderAssistiveLight(15593): updateButtons , icon_off
08-23 09:21:36.412: D/WidgetProviderAssistiveLight(15593): updateWidget : ComponentInfo{com.samsung.android.widgetapp.torch/com.samsung.android.widgetapp.torch.WidgetProviderAssistiveLight}
08-23 09:21:36.422: I/(15788): cp query pt : 1
08-23 09:21:36.422: W/BroadcastQueue(2925): Permission Denial: broadcasting Intent { act=com.sec.android.intent.action.HOME_RESUME flg=0x10 } from com.sec.android.app.launcher (pid=3611, uid=10025) is not exported from uid 1000 due to receiver com.samsung.android.widgetapp.torch/.EasyWidgetProviderAssistiveLight
08-23 09:21:36.422: I/(15788): cp query pt : 0
08-23 09:21:36.422: D/@@@(15788): widget 1471950420000
08-23 09:21:36.422: D/(15788): NT(1471950420000) - NOW(1471936896417) = 13523583
08-23 09:21:36.422: D/(15788): get UT pref:0
08-23 09:21:36.422: D/(15788): retryTime [ 0 ]
08-23 09:21:36.432: W/ResourcesManager(3275): getTopLevelResources: null for user 0
08-23 09:21:36.432: W/ResourceType(3275): No package identifier when getting value for resource number 0x00000000
08-23 09:21:36.432: W/PackageManager(3275): Failure retrieving resources for com.sec.android.app.sbrowser: Resource ID #0x0
08-23 09:21:36.432: W/ResourcesManager(3275): getTopLevelResources: null for user 0
08-23 09:21:36.442: W/ResourcesManager(3275): getTopLevelResources: null for user 0
08-23 09:21:36.452: W/ResourceType(3275): No package identifier when getting value for resource number 0x00000000
08-23 09:21:36.452: W/PackageManager(3275): Failure retrieving resources for org.qtproject.example.helloworld3: Resource ID #0x0
08-23 09:21:36.452: W/ResourcesManager(3275): getTopLevelResources: null for user 0
08-23 09:21:36.452: W/ResourceType(3275): No package identifier when getting value for resource number 0x00000000
08-23 09:21:36.452: W/PackageManager(3275): Failure retrieving resources for org.qtproject.example.helloworld3: Resource ID #0x0
08-23 09:21:36.482: D/CustomFrequencyManagerService(2925): releaseDVFSLockLocked : Getting Lock type frm List : DVFS_MIN_LIMIT frequency : 832000 uid : 1000 pid : 2925 tag : ACTIVITY_RESUME_BOOSTER@4
08-23 09:21:36.482: W/ActivityManager(2925): mDVFSHelper.release()
08-23 09:21:36.482: I/Timeline(2925): Timeline: Activity_windows_visible id: ActivityRecord{670fe21 u0 com.sec.android.app.launcher/com.android.launcher2.Launcher t62} time:40159816
08-23 09:21:36.482: D/PersonaManager(2925): getFocusedUser
08-23 09:21:36.482: D/PersonaManagerService(2925): getFocusedUser: current uesr id is 0
08-23 09:21:36.482: D/PersonaManager(2925): getFocusedUser
08-23 09:21:36.482: D/PersonaManagerService(2925): getFocusedUser: current uesr id is 0
08-23 09:21:36.492: E/MainActivityController(5919): onSaveInstanceState Tab saveEncryptionKey
08-23 09:21:36.492: I/MainActivityController(5919): onSaveInstanceState mReusableLocalInstanceId1
08-23 09:21:36.492: D/CustomFrequencyManagerService(2925): acquireDVFSLockLocked : type : DVFS_MIN_LIMIT frequency : 1248000 uid : 1000 pid : 2925 pkgName : ACTIVITY_RESUME_BOOSTER@10
08-23 09:21:36.492: I/SBrowserMobileApplication(5919): Setting Instace: 1 State: STOPPED ID: 81
08-23 09:21:36.492: D/SBrowserWebkitTimers(5919): mSuspendRunnable started
08-23 09:21:36.492: D/MainActivityController(5919): onTrimMemory with level = 20
08-23 09:21:36.502: D/PersonaManager(2925): getFocusedUser
08-23 09:21:36.502: D/PersonaManagerService(2925): getFocusedUser: current uesr id is 0
08-23 09:21:36.522: D/PersonaManager(2925): getFocusedUser
08-23 09:21:36.522: D/PersonaManagerService(2925): getFocusedUser: current uesr id is 0
08-23 09:21:36.592: D/SSRM:n(2925): SIOP:: AP = 320
08-23 09:21:36.642: D/ToolBarUITranslations(5919): APPLOGS captureToolbarBottomBarBitmaps , mIsMainActivityInPausedState= true, no capture bitmap required
08-23 09:21:36.672: D/PersonaManager(2925): getFocusedUser
08-23 09:21:36.672: D/PersonaManagerService(2925): getFocusedUser: current uesr id is 0
08-23 09:21:36.672: V/WindowManager(2925): findFocusedWindow: Found new focus @ 10 = Window{38ae9cc2 u0 Application Error: org.qtproject.example.helloworld3}
08-23 09:21:36.672: I/SurfaceFlinger(2503): id=397 Removed TBrowserMai (6/11)
08-23 09:21:36.672: I/SurfaceFlinger(2503): id=397 Removed TBrowserMai (-2/11)
08-23 09:21:36.672: I/SurfaceFlinger(2503): id=396 Removed TurfaceView (5/10)
08-23 09:21:36.672: I/SurfaceFlinger(2503): id=396 Removed TurfaceView (-2/10)
08-23 09:21:36.672: D/PersonaManager(2925): getFocusedUser
08-23 09:21:36.672: D/PersonaManagerService(2925): getFocusedUser: current uesr id is 0
08-23 09:21:36.712: I/chromium(5987): [INFO:FrameView.cpp(838)] FrameView::LAYOUT
08-23 09:21:36.772: I/chromium(5919): [INFO:render_frame_host_impl.cc(182)] RenderFrameHostImpl::RenderFrameHostImpl 0xac6206a0 ++
08-23 09:21:36.772: I/chromium(5919): [INFO:render_frame_host_impl.cc(198)] RenderFrameHostImpl::RenderFrameHostImpl 0xac6206a0 --
08-23 09:21:36.772: I/chromium(5987): [INFO:FrameLoaderClientImpl.cpp(526)] FrameLoaderClientImpl::didStartLoading called
08-23 09:21:36.772: I/chromium(5987): [INFO:FrameLoaderClientImpl.cpp(395)] [APP_LAUNCH] FrameLoaderClientImpl::dispatchDidStartProvisionalLoad called
08-23 09:21:36.772: D/Tab(5919): onLoadStarted
08-23 09:21:36.772: D/Tab(5919): didStartLoading
08-23 09:21:36.772: I/chromium(5987): [INFO:FrameLoaderClientImpl.cpp(416)] FrameLoaderClientImpl::dispatchDidCommitLoad called
08-23 09:21:36.772: V/[APP_LAUNCH] Tab(5919): didStartProvisionalLoadForFrame frameId(38)isMainFrame = false
08-23 09:21:36.782: D/Tab(5919): didCommitProvisionalLoadForFrame
08-23 09:21:36.782: D/QuickAccessController(5919): onUrlUpdated
08-23 09:21:36.782: I/chromium(5987): [INFO:FrameLoaderClientImpl.cpp(533)] FrameLoaderClientImpl::progressEstimateChanged progressEstimate:: 1
08-23 09:21:36.782: I/chromium(5987): [INFO:FrameLoaderClientImpl.cpp(540)] FrameLoaderClientImpl::didStopLoading called
08-23 09:21:36.782: I/chromium(5987): [INFO:FrameLoaderClientImpl.cpp(449)] [APP_LAUNCH] FrameLoaderClientImpl::dispatchDidFinishLoad called
08-23 09:21:36.782: D/Tab(5919): onLoadStopped
08-23 09:21:36.782: D/Tab(5919): didStopLoading
08-23 09:21:36.782: I/chromium(5919): [INFO:web_contents_impl.cc(2784)] WebContentsImpl::OnDidFinishLoad 0xabe91790 ++
08-23 09:21:36.782: D/[APP_LAUNCH] Tab(5919): didFinishLoad frameId(38)isMainFrame = false
08-23 09:21:36.782: D/Tab(5919): didFinishLoad tabId = 1 Tab = com.sec.android.app.sbrowser.tab.Tab@1015db9b webcontents = org.chromium.content.browser.webcontents.WebContentsImpl@2246c055 ContentViewCore = com.sec.chromium.content.browser.SbrContentViewCore@e6d4076
08-23 09:21:36.782: I/chromium(5919): [INFO:web_contents_impl.cc(2817)] [APP_LAUNCH] OnDidFinishLoad - calling Tab: didFinishLoad isMainFrame=0
08-23 09:21:36.782: I/chromium(5919): [INFO:web_contents_impl.cc(2822)] WebContentsImpl::OnDidFinishLoad 0xabe91790 --
08-23 09:21:36.782: D/APP_LAUNCH(5919): ToolBarController --> onPageLoadFinished()
08-23 09:21:36.782: I/VerificationLog(5919): onPageLoadFinished, start
08-23 09:21:36.782: D/LocationBar.java(5919): updateLoadingState
08-23 09:21:36.782: I/VerificationLog(5919): Calling setUrlToPageUrl in ToolbarBaseUi - start
08-23 09:21:36.782: I/VerificationLog(5919): handleQuickLaunchURL- stop
08-23 09:21:36.782: D/MainActivityController(5919): showQuickAccessView overdrawbottomheight:0
08-23 09:21:36.782: I/QuickAccessController(5919): showQuickAccessView : show = false, animation = false
08-23 09:21:36.782: I/VerificationLog(5919): handleQuickLaunchURL- stop
08-23 09:21:36.782: D/MainActivityController(5919): showQuickAccessView overdrawbottomheight:0
08-23 09:21:36.782: I/QuickAccessController(5919): showQuickAccessView : show = false, animation = false
08-23 09:21:36.792: I/VerificationLog(5919): Calling setUrlToPageUrl in ToolbarBaseUi - stop
08-23 09:21:36.792: D/REFRESH_ICON(5919): ToolBArBaseUi --> updateButtonStatus()
08-23 09:21:36.792: D/REFRESH_ICON(5919): LocationBar -> updateReloadVisibility()
08-23 09:21:36.792: D/REFRESH_ICON(5919): LocationBar -> setReloadVisibility(), Flow is normal
08-23 09:21:36.792: D/REFRESH_ICON(5919): LocationBar -> updateReloadVisibility()
08-23 09:21:36.792: D/REFRESH_ICON(5919): LocationBar -> setReloadVisibility(), Flow is normal
08-23 09:21:36.792: D/REFRESH_ICON(5919): ToolBArBaseUi --> updateButtonStatus()
08-23 09:21:36.792: D/REFRESH_ICON(5919): LocationBar -> updateReloadVisibility()
08-23 09:21:36.792: D/REFRESH_ICON(5919): LocationBar -> setReloadVisibility(), Flow is normal
08-23 09:21:36.792: D/CustomFrequencyManagerService(2925): releaseDVFSLockLocked : Getting Lock type frm List : DVFS_MIN_LIMIT frequency : 1248000 uid : 1000 pid : 2925 tag : ACTIVITY_RESUME_BOOSTER@10
08-23 09:21:36.792: I/VerificationLog(5919): onPageLoadFinished, Executed
08-23 09:21:36.842: I/chromium(5987): [INFO:FrameView.cpp(838)] FrameView::LAYOUT
08-23 09:21:36.862: I/chromium(5987): [INFO:FrameView.cpp(838)] FrameView::LAYOUT
08-23 09:21:36.942: I/chromium(5987): [INFO:FrameView.cpp(838)] FrameView::LAYOUT
08-23 09:21:37.132: I/chromium(5919): [INFO:render_frame_host_impl.cc(182)] RenderFrameHostImpl::RenderFrameHostImpl 0xac74df28 ++
08-23 09:21:37.132: I/chromium(5919): [INFO:render_frame_host_impl.cc(198)] RenderFrameHostImpl::RenderFrameHostImpl 0xac74df28 --
08-23 09:21:37.132: I/chromium(5987): [INFO:FrameLoaderClientImpl.cpp(526)] FrameLoaderClientImpl::didStartLoading called
08-23 09:21:37.132: I/chromium(5987): [INFO:FrameLoaderClientImpl.cpp(395)] [APP_LAUNCH] FrameLoaderClientImpl::dispatchDidStartProvisionalLoad called
08-23 09:21:37.132: D/Tab(5919): onLoadStarted
08-23 09:21:37.132: D/Tab(5919): didStartLoading
08-23 09:21:37.142: V/[APP_LAUNCH] Tab(5919): didStartProvisionalLoadForFrame frameId(39)isMainFrame = false
08-23 09:21:37.142: I/chromium(5919): [INFO:render_frame_host_impl.cc(182)] RenderFrameHostImpl::RenderFrameHostImpl 0xac7869e8 ++
08-23 09:21:37.142: I/chromium(5919): [INFO:render_frame_host_impl.cc(198)] RenderFrameHostImpl::RenderFrameHostImpl 0xac7869e8 --
08-23 09:21:37.152: I/chromium(5987): [INFO:FrameLoaderClientImpl.cpp(526)] FrameLoaderClientImpl::didStartLoading called
08-23 09:21:37.152: I/chromium(5987): [INFO:FrameLoaderClientImpl.cpp(395)] [APP_LAUNCH] FrameLoaderClientImpl::dispatchDidStartProvisionalLoad called
08-23 09:21:37.152: V/[APP_LAUNCH] Tab(5919): didStartProvisionalLoadForFrame frameId(40)isMainFrame = false
08-23 09:21:37.152: D/EnterpriseController(2510): mIsMarkChainAdded is 0 mIsBlockChainAdded is 0 netId is 0
08-23 09:21:37.152: D/Netd(2510): getNetworkForDns: using netid 511 for uid 10081
08-23 09:21:37.162: D/EnterpriseController(2510): mIsMarkChainAdded is 0 mIsBlockChainAdded is 0 netId is 0
08-23 09:21:37.162: D/Netd(2510): getNetworkForDns: using netid 511 for uid 10081
08-23 09:21:37.162: D/EnterpriseController(2510): mIsMarkChainAdded is 0 mIsBlockChainAdded is 0 netId is 0
08-23 09:21:37.162: D/Netd(2510): getNetworkForDns: using netid 511 for uid 10081
08-23 09:21:37.172: D/EnterpriseController(2510): mIsMarkChainAdded is 0 mIsBlockChainAdded is 0 netId is 0
08-23 09:21:37.172: D/Netd(2510): getNetworkForDns: using netid 511 for uid 10081
08-23 09:21:37.172: D/EnterpriseController(2510): mIsMarkChainAdded is 0 mIsBlockChainAdded is 0 netId is 0
08-23 09:21:37.172: D/Netd(2510): getNetworkForDns: using netid 511 for uid 10081
08-23 09:21:37.172: D/EnterpriseController(2510): mIsMarkChainAdded is 0 mIsBlockChainAdded is 0 netId is 0
08-23 09:21:37.172: D/Netd(2510): getNetworkForDns: using netid 511 for uid 10081
08-23 09:21:37.172: I/chromium(5919): [INFO:render_frame_host_impl.cc(182)] RenderFrameHostImpl::RenderFrameHostImpl 0xac743f70 ++
08-23 09:21:37.182: D/EnterpriseController(2510): mIsMarkChainAdded is 0 mIsBlockChainAdded is 0 netId is 0
08-23 09:21:37.182: D/Netd(2510): getNetworkForDns: using netid 511 for uid 10081
08-23 09:21:37.182: I/chromium(5919): [INFO:render_frame_host_impl.cc(198)] RenderFrameHostImpl::RenderFrameHostImpl 0xac743f70 --
08-23 09:21:37.182: I/chromium(5987): [INFO:FrameLoaderClientImpl.cpp(526)] FrameLoaderClientImpl::didStartLoading called
08-23 09:21:37.182: I/chromium(5987): [INFO:FrameLoaderClientImpl.cpp(395)] [APP_LAUNCH] FrameLoaderClientImpl::dispatchDidStartProvisionalLoad called
08-23 09:21:37.182: D/EnterpriseController(2510): mIsMarkChainAdded is 0 mIsBlockChainAdded is 0 netId is 0
08-23 09:21:37.182: D/Netd(2510): getNetworkForDns: using netid 511 for uid 10081
08-23 09:21:37.182: V/[APP_LAUNCH] Tab(5919): didStartProvisionalLoadForFrame frameId(41)isMainFrame = false
08-23 09:21:37.212: I/chromium(5987): [INFO:FrameLoaderClientImpl.cpp(533)] FrameLoaderClientImpl::progressEstimateChanged progressEstimate:: 0.124292
08-23 09:21:37.212: I/chromium(5987): [INFO:FrameLoaderClientImpl.cpp(416)] FrameLoaderClientImpl::dispatchDidCommitLoad called
08-23 09:21:37.222: I/chromium(5987): [INFO:FrameLoaderClientImpl.cpp(533)] FrameLoaderClientImpl::progressEstimateChanged progressEstimate:: 0.124292
08-23 09:21:37.222: I/chromium(5987): [INFO:FrameLoaderClientImpl.cpp(416)] FrameLoaderClientImpl::dispatchDidCommitLoad called
08-23 09:21:37.222: D/Tab(5919): didCommitProvisionalLoadForFrame
08-23 09:21:37.222: D/QuickAccessController(5919): onUrlUpdated
08-23 09:21:37.242: D/Tab(5919): didCommitProvisionalLoadForFrame
08-23 09:21:37.242: D/QuickAccessController(5919): onUrlUpdated
08-23 09:21:37.252: I/chromium(5987): [INFO:FrameLoaderClientImpl.cpp(533)] FrameLoaderClientImpl::progressEstimateChanged progressEstimate:: 0.222312
08-23 09:21:37.262: I/chromium(5987): [INFO:FrameLoaderClientImpl.cpp(416)] FrameLoaderClientImpl::dispatchDidCommitLoad called
08-23 09:21:37.262: I/chromium(5987): [INFO:FrameLoaderClientImpl.cpp(533)] FrameLoaderClientImpl::progressEstimateChanged progressEstimate:: 0.5
08-23 09:21:37.262: D/Tab(5919): didCommitProvisionalLoadForFrame
08-23 09:21:37.262: D/QuickAccessController(5919): onUrlUpdated
08-23 09:21:37.282: I/chromium(5987): [INFO:FrameLoaderClientImpl.cpp(533)] FrameLoaderClientImpl::progressEstimateChanged progressEstimate:: 1
08-23 09:21:37.282: I/chromium(5987): [INFO:FrameLoaderClientImpl.cpp(540)] FrameLoaderClientImpl::didStopLoading called
08-23 09:21:37.292: I/chromium(5987): [INFO:FrameLoaderClientImpl.cpp(449)] [APP_LAUNCH] FrameLoaderClientImpl::dispatchDidFinishLoad called
08-23 09:21:37.292: I/chromium(5919): [INFO:web_contents_impl.cc(2784)] WebContentsImpl::OnDidFinishLoad 0xabe91790 ++
08-23 09:21:37.292: D/[APP_LAUNCH] Tab(5919): didFinishLoad frameId(41)isMainFrame = false
08-23 09:21:37.292: D/Tab(5919): didFinishLoad tabId = 1 Tab = com.sec.android.app.sbrowser.tab.Tab@1015db9b webcontents = org.chromium.content.browser.webcontents.WebContentsImpl@2246c055 ContentViewCore = com.sec.chromium.content.browser.SbrContentViewCore@e6d4076
08-23 09:21:37.292: I/chromium(5919): [INFO:web_contents_impl.cc(2817)] [APP_LAUNCH] OnDidFinishLoad - calling Tab: didFinishLoad isMainFrame=0
08-23 09:21:37.292: I/chromium(5919): [INFO:web_contents_impl.cc(2822)] WebContentsImpl::OnDidFinishLoad 0xabe91790 --
08-23 09:21:37.402: I/chromium(5987): [INFO:FrameView.cpp(838)] FrameView::LAYOUT
08-23 09:21:37.402: I/chromium(5987): [INFO:FrameView.cpp(838)] FrameView::LAYOUT
08-23 09:21:37.402: I/chromium(5987): [INFO:FrameView.cpp(838)] FrameView::LAYOUT
08-23 09:21:37.412: I/chromium(5987): [INFO:FrameView.cpp(838)] FrameView::LAYOUT
08-23 09:21:37.412: I/chromium(5987): [INFO:FrameView.cpp(838)] FrameView::LAYOUT
08-23 09:21:37.542: I/chromium(5987): [INFO:FrameLoaderClientImpl.cpp(533)] FrameLoaderClientImpl::progressEstimateChanged progressEstimate:: 0.128436
08-23 09:21:37.542: I/chromium(5987): [INFO:FrameLoaderClientImpl.cpp(533)] FrameLoaderClientImpl::progressEstimateChanged progressEstimate:: 1
08-23 09:21:37.542: I/chromium(5987): [INFO:FrameLoaderClientImpl.cpp(540)] FrameLoaderClientImpl::didStopLoading called
08-23 09:21:37.542: I/chromium(5987): [INFO:FrameLoaderClientImpl.cpp(449)] [APP_LAUNCH] FrameLoaderClientImpl::dispatchDidFinishLoad called
08-23 09:21:37.542: I/chromium(5919): [INFO:web_contents_impl.cc(2784)] WebContentsImpl::OnDidFinishLoad 0xabe91790 ++
08-23 09:21:37.542: I/chromium(5987): [INFO:FrameLoaderClientImpl.cpp(533)] FrameLoaderClientImpl::progressEstimateChanged progressEstimate:: 0.512103
08-23 09:21:37.542: D/[APP_LAUNCH] Tab(5919): didFinishLoad frameId(40)isMainFrame = false
08-23 09:21:37.542: I/chromium(5987): [INFO:FrameLoaderClientImpl.cpp(533)] FrameLoaderClientImpl::progressEstimateChanged progressEstimate:: 0.537001
08-23 09:21:37.542: I/chromium(5987): [INFO:FrameLoaderClientImpl.cpp(533)] FrameLoaderClientImpl::progressEstimateChanged progressEstimate:: 0.561898
08-23 09:21:37.542: I/chromium(5987): [INFO:FrameLoaderClientImpl.cpp(533)] FrameLoaderClientImpl::progressEstimateChanged progressEstimate:: 0.586796
08-23 09:21:37.542: D/Tab(5919): didFinishLoad tabId = 1 Tab = com.sec.android.app.sbrowser.tab.Tab@1015db9b webcontents = org.chromium.content.browser.webcontents.WebContentsImpl@2246c055 ContentViewCore = com.sec.chromium.content.browser.SbrContentViewCore@e6d4076
08-23 09:21:37.542: I/chromium(5919): [INFO:web_contents_impl.cc(2817)] [APP_LAUNCH] OnDidFinishLoad - calling Tab: didFinishLoad isMainFrame=0
08-23 09:21:37.542: I/chromium(5919): [INFO:web_contents_impl.cc(2822)] WebContentsImpl::OnDidFinishLoad 0xabe91790 --
08-23 09:21:37.672: D/TaskPersister(2925): removeObsoleteFile: deleting file=95_task.xml
08-23 09:21:37.672: D/TaskPersister(2925): removeObsoleteFile: deleting file=95_task_thumbnail.png
08-23 09:21:37.722: I/chromium(5987): [INFO:FrameLoaderClientImpl.cpp(533)] FrameLoaderClientImpl::progressEstimateChanged progressEstimate:: 0.60576
08-23 09:21:37.732: I/chromium(5987): [INFO:FrameLoaderClientImpl.cpp(533)] FrameLoaderClientImpl::progressEstimateChanged progressEstimate:: 0.731342
08-23 09:21:37.882: I/InputReader(2925): Touch event's action is 0x0 (deviceType=0) [pCnt=1, s=0.358 ] when=40161217590000
08-23 09:21:37.882: I/InputDispatcher(2925): Delivering touch to (3275): action: 0x4, toolType: 1
08-23 09:21:37.882: I/InputDispatcher(2925): Delivering touch to (2925): action: 0x0, toolType: 1
08-23 09:21:37.882: D/ViewRootImpl(2925): ViewPostImeInputStage ACTION_DOWN
08-23 09:21:37.882: I/chromium(5987): [INFO:FrameLoaderClientImpl.cpp(533)] FrameLoaderClientImpl::progressEstimateChanged progressEstimate:: 0.762311
08-23 09:21:37.902: D/EnterpriseController(2510): mIsMarkChainAdded is 0 mIsBlockChainAdded is 0 netId is 0
08-23 09:21:37.902: D/Netd(2510): getNetworkForDns: using netid 511 for uid 10081
08-23 09:21:37.912: I/chromium(5987): [INFO:FrameLoaderClientImpl.cpp(533)] FrameLoaderClientImpl::progressEstimateChanged progressEstimate:: 0.800595
08-23 09:21:37.932: I/chromium(5987): [INFO:FrameView.cpp(838)] FrameView::LAYOUT
08-23 09:21:37.992: I/InputReader(2925): Touch event's action is 0x1 (deviceType=0) [pCnt=1, s=] when=40161324948000
08-23 09:21:37.992: I/InputDispatcher(2925): Delivering touch to (2925): action: 0x1, toolType: 1
08-23 09:21:37.992: V/ApplicationPolicy(2925): isApplicationStateBlocked userId 0 pkgname com.sec.android.app.sbrowser
08-23 09:21:37.992: V/ApplicationPolicy(2925): isApplicationStateBlocked userId 0 pkgname com.sec.android.app.launcher
08-23 09:21:37.992: V/WindowManager(2925): Set focused app to: AppWindowToken{3f62c07 token=Token{1a107246 ActivityRecord{670fe21 u0 com.sec.android.app.launcher/com.android.launcher2.Launcher t62}}} old focus=AppWindowToken{164a724 token=Token{29394dde ActivityRecord{3fc2919 u0 com.sec.android.app.sbrowser/.SBrowserMainActivity t81}}} moveFocusNow=true
08-23 09:21:37.992: D/InputDispatcher(2925): Focused application set to: xxxx
08-23 09:21:37.992: V/WindowManager(2925): findFocusedWindow: Found new focus @ 10 = Window{38ae9cc2 u0 Application Error: org.qtproject.example.helloworld3}
08-23 09:21:38.052: D/OpenGLRenderer(2925): endAllStagingAnimators on 0xac35add0 (RippleDrawable) with handle 0xac1860e0
08-23 09:21:38.052: V/WindowManager(2925): Remove Window{38ae9cc2 u0 Application Error: org.qtproject.example.helloworld3} client=773950d, surface=Surface(name=Application Error: org.qtproject.example.helloworld3) Callers=com.android.server.wm.WindowManagerService.removeWindow:2699 com.android.server.wm.Session.remove:187 android.view.ViewRootImpl.dispatchDetachedFromWindow:3082 android.view.ViewRootImpl.doDie:5621
08-23 09:21:38.052: V/WindowManager(2925): findFocusedWindow: Found new focus @ 7 = Window{11429bf2 u0 com.sec.android.app.launcher/com.android.launcher2.Launcher}
08-23 09:21:38.052: D/PersonaManager(2925): getFocusedUser
08-23 09:21:38.052: V/WindowManager(2925): Changing focus from Window{38ae9cc2 u0 Application Error: org.qtproject.example.helloworld3 EXITING} to Window{11429bf2 u0 com.sec.android.app.launcher/com.android.launcher2.Launcher} Callers=com.android.server.wm.WindowManagerService.removeWindowLocked:2762 com.android.server.wm.WindowManagerService.removeWindow:2699 com.android.server.wm.Session.remove:187 android.view.ViewRootImpl.dispatchDetachedFromWindow:3082
08-23 09:21:38.052: D/PersonaManagerService(2925): getFocusedUser: current uesr id is 0
08-23 09:21:38.052: D/WindowManager(2925): Input focus has changed to Window{11429bf2 u0 com.sec.android.app.launcher/com.android.launcher2.Launcher}
08-23 09:21:38.052: D/PersonaManager(2925): getFocusedUser
08-23 09:21:38.052: D/StatusBarManagerService(2925): manageDisableList userId=0 what=0x0 pkg=Window{11429bf2 u0 com.sec.android.app.launcher/com.android.launcher2.Launcher}
08-23 09:21:38.052: D/PersonaManagerService(2925): getFocusedUser: current uesr id is 0
08-23 09:21:38.052: D/InputDispatcher(2925): Focus left window: 2925
08-23 09:21:38.052: D/InputDispatcher(2925): Focus entered window: 3611
08-23 09:21:38.052: I/WindowManager(2925): Focus moving from Window{38ae9cc2 u0 Application Error: org.qtproject.example.helloworld3 EXITING} to Window{11429bf2 u0 com.sec.android.app.launcher/com.android.launcher2.Launcher}
08-23 09:21:38.052: I/WindowManager(2925): Gaining focus: Window{11429bf2 u0 com.sec.android.app.launcher/com.android.launcher2.Launcher}
08-23 09:21:38.052: I/WindowManager(2925): Losing focus: Window{38ae9cc2 u0 Application Error: org.qtproject.example.helloworld3 EXITING}
08-23 09:21:38.052: D/Launcher(3611): setSystemUiTransparency.SettingNotFoundException : set as TRUE
08-23 09:21:38.052: E/ViewRootImpl(2925): sendUserActionEvent() mView == null
08-23 09:21:38.052: E/OpenGLRenderer(2925): SFEffectCache:clear(), mSize = 0
08-23 09:21:38.052: D/InputMethodManagerService(2925): windowGainedFocus mCurrentFocusedUserId - 0 and mSecureKeypadEnabled-false
08-23 09:21:38.052: W/InputMethodManagerService(2925): Got RemoteException sending setActive(false) notification to pid 17132 uid 10120
08-23 09:21:38.052: I/StatusBar(3275): Icon Only
08-23 09:21:38.052: I/chromium(5987): [INFO:FrameLoaderClientImpl.cpp(533)] FrameLoaderClientImpl::progressEstimateChanged progressEstimate:: 0.801988
08-23 09:21:38.062: D/PersonaManager(2925): getFocusedUser
08-23 09:21:38.062: V/WindowManager(2925): Relayout Window{11429bf2 u0 com.sec.android.app.launcher/com.android.launcher2.Launcher}: viewVisibility=0 req=480x800 WM.LayoutParams{(0,0)(fillxfill) sim=#20 ty=1 fl=#89910d00 fmt=-2 wanim=0x1030466 vsysui=0x700 surfaceInsets=Rect(0, 0 - 0, 0) needsMenuKey=2}
08-23 09:21:38.062: D/PersonaManagerService(2925): getFocusedUser: current uesr id is 0
08-23 09:21:38.072: D/PanelView(3275): There is/are notification(s)
08-23 09:21:38.072: I/StatusBar(3275): Icon Only
08-23 09:21:38.072: D/PanelView(3275): There is/are notification(s)
08-23 09:21:38.112: I/chromium(5987): [INFO:FrameView.cpp(838)] FrameView::LAYOUT
08-23 09:21:38.152: I/chromium(5987): [INFO:FrameLoaderClientImpl.cpp(533)] FrameLoaderClientImpl::progressEstimateChanged progressEstimate:: 0.83041
08-23 09:21:38.182: I/chromium(5987): [INFO:FrameLoaderClientImpl.cpp(533)] FrameLoaderClientImpl::progressEstimateChanged progressEstimate:: 0.866802
08-23 09:21:38.182: I/chromium(5987): [INFO:FrameLoaderClientImpl.cpp(533)] FrameLoaderClientImpl::progressEstimateChanged progressEstimate:: 1
08-23 09:21:38.182: I/chromium(5987): [INFO:FrameLoaderClientImpl.cpp(540)] FrameLoaderClientImpl::didStopLoading called
08-23 09:21:38.182: I/chromium(5987): [INFO:FrameLoaderClientImpl.cpp(449)] [APP_LAUNCH] FrameLoaderClientImpl::dispatchDidFinishLoad called
08-23 09:21:38.182: D/Tab(5919): onLoadStopped
08-23 09:21:38.182: D/Tab(5919): didStopLoading
08-23 09:21:38.182: I/chromium(5919): [INFO:web_contents_impl.cc(2784)] WebContentsImpl::OnDidFinishLoad 0xabe91790 ++
08-23 09:21:38.182: D/[APP_LAUNCH] Tab(5919): didFinishLoad frameId(39)isMainFrame = false
08-23 09:21:38.182: D/Tab(5919): didFinishLoad tabId = 1 Tab = com.sec.android.app.sbrowser.tab.Tab@1015db9b webcontents = org.chromium.content.browser.webcontents.WebContentsImpl@2246c055 ContentViewCore = com.sec.chromium.content.browser.SbrContentViewCore@e6d4076
08-23 09:21:38.182: I/chromium(5919): [INFO:web_contents_impl.cc(2817)] [APP_LAUNCH] OnDidFinishLoad - calling Tab: didFinishLoad isMainFrame=0
08-23 09:21:38.182: I/chromium(5919): [INFO:web_contents_impl.cc(2822)] WebContentsImpl::OnDidFinishLoad 0xabe91790 --
08-23 09:21:38.182: D/APP_LAUNCH(5919): ToolBarController --> onPageLoadFinished()
08-23 09:21:38.182: I/VerificationLog(5919): onPageLoadFinished, start
08-23 09:21:38.182: D/LocationBar.java(5919): updateLoadingState
08-23 09:21:38.182: I/VerificationLog(5919): Calling setUrlToPageUrl in ToolbarBaseUi - start
08-23 09:21:38.182: I/VerificationLog(5919): handleQuickLaunchURL- stop
08-23 09:21:38.182: D/MainActivityController(5919): showQuickAccessView overdrawbottomheight:0
08-23 09:21:38.182: I/QuickAccessController(5919): showQuickAccessView : show = false, animation = false
08-23 09:21:38.182: I/VerificationLog(5919): handleQuickLaunchURL- stop
08-23 09:21:38.192: D/MainActivityController(5919): showQuickAccessView overdrawbottomheight:0
08-23 09:21:38.192: I/QuickAccessController(5919): showQuickAccessView : show = false, animation = false
08-23 09:21:38.192: I/VerificationLog(5919): Calling setUrlToPageUrl in ToolbarBaseUi - stop
08-23 09:21:38.192: D/REFRESH_ICON(5919): ToolBArBaseUi --> updateButtonStatus()
08-23 09:21:38.192: D/REFRESH_ICON(5919): LocationBar -> updateReloadVisibility()
08-23 09:21:38.192: D/REFRESH_ICON(5919): LocationBar -> setReloadVisibility(), Flow is normal
08-23 09:21:38.192: D/REFRESH_ICON(5919): LocationBar -> updateReloadVisibility()
08-23 09:21:38.192: D/REFRESH_ICON(5919): LocationBar -> setReloadVisibility(), Flow is normal
08-23 09:21:38.192: D/REFRESH_ICON(5919): ToolBArBaseUi --> updateButtonStatus()
08-23 09:21:38.192: D/REFRESH_ICON(5919): LocationBar -> updateReloadVisibility()
08-23 09:21:38.192: D/REFRESH_ICON(5919): LocationBar -> setReloadVisibility(), Flow is normal
08-23 09:21:38.192: I/VerificationLog(5919): onPageLoadFinished, Executed
08-23 09:21:38.232: D/PersonaManager(2925): getFocusedUser
08-23 09:21:38.232: D/PersonaManagerService(2925): getFocusedUser: current uesr id is 0
08-23 09:21:38.232: I/SurfaceFlinger(2503): id=401 Removed ielloworld3 (8/9)
08-23 09:21:38.232: I/SurfaceFlinger(2503): id=401 Removed ielloworld3 (-2/9)
08-23 09:21:38.232: D/PersonaManager(2925): getFocusedUser
08-23 09:21:38.232: D/PersonaManagerService(2925): getFocusedUser: current uesr id is 0
08-23 09:21:38.262: D/PersonaManager(2925): getFocusedUser
08-23 09:21:38.262: D/PersonaManagerService(2925): getFocusedUser: current uesr id is 0
08-23 09:21:38.602: D/SensorService(2925): [SO] 0.115 -0.202 9.728
08-23 09:21:39.682: I/chromium(5987): [INFO:FrameView.cpp(838)] FrameView::LAYOUT
08-23 09:21:40.512: D/PackageManager(2925): [MSG] WRITE_PACKAGE_RESTRICTIONS
08-23 09:21:40.972: D/StatusBar.NetworkController(3275): refreshViews connected={ wifi } level=3 combinedSignalIconId=0x7f0202ff/com.android.systemui:drawable/stat_sys_wifi_signal_4 mobileLabel=ice.net wifiLabel="grilstadwlan" emergencyOnly=false combinedLabel="grilstadwlan" mAirplaneMode=false mDataActivity=0 mPhoneSignalIconId=0x7f0202b5/com.android.systemui:drawable/stat_sys_signal_3_auto_rotate mQSPhoneSignalIconId=0x7f0200b8/com.android.systemui:drawable/ic_qs_signal_3 mDataDirectionIconId=0x0/(null) mDataSignalIconId=0x7f0202b5/com.android.systemui:drawable/stat_sys_signal_3_auto_rotate mDataTypeIconId=0x7f0201fc/com.android.systemui:drawable/stat_sys_data_connected_4g mQSDataTypeIconId=0x7f0200bb/com.android.systemui:drawable/ic_qs_signal_4g mNoSimIconId=0x0/(null) mWifiIconId=0x7f0202ff/com.android.systemui:drawable/stat_sys_wifi_signal_4 mQSWifiIconId=0x7f0200ce/com.android.systemui:drawable/ic_qs_wifi_4 mWifiActivityIconId=0x7f0202ce/com.android.systemui:drawable/stat_sys_signal_in mBluetoothTetherIconId=0x7f0202dd/com.android.systemui:drawable/stat_sys_tether_bluetooth
08-23 09:21:40.972: D/STATUSBAR-WifiQuickSettingButton(3275): onWifiSignalChanged enabled=true enabledDesc:"grilstadwlan" : E/(): Device disconnected