08-23 09:21:30.402: I/InputReader(2925): Touch event's action is 0x0 (deviceType=0) [pCnt=1, s=0.356 ] when=40153733205000
08-23 09:21:30.402: I/InputDispatcher(2925): Delivering touch to (3275): action: 0x4, toolType: 1
08-23 09:21:30.402: I/InputDispatcher(2925): Delivering touch to (3611): action: 0x0, toolType: 1
08-23 09:21:30.402: I/InputDispatcher(2925): Delivering touch to (3458): action: 0x0, toolType: 1
08-23 09:21:30.402: D/ViewRootImpl(3611): ViewPostImeInputStage ACTION_DOWN
08-23 09:21:30.412: I/InputReader(2925): Touch event's action is 0x1 (deviceType=0) [pCnt=1, s=] when=40153748810000
08-23 09:21:30.412: I/InputDispatcher(2925): Delivering touch to (3611): action: 0x1, toolType: 1
08-23 09:21:30.412: I/InputDispatcher(2925): Delivering touch to (3458): action: 0x1, toolType: 1
08-23 09:21:30.422: I/Launcher.MenuAppsGrid(3611): MenuAppsGrid got Clicked
08-23 09:21:30.422: I/Launcher.MenuAppsGrid(3611): MenuAppsGrid got onClickAppItem : 7, false
08-23 09:21:30.432: D/CustomFrequencyManagerService(2925): acquireDVFSLockLocked : type : DVFS_MIN_LIMIT frequency : 1248000 uid : 1000 pid : 2925 pkgName : LAUNCHER_APP_BOOSTER_CPU@83
08-23 09:21:30.432: D/CustomFrequencyManagerService(2925): acquireDVFSLockLocked : type : DVFS_MIN_LIMIT frequency : 1248000 uid : 1000 pid : 2925 pkgName : LAUNCHER_APP_BOOSTER_CPU@11
08-23 09:21:30.442: I/Timeline(3611): Timeline: Activity_launch_request id:org.qtproject.example.helloworld3 time:40153772
08-23 09:21:30.442: E/PersonaManagerService(2925): inState(): stateMachine is null !!
08-23 09:21:30.442: I/ActivityManager(2925): do not start freezing screen for locked container getKeyguardshowstate = false
08-23 09:21:30.442: V/ApplicationPolicy(2925): isApplicationStateBlocked userId 0 pkgname org.qtproject.example.helloworld3
08-23 09:21:30.442: I/ActivityManager(2925): START u0 {act=android.intent.action.MAIN cat=[android.intent.category.LAUNCHER] flg=0x10200000 cmp=org.qtproject.example.helloworld3/org.qtproject.qt5.android.bindings.QtActivity (has extras)} from uid 10025 on display 0
08-23 09:21:30.442: D/CustomFrequencyManagerService(2925): acquireDVFSLockLocked : type : DVFS_MIN_LIMIT frequency : 1248000 uid : 1000 pid : 2925 pkgName : ACTIVITY_RESUME_BOOSTER@4
08-23 09:21:30.442: W/ActivityManager(2925): mDVFSHelper.acquire()
08-23 09:21:30.442: V/WindowManager(2925): findFocusedWindow: Found new focus @ 1 = Window{11429bf2 u0 com.sec.android.app.launcher/com.android.launcher2.Launcher}
08-23 09:21:30.442: V/ApplicationPolicy(2925): isApplicationStateBlocked userId 0 pkgname com.sec.android.app.launcher
08-23 09:21:30.442: V/ApplicationPolicy(2925): isApplicationStateBlocked userId 0 pkgname org.qtproject.example.helloworld3
08-23 09:21:30.442: D/InputDispatcher(2925): Focused application set to: xxxx
08-23 09:21:30.442: V/WindowManager(2925): Set focused app to: AppWindowToken{285143a1 token=Token{24fe67fa ActivityRecord{2df32a25 u0 org.qtproject.example.helloworld3/org.qtproject.qt5.android.bindings.QtActivity t97}}} old focus=AppWindowToken{3f62c07 token=Token{1a107246 ActivityRecord{670fe21 u0 com.sec.android.app.launcher/com.android.launcher2.Launcher t62}}} moveFocusNow=true
08-23 09:21:30.442: V/WindowManager(2925): findFocusedWindow: Reached focused app=AppWindowToken{285143a1 token=Token{24fe67fa ActivityRecord{2df32a25 u0 org.qtproject.example.helloworld3/org.qtproject.qt5.android.bindings.QtActivity t97}}}
08-23 09:21:30.442: D/PersonaManager(2925): getFocusedUser
08-23 09:21:30.442: V/WindowManager(2925): Changing focus from Window{11429bf2 u0 com.sec.android.app.launcher/com.android.launcher2.Launcher} to null Callers=com.android.server.wm.WindowManagerService.setFocusedApp:4215 com.android.server.am.ActivityManagerService.setFocusedActivityLocked:3000 com.android.server.am.ActivityStackSupervisor.startActivityUncheckedLocked:2538 com.android.server.am.ActivityStackSupervisor.startActivityLocked:1782
08-23 09:21:30.442: D/PersonaManagerService(2925): getFocusedUser: current uesr id is 0
08-23 09:21:30.442: D/WindowManager(2925): Input focus has changed to null
08-23 09:21:30.442: D/InputDispatcher(2925): Focus left window: 3611
08-23 09:21:30.452: D/Launcher(3611): onPause, Launcher: 998707257
08-23 09:21:30.452: D/Launcher.HomeView(3611): onPause
08-23 09:21:30.452: D/Launcher.Workspace(3611): exitWidgetResizeMode mState: 0, newDragStarted: false
08-23 09:21:30.452: V/BroadcastQueue(2925): [background] Process cur broadcast BroadcastRecord{1a31664c u0 com.sec.android.intent.action.HOME_PAUSE} DELIVERED for app ProcessRecord{21694bd2 15788:com.sec.android.widgetapp.ap.hero.accuweather/u0a39}
08-23 09:21:30.462: D/(15788): actionWC : com.sec.android.intent.action.HOME_PAUSE rebootFlag = 0
08-23 09:21:30.462: D/(15788): getInstance
08-23 09:21:30.462: E/ActivityManager(2925): checkUser: useridlist=null, currentuser=0
08-23 09:21:30.462: E/ActivityManager(2925): checkUser: useridlist=null, currentuser=0
08-23 09:21:30.462: E/ActivityManager(2925): checkUser: useridlist=null, currentuser=0
08-23 09:21:30.462: E/ActivityManager(2925): checkUser: useridlist=null, currentuser=0
08-23 09:21:30.462: I/(15788): cp query pt : 2
08-23 09:21:30.462: D/PhoneWindow(2925): *FMB* installDecor mIsFloating : false
08-23 09:21:30.462: D/WindowManager(2925): addWindowToListInOrderLocked: win=Window{393432e4 u0 Starting org.qtproject.example.helloworld3} Callers=com.android.server.wm.WindowManagerService.addWindow:2591 com.android.server.wm.Session.addToDisplay:168 android.view.ViewRootImpl.setView:559 android.view.WindowManagerGlobal.addView:282
08-23 09:21:30.462: D/PhoneWindow(2925): *FMB* installDecor flags : 25362712
08-23 09:21:30.462: I/WindowManager(2925): Focus moving from Window{11429bf2 u0 com.sec.android.app.launcher/com.android.launcher2.Launcher} to null
08-23 09:21:30.462: D/DisplayManager(2925): DisplayManager()
08-23 09:21:30.462: I/WindowManager(2925): Losing focus: Window{11429bf2 u0 com.sec.android.app.launcher/com.android.launcher2.Launcher}
08-23 09:21:30.462: D/ViewRootImpl(2925): Buffer Count from app info with ::-1 && -1 for :: android from View :: -1 DBQ Enabled ::false false
08-23 09:21:30.472: E/Zygote(17132): v2
08-23 09:21:30.472: I/libpersona(17132): KNOX_SDCARD checking this for 10120
08-23 09:21:30.472: I/libpersona(17132): KNOX_SDCARD not a persona
08-23 09:21:30.472: I/SELinux(17132): Function: selinux_compare_spd_ram , priority [2] , priority version is VE=SEPF_SM-G388F_5.1.1_0045
08-23 09:21:30.472: I/ActivityManager(2925): Start proc 17132:org.qtproject.example.helloworld3/u0a120 for activity org.qtproject.example.helloworld3/org.qtproject.qt5.android.bindings.QtActivity
08-23 09:21:30.472: D/PhoneWindow(2925): *FMB* isFloatingMenuEnabled mFloatingMenuBtn : null
08-23 09:21:30.472: D/PhoneWindow(2925): *FMB* isFloatingMenuEnabled return false
08-23 09:21:30.472: V/WindowManager(2925): Relayout Window{393432e4 u0 Starting org.qtproject.example.helloworld3}: viewVisibility=0 req=480x800 WM.LayoutParams{(0,0)(fillxfill) sim=#20 ty=3 fl=#1830118 pfl=0x11 wanim=0x1030380 surfaceInsets=Rect(0, 0 - 0, 0) needsMenuKey=2}
08-23 09:21:30.472: I/SurfaceFlinger(2503): id=392 createSurf (1x1),1 flag=404, ielloworld3
08-23 09:21:30.472: E/SELinux(17132): [DEBUG] get_category: variable seinfo: default sensitivity: NULL, cateogry: NULL
08-23 09:21:30.472: V/WindowManager(2925): findFocusedWindow: Reached focused app=AppWindowToken{285143a1 token=Token{24fe67fa ActivityRecord{2df32a25 u0 org.qtproject.example.helloworld3/org.qtproject.qt5.android.bindings.QtActivity t97}}}
08-23 09:21:30.472: D/PersonaManager(2925): getFocusedUser
08-23 09:21:30.472: D/PersonaManagerService(2925): getFocusedUser: current uesr id is 0
08-23 09:21:30.472: I/art(17132): Late-enabling -Xcheck:jni
08-23 09:21:30.482: D/TimaKeyStoreProvider(17132): in addTimaSignatureService
08-23 09:21:30.492: D/TimaKeyStoreProvider(17132): TimaSignature is unavailable
08-23 09:21:30.492: D/ActivityThread(17132): Added TimaKesytore provider
08-23 09:21:30.492: D/PersonaManager(2925): getFocusedUser
08-23 09:21:30.492: D/PersonaManagerService(2925): getFocusedUser: current uesr id is 0
08-23 09:21:30.492: V/WindowManager(2925): Relayout Window{11429bf2 u0 com.sec.android.app.launcher/com.android.launcher2.Launcher}: viewVisibility=0 req=480x800 WM.LayoutParams{(0,0)(fillxfill) sim=#20 ty=1 fl=#89910d00 fmt=-2 wanim=0x1030466 vsysui=0x700 surfaceInsets=Rect(0, 0 - 0, 0) needsMenuKey=2}
08-23 09:21:30.492: D/PersonaManager(2925): getFocusedUser
08-23 09:21:30.492: D/PersonaManagerService(2925): getFocusedUser: current uesr id is 0
08-23 09:21:30.502: V/WindowOrientationListener(2925): setCurrentAppOrientation :-1
08-23 09:21:30.502: V/WindowManager(2925): rotationForOrientationLw(orient=-1, last=0); user=0
08-23 09:21:30.502: V/WindowOrientationListener(2925): ScreenOrientationEventListenerImpl.getProposedRotationLocked, Rotation: -1
08-23 09:21:30.502: V/WindowOrientationListener(2925): getProposedRotation : mEnabled = true, mUseScreenOrientationSensor =true
08-23 09:21:30.502: D/DisplayManager(2925): addAllDisplaysLocked()
08-23 09:21:30.502: D/PowerManagerService(2925): setKeyboardVisibility: false
08-23 09:21:30.502: D/ActivityManager(2925): Launching org.qtproject.example.helloworld3, updated priority
08-23 09:21:30.502: E/art(17132): Failed sending reply to debugger: Broken pipe
08-23 09:21:30.502: I/art(17132): Debugger is no longer active
08-23 09:21:30.502: D/Launcher(3611): onStop, Launcher: 998707257
08-23 09:21:30.502: D/Launcher.HomeView(3611): onStop
08-23 09:21:30.512: W/ResourcesManager(17132): getTopLevelResources: null for user 0
08-23 09:21:30.512: D/Launcher(3611): onTrimMemory. Level: 20
08-23 09:21:30.532: W/ResourcesManager(17132): getTopLevelResources: null for user 0
08-23 09:21:30.532: V/WindowManager(2925): findFocusedWindow: No focusable windows.
08-23 09:21:30.532: D/DisplayManager(17132): DisplayManager()
08-23 09:21:30.532: D/PersonaManager(2925): getFocusedUser
08-23 09:21:30.532: D/PersonaManagerService(2925): getFocusedUser: current uesr id is 0
08-23 09:21:30.532: D/PersonaManager(2925): getFocusedUser
08-23 09:21:30.532: D/StatusBarManagerService(2925): manageDisableList userId=0 what=0x0 pkg=Window{393432e4 u0 Starting org.qtproject.example.helloworld3}
08-23 09:21:30.532: D/PersonaManagerService(2925): getFocusedUser: current uesr id is 0
08-23 09:21:30.532: V/WindowManager(2925): Relayout Window{1fad429 u0 com.android.systemui.ImageWallpaper}: viewVisibility=0 req=800x800 WM.LayoutParams{(0,0)(800x800) gr=#800033 ty=2013 fl=#318 fmt=2 wanim=0x10302e5 surfaceInsets=Rect(0, 0 - 0, 0)}
08-23 09:21:30.532: D/PersonaManager(2925): getFocusedUser
08-23 09:21:30.532: D/PersonaManagerService(2925): getFocusedUser: current uesr id is 0
08-23 09:21:30.542: V/WindowManager(2925): Relayout Window{11429bf2 u0 com.sec.android.app.launcher/com.android.launcher2.Launcher}: viewVisibility=4 req=480x800 WM.LayoutParams{(0,0)(fillxfill) sim=#20 ty=1 fl=#89910d00 fmt=-2 wanim=0x1030466 vsysui=0x700 surfaceInsets=Rect(0, 0 - 0, 0) needsMenuKey=2}
08-23 09:21:30.542: V/WindowManager(2925): findFocusedWindow: No focusable windows.
08-23 09:21:30.542: D/PersonaManager(2925): getFocusedUser
08-23 09:21:30.542: D/PersonaManagerService(2925): getFocusedUser: current uesr id is 0
08-23 09:21:30.542: D/PersonaManager(2925): getFocusedUser
08-23 09:21:30.542: D/PersonaManagerService(2925): getFocusedUser: current uesr id is 0
08-23 09:21:30.562: V/WindowManager(2925): Relayout Window{11429bf2 u0 com.sec.android.app.launcher/com.android.launcher2.Launcher EXITING}: viewVisibility=8 req=480x800 WM.LayoutParams{(0,0)(fillxfill) sim=#20 ty=1 fl=#89910d00 fmt=-2 wanim=0x1030466 vsysui=0x700 surfaceInsets=Rect(0, 0 - 0, 0) needsMenuKey=2}
08-23 09:21:30.562: V/WindowManager(2925): findFocusedWindow: No focusable windows.
08-23 09:21:30.562: D/PersonaManager(2925): getFocusedUser
08-23 09:21:30.562: D/PersonaManagerService(2925): getFocusedUser: current uesr id is 0
08-23 09:21:30.572: D/PhoneWindow(17132): *FMB* installDecor mIsFloating : false
08-23 09:21:30.572: D/PhoneWindow(17132): *FMB* installDecor flags : 8454400
08-23 09:21:30.632: I/Qt(17132): qt start
08-23 09:21:30.642: D/(17132): (null):0 ((null)): QML debugging is enabled. Only use this in a safe environment.
08-23 09:21:30.652: D/ViewRootImpl(17132): Buffer Count from app info with ::-1 && -1 for :: org.qtproject.example.helloworld3 from View :: -1 DBQ Enabled ::false false
08-23 09:21:30.652: D/OpenGLRenderer(17132): Use EGL_SWAP_BEHAVIOR_PRESERVED: true
08-23 09:21:30.662: D/WindowManager(2925): addWindowToListInOrderLocked: win=Window{15696b5a u0 org.qtproject.example.helloworld3/org.qtproject.qt5.android.bindings.QtActivity} Callers=com.android.server.wm.WindowManagerService.addWindow:2591 com.android.server.wm.Session.addToDisplay:168 android.view.IWindowSession$Stub.onTransact:122 com.android.server.wm.Session.onTransact:130
08-23 09:21:30.662: D/ActivityManager(2925): post active user change for 0 fullscreen true
08-23 09:21:30.662: D/KnoxTimeoutHandler(2925): postActiveUserChange for user 0
08-23 09:21:30.662: D/PersonaManager(2925): getFocusedUser
08-23 09:21:30.662: I/KnoxTimeoutHandler(2925): postActiveUserChange, showWhenLocked: false
08-23 09:21:30.662: D/PersonaManagerService(2925): getFocusedUser: current uesr id is 0
08-23 09:21:30.662: D/KnoxTimeoutHandler(2925): handleActiveUserChange for user 0
08-23 09:21:30.662: E/EnterpriseSharedDevicePolicy(2925): isSharedDeviceEnabled
08-23 09:21:30.662: I/EnterpriseSharedDevicePolicy(2925): isSharedDeviceEnabled in Service
08-23 09:21:30.662: D/PhoneWindow(17132): *FMB* isFloatingMenuEnabled mFloatingMenuBtn : null
08-23 09:21:30.662: D/PhoneWindow(17132): *FMB* isFloatingMenuEnabled return false
08-23 09:21:30.662: I/EnterpriseSharedDevicePolicy(2925): Get Result: -1
08-23 09:21:30.662: I/EnterpriseSharedDevicePolicy(2925): status: false
08-23 09:21:30.662: I/KnoxTimeoutHandler(2925): Shared devices show user statefalse
08-23 09:21:30.662: D/PersonaManagerService(2925): getPersonasForUser(): returning null!
08-23 09:21:30.662: V/WindowManager(2925): Relayout Window{15696b5a u0 org.qtproject.example.helloworld3/org.qtproject.qt5.android.bindings.QtActivity}: viewVisibility=0 req=480x800 WM.LayoutParams{(0,0)(fillxfill) sim=#120 ty=1 fl=#1810100 wanim=0x10303e2 surfaceInsets=Rect(0, 0 - 0, 0) needsMenuKey=2}
08-23 09:21:30.672: I/SurfaceFlinger(2503): id=393 createSurf (480x800),1 flag=404, RtActivity
08-23 09:21:30.672: V/WindowManager(2925): findFocusedWindow: Found new focus @ 8 = Window{15696b5a u0 org.qtproject.example.helloworld3/org.qtproject.qt5.android.bindings.QtActivity}
08-23 09:21:30.672: V/WindowManager(2925): Changing focus from null to Window{15696b5a u0 org.qtproject.example.helloworld3/org.qtproject.qt5.android.bindings.QtActivity} Callers=com.android.server.wm.WindowManagerService.relayoutWindow:3348 com.android.server.wm.Session.relayout:197 android.view.IWindowSession$Stub.onTransact:273 com.android.server.wm.Session.onTransact:130
08-23 09:21:30.672: D/PersonaManager(2925): getFocusedUser
08-23 09:21:30.672: D/WindowManager(2925): Input focus has changed to Window{15696b5a u0 org.qtproject.example.helloworld3/org.qtproject.qt5.android.bindings.QtActivity}
08-23 09:21:30.672: D/PersonaManagerService(2925): getFocusedUser: current uesr id is 0
08-23 09:21:30.672: D/PersonaManager(2925): getFocusedUser
08-23 09:21:30.672: D/PersonaManagerService(2925): getFocusedUser: current uesr id is 0
08-23 09:21:30.672: D/InputDispatcher(2925): Focus entered window: 17132
08-23 09:21:30.672: I/WindowManager(2925): Focus moving from null to Window{15696b5a u0 org.qtproject.example.helloworld3/org.qtproject.qt5.android.bindings.QtActivity}
08-23 09:21:30.672: I/WindowManager(2925): Gaining focus: Window{15696b5a u0 org.qtproject.example.helloworld3/org.qtproject.qt5.android.bindings.QtActivity}
08-23 09:21:30.692: I/OpenGLRenderer(17132): Initialized EGL, version 1.4
08-23 09:21:30.692: D/GC(17132): OES20 ===> GC Version : GC version rls_5011p6_GC5.5.14
08-23 09:21:30.692: D/libEGL(17132): glGetIntegerv(GL_MAX_TEXTURE_SIZE, (GLint *) 0xabc50128);
08-23 09:21:30.692: D/libEGL(17132): glGetIntegerv(GL_MAX_TEXTURE_SIZE, (GLint *) 0xabc501ac);
08-23 09:21:30.692: D/libEGL(17132): glGetString(0x1f02);
08-23 09:21:30.692: D/libEGL(17132): glGetIntegerv(GL_MAX_TEXTURE_SIZE, (GLint *) 0x4ccddb30);
08-23 09:21:30.692: D/libEGL(17132): glGetIntegerv(GL_MAX_TEXTURE_SIZE, (GLint *) 0xabc5032c);
08-23 09:21:30.692: D/libEGL(17132): glGenBuffers(1, (GLuint *) 0xabc500f4);
08-23 09:21:30.692: D/libEGL(17132): glBindBuffer(0x8892, 1);
08-23 09:21:30.692: D/libEGL(17132): glBufferData(0x8892, 64, (const void *) 0x4051981c, 0x88e4);
08-23 09:21:30.692: D/libEGL(17132): glDisable(0xc11);
08-23 09:21:30.692: D/libEGL(17132): glActiveTexture(GL_TEXTURE0);
08-23 09:21:30.692: D/libEGL(17132): glGenBuffers(1, (GLuint *) 0xabc5024c);
08-23 09:21:30.692: D/libEGL(17132): glBindBuffer(0x8892, 2);
08-23 09:21:30.692: D/libEGL(17132): glBufferData(0x8892, 131072, (const void *) 0x00000000, 0x88e8);
08-23 09:21:30.702: D/libEGL(17132): glGetIntegerv(0x8b4d, (GLint *) 0x4ccddbfc);
08-23 09:21:30.702: D/libEGL(17132): glGetIntegerv(GL_MAX_TEXTURE_SIZE, (GLint *) 0xabc500f8);
08-23 09:21:30.702: D/OpenGLRenderer(17132): Enabling debug mode 0
08-23 09:21:30.712: D/InputMethodManagerService(2925): windowGainedFocus mCurrentFocusedUserId - 0 and mSecureKeypadEnabled-false
08-23 09:21:30.722: I/StatusBar(3275): Icon Only
08-23 09:21:30.722: D/libEGL(17132): glDisable(0xbd0);
08-23 09:21:30.722: D/libEGL(17132): glClearColor(0, 0, 0, 0);
08-23 09:21:30.722: D/libEGL(17132): glEnableVertexAttribArray(0);
08-23 09:21:30.722: D/libEGL(17132): glDisable(0xbe2);
08-23 09:21:30.722: D/libEGL(17132): glDiscardFramebufferEXT(0x8d40, 1, (const GLenum *) 0x4ccdda58);
08-23 09:21:30.722: D/libEGL(17132): glViewport(0, 0, 480, 800);
08-23 09:21:30.722: D/libEGL(17132): glEnable(0xc11);
08-23 09:21:30.722: D/libEGL(17132): glScissor(0, 0, 480, 800);
08-23 09:21:30.722: D/libEGL(17132): glClear(GL_COLOR_BUFFER_BIT);
08-23 09:21:30.722: D/libEGL(17132): glInsertEventMarkerEXT(0, (const GLchar *) 0x40514bc5);
08-23 09:21:30.722: D/libEGL(17132): glScissor(0, 0, 480, 800);
08-23 09:21:30.722: D/libEGL(17132): glEnable(0xbe2);
08-23 09:21:30.722: D/libEGL(17132): glBlendFunc(GL_LINES, GL_ONE_MINUS_SRC_ALPHA);
08-23 09:21:30.722: D/libEGL(17132): glCreateShader(0x8b31);
08-23 09:21:30.722: D/libEGL(17132): const char* shaderSrc[] = {
08-23 09:21:30.722: D/libEGL(17132): "attribute vec4 position;
08-23 09:21:30.722: D/libEGL(17132): uniform mat4 projection;
08-23 09:21:30.722: D/libEGL(17132): uniform mat4 transform;
08-23 09:21:30.722: D/libEGL(17132): void main(void) {
08-23 09:21:30.722: D/libEGL(17132): vec4 transformedPosition = projection * transform * position;
08-23 09:21:30.722: D/libEGL(17132): gl_Position = transformedPosition;
08-23 09:21:30.722: D/libEGL(17132): }
08-23 09:21:30.722: D/libEGL(17132): "
08-23 09:21:30.722: D/libEGL(17132): };
08-23 09:21:30.722: D/libEGL(17132): glShaderSource(1, 1, shaderSrc, (const GLint*) 0);
08-23 09:21:30.722: D/libEGL(17132): glCompileShader(1);
08-23 09:21:30.722: D/PanelView(3275): There is/are notification(s)
08-23 09:21:30.722: I/StatusBar(3275): Icon Only
08-23 09:21:30.732: D/PanelView(3275): There is/are notification(s)
08-23 09:21:30.732: D/libEGL(17132): glGetShaderiv(1, 0x8b81, (GLint *) 0x4ccdd6b8);
08-23 09:21:30.732: D/libEGL(17132): glCreateShader(0x8b30);
08-23 09:21:30.732: D/libEGL(17132): const char* shaderSrc[] = {
08-23 09:21:30.732: D/libEGL(17132): "precision mediump float;
08-23 09:21:30.732: D/libEGL(17132): uniform vec4 color;
08-23 09:21:30.732: D/libEGL(17132): void main(void) {
08-23 09:21:30.732: D/libEGL(17132): gl_FragColor = color;
08-23 09:21:30.732: D/libEGL(17132): }
08-23 09:21:30.732: D/libEGL(17132): "
08-23 09:21:30.732: D/libEGL(17132): };
08-23 09:21:30.732: D/libEGL(17132): glShaderSource(2, 1, shaderSrc, (const GLint*) 0);
08-23 09:21:30.732: D/libEGL(17132): glCompileShader(2);
08-23 09:21:30.732: D/libEGL(17132): glGetShaderiv(2, 0x8b81, (GLint *) 0x4ccdd6b8);
08-23 09:21:30.732: D/libEGL(17132): glCreateProgram();
08-23 09:21:30.732: D/libEGL(17132): glAttachShader(3, 1);
08-23 09:21:30.732: D/libEGL(17132): glAttachShader(3, 2);
08-23 09:21:30.732: D/libEGL(17132): glBindAttribLocation(3, 0, (const GLchar *) 0x40515c90);
08-23 09:21:30.732: D/libEGL(17132): glLinkProgram(3);
08-23 09:21:30.742: D/libEGL(17132): glGetProgramiv(3, 0x8b82, (GLint *) 0x4ccdd8d8);
08-23 09:21:30.742: D/libEGL(17132): glGetUniformLocation(3, (const GLchar *) 0x40515ccb);
08-23 09:21:30.742: D/libEGL(17132): glGetUniformLocation(3, (const GLchar *) 0x40515cd5);
08-23 09:21:30.742: D/libEGL(17132): glUseProgram(3);
08-23 09:21:30.742: D/libEGL(17132): const GLfloat value[] = {
08-23 09:21:30.742: D/libEGL(17132): 0.00416667, 0, 0, 0,
08-23 09:21:30.742: D/libEGL(17132): 0, -0.0025, 0, 0,
08-23 09:21:30.742: D/libEGL(17132): 0, 0, -1, 0,
08-23 09:21:30.742: D/libEGL(17132): -1, 1, -0, 1
08-23 09:21:30.742: D/libEGL(17132): };
08-23 09:21:30.742: D/libEGL(17132): glUniformMatrix4fv(0, 1, GL_FALSE, value);
08-23 09:21:30.742: D/libEGL(17132): const GLfloat value[] = {
08-23 09:21:30.742: D/libEGL(17132): 480, 0, 0, 0,
08-23 09:21:30.742: D/libEGL(17132): 0, 800, 0, 0,
08-23 09:21:30.742: D/libEGL(17132): 0, 0, 1, 0,
08-23 09:21:30.742: D/libEGL(17132): 0, 0, 0, 1
08-23 09:21:30.742: D/libEGL(17132): };
08-23 09:21:30.742: D/libEGL(17132): glUniformMatrix4fv(1, 1, GL_FALSE, value);
08-23 09:21:30.742: D/libEGL(17132): glGetUniformLocation(3, (const GLchar *) 0x40515ce0);
08-23 09:21:30.742: D/libEGL(17132): glUniform4f(2, 0, 0, 0, 1);
08-23 09:21:30.742: D/libEGL(17132): glBindBuffer(0x8892, 1);
08-23 09:21:30.742: D/libEGL(17132): glVertexAttribPointer(0, 2, GL_FLOAT, GL_FALSE, 16, (const void *) 0x00000000);
08-23 09:21:30.742: D/libEGL(17132): glDrawArrays(GL_TRIANGLE_STRIP, 0, 4);
08-23 09:21:30.742: D/libEGL(17132): glGetError();
08-23 09:21:30.742: D/PersonaManager(2925): getFocusedUser
08-23 09:21:30.742: D/PersonaManagerService(2925): getFocusedUser: current uesr id is 0
08-23 09:21:30.742: I/Timeline(17132): Timeline: Activity_idle id: android.os.BinderProxy@2cb23082 time:40154075
08-23 09:21:30.742: D/PersonaManager(2925): getFocusedUser
08-23 09:21:30.742: D/PersonaManagerService(2925): getFocusedUser: current uesr id is 0
08-23 09:21:30.752: I/ActivityManager(2925): Displayed org.qtproject.example.helloworld3/org.qtproject.qt5.android.bindings.QtActivity: +290ms
08-23 09:21:30.752: D/PersonaManager(2925): getFocusedUser
08-23 09:21:30.752: D/PersonaManagerService(2925): getFocusedUser: current uesr id is 0
08-23 09:21:30.752: V/WindowManager(2925): findFocusedWindow: Found new focus @ 8 = Window{15696b5a u0 org.qtproject.example.helloworld3/org.qtproject.qt5.android.bindings.QtActivity}
08-23 09:21:30.752: D/PersonaManager(2925): getFocusedUser
08-23 09:21:30.752: D/PersonaManagerService(2925): getFocusedUser: current uesr id is 0
08-23 09:21:30.832: D/CustomFrequencyManagerService(2925): acquireDVFSLockLocked : type : DVFS_MIN_LIMIT frequency : 1248000 uid : 1000 pid : 2925 pkgName : ACTIVITY_RESUME_BOOSTER@10
08-23 09:21:30.832: D/CustomFrequencyManagerService(2925): releaseDVFSLockLocked : Getting Lock type frm List : DVFS_MIN_LIMIT frequency : 1248000 uid : 1000 pid : 2925 tag : ACTIVITY_RESUME_BOOSTER@4
08-23 09:21:30.832: I/Timeline(2925): Timeline: Activity_windows_visible id: ActivityRecord{2df32a25 u0 org.qtproject.example.helloworld3/org.qtproject.qt5.android.bindings.QtActivity t97} time:40154163
08-23 09:21:30.832: W/ActivityManager(2925): mDVFSHelper.release()
08-23 09:21:30.832: D/PersonaManager(2925): getFocusedUser
08-23 09:21:30.832: D/PersonaManagerService(2925): getFocusedUser: current uesr id is 0
08-23 09:21:30.832: I/SurfaceFlinger(2503): id=391 Removed Mauncher (3/10)
08-23 09:21:30.832: I/SurfaceFlinger(2503): id=391 Removed Mauncher (-2/10)
08-23 09:21:30.832: D/PersonaManager(2925): getFocusedUser
08-23 09:21:30.832: D/PersonaManagerService(2925): getFocusedUser: current uesr id is 0
08-23 09:21:30.842: D/PersonaManager(2925): getFocusedUser
08-23 09:21:30.842: D/PersonaManagerService(2925): getFocusedUser: current uesr id is 0
08-23 09:21:30.952: D/PersonaManager(2925): getFocusedUser
08-23 09:21:30.952: D/PersonaManagerService(2925): getFocusedUser: current uesr id is 0
08-23 09:21:30.952: V/WindowManager(2925): findFocusedWindow: Found new focus @ 8 = Window{15696b5a u0 org.qtproject.example.helloworld3/org.qtproject.qt5.android.bindings.QtActivity}
08-23 09:21:30.952: I/SurfaceFlinger(2503): id=392 Removed ielloworld3 (7/9)
08-23 09:21:30.952: I/SurfaceFlinger(2503): id=392 Removed ielloworld3 (-2/9)
08-23 09:21:30.952: D/PersonaManager(2925): getFocusedUser
08-23 09:21:30.952: D/PersonaManagerService(2925): getFocusedUser: current uesr id is 0
08-23 09:21:31.132: D/CustomFrequencyManagerService(2925): releaseDVFSLockLocked : Getting Lock type frm List : DVFS_MIN_LIMIT frequency : 1248000 uid : 1000 pid : 2925 tag : ACTIVITY_RESUME_BOOSTER@10
08-23 09:21:31.132: D/CustomFrequencyManagerService(2925): FrequencyrequestList.getNextCStateDisableRequest, index: 5
08-23 09:21:31.552: D/GC(17132): OES20 ===> GC Version : GC version rls_5011p6_GC5.5.14
08-23 09:21:31.562: D/libEGL(17132): glGetString(0x1f02);
08-23 09:21:31.572: V/WindowManager(2925): Relayout Window{15696b5a u0 org.qtproject.example.helloworld3/org.qtproject.qt5.android.bindings.QtActivity}: viewVisibility=0 req=480x800 WM.LayoutParams{(0,0)(fillxfill) sim=#20 ty=1 fl=#1810100 fmt=-3 wanim=0x10303e2 surfaceInsets=Rect(0, 0 - 0, 0) needsMenuKey=2}
08-23 09:21:31.572: I/SurfaceFlinger(2503): id=393 Removed RtActivity (4/8)
08-23 09:21:31.572: I/SurfaceFlinger(2503): id=394 createSurf (480x800),1 flag=4, RtActivity
08-23 09:21:31.582: I/SurfaceFlinger(2503): id=393 Removed RtActivity (-2/9)
08-23 09:21:31.582: V/WindowManager(2925): findFocusedWindow: Found new focus @ 8 = Window{15696b5a u0 org.qtproject.example.helloworld3/org.qtproject.qt5.android.bindings.QtActivity}
08-23 09:21:31.582: D/PersonaManager(2925): getFocusedUser
08-23 09:21:31.582: D/PersonaManagerService(2925): getFocusedUser: current uesr id is 0
08-23 09:21:31.592: D/WindowManager(2925): addWindowToListInOrderLocked: win=Window{187c1d14 u0 SurfaceView} Callers=com.android.server.wm.WindowManagerService.addWindow:2591 com.android.server.wm.Session.addToDisplayWithoutInputChannel:182 android.view.IWindowSession$Stub.onTransact:209 com.android.server.wm.Session.onTransact:130
08-23 09:21:31.592: V/WindowManager(2925): Relayout Window{187c1d14 u0 SurfaceView}: viewVisibility=0 req=480x764 WM.LayoutParams{(0,36)(480x764) gr=#800033 ty=1001 fl=#4218 pfl=0x40 fmt=1 surfaceInsets=Rect(0, 0 - 0, 0)}
08-23 09:21:31.592: I/SurfaceFlinger(2503): id=395 createSurf (480x764),1 flag=4, TurfaceView
08-23 09:21:31.592: D/PersonaManager(2925): getFocusedUser
08-23 09:21:31.592: V/WindowManager(2925): findFocusedWindow: Found new focus @ 9 = Window{15696b5a u0 org.qtproject.example.helloworld3/org.qtproject.qt5.android.bindings.QtActivity}
08-23 09:21:31.592: D/PersonaManagerService(2925): getFocusedUser: current uesr id is 0
08-23 09:21:31.592: D/SRIB_DBQ(17132): SurfaceView:updateWindow: viewRoot.sSVBufferCount=-1 mSVBufferCount=-1
08-23 09:21:31.602: D/PersonaManager(2925): getFocusedUser
08-23 09:21:31.602: D/PersonaManagerService(2925): getFocusedUser: current uesr id is 0
08-23 09:21:31.602: D/libEGL(17132): glGetString(0x1f01);
08-23 09:21:31.602: D/libEGL(17132): glEnable(0xbe2);
08-23 09:21:31.602: D/libEGL(17132): glGetIntegerv(GL_MAX_TEXTURE_SIZE, (GLint *) 0xabd910c4);
08-23 09:21:31.602: D/libEGL(17132): glDiscardFramebufferEXT(0x8d40, 1, (const GLenum *) 0x4ccdda58);
08-23 09:21:31.602: D/libEGL(17132): glGetIntegerv(GL_MAX_TEXTURE_SIZE, (GLint *) 0x567bdcbc);
08-23 09:21:31.602: D/libEGL(17132): glViewport(0, 0, 480, 800);
08-23 09:21:31.602: D/libEGL(17132): glClear(GL_COLOR_BUFFER_BIT);
08-23 09:21:31.602: D/libEGL(17132): glInsertEventMarkerEXT(0, (const GLchar *) 0x40514bc5);
08-23 09:21:31.602: D/libEGL(17132): glScissor(0, 0, 480, 800);
08-23 09:21:31.602: D/libEGL(17132): glCreateShader(0x8b31);
08-23 09:21:31.602: D/libEGL(17132): const char* shaderSrc[] = {
08-23 09:21:31.602: D/libEGL(17132): "attribute vec4 position;
08-23 09:21:31.602: D/libEGL(17132): uniform mat4 projection;
08-23 09:21:31.602: D/libEGL(17132): uniform mat4 transform;
08-23 09:21:31.602: D/libEGL(17132): uniform mat4 screenSpace;
08-23 09:21:31.602: D/libEGL(17132): varying float linear;
08-23 09:21:31.602: D/libEGL(17132): varying vec2 ditherTexCoords;
08-23 09:21:31.602: D/libEGL(17132): void main(void) {
08-23 09:21:31.602: D/libEGL(17132): vec4 transformedPosition = projection * transform * position;
08-23 09:21:31.602: D/libEGL(17132): gl_Position = transformedPosition;
08-23 09:21:31.602: D/libEGL(17132): linear = (screenSpace * position).x;
08-23 09:21:31.602: D/libEGL(17132): ditherTexCoords = (transform * position).xy * (1.0 / 4.0);
08-23 09:21:31.602: D/libEGL(17132): }
08-23 09:21:31.602: D/libEGL(17132): "
08-23 09:21:31.602: D/libEGL(17132): glGetString(0x1f00);
08-23 09:21:31.602: D/libEGL(17132): };
08-23 09:21:31.602: D/libEGL(17132): glGetString(0x1f01);
08-23 09:21:31.602: D/libEGL(17132): glShaderSource(4, 1, shaderSrc, (const GLint*) 0);
08-23 09:21:31.602: D/libEGL(17132): glCompileShader(4);
08-23 09:21:31.602: D/libEGL(17132): glGetString(0x1f01);
08-23 09:21:31.602: D/libEGL(17132): glGetString(0x1f01);
08-23 09:21:31.602: D/libEGL(17132): glGenBuffers(1, (GLuint *) 0x567bbe40);
08-23 09:21:31.602: D/libEGL(17132): glBindBuffer(0x8892, 1);
08-23 09:21:31.602: D/libEGL(17132): glBufferData(0x8892, 64, (const void *) 0x4cad2128, 0x88e4);
08-23 09:21:31.602: D/libEGL(17132): glBindBuffer(0x8892, 0);
08-23 09:21:31.602: D/libEGL(17132): glGetIntegerv(GL_MAX_TEXTURE_SIZE, (GLint *) 0xac0c8ff8);
08-23 09:21:31.612: D/libEGL(17132): glGetString(0x1f01);
08-23 09:21:31.612: D/libEGL(17132): glGetIntegerv(0xcf5, (GLint *) 0x567bdac0);
08-23 09:21:31.612: D/libEGL(17132): glPixelStorei(0xcf5, 1);
08-23 09:21:31.612: D/libEGL(17132): glGetError();
08-23 09:21:31.612: D/libEGL(17132): glGenTextures(1, (GLuint *) 0xac0e2578);
08-23 09:21:31.612: D/libEGL(17132): glBindTexture(0xde1, 1);
08-23 09:21:31.612: D/libEGL(17132): glTexParameteri(0xde1, 0x2800, 9728);
08-23 09:21:31.612: D/libEGL(17132): glTexParameteri(0xde1, 0x2801, 9728);
08-23 09:21:31.612: D/libEGL(17132): glTexParameteri(0xde1, 0x2802, 33071);
08-23 09:21:31.612: D/libEGL(17132): glTexParameteri(0xde1, 0x2803, 33071);
08-23 09:21:31.612: D/libEGL(17132): glTexImage2D(0xde1, 0, 6406, 173, 100, 0, GL_ALPHA, GL_UNSIGNED_BYTE, (const void *) 0xac102270);
08-23 09:21:31.612: D/libEGL(17132): glGetError();
08-23 09:21:31.612: D/libEGL(17132): glBindTexture(0xde1, 1);
08-23 09:21:31.612: D/libEGL(17132): glGetString(0x1f01);
08-23 09:21:31.612: D/libEGL(17132): glTexSubImage2D(0xde1, 0, 0, 0, 37, 44, GL_ALPHA, GL_UNSIGNED_BYTE, (const void *) 0xac0dcca8);
08-23 09:21:31.612: D/libEGL(17132): glBindTexture(0xde1, 1);
08-23 09:21:31.612: D/libEGL(17132): glTexSubImage2D(0xde1, 0, 0, 44, 39, 56, GL_ALPHA, GL_UNSIGNED_BYTE, (const void *) 0xac0f7ae8);
08-23 09:21:31.612: D/libEGL(17132): glBindTexture(0xde1, 1);
08-23 09:21:31.612: D/libEGL(17132): glTexSubImage2D(0xde1, 0, 37, 0, 37, 44, GL_ALPHA, GL_UNSIGNED_BYTE, (const void *) 0xac0dcca8);
08-23 09:21:31.612: D/libEGL(17132): glBindTexture(0xde1, 1);
08-23 09:21:31.612: D/libEGL(17132): glTexSubImage2D(0xde1, 0, 39, 44, 39, 55, GL_ALPHA, GL_UNSIGNED_BYTE, (const void *) 0xac0f7ae8);
08-23 09:21:31.612: D/libEGL(17132): glBindTexture(0xde1, 1);
08-23 09:21:31.612: D/libEGL(17132): glTexSubImage2D(0xde1, 0, 74, 0, 53, 43, GL_ALPHA, GL_UNSIGNED_BYTE, (const void *) 0xac0f7ae8);
08-23 09:21:31.612: D/libEGL(17132): glBindTexture(0xde1, 1);
08-23 09:21:31.612: D/libEGL(17132): glTexSubImage2D(0xde1, 0, 78, 44, 30, 50, GL_ALPHA, GL_UNSIGNED_BYTE, (const void *) 0xac0f7ae8);
08-23 09:21:31.612: D/libEGL(17132): glBindTexture(0xde1, 1);
08-23 09:21:31.612: D/libEGL(17132): glTexSubImage2D(0xde1, 0, 108, 44, 45, 54, GL_ALPHA, GL_UNSIGNED_BYTE, (const void *) 0xac0f7ae8);
08-23 09:21:31.612: D/libEGL(17132): glBindTexture(0xde1, 1);
08-23 09:21:31.612: D/libEGL(17132): glTexSubImage2D(0xde1, 0, 127, 0, 39, 44, GL_ALPHA, GL_UNSIGNED_BYTE, (const void *) 0xac0f7ae8);
08-23 09:21:31.612: D/libEGL(17132): glBindTexture(0xde1, 1);
08-23 09:21:31.612: D/libEGL(17132): glTexSubImage2D(0xde1, 0, 153, 44, 20, 53, GL_ALPHA, GL_UNSIGNED_BYTE, (const void *) 0xac0f6460);
08-23 09:21:31.612: D/libEGL(17132): glPixelStorei(0xcf5, 4);
08-23 09:21:31.612: D/libEGL(17132): glBindFramebuffer(0x8d40, 0);
08-23 09:21:31.612: D/libEGL(17132): glGenTextures(1, (GLuint *) 0xac0bcfe8);
08-23 09:21:31.612: D/libEGL(17132): glGenTextures(1, (GLuint *) 0xac0b0920);
08-23 09:21:31.612: D/libEGL(17132): glGenBuffers(1, (GLuint *) 0xac0dabb4);
08-23 09:21:31.612: D/libEGL(17132): glBindBuffer(0x8892, 2);
08-23 09:21:31.612: D/libEGL(17132): glBufferData(0x8892, 76, (const void *) 0xac0a6490, 0x88e4);
08-23 09:21:31.612: D/libEGL(17132): glGenBuffers(1, (GLuint *) 0xac0dc214);
08-23 09:21:31.612: D/libEGL(17132): glBindBuffer(0x8892, 3);
08-23 09:21:31.612: D/libEGL(17132): glBufferData(0x8892, 428, (const void *) 0xac0da900, 0x88e4);
08-23 09:21:31.612: D/libEGL(17132): glGenBuffers(1, (GLuint *) 0xac0dfc2c);
08-23 09:21:31.612: D/libEGL(17132): glBindBuffer(0x8892, 4);
08-23 09:21:31.612: D/libEGL(17132): glBufferData(0x8892, 1012, (const void *) 0xac0f6460, 0x88e4);
08-23 09:21:31.612: D/libEGL(17132): glGenBuffers(1, (GLuint *) 0xac0f5b6c);
08-23 09:21:31.612: D/libEGL(17132): glBindBuffer(0x8892, 5);
08-23 09:21:31.612: D/libEGL(17132): glBufferData(0x8892, 428, (const void *) 0xac0f6460, 0x88e4);
08-23 09:21:31.612: D/libEGL(17132): glGenBuffers(1, (GLuint *) 0xac0f4514);
08-23 09:21:31.612: D/libEGL(17132): glBindBuffer(0x8892, 6);
08-23 09:21:31.612: D/libEGL(17132): glBufferData(0x8892, 92, (const void *) 0xac0f6460, 0x88e4);
08-23 09:21:31.612: D/libEGL(17132): glViewport(0, 0, 480, 764);
08-23 09:21:31.612: D/libEGL(17132): glClearColor(1, 1, 1, 1);
08-23 09:21:31.612: D/libEGL(17132): glClearDepthf(1);
08-23 09:21:31.612: D/libEGL(17132): glEnable(0xb71);
08-23 09:21:31.612: D/libEGL(17132): glDepthFunc(GL_LESS);
08-23 09:21:31.612: D/libEGL(17132): glDepthMask(GL_TRUE);
08-23 09:21:31.612: D/libEGL(17132): glDisable(0xbe2);
08-23 09:21:31.612: D/libEGL(17132): glDisable(0xb44);
08-23 09:21:31.612: D/libEGL(17132): glColorMask(GL_TRUE, GL_TRUE, GL_TRUE, GL_TRUE);
08-23 09:21:31.612: D/libEGL(17132): glDisable(0xc11);
08-23 09:21:31.612: D/libEGL(17132): glDisable(0xb90);
08-23 09:21:31.612: D/libEGL(17132): glClear(GL_COLOR_BUFFER_BIT | GL_STENCIL_BUFFER_BIT | GL_DEPTH_BUFFER_BIT);
08-23 09:21:31.612: D/libEGL(17132): glBindBuffer(0x8892, 2);
08-23 09:21:31.612: D/libEGL(17132): glBindBuffer(0x8893, 2);
08-23 09:21:31.612: D/libEGL(17132): glCreateProgram();
08-23 09:21:31.612: D/libEGL(17132): glBindAttribLocation(1, 0, (const GLchar *) 0x4ca80f7a);
08-23 09:21:31.612: D/libEGL(17132): glBindAttribLocation(1, 1, (const GLchar *) 0x4ca80f86);
08-23 09:21:31.612: D/libEGL(17132): glBindAttribLocation(1, 2, (const GLchar *) 0x4ca8044d);
08-23 09:21:31.612: D/libEGL(17132): glCreateShader(0x8b31);
08-23 09:21:31.612: D/libEGL(17132): glGetShaderiv(4, 0x8b81, (GLint *) 0x4ccdd6b8);
08-23 09:21:31.612: D/libEGL(17132): glCreateShader(0x8b30);
08-23 09:21:31.612: D/libEGL(17132): const char* shaderSrc[] = {
08-23 09:21:31.612: D/libEGL(17132): "precision mediump float;
08-23 09:21:31.612: D/libEGL(17132): varying float linear;
08-23 09:21:31.612: D/libEGL(17132): varying vec2 ditherTexCoords;
08-23 09:21:31.612: D/libEGL(17132): uniform sampler2D ditherSampler;
08-23 09:21:31.612: D/libEGL(17132): uniform vec4 startColor;
08-23 09:21:31.612: D/libEGL(17132): uniform vec4 endColor;
08-23 09:21:31.612: D/libEGL(17132): void main(void) {
08-23 09:21:31.612: D/libEGL(17132): gl_FragColor = texture2D(ditherSampler, ditherTexCoords).a + mix(startColor, endColor, clamp(linear, 0.0, 1.0));
08-23 09:21:31.612: D/libEGL(17132): }
08-23 09:21:31.612: D/libEGL(17132): "
08-23 09:21:31.612: D/libEGL(17132): };
08-23 09:21:31.612: D/libEGL(17132): glShaderSource(5, 1, shaderSrc, (const GLint*) 0);
08-23 09:21:31.612: D/libEGL(17132): glCompileShader(5);
08-23 09:21:31.612: D/libEGL(17132): glGetString(0x1f02);
08-23 09:21:31.612: D/libEGL(17132): const char* shaderSrc[] = {
08-23 09:21:31.612: D/libEGL(17132): "#line 1
08-23 09:21:31.612: D/libEGL(17132): ",
08-23 09:21:31.612: D/libEGL(17132): "attribute highp vec4 vertexCoord;
08-23 09:21:31.612: D/libEGL(17132): attribute highp vec4 vertexColor;
08-23 09:21:31.612: D/libEGL(17132): uniform highp mat4 matrix;
08-23 09:21:31.612: D/libEGL(17132): uniform highp float opacity;
08-23 09:21:31.612: D/libEGL(17132): varying lowp vec4 color;
08-23 09:21:31.612: D/libEGL(17132): attribute highp float _qt_order;
08-23 09:21:31.612: D/libEGL(17132): uniform highp float _qt_zRange;
08-23 09:21:31.612: D/libEGL(17132): void main()
08-23 09:21:31.612: D/libEGL(17132): {
08-23 09:21:31.612: D/libEGL(17132): gl_Position = matrix * vertexCoord;
08-23 09:21:31.612: D/libEGL(17132): color = vertexColor * opacity;
08-23 09:21:31.612: D/libEGL(17132): gl_Position.z = (gl_Position.z * _qt_zRange + _qt_order) * gl_Position.w;
08-23 09:21:31.612: D/libEGL(17132): }"
08-23 09:21:31.612: D/libEGL(17132): };
08-23 09:21:31.612: D/libEGL(17132): const GLint* shaderLength[] = {
08-23 09:21:31.612: D/libEGL(17132): "8",
08-23 09:21:31.612: D/libEGL(17132): "385"
08-23 09:21:31.612: D/libEGL(17132): };
08-23 09:21:31.612: D/libEGL(17132): glShaderSource(2, 2, shaderSrc, shaderLength);
08-23 09:21:31.612: D/libEGL(17132): glCompileShader(2);
08-23 09:21:31.632: D/libEGL(17132): glGetShaderiv(2, 0x8b81, (GLint *) 0x567bd7a8);
08-23 09:21:31.632: D/libEGL(17132): glAttachShader(1, 2);
08-23 09:21:31.632: D/libEGL(17132): glCreateShader(0x8b30);
08-23 09:21:31.632: D/libEGL(17132): glGetString(0x1f02);
08-23 09:21:31.632: D/libEGL(17132): const char* shaderSrc[] = {
08-23 09:21:31.632: D/libEGL(17132): "#ifndef GL_FRAGMENT_PRECISION_HIGH
08-23 09:21:31.632: D/libEGL(17132): #define highp mediump
08-23 09:21:31.632: D/libEGL(17132): #endif
08-23 09:21:31.632: D/libEGL(17132): ",
08-23 09:21:31.632: D/libEGL(17132): "#line 1
08-23 09:21:31.632: D/libEGL(17132): ",
08-23 09:21:31.632: D/libEGL(17132): "varying lowp vec4 color;
08-23 09:21:31.632: D/libEGL(17132): void main()
08-23 09:21:31.632: D/libEGL(17132): {
08-23 09:21:31.632: D/libEGL(17132): gl_FragColor = color;
08-23 09:21:31.632: D/libEGL(17132): }"
08-23 09:21:31.632: D/libEGL(17132): };
08-23 09:21:31.632: D/libEGL(17132): const GLint* shaderLength[] = {
08-23 09:21:31.632: D/libEGL(17132): "64",
08-23 09:21:31.632: D/libEGL(17132): "8",
08-23 09:21:31.632: D/libEGL(17132): "67"
08-23 09:21:31.632: D/libEGL(17132): };
08-23 09:21:31.632: D/libEGL(17132): glShaderSource(3, 3, shaderSrc, shaderLength);
08-23 09:21:31.632: D/libEGL(17132): glCompileShader(3);
08-23 09:21:31.632: D/libEGL(17132): glGetShaderiv(5, 0x8b81, (GLint *) 0x4ccdd6b8);
08-23 09:21:31.632: D/libEGL(17132): glCreateProgram();
08-23 09:21:31.632: D/libEGL(17132): glAttachShader(6, 4);
08-23 09:21:31.632: D/libEGL(17132): glAttachShader(6, 5);
08-23 09:21:31.632: D/libEGL(17132): glBindAttribLocation(6, 0, (const GLchar *) 0x40515c90);
08-23 09:21:31.632: D/libEGL(17132): glLinkProgram(6);
08-23 09:21:31.632: D/libEGL(17132): glGetProgramiv(6, 0x8b82, (GLint *) 0x4ccdd8d8);
08-23 09:21:31.632: D/libEGL(17132): glGetUniformLocation(6, (const GLchar *) 0x40515ccb);
08-23 09:21:31.632: D/libEGL(17132): glGetUniformLocation(6, (const GLchar *) 0x40515cd5);
08-23 09:21:31.632: D/libEGL(17132): glUseProgram(6);
08-23 09:21:31.632: D/libEGL(17132): const GLfloat value[] = {
08-23 09:21:31.632: D/libEGL(17132): 0.00416667, 0, 0, 0,
08-23 09:21:31.632: D/libEGL(17132): 0, -0.0025, 0, 0,
08-23 09:21:31.632: D/libEGL(17132): 0, 0, -1, 0,
08-23 09:21:31.632: D/libEGL(17132): -1, 1, -0, 1
08-23 09:21:31.632: D/libEGL(17132): };
08-23 09:21:31.632: D/libEGL(17132): glUniformMatrix4fv(0, 1, GL_FALSE, value);
08-23 09:21:31.632: D/libEGL(17132): const GLfloat value[] = {
08-23 09:21:31.632: D/libEGL(17132): 480, 0, 0, 0,
08-23 09:21:31.632: D/libEGL(17132): 0, 800, 0, 0,
08-23 09:21:31.632: D/libEGL(17132): 0, 0, 1, 0,
08-23 09:21:31.632: D/libEGL(17132): 0, 0, 0, 1
08-23 09:21:31.632: D/libEGL(17132): };
08-23 09:21:31.632: D/libEGL(17132): glUniformMatrix4fv(1, 1, GL_FALSE, value);
08-23 09:21:31.632: D/libEGL(17132): glGetUniformLocation(6, (const GLchar *) 0x405188bf);
08-23 09:21:31.632: D/libEGL(17132): glUniform4f(4, 0.909804, 0.909804, 0.909804, 1);
08-23 09:21:31.632: D/libEGL(17132): glGetUniformLocation(6, (const GLchar *) 0x405188ca);
08-23 09:21:31.632: D/libEGL(17132): glUniform4f(5, 1, 1, 1, 1);
08-23 09:21:31.632: D/libEGL(17132): glGenTextures(1, (GLuint *) 0xabc50354);
08-23 09:21:31.632: D/libEGL(17132): glBindTexture(0xde1, 1);
08-23 09:21:31.632: D/libEGL(17132): glTexParameteri(0xde1, 0x2801, 9728);
08-23 09:21:31.632: D/libEGL(17132): glTexParameteri(0xde1, 0x2800, 9728);
08-23 09:21:31.632: D/libEGL(17132): glTexParameteri(0xde1, 0x2802, 10497);
08-23 09:21:31.632: D/libEGL(17132): glTexParameteri(0xde1, 0x2803, 10497);
08-23 09:21:31.632: D/libEGL(17132): glTexParameteri(0xde1, 0x8e45, 6403);
08-23 09:21:31.632: D/libEGL(17132): glPixelStorei(0xcf5, 4);
08-23 09:21:31.632: D/libEGL(17132): glTexImage2D(0xde1, 0, 33325, 4, 4, 0, 0x1903, GL_FLOAT, (const void *) 0x4ccdd724);
08-23 09:21:31.632: D/libEGL(17132): glGetUniformLocation(6, (const GLchar *) 0x405153c2);
08-23 09:21:31.632: D/libEGL(17132): glUniform1i(3, 0);
08-23 09:21:31.632: D/libEGL(17132): glGetUniformLocation(6, (const GLchar *) 0x405188b3);
08-23 09:21:31.632: D/libEGL(17132): const GLfloat value[] = {
08-23 09:21:31.632: D/libEGL(17132): 0, -0.6, 0, 0,
08-23 09:21:31.632: D/libEGL(17132): 1, 0, 0, 0,
08-23 09:21:31.632: D/libEGL(17132): 0, 0, 1, 0,
08-23 09:21:31.632: D/libEGL(17132): 0, 0, 0, 1
08-23 09:21:31.632: D/libEGL(17132): };
08-23 09:21:31.632: D/libEGL(17132): glUniformMatrix4fv(2, 1, GL_FALSE, value);
08-23 09:21:31.632: D/libEGL(17132): glDrawArrays(GL_TRIANGLE_STRIP, 0, 4);
08-23 09:21:31.632: D/libEGL(17132): glScissor(0, 0, 480, 764);
08-23 09:21:31.632: D/libEGL(17132): glBlendFunc(GL_POINTS, GL_ONE_MINUS_SRC_ALPHA);
08-23 09:21:31.632: D/libEGL(17132): glCreateShader(0x8b31);
08-23 09:21:31.632: D/libEGL(17132): const char* shaderSrc[] = {
08-23 09:21:31.632: D/libEGL(17132): "attribute vec4 position;
08-23 09:21:31.632: D/libEGL(17132): uniform mat4 projection;
08-23 09:21:31.632: D/libEGL(17132): uniform mat4 transform;
08-23 09:21:31.632: D/libEGL(17132): void main(void) {
08-23 09:21:31.632: D/libEGL(17132): vec4 transformedPosition = projection * transform * position;
08-23 09:21:31.632: D/libEGL(17132): gl_Position = transformedPosition;
08-23 09:21:31.632: D/libEGL(17132): }
08-23 09:21:31.632: D/libEGL(17132): "
08-23 09:21:31.632: D/libEGL(17132): };
08-23 09:21:31.632: D/libEGL(17132): glShaderSource(7, 1, shaderSrc, (const GLint*) 0);
08-23 09:21:31.632: D/libEGL(17132): glCompileShader(7);
08-23 09:21:31.642: D/libEGL(17132): glGetShaderiv(3, 0x8b81, (GLint *) 0x567bd7a8);
08-23 09:21:31.642: D/libEGL(17132): glAttachShader(1, 3);
08-23 09:21:31.642: D/libEGL(17132): glLinkProgram(1);
08-23 09:21:31.642: D/libEGL(17132): glGetProgramiv(1, 0x8b82, (GLint *) 0x567bd8a0);
08-23 09:21:31.642: D/libEGL(17132): glGetProgramiv(1, 0x8b84, (GLint *) 0x567bd8a0);
08-23 09:21:31.642: D/libEGL(17132): glUseProgram(1);
08-23 09:21:31.642: D/libEGL(17132): glGetUniformLocation(1, (const GLchar *) 0x4ca80431);
08-23 09:21:31.642: D/libEGL(17132): glGetUniformLocation(1, (const GLchar *) 0x4ca80f4e);
08-23 09:21:31.642: D/libEGL(17132): glGetUniformLocation(1, (const GLchar *) 0x4ca80457);
08-23 09:21:31.642: D/libEGL(17132): glEnableVertexAttribArray(0);
08-23 09:21:31.642: D/libEGL(17132): glEnableVertexAttribArray(1);
08-23 09:21:31.642: D/libEGL(17132): glEnableVertexAttribArray(2);
08-23 09:21:31.642: D/libEGL(17132): glUseProgram(1);
08-23 09:21:31.642: D/libEGL(17132): const GLfloat value[] = {
08-23 09:21:31.642: D/libEGL(17132): 1
08-23 09:21:31.642: D/libEGL(17132): };
08-23 09:21:31.642: D/libEGL(17132): glUniform1f(1, 1, value);
08-23 09:21:31.642: D/libEGL(17132): const GLfloat value[] = {
08-23 09:21:31.642: D/libEGL(17132): 0.00416667, 0, 0, 0,
08-23 09:21:31.642: D/libEGL(17132): 0, -0.0026178, 0, 0,
08-23 09:21:31.642: D/libEGL(17132): 0, 0, 1, 0,
08-23 09:21:31.642: D/libEGL(17132): -1, 1, 0, 1
08-23 09:21:31.642: D/libEGL(17132): };
08-23 09:21:31.642: D/libEGL(17132): glUniformMatrix4fv(0, 1, GL_FALSE, value);
08-23 09:21:31.642: D/libEGL(17132): glVertexAttribPointer(0, 2, GL_FLOAT, GL_FALSE, 12, (const void *) 0x00000000);
08-23 09:21:31.642: D/libEGL(17132): glVertexAttribPointer(1, 4, GL_UNSIGNED_BYTE, GL_TRUE, 12, (const void *) 0x00000008);
08-23 09:21:31.642: D/libEGL(17132): glVertexAttribPointer(2, 1, GL_FLOAT, GL_FALSE, 0, (const void *) 0x00000030);
08-23 09:21:31.642: D/libEGL(17132): glDrawElements(GL_TRIANGLE_STRIP, 4, GL_UNSIGNED_SHORT, (const void *) 0x00000042);
08-23 09:21:31.642: D/libEGL(17132): glEnable(0xbe2);
08-23 09:21:31.642: D/libEGL(17132): glDepthMask(GL_FALSE);
08-23 09:21:31.642: D/libEGL(17132): glBlendFunc(GL_LINES, GL_ONE_MINUS_SRC_ALPHA);
08-23 09:21:31.642: D/libEGL(17132): glBindBuffer(0x8892, 3);
08-23 09:21:31.642: D/libEGL(17132): glBindBuffer(0x8893, 3);
08-23 09:21:31.642: D/libEGL(17132): glCreateProgram();
08-23 09:21:31.642: D/libEGL(17132): glBindAttribLocation(4, 0, (const GLchar *) 0x4ca80f56);
08-23 09:21:31.642: D/libEGL(17132): glBindAttribLocation(4, 1, (const GLchar *) 0x4ca80f68);
08-23 09:21:31.642: D/libEGL(17132): glBindAttribLocation(4, 2, (const GLchar *) 0x4ca8044d);
08-23 09:21:31.642: D/libEGL(17132): glCreateShader(0x8b31);
08-23 09:21:31.642: D/libEGL(17132): glGetString(0x1f02);
08-23 09:21:31.642: D/libEGL(17132): const char* shaderSrc[] = {
08-23 09:21:31.642: D/libEGL(17132): "#line 1
08-23 09:21:31.642: D/libEGL(17132): ",
08-23 09:21:31.642: D/libEGL(17132): "uniform highp mat4 qt_Matrix;
08-23 09:21:31.642: D/libEGL(17132): attribute highp vec4 qt_VertexPosition;
08-23 09:21:31.642: D/libEGL(17132): attribute highp vec2 qt_VertexTexCoord;
08-23 09:21:31.642: D/libEGL(17132): varying highp vec2 qt_TexCoord;
08-23 09:21:31.642: D/libEGL(17132): attribute highp float _qt_order;
08-23 09:21:31.642: D/libEGL(17132): uniform highp float _qt_zRange;
08-23 09:21:31.642: D/libEGL(17132): void main()
08-23 09:21:31.642: D/libEGL(17132): {
08-23 09:21:31.642: D/libEGL(17132): qt_TexCoord = qt_VertexTexCoord;
08-23 09:21:31.642: D/libEGL(17132): gl_Position = qt_Matrix * qt_VertexPosition;
08-23 09:21:31.642: D/libEGL(17132): gl_Position.z = (gl_Position.z * _qt_zRange + _qt_order) * gl_Position.w;
08-23 09:21:31.642: D/libEGL(17132): }"
08-23 09:21:31.642: D/libEGL(17132): };
08-23 09:21:31.642: D/libEGL(17132): const GLint* shaderLength[] = {
08-23 09:21:31.642: D/libEGL(17132): "8",
08-23 09:21:31.642: D/libEGL(17132): "389"
08-23 09:21:31.642: D/libEGL(17132): };
08-23 09:21:31.642: D/libEGL(17132): glShaderSource(5, 2, shaderSrc, shaderLength);
08-23 09:21:31.642: D/libEGL(17132): glCompileShader(5);
08-23 09:21:31.642: D/libEGL(17132): glGetShaderiv(7, 0x8b81, (GLint *) 0x4ccdd698);
08-23 09:21:31.642: D/libEGL(17132): glCreateShader(0x8b30);
08-23 09:21:31.642: D/libEGL(17132): const char* shaderSrc[] = {
08-23 09:21:31.642: D/libEGL(17132): "precision mediump float;
08-23 09:21:31.642: D/libEGL(17132): uniform vec4 color;
08-23 09:21:31.642: D/libEGL(17132): void main(void) {
08-23 09:21:31.642: D/libEGL(17132): gl_FragColor = color;
08-23 09:21:31.642: D/libEGL(17132): }
08-23 09:21:31.642: D/libEGL(17132): "
08-23 09:21:31.642: D/libEGL(17132): };
08-23 09:21:31.642: D/libEGL(17132): glShaderSource(8, 1, shaderSrc, (const GLint*) 0);
08-23 09:21:31.642: D/libEGL(17132): glCompileShader(8);
08-23 09:21:31.652: D/libEGL(17132): glGetShaderiv(5, 0x8b81, (GLint *) 0x567bd7a8);
08-23 09:21:31.652: D/libEGL(17132): glAttachShader(4, 5);
08-23 09:21:31.652: D/libEGL(17132): glCreateShader(0x8b30);
08-23 09:21:31.652: D/libEGL(17132): glGetString(0x1f02);
08-23 09:21:31.652: D/libEGL(17132): const char* shaderSrc[] = {
08-23 09:21:31.652: D/libEGL(17132): "#ifndef GL_FRAGMENT_PRECISION_HIGH
08-23 09:21:31.652: D/libEGL(17132): #define highp mediump
08-23 09:21:31.652: D/libEGL(17132): #endif
08-23 09:21:31.652: D/libEGL(17132): ",
08-23 09:21:31.652: D/libEGL(17132): "#line 1
08-23 09:21:31.652: D/libEGL(17132): ",
08-23 09:21:31.652: D/libEGL(17132): "varying highp vec2 qt_TexCoord;
08-23 09:21:31.652: D/libEGL(17132): uniform sampler2D qt_Texture;
08-23 09:21:31.652: D/libEGL(17132): uniform lowp float opacity;
08-23 09:21:31.652: D/libEGL(17132): void main()
08-23 09:21:31.652: D/libEGL(17132): {
08-23 09:21:31.652: D/libEGL(17132): gl_FragColor = texture2D(qt_Texture, qt_TexCoord) * opacity;
08-23 09:21:31.652: D/libEGL(17132): }"
08-23 09:21:31.652: D/libEGL(17132): };
08-23 09:21:31.652: D/libEGL(17132): const GLint* shaderLength[] = {
08-23 09:21:31.652: D/libEGL(17132): "64",
08-23 09:21:31.652: D/libEGL(17132): "8",
08-23 09:21:31.652: D/libEGL(17132): "172"
08-23 09:21:31.652: D/libEGL(17132): };
08-23 09:21:31.652: D/libEGL(17132): glShaderSource(6, 3, shaderSrc, shaderLength);
08-23 09:21:31.652: D/libEGL(17132): glCompileShader(6);
08-23 09:21:31.652: D/libEGL(17132): glGetShaderiv(8, 0x8b81, (GLint *) 0x4ccdd698);
