11-22 17:27:09.873 889 3308 I ActivityManager: START u0 {act=android.intent.action.MAIN cat=[android.intent.category.LAUNCHER] flg=0x10200000 cmp=com.company.appname2/org.qtproject.qt5.android.bindings.QtActivity bnds=[224,748][435,1001] (has extras)} from uid 10033 on display 0
11-22 17:27:09.874 512 655 D audio_hw_primary: enable_snd_device: snd_device(78: vi-feedback)
11-22 17:27:09.875 512 655 D audio_hw_primary: enable_audio_route: usecase(21) apply and update mixer path: spkr-vi-record
11-22 17:27:09.899 512 655 D audio_hw_primary: enable_audio_route: usecase(1) apply and update mixer path: low-latency-playback
11-22 17:27:09.925 23220 23220 I art : Late-enabling -Xcheck:jni
11-22 17:27:09.928 889 4226 I ActivityManager: Start proc 23220:com.company.appname2/u0a109 for activity com.company.appname2/org.qtproject.qt5.android.bindings.QtActivity
11-22 17:27:10.007 23220 23220 W System : ClassLoader referenced unknown path:
11-22 17:27:10.058 23220 23220 W linker : /data/app/com.company.appname2-1/lib/arm/libQt5AndroidExtras.so: unused DT entry: type 0xf arg 0x5b2b
11-22 17:27:10.058 23220 23220 W linker : /data/app/com.company.appname2-1/lib/arm/libQt5AndroidExtras.so: unsupported flags DT_FLAGS_1=0x81
11-22 17:27:10.059 23220 23220 W linker : /data/app/com.company.appname2-1/lib/arm/libQt5Concurrent.so: unused DT entry: type 0xf arg 0xbb1
11-22 17:27:10.059 23220 23220 W linker : /data/app/com.company.appname2-1/lib/arm/libQt5Concurrent.so: unsupported flags DT_FLAGS_1=0x81
11-22 17:27:10.060 23220 23220 W linker : /data/app/com.company.appname2-1/lib/arm/libQt5Bluetooth.so: unused DT entry: type 0xf arg 0x870c
11-22 17:27:10.060 23220 23220 W linker : /data/app/com.company.appname2-1/lib/arm/libQt5Bluetooth.so: unsupported flags DT_FLAGS_1=0x81
11-22 17:27:10.062 23220 23220 W linker : /data/app/com.company.appname2-1/lib/arm/libQt5Gui.so: unused DT entry: type 0xf arg 0x50519
11-22 17:27:10.062 23220 23220 W linker : /data/app/com.company.appname2-1/lib/arm/libQt5Gui.so: unsupported flags DT_FLAGS_1=0x81
11-22 17:27:10.068 23220 23220 W linker : /data/app/com.company.appname2-1/lib/arm/libQt5Svg.so: unused DT entry: type 0xf arg 0x7358
11-22 17:27:10.068 23220 23220 W linker : /data/app/com.company.appname2-1/lib/arm/libQt5Svg.so: unsupported flags DT_FLAGS_1=0x81
11-22 17:27:10.072 23220 23220 W linker : /data/app/com.company.appname2-1/lib/arm/libQt5Network.so: unused DT entry: type 0xf arg 0x12ac3
11-22 17:27:10.072 23220 23220 W linker : /data/app/com.company.appname2-1/lib/arm/libQt5Network.so: unsupported flags DT_FLAGS_1=0x81
11-22 17:27:10.076 23220 23220 W linker : /data/app/com.company.appname2-1/lib/arm/libQt5Qml.so: unused DT entry: type 0xf arg 0x32bc0
11-22 17:27:10.077 23220 23220 W linker : /data/app/com.company.appname2-1/lib/arm/libQt5Qml.so: unsupported flags DT_FLAGS_1=0x81
11-22 17:27:10.083 23220 23220 W linker : /data/app/com.company.appname2-1/lib/arm/libQt5Quick.so: unused DT entry: type 0xf arg 0x3d987
11-22 17:27:10.083 23220 23220 W linker : /data/app/com.company.appname2-1/lib/arm/libQt5Quick.so: unsupported flags DT_FLAGS_1=0x81
11-22 17:27:10.096 23220 23220 W linker : /data/app/com.company.appname2-1/lib/arm/libQt5Xml.so: unused DT entry: type 0xf arg 0x5581
11-22 17:27:10.096 23220 23220 W linker : /data/app/com.company.appname2-1/lib/arm/libQt5Xml.so: unsupported flags DT_FLAGS_1=0x81
11-22 17:27:10.098 23220 23220 W linker : /data/app/com.company.appname2-1/lib/arm/libQt5WebSockets.so: unused DT entry: type 0xf arg 0x369c
11-22 17:27:10.098 23220 23220 W linker : /data/app/com.company.appname2-1/lib/arm/libQt5WebSockets.so: unsupported flags DT_FLAGS_1=0x81
11-22 17:27:10.100 23220 23220 W linker : /data/app/com.company.appname2-1/lib/arm/libQt5QuickParticles.so: unused DT entry: type 0xf arg 0x4b76
11-22 17:27:10.101 23220 23220 W linker : /data/app/com.company.appname2-1/lib/arm/libQt5QuickParticles.so: unsupported flags DT_FLAGS_1=0x81
11-22 17:27:10.105 23220 23220 W linker : /data/data/com.company.appname2/qt-reserved-files/plugins/platforms/android/libqtforandroid.so: unused DT entry: type 0xf arg 0x923c
11-22 17:27:10.105 23220 23220 W linker : /data/data/com.company.appname2/qt-reserved-files/plugins/platforms/android/libqtforandroid.so: unsupported flags DT_FLAGS_1=0x81
11-22 17:27:10.110 23220 23220 I Qt : qt start
11-22 17:27:10.111 23220 23220 W linker : /data/data/com.company.appname2/qt-reserved-files/plugins/bearer/libqandroidbearer.so: unused DT entry: type 0xf arg 0x1752
11-22 17:27:10.111 23220 23220 W linker : /data/data/com.company.appname2/qt-reserved-files/plugins/bearer/libqandroidbearer.so: unsupported flags DT_FLAGS_1=0x81
11-22 17:27:10.154 23220 23220 D NetworkSecurityConfig: No Network Security Config specified, using platform default
11-22 17:27:10.340 23220 23236 I Adreno : QUALCOMM build : f10a0d8, I3729299d57
11-22 17:27:10.340 23220 23236 I Adreno : Build Date : 09/14/16
11-22 17:27:10.340 23220 23236 I Adreno : OpenGL ES Shader Compiler Version: XE031.09.00.04
11-22 17:27:10.340 23220 23236 I Adreno : Local Branch : N21
11-22 17:27:10.340 23220 23236 I Adreno : Remote Branch :
11-22 17:27:10.340 23220 23236 I Adreno : Remote Branch :
11-22 17:27:10.340 23220 23236 I Adreno : Reconstruct Branch :
11-22 17:27:10.356 23220 23236 I OpenGLRenderer: Initialized EGL, version 1.4
11-22 17:27:10.356 23220 23236 D OpenGLRenderer: Swap behavior 1
11-22 17:27:10.386 889 999 I ActivityManager: Displayed com.company.appname2/org.qtproject.qt5.android.bindings.QtActivity: +472ms
11-22 17:27:10.400 12755 12768 W SearchService: Abort, client detached.
11-22 17:27:10.413 23220 23237 D AppName: main.cpp:70 (printInfo): init : Logging to "/data/user/0/com.company.appname2/files/AppName.V23220.log"
11-22 17:27:10.414 23220 23237 I AppName: main.cpp:72 (printInfo): init : ##################################################
11-22 17:27:10.414 23220 23237 I AppName: main.cpp:73 (printInfo): init : ### ApplicationName: "AppName"
11-22 17:27:10.415 23220 23237 I AppName: main.cpp:77 (printInfo): init : ### Build: Nov 22 2016 / 12:00:59
11-22 17:27:10.416 23220 23237 I AppName: main.cpp:78 (printInfo): init : ### System: "Android 7.1.1"
11-22 17:27:10.416 23220 23237 I AppName: main.cpp:79 (printInfo): init : ### Kernel: "3.10.73-g478382f"
11-22 17:27:10.417 23220 23237 I AppName: main.cpp:80 (printInfo): init : ### Architecture: "arm"
11-22 17:27:10.418 23220 23237 I AppName: main.cpp:82 (printInfo): init : ### Device: "Nexus 5X (google/bullhead/bullhead:7.1.1/NPF10C/3347772:user/release-keys)"
11-22 17:27:10.418 23220 23237 I AppName: main.cpp:84 (printInfo): init : ### Qt Version: 5.7.0
11-22 17:27:10.418 12755 12755 I MicroDetector: Keeping mic open: false
11-22 17:27:10.418 23220 23237 I AppName: main.cpp:85 (printInfo): init : ### OpenSSL Version: "OpenSSL 1.0.2j 26 Sep 2016"
11-22 17:27:10.419 23220 23237 I AppName: main.cpp:86 (printInfo): init : ##################################################
11-22 17:27:10.419 12755 22759 I AudioController: internalShutdown
11-22 17:27:10.419 23220 23237 D AppName: main.cpp:96 (printInfo): init : Library path: "/data/data/com.company.appname2/qt-reserved-files/plugins"
11-22 17:27:10.419 12755 22759 I MicrophoneInputStream: mic_close com.google.android.apps.gsa.speech.audio.ae@ecd5425
11-22 17:27:10.419 23220 23237 D AppName: main.cpp:96 (printInfo): init : Library path: "/data/app/com.company.appname2-1/lib/arm"
11-22 17:27:10.420 12755 22885 I DeviceStateChecker: DeviceStateChecker cancelled
11-22 17:27:10.424 12755 14272 I MicroRecognitionRunner: Stopping hotword detection.
11-22 17:27:10.426 512 655 D audio_hw_primary: disable_audio_route: usecase(1) reset and update mixer path: low-latency-playback
11-22 17:27:10.439 512 655 D audio_hw_primary: disable_snd_device: snd_device(78: vi-feedback)
11-22 17:27:10.439 512 655 D audio_hw_primary: disable_audio_route: usecase(21) reset and update mixer path: spkr-vi-record
11-22 17:27:10.439 23220 23238 W linker : /data/data/com.company.appname2/qt-reserved-files/qml/QtQuick.2/libqtquick2plugin.so: unused DT entry: type 0xf arg 0x4d7
11-22 17:27:10.440 23220 23238 W linker : /data/data/com.company.appname2/qt-reserved-files/qml/QtQuick.2/libqtquick2plugin.so: unsupported flags DT_FLAGS_1=0x81
11-22 17:27:10.452 23220 23238 W linker : /data/data/com.company.appname2/qt-reserved-files/qml/QtQuick/Controls/libqtquickcontrolsplugin.so: unused DT entry: type 0xf arg 0x426c
11-22 17:27:10.453 23220 23238 W linker : /data/data/com.company.appname2/qt-reserved-files/qml/QtQuick/Controls/libqtquickcontrolsplugin.so: unsupported flags DT_FLAGS_1=0x81
11-22 17:27:10.467 23220 23238 W linker : /data/data/com.company.appname2/qt-reserved-files/qml/QtQuick/Window.2/libwindowplugin.so: unused DT entry: type 0xf arg 0x4ab
11-22 17:27:10.467 23220 23238 W linker : /data/data/com.company.appname2/qt-reserved-files/qml/QtQuick/Window.2/libwindowplugin.so: unsupported flags DT_FLAGS_1=0x81
11-22 17:27:10.470 23220 23238 W linker : /data/data/com.company.appname2/qt-reserved-files/qml/QtQuick/Layouts/libqquicklayoutsplugin.so: unused DT entry: type 0xf arg 0x1afe
11-22 17:27:10.470 23220 23238 W linker : /data/data/com.company.appname2/qt-reserved-files/qml/QtQuick/Layouts/libqquicklayoutsplugin.so: unsupported flags DT_FLAGS_1=0x81
11-22 17:27:10.487 512 23211 D audio_hw_primary: disable_audio_route: usecase(8) reset and update mixer path: audio-record
11-22 17:27:10.488 512 23211 D audio_hw_primary: disable_snd_device: snd_device(63: voice-rec-mic)
11-22 17:27:10.492 512 23211 D sound_trigger_platform: platform_stdev_check_and_update_concurrency: concurrency active 0, tx 0, rx 0, concurrency session_allowed 1
11-22 17:27:10.495 512 675 I SoundTriggerHwService::Module: void android::SoundTriggerHwService::Module::onCallbackEvent(const sp &) mClient == 0
11-22 17:27:10.501 12755 22621 I MicroRecognitionRunner: Detection finished
11-22 17:27:10.545 23220 23237 D AppName: (null):0 ((null)): qt.scen...: threaded render loop
11-22 17:27:10.545 23220 23237 D AppName: (null):0 ((null)): qt.scen...: Using sg animation driver
11-22 17:27:10.545 23220 23237 D AppName: (null):0 ((null)): qt.scen...: Animation Driver: using vsync: 16.67 ms
11-22 17:27:10.546 23220 23237 D AppName: (null):0 ((null)): qt.quic...: QQuickWindowPrivate::setFocusInScope():
11-22 17:27:10.546 23220 23237 D AppName: (null):0 ((null)): qt.quic...: scope: QQuickRootItem(0xcdee72e0)
11-22 17:27:10.547 23220 23237 D AppName: (null):0 ((null)): qt.quic...: scopeSubFocusItem: QObject(0x0)
11-22 17:27:10.547 23220 23237 D AppName: (null):0 ((null)): qt.quic...: item: QQuickLoader(0xcdee73a0)
11-22 17:27:10.547 23220 23237 D AppName: (null):0 ((null)): qt.quic...: activeFocusItem: QObject(0x0)
11-22 17:27:10.550 23220 23237 W linker : /data/data/com.company.appname2/qt-reserved-files/qml/QtQuick/Controls/Styles/Android/libqtquickcontrolsandroidstyleplugin.so: unused DT entry: type 0xf arg 0x16a7
11-22 17:27:10.550 23220 23237 W linker : /data/data/com.company.appname2/qt-reserved-files/qml/QtQuick/Controls/Styles/Android/libqtquickcontrolsandroidstyleplugin.so: unsupported flags DT_FLAGS_1=0x81
11-22 17:27:10.756 23220 23237 D AppName: (null):0 ((null)): qt.quic...: QQuickWindowPrivate::setFocusInScope():
11-22 17:27:10.756 23220 23237 D AppName: (null):0 ((null)): qt.quic...: scope: QObject(0x0)
11-22 17:27:10.756 23220 23237 D AppName: (null):0 ((null)): qt.quic...: item: QQuickRootItem(0xcdee72e0)
11-22 17:27:10.756 23220 23237 D AppName: (null):0 ((null)): qt.quic...: activeFocusItem: QObject(0x0)
11-22 17:27:10.757 23220 23237 D AppName: (null):0 ((null)): qt.scen...: exposureChanged() ApplicationWindow_QMLTYPE_11(0xcdee6b20)
11-22 17:27:10.757 23220 23237 D AppName: (null):0 ((null)): qt.scen...: handleExposure() ApplicationWindow_QMLTYPE_11(0xcdee6b20)
11-22 17:27:10.758 23220 23237 D AppName: (null):0 ((null)): qt.scen...: - adding window to list
11-22 17:27:10.758 23220 23237 D AppName: (null):0 ((null)): qt.scen...: - starting render thread
11-22 17:27:10.760 23220 23237 D AppName: (null):0 ((null)): qt.scen...: - OpenGL context created
11-22 17:27:10.761 23220 23237 D AppName: (null):0 ((null)): qt.scen...: polishAndSync (in expose) ApplicationWindow_QMLTYPE_11(0xcdee6b20)
11-22 17:27:10.761 23220 23239 D AppName: (null):0 ((null)): qt.scen...: (RT) run()
11-22 17:27:10.761 23220 23237 D AppName: (null):0 ((null)): qt.scen...: - lock for sync
11-22 17:27:10.761 23220 23237 D AppName: (null):0 ((null)): qt.scen...: - wait for sync
11-22 17:27:10.762 23220 23239 D AppName: (null):0 ((null)): qt.scen...: Animation Driver: using vsync: 16.67 ms
11-22 17:27:10.762 23220 23239 D AppName: (null):0 ((null)): qt.scen...: (RT) syncAndRender()
11-22 17:27:10.762 23220 23239 D AppName: (null):0 ((null)): qt.scen...: (RT) - no changes, render aborted
11-22 17:27:10.778 23220 23239 D AppName: (null):0 ((null)): qt.scen...: (RT) --- begin processEvents()
11-22 17:27:10.778 23220 23239 D AppName: (null):0 ((null)): qt.scen...: (RT) WM_RequestSync
11-22 17:27:10.778 23220 23239 D AppName: (null):0 ((null)): qt.scen...: (RT) - triggered from expose
11-22 17:27:10.779 23220 23239 D AppName: (null):0 ((null)): qt.scen...: (RT) - repaint regardless
11-22 17:27:10.779 23220 23239 D AppName: (null):0 ((null)): qt.scen...: (RT) --- done processEvents()
11-22 17:27:10.832 23220 23239 D AppName: (null):0 ((null)): qt.scen...: texture atlas dimensions: 512x1024
11-22 17:27:10.832 23220 23239 D AppName: (null):0 ((null)): qt.scen...: R/G/B/A Buffers: 8 8 8 8
11-22 17:27:10.833 23220 23239 D AppName: (null):0 ((null)): qt.scen...: Depth Buffer: 24
11-22 17:27:10.833 23220 23239 D AppName: (null):0 ((null)): qt.scen...: Stencil Buffer: 8
11-22 17:27:10.833 23220 23239 D AppName: (null):0 ((null)): qt.scen...: Samples: 0
11-22 17:27:10.833 23220 23239 D AppName: (null):0 ((null)): qt.scen...: GL_VENDOR: Qualcomm
11-22 17:27:10.833 23220 23239 D AppName: (null):0 ((null)): qt.scen...: GL_RENDERER: Adreno (TM) 418
11-22 17:27:10.833 23220 23239 D AppName: (null):0 ((null)): qt.scen...: GL_VERSION: OpenGL ES 3.2 V@145.0 (GIT@I3729299d57)
11-22 17:27:10.834 23220 23239 D AppName: (null):0 ((null)): qt.scen...: GL_EXTENSIONS: GL_OES_vertex_array_object GL_EXT_texture_filter_anisotropic GL_OES_texture_float GL_OES_texture_float_linear GL_EXT_copy_image GL_OES_sample_shading GL_EXT_texture_sRGB_R8 GL_OES_element_index_uint GL_EXT_texture_buffer GL_OES_get_program_binary GL_OES_texture_stencil8 GL_OES_shader_image_atomic GL_ANDROID_extension_pack_es31a GL_EXT_texture_type_2_10_10_10_REV GL_OES_packed_depth_stencil GL_EXT_sRGB GL_EXT_primitive_bounding_box GL_EXT_color_buffer_half_float GL_EXT_gpu_shader5 GL_KHR_texture_compression_astc_ldr GL_EXT_robustness GL_EXT_debug_label GL_OES_EGL_image_external_essl3 GL_EXT_buffer_storage GL_EXT_geometry_shader GL_EXT_tessellation_shader GL_OES_sample_variables GL_EXT_texture_border_clamp GL_KHR_blend_equation_advanced_coherent GL_OES_surfaceless_context GL_OES_EGL_sync GL_OVR_multiview2 GL_OES_framebuffer_object GL_EXT_color_buffer_float GL_EXT_texture_cube_map_array GL_EXT_multisampled_render_to_texture GL_EXT_YUV_target GL_KHR_debug GL_EXT
11-22 17:27:10.834 23220 23239 D AppName: (null):0 ((null)): qt.scen...: Max Texture Size: 16384
11-22 17:27:10.834 23220 23239 D AppName: (null):0 ((null)): qt.scen...: Debug context: false
11-22 17:27:10.834 23220 23239 D AppName: (null):0 ((null)): qt.scen...: (RT) syncAndRender()
11-22 17:27:10.834 23220 23239 D AppName: (null):0 ((null)): qt.scen...: (RT) - updatePending, doing sync
11-22 17:27:10.834 23220 23239 D AppName: (null):0 ((null)): qt.scen...: (RT) sync()
11-22 17:27:10.835 23220 23239 D AppName: (null):0 ((null)): qt.quic...: QQuickWindowPrivate::updateDirtyNodes():
11-22 17:27:10.835 23220 23239 D AppName: (null):0 ((null)): qt.quic...: QSGNode: ContentItem_QMLTYPE_10(0xcdee7490, parent=0xcd2fb190, geometry=0,0 411x659) Size|ChildrenChanged|ParentChanged|Window
11-22 17:27:10.835 23220 23239 D AppName: (null):0 ((null)): qt.quic...: QSGNode: QQuickItem_QML_52(0xcd2fb080, parent=0xcdee73a0, geometry=0,0 411x659) Size|ChildrenChanged|ParentChanged|Window
11-22 17:27:10.835 23220 23239 D AppName: (null):0 ((null)): qt.quic...: QSGNode: DrawableLoader_QMLTYPE_15(0xcd2fb070, parent=0xcd2fb080, geometry=0,0 411x659) Size|ParentChanged|Window
11-22 17:27:10.835 23220 23239 D AppName: (null):0 ((null)): qt.quic...: QSGNode: QQuickItem(0xcd2fb190, parent=0xcd2fb080, geometry=0,0 411x659) Size|ChildrenChanged|ParentChanged|Window
11-22 17:27:10.835 23220 23239 D AppName: (null):0 ((null)): qt.quic...: QSGNode: QQuickItem(0xcd2fb1b0, parent=0xcd2fb080, geometry=0,0 411x0) Size|ChildrenChanged|ChildrenStackingChanged|ParentChanged|Window
11-22 17:27:10.836 23220 23239 D AppName: (null):0 ((null)): qt.quic...: QSGNode: QQuickLoader(0xcd2fb1e0, parent=0xcd2fb1b0, geometry=0,0 411x0) Size|ParentChanged|Window|Visible
11-22 17:27:10.836 23220 23239 D AppName: (null):0 ((null)): qt.quic...: QSGNode: QQuickItem(0xcd2fb210, parent=0xcd2fb080, geometry=0,659 411x0) Position|Size|ParentChanged|Window
11-22 17:27:10.836 23220 23239 D AppName: (null):0 ((null)): qt.quic...: QSGNode: QQuickItem(0xcd2fb240, parent=0xcd2fb080, geometry=0,0 0x0) ParentChanged|Window|Visible
11-22 17:27:10.836 23220 23239 D AppName: (null):0 ((null)): qt.quic...: QSGNode: QQuickLoader(0xcdee73a0, parent=0xcdee72e0, geometry=0,0 411x659) Size|ChildrenChanged|ParentChanged|Window
11-22 17:27:10.836 23220 23239 D AppName: (null):0 ((null)): qt.quic...: QSGNode: QQuickLoader_QML_12(0xcdee73d0, parent=0xcdee73a0, geometry=0,0 0x0) ParentChanged|Window
11-22 17:27:10.836 23220 23239 D AppName: (null):0 ((null)): qt.quic...: QSGNode: QQuickText(0xcdee75f0, parent=0xcdee7490, geometry=165.578,320 80.8438x19) Position|Size|Content|ParentChanged|Window
11-22 17:27:10.838 23220 23239 D AppName: (null):0 ((null)): qt.quic...: QSGNode: QQuickMouseArea(0xcdee74c0, parent=0xcdee7490, geometry=0,0 411x659) Size|ChildrenChanged|ParentChanged|Window
11-22 17:27:10.838 23220 23239 D AppName: (null):0 ((null)): qt.quic...: QSGNode: QQuickRectangle(0xcdee74f0, parent=0xcdee74c0, geometry=0,0 411x659) Size|Content|ParentChanged|Window
11-22 17:27:10.839 23220 23239 D AppName: (null):0 ((null)): qt.quic...: QSGNode: QQuickRootItem(0xcdee72e0, parent=0x0, geometry=0,0 411x659) Size|ChildrenChanged
11-22 17:27:10.839 23220 23239 D AppName: (null):0 ((null)): qt.scen...: (RT) - renderer was created
11-22 17:27:10.839 23220 23239 D AppName: (null):0 ((null)): qt.scen...: (RT) - rendering started
11-22 17:27:10.841 23220 23239 D AppName: (null):0 ((null)): qt.scen...: distancefield: 7 glyphs prepared in 2ms, rendering=1, upload=1
11-22 17:27:10.845 23220 23239 D AppName: (null):0 ((null)): qt.scen...: shader compiled in 1ms
11-22 17:27:10.847 23220 23239 D AppName: (null):0 ((null)): qt.scen...: shader compiled in 1ms
11-22 17:27:10.847 23220 23239 D AppName: (null):0 ((null)): qt.scen...: time in renderer: total=8ms, preprocess=2, updates=0, binding=0, rendering=5
11-22 17:27:10.848 23220 23239 D AppName: (null):0 ((null)): qt.scen...: (RT) - rendering done
11-22 17:27:10.849 23220 23239 D AppName: (null):0 ((null)): qt.scen...: (RT) - wake Gui after initial expose
11-22 17:27:10.849 23220 23239 D AppName: (null):0 ((null)): qt.scen...: Frame rendered with 'threaded' renderloop in 14ms, sync=4, render=8, swap=1 - (on render thread)
11-22 17:27:10.849 23220 23239 D AppName: (null):0 ((null)): qt.scen...: (RT) --- begin processEvents()
11-22 17:27:10.850 23220 23239 D AppName: (null):0 ((null)): qt.scen...: (RT) --- done processEvents()
11-22 17:27:10.850 23220 23239 D AppName: (null):0 ((null)): qt.scen...: (RT) done drawing, sleep...
11-22 17:27:10.850 23220 23239 D AppName: (null):0 ((null)): qt.scen...: (RT) --- begin processEventsAndWaitForMore()
11-22 17:27:10.851 23220 23237 D AppName: (null):0 ((null)): qt.scen...: - unlock after sync
11-22 17:27:10.851 23220 23237 D AppName: (null):0 ((null)): qt.scen...: Frame prepared with 'threaded' renderloop, polish=0, lock=0, blockedForSync=89, animations=0 - (on Gui thread) ApplicationWindow_QMLTYPE_11(0xcdee6b20)
11-22 17:27:10.852 23220 23237 D AppName: (null):0 ((null)): qt.scen...: - done with handleExposure()
11-22 17:27:10.852 23220 23237 D AppName: (null):0 ((null)): qt.scen...: exposureChanged() ApplicationWindow_QMLTYPE_11(0xcdee6b20)
11-22 17:27:10.852 23220 23237 D AppName: (null):0 ((null)): qt.scen...: handleExposure() ApplicationWindow_QMLTYPE_11(0xcdee6b20)
11-22 17:27:10.852 23220 23237 D AppName: (null):0 ((null)): qt.scen...: - render thread already running
11-22 17:27:10.853 23220 23237 D AppName: (null):0 ((null)): qt.scen...: polishAndSync (in expose) ApplicationWindow_QMLTYPE_11(0xcdee6b20)
11-22 17:27:10.853 23220 23237 D AppName: (null):0 ((null)): qt.scen...: - lock for sync
11-22 17:27:10.853 23220 23237 D AppName: (null):0 ((null)): qt.scen...: - wait for sync
11-22 17:27:10.854 23220 23239 D AppName: (null):0 ((null)): qt.scen...: (RT) WM_RequestSync
11-22 17:27:10.854 23220 23239 D AppName: (null):0 ((null)): qt.scen...: (RT) - triggered from expose
11-22 17:27:10.854 23220 23239 D AppName: (null):0 ((null)): qt.scen...: (RT) --- done processEventsAndWaitForMore()
11-22 17:27:10.855 23220 23239 D AppName: (null):0 ((null)): qt.scen...: (RT) syncAndRender()
11-22 17:27:10.855 23220 23239 D AppName: (null):0 ((null)): qt.scen...: (RT) - updatePending, doing sync
11-22 17:27:10.855 23220 23239 D AppName: (null):0 ((null)): qt.scen...: (RT) sync()
11-22 17:27:10.855 23220 23239 D AppName: (null):0 ((null)): qt.quic...: QQuickWindowPrivate::updateDirtyNodes():
11-22 17:27:10.856 23220 23239 D AppName: (null):0 ((null)): qt.scen...: (RT) - rendering started
11-22 17:27:10.857 23220 23239 D AppName: (null):0 ((null)): qt.scen...: time in renderer: total=1ms, preprocess=0, updates=0, binding=0, rendering=1
11-22 17:27:10.858 23220 23239 D AppName: (null):0 ((null)): qt.scen...: (RT) - rendering done
11-22 17:27:10.858 23220 23239 D AppName: (null):0 ((null)): qt.scen...: (RT) - wake Gui after initial expose
11-22 17:27:10.859 23220 23239 D AppName: (null):0 ((null)): qt.scen...: Frame rendered with 'threaded' renderloop in 4ms, sync=1, render=2, swap=1 - (on render thread)
11-22 17:27:10.859 23220 23239 D AppName: (null):0 ((null)): qt.scen...: (RT) --- begin processEvents()
11-22 17:27:10.859 23220 23239 D AppName: (null):0 ((null)): qt.scen...: (RT) --- done processEvents()
11-22 17:27:10.859 23220 23239 D AppName: (null):0 ((null)): qt.scen...: (RT) done drawing, sleep...
11-22 17:27:10.860 23220 23239 D AppName: (null):0 ((null)): qt.scen...: (RT) --- begin processEventsAndWaitForMore()
11-22 17:27:10.861 23220 23237 D AppName: (null):0 ((null)): qt.scen...: - unlock after sync
11-22 17:27:10.861 23220 23237 D AppName: (null):0 ((null)): qt.scen...: Frame prepared with 'threaded' renderloop, polish=0, lock=0, blockedForSync=7, animations=0 - (on Gui thread) ApplicationWindow_QMLTYPE_11(0xcdee6b20)
11-22 17:27:10.861 23220 23237 D AppName: (null):0 ((null)): qt.scen...: - done with handleExposure()
11-22 17:27:10.862 23220 23237 D AppName: (null):0 ((null)): qt.scen...: exposureChanged() ApplicationWindow_QMLTYPE_11(0xcdee6b20)
11-22 17:27:10.862 23220 23237 D AppName: (null):0 ((null)): qt.scen...: handleExposure() ApplicationWindow_QMLTYPE_11(0xcdee6b20)
11-22 17:27:10.863 23220 23237 D AppName: (null):0 ((null)): qt.scen...: - render thread already running
11-22 17:27:10.863 23220 23237 D AppName: (null):0 ((null)): qt.scen...: polishAndSync (in expose) ApplicationWindow_QMLTYPE_11(0xcdee6b20)
11-22 17:27:10.863 23220 23237 D AppName: (null):0 ((null)): qt.scen...: - lock for sync
11-22 17:27:10.864 23220 23237 D AppName: (null):0 ((null)): qt.scen...: - wait for sync
11-22 17:27:10.864 23220 23239 D AppName: (null):0 ((null)): qt.scen...: (RT) WM_RequestSync
11-22 17:27:10.864 23220 23239 D AppName: (null):0 ((null)): qt.scen...: (RT) - triggered from expose
11-22 17:27:10.864 23220 23239 D AppName: (null):0 ((null)): qt.scen...: (RT) --- done processEventsAndWaitForMore()
11-22 17:27:10.865 23220 23239 D AppName: (null):0 ((null)): qt.scen...: (RT) syncAndRender()
11-22 17:27:10.865 23220 23239 D AppName: (null):0 ((null)): qt.scen...: (RT) - updatePending, doing sync
11-22 17:27:10.865 23220 23239 D AppName: (null):0 ((null)): qt.scen...: (RT) sync()
11-22 17:27:10.865 23220 23239 D AppName: (null):0 ((null)): qt.quic...: QQuickWindowPrivate::updateDirtyNodes():
11-22 17:27:10.865 23220 23239 D AppName: (null):0 ((null)): qt.scen...: (RT) - rendering started
11-22 17:27:10.867 23220 23239 D AppName: (null):0 ((null)): qt.scen...: time in renderer: total=1ms, preprocess=0, updates=0, binding=0, rendering=1
11-22 17:27:10.868 23220 23239 D AppName: (null):0 ((null)): qt.scen...: (RT) - rendering done
11-22 17:27:10.868 23220 23239 D AppName: (null):0 ((null)): qt.scen...: (RT) - wake Gui after initial expose
11-22 17:27:10.869 23220 23239 D AppName: (null):0 ((null)): qt.scen...: Frame rendered with 'threaded' renderloop in 3ms, sync=0, render=2, swap=0 - (on render thread)
11-22 17:27:10.869 23220 23239 D AppName: (null):0 ((null)): qt.scen...: (RT) --- begin processEvents()
11-22 17:27:10.869 23220 23239 D AppName: (null):0 ((null)): qt.scen...: (RT) --- done processEvents()
11-22 17:27:10.869 23220 23239 D AppName: (null):0 ((null)): qt.scen...: (RT) done drawing, sleep...
11-22 17:27:10.869 23220 23239 D AppName: (null):0 ((null)): qt.scen...: (RT) --- begin processEventsAndWaitForMore()
11-22 17:27:10.870 23220 23237 D AppName: (null):0 ((null)): qt.scen...: - unlock after sync
11-22 17:27:10.870 23220 23237 D AppName: (null):0 ((null)): qt.scen...: Frame prepared with 'threaded' renderloop, polish=0, lock=0, blockedForSync=6, animations=0 - (on Gui thread) ApplicationWindow_QMLTYPE_11(0xcdee6b20)
11-22 17:27:10.871 23220 23237 D AppName: (null):0 ((null)): qt.scen...: - done with handleExposure()
11-22 17:27:10.881 23220 23242 D AppName: settings/GeneralSettings.cpp:242 (GeneralSettings::readSettingsAutoStart): default : Autostart not supported on this system
11-22 17:27:10.893 23220 23237 I AppName: settings/SecureStorage.cpp:219 (SecureStorage::load): default : SecureStorage successfully loaded
11-22 17:27:10.894 23220 23237 D AppName: network/NetworkManager.cpp:334 (NetworkManager::setProxy): network : proxy -> system
11-22 17:27:10.894 23220 23237 D AppName: global/LanguageLoader.cpp:135 (LanguageLoader::load): language : Use path: "assets:/translations"
11-22 17:27:10.895 23220 23237 D AppName: global/LanguageLoader.cpp:141 (LanguageLoader::load): language : UI language: "de"
11-22 17:27:10.895 23220 23237 D AppName: global/LanguageLoader.cpp:196 (LanguageLoader::loadTranslationFiles): language : Try to load translation: QLocale(German, Latin, Germany)
11-22 17:27:10.897 23220 23237 D AppName: global/LanguageLoader.cpp:81 (LanguageLoader::createTranslator): language : Load translation: "appname2" | true
11-22 17:27:10.899 23220 23237 D AppName: global/LanguageLoader.cpp:81 (LanguageLoader::createTranslator): language : Load translation: "qtbase" | true
11-22 17:27:10.900 23220 23237 D AppName: global/LanguageLoader.cpp:141 (LanguageLoader::load): language : UI language: "de-DE"
11-22 17:27:10.900 23220 23237 D AppName: global/LanguageLoader.cpp:141 (LanguageLoader::load): language : UI language: "de-Latn-DE"
11-22 17:27:10.903 23220 23237 D AppName: global/ResourceLoader.cpp:56 (ResourceLoader::init): default : Register resource: "assets:/AppName.rcc" | true
11-22 17:27:10.906 23243 23243 W QtThread: type=1400 audit(0.0:185): avc: denied { ioctl } for path="socket:[198466]" dev="sockfs" ino=198466 ioctlcmd=8927 scontext=u:r:untrusted_app:s0:c512,c768 tcontext=u:r:untrusted_app:s0:c512,c768 tclass=tcp_socket permissive=0
11-22 17:27:10.906 23243 23243 W QtThread: type=1400 audit(0.0:186): avc: denied { ioctl } for path="socket:[198466]" dev="sockfs" ino=198466 ioctlcmd=8927 scontext=u:r:untrusted_app:s0:c512,c768 tcontext=u:r:untrusted_app:s0:c512,c768 tclass=tcp_socket permissive=0
11-22 17:27:10.912 23243 23243 W QtThread: type=1400 audit(0.0:187): avc: denied { ioctl } for path="socket:[202061]" dev="sockfs" ino=202061 ioctlcmd=8927 scontext=u:r:untrusted_app:s0:c512,c768 tcontext=u:r:untrusted_app:s0:c512,c768 tclass=tcp_socket permissive=0
11-22 17:27:10.912 23243 23243 W QtThread: type=1400 audit(0.0:188): avc: denied { ioctl } for path="socket:[202061]" dev="sockfs" ino=202061 ioctlcmd=8927 scontext=u:r:untrusted_app:s0:c512,c768 tcontext=u:r:untrusted_app:s0:c512,c768 tclass=tcp_socket permissive=0
11-22 17:27:10.918 23220 23237 D AppName: core/view/UILoader.cpp:66 (UILoader::load): gui : Try to load UI plugin: "UIPlugInQml"
11-22 17:27:10.918 23220 23237 D AppName: core/view/UILoader.cpp:74 (UILoader::load): gui : Load plugin: QJsonObject({"IID":"company.UIPlugIn","MetaData":{"dependencies":[],"name":"UIPlugInQml"},"className":"UIPlugInQml","debug":true,"version":329472})
11-22 17:27:10.918 23220 23237 D AppName: qml/UIPlugInQml.cpp:136 (UIPlugInQml::doRefresh): qml : Reload qml files
11-22 17:27:10.919 23220 23237 D AppName: core/controller/AppController.cpp:216 (AppController::onUiPlugin): default : Register UI: company::UIPlugInQml
11-22 17:27:10.919 23220 23237 D AppName: activation/base/ActivationHandler.cpp:55 (ActivationHandler::getInstances): activation: Try to register plugin
11-22 17:27:10.919 23220 23237 D AppName: activation/base/ActivationHandler.cpp:60 (ActivationHandler::getInstances): activation: Load plugin: QJsonObject({"IID":"company.ActivationHandler","MetaData":{"dependencies":[],"name":"InternalActivationHandler"},"className":"InternalActivationHandler","debug":true,"version":329472})
11-22 17:27:10.919 23220 23237 D AppName: activation/base/ActivationHandler.cpp:60 (ActivationHandler::getInstances): activation: Load plugin: QJsonObject({"IID":"company.ActivationHandler","MetaData":{"dependencies":[],"name":"IntentActivationHandler"},"className":"IntentActivationHandler","debug":true,"version":329472})
11-22 17:27:10.920 23220 23237 D AppName: core/controller/AppController.cpp:82 (AppController::start): default : Successfully started activation handler: company::InternalActivationHandler(0xce385380)
11-22 17:27:10.920 23220 23237 E AppName: No initial intent available, returning null
11-22 17:27:10.921 23220 23237 D AppName: core/controller/AppController.cpp:82 (AppController::start): default : Successfully started activation handler: company::IntentActivationHandler(0xce3853a0)
11-22 17:27:10.922 23220 23237 D AppName: qml/UIPlugInQml.cpp:78 (UIPlugInQml::init): default : init
11-22 17:27:10.922 23220 23244 D AppName: card/base/ReaderManagerWorker.cpp:41 (ReaderManagerWorker::onThreadStarted): card : Thread started
11-22 17:27:10.923 23220 23244 D AppName: card/base/ReaderManagerWorker.cpp:48 (ReaderManagerWorker::registerPlugIns): card : Try to register plugins
11-22 17:27:10.923 23220 23244 D AppName: card/base/ReaderManagerWorker.cpp:53 (ReaderManagerWorker::registerPlugIns): card : Register and initialize plugin: QJsonObject({"IID":"company.ReaderManagerPlugIn","MetaData":{"dependencies":[],"name":"NfcReaderManagerPlugIn"},"className":"NfcReaderManagerPlugIn","debug":true,"version":329472})
11-22 17:27:10.924 23220 23244 D AppName: card/nfc/NfcBridge.cpp:47 (NfcBridge::getJavaParent): card_nfc : Parent is an activity.
11-22 17:27:10.925 23220 23244 D AppName: card/base/ReaderManagerWorker.cpp:53 (ReaderManagerWorker::registerPlugIns): card : Register and initialize plugin: QJsonObject({"IID":"company.ReaderManagerPlugIn","MetaData":{"dependencies":[],"name":"BluetoothReaderManagerPlugIn"},"className":"BluetoothReaderManagerPlugIn","debug":true,"version":329472})
11-22 17:27:10.926 889 998 D BluetoothManagerService: Message: 20
11-22 17:27:10.926 889 998 D BluetoothManagerService: Added callback: android.bluetooth.IBluetoothManagerCallback$Stub$Proxy@3d0568a:true
11-22 17:27:13.949 23220 23237 D AppName: (null):0 ((null)): qt.quic...: QTouchEvent(TouchBegin device: "" states: TouchPointPressed, 1 points: (TouchPoint(0 (144.327,288.755 161.633x259.061) TouchPointPressed press 0.875 vel QVector2D(0, 0) start (225.143,418.286) last (225.143,418.286) delta (0,0)))
11-22 17:27:13.950 23220 23237 D AppName: (null):0 ((null)): qt.quic...: - delivering QTouchEvent(TouchBegin device: "" states: TouchPointPressed, 1 points: (TouchPoint(0 (144.327,288.755 161.633x259.061) TouchPointPressed press 0.875 vel QVector2D(0, 0) start (225.143,418.286) last (225.143,418.286) delta (0,0)))
11-22 17:27:13.951 23220 23237 D AppName: (null):0 ((null)): qt.quic...: - considering delivering QTouchEvent(TouchBegin device: "" states: TouchPointPressed, 1 points: (TouchPoint(0 (144.327,288.755 161.633x259.061) TouchPointPressed press 0.875 vel QVector2D(0, 0) start (225.143,418.286) last (225.143,418.286) delta (0,0))) to QQuickRectangle(0xcdee74f0, parent=0xcdee74c0, geometry=0,0 411x659)
11-22 17:27:13.951 23220 23237 D AppName: (null):0 ((null)): qt.quic...: TP 0 -> QQuickRectangle(0xcdee74f0, parent=0xcdee74c0, geometry=0,0 411x659)
11-22 17:27:13.952 23220 23237 D AppName: (null):0 ((null)): qt.quic...: - actually delivering QTouchEvent(TouchBegin device: "" states: TouchPointPressed, 1 points: (TouchPoint(0 (144.327,288.755 161.633x259.061) TouchPointPressed press 0.875 vel QVector2D(0, 0) start (225.143,418.286) last (225.143,418.286) delta (0,0))) to QQuickRectangle(0xcdee74f0, parent=0xcdee74c0, geometry=0,0 411x659)
11-22 17:27:13.952 23220 23237 D AppName: (null):0 ((null)): qt.quic...: TP 0 disassociated
11-22 17:27:13.953 23220 23237 D AppName: (null):0 ((null)): qt.quic...: - considering delivering QTouchEvent(TouchBegin device: "" states: TouchPointPressed, 1 points: (TouchPoint(0 (144.327,288.755 161.633x259.061) TouchPointPressed press 0.875 vel QVector2D(0, 0) start (225.143,418.286) last (225.143,418.286) delta (0,0))) to QQuickMouseArea(0xcdee74c0, parent=0xcdee7490, geometry=0,0 411x659)
11-22 17:27:13.953 23220 23237 D AppName: (null):0 ((null)): qt.quic...: TP 0 -> QQuickMouseArea(0xcdee74c0, parent=0xcdee7490, geometry=0,0 411x659)
11-22 17:27:13.954 23220 23237 D AppName: (null):0 ((null)): qt.quic...: - actually delivering QTouchEvent(TouchBegin device: "" states: TouchPointPressed, 1 points: (TouchPoint(0 (144.327,288.755 161.633x259.061) TouchPointPressed press 0.875 vel QVector2D(0, 0) start (225.143,418.286) last (225.143,418.286) delta (0,0))) to QQuickMouseArea(0xcdee74c0, parent=0xcdee7490, geometry=0,0 411x659)
11-22 17:27:13.954 23220 23237 D AppName: (null):0 ((null)): qt.quic...: TP (mouse) 0 -> QQuickMouseArea(0xcdee74c0, parent=0xcdee7490, geometry=0,0 411x659)
11-22 17:27:13.954 23220 23237 D AppName: (null):0 ((null)): qt.quic...: TP (mouse) 0 -> QQuickMouseArea(0xcdee74c0, parent=0xcdee7490, geometry=0,0 411x659)
11-22 17:27:13.962 23220 23237 D AppName: (null):0 ((null)): qt.quic...: QTouchEvent(TouchUpdate device: "" states: TouchPointMoved, 1 points: (TouchPoint(0 (144.327,287.231 161.633x259.061) TouchPointMoved press 0.875 vel QVector2D(0, 0) start (225.143,418.286) last (225.143,418.286) delta (0,-1.52381)))
11-22 17:27:13.962 23220 23237 D AppName: (null):0 ((null)): qt.scen...: update from item ApplicationWindow_QMLTYPE_11(0xcdee6b20)
11-22 17:27:13.967 23220 23237 D AppName: (null):0 ((null)): qt.scen...: - polish and sync update request
11-22 17:27:13.968 23220 23237 D AppName: (null):0 ((null)): qt.scen...: polishAndSync (normal) ApplicationWindow_QMLTYPE_11(0xcdee6b20)
11-22 17:27:13.968 23220 23237 D AppName: (null):0 ((null)): qt.quic...: - delivering QTouchEvent(TouchUpdate device: "" states: TouchPointMoved, 1 points: (TouchPoint(0 (144.327,287.231 161.633x259.061) TouchPointMoved press 0.875 vel QVector2D(0, 0) start (225.143,418.286) last (225.143,418.286) delta (0,-1.52381)))
11-22 17:27:13.969 23220 23237 D AppName: (null):0 ((null)): qt.quic...: - considering delivering QTouchEvent(TouchUpdate device: "" states: TouchPointMoved, 1 points: (TouchPoint(0 (144.327,287.231 161.633x259.061) TouchPointMoved press 0.875 vel QVector2D(0, 0) start (225.143,418.286) last (225.143,418.286) delta (0,-1.52381))) to QQuickMouseArea(0xcdee74c0, parent=0xcdee7490, geometry=0,0 411x659)
11-22 17:27:13.969 23220 23237 D AppName: (null):0 ((null)): qt.quic...: - actually delivering QTouchEvent(TouchUpdate device: "" states: TouchPointMoved, 1 points: (TouchPoint(0 (144.327,287.231 161.633x259.061) TouchPointMoved press 0.875 vel QVector2D(0, 0) start (225.143,418.286) last (225.143,418.286) delta (0,-1.52381))) to QQuickMouseArea(0xcdee74c0, parent=0xcdee7490, geometry=0,0 411x659)
11-22 17:27:13.969 23220 23237 D AppName: (null):0 ((null)): qt.quic...: TP (mouse) 0 -> QQuickMouseArea(0xcdee74c0, parent=0xcdee7490, geometry=0,0 411x659)
11-22 17:27:13.970 23220 23237 D AppName: (null):0 ((null)): qt.scen...: - lock for sync
11-22 17:27:13.970 23220 23237 D AppName: (null):0 ((null)): qt.scen...: - wait for sync
11-22 17:27:13.970 23220 23239 D AppName: (null):0 ((null)): qt.scen...: (RT) WM_RequestSync
11-22 17:27:13.971 23220 23239 D AppName: (null):0 ((null)): qt.scen...: (RT) --- done processEventsAndWaitForMore()
11-22 17:27:13.971 23220 23239 D AppName: (null):0 ((null)): qt.scen...: (RT) syncAndRender()
11-22 17:27:13.971 23220 23239 D AppName: (null):0 ((null)): qt.scen...: (RT) - updatePending, doing sync
11-22 17:27:13.972 23220 23239 D AppName: (null):0 ((null)): qt.scen...: (RT) sync()
11-22 17:27:13.972 23220 23239 D AppName: (null):0 ((null)): qt.quic...: QQuickWindowPrivate::updateDirtyNodes():
11-22 17:27:13.972 23220 23239 D AppName: (null):0 ((null)): qt.scen...: (RT) - sync complete, waking Gui
11-22 17:27:13.973 23220 23239 D AppName: (null):0 ((null)): qt.scen...: (RT) - no changes, render aborted
11-22 17:27:13.973 23220 23237 D AppName: (null):0 ((null)): qt.scen...: - unlock after sync
11-22 17:27:13.973 23220 23237 D AppName: (null):0 ((null)): qt.scen...: Frame prepared with 'threaded' renderloop, polish=0, lock=0, blockedForSync=2, animations=0 - (on Gui thread) ApplicationWindow_QMLTYPE_11(0xcdee6b20)
11-22 17:27:13.974 23220 23237 D AppName: (null):0 ((null)): qt.quic...: QTouchEvent(TouchUpdate device: "" states: TouchPointMoved, 1 points: (TouchPoint(0 (144.327,286.469 161.633x259.061) TouchPointMoved press 0.8625 vel QVector2D(0, 0) start (225.143,418.286) last (225.143,416.762) delta (0,-0.761905)))
11-22 17:27:13.974 23220 23237 D AppName: (null):0 ((null)): qt.scen...: update from item ApplicationWindow_QMLTYPE_11(0xcdee6b20)
11-22 17:27:13.979 23220 23237 D AppName: (null):0 ((null)): qt.scen...: - polish and sync update request
11-22 17:27:13.980 23220 23237 D AppName: (null):0 ((null)): qt.scen...: polishAndSync (normal) ApplicationWindow_QMLTYPE_11(0xcdee6b20)
11-22 17:27:13.980 23220 23237 D AppName: (null):0 ((null)): qt.quic...: - delivering QTouchEvent(TouchUpdate device: "" states: TouchPointMoved, 1 points: (TouchPoint(0 (144.327,286.469 161.633x259.061) TouchPointMoved press 0.8625 vel QVector2D(0, 0) start (225.143,418.286) last (225.143,416.762) delta (0,-0.761905)))
11-22 17:27:13.981 23220 23237 D AppName: (null):0 ((null)): qt.quic...: - considering delivering QTouchEvent(TouchUpdate device: "" states: TouchPointMoved, 1 points: (TouchPoint(0 (144.327,286.469 161.633x259.061) TouchPointMoved press 0.8625 vel QVector2D(0, 0) start (225.143,418.286) last (225.143,416.762) delta (0,-0.761905))) to QQuickMouseArea(0xcdee74c0, parent=0xcdee7490, geometry=0,0 411x659)
11-22 17:27:13.981 23220 23237 D AppName: (null):0 ((null)): qt.quic...: - actually delivering QTouchEvent(TouchUpdate device: "" states: TouchPointMoved, 1 points: (TouchPoint(0 (144.327,286.469 161.633x259.061) TouchPointMoved press 0.8625 vel QVector2D(0, 0) start (225.143,418.286) last (225.143,416.762) delta (0,-0.761905))) to QQuickMouseArea(0xcdee74c0, parent=0xcdee7490, geometry=0,0 411x659)
11-22 17:27:13.981 23220 23237 D AppName: (null):0 ((null)): qt.quic...: TP (mouse) 0 -> QQuickMouseArea(0xcdee74c0, parent=0xcdee7490, geometry=0,0 411x659)
11-22 17:27:13.982 23220 23237 D AppName: (null):0 ((null)): qt.scen...: - lock for sync
11-22 17:27:13.982 23220 23237 D AppName: (null):0 ((null)): qt.scen...: - wait for sync
11-22 17:27:13.988 23220 23239 D AppName: (null):0 ((null)): qt.scen...: (RT) --- begin processEvents()
11-22 17:27:13.988 23220 23239 D AppName: (null):0 ((null)): qt.scen...: (RT) WM_RequestSync
11-22 17:27:13.989 23220 23239 D AppName: (null):0 ((null)): qt.scen...: (RT) --- done processEvents()
11-22 17:27:13.989 23220 23239 D AppName: (null):0 ((null)): qt.scen...: (RT) syncAndRender()
11-22 17:27:13.989 23220 23239 D AppName: (null):0 ((null)): qt.scen...: (RT) - updatePending, doing sync
11-22 17:27:13.990 23220 23239 D AppName: (null):0 ((null)): qt.scen...: (RT) sync()
11-22 17:27:13.990 23220 23239 D AppName: (null):0 ((null)): qt.quic...: QQuickWindowPrivate::updateDirtyNodes():
11-22 17:27:13.990 23220 23239 D AppName: (null):0 ((null)): qt.scen...: (RT) - sync complete, waking Gui
11-22 17:27:13.991 23220 23239 D AppName: (null):0 ((null)): qt.scen...: (RT) - no changes, render aborted
11-22 17:27:13.991 23220 23237 D AppName: (null):0 ((null)): qt.scen...: - unlock after sync
11-22 17:27:13.991 23220 23237 D AppName: (null):0 ((null)): qt.scen...: Frame prepared with 'threaded' renderloop, polish=0, lock=0, blockedForSync=8, animations=0 - (on Gui thread) ApplicationWindow_QMLTYPE_11(0xcdee6b20)
11-22 17:27:13.995 23220 23237 D AppName: (null):0 ((null)): qt.quic...: QTouchEvent(TouchUpdate device: "" states: TouchPointMoved, 1 points: (TouchPoint(0 (150.531,297.483 146.939x235.51) TouchPointMoved press 0.8375 vel QVector2D(0, 0) start (225.143,418.286) last (225.143,416) delta (-1.14286,-0.761905)))
11-22 17:27:13.995 23220 23237 D AppName: (null):0 ((null)): qt.scen...: update from item ApplicationWindow_QMLTYPE_11(0xcdee6b20)
11-22 17:27:14.001 23220 23237 D AppName: (null):0 ((null)): qt.scen...: - polish and sync update request
11-22 17:27:14.001 23220 23237 D AppName: (null):0 ((null)): qt.scen...: polishAndSync (normal) ApplicationWindow_QMLTYPE_11(0xcdee6b20)
11-22 17:27:14.001 23220 23237 D AppName: (null):0 ((null)): qt.quic...: - delivering QTouchEvent(TouchUpdate device: "" states: TouchPointMoved, 1 points: (TouchPoint(0 (150.531,297.483 146.939x235.51) TouchPointMoved press 0.8375 vel QVector2D(0, 0) start (225.143,418.286) last (225.143,416) delta (-1.14286,-0.761905)))
11-22 17:27:14.002 23220 23237 D AppName: (null):0 ((null)): qt.quic...: - considering delivering QTouchEvent(TouchUpdate device: "" states: TouchPointMoved, 1 points: (TouchPoint(0 (150.531,297.483 146.939x235.51) TouchPointMoved press 0.8375 vel QVector2D(0, 0) start (225.143,418.286) last (225.143,416) delta (-1.14286,-0.761905))) to QQuickMouseArea(0xcdee74c0, parent=0xcdee7490, geometry=0,0 411x659)
11-22 17:27:14.002 23220 23237 D AppName: (null):0 ((null)): qt.quic...: - actually delivering QTouchEvent(TouchUpdate device: "" states: TouchPointMoved, 1 points: (TouchPoint(0 (150.531,297.483 146.939x235.51) TouchPointMoved press 0.8375 vel QVector2D(0, 0) start (225.143,418.286) last (225.143,416) delta (-1.14286,-0.761905))) to QQuickMouseArea(0xcdee74c0, parent=0xcdee7490, geometry=0,0 411x659)
11-22 17:27:14.002 23220 23237 D AppName: (null):0 ((null)): qt.quic...: TP (mouse) 0 -> QQuickMouseArea(0xcdee74c0, parent=0xcdee7490, geometry=0,0 411x659)
11-22 17:27:14.003 23220 23237 D AppName: (null):0 ((null)): qt.scen...: - lock for sync
11-22 17:27:14.003 23220 23237 D AppName: (null):0 ((null)): qt.scen...: - wait for sync
11-22 17:27:14.006 23220 23239 D AppName: (null):0 ((null)): qt.scen...: (RT) --- begin processEvents()
11-22 17:27:14.006 23220 23239 D AppName: (null):0 ((null)): qt.scen...: (RT) WM_RequestSync
11-22 17:27:14.007 23220 23239 D AppName: (null):0 ((null)): qt.scen...: (RT) --- done processEvents()
11-22 17:27:14.007 23220 23239 D AppName: (null):0 ((null)): qt.scen...: (RT) syncAndRender()
11-22 17:27:14.007 23220 23239 D AppName: (null):0 ((null)): qt.scen...: (RT) - updatePending, doing sync
11-22 17:27:14.007 23220 23239 D AppName: (null):0 ((null)): qt.scen...: (RT) sync()
11-22 17:27:14.008 23220 23239 D AppName: (null):0 ((null)): qt.quic...: QQuickWindowPrivate::updateDirtyNodes():
11-22 17:27:14.008 23220 23239 D AppName: (null):0 ((null)): qt.scen...: (RT) - sync complete, waking Gui
11-22 17:27:14.008 23220 23239 D AppName: (null):0 ((null)): qt.scen...: (RT) - no changes, render aborted
11-22 17:27:14.009 23220 23237 D AppName: (null):0 ((null)): qt.scen...: - unlock after sync
11-22 17:27:14.009 23220 23237 D AppName: (null):0 ((null)): qt.scen...: Frame prepared with 'threaded' renderloop, polish=0, lock=0, blockedForSync=5, animations=0 - (on Gui thread) ApplicationWindow_QMLTYPE_11(0xcdee6b20)
11-22 17:27:14.009 23220 23237 D AppName: (null):0 ((null)): qt.quic...: QTouchEvent(TouchUpdate device: "" states: TouchPointMoved, 1 points: (TouchPoint(0 (168.898,326.922 110.204x176.633) TouchPointMoved press 0.525 vel QVector2D(0, 0) start (225.143,418.286) last (224,415.238) delta (0,5.68434e-14)))
11-22 17:27:14.010 23220 23237 D AppName: (null):0 ((null)): qt.scen...: update from item ApplicationWindow_QMLTYPE_11(0xcdee6b20)
11-22 17:27:14.010 23220 23237 D AppName: (null):0 ((null)): qt.quic...: QTouchEvent(TouchEnd device: "" states: TouchPointReleased, 1 points: (TouchPoint(0 (168.898,326.922 110.204x176.633) TouchPointReleased press 0.525 vel QVector2D(0, 0) start (225.143,418.286) last (224,415.238) delta (0,0)))
11-22 17:27:14.010 23220 23237 D AppName: (null):0 ((null)): qt.quic...: - delivering QTouchEvent(TouchUpdate device: "" states: TouchPointMoved, 1 points: (TouchPoint(0 (168.898,326.922 110.204x176.633) TouchPointMoved press 0.525 vel QVector2D(0, 0) start (225.143,418.286) last (224,415.238) delta (0,5.68434e-14)))
11-22 17:27:14.011 23220 23237 D AppName: (null):0 ((null)): qt.quic...: - considering delivering QTouchEvent(TouchUpdate device: "" states: TouchPointMoved, 1 points: (TouchPoint(0 (168.898,326.922 110.204x176.633) TouchPointMoved press 0.525 vel QVector2D(0, 0) start (225.143,418.286) last (224,415.238) delta (0,5.68434e-14))) to QQuickMouseArea(0xcdee74c0, parent=0xcdee7490, geometry=0,0 411x659)
11-22 17:27:14.011 23220 23237 D AppName: (null):0 ((null)): qt.quic...: - actually delivering QTouchEvent(TouchUpdate device: "" states: TouchPointMoved, 1 points: (TouchPoint(0 (168.898,326.922 110.204x176.633) TouchPointMoved press 0.525 vel QVector2D(0, 0) start (225.143,418.286) last (224,415.238) delta (0,5.68434e-14))) to QQuickMouseArea(0xcdee74c0, parent=0xcdee7490, geometry=0,0 411x659)
11-22 17:27:14.012 23220 23237 D AppName: (null):0 ((null)): qt.quic...: TP (mouse) 0 -> QQuickMouseArea(0xcdee74c0, parent=0xcdee7490, geometry=0,0 411x659)
11-22 17:27:14.012 23220 23237 D AppName: (null):0 ((null)): qt.quic...: - delivering QTouchEvent(TouchEnd device: "" states: TouchPointReleased, 1 points: (TouchPoint(0 (168.898,326.922 110.204x176.633) TouchPointReleased press 0.525 vel QVector2D(0, 0) start (225.143,418.286) last (224,415.238) delta (0,0)))
11-22 17:27:14.012 23220 23237 D AppName: (null):0 ((null)): qt.quic...: - considering delivering QTouchEvent(TouchEnd device: "" states: TouchPointReleased, 1 points: (TouchPoint(0 (168.898,326.922 110.204x176.633) TouchPointReleased press 0.525 vel QVector2D(0, 0) start (225.143,418.286) last (224,415.238) delta (0,0))) to QQuickMouseArea(0xcdee74c0, parent=0xcdee7490, geometry=0,0 411x659)
11-22 17:27:14.013 23220 23237 D AppName: (null):0 ((null)): qt.quic...: - actually delivering QTouchEvent(TouchEnd device: "" states: TouchPointReleased, 1 points: (TouchPoint(0 (168.898,326.922 110.204x176.633) TouchPointReleased press 0.525 vel QVector2D(0, 0) start (225.143,418.286) last (224,415.238) delta (0,0))) to QQuickMouseArea(0xcdee74c0, parent=0xcdee7490, geometry=0,0 411x659)
11-22 17:27:14.013 23220 23237 D AppName: ts:/qml/main.qml:22 (onClicked): qml : HELLO!! MOUSEAREA CLICKED
11-22 17:27:14.014 23220 23237 D AppName: (null):0 ((null)): qt.quic...: TP 0 released
11-22 17:27:14.015 23220 23237 D AppName: (null):0 ((null)): qt.scen...: - polish and sync update request
11-22 17:27:14.015 23220 23237 D AppName: (null):0 ((null)): qt.scen...: polishAndSync (normal) ApplicationWindow_QMLTYPE_11(0xcdee6b20)
11-22 17:27:14.016 23220 23237 D AppName: (null):0 ((null)): qt.scen...: - lock for sync
11-22 17:27:14.016 23220 23237 D AppName: (null):0 ((null)): qt.scen...: - wait for sync
11-22 17:27:14.024 23220 23239 D AppName: (null):0 ((null)): qt.scen...: (RT) --- begin processEvents()
11-22 17:27:14.024 23220 23239 D AppName: (null):0 ((null)): qt.scen...: (RT) WM_RequestSync
11-22 17:27:14.024 23220 23239 D AppName: (null):0 ((null)): qt.scen...: (RT) --- done processEvents()
11-22 17:27:14.025 23220 23239 D AppName: (null):0 ((null)): qt.scen...: (RT) syncAndRender()
11-22 17:27:14.025 23220 23239 D AppName: (null):0 ((null)): qt.scen...: (RT) - updatePending, doing sync
11-22 17:27:14.025 23220 23239 D AppName: (null):0 ((null)): qt.scen...: (RT) sync()
11-22 17:27:14.026 23220 23239 D AppName: (null):0 ((null)): qt.quic...: QQuickWindowPrivate::updateDirtyNodes():
11-22 17:27:14.026 23220 23239 D AppName: (null):0 ((null)): qt.scen...: (RT) - sync complete, waking Gui
11-22 17:27:14.026 23220 23239 D AppName: (null):0 ((null)): qt.scen...: (RT) - no changes, render aborted
11-22 17:27:14.027 23220 23237 D AppName: (null):0 ((null)): qt.scen...: - unlock after sync
