11-22 17:27:14.027 23220 23237 D AppName: (null):0 ((null)): qt.scen...: Frame prepared with 'threaded' renderloop, polish=0, lock=0, blockedForSync=10, animations=0 - (on Gui thread) ApplicationWindow_QMLTYPE_11(0xcdee6b20)
11-22 17:27:14.042 23220 23239 D AppName: (null):0 ((null)): qt.scen...: (RT) --- begin processEvents()
11-22 17:27:14.042 23220 23239 D AppName: (null):0 ((null)): qt.scen...: (RT) --- done processEvents()
11-22 17:27:14.042 23220 23239 D AppName: (null):0 ((null)): qt.scen...: (RT) done drawing, sleep...
11-22 17:27:14.043 23220 23239 D AppName: (null):0 ((null)): qt.scen...: (RT) --- begin processEventsAndWaitForMore()
11-22 17:27:14.163 23220 23237 D AppName: (null):0 ((null)): qt.quic...: QTouchEvent(TouchBegin device: "" states: TouchPointPressed, 1 points: (TouchPoint(0 (144.327,292.184 161.633x259.061) TouchPointPressed press 0.875 vel QVector2D(0, 0) start (225.143,421.714) last (225.143,421.714) delta (0,0)))
11-22 17:27:14.163 23220 23237 D AppName: (null):0 ((null)): qt.quic...: - delivering QTouchEvent(TouchBegin device: "" states: TouchPointPressed, 1 points: (TouchPoint(0 (144.327,292.184 161.633x259.061) TouchPointPressed press 0.875 vel QVector2D(0, 0) start (225.143,421.714) last (225.143,421.714) delta (0,0)))
11-22 17:27:14.163 23220 23237 D AppName: (null):0 ((null)): qt.quic...: - considering delivering QTouchEvent(TouchBegin device: "" states: TouchPointPressed, 1 points: (TouchPoint(0 (144.327,292.184 161.633x259.061) TouchPointPressed press 0.875 vel QVector2D(0, 0) start (225.143,421.714) last (225.143,421.714) delta (0,0))) to QQuickRectangle(0xcdee74f0, parent=0xcdee74c0, geometry=0,0 411x659)
11-22 17:27:14.164 23220 23237 D AppName: (null):0 ((null)): qt.quic...: TP 0 -> QQuickRectangle(0xcdee74f0, parent=0xcdee74c0, geometry=0,0 411x659)
11-22 17:27:14.164 23220 23237 D AppName: (null):0 ((null)): qt.quic...: - actually delivering QTouchEvent(TouchBegin device: "" states: TouchPointPressed, 1 points: (TouchPoint(0 (144.327,292.184 161.633x259.061) TouchPointPressed press 0.875 vel QVector2D(0, 0) start (225.143,421.714) last (225.143,421.714) delta (0,0))) to QQuickRectangle(0xcdee74f0, parent=0xcdee74c0, geometry=0,0 411x659)
11-22 17:27:14.165 23220 23237 D AppName: (null):0 ((null)): qt.quic...: TP 0 disassociated
11-22 17:27:14.165 23220 23237 D AppName: (null):0 ((null)): qt.quic...: - considering delivering QTouchEvent(TouchBegin device: "" states: TouchPointPressed, 1 points: (TouchPoint(0 (144.327,292.184 161.633x259.061) TouchPointPressed press 0.875 vel QVector2D(0, 0) start (225.143,421.714) last (225.143,421.714) delta (0,0))) to QQuickMouseArea(0xcdee74c0, parent=0xcdee7490, geometry=0,0 411x659)
11-22 17:27:14.165 23220 23237 D AppName: (null):0 ((null)): qt.quic...: TP 0 -> QQuickMouseArea(0xcdee74c0, parent=0xcdee7490, geometry=0,0 411x659)
11-22 17:27:14.166 23220 23237 D AppName: (null):0 ((null)): qt.quic...: - actually delivering QTouchEvent(TouchBegin device: "" states: TouchPointPressed, 1 points: (TouchPoint(0 (144.327,292.184 161.633x259.061) TouchPointPressed press 0.875 vel QVector2D(0, 0) start (225.143,421.714) last (225.143,421.714) delta (0,0))) to QQuickMouseArea(0xcdee74c0, parent=0xcdee7490, geometry=0,0 411x659)
11-22 17:27:14.166 23220 23237 D AppName: (null):0 ((null)): qt.quic...: TP (mouse) 0 -> QQuickMouseArea(0xcdee74c0, parent=0xcdee7490, geometry=0,0 411x659)
11-22 17:27:14.166 23220 23237 D AppName: (null):0 ((null)): qt.quic...: TP (mouse) 0 -> QQuickMouseArea(0xcdee74c0, parent=0xcdee7490, geometry=0,0 411x659)
11-22 17:27:14.188 23220 23237 D AppName: (null):0 ((null)): qt.quic...: QTouchEvent(TouchUpdate device: "" states: TouchPointMoved, 1 points: (TouchPoint(0 (140.653,284.01 168.98x270.837) TouchPointMoved press 0.8875 vel QVector2D(0, 0) start (225.143,421.714) last (225.143,421.714) delta (-5.68434e-14,-2.28571)))
11-22 17:27:14.188 23220 23237 D AppName: (null):0 ((null)): qt.scen...: update from item ApplicationWindow_QMLTYPE_11(0xcdee6b20)
11-22 17:27:14.194 23220 23237 D AppName: (null):0 ((null)): qt.scen...: - polish and sync update request
11-22 17:27:14.194 23220 23237 D AppName: (null):0 ((null)): qt.scen...: polishAndSync (normal) ApplicationWindow_QMLTYPE_11(0xcdee6b20)
11-22 17:27:14.195 23220 23237 D AppName: (null):0 ((null)): qt.quic...: - delivering QTouchEvent(TouchUpdate device: "" states: TouchPointMoved, 1 points: (TouchPoint(0 (140.653,284.01 168.98x270.837) TouchPointMoved press 0.8875 vel QVector2D(0, 0) start (225.143,421.714) last (225.143,421.714) delta (-5.68434e-14,-2.28571)))
11-22 17:27:14.195 23220 23237 D AppName: (null):0 ((null)): qt.quic...: - considering delivering QTouchEvent(TouchUpdate device: "" states: TouchPointMoved, 1 points: (TouchPoint(0 (140.653,284.01 168.98x270.837) TouchPointMoved press 0.8875 vel QVector2D(0, 0) start (225.143,421.714) last (225.143,421.714) delta (-5.68434e-14,-2.28571))) to QQuickMouseArea(0xcdee74c0, parent=0xcdee7490, geometry=0,0 411x659)
11-22 17:27:14.196 23220 23237 D AppName: (null):0 ((null)): qt.quic...: - actually delivering QTouchEvent(TouchUpdate device: "" states: TouchPointMoved, 1 points: (TouchPoint(0 (140.653,284.01 168.98x270.837) TouchPointMoved press 0.8875 vel QVector2D(0, 0) start (225.143,421.714) last (225.143,421.714) delta (-5.68434e-14,-2.28571))) to QQuickMouseArea(0xcdee74c0, parent=0xcdee7490, geometry=0,0 411x659)
11-22 17:27:14.196 23220 23237 D AppName: (null):0 ((null)): qt.quic...: TP (mouse) 0 -> QQuickMouseArea(0xcdee74c0, parent=0xcdee7490, geometry=0,0 411x659)
11-22 17:27:14.196 23220 23237 D AppName: (null):0 ((null)): qt.scen...: - lock for sync
11-22 17:27:14.196 23220 23237 D AppName: (null):0 ((null)): qt.scen...: - wait for sync
11-22 17:27:14.197 23220 23239 D AppName: (null):0 ((null)): qt.scen...: (RT) WM_RequestSync
11-22 17:27:14.197 23220 23239 D AppName: (null):0 ((null)): qt.scen...: (RT) --- done processEventsAndWaitForMore()
11-22 17:27:14.197 23220 23239 D AppName: (null):0 ((null)): qt.scen...: (RT) syncAndRender()
11-22 17:27:14.198 23220 23239 D AppName: (null):0 ((null)): qt.scen...: (RT) - updatePending, doing sync
11-22 17:27:14.198 23220 23239 D AppName: (null):0 ((null)): qt.scen...: (RT) sync()
11-22 17:27:14.198 23220 23239 D AppName: (null):0 ((null)): qt.quic...: QQuickWindowPrivate::updateDirtyNodes():
11-22 17:27:14.199 23220 23239 D AppName: (null):0 ((null)): qt.scen...: (RT) - sync complete, waking Gui
11-22 17:27:14.199 23220 23239 D AppName: (null):0 ((null)): qt.scen...: (RT) - no changes, render aborted
11-22 17:27:14.199 23220 23237 D AppName: (null):0 ((null)): qt.scen...: - unlock after sync
11-22 17:27:14.199 23220 23237 D AppName: (null):0 ((null)): qt.scen...: Frame prepared with 'threaded' renderloop, polish=0, lock=0, blockedForSync=2, animations=0 - (on Gui thread) ApplicationWindow_QMLTYPE_11(0xcdee6b20)
11-22 17:27:14.212 23220 23237 D AppName: (null):0 ((null)): qt.quic...: QTouchEvent(TouchUpdate device: "" states: TouchPointMoved, 1 points: (TouchPoint(0 (144.327,289.136 161.633x259.061) TouchPointMoved press 0.875 vel QVector2D(0, 0) start (225.143,421.714) last (225.143,419.429) delta (5.68434e-14,-0.761905)))
11-22 17:27:14.212 23220 23237 D AppName: (null):0 ((null)): qt.scen...: update from item ApplicationWindow_QMLTYPE_11(0xcdee6b20)
11-22 17:27:14.214 23220 23239 D AppName: (null):0 ((null)): qt.scen...: (RT) --- begin processEvents()
11-22 17:27:14.215 23220 23239 D AppName: (null):0 ((null)): qt.scen...: (RT) --- done processEvents()
11-22 17:27:14.215 23220 23239 D AppName: (null):0 ((null)): qt.scen...: (RT) done drawing, sleep...
11-22 17:27:14.215 23220 23239 D AppName: (null):0 ((null)): qt.scen...: (RT) --- begin processEventsAndWaitForMore()
11-22 17:27:14.217 23220 23237 D AppName: (null):0 ((null)): qt.scen...: - polish and sync update request
11-22 17:27:14.218 23220 23237 D AppName: (null):0 ((null)): qt.scen...: polishAndSync (normal) ApplicationWindow_QMLTYPE_11(0xcdee6b20)
11-22 17:27:14.218 23220 23237 D AppName: (null):0 ((null)): qt.quic...: - delivering QTouchEvent(TouchUpdate device: "" states: TouchPointMoved, 1 points: (TouchPoint(0 (144.327,289.136 161.633x259.061) TouchPointMoved press 0.875 vel QVector2D(0, 0) start (225.143,421.714) last (225.143,419.429) delta (5.68434e-14,-0.761905)))
11-22 17:27:14.219 23220 23237 D AppName: (null):0 ((null)): qt.quic...: - considering delivering QTouchEvent(TouchUpdate device: "" states: TouchPointMoved, 1 points: (TouchPoint(0 (144.327,289.136 161.633x259.061) TouchPointMoved press 0.875 vel QVector2D(0, 0) start (225.143,421.714) last (225.143,419.429) delta (5.68434e-14,-0.761905))) to QQuickMouseArea(0xcdee74c0, parent=0xcdee7490, geometry=0,0 411x659)
11-22 17:27:14.219 23220 23237 D AppName: (null):0 ((null)): qt.quic...: - actually delivering QTouchEvent(TouchUpdate device: "" states: TouchPointMoved, 1 points: (TouchPoint(0 (144.327,289.136 161.633x259.061) TouchPointMoved press 0.875 vel QVector2D(0, 0) start (225.143,421.714) last (225.143,419.429) delta (5.68434e-14,-0.761905))) to QQuickMouseArea(0xcdee74c0, parent=0xcdee7490, geometry=0,0 411x659)
11-22 17:27:14.219 23220 23237 D AppName: (null):0 ((null)): qt.quic...: TP (mouse) 0 -> QQuickMouseArea(0xcdee74c0, parent=0xcdee7490, geometry=0,0 411x659)
11-22 17:27:14.220 23220 23237 D AppName: (null):0 ((null)): qt.scen...: - lock for sync
11-22 17:27:14.220 23220 23237 D AppName: (null):0 ((null)): qt.scen...: - wait for sync
11-22 17:27:14.220 23220 23239 D AppName: (null):0 ((null)): qt.scen...: (RT) WM_RequestSync
11-22 17:27:14.221 23220 23239 D AppName: (null):0 ((null)): qt.scen...: (RT) --- done processEventsAndWaitForMore()
11-22 17:27:14.221 23220 23239 D AppName: (null):0 ((null)): qt.scen...: (RT) syncAndRender()
11-22 17:27:14.221 23220 23239 D AppName: (null):0 ((null)): qt.scen...: (RT) - updatePending, doing sync
11-22 17:27:14.221 23220 23239 D AppName: (null):0 ((null)): qt.scen...: (RT) sync()
11-22 17:27:14.222 23220 23239 D AppName: (null):0 ((null)): qt.quic...: QQuickWindowPrivate::updateDirtyNodes():
11-22 17:27:14.222 23220 23239 D AppName: (null):0 ((null)): qt.scen...: (RT) - sync complete, waking Gui
11-22 17:27:14.222 23220 23239 D AppName: (null):0 ((null)): qt.scen...: (RT) - no changes, render aborted
11-22 17:27:14.223 23220 23237 D AppName: (null):0 ((null)): qt.scen...: - unlock after sync
11-22 17:27:14.223 23220 23237 D AppName: (null):0 ((null)): qt.scen...: Frame prepared with 'threaded' renderloop, polish=0, lock=0, blockedForSync=2, animations=0 - (on Gui thread) ApplicationWindow_QMLTYPE_11(0xcdee6b20)
11-22 17:27:14.223 23220 23237 D AppName: (null):0 ((null)): qt.quic...: QTouchEvent(TouchUpdate device: "" states: TouchPointMoved, 1 points: (TouchPoint(0 (166.367,324.463 117.551x188.408) TouchPointMoved press 0.775 vel QVector2D(0, 0) start (225.143,421.714) last (225.143,418.667) delta (-2.84217e-14,5.68434e-14)))
11-22 17:27:14.224 23220 23237 D AppName: (null):0 ((null)): qt.scen...: update from item ApplicationWindow_QMLTYPE_11(0xcdee6b20)
11-22 17:27:14.224 23220 23237 D AppName: (null):0 ((null)): qt.quic...: QTouchEvent(TouchEnd device: "" states: TouchPointReleased, 1 points: (TouchPoint(0 (166.367,324.463 117.551x188.408) TouchPointReleased press 0.775 vel QVector2D(0, 0) start (225.143,421.714) last (225.143,418.667) delta (0,0)))
11-22 17:27:14.225 23220 23237 D AppName: (null):0 ((null)): qt.quic...: - delivering QTouchEvent(TouchUpdate device: "" states: TouchPointMoved, 1 points: (TouchPoint(0 (166.367,324.463 117.551x188.408) TouchPointMoved press 0.775 vel QVector2D(0, 0) start (225.143,421.714) last (225.143,418.667) delta (-2.84217e-14,5.68434e-14)))
11-22 17:27:14.225 23220 23237 D AppName: (null):0 ((null)): qt.quic...: - considering delivering QTouchEvent(TouchUpdate device: "" states: TouchPointMoved, 1 points: (TouchPoint(0 (166.367,324.463 117.551x188.408) TouchPointMoved press 0.775 vel QVector2D(0, 0) start (225.143,421.714) last (225.143,418.667) delta (-2.84217e-14,5.68434e-14))) to QQuickMouseArea(0xcdee74c0, parent=0xcdee7490, geometry=0,0 411x659)
11-22 17:27:14.225 23220 23237 D AppName: (null):0 ((null)): qt.quic...: - actually delivering QTouchEvent(TouchUpdate device: "" states: TouchPointMoved, 1 points: (TouchPoint(0 (166.367,324.463 117.551x188.408) TouchPointMoved press 0.775 vel QVector2D(0, 0) start (225.143,421.714) last (225.143,418.667) delta (-2.84217e-14,5.68434e-14))) to QQuickMouseArea(0xcdee74c0, parent=0xcdee7490, geometry=0,0 411x659)
11-22 17:27:14.226 23220 23237 D AppName: (null):0 ((null)): qt.quic...: TP (mouse) 0 -> QQuickMouseArea(0xcdee74c0, parent=0xcdee7490, geometry=0,0 411x659)
11-22 17:27:14.226 23220 23237 D AppName: (null):0 ((null)): qt.quic...: - delivering QTouchEvent(TouchEnd device: "" states: TouchPointReleased, 1 points: (TouchPoint(0 (166.367,324.463 117.551x188.408) TouchPointReleased press 0.775 vel QVector2D(0, 0) start (225.143,421.714) last (225.143,418.667) delta (0,0)))
11-22 17:27:14.226 23220 23237 D AppName: (null):0 ((null)): qt.quic...: - considering delivering QTouchEvent(TouchEnd device: "" states: TouchPointReleased, 1 points: (TouchPoint(0 (166.367,324.463 117.551x188.408) TouchPointReleased press 0.775 vel QVector2D(0, 0) start (225.143,421.714) last (225.143,418.667) delta (0,0))) to QQuickMouseArea(0xcdee74c0, parent=0xcdee7490, geometry=0,0 411x659)
11-22 17:27:14.227 23220 23237 D AppName: (null):0 ((null)): qt.quic...: - actually delivering QTouchEvent(TouchEnd device: "" states: TouchPointReleased, 1 points: (TouchPoint(0 (166.367,324.463 117.551x188.408) TouchPointReleased press 0.775 vel QVector2D(0, 0) start (225.143,421.714) last (225.143,418.667) delta (0,0))) to QQuickMouseArea(0xcdee74c0, parent=0xcdee7490, geometry=0,0 411x659)
11-22 17:27:14.227 23220 23237 D AppName: ts:/qml/main.qml:22 (onClicked): qml : HELLO!! MOUSEAREA CLICKED
11-22 17:27:14.228 23220 23237 D AppName: (null):0 ((null)): qt.quic...: TP 0 released
11-22 17:27:14.230 23220 23237 D AppName: (null):0 ((null)): qt.scen...: - polish and sync update request
11-22 17:27:14.230 23220 23237 D AppName: (null):0 ((null)): qt.scen...: polishAndSync (normal) ApplicationWindow_QMLTYPE_11(0xcdee6b20)
11-22 17:27:14.231 23220 23237 D AppName: (null):0 ((null)): qt.scen...: - lock for sync
11-22 17:27:14.231 23220 23237 D AppName: (null):0 ((null)): qt.scen...: - wait for sync
11-22 17:27:14.238 23220 23239 D AppName: (null):0 ((null)): qt.scen...: (RT) --- begin processEvents()
11-22 17:27:14.238 23220 23239 D AppName: (null):0 ((null)): qt.scen...: (RT) WM_RequestSync
11-22 17:27:14.238 23220 23239 D AppName: (null):0 ((null)): qt.scen...: (RT) --- done processEvents()
11-22 17:27:14.239 23220 23239 D AppName: (null):0 ((null)): qt.scen...: (RT) syncAndRender()
11-22 17:27:14.239 23220 23239 D AppName: (null):0 ((null)): qt.scen...: (RT) - updatePending, doing sync
11-22 17:27:14.239 23220 23239 D AppName: (null):0 ((null)): qt.scen...: (RT) sync()
11-22 17:27:14.240 23220 23239 D AppName: (null):0 ((null)): qt.quic...: QQuickWindowPrivate::updateDirtyNodes():
11-22 17:27:14.240 23220 23239 D AppName: (null):0 ((null)): qt.scen...: (RT) - sync complete, waking Gui
11-22 17:27:14.240 23220 23239 D AppName: (null):0 ((null)): qt.scen...: (RT) - no changes, render aborted
11-22 17:27:14.240 23220 23237 D AppName: (null):0 ((null)): qt.scen...: - unlock after sync
11-22 17:27:14.241 23220 23237 D AppName: (null):0 ((null)): qt.scen...: Frame prepared with 'threaded' renderloop, polish=0, lock=0, blockedForSync=9, animations=0 - (on Gui thread) ApplicationWindow_QMLTYPE_11(0xcdee6b20)
11-22 17:27:14.256 23220 23239 D AppName: (null):0 ((null)): qt.scen...: (RT) --- begin processEvents()
11-22 17:27:14.256 23220 23239 D AppName: (null):0 ((null)): qt.scen...: (RT) --- done processEvents()
11-22 17:27:14.256 23220 23239 D AppName: (null):0 ((null)): qt.scen...: (RT) done drawing, sleep...
11-22 17:27:14.256 23220 23239 D AppName: (null):0 ((null)): qt.scen...: (RT) --- begin processEventsAndWaitForMore()
11-22 17:27:14.387 23220 23237 D AppName: (null):0 ((null)): qt.quic...: QTouchEvent(TouchBegin device: "" states: TouchPointPressed, 1 points: (TouchPoint(0 (146.993,284.565 161.633x259.061) TouchPointPressed press 0.8875 vel QVector2D(0, 0) start (227.81,414.095) last (227.81,414.095) delta (0,0)))
11-22 17:27:14.388 23220 23237 D AppName: (null):0 ((null)): qt.quic...: - delivering QTouchEvent(TouchBegin device: "" states: TouchPointPressed, 1 points: (TouchPoint(0 (146.993,284.565 161.633x259.061) TouchPointPressed press 0.8875 vel QVector2D(0, 0) start (227.81,414.095) last (227.81,414.095) delta (0,0)))
11-22 17:27:14.388 23220 23237 D AppName: (null):0 ((null)): qt.quic...: - considering delivering QTouchEvent(TouchBegin device: "" states: TouchPointPressed, 1 points: (TouchPoint(0 (146.993,284.565 161.633x259.061) TouchPointPressed press 0.8875 vel QVector2D(0, 0) start (227.81,414.095) last (227.81,414.095) delta (0,0))) to QQuickRectangle(0xcdee74f0, parent=0xcdee74c0, geometry=0,0 411x659)
11-22 17:27:14.389 23220 23237 D AppName: (null):0 ((null)): qt.quic...: TP 0 -> QQuickRectangle(0xcdee74f0, parent=0xcdee74c0, geometry=0,0 411x659)
11-22 17:27:14.389 23220 23237 D AppName: (null):0 ((null)): qt.quic...: - actually delivering QTouchEvent(TouchBegin device: "" states: TouchPointPressed, 1 points: (TouchPoint(0 (146.993,284.565 161.633x259.061) TouchPointPressed press 0.8875 vel QVector2D(0, 0) start (227.81,414.095) last (227.81,414.095) delta (0,0))) to QQuickRectangle(0xcdee74f0, parent=0xcdee74c0, geometry=0,0 411x659)
11-22 17:27:14.389 23220 23237 D AppName: (null):0 ((null)): qt.quic...: TP 0 disassociated
11-22 17:27:14.390 23220 23237 D AppName: (null):0 ((null)): qt.quic...: - considering delivering QTouchEvent(TouchBegin device: "" states: TouchPointPressed, 1 points: (TouchPoint(0 (146.993,284.565 161.633x259.061) TouchPointPressed press 0.8875 vel QVector2D(0, 0) start (227.81,414.095) last (227.81,414.095) delta (0,0))) to QQuickMouseArea(0xcdee74c0, parent=0xcdee7490, geometry=0,0 411x659)
11-22 17:27:14.390 23220 23237 D AppName: (null):0 ((null)): qt.quic...: TP 0 -> QQuickMouseArea(0xcdee74c0, parent=0xcdee7490, geometry=0,0 411x659)
11-22 17:27:14.390 23220 23237 D AppName: (null):0 ((null)): qt.quic...: - actually delivering QTouchEvent(TouchBegin device: "" states: TouchPointPressed, 1 points: (TouchPoint(0 (146.993,284.565 161.633x259.061) TouchPointPressed press 0.8875 vel QVector2D(0, 0) start (227.81,414.095) last (227.81,414.095) delta (0,0))) to QQuickMouseArea(0xcdee74c0, parent=0xcdee7490, geometry=0,0 411x659)
11-22 17:27:14.391 23220 23237 D AppName: (null):0 ((null)): qt.quic...: TP (mouse) 0 -> QQuickMouseArea(0xcdee74c0, parent=0xcdee7490, geometry=0,0 411x659)
11-22 17:27:14.391 23220 23237 D AppName: (null):0 ((null)): qt.quic...: TP (mouse) 0 -> QQuickMouseArea(0xcdee74c0, parent=0xcdee7490, geometry=0,0 411x659)
11-22 17:27:14.398 889 3119 I nanohub : osLog: [BMI160] accSetRate: rate=51200, latency=250000000, state=5
11-22 17:27:14.399 889 3119 I nanohub : osLog: [BMI160] accSetRate: rate=51200, latency=250000000, state=5
11-22 17:27:14.400 889 3119 I nanohub : osLog: [BMI160] accSetRate: rate=51200, latency=250000000, state=3
11-22 17:27:14.405 23220 23237 D AppName: (null):0 ((null)): qt.quic...: QTouchEvent(TouchUpdate device: "" states: TouchPointMoved, 1 points: (TouchPoint(0 (146.993,282.279 161.633x259.061) TouchPointMoved press 0.8875 vel QVector2D(0, 0) start (227.81,414.095) last (227.81,414.095) delta (0,-2.28571)))
11-22 17:27:14.405 23220 23237 D AppName: (null):0 ((null)): qt.scen...: update from item ApplicationWindow_QMLTYPE_11(0xcdee6b20)
11-22 17:27:14.411 23220 23237 D AppName: (null):0 ((null)): qt.scen...: - polish and sync update request
11-22 17:27:14.411 23220 23237 D AppName: (null):0 ((null)): qt.scen...: polishAndSync (normal) ApplicationWindow_QMLTYPE_11(0xcdee6b20)
11-22 17:27:14.411 23220 23237 D AppName: (null):0 ((null)): qt.quic...: - delivering QTouchEvent(TouchUpdate device: "" states: TouchPointMoved, 1 points: (TouchPoint(0 (146.993,282.279 161.633x259.061) TouchPointMoved press 0.8875 vel QVector2D(0, 0) start (227.81,414.095) last (227.81,414.095) delta (0,-2.28571)))
11-22 17:27:14.412 23220 23237 D AppName: (null):0 ((null)): qt.quic...: - considering delivering QTouchEvent(TouchUpdate device: "" states: TouchPointMoved, 1 points: (TouchPoint(0 (146.993,282.279 161.633x259.061) TouchPointMoved press 0.8875 vel QVector2D(0, 0) start (227.81,414.095) last (227.81,414.095) delta (0,-2.28571))) to QQuickMouseArea(0xcdee74c0, parent=0xcdee7490, geometry=0,0 411x659)
11-22 17:27:14.412 23220 23237 D AppName: (null):0 ((null)): qt.quic...: - actually delivering QTouchEvent(TouchUpdate device: "" states: TouchPointMoved, 1 points: (TouchPoint(0 (146.993,282.279 161.633x259.061) TouchPointMoved press 0.8875 vel QVector2D(0, 0) start (227.81,414.095) last (227.81,414.095) delta (0,-2.28571))) to QQuickMouseArea(0xcdee74c0, parent=0xcdee7490, geometry=0,0 411x659)
11-22 17:27:14.413 23220 23237 D AppName: (null):0 ((null)): qt.quic...: TP (mouse) 0 -> QQuickMouseArea(0xcdee74c0, parent=0xcdee7490, geometry=0,0 411x659)
11-22 17:27:14.413 23220 23237 D AppName: (null):0 ((null)): qt.scen...: - lock for sync
11-22 17:27:14.413 23220 23237 D AppName: (null):0 ((null)): qt.scen...: - wait for sync
11-22 17:27:14.414 23220 23239 D AppName: (null):0 ((null)): qt.scen...: (RT) WM_RequestSync
11-22 17:27:14.414 23220 23239 D AppName: (null):0 ((null)): qt.scen...: (RT) --- done processEventsAndWaitForMore()
11-22 17:27:14.414 23220 23239 D AppName: (null):0 ((null)): qt.scen...: (RT) syncAndRender()
11-22 17:27:14.414 23220 23239 D AppName: (null):0 ((null)): qt.scen...: (RT) - updatePending, doing sync
11-22 17:27:14.415 23220 23239 D AppName: (null):0 ((null)): qt.scen...: (RT) sync()
11-22 17:27:14.415 23220 23239 D AppName: (null):0 ((null)): qt.quic...: QQuickWindowPrivate::updateDirtyNodes():
11-22 17:27:14.415 23220 23239 D AppName: (null):0 ((null)): qt.scen...: (RT) - sync complete, waking Gui
11-22 17:27:14.415 23220 23239 D AppName: (null):0 ((null)): qt.scen...: (RT) - no changes, render aborted
11-22 17:27:14.416 23220 23237 D AppName: (null):0 ((null)): qt.scen...: - unlock after sync
11-22 17:27:14.416 23220 23237 D AppName: (null):0 ((null)): qt.scen...: Frame prepared with 'threaded' renderloop, polish=0, lock=0, blockedForSync=2, animations=0 - (on Gui thread) ApplicationWindow_QMLTYPE_11(0xcdee6b20)
11-22 17:27:14.429 23220 23237 D AppName: (null):0 ((null)): qt.quic...: QTouchEvent(TouchUpdate device: "" states: TouchPointMoved, 1 points: (TouchPoint(0 (140.408,267.456 176.327x282.612) TouchPointMoved press 0.9 vel QVector2D(0, 0) start (227.81,414.095) last (227.81,411.81) delta (0.761905,-3.04762)))
11-22 17:27:14.429 23220 23237 D AppName: (null):0 ((null)): qt.scen...: update from item ApplicationWindow_QMLTYPE_11(0xcdee6b20)
11-22 17:27:14.431 23220 23239 D AppName: (null):0 ((null)): qt.scen...: (RT) --- begin processEvents()
11-22 17:27:14.431 23220 23239 D AppName: (null):0 ((null)): qt.scen...: (RT) --- done processEvents()
11-22 17:27:14.431 23220 23239 D AppName: (null):0 ((null)): qt.scen...: (RT) done drawing, sleep...
11-22 17:27:14.432 23220 23239 D AppName: (null):0 ((null)): qt.scen...: (RT) --- begin processEventsAndWaitForMore()
11-22 17:27:14.434 23220 23237 D AppName: (null):0 ((null)): qt.scen...: - polish and sync update request
11-22 17:27:14.435 23220 23237 D AppName: (null):0 ((null)): qt.scen...: polishAndSync (normal) ApplicationWindow_QMLTYPE_11(0xcdee6b20)
11-22 17:27:14.435 23220 23237 D AppName: (null):0 ((null)): qt.quic...: - delivering QTouchEvent(TouchUpdate device: "" states: TouchPointMoved, 1 points: (TouchPoint(0 (140.408,267.456 176.327x282.612) TouchPointMoved press 0.9 vel QVector2D(0, 0) start (227.81,414.095) last (227.81,411.81) delta (0.761905,-3.04762)))
11-22 17:27:14.435 23220 23237 D AppName: (null):0 ((null)): qt.quic...: - considering delivering QTouchEvent(TouchUpdate device: "" states: TouchPointMoved, 1 points: (TouchPoint(0 (140.408,267.456 176.327x282.612) TouchPointMoved press 0.9 vel QVector2D(0, 0) start (227.81,414.095) last (227.81,411.81) delta (0.761905,-3.04762))) to QQuickMouseArea(0xcdee74c0, parent=0xcdee7490, geometry=0,0 411x659)
11-22 17:27:14.436 23220 23237 D AppName: (null):0 ((null)): qt.quic...: - actually delivering QTouchEvent(TouchUpdate device: "" states: TouchPointMoved, 1 points: (TouchPoint(0 (140.408,267.456 176.327x282.612) TouchPointMoved press 0.9 vel QVector2D(0, 0) start (227.81,414.095) last (227.81,411.81) delta (0.761905,-3.04762))) to QQuickMouseArea(0xcdee74c0, parent=0xcdee7490, geometry=0,0 411x659)
11-22 17:27:14.436 23220 23237 D AppName: (null):0 ((null)): qt.quic...: TP (mouse) 0 -> QQuickMouseArea(0xcdee74c0, parent=0xcdee7490, geometry=0,0 411x659)
11-22 17:27:14.436 23220 23237 D AppName: (null):0 ((null)): qt.scen...: - lock for sync
11-22 17:27:14.437 23220 23237 D AppName: (null):0 ((null)): qt.scen...: - wait for sync
11-22 17:27:14.437 23220 23239 D AppName: (null):0 ((null)): qt.scen...: (RT) WM_RequestSync
11-22 17:27:14.437 23220 23239 D AppName: (null):0 ((null)): qt.scen...: (RT) --- done processEventsAndWaitForMore()
11-22 17:27:14.438 23220 23239 D AppName: (null):0 ((null)): qt.scen...: (RT) syncAndRender()
11-22 17:27:14.438 23220 23239 D AppName: (null):0 ((null)): qt.scen...: (RT) - updatePending, doing sync
11-22 17:27:14.438 23220 23239 D AppName: (null):0 ((null)): qt.scen...: (RT) sync()
11-22 17:27:14.438 23220 23239 D AppName: (null):0 ((null)): qt.quic...: QQuickWindowPrivate::updateDirtyNodes():
11-22 17:27:14.439 23220 23239 D AppName: (null):0 ((null)): qt.scen...: (RT) - sync complete, waking Gui
11-22 17:27:14.439 23220 23239 D AppName: (null):0 ((null)): qt.scen...: (RT) - no changes, render aborted
11-22 17:27:14.439 23220 23237 D AppName: (null):0 ((null)): qt.scen...: - unlock after sync
11-22 17:27:14.440 23220 23237 D AppName: (null):0 ((null)): qt.scen...: Frame prepared with 'threaded' renderloop, polish=0, lock=0, blockedForSync=2, animations=0 - (on Gui thread) ApplicationWindow_QMLTYPE_11(0xcdee6b20)
11-22 17:27:14.445 23220 23237 D AppName: (null):0 ((null)): qt.quic...: QTouchEvent(TouchUpdate device: "" states: TouchPointMoved, 1 points: (TouchPoint(0 (154.34,291.007 146.939x235.51) TouchPointMoved press 0.8625 vel QVector2D(0, 0) start (227.81,414.095) last (228.571,408.762) delta (-0.761905,0)))
11-22 17:27:14.446 23220 23237 D AppName: (null):0 ((null)): qt.scen...: update from item ApplicationWindow_QMLTYPE_11(0xcdee6b20)
11-22 17:27:14.452 23220 23237 D AppName: (null):0 ((null)): qt.scen...: - polish and sync update request
11-22 17:27:14.452 23220 23237 D AppName: (null):0 ((null)): qt.scen...: polishAndSync (normal) ApplicationWindow_QMLTYPE_11(0xcdee6b20)
11-22 17:27:14.452 23220 23237 D AppName: (null):0 ((null)): qt.quic...: - delivering QTouchEvent(TouchUpdate device: "" states: TouchPointMoved, 1 points: (TouchPoint(0 (154.34,291.007 146.939x235.51) TouchPointMoved press 0.8625 vel QVector2D(0, 0) start (227.81,414.095) last (228.571,408.762) delta (-0.761905,0)))
11-22 17:27:14.453 23220 23237 D AppName: (null):0 ((null)): qt.quic...: - considering delivering QTouchEvent(TouchUpdate device: "" states: TouchPointMoved, 1 points: (TouchPoint(0 (154.34,291.007 146.939x235.51) TouchPointMoved press 0.8625 vel QVector2D(0, 0) start (227.81,414.095) last (228.571,408.762) delta (-0.761905,0))) to QQuickMouseArea(0xcdee74c0, parent=0xcdee7490, geometry=0,0 411x659)
11-22 17:27:14.453 23220 23237 D AppName: (null):0 ((null)): qt.quic...: - actually delivering QTouchEvent(TouchUpdate device: "" states: TouchPointMoved, 1 points: (TouchPoint(0 (154.34,291.007 146.939x235.51) TouchPointMoved press 0.8625 vel QVector2D(0, 0) start (227.81,414.095) last (228.571,408.762) delta (-0.761905,0))) to QQuickMouseArea(0xcdee74c0, parent=0xcdee7490, geometry=0,0 411x659)
11-22 17:27:14.454 23220 23237 D AppName: (null):0 ((null)): qt.quic...: TP (mouse) 0 -> QQuickMouseArea(0xcdee74c0, parent=0xcdee7490, geometry=0,0 411x659)
11-22 17:27:14.454 23220 23237 D AppName: (null):0 ((null)): qt.scen...: - lock for sync
11-22 17:27:14.454 23220 23237 D AppName: (null):0 ((null)): qt.scen...: - wait for sync
11-22 17:27:14.455 23220 23239 D AppName: (null):0 ((null)): qt.scen...: (RT) --- begin processEvents()
11-22 17:27:14.455 23220 23239 D AppName: (null):0 ((null)): qt.scen...: (RT) WM_RequestSync
11-22 17:27:14.455 23220 23239 D AppName: (null):0 ((null)): qt.scen...: (RT) --- done processEvents()
11-22 17:27:14.456 23220 23239 D AppName: (null):0 ((null)): qt.scen...: (RT) syncAndRender()
11-22 17:27:14.456 23220 23239 D AppName: (null):0 ((null)): qt.scen...: (RT) - updatePending, doing sync
11-22 17:27:14.456 23220 23239 D AppName: (null):0 ((null)): qt.scen...: (RT) sync()
11-22 17:27:14.456 23220 23239 D AppName: (null):0 ((null)): qt.quic...: QQuickWindowPrivate::updateDirtyNodes():
11-22 17:27:14.457 23220 23239 D AppName: (null):0 ((null)): qt.scen...: (RT) - sync complete, waking Gui
11-22 17:27:14.457 23220 23239 D AppName: (null):0 ((null)): qt.scen...: (RT) - no changes, render aborted
11-22 17:27:14.457 23220 23237 D AppName: (null):0 ((null)): qt.scen...: - unlock after sync
11-22 17:27:14.458 23220 23237 D AppName: (null):0 ((null)): qt.scen...: Frame prepared with 'threaded' renderloop, polish=0, lock=0, blockedForSync=3, animations=0 - (on Gui thread) ApplicationWindow_QMLTYPE_11(0xcdee6b20)
11-22 17:27:14.458 23220 23237 D AppName: (null):0 ((null)): qt.quic...: QTouchEvent(TouchEnd device: "" states: TouchPointReleased, 1 points: (TouchPoint(0 (154.34,291.007 146.939x235.51) TouchPointReleased press 0.8625 vel QVector2D(0, 0) start (227.81,414.095) last (227.81,408.762) delta (0,0)))
11-22 17:27:14.459 23220 23237 D AppName: (null):0 ((null)): qt.quic...: - delivering QTouchEvent(TouchEnd device: "" states: TouchPointReleased, 1 points: (TouchPoint(0 (154.34,291.007 146.939x235.51) TouchPointReleased press 0.8625 vel QVector2D(0, 0) start (227.81,414.095) last (227.81,408.762) delta (0,0)))
11-22 17:27:14.459 23220 23237 D AppName: (null):0 ((null)): qt.quic...: - considering delivering QTouchEvent(TouchEnd device: "" states: TouchPointReleased, 1 points: (TouchPoint(0 (154.34,291.007 146.939x235.51) TouchPointReleased press 0.8625 vel QVector2D(0, 0) start (227.81,414.095) last (227.81,408.762) delta (0,0))) to QQuickMouseArea(0xcdee74c0, parent=0xcdee7490, geometry=0,0 411x659)
11-22 17:27:14.459 23220 23237 D AppName: (null):0 ((null)): qt.quic...: - actually delivering QTouchEvent(TouchEnd device: "" states: TouchPointReleased, 1 points: (TouchPoint(0 (154.34,291.007 146.939x235.51) TouchPointReleased press 0.8625 vel QVector2D(0, 0) start (227.81,414.095) last (227.81,408.762) delta (0,0))) to QQuickMouseArea(0xcdee74c0, parent=0xcdee7490, geometry=0,0 411x659)
11-22 17:27:14.460 23220 23237 D AppName: ts:/qml/main.qml:22 (onClicked): qml : HELLO!! MOUSEAREA CLICKED
11-22 17:27:14.460 23220 23237 D AppName: (null):0 ((null)): qt.quic...: TP 0 released
11-22 17:27:14.473 23220 23239 D AppName: (null):0 ((null)): qt.scen...: (RT) --- begin processEvents()
11-22 17:27:14.473 23220 23239 D AppName: (null):0 ((null)): qt.scen...: (RT) --- done processEvents()
11-22 17:27:14.473 23220 23239 D AppName: (null):0 ((null)): qt.scen...: (RT) done drawing, sleep...
11-22 17:27:14.473 23220 23239 D AppName: (null):0 ((null)): qt.scen...: (RT) --- begin processEventsAndWaitForMore()