Debugging starts
D/dalvikvm( 146): Zygote::ForkAndSpecialize : 7310
D/dalvikvm( 7310): Zygote::ForkAndSpecialize : 0
D/dalvikvm( 7310): zygote get new systemTid : 7310
D/dalvikvm( 7310): Late-enabling CheckJNI
D/dalvikvm( 7310): threadid=2: interp stack at 0x50a7e000
D/dalvikvm( 7310): init ref table
D/dalvikvm( 7310): init mutex
I/ActivityManager( 663): Start proc org.qtproject.example.gallery for activity org.qtproject.example.gallery/org.qtproject.qt5.android.bindings.QtActivity: pid=7310 uid=10124 gids={50124, 3003, 1028, 1015}
D/dalvikvm( 7310): threadid=3: interp stack at 0x50bc1000
D/dalvikvm( 7310): init ref table
D/dalvikvm( 7310): init mutex
D/jdwp ( 7310): prepping for JDWP over ADB
D/dalvikvm( 7310): Elevating priority from 0 to -8
D/dalvikvm( 7310): threadid=4: interp stack at 0x53fdf000
D/dalvikvm( 7310): init ref table
D/dalvikvm( 7310): init mutex
D/jdwp ( 7310): JDWP: thread running
D/jdwp ( 7310): trying to receive file descriptor from ADB
D/ADB_SERVICES( 196): Adding socket 23 pid 7310 to jdwp process list
D/dalvikvm( 7310): threadid=5: interp stack at 0x540fd000
D/dalvikvm( 7310): init ref table
D/dalvikvm( 7310): init mutex
D/dalvikvm( 7310): zygote get thread init done
D/dalvikvm( 7310): create interp thread : stack size=128KB
D/dalvikvm( 7310): create new thread
D/dalvikvm( 7310): new thread created
D/dalvikvm( 7310): update thread list
D/dalvikvm( 7310): threadid=6: interp stack at 0x5411d000
D/dalvikvm( 7310): init ref table
D/dalvikvm( 7310): init mutex
D/dalvikvm( 7310): threadid=6: created from interp
D/dalvikvm( 7310): start new thread
D/dalvikvm( 7310): threadid=6: notify debugger
D/dalvikvm( 7310): create interp thread : stack size=128KB
D/dalvikvm( 7310): create new thread
D/dalvikvm( 7310): threadid=6 (ReferenceQueueDaemon): calling run()
D/dalvikvm( 7310): new thread created
D/dalvikvm( 7310): update thread list
D/dalvikvm( 7310): threadid=7: interp stack at 0x5423b000
D/dalvikvm( 7310): init ref table
D/dalvikvm( 7310): init mutex
D/dalvikvm( 7310): threadid=7: created from interp
D/dalvikvm( 7310): start new thread
D/dalvikvm( 7310): create interp thread : stack size=128KB
D/dalvikvm( 7310): create new thread
D/dalvikvm( 7310): threadid=7: notify debugger
D/dalvikvm( 7310): new thread created
D/dalvikvm( 7310): update thread list
D/dalvikvm( 7310): threadid=7 (FinalizerDaemon): calling run()
D/dalvikvm( 7310): threadid=8: interp stack at 0x54359000
D/dalvikvm( 7310): init ref table
D/dalvikvm( 7310): init mutex
D/dalvikvm( 7310): threadid=8: created from interp
D/dalvikvm( 7310): start new thread
D/dalvikvm( 7310): threadid=8: notify debugger
D/dalvikvm( 7310): threadid=8 (FinalizerWatchdogDaemon): calling run()
D/dalvikvm( 7310): threadid=9: interp stack at 0x54773000
D/dalvikvm( 7310): init ref table
D/dalvikvm( 7310): init mutex
D/dalvikvm( 7310): threadid=10: interp stack at 0x54891000
D/dalvikvm( 7310): init ref table
D/dalvikvm( 7310): init mutex
D/NetworkPolicy( 663): onRecv: MSG_FOREGROUND_ACTIVITIES_CHANGED pid:uid:act=7310:10124:true
V/Provider/Settings( 7310): get setting for user 0 by user 0 so skipping cache
V/Provider/Settings( 7310): invalidate [system]: current 2 != cached 0
D/ActivityManager( 663): getContentProviderImpl: from caller=android.app.ApplicationThreadProxy@42b62938 (pid=7310, userId=0) to get content provider settings cpr=ContentProviderRecord{42721d98 u0 com.android.providers.settings/.SettingsProvider}
D/ActivityThread( 7310): hoder:android.app.IActivityManager$ContentProviderHolder@420e6798,provider,holder.Provider:android.content.ContentProviderProxy@420e6f10
V/Provider/Settings( 7310): from db cache, name = anr_debugging_mechanism , value = 1
D/asset ( 7310): AssetManager-->addDefaultAssets CIP path not exsit!
D/Proxy ( 7310): setHttpRequestCheckHandler
D/dalvikvm( 7310): open_cached_dex_file : /data/app/org.qtproject.example.gallery-1.apk /data/dalvik-cache/data@app@org.qtproject.example.gallery-1.apk@classes.dex
D/ActivityThread( 7310): BIND_APPLICATION handled : 0 / AppBindData{appInfo=ApplicationInfo{420e3b10 org.qtproject.example.gallery}}
V/ActivityThread( 7310): ActivityRecord{420e53b0 token=android.os.BinderProxy@420e4940 {org.qtproject.example.gallery/org.qtproject.qt5.android.bindings.QtActivity}}: app=org.qtproject.qt5.android.bindings.QtApplication@420eb810, appName=org.qtproject.example.gallery, pkg=org.qtproject.example.gallery, comp={org.qtproject.example.gallery/org.qtproject.qt5.android.bindings.QtActivity}, dir=/data/app/org.qtproject.example.gallery-1.apk
D/dalvikvm( 7310): Trying to load lib /data/data/org.qtproject.example.gallery/lib/libgnustl_shared.so 0x420ea250
D/dalvikvm( 7310): Added shared lib /data/data/org.qtproject.example.gallery/lib/libgnustl_shared.so 0x420ea250
D/dalvikvm( 7310): No JNI_OnLoad found in /data/data/org.qtproject.example.gallery/lib/libgnustl_shared.so 0x420ea250, skipping init
D/dalvikvm( 7310): Trying to load lib /data/data/org.qtproject.example.gallery/lib/libQt5Core.so 0x420ea250
D/dalvikvm( 7310): Added shared lib /data/data/org.qtproject.example.gallery/lib/libQt5Core.so 0x420ea250
D/dalvikvm( 7310): Trying to load lib /data/data/org.qtproject.example.gallery/lib/libQt5Network.so 0x420ea250
D/dalvikvm( 7310): Added shared lib /data/data/org.qtproject.example.gallery/lib/libQt5Network.so 0x420ea250
D/dalvikvm( 7310): No JNI_OnLoad found in /data/data/org.qtproject.example.gallery/lib/libQt5Network.so 0x420ea250, skipping init
D/dalvikvm( 7310): Trying to load lib /data/data/org.qtproject.example.gallery/lib/libQt5Qml.so 0x420ea250
D/dalvikvm( 7310): Added shared lib /data/data/org.qtproject.example.gallery/lib/libQt5Qml.so 0x420ea250
D/dalvikvm( 7310): No JNI_OnLoad found in /data/data/org.qtproject.example.gallery/lib/libQt5Qml.so 0x420ea250, skipping init
D/dalvikvm( 7310): Trying to load lib /data/data/org.qtproject.example.gallery/lib/libQt5Gui.so 0x420ea250
D/dalvikvm( 7310): Added shared lib /data/data/org.qtproject.example.gallery/lib/libQt5Gui.so 0x420ea250
D/dalvikvm( 7310): No JNI_OnLoad found in /data/data/org.qtproject.example.gallery/lib/libQt5Gui.so 0x420ea250, skipping init
D/dalvikvm( 7310): Trying to load lib /data/data/org.qtproject.example.gallery/lib/libQt5Quick.so 0x420ea250
D/dalvikvm( 7310): Added shared lib /data/data/org.qtproject.example.gallery/lib/libQt5Quick.so 0x420ea250
D/dalvikvm( 7310): No JNI_OnLoad found in /data/data/org.qtproject.example.gallery/lib/libQt5Quick.so 0x420ea250, skipping init
D/dalvikvm( 7310): Trying to load lib /data/data/org.qtproject.example.gallery/lib/libQt5QuickTemplates2.so 0x420ea250
D/dalvikvm( 7310): Added shared lib /data/data/org.qtproject.example.gallery/lib/libQt5QuickTemplates2.so 0x420ea250
D/dalvikvm( 7310): No JNI_OnLoad found in /data/data/org.qtproject.example.gallery/lib/libQt5QuickTemplates2.so 0x420ea250, skipping init
D/dalvikvm( 7310): Trying to load lib /data/data/org.qtproject.example.gallery/lib/libQt5QuickParticles.so 0x420ea250
D/dalvikvm( 7310): Added shared lib /data/data/org.qtproject.example.gallery/lib/libQt5QuickParticles.so 0x420ea250
D/dalvikvm( 7310): No JNI_OnLoad found in /data/data/org.qtproject.example.gallery/lib/libQt5QuickParticles.so 0x420ea250, skipping init
D/dalvikvm( 7310): Trying to load lib /data/data/org.qtproject.example.gallery/lib/libQt5QuickControls2.so 0x420ea250
D/dalvikvm( 7310): Added shared lib /data/data/org.qtproject.example.gallery/lib/libQt5QuickControls2.so 0x420ea250
D/dalvikvm( 7310): No JNI_OnLoad found in /data/data/org.qtproject.example.gallery/lib/libQt5QuickControls2.so 0x420ea250, skipping init
D/dalvikvm( 7310): Trying to load lib /data/data/org.qtproject.example.gallery/qt-reserved-files/plugins/platforms/android/libqtforandroid.so 0x420ea250
D/dalvikvm( 7310): Added shared lib /data/data/org.qtproject.example.gallery/qt-reserved-files/plugins/platforms/android/libqtforandroid.so 0x420ea250
I/Qt ( 7310): qt start
D/dalvikvm( 7310): Trying to load lib /data/data/org.qtproject.example.gallery/qt-reserved-files/plugins/bearer/libqandroidbearer.so 0x420ea250
D/dalvikvm( 7310): Added shared lib /data/data/org.qtproject.example.gallery/qt-reserved-files/plugins/bearer/libqandroidbearer.so 0x420ea250
D/dalvikvm( 7310): No JNI_OnLoad found in /data/data/org.qtproject.example.gallery/qt-reserved-files/plugins/bearer/libqandroidbearer.so 0x420ea250, skipping init
D/dalvikvm( 7310): Trying to load lib /data/data/org.qtproject.example.gallery/lib/libQt5QuickParticles.so 0x420ea250
D/dalvikvm( 7310): Shared lib '/data/data/org.qtproject.example.gallery/lib/libQt5QuickParticles.so' already loaded in same CL 0x420ea250
W/System.err( 7310): java.lang.ClassNotFoundException: android.graphics.drawable.RippleDrawable
W/System.err( 7310): at java.lang.Class.classForName(Native Method)
W/System.err( 7310): at java.lang.Class.forName(Class.java:251)
W/System.err( 7310): at java.lang.Class.forName(Class.java:216)
W/System.err( 7310): at org.qtproject.qt5.android.ExtractStyle.getClass(ExtractStyle.java:395)
W/System.err( 7310): at org.qtproject.qt5.android.ExtractStyle.(ExtractStyle.java:98)
W/System.err( 7310): at org.qtproject.qt5.android.QtActivityDelegate.loadApplication(QtActivityDelegate.java:520)
W/System.err( 7310): at java.lang.reflect.Method.invokeNative(Native Method)
W/System.err( 7310): at java.lang.reflect.Method.invoke(Method.java:515)
W/System.err( 7310): at org.qtproject.qt5.android.bindings.QtLoader.loadApplication(QtLoader.java:237)
W/System.err( 7310): at org.qtproject.qt5.android.bindings.QtLoader.startApp(QtLoader.java:647)
W/System.err( 7310): at org.qtproject.qt5.android.bindings.QtActivityLoader.onCreate(QtActivityLoader.java:181)
W/System.err( 7310): at org.qtproject.qt5.android.bindings.QtActivity.onCreate(QtActivity.java:269)
W/System.err( 7310): at android.app.Activity.performCreate(Activity.java:5264)
W/System.err( 7310): at android.app.Instrumentation.callActivityOnCreate(Instrumentation.java:1088)
W/System.err( 7310): at android.app.ActivityThread.performLaunchActivity(ActivityThread.java:2302)
W/System.err( 7310): at android.app.ActivityThread.handleLaunchActivity(ActivityThread.java:2390)
W/System.err( 7310): at android.app.ActivityThread.access$800(ActivityThread.java:151)
W/System.err( 7310): at android.app.ActivityThread$H.handleMessage(ActivityThread.java:1321)
W/System.err( 7310): at android.os.Handler.dispatchMessage(Handler.java:110)
W/System.err( 7310): at android.os.Looper.loop(Looper.java:193)
W/System.err( 7310): at android.app.ActivityThread.main(ActivityThread.java:5299)
W/System.err( 7310): at java.lang.reflect.Method.invokeNative(Native Method)
W/System.err( 7310): at java.lang.reflect.Method.invoke(Method.java:515)
W/System.err( 7310): at com.android.internal.os.ZygoteInit$MethodAndArgsCaller.run(ZygoteInit.java:825)
W/System.err( 7310): at com.android.internal.os.ZygoteInit.main(ZygoteInit.java:641)
W/System.err( 7310): at dalvik.system.NativeStart.main(Native Method)
W/System.err( 7310): Caused by: java.lang.NoClassDefFoundError: android/graphics/drawable/RippleDrawable
W/System.err( 7310): ... 26 more
W/System.err( 7310): Caused by: java.lang.ClassNotFoundException: Didn't find class "android.graphics.drawable.RippleDrawable" on path: DexPathList[[zip file "/data/app/org.qtproject.example.gallery-1.apk"],nativeLibraryDirectories=[/data/app-lib/org.qtproject.example.gallery-1, /vendor/lib, /system/lib]]
W/System.err( 7310): at dalvik.system.BaseDexClassLoader.findClass(BaseDexClassLoader.java:56)
W/System.err( 7310): at java.lang.ClassLoader.loadClass(ClassLoader.java:497)
W/System.err( 7310): at java.lang.ClassLoader.loadClass(ClassLoader.java:457)
W/System.err( 7310): ... 26 more
W/System.err( 7310): java.lang.ClassNotFoundException: android.graphics.drawable.AnimatedStateListDrawable
W/System.err( 7310): at java.lang.Class.classForName(Native Method)
W/System.err( 7310): at java.lang.Class.forName(Class.java:251)
W/System.err( 7310): at java.lang.Class.forName(Class.java:216)
W/System.err( 7310): at org.qtproject.qt5.android.ExtractStyle.getClass(ExtractStyle.java:395)
W/System.err( 7310): at org.qtproject.qt5.android.ExtractStyle.(ExtractStyle.java:99)
W/System.err( 7310): at org.qtproject.qt5.android.QtActivityDelegate.loadApplication(QtActivityDelegate.java:520)
W/System.err( 7310): at java.lang.reflect.Method.invokeNative(Native Method)
W/System.err( 7310): at java.lang.reflect.Method.invoke(Method.java:515)
W/System.err( 7310): at org.qtproject.qt5.android.bindings.QtLoader.loadApplication(QtLoader.java:237)
W/System.err( 7310): at org.qtproject.qt5.android.bindings.QtLoader.startApp(QtLoader.java:647)
W/System.err( 7310): at org.qtproject.qt5.android.bindings.QtActivityLoader.onCreate(QtActivityLoader.java:181)
W/System.err( 7310): at org.qtproject.qt5.android.bindings.QtActivity.onCreate(QtActivity.java:269)
W/System.err( 7310): at android.app.Activity.performCreate(Activity.java:5264)
W/System.err( 7310): at android.app.Instrumentation.callActivityOnCreate(Instrumentation.java:1088)
W/System.err( 7310): at android.app.ActivityThread.performLaunchActivity(ActivityThread.java:2302)
W/System.err( 7310): at android.app.ActivityThread.handleLaunchActivity(ActivityThread.java:2390)
W/System.err( 7310): at android.app.ActivityThread.access$800(ActivityThread.java:151)
W/System.err( 7310): at android.app.ActivityThread$H.handleMessage(ActivityThread.java:1321)
W/System.err( 7310): at android.os.Handler.dispatchMessage(Handler.java:110)
W/System.err( 7310): at android.os.Looper.loop(Looper.java:193)
W/System.err( 7310): at android.app.ActivityThread.main(ActivityThread.java:5299)
W/System.err( 7310): at java.lang.reflect.Method.invokeNative(Native Method)
W/System.err( 7310): at java.lang.reflect.Method.invoke(Method.java:515)
W/System.err( 7310): at com.android.internal.os.ZygoteInit$MethodAndArgsCaller.run(ZygoteInit.java:825)
W/System.err( 7310): at com.android.internal.os.ZygoteInit.main(ZygoteInit.java:641)
W/System.err( 7310): at dalvik.system.NativeStart.main(Native Method)
W/System.err( 7310): Caused by: java.lang.NoClassDefFoundError: android/graphics/drawable/AnimatedStateListDrawable
W/System.err( 7310): ... 26 more
W/System.err( 7310): Caused by: java.lang.ClassNotFoundException: Didn't find class "android.graphics.drawable.AnimatedStateListDrawable" on path: DexPathList[[zip file "/data/app/org.qtproject.example.gallery-1.apk"],nativeLibraryDirectories=[/data/app-lib/org.qtproject.example.gallery-1, /vendor/lib, /system/lib]]
W/System.err( 7310): at dalvik.system.BaseDexClassLoader.findClass(BaseDexClassLoader.java:56)
W/System.err( 7310): at java.lang.ClassLoader.loadClass(ClassLoader.java:497)
W/System.err( 7310): at java.lang.ClassLoader.loadClass(ClassLoader.java:457)
W/System.err( 7310): ... 26 more
W/System.err( 7310): java.lang.ClassNotFoundException: android.graphics.drawable.VectorDrawable
W/System.err( 7310): at java.lang.Class.classForName(Native Method)
W/System.err( 7310): at java.lang.Class.forName(Class.java:251)
W/System.err( 7310): at java.lang.Class.forName(Class.java:216)
W/System.err( 7310): at org.qtproject.qt5.android.ExtractStyle.getClass(ExtractStyle.java:395)
W/System.err( 7310): at org.qtproject.qt5.android.ExtractStyle.(ExtractStyle.java:100)
W/System.err( 7310): at org.qtproject.qt5.android.QtActivityDelegate.loadApplication(QtActivityDelegate.java:520)
W/System.err( 7310): at java.lang.reflect.Method.invokeNative(Native Method)
W/System.err( 7310): at java.lang.reflect.Method.invoke(Method.java:515)
W/System.err( 7310): at org.qtproject.qt5.android.bindings.QtLoader.loadApplication(QtLoader.java:237)
W/System.err( 7310): at org.qtproject.qt5.android.bindings.QtLoader.startApp(QtLoader.java:647)
W/System.err( 7310): at org.qtproject.qt5.android.bindings.QtActivityLoader.onCreate(QtActivityLoader.java:181)
W/System.err( 7310): at org.qtproject.qt5.android.bindings.QtActivity.onCreate(QtActivity.java:269)
W/System.err( 7310): at android.app.Activity.performCreate(Activity.java:5264)
W/System.err( 7310): at android.app.Instrumentation.callActivityOnCreate(Instrumentation.java:1088)
W/System.err( 7310): at android.app.ActivityThread.performLaunchActivity(ActivityThread.java:2302)
W/System.err( 7310): at android.app.ActivityThread.handleLaunchActivity(ActivityThread.java:2390)
W/System.err( 7310): at android.app.ActivityThread.access$800(ActivityThread.java:151)
W/System.err( 7310): at android.app.ActivityThread$H.handleMessage(ActivityThread.java:1321)
W/System.err( 7310): at android.os.Handler.dispatchMessage(Handler.java:110)
W/System.err( 7310): at android.os.Looper.loop(Looper.java:193)
W/System.err( 7310): at android.app.ActivityThread.main(ActivityThread.java:5299)
W/System.err( 7310): at java.lang.reflect.Method.invokeNative(Native Method)
W/System.err( 7310): at java.lang.reflect.Method.invoke(Method.java:515)
W/System.err( 7310): at com.android.internal.os.ZygoteInit$MethodAndArgsCaller.run(ZygoteInit.java:825)
W/System.err( 7310): at com.android.internal.os.ZygoteInit.main(ZygoteInit.java:641)
W/System.err( 7310): at dalvik.system.NativeStart.main(Native Method)
W/System.err( 7310): Caused by: java.lang.NoClassDefFoundError: android/graphics/drawable/VectorDrawable
W/System.err( 7310): ... 26 more
W/System.err( 7310): Caused by: java.lang.ClassNotFoundException: Didn't find class "android.graphics.drawable.VectorDrawable" on path: DexPathList[[zip file "/data/app/org.qtproject.example.gallery-1.apk"],nativeLibraryDirectories=[/data/app-lib/org.qtproject.example.gallery-1, /vendor/lib, /system/lib]]
W/System.err( 7310): at dalvik.system.BaseDexClassLoader.findClass(BaseDexClassLoader.java:56)
W/System.err( 7310): at java.lang.ClassLoader.loadClass(ClassLoader.java:497)
W/System.err( 7310): at java.lang.ClassLoader.loadClass(ClassLoader.java:457)
W/System.err( 7310): ... 26 more
W/ResourceType( 7310): Skipping entry 0x1080528 in package table 0 because it is not complex!
D/dalvikvm( 7310): GC_CONCURRENT freed 1863K (18024), 35% free 3642K/5596K, paused 2ms+2ms, total 20ms
D/dalvikvm( 7310): WAIT_FOR_CONCURRENT_GC blocked 18ms
D/dalvikvm( 7310): GC_FOR_ALLOC freed 962K (8262), 29% free 4464K/6288K, paused 15ms, total 15ms
D/dalvikvm( 7310): GC_CONCURRENT freed 1905K (13192), 29% free 5012K/7004K, paused 2ms+2ms, total 25ms
D/dalvikvm( 7310): GC_CONCURRENT freed 2299K (17025), 32% free 5258K/7636K, paused 2ms+3ms, total 23ms
D/dalvikvm( 7310): Trying to load lib /data/app-lib/org.qtproject.example.gallery-1/libgallery.so 0x420ea250
D/ ( 7310): (null):0 ((null)): QML debugging is enabled. Only use this in a safe environment.
D/dalvikvm( 7310): Added shared lib /data/app-lib/org.qtproject.example.gallery-1/libgallery.so 0x420ea250
D/dalvikvm( 7310): No JNI_OnLoad found in /data/app-lib/org.qtproject.example.gallery-1/libgallery.so 0x420ea250, skipping init
I/Qt JAVA ( 7310): DEBUGGER: extra parameters: Bundle[{debug_ping=true, gdbserver_socket=/data/data/org.qtproject.example.gallery/debug-socket, qml_debug=true, gdbserver_command=/data/data/org.qtproject.example.gallery/lib/libgdbserver.so --multi +/data/data/org.qtproject.example.gallery/debug-socket, qmljsdebugger=port:60549,block,services:DebugMessages,QmlDebugger,V8Debugger,QmlInspector, ping_socket=org.qtproject.example.gallery.ping_pong_socket}]
I/Qt JAVA ( 7310): DEBUGGER: removing gdb socket /data/data/org.qtproject.example.gallery/debug-socket
I/Qt JAVA ( 7310): DEBUGGER: starting /data/data/org.qtproject.example.gallery/lib/libgdbserver.so --multi +/data/data/org.qtproject.example.gallery/debug-socket
D/dalvikvm( 7310): create interp thread : stack size=128KB
D/dalvikvm( 7310): create new thread
D/dalvikvm( 7310): new thread created
D/dalvikvm( 7310): update thread list
D/dalvikvm( 7310): threadid=11: interp stack at 0x55761000
D/dalvikvm( 7310): init ref table
D/dalvikvm( 7310): init mutex
D/dalvikvm( 7310): threadid=11: created from interp
D/dalvikvm( 7310): start new thread
D/dalvikvm( 7310): threadid=11: notify debugger
D/dalvikvm( 7310): threadid=11 (java.lang.ProcessManager): calling run()
D/dalvikvm( 7310): threadid=12: interp stack at 0x5597d000
D/dalvikvm( 7310): init ref table
D/dalvikvm( 7310): init mutex
I/Qt JAVA ( 7310): DEBUGGER: gdbserver started
I/Qt JAVA ( 7310): DEBUGGER: waiting for socket at /data/data/org.qtproject.example.gallery/debug-socket, attempt 0
I/Qt JAVA ( 7310): DEBUGGER: waiting for socket at /data/data/org.qtproject.example.gallery/debug-socket, attempt 1
I/Qt JAVA ( 7310): DEBUGGER: socket ok
D/dalvikvm( 7310): create interp thread : stack size=128KB
D/dalvikvm( 7310): create new thread
D/dalvikvm( 7310): new thread created
D/dalvikvm( 7310): update thread list
D/dalvikvm( 7310): threadid=13: interp stack at 0x5599d000
D/dalvikvm( 7310): init ref table
D/dalvikvm( 7310): init mutex
D/dalvikvm( 7310): threadid=13: created from interp
D/dalvikvm( 7310): start new thread
I/Qt JAVA ( 7310): DEBUGGER: Waiting for debug socket connect
I/Qt JAVA ( 7310): DEBUGGER: go to sleep
D/dalvikvm( 7310): threadid=13: notify debugger
D/dalvikvm( 7310): threadid=13 (Thread-443): calling run()
I/Qt JAVA ( 7310): DEBUGGER: Waiting for debug socket connect
I/Qt JAVA ( 7310): DEBUGGER: go to sleep
I/Qt JAVA ( 7310): DEBUGGER: Waiting for debug socket connect
I/Qt JAVA ( 7310): DEBUGGER: go to sleep
I/Qt JAVA ( 7310): DEBUGGER: Waiting for debug socket connect
I/Qt JAVA ( 7310): DEBUGGER: go to sleep
I/Qt JAVA ( 7310): DEBUGGER: Waiting for debug socket connect
I/Qt JAVA ( 7310): DEBUGGER: go to sleep
I/Qt JAVA ( 7310): DEBUGGER: Debug socket accepted
I/Qt JAVA ( 7310): DEBUGGER: Waiting for debug socket connect
I/Qt JAVA ( 7310): DEBUGGER: go to sleep
I/Qt JAVA ( 7310): DEBUGGER: Waiting for debug socket connect
I/Qt JAVA ( 7310): DEBUGGER: go to sleep
W/ADB_SERVICES( 196): create_local_service_socket() name=shell:while true; do sleep 1; cat /proc/7310/cmdline > /dev/null; done
W/ADB_SERVICES( 196): service_to_fd() name=shell:while true; do sleep 1; cat /proc/7310/cmdline > /dev/null; done
W/ADB_SERVICES( 196): LS(225): bound to 'shell:while true; do sleep 1; cat /proc/7310/cmdline > /dev/null; done' via 22
I/Qt JAVA ( 7310): DEBUGGER: Waiting for debug socket connect
I/Qt JAVA ( 7310): DEBUGGER: go to sleep
I/Qt JAVA ( 7310): DEBUGGER: Waiting for debug socket connect
I/Qt JAVA ( 7310): DEBUGGER: go to sleep
I/Qt JAVA ( 7310): DEBUGGER: Waiting for debug socket connect
I/Qt JAVA ( 7310): DEBUGGER: go to sleep
I/Qt JAVA ( 7310): DEBUGGER: Waiting for debug socket connect
I/Qt JAVA ( 7310): DEBUGGER: go to sleep Could not load shared library symbols for 106 libraries, e.g. /system/bin/linker. Use the "info sharedlibrary" command to see the complete listing. Do you need "set solib-search-path" or "set sysroot"?Unable to find dynamic linker breakpoint function. GDB will be unable to debug shared library initializers and track explicitly loaded dynamic code.I/Qt JAVA ( 7310): DEBUGGER: Incoming socket OK
D/dalvikvm( 7310): threadid=13: exiting
D/dalvikvm( 7310): threadid=13: bye!
I/Qt JAVA ( 7310): DEBUGGER: Got pid acknowledgment
I/Qt JAVA ( 7310): DEBUGGER: ping not requested
I/Qt JAVA ( 7310): DEBUGGER: pong not requested
V/ActivityThread( 7310): Performing resume of ActivityRecord{420e53b0 token=android.os.BinderProxy@420e4940 {org.qtproject.example.gallery/org.qtproject.qt5.android.bindings.QtActivity}} finished=false
D/ActivityThread( 7310): ACT-AM_ON_RESUME_CALLED ActivityRecord{420e53b0 token=android.os.BinderProxy@420e4940 {org.qtproject.example.gallery/org.qtproject.qt5.android.bindings.QtActivity}}
V/ActivityThread( 7310): Resume ActivityRecord{420e53b0 token=android.os.BinderProxy@420e4940 {org.qtproject.example.gallery/org.qtproject.qt5.android.bindings.QtActivity}} started activity: false, hideForNow: false, finished: false
V/PhoneWindow( 7310): DecorView setVisiblity: visibility = 4 ,Parent =null, this =com.android.internal.policy.impl.PhoneWindow$DecorView{42228158 I.E..... R.....ID 0,0-0,0}
I/SurfaceFlinger( 145): EventThread Client Pid (7310) created
V/ActivityThread( 7310): Resuming ActivityRecord{420e53b0 token=android.os.BinderProxy@420e4940 {org.qtproject.example.gallery/org.qtproject.qt5.android.bindings.QtActivity}} with isForward=false
V/PhoneWindow( 7310): DecorView setVisiblity: visibility = 0 ,Parent =ViewRoot{42209c80 org.qtproject.example.gallery/org.qtproject.qt5.android.bindings.QtActivity,ident = 0}, this =com.android.internal.policy.impl.PhoneWindow$DecorView{42228158 V.E..... R.....ID 0,0-0,0}
V/ActivityThread( 7310): Scheduling idle handler for ActivityRecord{420e53b0 token=android.os.BinderProxy@420e4940 {org.qtproject.example.gallery/org.qtproject.qt5.android.bindings.QtActivity}}
D/ActivityThread( 7310): ACT-LAUNCH_ACTIVITY handled : 0 / ActivityRecord{420e53b0 token=android.os.BinderProxy@420e4940 {org.qtproject.example.gallery/org.qtproject.qt5.android.bindings.QtActivity}}
D/ActivityThread( 7310): ACT-AM_ON_PAUSE_CALLED ActivityRecord{420e53b0 token=android.os.BinderProxy@420e4940 {org.qtproject.example.gallery/org.qtproject.qt5.android.bindings.QtActivity}}
D/ActivityThread( 7310): ACT-PAUSE_ACTIVITY handled : 0 / android.os.BinderProxy@420e4940
V/ActivityThread( 7310): Finishing stop of ActivityRecord{420e53b0 token=android.os.BinderProxy@420e4940 {org.qtproject.example.gallery/org.qtproject.qt5.android.bindings.QtActivity}}: show=true win=com.android.internal.policy.impl.PhoneWindow@420f16e8
D/ActivityThread( 7310): ACT-STOP_ACTIVITY_SHOW handled : 0 / android.os.BinderProxy@420e4940
E/ ( 7310): appName=org.qtproject.example.gallery, acAppName=/system/bin/surfaceflinger
E/ ( 7310): 0
I/BufferQueue( 145): [org.qtproject.example.gallery/org.qtproject.qt5.android.bindings.QtActivity](this:0xb7e15a18,id:46,api:0,p:7310,c:145) connect: api=1 producer=(7310:org.qtproject.example.gallery) producerControlledByApp=true
I/BufferQueue( 145): [org.qtproject.example.gallery/org.qtproject.qt5.android.bindings.QtActivity](this:0xb7e15a18,id:46,api:1,p:7310,c:145) new GraphicBuffer needed
D/GraphicBuffer( 7310): create handle(0x55719218) (w:480, h:800, f:1)
D/BufferQueue( 145): [org.qtproject.example.gallery/org.qtproject.qt5.android.bindings.QtActivity](this:0xb7e15a18,id:46,api:1,p:7310,c:145) cancelBuffer: slot=0
I/MaliEGL ( 7310): [Mali]window_type=1, is_framebuffer=0, errnum = 0
I/MaliEGL ( 7310): [Mali]surface->num_buffers=4, surface->num_frames=3, win_min_undequeued=1
I/MaliEGL ( 7310): [Mali]max_allowed_dequeued_buffers=3
I/BufferQueue( 145): [org.qtproject.example.gallery/org.qtproject.qt5.android.bindings.QtActivity](this:0xb7e15a18,id:46,api:1,p:7310,c:145) setBufferCount: count=4
I/BufferQueue( 145): [org.qtproject.example.gallery/org.qtproject.qt5.android.bindings.QtActivity](this:0xb7e15a18,id:46,api:1,p:7310,c:145) getReleasedBuffers: returning mask 0xffffffff
D/GraphicBuffer( 7310): close handle(0x55719218) (w:480 h:800 f:1)
I/BufferQueue( 145): [org.qtproject.example.gallery/org.qtproject.qt5.android.bindings.QtActivity](this:0xb7e15a18,id:46,api:1,p:7310,c:145) new GraphicBuffer needed
D/GraphicBuffer( 7310): create handle(0x55719218) (w:480, h:800, f:1)
D/OpenGLRenderer( 7310): Enabling debug mode 0
D/GraphicBuffer( 7310): create handle(0x55719f80) (w:768, h:768, f:1)
D/OpenGLRenderer( 7310): setViewport 480x800 <0x549223b0>
V/InputMethodManager( 7310): onWindowFocus: null softInputMode=32 first=true flags=#1810100
V/InputMethodManager( 7310): START INPUT: com.android.internal.policy.impl.PhoneWindow$DecorView{42228158 V.E..... R.....ID 0,0-0,0} ic=null tba=android.view.inputmethod.EditorInfo@424d08d8 controlFlags=#104
W/IInputConnectionWrapper( 7310): showStatusIcon on inactive InputConnection
V/ActivityThread( 7310): Performing resume of ActivityRecord{420e53b0 token=android.os.BinderProxy@420e4940 {org.qtproject.example.gallery/org.qtproject.qt5.android.bindings.QtActivity}} finished=false
D/ActivityThread( 7310): ACT-AM_ON_RESUME_CALLED ActivityRecord{420e53b0 token=android.os.BinderProxy@420e4940 {org.qtproject.example.gallery/org.qtproject.qt5.android.bindings.QtActivity}}
V/ActivityThread( 7310): Resume ActivityRecord{420e53b0 token=android.os.BinderProxy@420e4940 {org.qtproject.example.gallery/org.qtproject.qt5.android.bindings.QtActivity}} started activity: false, hideForNow: false, finished: false
V/ActivityThread( 7310): Resuming ActivityRecord{420e53b0 token=android.os.BinderProxy@420e4940 {org.qtproject.example.gallery/org.qtproject.qt5.android.bindings.QtActivity}} with isForward=true
V/PhoneWindow( 7310): DecorView setVisiblity: visibility = 0 ,Parent =ViewRoot{42209c80 org.qtproject.example.gallery/org.qtproject.qt5.android.bindings.QtActivity,ident = 0}, this =com.android.internal.policy.impl.PhoneWindow$DecorView{42228158 V.E..... R.....ID 0,0-480,800}
V/ActivityThread( 7310): Scheduling idle handler for ActivityRecord{420e53b0 token=android.os.BinderProxy@420e4940 {org.qtproject.example.gallery/org.qtproject.qt5.android.bindings.QtActivity}}
D/ActivityThread( 7310): ACT-RESUME_ACTIVITY handled : 1 / android.os.BinderProxy@420e4940
D/dalvikvm( 7310): threadid=13: interp stack at 0x561d0000
D/dalvikvm( 7310): init ref table
D/dalvikvm( 7310): init mutex
D/Gallery ( 7310): (null):0 ((null)): QML Debugger: Waiting for connection on port 60549...
W/ADB_SERVICES( 196): create_local_service_socket() name=shell:cat /proc/7310/cmdline
W/ADB_SERVICES( 196): service_to_fd() name=shell:cat /proc/7310/cmdline
W/ADB_SERVICES( 196): LS(227): bound to 'shell:cat /proc/7310/cmdline' via 19
W/ADB_SERVICES( 196): create_local_service_socket() name=shell:run-as org.qtproject.example.gallery kill -2 7310
W/ADB_SERVICES( 196): service_to_fd() name=shell:run-as org.qtproject.example.gallery kill -2 7310
W/ADB_SERVICES( 196): LS(228): bound to 'shell:run-as org.qtproject.example.gallery kill -2 7310' via 19
I/SurfaceFlinger( 145): EventThread Client Pid (7310) disconnected by (145)
I/ActivityManager( 663): Process org.qtproject.example.gallery (pid 7310) has died.
D/DisplayManagerService( 663): Display listener for pid 7310 died.
W/ADB_SERVICES( 196): terminating JDWP 7310 connection: Try again
D/ADB_SERVICES( 196): remove pid 7310 to jdwp process list Debugging has finished "org.qtproject.example.gallery" terminated. Debugging starts
D/dalvikvm( 146): Zygote::ForkAndSpecialize : 7535
D/dalvikvm( 7535): Zygote::ForkAndSpecialize : 0
I/ActivityManager( 663): Start proc org.qtproject.example.gallery for activity org.qtproject.example.gallery/org.qtproject.qt5.android.bindings.QtActivity: pid=7535 uid=10124 gids={50124, 3003, 1028, 1015}
D/dalvikvm( 7535): zygote get new systemTid : 7535
D/dalvikvm( 7535): Late-enabling CheckJNI
D/dalvikvm( 7535): threadid=2: interp stack at 0x50a7e000
D/dalvikvm( 7535): init ref table
D/dalvikvm( 7535): init mutex
D/dalvikvm( 7535): threadid=3: interp stack at 0x50bc1000
D/dalvikvm( 7535): init ref table
D/dalvikvm( 7535): init mutex
D/dalvikvm( 7535): Elevating priority from 0 to -8
D/jdwp ( 7535): prepping for JDWP over ADB
D/dalvikvm( 7535): threadid=4: interp stack at 0x53fdf000
D/dalvikvm( 7535): init ref table
D/dalvikvm( 7535): init mutex
D/jdwp ( 7535): JDWP: thread running
D/dalvikvm( 7535): threadid=5: interp stack at 0x540fd000
D/dalvikvm( 7535): init ref table
D/dalvikvm( 7535): init mutex
D/ADB_SERVICES( 196): Adding socket 23 pid 7535 to jdwp process list
D/jdwp ( 7535): trying to receive file descriptor from ADB
D/dalvikvm( 7535): zygote get thread init done
D/dalvikvm( 7535): create interp thread : stack size=128KB
D/dalvikvm( 7535): create new thread
D/dalvikvm( 7535): new thread created
D/dalvikvm( 7535): update thread list
D/dalvikvm( 7535): threadid=6: interp stack at 0x5411d000
D/dalvikvm( 7535): init ref table
D/dalvikvm( 7535): init mutex
D/dalvikvm( 7535): threadid=6: created from interp
D/dalvikvm( 7535): start new thread
D/dalvikvm( 7535): threadid=6: notify debugger
D/dalvikvm( 7535): threadid=6 (ReferenceQueueDaemon): calling run()
D/dalvikvm( 7535): create interp thread : stack size=128KB
D/dalvikvm( 7535): create new thread
D/dalvikvm( 7535): new thread created
D/dalvikvm( 7535): update thread list
D/dalvikvm( 7535): threadid=7: interp stack at 0x5423b000
D/dalvikvm( 7535): init ref table
D/dalvikvm( 7535): init mutex
D/dalvikvm( 7535): threadid=7: created from interp
D/dalvikvm( 7535): start new thread
D/dalvikvm( 7535): create interp thread : stack size=128KB
D/dalvikvm( 7535): create new thread
D/dalvikvm( 7535): new thread created
D/dalvikvm( 7535): update thread list
D/dalvikvm( 7535): threadid=7: notify debugger
D/dalvikvm( 7535): threadid=7 (FinalizerDaemon): calling run()
D/dalvikvm( 7535): threadid=8: interp stack at 0x54359000
D/dalvikvm( 7535): init ref table
D/dalvikvm( 7535): init mutex
D/dalvikvm( 7535): threadid=8: created from interp
D/dalvikvm( 7535): start new thread
D/dalvikvm( 7535): threadid=8: notify debugger
D/dalvikvm( 7535): threadid=8 (FinalizerWatchdogDaemon): calling run()
D/dalvikvm( 7535): threadid=9: interp stack at 0x54773000
D/dalvikvm( 7535): init ref table
D/dalvikvm( 7535): init mutex
D/dalvikvm( 7535): threadid=10: interp stack at 0x54891000
D/dalvikvm( 7535): init ref table
D/dalvikvm( 7535): init mutex
D/NetworkPolicy( 663): onRecv: MSG_FOREGROUND_ACTIVITIES_CHANGED pid:uid:act=7535:10124:true
V/Provider/Settings( 7535): get setting for user 0 by user 0 so skipping cache
V/Provider/Settings( 7535): invalidate [system]: current 2 != cached 0
D/ActivityManager( 663): getContentProviderImpl: from caller=android.app.ApplicationThreadProxy@42a06098 (pid=7535, userId=0) to get content provider settings cpr=ContentProviderRecord{42721d98 u0 com.android.providers.settings/.SettingsProvider}
D/ActivityThread( 7535): hoder:android.app.IActivityManager$ContentProviderHolder@420e8f98,provider,holder.Provider:android.content.ContentProviderProxy@420e9710
V/Provider/Settings( 7535): from db cache, name = anr_debugging_mechanism , value = 1
D/asset ( 7535): AssetManager-->addDefaultAssets CIP path not exsit!
D/Proxy ( 7535): setHttpRequestCheckHandler
D/dalvikvm( 7535): open_cached_dex_file : /data/app/org.qtproject.example.gallery-2.apk /data/dalvik-cache/data@app@org.qtproject.example.gallery-2.apk@classes.dex
D/ActivityThread( 7535): BIND_APPLICATION handled : 0 / AppBindData{appInfo=ApplicationInfo{420e5cc0 org.qtproject.example.gallery}}
V/ActivityThread( 7535): ActivityRecord{420e7560 token=android.os.BinderProxy@420e6af0 {org.qtproject.example.gallery/org.qtproject.qt5.android.bindings.QtActivity}}: app=org.qtproject.qt5.android.bindings.QtApplication@420ed8c0, appName=org.qtproject.example.gallery, pkg=org.qtproject.example.gallery, comp={org.qtproject.example.gallery/org.qtproject.qt5.android.bindings.QtActivity}, dir=/data/app/org.qtproject.example.gallery-2.apk
D/dalvikvm( 7535): Trying to load lib /data/data/org.qtproject.example.gallery/lib/libgnustl_shared.so 0x420ec300
D/dalvikvm( 7535): Added shared lib /data/data/org.qtproject.example.gallery/lib/libgnustl_shared.so 0x420ec300
D/dalvikvm( 7535): No JNI_OnLoad found in /data/data/org.qtproject.example.gallery/lib/libgnustl_shared.so 0x420ec300, skipping init
D/dalvikvm( 7535): Trying to load lib /data/data/org.qtproject.example.gallery/lib/libQt5Core.so 0x420ec300
D/dalvikvm( 7535): Added shared lib /data/data/org.qtproject.example.gallery/lib/libQt5Core.so 0x420ec300
D/dalvikvm( 7535): Trying to load lib /data/data/org.qtproject.example.gallery/lib/libQt5Network.so 0x420ec300
D/dalvikvm( 7535): Added shared lib /data/data/org.qtproject.example.gallery/lib/libQt5Network.so 0x420ec300
D/dalvikvm( 7535): No JNI_OnLoad found in /data/data/org.qtproject.example.gallery/lib/libQt5Network.so 0x420ec300, skipping init
D/dalvikvm( 7535): Trying to load lib /data/data/org.qtproject.example.gallery/lib/libQt5Qml.so 0x420ec300
D/dalvikvm( 7535): Added shared lib /data/data/org.qtproject.example.gallery/lib/libQt5Qml.so 0x420ec300
D/dalvikvm( 7535): No JNI_OnLoad found in /data/data/org.qtproject.example.gallery/lib/libQt5Qml.so 0x420ec300, skipping init
D/dalvikvm( 7535): Trying to load lib /data/data/org.qtproject.example.gallery/lib/libQt5Gui.so 0x420ec300
D/dalvikvm( 7535): Added shared lib /data/data/org.qtproject.example.gallery/lib/libQt5Gui.so 0x420ec300
D/dalvikvm( 7535): No JNI_OnLoad found in /data/data/org.qtproject.example.gallery/lib/libQt5Gui.so 0x420ec300, skipping init
D/dalvikvm( 7535): Trying to load lib /data/data/org.qtproject.example.gallery/lib/libQt5Quick.so 0x420ec300
D/dalvikvm( 7535): Added shared lib /data/data/org.qtproject.example.gallery/lib/libQt5Quick.so 0x420ec300
D/dalvikvm( 7535): No JNI_OnLoad found in /data/data/org.qtproject.example.gallery/lib/libQt5Quick.so 0x420ec300, skipping init
D/dalvikvm( 7535): Trying to load lib /data/data/org.qtproject.example.gallery/lib/libQt5QuickTemplates2.so 0x420ec300
D/dalvikvm( 7535): Added shared lib /data/data/org.qtproject.example.gallery/lib/libQt5QuickTemplates2.so 0x420ec300
D/dalvikvm( 7535): No JNI_OnLoad found in /data/data/org.qtproject.example.gallery/lib/libQt5QuickTemplates2.so 0x420ec300, skipping init
D/dalvikvm( 7535): Trying to load lib /data/data/org.qtproject.example.gallery/lib/libQt5QuickParticles.so 0x420ec300
D/dalvikvm( 7535): Added shared lib /data/data/org.qtproject.example.gallery/lib/libQt5QuickParticles.so 0x420ec300
D/dalvikvm( 7535): No JNI_OnLoad found in /data/data/org.qtproject.example.gallery/lib/libQt5QuickParticles.so 0x420ec300, skipping init
D/dalvikvm( 7535): Trying to load lib /data/data/org.qtproject.example.gallery/lib/libQt5QuickControls2.so 0x420ec300
D/dalvikvm( 7535): Added shared lib /data/data/org.qtproject.example.gallery/lib/libQt5QuickControls2.so 0x420ec300
D/dalvikvm( 7535): No JNI_OnLoad found in /data/data/org.qtproject.example.gallery/lib/libQt5QuickControls2.so 0x420ec300, skipping init
D/dalvikvm( 7535): Trying to load lib /data/data/org.qtproject.example.gallery/qt-reserved-files/plugins/platforms/android/libqtforandroid.so 0x420ec300
D/dalvikvm( 7535): Added shared lib /data/data/org.qtproject.example.gallery/qt-reserved-files/plugins/platforms/android/libqtforandroid.so 0x420ec300
I/Qt ( 7535): qt start
D/dalvikvm( 7535): Trying to load lib /data/data/org.qtproject.example.gallery/qt-reserved-files/plugins/bearer/libqandroidbearer.so 0x420ec300
D/dalvikvm( 7535): Added shared lib /data/data/org.qtproject.example.gallery/qt-reserved-files/plugins/bearer/libqandroidbearer.so 0x420ec300
D/dalvikvm( 7535): No JNI_OnLoad found in /data/data/org.qtproject.example.gallery/qt-reserved-files/plugins/bearer/libqandroidbearer.so 0x420ec300, skipping init
D/dalvikvm( 7535): Trying to load lib /data/data/org.qtproject.example.gallery/lib/libQt5QuickParticles.so 0x420ec300
D/dalvikvm( 7535): Shared lib '/data/data/org.qtproject.example.gallery/lib/libQt5QuickParticles.so' already loaded in same CL 0x420ec300
W/System.err( 7535): java.lang.ClassNotFoundException: android.graphics.drawable.RippleDrawable
W/System.err( 7535): at java.lang.Class.classForName(Native Method)
W/System.err( 7535): at java.lang.Class.forName(Class.java:251)
W/System.err( 7535): at java.lang.Class.forName(Class.java:216)
W/System.err( 7535): at org.qtproject.qt5.android.ExtractStyle.getClass(ExtractStyle.java:395)
W/System.err( 7535): at org.qtproject.qt5.android.ExtractStyle.(ExtractStyle.java:98)
W/System.err( 7535): at org.qtproject.qt5.android.QtActivityDelegate.loadApplication(QtActivityDelegate.java:520)
W/System.err( 7535): at java.lang.reflect.Method.invokeNative(Native Method)
W/System.err( 7535): at java.lang.reflect.Method.invoke(Method.java:515)
W/System.err( 7535): at org.qtproject.qt5.android.bindings.QtLoader.loadApplication(QtLoader.java:237)
W/System.err( 7535): at org.qtproject.qt5.android.bindings.QtLoader.startApp(QtLoader.java:647)
W/System.err( 7535): at org.qtproject.qt5.android.bindings.QtActivityLoader.onCreate(QtActivityLoader.java:181)
W/System.err( 7535): at org.qtproject.qt5.android.bindings.QtActivity.onCreate(QtActivity.java:269)
W/System.err( 7535): at android.app.Activity.performCreate(Activity.java:5264)
W/System.err( 7535): at android.app.Instrumentation.callActivityOnCreate(Instrumentation.java:1088)
W/System.err( 7535): at android.app.ActivityThread.performLaunchActivity(ActivityThread.java:2302)
W/System.err( 7535): at android.app.ActivityThread.handleLaunchActivity(ActivityThread.java:2390)
W/System.err( 7535): at android.app.ActivityThread.access$800(ActivityThread.java:151)
W/System.err( 7535): at android.app.ActivityThread$H.handleMessage(ActivityThread.java:1321)
W/System.err( 7535): at android.os.Handler.dispatchMessage(Handler.java:110)
W/System.err( 7535): at android.os.Looper.loop(Looper.java:193)
W/System.err( 7535): at android.app.ActivityThread.main(ActivityThread.java:5299)
W/System.err( 7535): at java.lang.reflect.Method.invokeNative(Native Method)
W/System.err( 7535): at java.lang.reflect.Method.invoke(Method.java:515)
W/System.err( 7535): at com.android.internal.os.ZygoteInit$MethodAndArgsCaller.run(ZygoteInit.java:825)
W/System.err( 7535): at com.android.internal.os.ZygoteInit.main(ZygoteInit.java:641)
W/System.err( 7535): at dalvik.system.NativeStart.main(Native Method)
W/System.err( 7535): Caused by: java.lang.NoClassDefFoundError: android/graphics/drawable/RippleDrawable
W/System.err( 7535): ... 26 more
W/System.err( 7535): Caused by: java.lang.ClassNotFoundException: Didn't find class "android.graphics.drawable.RippleDrawable" on path: DexPathList[[zip file "/data/app/org.qtproject.example.gallery-2.apk"],nativeLibraryDirectories=[/data/app-lib/org.qtproject.example.gallery-2, /vendor/lib, /system/lib]]
W/System.err( 7535): at dalvik.system.BaseDexClassLoader.findClass(BaseDexClassLoader.java:56)
W/System.err( 7535): at java.lang.ClassLoader.loadClass(ClassLoader.java:497)
W/System.err( 7535): at java.lang.ClassLoader.loadClass(ClassLoader.java:457)
W/System.err( 7535): ... 26 more
W/System.err( 7535): java.lang.ClassNotFoundException: android.graphics.drawable.AnimatedStateListDrawable
W/System.err( 7535): at java.lang.Class.classForName(Native Method)
W/System.err( 7535): at java.lang.Class.forName(Class.java:251)
W/System.err( 7535): at java.lang.Class.forName(Class.java:216)
W/System.err( 7535): at org.qtproject.qt5.android.ExtractStyle.getClass(ExtractStyle.java:395)
W/System.err( 7535): at org.qtproject.qt5.android.ExtractStyle.(ExtractStyle.java:99)
W/System.err( 7535): at org.qtproject.qt5.android.QtActivityDelegate.loadApplication(QtActivityDelegate.java:520)
W/System.err( 7535): at java.lang.reflect.Method.invokeNative(Native Method)
W/System.err( 7535): at java.lang.reflect.Method.invoke(Method.java:515)
W/System.err( 7535): at org.qtproject.qt5.android.bindings.QtLoader.loadApplication(QtLoader.java:237)
W/System.err( 7535): at org.qtproject.qt5.android.bindings.QtLoader.startApp(QtLoader.java:647)
W/System.err( 7535): at org.qtproject.qt5.android.bindings.QtActivityLoader.onCreate(QtActivityLoader.java:181)
W/System.err( 7535): at org.qtproject.qt5.android.bindings.QtActivity.onCreate(QtActivity.java:269)
W/System.err( 7535): at android.app.Activity.performCreate(Activity.java:5264)
W/System.err( 7535): at android.app.Instrumentation.callActivityOnCreate(Instrumentation.java:1088)
W/System.err( 7535): at android.app.ActivityThread.performLaunchActivity(ActivityThread.java:2302)
W/System.err( 7535): at android.app.ActivityThread.handleLaunchActivity(ActivityThread.java:2390)
W/System.err( 7535): at android.app.ActivityThread.access$800(ActivityThread.java:151)
W/System.err( 7535): at android.app.ActivityThread$H.handleMessage(ActivityThread.java:1321)
W/System.err( 7535): at android.os.Handler.dispatchMessage(Handler.java:110)
W/System.err( 7535): at android.os.Looper.loop(Looper.java:193)
W/System.err( 7535): at android.app.ActivityThread.main(ActivityThread.java:5299)
W/System.err( 7535): at java.lang.reflect.Method.invokeNative(Native Method)
W/System.err( 7535): at java.lang.reflect.Method.invoke(Method.java:515)
W/System.err( 7535): at com.android.internal.os.ZygoteInit$MethodAndArgsCaller.run(ZygoteInit.java:825)
W/System.err( 7535): at com.android.internal.os.ZygoteInit.main(ZygoteInit.java:641)
W/System.err( 7535): at dalvik.system.NativeStart.main(Native Method)
W/System.err( 7535): Caused by: java.lang.NoClassDefFoundError: android/graphics/drawable/AnimatedStateListDrawable
W/System.err( 7535): ... 26 more
W/System.err( 7535): Caused by: java.lang.ClassNotFoundException: Didn't find class "android.graphics.drawable.AnimatedStateListDrawable" on path: DexPathList[[zip file "/data/app/org.qtproject.example.gallery-2.apk"],nativeLibraryDirectories=[/data/app-lib/org.qtproject.example.gallery-2, /vendor/lib, /system/lib]]
W/System.err( 7535): at dalvik.system.BaseDexClassLoader.findClass(BaseDexClassLoader.java:56)
W/System.err( 7535): at java.lang.ClassLoader.loadClass(ClassLoader.java:497)
W/System.err( 7535): at java.lang.ClassLoader.loadClass(ClassLoader.java:457)
W/System.err( 7535): ... 26 more
W/System.err( 7535): java.lang.ClassNotFoundException: android.graphics.drawable.VectorDrawable
W/System.err( 7535): at java.lang.Class.classForName(Native Method)
W/System.err( 7535): at java.lang.Class.forName(Class.java:251)
W/System.err( 7535): at java.lang.Class.forName(Class.java:216)
W/System.err( 7535): at org.qtproject.qt5.android.ExtractStyle.getClass(ExtractStyle.java:395)
W/System.err( 7535): at org.qtproject.qt5.android.ExtractStyle.(ExtractStyle.java:100)
W/System.err( 7535): at org.qtproject.qt5.android.QtActivityDelegate.loadApplication(QtActivityDelegate.java:520)
W/System.err( 7535): at java.lang.reflect.Method.invokeNative(Native Method)
W/System.err( 7535): at java.lang.reflect.Method.invoke(Method.java:515)
W/System.err( 7535): at org.qtproject.qt5.android.bindings.QtLoader.loadApplication(QtLoader.java:237)
W/System.err( 7535): at org.qtproject.qt5.android.bindings.QtLoader.startApp(QtLoader.java:647)
W/System.err( 7535): at org.qtproject.qt5.android.bindings.QtActivityLoader.onCreate(QtActivityLoader.java:181)
W/System.err( 7535): at org.qtproject.qt5.android.bindings.QtActivity.onCreate(QtActivity.java:269)
W/System.err( 7535): at android.app.Activity.performCreate(Activity.java:5264)
W/System.err( 7535): at android.app.Instrumentation.callActivityOnCreate(Instrumentation.java:1088)
W/System.err( 7535): at android.app.ActivityThread.performLaunchActivity(ActivityThread.java:2302)
W/System.err( 7535): at android.app.ActivityThread.handleLaunchActivity(ActivityThread.java:2390)
W/System.err( 7535): at android.app.ActivityThread.access$800(ActivityThread.java:151)
W/System.err( 7535): at android.app.ActivityThread$H.handleMessage(ActivityThread.java:1321)
W/System.err( 7535): at android.os.Handler.dispatchMessage(Handler.java:110)
W/System.err( 7535): at android.os.Looper.loop(Looper.java:193)
W/System.err( 7535): at android.app.ActivityThread.main(ActivityThread.java:5299)
W/System.err( 7535): at java.lang.reflect.Method.invokeNative(Native Method)
W/System.err( 7535): at java.lang.reflect.Method.invoke(Method.java:515)
W/System.err( 7535): at com.android.internal.os.ZygoteInit$MethodAndArgsCaller.run(ZygoteInit.java:825)
W/System.err( 7535): at com.android.internal.os.ZygoteInit.main(ZygoteInit.java:641)
W/System.err( 7535): at dalvik.system.NativeStart.main(Native Method)
W/System.err( 7535): Caused by: java.lang.NoClassDefFoundError: android/graphics/drawable/VectorDrawable
W/System.err( 7535): ... 26 more
W/System.err( 7535): Caused by: java.lang.ClassNotFoundException: Didn't find class "android.graphics.drawable.VectorDrawable" on path: DexPathList[[zip file "/data/app/org.qtproject.example.gallery-2.apk"],nativeLibraryDirectories=[/data/app-lib/org.qtproject.example.gallery-2, /vendor/lib, /system/lib]]
W/System.err( 7535): at dalvik.system.BaseDexClassLoader.findClass(BaseDexClassLoader.java:56)
W/System.err( 7535): at java.lang.ClassLoader.loadClass(ClassLoader.java:497)
W/System.err( 7535): at java.lang.ClassLoader.loadClass(ClassLoader.java:457)
W/System.err( 7535): ... 26 more
D/dalvikvm( 7535): GC_CONCURRENT freed 2162K (20913), 41% free 3299K/5552K, paused 2ms+3ms, total 23ms
W/ResourceType( 7535): Skipping entry 0x1080528 in package table 0 because it is not complex!
D/dalvikvm( 7535): GC_FOR_ALLOC freed 955K (8628), 29% free 4257K/5924K, paused 29ms, total 29ms
D/dalvikvm( 7535): GC_CONCURRENT freed 1756K (12800), 27% free 5018K/6864K, paused 2ms+3ms, total 19ms
D/dalvikvm( 7535): GC_CONCURRENT freed 2297K (16176), 32% free 5180K/7564K, paused 3ms+4ms, total 23ms
D/dalvikvm( 7535): Trying to load lib /data/app-lib/org.qtproject.example.gallery-2/libgallery.so 0x420ec300
D/ ( 7535): (null):0 ((null)): QML debugging is enabled. Only use this in a safe environment.
D/dalvikvm( 7535): Added shared lib /data/app-lib/org.qtproject.example.gallery-2/libgallery.so 0x420ec300
D/dalvikvm( 7535): No JNI_OnLoad found in /data/app-lib/org.qtproject.example.gallery-2/libgallery.so 0x420ec300, skipping init
I/Qt JAVA ( 7535): DEBUGGER: extra parameters: Bundle[{debug_ping=true, gdbserver_socket=/data/data/org.qtproject.example.gallery/debug-socket, qml_debug=true, gdbserver_command=/data/data/org.qtproject.example.gallery/lib/libgdbserver.so --multi +/data/data/org.qtproject.example.gallery/debug-socket, qmljsdebugger=port:60860,block,services:DebugMessages,QmlDebugger,V8Debugger,QmlInspector, ping_socket=org.qtproject.example.gallery.ping_pong_socket}]
I/Qt JAVA ( 7535): DEBUGGER: removing gdb socket /data/data/org.qtproject.example.gallery/debug-socket
I/Qt JAVA ( 7535): DEBUGGER: starting /data/data/org.qtproject.example.gallery/lib/libgdbserver.so --multi +/data/data/org.qtproject.example.gallery/debug-socket
D/dalvikvm( 7535): create interp thread : stack size=128KB
D/dalvikvm( 7535): create new thread
D/dalvikvm( 7535): new thread created
D/dalvikvm( 7535): update thread list
D/dalvikvm( 7535): threadid=11: interp stack at 0x55758000
