D/dalvikvm( 7535): init ref table
D/dalvikvm( 7535): init mutex
D/dalvikvm( 7535): threadid=11: created from interp
D/dalvikvm( 7535): start new thread
D/dalvikvm( 7535): threadid=11: notify debugger
D/dalvikvm( 7535): threadid=11 (java.lang.ProcessManager): calling run()
I/Qt JAVA ( 7535): DEBUGGER: gdbserver started
I/Qt JAVA ( 7535): DEBUGGER: waiting for socket at /data/data/org.qtproject.example.gallery/debug-socket, attempt 0
I/Qt JAVA ( 7535): DEBUGGER: waiting for socket at /data/data/org.qtproject.example.gallery/debug-socket, attempt 1
I/Qt JAVA ( 7535): DEBUGGER: socket ok
D/dalvikvm( 7535): create interp thread : stack size=128KB
D/dalvikvm( 7535): create new thread
D/dalvikvm( 7535): new thread created
D/dalvikvm( 7535): update thread list
D/dalvikvm( 7535): threadid=12: interp stack at 0x55876000
D/dalvikvm( 7535): init ref table
D/dalvikvm( 7535): init mutex
D/dalvikvm( 7535): threadid=12: created from interp
D/dalvikvm( 7535): start new thread
I/Qt JAVA ( 7535): DEBUGGER: Waiting for debug socket connect
I/Qt JAVA ( 7535): DEBUGGER: go to sleep
D/dalvikvm( 7535): threadid=12: notify debugger
D/dalvikvm( 7535): threadid=12 (Thread-448): calling run()
I/Qt JAVA ( 7535): DEBUGGER: Debug socket accepted
I/Qt JAVA ( 7535): DEBUGGER: Waiting for debug socket connect
I/Qt JAVA ( 7535): DEBUGGER: go to sleep
I/Qt JAVA ( 7535): DEBUGGER: Waiting for debug socket connect
I/Qt JAVA ( 7535): DEBUGGER: go to sleep
W/ADB_SERVICES( 196): create_local_service_socket() name=shell:while true; do sleep 1; cat /proc/7535/cmdline > /dev/null; done
W/ADB_SERVICES( 196): service_to_fd() name=shell:while true; do sleep 1; cat /proc/7535/cmdline > /dev/null; done
W/ADB_SERVICES( 196): LS(264): bound to 'shell:while true; do sleep 1; cat /proc/7535/cmdline > /dev/null; done' via 22
I/Qt JAVA ( 7535): DEBUGGER: Waiting for debug socket connect
I/Qt JAVA ( 7535): DEBUGGER: go to sleep
I/Qt JAVA ( 7535): DEBUGGER: Waiting for debug socket connect
I/Qt JAVA ( 7535): DEBUGGER: go to sleep
I/Qt JAVA ( 7535): DEBUGGER: Waiting for debug socket connect
I/Qt JAVA ( 7535): DEBUGGER: go to sleep Could not load shared library symbols for 106 libraries, e.g. /system/bin/linker. Use the "info sharedlibrary" command to see the complete listing. Do you need "set solib-search-path" or "set sysroot"?Unable to find dynamic linker breakpoint function. GDB will be unable to debug shared library initializers and track explicitly loaded dynamic code.I/Qt JAVA ( 7535): DEBUGGER: Waiting for debug socket connect
I/Qt JAVA ( 7535): DEBUGGER: go to sleep
I/Qt JAVA ( 7535): DEBUGGER: Incoming socket OK
D/dalvikvm( 7535): threadid=12: exiting
D/dalvikvm( 7535): threadid=12: bye!
I/Qt JAVA ( 7535): DEBUGGER: Got pid acknowledgment
I/Qt JAVA ( 7535): DEBUGGER: ping not requested
I/Qt JAVA ( 7535): DEBUGGER: pong not requested
V/ActivityThread( 7535): Performing resume of ActivityRecord{420e7560 token=android.os.BinderProxy@420e6af0 {org.qtproject.example.gallery/org.qtproject.qt5.android.bindings.QtActivity}} finished=false
D/ActivityThread( 7535): ACT-AM_ON_RESUME_CALLED ActivityRecord{420e7560 token=android.os.BinderProxy@420e6af0 {org.qtproject.example.gallery/org.qtproject.qt5.android.bindings.QtActivity}}
V/ActivityThread( 7535): Resume ActivityRecord{420e7560 token=android.os.BinderProxy@420e6af0 {org.qtproject.example.gallery/org.qtproject.qt5.android.bindings.QtActivity}} started activity: false, hideForNow: false, finished: false
V/PhoneWindow( 7535): DecorView setVisiblity: visibility = 4 ,Parent =null, this =com.android.internal.policy.impl.PhoneWindow$DecorView{422dccf0 I.E..... R.....ID 0,0-0,0}
I/SurfaceFlinger( 145): EventThread Client Pid (7535) created
V/ActivityThread( 7535): Resuming ActivityRecord{420e7560 token=android.os.BinderProxy@420e6af0 {org.qtproject.example.gallery/org.qtproject.qt5.android.bindings.QtActivity}} with isForward=false
V/PhoneWindow( 7535): DecorView setVisiblity: visibility = 0 ,Parent =ViewRoot{42455950 org.qtproject.example.gallery/org.qtproject.qt5.android.bindings.QtActivity,ident = 0}, this =com.android.internal.policy.impl.PhoneWindow$DecorView{422dccf0 V.E..... R.....ID 0,0-0,0}
V/ActivityThread( 7535): Scheduling idle handler for ActivityRecord{420e7560 token=android.os.BinderProxy@420e6af0 {org.qtproject.example.gallery/org.qtproject.qt5.android.bindings.QtActivity}}
D/ActivityThread( 7535): ACT-LAUNCH_ACTIVITY handled : 0 / ActivityRecord{420e7560 token=android.os.BinderProxy@420e6af0 {org.qtproject.example.gallery/org.qtproject.qt5.android.bindings.QtActivity}}
D/ActivityThread( 7535): ACT-AM_ON_PAUSE_CALLED ActivityRecord{420e7560 token=android.os.BinderProxy@420e6af0 {org.qtproject.example.gallery/org.qtproject.qt5.android.bindings.QtActivity}}
D/ActivityThread( 7535): ACT-PAUSE_ACTIVITY handled : 0 / android.os.BinderProxy@420e6af0
V/ActivityThread( 7535): Finishing stop of ActivityRecord{420e7560 token=android.os.BinderProxy@420e6af0 {org.qtproject.example.gallery/org.qtproject.qt5.android.bindings.QtActivity}}: show=true win=com.android.internal.policy.impl.PhoneWindow@420f3798
D/ActivityThread( 7535): ACT-STOP_ACTIVITY_SHOW handled : 0 / android.os.BinderProxy@420e6af0
E/ ( 7535): appName=org.qtproject.example.gallery, acAppName=/system/bin/surfaceflinger
E/ ( 7535): 0
I/BufferQueue( 145): [org.qtproject.example.gallery/org.qtproject.qt5.android.bindings.QtActivity](this:0xb7e15a18,id:51,api:0,p:7535,c:145) connect: api=1 producer=(7535:org.qtproject.example.gallery) producerControlledByApp=true
I/BufferQueue( 145): [org.qtproject.example.gallery/org.qtproject.qt5.android.bindings.QtActivity](this:0xb7e15a18,id:51,api:1,p:7535,c:145) new GraphicBuffer needed
D/GraphicBuffer( 7535): create handle(0x55aa4b10) (w:480, h:800, f:1)
D/BufferQueue( 145): [org.qtproject.example.gallery/org.qtproject.qt5.android.bindings.QtActivity](this:0xb7e15a18,id:51,api:1,p:7535,c:145) cancelBuffer: slot=0
I/MaliEGL ( 7535): [Mali]window_type=1, is_framebuffer=0, errnum = 0
I/MaliEGL ( 7535): [Mali]surface->num_buffers=4, surface->num_frames=3, win_min_undequeued=1
I/MaliEGL ( 7535): [Mali]max_allowed_dequeued_buffers=3
I/BufferQueue( 145): [org.qtproject.example.gallery/org.qtproject.qt5.android.bindings.QtActivity](this:0xb7e15a18,id:51,api:1,p:7535,c:145) setBufferCount: count=4
I/BufferQueue( 145): [org.qtproject.example.gallery/org.qtproject.qt5.android.bindings.QtActivity](this:0xb7e15a18,id:51,api:1,p:7535,c:145) getReleasedBuffers: returning mask 0xffffffff
D/GraphicBuffer( 7535): close handle(0x55aa4b10) (w:480 h:800 f:1)
I/BufferQueue( 145): [org.qtproject.example.gallery/org.qtproject.qt5.android.bindings.QtActivity](this:0xb7e15a18,id:51,api:1,p:7535,c:145) new GraphicBuffer needed
D/GraphicBuffer( 7535): create handle(0x55c5c928) (w:480, h:800, f:1)
D/OpenGLRenderer( 7535): Enabling debug mode 0
D/GraphicBuffer( 7535): create handle(0x55be70f8) (w:768, h:768, f:1)
D/OpenGLRenderer( 7535): setViewport 480x800 <0x55be5008>
V/InputMethodManager( 7535): onWindowFocus: null softInputMode=32 first=true flags=#1810100
V/InputMethodManager( 7535): START INPUT: com.android.internal.policy.impl.PhoneWindow$DecorView{422dccf0 V.E..... R.....ID 0,0-0,0} ic=null tba=android.view.inputmethod.EditorInfo@421ca7b0 controlFlags=#104
W/IInputConnectionWrapper( 7535): showStatusIcon on inactive InputConnection
V/ActivityThread( 7535): Performing resume of ActivityRecord{420e7560 token=android.os.BinderProxy@420e6af0 {org.qtproject.example.gallery/org.qtproject.qt5.android.bindings.QtActivity}} finished=false
D/ActivityThread( 7535): ACT-AM_ON_RESUME_CALLED ActivityRecord{420e7560 token=android.os.BinderProxy@420e6af0 {org.qtproject.example.gallery/org.qtproject.qt5.android.bindings.QtActivity}}
V/ActivityThread( 7535): Resume ActivityRecord{420e7560 token=android.os.BinderProxy@420e6af0 {org.qtproject.example.gallery/org.qtproject.qt5.android.bindings.QtActivity}} started activity: false, hideForNow: false, finished: false
V/ActivityThread( 7535): Resuming ActivityRecord{420e7560 token=android.os.BinderProxy@420e6af0 {org.qtproject.example.gallery/org.qtproject.qt5.android.bindings.QtActivity}} with isForward=true
V/PhoneWindow( 7535): DecorView setVisiblity: visibility = 0 ,Parent =ViewRoot{42455950 org.qtproject.example.gallery/org.qtproject.qt5.android.bindings.QtActivity,ident = 0}, this =com.android.internal.policy.impl.PhoneWindow$DecorView{422dccf0 V.E..... R.....I. 0,0-480,800}
V/ActivityThread( 7535): Scheduling idle handler for ActivityRecord{420e7560 token=android.os.BinderProxy@420e6af0 {org.qtproject.example.gallery/org.qtproject.qt5.android.bindings.QtActivity}}
D/ActivityThread( 7535): ACT-RESUME_ACTIVITY handled : 1 / android.os.BinderProxy@420e6af0
D/dalvikvm( 7535): threadid=12: interp stack at 0x56152000
D/dalvikvm( 7535): init ref table
D/dalvikvm( 7535): init mutex
D/Gallery ( 7535): (null):0 ((null)): QML Debugger: Waiting for connection on port 60860...
D/ActivityThread( 7535): ACT-AM_ON_PAUSE_CALLED ActivityRecord{420e7560 token=android.os.BinderProxy@420e6af0 {org.qtproject.example.gallery/org.qtproject.qt5.android.bindings.QtActivity}}
D/ActivityThread( 7535): ACT-PAUSE_ACTIVITY handled : 0 / android.os.BinderProxy@420e6af0
V/ActivityThread( 7535): Finishing stop of ActivityRecord{420e7560 token=android.os.BinderProxy@420e6af0 {org.qtproject.example.gallery/org.qtproject.qt5.android.bindings.QtActivity}}: show=true win=com.android.internal.policy.impl.PhoneWindow@420f3798
D/ActivityThread( 7535): ACT-STOP_ACTIVITY_SHOW handled : 0 / android.os.BinderProxy@420e6af0
V/InputMethodManager( 7535): START INPUT: com.android.internal.policy.impl.PhoneWindow$DecorView{422dccf0 V.E..... R.....I. 0,0-480,800} ic=null tba=android.view.inputmethod.EditorInfo@4253aaa8 controlFlags=#100
I/BufferQueue( 145): [org.qtproject.example.gallery/org.qtproject.qt5.android.bindings.QtActivity](this:0xb7e15a18,id:51,api:1,p:7535,c:145) new GraphicBuffer needed
D/GraphicBuffer( 7535): create handle(0x56bbdca8) (w:480, h:800, f:1)
I/BufferQueue( 145): [org.qtproject.example.gallery/org.qtproject.qt5.android.bindings.QtActivity](this:0xb7e15a18,id:51,api:1,p:7535,c:145) [queue] fps:0.02, dur:62108.54, max:62108.54, min:62108.54
V/ActivityThread( 7535): Performing resume of ActivityRecord{420e7560 token=android.os.BinderProxy@420e6af0 {org.qtproject.example.gallery/org.qtproject.qt5.android.bindings.QtActivity}} finished=false
D/ActivityThread( 7535): ACT-AM_ON_RESUME_CALLED ActivityRecord{420e7560 token=android.os.BinderProxy@420e6af0 {org.qtproject.example.gallery/org.qtproject.qt5.android.bindings.QtActivity}}
V/ActivityThread( 7535): Resume ActivityRecord{420e7560 token=android.os.BinderProxy@420e6af0 {org.qtproject.example.gallery/org.qtproject.qt5.android.bindings.QtActivity}} started activity: false, hideForNow: false, finished: false
V/ActivityThread( 7535): Resuming ActivityRecord{420e7560 token=android.os.BinderProxy@420e6af0 {org.qtproject.example.gallery/org.qtproject.qt5.android.bindings.QtActivity}} with isForward=true
V/PhoneWindow( 7535): DecorView setVisiblity: visibility = 0 ,Parent =ViewRoot{42455950 org.qtproject.example.gallery/org.qtproject.qt5.android.bindings.QtActivity,ident = 0}, this =com.android.internal.policy.impl.PhoneWindow$DecorView{422dccf0 V.E..... R....... 0,0-480,800}
V/ActivityThread( 7535): Scheduling idle handler for ActivityRecord{420e7560 token=android.os.BinderProxy@420e6af0 {org.qtproject.example.gallery/org.qtproject.qt5.android.bindings.QtActivity}}
D/ActivityThread( 7535): ACT-RESUME_ACTIVITY handled : 1 / android.os.BinderProxy@420e6af0
D/ActivityThread( 7535): ACT-AM_ON_PAUSE_CALLED ActivityRecord{420e7560 token=android.os.BinderProxy@420e6af0 {org.qtproject.example.gallery/org.qtproject.qt5.android.bindings.QtActivity}}
D/ActivityThread( 7535): ACT-PAUSE_ACTIVITY handled : 0 / android.os.BinderProxy@420e6af0
V/ActivityThread( 7535): Finishing stop of ActivityRecord{420e7560 token=android.os.BinderProxy@420e6af0 {org.qtproject.example.gallery/org.qtproject.qt5.android.bindings.QtActivity}}: show=true win=com.android.internal.policy.impl.PhoneWindow@420f3798
D/ActivityThread( 7535): ACT-STOP_ACTIVITY_SHOW handled : 0 / android.os.BinderProxy@420e6af0
V/InputMethodManager( 7535): START INPUT: com.android.internal.policy.impl.PhoneWindow$DecorView{422dccf0 V.E..... R....... 0,0-480,800} ic=null tba=android.view.inputmethod.EditorInfo@4227ffe0 controlFlags=#100