03-24 18:26:24.781 1612 1874 I ActivityManager: START u0 {flg=0x10000000 cmp=de.skycoder42.servicetest/org.qtproject.qt5.android.bindings.QtActivity} from uid 2000
03-24 18:26:24.790 18928 18928 I zygote : Not late-enabling -Xcheck:jni (already on)
03-24 18:26:24.797 1612 6516 I ActivityManager: Start proc 18928:de.skycoder42.servicetest/u0a91 for activity de.skycoder42.servicetest/org.qtproject.qt5.android.bindings.QtActivity
03-24 18:26:24.798 18928 18928 W zygote : Unexpected CPU variant for X86 using defaults: x86
03-24 18:26:24.822 18928 18928 W System : ClassLoader referenced unknown path:
03-24 18:26:24.846 18928 18928 I QtCore : Start
03-24 18:26:24.847 18928 18928 W linker : "/data/app/de.skycoder42.servicetest-4H1S5_vJZoqEUXjpP3DSEw==/lib/x86/libQt5Network.so" has unsupported flags DT_FLAGS_1=0x81
03-24 18:26:24.848 18928 18928 W linker : "/data/app/de.skycoder42.servicetest-4H1S5_vJZoqEUXjpP3DSEw==/lib/x86/libQt5Qml.so" has unsupported flags DT_FLAGS_1=0x81
03-24 18:26:24.850 18928 18928 W linker : "/data/app/de.skycoder42.servicetest-4H1S5_vJZoqEUXjpP3DSEw==/lib/x86/libQt5Gui.so" has unsupported flags DT_FLAGS_1=0x81
03-24 18:26:24.852 18928 18928 W linker : "/data/app/de.skycoder42.servicetest-4H1S5_vJZoqEUXjpP3DSEw==/lib/x86/libQt5Quick.so" has unsupported flags DT_FLAGS_1=0x81
03-24 18:26:24.855 18928 18928 W linker : "/data/app/de.skycoder42.servicetest-4H1S5_vJZoqEUXjpP3DSEw==/lib/x86/libQt5AndroidExtras.so" has unsupported flags DT_FLAGS_1=0x81
03-24 18:26:24.856 18928 18928 W linker : "/data/app/de.skycoder42.servicetest-4H1S5_vJZoqEUXjpP3DSEw==/lib/x86/libQt5QuickParticles.so" has unsupported flags DT_FLAGS_1=0x81
03-24 18:26:24.857 18928 18928 W linker : "/data/app/de.skycoder42.servicetest-4H1S5_vJZoqEUXjpP3DSEw==/lib/x86/libQt5QuickTemplates2.so" has unsupported flags DT_FLAGS_1=0x81
03-24 18:26:24.859 18928 18928 W linker : "/data/app/de.skycoder42.servicetest-4H1S5_vJZoqEUXjpP3DSEw==/lib/x86/libQt5QuickControls2.so" has unsupported flags DT_FLAGS_1=0x81
03-24 18:26:24.860 18928 18928 W linker : "/data/data/de.skycoder42.servicetest/qt-reserved-files/plugins/platforms/android/libqtforandroid.so" has unsupported flags DT_FLAGS_1=0x81
03-24 18:26:24.861 18928 18928 I Qt : qt start
03-24 18:26:24.862 18928 18928 W linker : "/data/data/de.skycoder42.servicetest/qt-reserved-files/plugins/bearer/libqandroidbearer.so" has unsupported flags DT_FLAGS_1=0x81
03-24 18:26:24.870 18928 18928 D : (null):0 ((null)): QML debugging is enabled. Only use this in a safe environment.
03-24 18:26:24.876 18928 18944 D OpenGLRenderer: HWUI GL Pipeline
03-24 18:26:24.903 18928 18944 D : HostConnection::get() New Host Connection established 0xe3f14200, tid 18944
03-24 18:26:24.904 18928 18944 I zygote : android::hardware::configstore::V1_0::ISurfaceFlingerConfigs::hasWideColorDisplay retrieved: 0
03-24 18:26:24.904 18928 18944 I OpenGLRenderer: Initialized EGL, version 1.4
03-24 18:26:24.904 18928 18944 D OpenGLRenderer: Swap behavior 1
03-24 18:26:24.904 18928 18944 W OpenGLRenderer: Failed to choose config with EGL_SWAP_BEHAVIOR_PRESERVED, retrying without...
03-24 18:26:24.904 18928 18944 D OpenGLRenderer: Swap behavior 0
03-24 18:26:24.908 18928 18944 D EGL_emulation: eglCreateContext: 0xe5904120: maj 2 min 0 rcv 2
03-24 18:26:24.958 18928 18944 D EGL_emulation: eglMakeCurrent: 0xe5904120: ver 2 0 (tinfo 0xe59032a0)
03-24 18:26:25.025 18928 18944 D EGL_emulation: eglMakeCurrent: 0xe5904120: ver 2 0 (tinfo 0xe59032a0)
03-24 18:26:25.047 1612 1636 I ActivityManager: Displayed de.skycoder42.servicetest/org.qtproject.qt5.android.bindings.QtActivity: +256ms
03-24 18:26:25.053 18928 18960 W linker : "/data/data/de.skycoder42.servicetest/qt-reserved-files/qml/QtQuick.2/libqtquick2plugin.so" has unsupported flags DT_FLAGS_1=0x81
03-24 18:26:25.055 18928 18960 W linker : "/data/data/de.skycoder42.servicetest/qt-reserved-files/qml/QtQuick/Controls.2/libqtquickcontrols2plugin.so" has unsupported flags DT_FLAGS_1=0x81
03-24 18:26:25.059 18928 18960 W linker : "/data/data/de.skycoder42.servicetest/qt-reserved-files/qml/QtQuick/Layouts/libqquicklayoutsplugin.so" has unsupported flags DT_FLAGS_1=0x81
03-24 18:26:25.061 18928 18960 W linker : "/data/data/de.skycoder42.servicetest/qt-reserved-files/qml/QtQuick/Templates.2/libqtquicktemplates2plugin.so" has unsupported flags DT_FLAGS_1=0x81
03-24 18:26:25.066 18928 18960 W linker : "/data/data/de.skycoder42.servicetest/qt-reserved-files/qml/QtQuick/Controls.2/Material/libqtquickcontrols2materialstyleplugin.so" has unsupported flags DT_FLAGS_1=0x81
03-24 18:26:25.082 18928 18960 W linker : "/data/data/de.skycoder42.servicetest/qt-reserved-files/qml/QtQuick/Window.2/libwindowplugin.so" has unsupported flags DT_FLAGS_1=0x81
03-24 18:26:25.091 18928 18945 D : HostConnection::get() New Host Connection established 0xd0dff500, tid 18945
03-24 18:26:25.100 18928 18945 D EGL_emulation: eglCreateContext: 0xe3f1f200: maj 2 min 0 rcv 2
03-24 18:26:25.150 18928 18945 D EGL_emulation: eglMakeCurrent: 0xe3f1f200: ver 2 0 (tinfo 0xe2f92910)
03-24 18:26:25.193 18928 18982 D : HostConnection::get() New Host Connection established 0xd0dff9c0, tid 18982
03-24 18:26:25.239 18928 18982 D EGL_emulation: eglMakeCurrent: 0xe3f1f200: ver 2 0 (tinfo 0xd02b08e0)
03-24 18:26:26.810 18928 18945 E TestService: about to create
03-24 18:26:26.816 19102 19102 I zygote : Not late-enabling -Xcheck:jni (already on)
03-24 18:26:26.822 1612 6516 I ActivityManager: Start proc 19102:de.skycoder42.servicetest:extra_process/u0a91 for service de.skycoder42.servicetest/.TestService
03-24 18:26:26.824 19102 19102 W zygote : Unexpected CPU variant for X86 using defaults: x86
03-24 18:26:26.839 19102 19102 E TestService: before create
03-24 18:26:26.844 19102 19102 W System : ClassLoader referenced unknown path:
03-24 18:26:26.845 19102 19102 I QtCore : Start
03-24 18:26:26.846 19102 19102 W linker : "/data/app/de.skycoder42.servicetest-4H1S5_vJZoqEUXjpP3DSEw==/lib/x86/libQt5Network.so" has unsupported flags DT_FLAGS_1=0x81
03-24 18:26:26.847 19102 19102 W linker : "/data/app/de.skycoder42.servicetest-4H1S5_vJZoqEUXjpP3DSEw==/lib/x86/libQt5Qml.so" has unsupported flags DT_FLAGS_1=0x81
03-24 18:26:26.848 19102 19102 W linker : "/data/app/de.skycoder42.servicetest-4H1S5_vJZoqEUXjpP3DSEw==/lib/x86/libQt5Gui.so" has unsupported flags DT_FLAGS_1=0x81
03-24 18:26:26.849 19102 19102 W linker : "/data/app/de.skycoder42.servicetest-4H1S5_vJZoqEUXjpP3DSEw==/lib/x86/libQt5Quick.so" has unsupported flags DT_FLAGS_1=0x81
03-24 18:26:26.853 19102 19102 W linker : "/data/app/de.skycoder42.servicetest-4H1S5_vJZoqEUXjpP3DSEw==/lib/x86/libQt5AndroidExtras.so" has unsupported flags DT_FLAGS_1=0x81
03-24 18:26:26.853 19102 19102 W linker : "/data/app/de.skycoder42.servicetest-4H1S5_vJZoqEUXjpP3DSEw==/lib/x86/libQt5QuickParticles.so" has unsupported flags DT_FLAGS_1=0x81
03-24 18:26:26.854 19102 19102 W linker : "/data/app/de.skycoder42.servicetest-4H1S5_vJZoqEUXjpP3DSEw==/lib/x86/libQt5QuickTemplates2.so" has unsupported flags DT_FLAGS_1=0x81
03-24 18:26:26.856 19102 19102 W linker : "/data/app/de.skycoder42.servicetest-4H1S5_vJZoqEUXjpP3DSEw==/lib/x86/libQt5QuickControls2.so" has unsupported flags DT_FLAGS_1=0x81
03-24 18:26:26.857 19102 19102 W linker : "/data/data/de.skycoder42.servicetest/qt-reserved-files/plugins/platforms/android/libqtforandroid.so" has unsupported flags DT_FLAGS_1=0x81
03-24 18:26:26.859 19102 19102 I Qt : qt start
03-24 18:26:26.860 19102 19102 W linker : "/data/data/de.skycoder42.servicetest/qt-reserved-files/plugins/bearer/libqandroidbearer.so" has unsupported flags DT_FLAGS_1=0x81
03-24 18:26:26.862 19102 19102 D : (null):0 ((null)): QML debugging is enabled. Only use this in a safe environment.
03-24 18:26:26.864 19102 19121 D : HostConnection::get() New Host Connection established 0xe58ef580, tid 19121
03-24 18:26:26.865 19102 19121 I zygote : android::hardware::configstore::V1_0::ISurfaceFlingerConfigs::hasWideColorDisplay retrieved: 0
03-24 18:26:31.838 19102 19118 I zygote : Waiting for a blocking GC ProfileSaver
03-24 18:26:33.528 2104 2104 I BeaconBle: Scan : No clients left, canceling alarm.
03-24 18:26:39.401 1612 1626 E memtrack: Couldn't load memtrack module
03-24 18:26:39.401 1612 1626 W android.os.Debug: failed to get memory consumption info: -1
03-24 18:26:39.413 1612 1626 E memtrack: Couldn't load memtrack module
03-24 18:26:39.413 1612 1626 W android.os.Debug: failed to get memory consumption info: -1
03-24 18:26:46.835 1612 1627 W ActivityManager: Timeout executing service: ServiceRecord{8fb4487 u0 de.skycoder42.servicetest/.TestService}
03-24 18:26:46.846 1612 1627 I zygote : libdebuggerd_client: started dumping process 19102
03-24 18:26:46.846 1496 1496 I /system/bin/tombstoned: registered intercept for pid 19102 and type kDebuggerdJavaBacktrace
03-24 18:26:46.846 19102 19109 I zygote : Thread[3,tid=19109,WaitingInMainSignalCatcherLoop,Thread*=0xed1d9c00,peer=0x14bc1938,"Signal Catcher"]: reacting to signal 3
03-24 18:26:46.846 19102 19109 I zygote :
03-24 18:26:46.858 1496 1496 I /system/bin/tombstoned: received crash request for pid 19102
03-24 18:26:46.858 1496 1496 I /system/bin/tombstoned: found intercept fd 512 for pid 19102 and type kDebuggerdJavaBacktrace
03-24 18:26:46.859 1612 1627 I zygote : libdebuggerd_client: done dumping process 19102
03-24 18:26:46.859 1612 1627 E ActivityManager: ANR in de.skycoder42.servicetest:extra_process
03-24 18:26:46.859 1612 1627 E ActivityManager: PID: 19102
03-24 18:26:46.859 1612 1627 E ActivityManager: Reason: executing service de.skycoder42.servicetest/.TestService
03-24 18:26:46.859 1612 1627 E ActivityManager: Load: 0.0 / 0.0 / 0.0
03-24 18:26:46.859 1612 1627 E ActivityManager: CPU usage from 66700ms to 0ms ago (2018-03-24 18:25:40.137 to 2018-03-24 18:26:46.836):
03-24 18:26:46.859 1612 1627 E ActivityManager: 3.8% 1612/system_server: 2.7% user + 1.1% kernel / faults: 12399 minor 41 major
03-24 18:26:46.859 1612 1627 E ActivityManager: 0.9% 2104/com.google.android.gms.persistent: 0.7% user + 0.2% kernel / faults: 6064 minor 53 major
03-24 18:26:46.859 1612 1627 E ActivityManager: 0.8% 2260/com.google.android.gms: 0.6% user + 0.1% kernel / faults: 5699 minor 67 major
03-24 18:26:46.859 1612 1627 E ActivityManager: 0.7% 1425/adbd: 0% user + 0.7% kernel / faults: 17032 minor
03-24 18:26:46.859 1612 1627 E ActivityManager: 0.7% 1409/surfaceflinger: 0.1% user + 0.5% kernel / faults: 67 minor
03-24 18:26:46.859 1612 1627 E ActivityManager: 0.6% 1462/kworker/u5:2: 0% user + 0.6% kernel
03-24 18:26:46.859 1612 1627 E ActivityManager: 0.6% 1402/android.hardware.sensors@1.0-service: 0.1% user + 0.4% kernel
03-24 18:26:46.859 1612 1627 E ActivityManager: 0.6% 2221/com.google.android.googlequicksearchbox:search: 0.5% user + 0.1% kernel / faults: 6499 minor 33 major
03-24 18:26:46.859 1612 1627 E ActivityManager: 0.5% 9132/kworker/u5:0: 0% user + 0.5% kernel
03-24 18:26:46.859 1612 1627 E ActivityManager: 0.3% 1400/android.hardware.graphics.composer@2.1-service: 0.1% user + 0.1% kernel / faults: 28 minor
03-24 18:26:46.859 1612 1627 E ActivityManager: 0.1% 1729/com.android.systemui: 0.1% user + 0% kernel / faults: 198 minor 7 major
03-24 18:26:46.859 1612 1627 E ActivityManager: 0.1% 12085/kworker/u4:2: 0% user + 0.1% kernel
03-24 18:26:46.859 1612 1627 E ActivityManager: 0% 15942/kworker/u4:0: 0% user + 0% kernel
03-24 18:26:46.859 1612 1627 E ActivityManager: 0% 1337/logd: 0% user + 0% kernel / faults: 22 minor
03-24 18:26:46.859 1612 1627 E ActivityManager: 0% 2169/com.google.android.apps.nexuslauncher: 0% user + 0% kernel / faults: 224 minor
03-24 18:26:46.859 1612 1627 E ActivityManager: 0% 529/kswapd0: 0% user + 0% kernel
03-24 18:26:46.859 1612 1627 E ActivityManager: 0% 1454/dmcrypt_write: 0% user + 0% kernel
03-24 18:26:46.859 1612 1627 E ActivityManager: 0% 1483/installd: 0% user + 0% kernel / faults: 132 minor
03-24 18:26:46.859 1612 1627 E ActivityManager: 0% 680/hwrng: 0% user + 0% kernel
03-24 18:26:46.859 1612 1627 E ActivityManager: 0% 1473/jbd2/dm-0-8: 0% user + 0% kernel
03-24 18:26:46.859 1612 1627 E ActivityManager: 0% 7/rcu_preempt: 0% user + 0% kernel
03-24 18:26:46.859 1612 1627 E ActivityManager: 0% 1399/android.hardware.graphics.allocator@2.0-service: 0% user + 0% kernel / faults: 103 minor
03-24 18:26:46.859 1612 1627 E ActivityManager: 0% 1403/android.hardware.wifi@1.0-service: 0% user + 0% kernel
03-24 18:26:46.859 1612 1627 E ActivityManager: 0% 1408/lmkd: 0% user + 0% kernel
03-24 18:26:46.859 1612 1627 E ActivityManager: 0% 1823/com.android.phone: 0% user + 0% kernel / faults: 145 minor 9 major
03-24 18:26:46.859 1612 1627 E ActivityManager: 0% 17351/kworker/0:1: 0% user + 0% kernel
03-24 18:26:46.859 1612 1627 E ActivityManager: 0% 1//init: 0% user + 0% kernel / faults: 103 minor
03-24 18:26:46.859 1612 1627 E ActivityManager: 0% 10/migration/0: 0% user + 0% kernel
03-24 18:26:46.859 1612 1627 E ActivityManager: 0% 12/ksoftirqd/1: 0% user + 0% kernel
03-24 18:26:46.859 1612 1627 E ActivityManager: 0% 1338/servicemanager: 0% user + 0% kernel
03-24 18:26:46.859 1612 1627 E ActivityManager: 0% 1401/android.hardware.power@1.0-service: 0% user + 0% kernel
03-24 18:26:46.859 1612 1627 E ActivityManager: 0% 1404/healthd: 0% user + 0% kernel
03-24 18:26:46.859 1612 1627 E ActivityManager: 0% 1466/kworker/0:1H: 0% user + 0% kernel
03-24 18:26:46.859 1612 1627 E ActivityManager: 0% 1470/kworker/1:1H: 0% user + 0% kernel
03-24 18:26:46.859 1612 1627 E ActivityManager: 0% 1479/zygote: 0% user + 0% kernel / faults: 794 minor
03-24 18:26:46.859 1612 1627 E ActivityManager: 0% 1480/audioserver: 0% user + 0% kernel / faults: 303 minor
03-24 18:26:46.859 1612 1627 E ActivityManager: 0% 1489/netd: 0% user + 0% kernel / faults: 277 minor 8 major
03-24 18:26:46.859 1612 1627 E ActivityManager: 0% 1601/hostapd: 0% user + 0% kernel / faults: 2 minor 6 major
03-24 18:26:46.859 1612 1627 E ActivityManager: 0% 1713/com.google.android.inputmethod.latin: 0% user + 0% kernel / faults: 6 minor
03-24 18:26:46.859 1612 1627 E ActivityManager: 0% 3931/com.android.defcontainer: 0% user + 0% kernel / faults: 104 minor
03-24 18:26:46.859 1612 1627 E ActivityManager: 0% 5887/com.android.keychain: 0% user + 0% kernel / faults: 52 minor
03-24 18:26:46.859 1612 1627 E ActivityManager: 0% 6490/com.google.android.deskclock: 0% user + 0% kernel / faults: 32 minor
03-24 18:26:46.859 1612 1627 E ActivityManager: 0% 7585/com.google.android.gms.unstable: 0% user + 0% kernel / faults: 12 minor
03-24 18:26:46.859 1612 1627 E ActivityManager: 0% 16311/kworker/1:1: 0% user + 0% kernel
03-24 18:26:46.859 1612 1627 E ActivityManager: +0% 18766/logcat: 0% user + 0% kernel
03-24 18:26:46.859 1612 1627 E ActivityManager: +0% 18921/logcat: 0% user + 0% kernel
03-24 18:26:46.859 1612 1627 E ActivityManager: +0% 18928/de.skycoder42.servicetest: 0% user + 0% kernel
03-24 18:26:46.859 1612 1627 E ActivityManager: +0% 19096/sh: 0% user + 0% kernel
03-24 18:26:46.859 1612 1627 E ActivityManager: +0% 19102/de.skycoder42.servicetest:extra_process: 0% user + 0% kernel
03-24 18:26:46.859 1612 1627 E ActivityManager: +0% 19170/sleep: 0% user + 0% kernel
03-24 18:26:46.859 1612 1627 E ActivityManager: 8.7% TOTAL: 5.1% user + 3.2% kernel + 0.1% iowait + 0.1% softirq
03-24 18:26:46.859 1612 1627 E ActivityManager: CPU usage from 3135681ms to 3135681ms ago (1970-01-01 01:00:00.000 to 1970-01-01 01:00:00.000) with 0% awake:
03-24 18:26:46.859 1612 1627 E ActivityManager: 0% TOTAL: 0% user + 0% kernel
03-24 18:26:46.860 1612 1627 I ActivityManager: Killing 19102:de.skycoder42.servicetest:extra_process/u0a91 (adj 0): bg anr
03-24 18:26:46.860 1612 1629 W zygote : kill(-19102, 9) failed: No such process
03-24 18:26:46.896 1612 1874 W ActivityManager: Scheduling restart of crashed service de.skycoder42.servicetest/.TestService in 40130ms
03-24 18:26:46.895 1612 1629 W zygote : kill(-19102, 9) failed: No such process
03-24 18:26:46.897 1496 1496 W /system/bin/tombstoned: crash socket received short read of length 0 (expected 12)
03-24 18:26:46.935 1612 1629 W zygote : kill(-19102, 9) failed: No such process
03-24 18:26:46.935 1612 1629 I zygote : Successfully killed process cgroup uid 10091 pid 19102 in 75ms
03-24 18:26:51.875 1612 1626 E memtrack: Couldn't load memtrack module
03-24 18:26:51.875 1612 1626 W android.os.Debug: failed to get memory consumption info: -1