Debugging starts
D/dalvikvm( 148): Zygote::ForkAndSpecialize : 3970
D/dalvikvm( 3970): Zygote::ForkAndSpecialize : 0
D/dalvikvm( 3970): zygote get new systemTid : 3970
D/dalvikvm( 3970): Late-enabling CheckJNI
D/dalvikvm( 3970): threadid=2: interp stack at 0x50a98000
D/dalvikvm( 3970): init ref table
D/dalvikvm( 3970): init mutex
D/dalvikvm( 3970): threadid=3: interp stack at 0x50bb9000
D/dalvikvm( 3970): init ref table
D/dalvikvm( 3970): init mutex
D/jdwp ( 3970): prepping for JDWP over ADB
D/dalvikvm( 3970): Elevating priority from 0 to -8
D/dalvikvm( 3970): threadid=4: interp stack at 0x50cda000
D/dalvikvm( 3970): init ref table
D/dalvikvm( 3970): init mutex
D/jdwp ( 3970): JDWP: thread running
D/ADB_SERVICES( 179): Adding socket 21 pid 3970 to jdwp process list
D/jdwp ( 3970): trying to receive file descriptor from ADB
D/dalvikvm( 3970): threadid=5: interp stack at 0x540f8000
D/dalvikvm( 3970): init ref table
D/dalvikvm( 3970): init mutex
D/dalvikvm( 3970): zygote get thread init done
D/dalvikvm( 3970): create interp thread : stack size=128KB
D/dalvikvm( 3970): create new thread
D/dalvikvm( 3970): new thread created
D/dalvikvm( 3970): update thread list
D/dalvikvm( 3970): threadid=6: interp stack at 0x54118000
D/dalvikvm( 3970): init ref table
D/dalvikvm( 3970): init mutex
D/dalvikvm( 3970): threadid=6: created from interp
D/dalvikvm( 3970): start new thread
D/dalvikvm( 3970): create interp thread : stack size=128KB
D/dalvikvm( 3970): create new thread
D/dalvikvm( 3970): new thread created
D/dalvikvm( 3970): update thread list
D/dalvikvm( 3970): threadid=6: notify debugger
D/dalvikvm( 3970): threadid=6 (ReferenceQueueDaemon): calling run()
D/dalvikvm( 3970): threadid=7: interp stack at 0x54238000
D/dalvikvm( 3970): init ref table
D/dalvikvm( 3970): init mutex
D/dalvikvm( 3970): threadid=7: created from interp
D/dalvikvm( 3970): start new thread
D/dalvikvm( 3970): create interp thread : stack size=128KB
D/dalvikvm( 3970): create new thread
D/dalvikvm( 3970): new thread created
D/dalvikvm( 3970): update thread list
D/dalvikvm( 3970): threadid=7: notify debugger
D/dalvikvm( 3970): threadid=7 (FinalizerDaemon): calling run()
D/dalvikvm( 3970): threadid=8: interp stack at 0x54358000
D/dalvikvm( 3970): init ref table
D/dalvikvm( 3970): init mutex
D/dalvikvm( 3970): threadid=8: created from interp
D/dalvikvm( 3970): start new thread
D/dalvikvm( 3970): threadid=8: notify debugger
D/dalvikvm( 3970): threadid=8 (FinalizerWatchdogDaemon): calling run()
I/ActivityManager( 663): Start proc mabg.studentssignup for activity mabg.studentssignup/.StudentsSingUpActivity: pid=3970 uid=10167 gids={50167, 3003, 1028, 1015}
D/dalvikvm( 3970): threadid=9: interp stack at 0x54776000
D/dalvikvm( 3970): init ref table
D/dalvikvm( 3970): init mutex
D/dalvikvm( 3970): threadid=10: interp stack at 0x54896000
D/dalvikvm( 3970): init ref table
D/dalvikvm( 3970): init mutex
D/NetworkPolicy( 663): onRecv: MSG_FOREGROUND_ACTIVITIES_CHANGED pid:uid:act=3970:10167:true
V/Provider/Settings( 3970): get setting for user 0 by user 0 so skipping cache
D/ActivityManager( 663): getContentProviderImpl: from caller=android.app.ApplicationThreadProxy@41ef72b8 (pid=3970, userId=0) to get content provider settings cpr=ContentProviderRecord{42157f08 u0 com.android.providers.settings/.SettingsProvider}
D/ActivityThread( 3970): hoder:android.app.IActivityManager$ContentProviderHolder@41bd5d90,provider,holder.Provider:android.content.ContentProviderProxy@41bd6508
V/Provider/Settings( 3970): from db cache, name = anr_debugging_mechanism , value = 1
D/asset ( 3970): AssetManager-->addDefaultAssets CIP path not exsit!
W/ActivityThread( 3970): Application mabg.studentssignup is waiting for the debugger on port 8100...
I/System.out( 3970): Sending WAIT chunk
W/ADB_SERVICES( 179): create_local_service_socket() name=shell:while [ -d /proc/3970 ]; do sleep 1; done
W/ADB_SERVICES( 179): service_to_fd() name=shell:while [ -d /proc/3970 ]; do sleep 1; done
W/ADB_SERVICES( 179): LS(37): bound to 'shell:while [ -d /proc/3970 ]; do sleep 1; done' via 20
W/ADB_SERVICES( 179): create_local_service_socket() name=jdwp:3970
W/ADB_SERVICES( 179): service_to_fd() name=jdwp:3970
W/ADB_SERVICES( 179): looking for pid 3970 in JDWP process list return fds0(22) fds1(23)
W/ADB_SERVICES( 179): LS(38): bound to 'jdwp:3970' via 22
W/ADB_SERVICES( 179): trying to write to JDWP socket=21 pid=3970 count=1 out_fds=23
D/jdwp ( 3970): received file descriptor 47 from ADB
I/dalvikvm( 3970): Debugger is active
I/System.out( 3970): Debugger has connected
D/jdwp ( 3970): +++ debugger interval=51
I/System.out( 3970): waiting for debugger to settle...
D/jdwp ( 3970): +++ debugger interval=251
I/System.out( 3970): waiting for debugger to settle...
D/jdwp ( 3970): +++ debugger interval=452
I/System.out( 3970): waiting for debugger to settle...
D/jdwp ( 3970): +++ debugger interval=652
I/System.out( 3970): waiting for debugger to settle...
D/jdwp ( 3970): +++ debugger interval=853
I/System.out( 3970): waiting for debugger to settle...
D/jdwp ( 3970): +++ debugger interval=1208
I/System.out( 3970): waiting for debugger to settle...
D/jdwp ( 3970): +++ debugger interval=1409
I/System.out( 3970): debugger has settled (1409)
D/Proxy ( 3970): setHttpRequestCheckHandler
D/dalvikvm( 3970): open_cached_dex_file : /data/app/mabg.studentssignup-2.apk /data/dalvik-cache/data@app@mabg.studentssignup-2.apk@classes.dex
D/ActivityThread( 3970): BIND_APPLICATION handled : 0 / AppBindData{appInfo=ApplicationInfo{41bd3660 mabg.studentssignup}}
V/ActivityThread( 3970): ActivityRecord{41bd4d70 token=android.os.BinderProxy@41bd43a0 {mabg.studentssignup/mabg.studentssignup.StudentsSingUpActivity}}: app=org.qtproject.qt5.android.bindings.QtApplication@41bdb528, appName=mabg.studentssignup, pkg=mabg.studentssignup, comp={mabg.studentssignup/mabg.studentssignup.StudentsSingUpActivity}, dir=/data/app/mabg.studentssignup-2.apk
D/dalvikvm( 3970): Debugger has detached; object registry had 3793 entries
D/jdwp ( 3970): trying to receive file descriptor from ADB
D/dalvikvm( 3970): GC_CONCURRENT freed 2178K (20500), 41% free 3274K/5520K, paused 1ms+3ms, total 27ms
D/dalvikvm( 3970): Trying to load lib /data/data/mabg.studentssignup/lib/libgnustl_shared.so 0x41bda010
D/dalvikvm( 3970): Added shared lib /data/data/mabg.studentssignup/lib/libgnustl_shared.so 0x41bda010
D/dalvikvm( 3970): No JNI_OnLoad found in /data/data/mabg.studentssignup/lib/libgnustl_shared.so 0x41bda010, skipping init
D/dalvikvm( 3970): Trying to load lib /data/data/mabg.studentssignup/lib/libQt5Core.so 0x41bda010
D/dalvikvm( 3970): Added shared lib /data/data/mabg.studentssignup/lib/libQt5Core.so 0x41bda010
I/QtCore ( 3970): Start
D/dalvikvm( 3970): Trying to load lib /data/data/mabg.studentssignup/lib/libQt5Network.so 0x41bda010
D/dalvikvm( 3970): Added shared lib /data/data/mabg.studentssignup/lib/libQt5Network.so 0x41bda010
D/dalvikvm( 3970): No JNI_OnLoad found in /data/data/mabg.studentssignup/lib/libQt5Network.so 0x41bda010, skipping init
D/dalvikvm( 3970): Trying to load lib /data/data/mabg.studentssignup/lib/libQt5Qml.so 0x41bda010
D/dalvikvm( 3970): Added shared lib /data/data/mabg.studentssignup/lib/libQt5Qml.so 0x41bda010
D/dalvikvm( 3970): No JNI_OnLoad found in /data/data/mabg.studentssignup/lib/libQt5Qml.so 0x41bda010, skipping init
D/dalvikvm( 3970): Trying to load lib /data/data/mabg.studentssignup/lib/libQt5Gui.so 0x41bda010
D/dalvikvm( 3970): Added shared lib /data/data/mabg.studentssignup/lib/libQt5Gui.so 0x41bda010
D/dalvikvm( 3970): No JNI_OnLoad found in /data/data/mabg.studentssignup/lib/libQt5Gui.so 0x41bda010, skipping init
D/dalvikvm( 3970): Trying to load lib /data/data/mabg.studentssignup/lib/libQt5Quick.so 0x41bda010
D/dalvikvm( 3970): Added shared lib /data/data/mabg.studentssignup/lib/libQt5Quick.so 0x41bda010
D/dalvikvm( 3970): No JNI_OnLoad found in /data/data/mabg.studentssignup/lib/libQt5Quick.so 0x41bda010, skipping init
D/dalvikvm( 3970): Trying to load lib /data/data/mabg.studentssignup/lib/libQt5QuickTemplates2.so 0x41bda010
D/dalvikvm( 3970): Added shared lib /data/data/mabg.studentssignup/lib/libQt5QuickTemplates2.so 0x41bda010
D/dalvikvm( 3970): No JNI_OnLoad found in /data/data/mabg.studentssignup/lib/libQt5QuickTemplates2.so 0x41bda010, skipping init
D/dalvikvm( 3970): Trying to load lib /data/data/mabg.studentssignup/lib/libQt5QuickParticles.so 0x41bda010
D/dalvikvm( 3970): Added shared lib /data/data/mabg.studentssignup/lib/libQt5QuickParticles.so 0x41bda010
D/dalvikvm( 3970): No JNI_OnLoad found in /data/data/mabg.studentssignup/lib/libQt5QuickParticles.so 0x41bda010, skipping init
D/dalvikvm( 3970): Trying to load lib /data/data/mabg.studentssignup/lib/libQt5QuickControls2.so 0x41bda010
D/dalvikvm( 3970): Added shared lib /data/data/mabg.studentssignup/lib/libQt5QuickControls2.so 0x41bda010
D/dalvikvm( 3970): No JNI_OnLoad found in /data/data/mabg.studentssignup/lib/libQt5QuickControls2.so 0x41bda010, skipping init
D/dalvikvm( 3970): Trying to load lib /data/data/mabg.studentssignup/lib/libQt5AndroidExtras.so 0x41bda010
D/dalvikvm( 3970): Added shared lib /data/data/mabg.studentssignup/lib/libQt5AndroidExtras.so 0x41bda010
D/dalvikvm( 3970): Trying to load lib /data/data/mabg.studentssignup/lib/libQt5Multimedia.so 0x41bda010
D/dalvikvm( 3970): Added shared lib /data/data/mabg.studentssignup/lib/libQt5Multimedia.so 0x41bda010
D/dalvikvm( 3970): No JNI_OnLoad found in /data/data/mabg.studentssignup/lib/libQt5Multimedia.so 0x41bda010, skipping init
D/dalvikvm( 3970): Trying to load lib /data/data/mabg.studentssignup/lib/libQt5MultimediaQuick.so 0x41bda010
D/dalvikvm( 3970): Added shared lib /data/data/mabg.studentssignup/lib/libQt5MultimediaQuick.so 0x41bda010
D/dalvikvm( 3970): No JNI_OnLoad found in /data/data/mabg.studentssignup/lib/libQt5MultimediaQuick.so 0x41bda010, skipping init
D/dalvikvm( 3970): Trying to load lib /data/data/mabg.studentssignup/lib/libQt5MultimediaQuick.so 0x41bda010
D/dalvikvm( 3970): Shared lib '/data/data/mabg.studentssignup/lib/libQt5MultimediaQuick.so' already loaded in same CL 0x41bda010
D/dalvikvm( 3970): Trying to load lib /data/data/mabg.studentssignup/qt-reserved-files/plugins/platforms/android/libqtforandroid.so 0x41bda010
D/dalvikvm( 3970): Added shared lib /data/data/mabg.studentssignup/qt-reserved-files/plugins/platforms/android/libqtforandroid.so 0x41bda010
I/Qt ( 3970): qt start
D/dalvikvm( 3970): Trying to load lib /data/data/mabg.studentssignup/qt-reserved-files/plugins/bearer/libqandroidbearer.so 0x41bda010
D/dalvikvm( 3970): Added shared lib /data/data/mabg.studentssignup/qt-reserved-files/plugins/bearer/libqandroidbearer.so 0x41bda010
D/dalvikvm( 3970): No JNI_OnLoad found in /data/data/mabg.studentssignup/qt-reserved-files/plugins/bearer/libqandroidbearer.so 0x41bda010, skipping init
D/dalvikvm( 3970): Trying to load lib /data/data/mabg.studentssignup/lib/libQt5QuickParticles.so 0x41bda010
D/dalvikvm( 3970): Shared lib '/data/data/mabg.studentssignup/lib/libQt5QuickParticles.so' already loaded in same CL 0x41bda010
D/dalvikvm( 3970): Trying to load lib /data/data/mabg.studentssignup/qt-reserved-files/plugins/mediaservice/libqtmedia_android.so 0x41bda010
D/dalvikvm( 3970): Added shared lib /data/data/mabg.studentssignup/qt-reserved-files/plugins/mediaservice/libqtmedia_android.so 0x41bda010
D/dalvikvm( 3970): Trying to load lib /data/data/mabg.studentssignup/lib/libQt5MultimediaQuick.so 0x41bda010
D/dalvikvm( 3970): Shared lib '/data/data/mabg.studentssignup/lib/libQt5MultimediaQuick.so' already loaded in same CL 0x41bda010
W/System.err( 3970): java.lang.ClassNotFoundException: android.graphics.drawable.RippleDrawable
W/System.err( 3970): at java.lang.Class.classForName(Native Method)
W/System.err( 3970): at java.lang.Class.forName(Class.java:251)
W/System.err( 3970): at java.lang.Class.forName(Class.java:216)
W/System.err( 3970): at org.qtproject.qt5.android.ExtractStyle.getClass(ExtractStyle.java:395)
W/System.err( 3970): at org.qtproject.qt5.android.ExtractStyle.(ExtractStyle.java:98)
W/System.err( 3970): at org.qtproject.qt5.android.QtActivityDelegate.loadApplication(QtActivityDelegate.java:608)
W/System.err( 3970): at java.lang.reflect.Method.invokeNative(Native Method)
W/System.err( 3970): at java.lang.reflect.Method.invoke(Method.java:515)
W/System.err( 3970): at org.qtproject.qt5.android.bindings.QtLoader.loadApplication(QtLoader.java:241)
W/System.err( 3970): at org.qtproject.qt5.android.bindings.QtLoader.startApp(QtLoader.java:676)
W/System.err( 3970): at org.qtproject.qt5.android.bindings.QtActivityLoader.onCreate(QtActivityLoader.java:183)
W/System.err( 3970): at org.qtproject.qt5.android.bindings.QtActivity.onCreateHook(QtActivity.java:266)
W/System.err( 3970): at org.qtproject.qt5.android.bindings.QtActivity.onCreate(QtActivity.java:273)
W/System.err( 3970): at mabg.studentssignup.StudentsSingUpActivity.onCreate(StudentsSingUpActivity.java:29)
W/System.err( 3970): at android.app.Activity.performCreate(Activity.java:5264)
W/System.err( 3970): at android.app.Instrumentation.callActivityOnCreate(Instrumentation.java:1088)
W/System.err( 3970): at android.app.ActivityThread.performLaunchActivity(ActivityThread.java:2302)
W/System.err( 3970): at android.app.ActivityThread.handleLaunchActivity(ActivityThread.java:2390)
W/System.err( 3970): at android.app.ActivityThread.access$800(ActivityThread.java:151)
W/System.err( 3970): at android.app.ActivityThread$H.handleMessage(ActivityThread.java:1321)
W/System.err( 3970): at android.os.Handler.dispatchMessage(Handler.java:110)
W/System.err( 3970): at android.os.Looper.loop(Looper.java:193)
W/System.err( 3970): at android.app.ActivityThread.main(ActivityThread.java:5299)
W/System.err( 3970): at java.lang.reflect.Method.invokeNative(Native Method)
W/System.err( 3970): at java.lang.reflect.Method.invoke(Method.java:515)
W/System.err( 3970): at com.android.internal.os.ZygoteInit$MethodAndArgsCaller.run(ZygoteInit.java:825)
W/System.err( 3970): at com.android.internal.os.ZygoteInit.main(ZygoteInit.java:641)
W/System.err( 3970): at dalvik.system.NativeStart.main(Native Method)
W/System.err( 3970): Caused by: java.lang.NoClassDefFoundError: android/graphics/drawable/RippleDrawable
W/System.err( 3970): ... 28 more
W/System.err( 3970): Caused by: java.lang.ClassNotFoundException: Didn't find class "android.graphics.drawable.RippleDrawable" on path: DexPathList[[zip file "/data/app/mabg.studentssignup-2.apk"],nativeLibraryDirectories=[/data/app-lib/mabg.studentssignup-2, /vendor/lib, /system/lib]]
W/System.err( 3970): at dalvik.system.BaseDexClassLoader.findClass(BaseDexClassLoader.java:56)
W/System.err( 3970): at java.lang.ClassLoader.loadClass(ClassLoader.java:497)
W/System.err( 3970): at java.lang.ClassLoader.loadClass(ClassLoader.java:457)
W/System.err( 3970): ... 28 more
W/System.err( 3970): java.lang.ClassNotFoundException: android.graphics.drawable.AnimatedStateListDrawable
W/System.err( 3970): at java.lang.Class.classForName(Native Method)
W/System.err( 3970): at java.lang.Class.forName(Class.java:251)
W/System.err( 3970): at java.lang.Class.forName(Class.java:216)
W/System.err( 3970): at org.qtproject.qt5.android.ExtractStyle.getClass(ExtractStyle.java:395)
W/System.err( 3970): at org.qtproject.qt5.android.ExtractStyle.(ExtractStyle.java:99)
W/System.err( 3970): at org.qtproject.qt5.android.QtActivityDelegate.loadApplication(QtActivityDelegate.java:608)
W/System.err( 3970): at java.lang.reflect.Method.invokeNative(Native Method)
W/System.err( 3970): at java.lang.reflect.Method.invoke(Method.java:515)
W/System.err( 3970): at org.qtproject.qt5.android.bindings.QtLoader.loadApplication(QtLoader.java:241)
W/System.err( 3970): at org.qtproject.qt5.android.bindings.QtLoader.startApp(QtLoader.java:676)
W/System.err( 3970): at org.qtproject.qt5.android.bindings.QtActivityLoader.onCreate(QtActivityLoader.java:183)
W/System.err( 3970): at org.qtproject.qt5.android.bindings.QtActivity.onCreateHook(QtActivity.java:266)
W/System.err( 3970): at org.qtproject.qt5.android.bindings.QtActivity.onCreate(QtActivity.java:273)
W/System.err( 3970): at mabg.studentssignup.StudentsSingUpActivity.onCreate(StudentsSingUpActivity.java:29)
W/System.err( 3970): at android.app.Activity.performCreate(Activity.java:5264)
W/System.err( 3970): at android.app.Instrumentation.callActivityOnCreate(Instrumentation.java:1088)
W/System.err( 3970): at android.app.ActivityThread.performLaunchActivity(ActivityThread.java:2302)
W/System.err( 3970): at android.app.ActivityThread.handleLaunchActivity(ActivityThread.java:2390)
W/System.err( 3970): at android.app.ActivityThread.access$800(ActivityThread.java:151)
W/System.err( 3970): at android.app.ActivityThread$H.handleMessage(ActivityThread.java:1321)
W/System.err( 3970): at android.os.Handler.dispatchMessage(Handler.java:110)
W/System.err( 3970): at android.os.Looper.loop(Looper.java:193)
W/System.err( 3970): at android.app.ActivityThread.main(ActivityThread.java:5299)
W/System.err( 3970): at java.lang.reflect.Method.invokeNative(Native Method)
W/System.err( 3970): at java.lang.reflect.Method.invoke(Method.java:515)
W/System.err( 3970): at com.android.internal.os.ZygoteInit$MethodAndArgsCaller.run(ZygoteInit.java:825)
W/System.err( 3970): at com.android.internal.os.ZygoteInit.main(ZygoteInit.java:641)
W/System.err( 3970): at dalvik.system.NativeStart.main(Native Method)
W/System.err( 3970): Caused by: java.lang.NoClassDefFoundError: android/graphics/drawable/AnimatedStateListDrawable
W/System.err( 3970): ... 28 more
W/System.err( 3970): Caused by: java.lang.ClassNotFoundException: Didn't find class "android.graphics.drawable.AnimatedStateListDrawable" on path: DexPathList[[zip file "/data/app/mabg.studentssignup-2.apk"],nativeLibraryDirectories=[/data/app-lib/mabg.studentssignup-2, /vendor/lib, /system/lib]]
W/System.err( 3970): at dalvik.system.BaseDexClassLoader.findClass(BaseDexClassLoader.java:56)
W/System.err( 3970): at java.lang.ClassLoader.loadClass(ClassLoader.java:497)
W/System.err( 3970): at java.lang.ClassLoader.loadClass(ClassLoader.java:457)
W/System.err( 3970): ... 28 more
W/System.err( 3970): java.lang.ClassNotFoundException: android.graphics.drawable.VectorDrawable
W/System.err( 3970): at java.lang.Class.classForName(Native Method)
W/System.err( 3970): at java.lang.Class.forName(Class.java:251)
W/System.err( 3970): at java.lang.Class.forName(Class.java:216)
W/System.err( 3970): at org.qtproject.qt5.android.ExtractStyle.getClass(ExtractStyle.java:395)
W/System.err( 3970): at org.qtproject.qt5.android.ExtractStyle.(ExtractStyle.java:100)
W/System.err( 3970): at org.qtproject.qt5.android.QtActivityDelegate.loadApplication(QtActivityDelegate.java:608)
W/System.err( 3970): at java.lang.reflect.Method.invokeNative(Native Method)
W/System.err( 3970): at java.lang.reflect.Method.invoke(Method.java:515)
W/System.err( 3970): at org.qtproject.qt5.android.bindings.QtLoader.loadApplication(QtLoader.java:241)
W/System.err( 3970): at org.qtproject.qt5.android.bindings.QtLoader.startApp(QtLoader.java:676)
W/System.err( 3970): at org.qtproject.qt5.android.bindings.QtActivityLoader.onCreate(QtActivityLoader.java:183)
W/System.err( 3970): at org.qtproject.qt5.android.bindings.QtActivity.onCreateHook(QtActivity.java:266)
W/System.err( 3970): at org.qtproject.qt5.android.bindings.QtActivity.onCreate(QtActivity.java:273)
W/System.err( 3970): at mabg.studentssignup.StudentsSingUpActivity.onCreate(StudentsSingUpActivity.java:29)
W/System.err( 3970): at android.app.Activity.performCreate(Activity.java:5264)
W/System.err( 3970): at android.app.Instrumentation.callActivityOnCreate(Instrumentation.java:1088)
W/System.err( 3970): at android.app.ActivityThread.performLaunchActivity(ActivityThread.java:2302)
W/System.err( 3970): at android.app.ActivityThread.handleLaunchActivity(ActivityThread.java:2390)
W/System.err( 3970): at android.app.ActivityThread.access$800(ActivityThread.java:151)
W/System.err( 3970): at android.app.ActivityThread$H.handleMessage(ActivityThread.java:1321)
W/System.err( 3970): at android.os.Handler.dispatchMessage(Handler.java:110)
W/System.err( 3970): at android.os.Looper.loop(Looper.java:193)
W/System.err( 3970): at android.app.ActivityThread.main(ActivityThread.java:5299)
W/System.err( 3970): at java.lang.reflect.Method.invokeNative(Native Method)
W/System.err( 3970): at java.lang.reflect.Method.invoke(Method.java:515)
W/System.err( 3970): at com.android.internal.os.ZygoteInit$MethodAndArgsCaller.run(ZygoteInit.java:825)
W/System.err( 3970): at com.android.internal.os.ZygoteInit.main(ZygoteInit.java:641)
W/System.err( 3970): at dalvik.system.NativeStart.main(Native Method)
W/System.err( 3970): Caused by: java.lang.NoClassDefFoundError: android/graphics/drawable/VectorDrawable
W/System.err( 3970): ... 28 more
W/System.err( 3970): Caused by: java.lang.ClassNotFoundException: Didn't find class "android.graphics.drawable.VectorDrawable" on path: DexPathList[[zip file "/data/app/mabg.studentssignup-2.apk"],nativeLibraryDirectories=[/data/app-lib/mabg.studentssignup-2, /vendor/lib, /system/lib]]
W/System.err( 3970): at dalvik.system.BaseDexClassLoader.findClass(BaseDexClassLoader.java:56)
W/System.err( 3970): at java.lang.ClassLoader.loadClass(ClassLoader.java:497)
W/System.err( 3970): at java.lang.ClassLoader.loadClass(ClassLoader.java:457)
W/System.err( 3970): ... 28 more
W/ResourceType( 3970): Skipping entry 0x1080528 in package table 0 because it is not complex!
D/dalvikvm( 3970): GC_FOR_ALLOC freed 1229K (12978), 30% free 4169K/5900K, paused 15ms, total 15ms
D/dalvikvm( 3970): GC_CONCURRENT freed 1699K (13068), 27% free 4939K/6712K, paused 3ms+2ms, total 20ms
D/dalvikvm( 3970): GC_CONCURRENT freed 2275K (15878), 32% free 5207K/7556K, paused 1ms+3ms, total 21ms
D/dalvikvm( 3970): Trying to load lib /data/app-lib/mabg.studentssignup-2/libStudentsSingUp.so 0x41bda010
D/ ( 3970): (null):0 ((null)): QML debugging is enabled. Only use this in a safe environment.
D/dalvikvm( 3970): Added shared lib /data/app-lib/mabg.studentssignup-2/libStudentsSingUp.so 0x41bda010
D/dalvikvm( 3970): No JNI_OnLoad found in /data/app-lib/mabg.studentssignup-2/libStudentsSingUp.so 0x41bda010, skipping init
V/ActivityThread( 3970): Performing resume of ActivityRecord{41bd4d70 token=android.os.BinderProxy@41bd43a0 {mabg.studentssignup/mabg.studentssignup.StudentsSingUpActivity}} finished=false
D/ActivityThread( 3970): ACT-AM_ON_RESUME_CALLED ActivityRecord{41bd4d70 token=android.os.BinderProxy@41bd43a0 {mabg.studentssignup/mabg.studentssignup.StudentsSingUpActivity}}
V/ActivityThread( 3970): Resume ActivityRecord{41bd4d70 token=android.os.BinderProxy@41bd43a0 {mabg.studentssignup/mabg.studentssignup.StudentsSingUpActivity}} started activity: false, hideForNow: false, finished: false
V/PhoneWindow( 3970): DecorView setVisiblity: visibility = 4 ,Parent =null, this =com.android.internal.policy.impl.PhoneWindow$DecorView{41e12010 I.E..... R.....ID 0,0-0,0}
I/SurfaceFlinger( 147): EventThread Client Pid (3970) created
V/ActivityThread( 3970): Resuming ActivityRecord{41bd4d70 token=android.os.BinderProxy@41bd43a0 {mabg.studentssignup/mabg.studentssignup.StudentsSingUpActivity}} with isForward=true
V/PhoneWindow( 3970): DecorView setVisiblity: visibility = 0 ,Parent =ViewRoot{41ec3108 mabg.studentssignup/mabg.studentssignup.StudentsSingUpActivity,ident = 0}, this =com.android.internal.policy.impl.PhoneWindow$DecorView{41e12010 V.E..... R.....ID 0,0-0,0}
V/ActivityThread( 3970): Scheduling idle handler for ActivityRecord{41bd4d70 token=android.os.BinderProxy@41bd43a0 {mabg.studentssignup/mabg.studentssignup.StudentsSingUpActivity}}
D/ActivityThread( 3970): ACT-LAUNCH_ACTIVITY handled : 0 / ActivityRecord{41bd4d70 token=android.os.BinderProxy@41bd43a0 {mabg.studentssignup/mabg.studentssignup.StudentsSingUpActivity}}
E/ ( 3970): appName=mabg.studentssignup, acAppName=/system/bin/surfaceflinger
E/ ( 3970): 0
I/BufferQueue( 147): [mabg.studentssignup/mabg.studentssignup.StudentsSingUpActivity](this:0xb80c4cb0,id:12,api:0,p:3970,c:147) connect: api=1 producer=(3970:mabg.studentssignup) producerControlledByApp=true
I/BufferQueue( 147): [mabg.studentssignup/mabg.studentssignup.StudentsSingUpActivity](this:0xb80c4cb0,id:12,api:1,p:3970,c:147) new GraphicBuffer needed
D/GraphicBuffer( 3970): create handle(0x55c9d8c8) (w:480, h:800, f:1)
D/BufferQueue( 147): [mabg.studentssignup/mabg.studentssignup.StudentsSingUpActivity](this:0xb80c4cb0,id:12,api:1,p:3970,c:147) cancelBuffer: slot=0
I/MaliEGL ( 3970): [Mali]window_type=1, is_framebuffer=0, errnum = 0
I/MaliEGL ( 3970): [Mali]surface->num_buffers=4, surface->num_frames=3, win_min_undequeued=1
I/MaliEGL ( 3970): [Mali]max_allowed_dequeued_buffers=3
I/BufferQueue( 147): [mabg.studentssignup/mabg.studentssignup.StudentsSingUpActivity](this:0xb80c4cb0,id:12,api:1,p:3970,c:147) setBufferCount: count=4
I/BufferQueue( 147): [mabg.studentssignup/mabg.studentssignup.StudentsSingUpActivity](this:0xb80c4cb0,id:12,api:1,p:3970,c:147) getReleasedBuffers: returning mask 0xffffffff
D/GraphicBuffer( 3970): close handle(0x55c9d8c8) (w:480 h:800 f:1)
I/BufferQueue( 147): [mabg.studentssignup/mabg.studentssignup.StudentsSingUpActivity](this:0xb80c4cb0,id:12,api:1,p:3970,c:147) new GraphicBuffer needed
D/GraphicBuffer( 3970): create handle(0x55e556e0) (w:480, h:800, f:1)
D/OpenGLRenderer( 3970): Enabling debug mode 0
D/GraphicBuffer( 3970): create handle(0x55ddfec0) (w:768, h:768, f:1)
D/OpenGLRenderer( 3970): setViewport 480x800 <0x55e55c68>
D/dalvikvm( 3970): threadid=11: interp stack at 0x55de7000
D/dalvikvm( 3970): init ref table
D/dalvikvm( 3970): init mutex
V/InputMethodManager( 3970): onWindowFocus: null softInputMode=288 first=true flags=#1810100
V/InputMethodManager( 3970): START INPUT: com.android.internal.policy.impl.PhoneWindow$DecorView{41e12010 V.E..... R.....ID 0,0-480,800} ic=null tba=android.view.inputmethod.EditorInfo@41f81e50 controlFlags=#104
V/Provider/Settings( 3970): get setting for user 0 by user 0 so skipping cache
V/Provider/Settings( 3970): from db cache, name = show_password , value = null
D/dalvikvm( 3970): threadid=12: interp stack at 0x5638d000
D/dalvikvm( 3970): init ref table
D/dalvikvm( 3970): init mutex
E/ ( 3970): appName=mabg.studentssignup, acAppName=/system/bin/surfaceflinger
E/ ( 3970): 0
D/dalvikvm( 3970): threadid=13: interp stack at 0x572b8000
D/dalvikvm( 3970): init ref table
D/dalvikvm( 3970): init mutex
D/SurfaceView( 3970): checkGLSurfaceViewlLogProperty get invalid command
W/ResourceType( 3970): No package identifier when getting name for resource number 0x00000001
D/ViewGroup( 3970): addInArray been called, this = org.qtproject.qt5.android.QtLayout{4200cd60 V.E....L ......ID 0,0-480,762} ,child = org.qtproject.qt5.android.QtSurface{41eadc48 V.E..... ......I. 0,0-0,0 #1} ,call stack =
D/ViewGroup( 3970): java.lang.Throwable: addInArray
D/ViewGroup( 3970): at android.view.ViewGroup.addInArray(ViewGroup.java:3786)
D/ViewGroup( 3970): at android.view.ViewGroup.addViewInner(ViewGroup.java:3740)
D/ViewGroup( 3970): at android.view.ViewGroup.addView(ViewGroup.java:3564)
D/ViewGroup( 3970): at android.view.ViewGroup.addView(ViewGroup.java:3509)
D/ViewGroup( 3970): at org.qtproject.qt5.android.QtActivityDelegate.createSurface(QtActivityDelegate.java:1382)
D/ViewGroup( 3970): at org.qtproject.qt5.android.QtNative$15.run(QtNative.java:749)
D/ViewGroup( 3970): at android.os.Handler.handleCallback(Handler.java:808)
D/ViewGroup( 3970): at android.os.Handler.dispatchMessage(Handler.java:103)
D/ViewGroup( 3970): at android.os.Looper.loop(Looper.java:193)
D/ViewGroup( 3970): at android.app.ActivityThread.main(ActivityThread.java:5299)
D/ViewGroup( 3970): at java.lang.reflect.Method.invokeNative(Native Method)
D/ViewGroup( 3970): at java.lang.reflect.Method.invoke(Method.java:515)
D/ViewGroup( 3970): at com.android.internal.os.ZygoteInit$MethodAndArgsCaller.run(ZygoteInit.java:825)
D/ViewGroup( 3970): at com.android.internal.os.ZygoteInit.main(ZygoteInit.java:641)
D/ViewGroup( 3970): at dalvik.system.NativeStart.main(Native Method)
I/SurfaceView( 3970): updateWindow -- onWindowVisibilityChanged, visibility = 0
D/GraphicBuffer( 3970): close handle(0x55e556e0) (w:480 h:800 f:1)
I/BufferQueue( 147): [mabg.studentssignup/mabg.studentssignup.StudentsSingUpActivity](this:0xb80ca140,id:13,api:0,p:3970,c:147) connect: api=1 producer=(3970:mabg.studentssignup) producerControlledByApp=true
I/BufferQueue( 147): [mabg.studentssignup/mabg.studentssignup.StudentsSingUpActivity](this:0xb80ca140,id:13,api:1,p:3970,c:147) new GraphicBuffer needed
D/GraphicBuffer( 3970): create handle(0x55e14d68) (w:480, h:800, f:1)
D/BufferQueue( 147): [mabg.studentssignup/mabg.studentssignup.StudentsSingUpActivity](this:0xb80ca140,id:13,api:1,p:3970,c:147) cancelBuffer: slot=0
I/MaliEGL ( 3970): [Mali]window_type=1, is_framebuffer=0, errnum = 0
I/MaliEGL ( 3970): [Mali]surface->num_buffers=4, surface->num_frames=3, win_min_undequeued=1
I/MaliEGL ( 3970): [Mali]max_allowed_dequeued_buffers=3
I/BufferQueue( 147): [mabg.studentssignup/mabg.studentssignup.StudentsSingUpActivity](this:0xb80ca140,id:13,api:1,p:3970,c:147) setBufferCount: count=4
I/BufferQueue( 147): [mabg.studentssignup/mabg.studentssignup.StudentsSingUpActivity](this:0xb80ca140,id:13,api:1,p:3970,c:147) getReleasedBuffers: returning mask 0xffffffff
D/GraphicBuffer( 3970): close handle(0x55e14d68) (w:480 h:800 f:1)
I/BufferQueue( 147): [mabg.studentssignup/mabg.studentssignup.StudentsSingUpActivity](this:0xb80ca140,id:13,api:1,p:3970,c:147) new GraphicBuffer needed
D/GraphicBuffer( 3970): create handle(0x55e14d68) (w:480, h:800, f:1)
I/SurfaceView( 3970): updateWindow -- setFrame
I/SurfaceView( 3970): updateWindow -- OnPreDrawListener, mHaveFrame = true
I/SurfaceView( 3970): Changes: creating=true format=true size=true visible=true left=true top=true mUpdateWindowNeeded=false mReportDrawNeeded=false redrawNeeded=false forceSizeChanged=true mVisible=false mRequestedVisible=true
I/SurfaceView( 3970): Cur surface: Surface(name=null)/@0x41eaded8
W/ResourceType( 3970): No package identifier when getting name for resource number 0x00000001
V/SurfaceView( 3970): org.qtproject.qt5.android.QtSurface{41eadc48 V.E..... ......ID 0,0-480,762 #1} got resized: w=480 h=762, cur w=-1 h=-1
I/SurfaceView( 3970): New surface: Surface(name=null)/@0x41eadfa8, vis=true, frame=Rect(0, 38 - 480, 800)
I/SurfaceView( 3970): Callback --> surfaceCreated
I/SurfaceView( 3970): surfaceCreated callback +
I/SurfaceView( 3970): surfaceCreated callback -
I/SurfaceView( 3970): surfaceChanged -- format=1 w=480 h=762
I/SurfaceView( 3970): surfaceChanged callback +
I/SurfaceView( 3970): surfaceChanged callback -
I/SurfaceView( 3970): surfaceRedrawNeeded
I/SurfaceView( 3970): finishedDrawing
I/BufferQueue( 147): [SurfaceView](this:0xb80c4cb0,id:14,api:0,p:3970,c:147) connect: api=1 producer=(3970:mabg.studentssignup) producerControlledByApp=true
I/BufferQueue( 147): [SurfaceView](this:0xb80c4cb0,id:14,api:1,p:3970,c:147) new GraphicBuffer needed
D/GraphicBuffer( 3970): create handle(0x572d8d08) (w:480, h:762, f:1)
D/BufferQueue( 147): [SurfaceView](this:0xb80c4cb0,id:14,api:1,p:3970,c:147) cancelBuffer: slot=0
I/MaliEGL ( 3970): [Mali]window_type=1, is_framebuffer=0, errnum = 0
I/MaliEGL ( 3970): [Mali]surface->num_buffers=4, surface->num_frames=3, win_min_undequeued=1
I/MaliEGL ( 3970): [Mali]max_allowed_dequeued_buffers=3
I/BufferQueue( 147): [SurfaceView](this:0xb80c4cb0,id:14,api:1,p:3970,c:147) setBufferCount: count=4
I/BufferQueue( 147): [SurfaceView](this:0xb80c4cb0,id:14,api:1,p:3970,c:147) getReleasedBuffers: returning mask 0xffffffff
D/GraphicBuffer( 3970): close handle(0x572d8d08) (w:480 h:762 f:1)
V/SurfaceView( 3970): Layout: x=0 y=38 w=480 h=762, frame=Rect(0, 0 - 480, 762)
I/BufferQueue( 147): [SurfaceView](this:0xb80c4cb0,id:14,api:1,p:3970,c:147) new GraphicBuffer needed
D/GraphicBuffer( 3970): create handle(0x5634ba50) (w:480, h:762, f:1)
I/SurfaceView( 3970): updateWindow -- UPDATE_WINDOW_MSG
I/SurfaceView( 3970): Changes: creating=false format=false size=false visible=false left=false top=false mUpdateWindowNeeded=true mReportDrawNeeded=true redrawNeeded=false forceSizeChanged=false mVisible=true mRequestedVisible=true
I/SurfaceView( 3970): Cur surface: Surface(name=null)/@0x41eaded8
I/SurfaceView( 3970): New surface: Surface(name=null)/@0x41eadfa8, vis=true, frame=Rect(0, 38 - 480, 800)
I/SurfaceView( 3970): surfaceRedrawNeeded
I/SurfaceView( 3970): finishedDrawing
V/SurfaceView( 3970): Layout: x=0 y=38 w=480 h=762, frame=Rect(0, 0 - 480, 762)
I/BufferQueue( 147): [SurfaceView](this:0xb80c4cb0,id:14,api:1,p:3970,c:147) new GraphicBuffer needed
D/GraphicBuffer( 3970): create handle(0x56389100) (w:480, h:762, f:1)
I/BufferQueue( 147): [SurfaceView](this:0xb80c4cb0,id:14,api:1,p:3970,c:147) new GraphicBuffer needed
D/GraphicBuffer( 3970): create handle(0x56388f28) (w:480, h:762, f:1)
I/BufferQueue( 147): [SurfaceView](this:0xb80c4cb0,id:14,api:1,p:3970,c:147) new GraphicBuffer needed
D/GraphicBuffer( 3970): create handle(0x57585300) (w:480, h:762, f:1)
I/BufferQueue( 147): [SurfaceView](this:0xb80c4cb0,id:14,api:1,p:3970,c:147) [queue] queued:2 (lag)
D/BufferQueue( 147): [SurfaceView](this:0xb80c4cb0,id:14,api:1,p:3970,c:147) NEW [idx:3] handle:0xb80d2170
D/BufferQueue( 147): [SurfaceView](this:0xb80c4cb0,id:14,api:1,p:3970,c:147) [idx:1] handle:0xb80c8c08
D/BufferQueue( 147): [SurfaceView](this:0xb80c4cb0,id:14,api:1,p:3970,c:147) [idx:2] handle:0xb80c8d40
W/ADB_SERVICES( 179): create_local_service_socket() name=shell:cat /proc/3970/cmdline
W/ADB_SERVICES( 179): service_to_fd() name=shell:cat /proc/3970/cmdline
W/ADB_SERVICES( 179): LS(40): bound to 'shell:cat /proc/3970/cmdline' via 22
W/ADB_SERVICES( 179): create_local_service_socket() name=shell:run-as mabg.studentssignup kill -2 3970
W/ADB_SERVICES( 179): service_to_fd() name=shell:run-as mabg.studentssignup kill -2 3970
W/ADB_SERVICES( 179): LS(42): bound to 'shell:run-as mabg.studentssignup kill -2 3970' via 22
I/SurfaceFlinger( 147): EventThread Client Pid (3970) disconnected by (147)
D/DisplayManagerService( 663): Display listener for pid 3970 died.
I/ActivityManager( 663): Process mabg.studentssignup (pid 3970) has died.
W/ADB_SERVICES( 179): terminating JDWP 3970 connection: Try again
D/ADB_SERVICES( 179): remove pid 3970 to jdwp process list Debugging has finished
W/InputMethodManagerService( 663): Got RemoteException sending setActive(false) notification to pid 3970 uid 10167 "mabg.studentssignup" died.