--------- beginning of main
08-31 09:59:08.949 563 596 E i.MXPowerHAL: Error opening /sys/devices/system/cpu/cpufreq/interactive/boostpulse: No such file or directory
08-31 09:59:08.949 563 596 E i.MXPowerHAL: Error opening /sys/devices/system/cpu/cpufreq/interactive/boostpulse: No such file or directory
08-31 09:59:08.950 563 596 E i.MXPowerHAL: Error opening /sys/devices/system/cpu/cpufreq/interactive/boostpulse: No such file or directory
08-31 09:59:08.950 563 596 E i.MXPowerHAL: Error opening /sys/devices/system/cpu/cpufreq/interactive/boostpulse: No such file or directory
08-31 09:59:08.956 563 596 E i.MXPowerHAL: Error opening /sys/devices/system/cpu/cpufreq/interactive/boostpulse: No such file or directory
08-31 09:59:08.956 563 596 E i.MXPowerHAL: Error opening /sys/devices/system/cpu/cpufreq/interactive/boostpulse: No such file or directory
08-31 09:59:08.958 924 924 D EmojiAltPhysicalKeyDetector: onKeyUp() : KeyEvent { action=ACTION_UP, keyCode=KEYCODE_TAB, scanCode=15, metaState=0, flags=0x8, repeatCount=0, eventTime=927292, downTime=927292, deviceId=0, source=0x301 }
08-31 09:59:08.959 924 924 D EmojiAltPhysicalKeyDetector: onKeyUp() : Not Mapped: 61
08-31 09:59:08.963 563 596 E i.MXPowerHAL: Error opening /sys/devices/system/cpu/cpufreq/interactive/boostpulse: No such file or directory
08-31 09:59:08.964 563 596 E i.MXPowerHAL: Error opening /sys/devices/system/cpu/cpufreq/interactive/boostpulse: No such file or directory
08-31 09:59:08.977 563 596 E i.MXPowerHAL: Error opening /sys/devices/system/cpu/cpufreq/interactive/boostpulse: No such file or directory
08-31 09:59:08.977 563 596 E i.MXPowerHAL: Error opening /sys/devices/system/cpu/cpufreq/interactive/boostpulse: No such file or directory
08-31 09:59:08.978 563 596 E i.MXPowerHAL: Error opening /sys/devices/system/cpu/cpufreq/interactive/boostpulse: No such file or directory
08-31 09:59:08.981 924 924 D EmojiAltPhysicalKeyDetector: onKeyUp() : KeyEvent { action=ACTION_UP, keyCode=KEYCODE_TAB, scanCode=15, metaState=0, flags=0x8, repeatCount=0, eventTime=927292, downTime=927292, deviceId=0, source=0x301 }
08-31 09:59:08.987 924 924 D EmojiAltPhysicalKeyDetector: onKeyUp() : Not Mapped: 61
08-31 09:59:09.022 563 596 E i.MXPowerHAL: Error opening /sys/devices/system/cpu/cpufreq/interactive/boostpulse: No such file or directory
08-31 09:59:09.022 563 596 E i.MXPowerHAL: Error opening /sys/devices/system/cpu/cpufreq/interactive/boostpulse: No such file or directory --------- beginning of system
08-31 09:59:09.097 563 1001 I ActivityManager: START u0 {act=android.intent.action.MAIN cat=[android.intent.category.LAUNCHER] flg=0x10200000 cmp=org.qtproject.example.QAndroidIntentCrash/org.qtproject.qt5.android.bindings.QtActivity (has extras)} from uid 10008 on display 0
08-31 09:59:09.293 563 961 I ActivityManager: Start proc 1850:org.qtproject.example.QAndroidIntentCrash/u0a50 for activity org.qtproject.example.QAndroidIntentCrash/org.qtproject.qt5.android.bindings.QtActivity
08-31 09:59:09.360 1850 1850 I art : Late-enabling -Xcheck:jni
08-31 09:59:09.410 1121 1181 I BluetoothA2dpServiceJni: bta2dp_audio_state_callback
08-31 09:59:09.411 1121 1234 D A2dpStateMachine: Connected process message: 101
08-31 09:59:09.414 1121 1234 D A2dpStateMachine: A2DP Playing state : device: 00:25:52:F0:CF:EA State:11->10
08-31 09:59:09.612 1850 1850 W System : ClassLoader referenced unknown path:
08-31 09:59:09.721 1850 1863 I QtCore : Start
08-31 09:59:09.726 1850 1863 W linker : /data/app/org.qtproject.example.QAndroidIntentCrash-2/lib/arm/libQt5Gui.so: unused DT entry: type 0x1d arg 0x567cf
08-31 09:59:09.726 1850 1863 W linker : /data/app/org.qtproject.example.QAndroidIntentCrash-2/lib/arm/libQt5Gui.so: unsupported flags DT_FLAGS_1=0x81
08-31 09:59:09.762 1850 1863 W linker : /data/app/org.qtproject.example.QAndroidIntentCrash-2/lib/arm/libQt5Widgets.so: unused DT entry: type 0x1d arg 0x6d4b4
08-31 09:59:09.762 1850 1863 W linker : /data/app/org.qtproject.example.QAndroidIntentCrash-2/lib/arm/libQt5Widgets.so: unsupported flags DT_FLAGS_1=0x81
08-31 09:59:09.824 1850 1863 W linker : /data/app/org.qtproject.example.QAndroidIntentCrash-2/lib/arm/libQt5AndroidExtras.so: unused DT entry: type 0x1d arg 0x6f8e
08-31 09:59:09.824 1850 1863 W linker : /data/app/org.qtproject.example.QAndroidIntentCrash-2/lib/arm/libQt5AndroidExtras.so: unsupported flags DT_FLAGS_1=0x81
08-31 09:59:09.836 1850 1863 W linker : /data/data/org.qtproject.example.QAndroidIntentCrash/qt-reserved-files/plugins/platforms/android/libqtforandroid.so: unused DT entry: type 0x1d arg 0x8d40
08-31 09:59:09.837 1850 1863 W linker : /data/data/org.qtproject.example.QAndroidIntentCrash/qt-reserved-files/plugins/platforms/android/libqtforandroid.so: unsupported flags DT_FLAGS_1=0x81
08-31 09:59:09.878 1850 1863 I Qt : qt started
08-31 09:59:09.949 1850 1864 D OpenGLRenderer: Use EGL_SWAP_BEHAVIOR_PRESERVED: true
08-31 09:59:09.960 1850 1850 I imx6.gralloc: open gpu gralloc module!
08-31 09:59:10.094 1850 1864 I OpenGLRenderer: Initialized EGL, version 1.4
08-31 09:59:10.161 211 240 E BufferQueueProducer: [org.qtproject.example.QAndroidIntentCrash/org.qtproject.qt5.android.bindings.QtActivity] dequeueBuffer: can't dequeue multiple buffers without setting the buffer count
08-31 09:59:10.179 1850 1863 W linker : /data/app/org.qtproject.example.QAndroidIntentCrash-2/lib/arm/libQAndroidIntentCrash.so: unused DT entry: type 0x1d arg 0x1576
08-31 09:59:10.501 563 582 I ActivityManager: Displayed org.qtproject.example.QAndroidIntentCrash/org.qtproject.qt5.android.bindings.QtActivity: +1s250ms
08-31 09:59:10.716 1850 1863 W linker : /data/data/org.qtproject.example.QAndroidIntentCrash/qt-reserved-files/plugins/styles/libqandroidstyle.so: unused DT entry: type 0x1d arg 0x44b9
08-31 09:59:10.716 1850 1863 W linker : /data/data/org.qtproject.example.QAndroidIntentCrash/qt-reserved-files/plugins/styles/libqandroidstyle.so: unsupported flags DT_FLAGS_1=0x81
08-31 09:59:10.782 1850 1863 D libQAndroidIntentCrash.so: ../QAndroidIntentCrash/mainwindow.cpp:14 (MainWindow::MainWindow(QWidget*)): 5.11.1
08-31 09:59:10.844 1850 1863 F art : art/runtime/java_vm_ext.cc:410] JNI DETECTED ERROR IN APPLICATION: jarray was NULL
08-31 09:59:10.844 1850 1863 F art : art/runtime/java_vm_ext.cc:410] in call to GetArrayLength
08-31 09:59:10.844 1850 1863 F art : art/runtime/java_vm_ext.cc:410] from void org.qtproject.qt5.android.QtNative.startQtApplication()
08-31 09:59:10.844 1850 1863 F art : art/runtime/java_vm_ext.cc:410] "qtMainLoopThread" prio=5 tid=10 Runnable
08-31 09:59:10.844 1850 1863 F art : art/runtime/java_vm_ext.cc:410] | group="main" sCount=0 dsCount=0 obj=0x12d2d3a0 self=0xad3dea00
08-31 09:59:10.844 1850 1863 F art : art/runtime/java_vm_ext.cc:410] | sysTid=1863 nice=0 cgrp=default sched=0/0 handle=0xaf7a9930
08-31 09:59:10.844 1850 1863 F art : art/runtime/java_vm_ext.cc:410] | state=R schedstat=( 458104669 71496662 166 ) utm=36 stm=9 core=0 HZ=100
08-31 09:59:10.844 1850 1863 F art : art/runtime/java_vm_ext.cc:410] | stack=0xaf6a7000-0xaf6a9000 stackSize=1038KB
08-31 09:59:10.845 1850 1863 F art : art/runtime/java_vm_ext.cc:410] | held mutexes= "mutator lock"(shared held)
08-31 09:59:10.845 1850 1863 F art : art/runtime/java_vm_ext.cc:410] native: #00 pc 0035c9bd /system/lib/libart.so (art::DumpNativeStack(std::__1::basic_ostream >&, int, char const*, art::ArtMethod*, void*)+116)
08-31 09:59:10.845 1850 1863 F art : art/runtime/java_vm_ext.cc:410] native: #01 pc 0033d493 /system/lib/libart.so (art::Thread::Dump(std::__1::basic_ostream >&) const+138)
08-31 09:59:10.845 1850 1863 F art : art/runtime/java_vm_ext.cc:410] native: #02 pc 0024f6b1 /system/lib/libart.so (art::JavaVMExt::JniAbort(char const*, char const*)+760)
08-31 09:59:10.845 1850 1863 F art : art/runtime/java_vm_ext.cc:410] native: #03 pc 0024fd4f /system/lib/libart.so (art::JavaVMExt::JniAbortV(char const*, char const*, std::__va_list)+54)
08-31 09:59:10.845 1850 1863 F art : art/runtime/java_vm_ext.cc:410] native: #04 pc 000fbfa3 /system/lib/libart.so (art::ScopedCheck::AbortF(char const*, ...)+30)
08-31 09:59:10.845 1850 1863 F art : art/runtime/java_vm_ext.cc:410] native: #05 pc 001012bb /system/lib/libart.so (art::ScopedCheck::Check(art::ScopedObjectAccess&, bool, char const*, art::JniValueType*) (.constprop.95)+6138)
08-31 09:59:10.845 1850 1863 F art : art/runtime/java_vm_ext.cc:410] native: #06 pc 00109fb1 /system/lib/libart.so (art::CheckJNI::GetArrayLength(_JNIEnv*, _jarray*)+372)
08-31 09:59:10.845 1850 1863 F art : art/runtime/java_vm_ext.cc:410] native: #07 pc 0000f37b /data/app/org.qtproject.example.QAndroidIntentCrash-2/lib/arm/libQt5AndroidExtras.so (QAndroidIntent::extraBytes(QString const&)+110)
08-31 09:59:10.845 1850 1863 F art : art/runtime/java_vm_ext.cc:410]
at org.qtproject.qt5.android.QtNative.startQtApplication(Native method)
08-31 09:59:10.845 1850 1863 F art : art/runtime/java_vm_ext.cc:410]
at org.qtproject.qt5.android.QtNative$6.run(QtNative.java:359)
08-31 09:59:10.845 1850 1863 F art : art/runtime/java_vm_ext.cc:410]
at org.qtproject.qt5.android.QtThread$1.run(QtThread.java:61)
08-31 09:59:10.845 1850 1863 F art : art/runtime/java_vm_ext.cc:410]
at java.lang.Thread.run(Thread.java:818)
08-31 09:59:10.845 1850 1863 F art : art/runtime/java_vm_ext.cc:410]
08-31 09:59:11.424 1850 1863 F art : art/runtime/runtime.cc:366] Runtime aborting...
08-31 09:59:11.424 1850 1863 F art : art/runtime/runtime.cc:366] Aborting thread:
08-31 09:59:11.424 1850 1863 F art : art/runtime/runtime.cc:366] "qtMainLoopThread" prio=5 tid=10 Native
08-31 09:59:11.424 1850 1863 F art : art/runtime/runtime.cc:366] | group="" sCount=0 dsCount=0 obj=0x12d2d3a0 self=0xad3dea00
08-31 09:59:11.424 1850 1863 F art : art/runtime/runtime.cc:366] | sysTid=1863 nice=0 cgrp=default sched=0/0 handle=0xaf7a9930
08-31 09:59:11.425 1850 1863 F art : art/runtime/runtime.cc:366] | state=R schedstat=( 513499002 81585329 173 ) utm=41 stm=10 core=0 HZ=100
08-31 09:59:11.425 1850 1863 F art : art/runtime/runtime.cc:366] | stack=0xaf6a7000-0xaf6a9000 stackSize=1038KB
08-31 09:59:11.425 1850 1863 F art : art/runtime/runtime.cc:366] | held mutexes= "abort lock"
08-31 09:59:11.425 1850 1863 F art : art/runtime/runtime.cc:366] native: #00 pc 0035c9bd /system/lib/libart.so (art::DumpNativeStack(std::__1::basic_ostream >&, int, char const*, art::ArtMethod*, void*)+116)
08-31 09:59:11.425 1850 1863 F art : art/runtime/runtime.cc:366] native: #01 pc 0033d493 /system/lib/libart.so (art::Thread::Dump(std::__1::basic_ostream >&) const+138)
08-31 09:59:11.425 1850 1863 F art : art/runtime/runtime.cc:366] native: #02 pc 003216cd /system/lib/libart.so (art::AbortState::DumpThread(std::__1::basic_ostream >&, art::Thread*) const+20)
08-31 09:59:11.425 1850 1863 F art : art/runtime/runtime.cc:366] native: #03 pc 00321941 /system/lib/libart.so (art::Runtime::Abort()+532)
08-31 09:59:11.425 1850 1863 F art : art/runtime/runtime.cc:366] native: #04 pc 000f3bfd /system/lib/libart.so (art::LogMessage::~LogMessage()+2212)
08-31 09:59:11.425 1850 1863 F art : art/runtime/runtime.cc:366] native: #05 pc 0024f9ad /system/lib/libart.so (art::JavaVMExt::JniAbort(char const*, char const*)+1524)
08-31 09:59:11.425 1850 1863 F art : art/runtime/runtime.cc:366] native: #06 pc 0024fd4f /system/lib/libart.so (art::JavaVMExt::JniAbortV(char const*, char const*, std::__va_list)+54)
08-31 09:59:11.425 1850 1863 F art : art/runtime/runtime.cc:366] native: #07 pc 000fbfa3 /system/lib/libart.so (art::ScopedCheck::AbortF(char const*, ...)+30)
08-31 09:59:11.425 1850 1863 F art : art/runtime/runtime.cc:366] native: #08 pc 001012bb /system/lib/libart.so (art::ScopedCheck::Check(art::ScopedObjectAccess&, bool, char const*, art::JniValueType*) (.constprop.95)+6138)
08-31 09:59:11.425 1850 1863 F art : art/runtime/runtime.cc:366] native: #09 pc 00109fb1 /system/lib/libart.so (art::CheckJNI::GetArrayLength(_JNIEnv*, _jarray*)+372)
08-31 09:59:11.425 1850 1863 F art : art/runtime/runtime.cc:366] native: #10 pc 0000f37b /data/app/org.qtproject.example.QAndroidIntentCrash-2/lib/arm/libQt5AndroidExtras.so (QAndroidIntent::extraBytes(QString const&)+110)
08-31 09:59:11.425 1850 1863 F art : art/runtime/runtime.cc:366]
at org.qtproject.qt5.android.QtNative.startQtApplication(Native method)
08-31 09:59:11.425 1850 1863 F art : art/runtime/runtime.cc:366]
at org.qtproject.qt5.android.QtNative$6.run(QtNative.java:359)
08-31 09:59:11.425 1850 1863 F art : art/runtime/runtime.cc:366]
at org.qtproject.qt5.android.QtThread$1.run(QtThread.java:61)
08-31 09:59:11.425 1850 1863 F art : art/runtime/runtime.cc:366]
at java.lang.Thread.run(Thread.java:818)
08-31 09:59:11.426 1850 1863 F art : art/runtime/runtime.cc:366] Dumping all threads without appropriate locks held: thread list lock mutator lock
08-31 09:59:11.426 1850 1863 F art : art/runtime/runtime.cc:366] All threads:
08-31 09:59:11.426 1850 1863 F art : art/runtime/runtime.cc:366] DALVIK THREADS (11):
08-31 09:59:11.426 1850 1863 F art : art/runtime/runtime.cc:366] "qtMainLoopThread" prio=5 tid=10 Runnable
08-31 09:59:11.426 1850 1863 F art : art/runtime/runtime.cc:366] | group="" sCount=0 dsCount=0 obj=0x12d2d3a0 self=0xad3dea00
08-31 09:59:11.426 1850 1863 F art : art/runtime/runtime.cc:366] | sysTid=1863 nice=0 cgrp=default sched=0/0 handle=0xaf7a9930
08-31 09:59:11.426 1850 1863 F art : art/runtime/runtime.cc:366] | state=R schedstat=( 559032003 81874995 176 ) utm=43 stm=12 core=0 HZ=100
08-31 09:59:11.426 1850 1863 F art : art/runtime/runtime.cc:366] | stack=0xaf6a7000-0xaf6a9000 stackSize=1038KB
08-31 09:59:11.426 1850 1863 F art : art/runtime/runtime.cc:366] | held mutexes= "abort lock" "mutator lock"(shared held)
08-31 09:59:11.426 1850 1863 F art : art/runtime/runtime.cc:366] native: #00 pc 0035c9bd /system/lib/libart.so (art::DumpNativeStack(std::__1::basic_ostream >&, int, char const*, art::ArtMethod*, void*)+116)
08-31 09:59:11.426 1850 1863 F art : art/runtime/runtime.cc:366] native: #01 pc 0033d493 /system/lib/libart.so (art::Thread::Dump(std::__1::basic_ostream >&) const+138)
08-31 09:59:11.426 1850 1863 F art : art/runtime/runtime.cc:366] native: #02 pc 00346e01 /system/lib/libart.so (art::DumpCheckpoint::Run(art::Thread*)+420)
08-31 09:59:11.426 1850 1863 F art : art/runtime/runtime.cc:366] native: #03 pc 0034795d /system/lib/libart.so (art::ThreadList::RunCheckpoint(art::Closure*)+192)
08-31 09:59:11.426 1850 1863 F art : art/runtime/runtime.cc:366] native: #04 pc 00347e5d /system/lib/libart.so (art::ThreadList::Dump(std::__1::basic_ostream >&)+124)
08-31 09:59:11.426 1850 1863 F art : art/runtime/runtime.cc:366] native: #05 pc 003218c3 /system/lib/libart.so (art::Runtime::Abort()+406)
08-31 09:59:11.426 1850 1863 F art : art/runtime/runtime.cc:366] native: #06 pc 000f3bfd /system/lib/libart.so (art::LogMessage::~LogMessage()+2212)
08-31 09:59:11.426 1850 1863 F art : art/runtime/runtime.cc:366] native: #07 pc 0024f9ad /system/lib/libart.so (art::JavaVMExt::JniAbort(char const*, char const*)+1524)
08-31 09:59:11.426 1850 1863 F art : art/runtime/runtime.cc:366] native: #08 pc 0024fd4f /system/lib/libart.so (art::JavaVMExt::JniAbortV(char const*, char const*, std::__va_list)+54)
08-31 09:59:11.426 1850 1863 F art : art/runtime/runtime.cc:366] native: #09 pc 000fbfa3 /system/lib/libart.so (art::ScopedCheck::AbortF(char const*, ...)+30)
08-31 09:59:11.426 1850 1863 F art : art/runtime/runtime.cc:366] native: #10 pc 001012bb /system/lib/libart.so (art::ScopedCheck::Check(art::ScopedObjectAccess&, bool, char const*, art::JniValueType*) (.constprop.95)+6138)
08-31 09:59:11.427 1850 1863 F art : art/runtime/runtime.cc:366] native: #11 pc 00109fb1 /system/lib/libart.so (art::CheckJNI::GetArrayLength(_JNIEnv*, _jarray*)+372)
08-31 09:59:11.427 1850 1863 F art : art/runtime/runtime.cc:366] native: #12 pc 0000f37b /data/app/org.qtproject.example.QAndroidIntentCrash-2/lib/arm/libQt5AndroidExtras.so (QAndroidIntent::extraBytes(QString const&)+110)
08-31 09:59:11.427 1850 1863 F art : art/runtime/runtime.cc:366]
at org.qtproject.qt5.android.QtNative.startQtApplication(Native method)
08-31 09:59:11.427 1850 1863 F art : art/runtime/runtime.cc:366]
at org.qtproject.qt5.android.QtNative$6.run(QtNative.java:359)
08-31 09:59:11.427 1850 1863 F art : art/runtime/runtime.cc:366]
at org.qtproject.qt5.android.QtThread$1.run(QtThread.java:61)
08-31 09:59:11.427 1850 1863 F art : art/runtime/runtime.cc:366]
at java.lang.Thread.run(Thread.java:818)
08-31 09:59:11.427 1850 1863 F art : art/runtime/runtime.cc:366]
08-31 09:59:11.427 1850 1863 F art : art/runtime/runtime.cc:366] "main" prio=5 tid=1 Native
08-31 09:59:11.427 1850 1863 F art : art/runtime/runtime.cc:366] | group="" sCount=1 dsCount=0 obj=0x73160b10 self=0xb4d76500
08-31 09:59:11.427 1850 1863 F art : art/runtime/runtime.cc:366] | sysTid=1850 nice=0 cgrp=default sched=0/0 handle=0xb6f0db34
08-31 09:59:11.427 1850 1863 F art : art/runtime/runtime.cc:366] | state=S schedstat=( 342795327 164373336 293 ) utm=21 stm=13 core=1 HZ=100
08-31 09:59:11.427 1850 1863 F art : art/runtime/runtime.cc:366] | stack=0xbe20a000-0xbe20c000 stackSize=8MB
08-31 09:59:11.427 1850 1863 F art : art/runtime/runtime.cc:366] | held mutexes=
08-31 09:59:11.427 1850 1863 F art : art/runtime/runtime.cc:366] native: #00 pc 00040d04 /system/lib/libc.so (__epoll_pwait+20)
08-31 09:59:11.427 1850 1863 F art : art/runtime/runtime.cc:366] native: #01 pc 0001a17f /system/lib/libc.so (epoll_pwait+26)
08-31 09:59:11.427 1850 1863 F art : art/runtime/runtime.cc:366] native: #02 pc 0001a18d /system/lib/libc.so (epoll_wait+6)
08-31 09:59:11.427 1850 1863 F art : art/runtime/runtime.cc:366] native: #03 pc 00012cfb /system/lib/libutils.so (android::Looper::pollInner(int)+102)
08-31 09:59:11.427 1850 1863 F art : art/runtime/runtime.cc:366] native: #04 pc 00012f77 /system/lib/libutils.so (android::Looper::pollOnce(int, int*, int*, void**)+130)
08-31 09:59:11.427 1850 1863 F art : art/runtime/runtime.cc:366] native: #05 pc 000807ad /system/lib/libandroid_runtime.so (android::NativeMessageQueue::pollOnce(_JNIEnv*, _jobject*, int)+22)
08-31 09:59:11.427 1850 1863 F art : art/runtime/runtime.cc:366] native: #06 pc 0000056d /data/dalvik-cache/arm/system@framework@boot.oat (Java_android_os_MessageQueue_nativePollOnce__JI+96)
08-31 09:59:11.427 1850 1863 F art : art/runtime/runtime.cc:366]
at android.os.MessageQueue.nativePollOnce(Native method)
08-31 09:59:11.427 1850 1863 F art : art/runtime/runtime.cc:366]
at android.os.MessageQueue.next(MessageQueue.java:323)
08-31 09:59:11.427 1850 1863 F art : art/runtime/runtime.cc:366]
at android.os.Looper.loop(Looper.java:135)
08-31 09:59:11.427 1850 1863 F art : art/runtime/runtime.cc:366]
at android.app.ActivityThread.main(ActivityThread.java:5422)
08-31 09:59:11.427 1850 1863 F art : art/runtime/runtime.cc:366] at java.lang.reflect.Method.invoke!(Native method)
08-31 09:59:11.427 1850 1863 F art : art/runtime/runtime.cc:366]
at com.android.internal.os.ZygoteInit$MethodAndArgsCaller.run(ZygoteInit.java:726)
08-31 09:59:11.427 1850 1863 F art : art/runtime/runtime.cc:366]
at com.android.internal.os.ZygoteInit.main(ZygoteInit.java:616)
08-31 09:59:11.428 1850 1863 F art : art/runtime/runtime.cc:366]
08-31 09:59:11.428 1850 1863 F art : art/runtime/runtime.cc:366] "Signal Catcher" prio=5 tid=2 WaitingInMainSignalCatcherLoop
08-31 09:59:11.428 1850 1863 F art : art/runtime/runtime.cc:366] | group="" sCount=1 dsCount=0 obj=0x12c690a0 self=0xaf426500
08-31 09:59:11.428 1850 1863 F art : art/runtime/runtime.cc:366] | sysTid=1855 nice=0 cgrp=default sched=0/0 handle=0xb4463930
08-31 09:59:11.428 1850 1863 F art : art/runtime/runtime.cc:366] | state=S schedstat=( 4875666 783000 4 ) utm=0 stm=0 core=1 HZ=100
08-31 09:59:11.428 1850 1863 F art : art/runtime/runtime.cc:366] | stack=0xb4367000-0xb4369000 stackSize=1014KB
08-31 09:59:11.428 1850 1863 F art : art/runtime/runtime.cc:366] | held mutexes=
08-31 09:59:11.428 1850 1863 F art : art/runtime/runtime.cc:366] native: #00 pc 00040fd8 /system/lib/libc.so (__rt_sigtimedwait+12)
08-31 09:59:11.428 1850 1863 F art : art/runtime/runtime.cc:366] native: #01 pc 0001cc77 /system/lib/libc.so (sigwait+22)
08-31 09:59:11.428 1850 1863 F art : art/runtime/runtime.cc:366] native: #02 pc 0032826d /system/lib/libart.so (art::SignalCatcher::WaitForSignal(art::Thread*, art::SignalSet&)+60)
08-31 09:59:11.428 1850 1863 F art : art/runtime/runtime.cc:366] native: #03 pc 003293a3 /system/lib/libart.so (art::SignalCatcher::Run(void*)+202)
08-31 09:59:11.428 1850 1863 F art : art/runtime/runtime.cc:366] native: #04 pc 0003f8c3 /system/lib/libc.so (__pthread_start(void*)+30)
08-31 09:59:11.428 1850 1863 F art : art/runtime/runtime.cc:366] native: #05 pc 00019e55 /system/lib/libc.so (__start_thread+6)
08-31 09:59:11.428 1850 1863 F art : art/runtime/runtime.cc:366] (no managed stack frames)
08-31 09:59:11.428 1850 1863 F art : art/runtime/runtime.cc:366]
08-31 09:59:11.428 1850 1863 F art : art/runtime/runtime.cc:366] "JDWP" prio=5 tid=3 WaitingInMainDebuggerLoop
08-31 09:59:11.428 1850 1863 F art : art/runtime/runtime.cc:366] | group="" sCount=1 dsCount=0 obj=0x12c6c0a0 self=0xad3d0400
08-31 09:59:11.428 1850 1863 F art : art/runtime/runtime.cc:366] | sysTid=1856 nice=0 cgrp=default sched=0/0 handle=0xb435f930
08-31 09:59:11.429 1850 1863 F art : art/runtime/runtime.cc:366] | state=S schedstat=( 8147003 6032330 16 ) utm=0 stm=0 core=1 HZ=100
08-31 09:59:11.429 1850 1863 F art : art/runtime/runtime.cc:366] | stack=0xb4263000-0xb4265000 stackSize=1014KB
08-31 09:59:11.429 1850 1863 F art : art/runtime/runtime.cc:366] | held mutexes=
08-31 09:59:11.429 1850 1863 F art : art/runtime/runtime.cc:366] native: #00 pc 00040ef4 /system/lib/libc.so (__pselect6+20)
08-31 09:59:11.429 1850 1863 F art : art/runtime/runtime.cc:366] native: #01 pc 0001bfc5 /system/lib/libc.so (select+60)
08-31 09:59:11.429 1850 1863 F art : art/runtime/runtime.cc:366] native: #02 pc 003ea25f /system/lib/libart.so (art::JDWP::JdwpAdbState::ProcessIncoming()+202)
08-31 09:59:11.429 1850 1863 F art : art/runtime/runtime.cc:366] native: #03 pc 0025b22b /system/lib/libart.so (art::JDWP::JdwpState::Run()+298)
08-31 09:59:11.429 1850 1863 F art : art/runtime/runtime.cc:366] native: #04 pc 0025c097 /system/lib/libart.so (art::JDWP::StartJdwpThread(void*)+10)
08-31 09:59:11.430 1850 1863 F art : art/runtime/runtime.cc:366] native: #05 pc 0003f8c3 /system/lib/libc.so (__pthread_start(void*)+30)
08-31 09:59:11.430 1850 1863 F art : art/runtime/runtime.cc:366] native: #06 pc 00019e55 /system/lib/libc.so (__start_thread+6)
08-31 09:59:11.430 1850 1863 F art : art/runtime/runtime.cc:366] (no managed stack frames)
08-31 09:59:11.430 1850 1863 F art : art/runtime/runtime.cc:366]
08-31 09:59:11.430 1850 1863 F art : art/runtime/runtime.cc:366] "FinalizerWatchdogDaemon" prio=5 tid=4 Waiting
08-31 09:59:11.430 1850 1863 F art : art/runtime/runtime.cc:366] | group="" sCount=1 dsCount=0 obj=0x12c68220 self=0xad3d2200
08-31 09:59:11.430 1850 1863 F art : art/runtime/runtime.cc:366] | sysTid=1859 nice=0 cgrp=default sched=0/0 handle=0xb404b930
08-31 09:59:11.430 1850 1863 F art : art/runtime/runtime.cc:366] | state=S schedstat=( 2156332 7907668 9 ) utm=0 stm=0 core=1 HZ=100
08-31 09:59:11.430 1850 1863 F art : art/runtime/runtime.cc:366] | stack=0xb3f49000-0xb3f4b000 stackSize=1038KB
08-31 09:59:11.430 1850 1863 F art : art/runtime/runtime.cc:366] | held mutexes=
08-31 09:59:11.430 1850 1863 F art : art/runtime/runtime.cc:366] native: #00 pc 000175f0 /system/lib/libc.so (syscall+28)
08-31 09:59:11.430 1850 1863 F art : art/runtime/runtime.cc:366] native: #01 pc 000f5f6b /system/lib/libart.so (art::ConditionVariable::Wait(art::Thread*)+82)
08-31 09:59:11.430 1850 1863 F art : art/runtime/runtime.cc:366] native: #02 pc 002b02cd /system/lib/libart.so (art::Monitor::Wait(art::Thread*, long long, int, bool, art::ThreadState)+1116)
08-31 09:59:11.430 1850 1863 F art : art/runtime/runtime.cc:366] native: #03 pc 002b0f81 /system/lib/libart.so (art::Monitor::Wait(art::Thread*, art::mirror::Object*, long long, int, bool, art::ThreadState)+112)
08-31 09:59:11.430 1850 1863 F art : art/runtime/runtime.cc:366] native: #04 pc 002c2001 /system/lib/libart.so (art::Object_wait(_JNIEnv*, _jobject*)+32)
08-31 09:59:11.430 1850 1863 F art : art/runtime/runtime.cc:366] native: #05 pc 0000037f /data/dalvik-cache/arm/system@framework@boot.oat (Java_java_lang_Object_wait__+74)
08-31 09:59:11.431 1850 1863 F art : art/runtime/runtime.cc:366] at java.lang.Object.wait!(Native method)
08-31 09:59:11.431 1850 1863 F art : art/runtime/runtime.cc:366] - waiting on <0x06e06ff4> (a java.lang.Daemons$FinalizerWatchdogDaemon)
08-31 09:59:11.431 1850 1863 F art : art/runtime/runtime.cc:366]
at java.lang.Daemons$FinalizerWatchdogDaemon.waitForObject(Daemons.java:255)
08-31 09:59:11.431 1850 1863 F art : art/runtime/runtime.cc:366] - locked <0x06e06ff4> (a java.lang.Daemons$FinalizerWatchdogDaemon)
08-31 09:59:11.431 1850 1863 F art : art/runtime/runtime.cc:366]
at java.lang.Daemons$FinalizerWatchdogDaemon.run(Daemons.java:227)
08-31 09:59:11.431 1850 1863 F art : art/runtime/runtime.cc:366]
at java.lang.Thread.run(Thread.java:818)
08-31 09:59:11.431 1850 1863 F art : art/runtime/runtime.cc:366]
08-31 09:59:11.431 1850 1863 F art : art/runtime/runtime.cc:366] "ReferenceQueueDaemon" prio=5 tid=5 Waiting
08-31 09:59:11.431 1850 1863 F art : art/runtime/runtime.cc:366] | group="" sCount=1 dsCount=0 obj=0x12c68160 self=0xad3d1800
08-31 09:59:11.431 1850 1863 F art : art/runtime/runtime.cc:366] | sysTid=1857 nice=0 cgrp=default sched=0/0 handle=0xb4259930
08-31 09:59:11.431 1850 1863 F art : art/runtime/runtime.cc:366] | state=S schedstat=( 1996332 18490000 4 ) utm=0 stm=0 core=1 HZ=100
08-31 09:59:11.431 1850 1863 F art : art/runtime/runtime.cc:366] | stack=0xb4157000-0xb4159000 stackSize=1038KB
08-31 09:59:11.431 1850 1863 F art : art/runtime/runtime.cc:366] | held mutexes=
08-31 09:59:11.431 1850 1863 F art : art/runtime/runtime.cc:366] native: #00 pc 000175f0 /system/lib/libc.so (syscall+28)
08-31 09:59:11.431 1850 1863 F art : art/runtime/runtime.cc:366] native: #01 pc 000f5f6b /system/lib/libart.so (art::ConditionVariable::Wait(art::Thread*)+82)
08-31 09:59:11.431 1850 1863 F art : art/runtime/runtime.cc:366] native: #02 pc 002b02cd /system/lib/libart.so (art::Monitor::Wait(art::Thread*, long long, int, bool, art::ThreadState)+1116)
08-31 09:59:11.431 1850 1863 F art : art/runtime/runtime.cc:366] native: #03 pc 002b0f81 /system/lib/libart.so (art::Monitor::Wait(art::Thread*, art::mirror::Object*, long long, int, bool, art::ThreadState)+112)
08-31 09:59:11.431 1850 1863 F art : art/runtime/runtime.cc:366] native: #04 pc 002c2001 /system/lib/libart.so (art::Object_wait(_JNIEnv*, _jobject*)+32)
08-31 09:59:11.431 1850 1863 F art : art/runtime/runtime.cc:366] native: #05 pc 0000037f /data/dalvik-cache/arm/system@framework@boot.oat (Java_java_lang_Object_wait__+74)
08-31 09:59:11.431 1850 1863 F art : art/runtime/runtime.cc:366] at java.lang.Object.wait!(Native method)
08-31 09:59:11.431 1850 1863 F art : art/runtime/runtime.cc:366] - waiting on <0x0a64331d> (a java.lang.Class)
08-31 09:59:11.431 1850 1863 F art : art/runtime/runtime.cc:366]
at java.lang.Daemons$ReferenceQueueDaemon.run(Daemons.java:147)
08-31 09:59:11.431 1850 1863 F art : art/runtime/runtime.cc:366] - locked <0x0a64331d> (a java.lang.Class)
08-31 09:59:11.431 1850 1863 F art : art/runtime/runtime.cc:366]
at java.lang.Thread.run(Thread.java:818)
08-31 09:59:11.431 1850 1863 F art : art/runtime/runtime.cc:366]
08-31 09:59:11.432 1850 1863 F art : art/runtime/runtime.cc:366] "HeapTaskDaemon" prio=5 tid=6 Blocked
08-31 09:59:11.432 1850 1863 F art : art/runtime/runtime.cc:366] | group="" sCount=1 dsCount=0 obj=0x12c68280 self=0xad3d2700
08-31 09:59:11.432 1850 1863 F art : art/runtime/runtime.cc:366] | sysTid=1860 nice=0 cgrp=default sched=0/0 handle=0xb3f44930
08-31 09:59:11.432 1850 1863 F art : art/runtime/runtime.cc:366] | state=S schedstat=( 2248667 22388002 12 ) utm=0 stm=0 core=1 HZ=100
08-31 09:59:11.432 1850 1863 F art : art/runtime/runtime.cc:366] | stack=0xb3e42000-0xb3e44000 stackSize=1038KB
08-31 09:59:11.432 1850 1863 F art : art/runtime/runtime.cc:366] | held mutexes=
08-31 09:59:11.432 1850 1863 F art : art/runtime/runtime.cc:366] native: #00 pc 000175f0 /system/lib/libc.so (syscall+28)
08-31 09:59:11.432 1850 1863 F art : art/runtime/runtime.cc:366] native: #01 pc 000f5f6b /system/lib/libart.so (art::ConditionVariable::Wait(art::Thread*)+82)
08-31 09:59:11.432 1850 1863 F art : art/runtime/runtime.cc:366] native: #02 pc 001cdf49 /system/lib/libart.so (art::gc::TaskProcessor::GetTask(art::Thread*)+92)
08-31 09:59:11.432 1850 1863 F art : art/runtime/runtime.cc:366] native: #03 pc 001ce43b /system/lib/libart.so (art::gc::TaskProcessor::RunAllTasks(art::Thread*)+26)
08-31 09:59:11.432 1850 1863 F art : art/runtime/runtime.cc:366] native: #04 pc 0000037f /data/dalvik-cache/arm/system@framework@boot.oat (Java_dalvik_system_VMRuntime_runHeapTasks__+74)
08-31 09:59:11.432 1850 1863 F art : art/runtime/runtime.cc:366]
at dalvik.system.VMRuntime.runHeapTasks(Native method)
08-31 09:59:11.432 1850 1863 F art : art/runtime/runtime.cc:366] - waiting to lock an unknown object
08-31 09:59:11.432 1850 1863 F art : art/runtime/runtime.cc:366]
at java.lang.Daemons$HeapTaskDaemon.run(Daemons.java:355)
08-31 09:59:11.432 1850 1863 F art : art/runtime/runtime.cc:366]
at java.lang.Thread.run(Thread.java:818)
08-31 09:59:11.432 1850 1863 F art : art/runtime/runtime.cc:366]
08-31 09:59:11.432 1850 1863 F art : art/runtime/runtime.cc:366] "FinalizerDaemon" prio=5 tid=7 Waiting
08-31 09:59:11.432 1850 1863 F art : art/runtime/runtime.cc:366] | group="" sCount=1 dsCount=0 obj=0x12c681c0 self=0xad3d1d00
08-31 09:59:11.432 1850 1863 F art : art/runtime/runtime.cc:366] | sysTid=1858 nice=0 cgrp=default sched=0/0 handle=0xb4152930
08-31 09:59:11.432 1850 1863 F art : art/runtime/runtime.cc:366] | state=S schedstat=( 1853333 26024668 10 ) utm=0 stm=0 core=1 HZ=100
08-31 09:59:11.432 1850 1863 F art : art/runtime/runtime.cc:366] | stack=0xb4050000-0xb4052000 stackSize=1038KB
08-31 09:59:11.432 1850 1863 F art : art/runtime/runtime.cc:366] | held mutexes=
08-31 09:59:11.432 1850 1863 F art : art/runtime/runtime.cc:366] native: #00 pc 000175f0 /system/lib/libc.so (syscall+28)
08-31 09:59:11.432 1850 1863 F art : art/runtime/runtime.cc:366] native: #01 pc 000f5f6b /system/lib/libart.so (art::ConditionVariable::Wait(art::Thread*)+82)
08-31 09:59:11.432 1850 1863 F art : art/runtime/runtime.cc:366] native: #02 pc 002b02cd /system/lib/libart.so (art::Monitor::Wait(art::Thread*, long long, int, bool, art::ThreadState)+1116)
08-31 09:59:11.433 1850 1863 F art : art/runtime/runtime.cc:366] native: #03 pc 002b0f81 /system/lib/libart.so (art::Monitor::Wait(art::Thread*, art::mirror::Object*, long long, int, bool, art::ThreadState)+112)
08-31 09:59:11.433 1850 1863 F art : art/runtime/runtime.cc:366] native: #04 pc 002c202d /system/lib/libart.so (art::Object_waitJI(_JNIEnv*, _jobject*, long long, int)+36)
08-31 09:59:11.433 1850 1863 F art : art/runtime/runtime.cc:366] native: #05 pc 0000056d /data/dalvik-cache/arm/system@framework@boot.oat (Java_java_lang_Object_wait__JI+96)
08-31 09:59:11.433 1850 1863 F art : art/runtime/runtime.cc:366] at java.lang.Object.wait!(Native method)
08-31 09:59:11.433 1850 1863 F art : art/runtime/runtime.cc:366] - waiting on <0x09aac992> (a java.lang.ref.ReferenceQueue)
08-31 09:59:11.433 1850 1863 F art : art/runtime/runtime.cc:366]
at java.lang.Object.wait(Object.java:423)
08-31 09:59:11.433 1850 1863 F art : art/runtime/runtime.cc:366]
at java.lang.ref.ReferenceQueue.remove(ReferenceQueue.java:101)
08-31 09:59:11.433 1850 1863 F art : art/runtime/runtime.cc:366] - locked <0x09aac992> (a java.lang.ref.ReferenceQueue)
08-31 09:59:11.433 1850 1863 F art : art/runtime/runtime.cc:366]
at java.lang.ref.ReferenceQueue.remove(ReferenceQueue.java:72)
08-31 09:59:11.433 1850 1863 F art : art/runtime/runtime.cc:366]
at java.lang.Daemons$FinalizerDaemon.run(Daemons.java:185)
08-31 09:59:11.433 1850 1863 F art : art/runtime/runtime.cc:366]
at java.lang.Thread.run(Thread.java:818)
08-31 09:59:11.433 1850 1863 F art : art/runtime/runtime.cc:366]
08-31 09:59:11.433 1850 1863 F art : art/runtime/runtime.cc:366] "Binder_1" prio=5 tid=8 Native
08-31 09:59:11.433 1850 1863 F art : art/runtime/runtime.cc:366] | group="" sCount=1 dsCount=0 obj=0x12c7e0a0 self=0xaf427900
08-31 09:59:11.433 1850 1863 F art : art/runtime/runtime.cc:366] | sysTid=1861 nice=0 cgrp=default sched=0/0 handle=0xb3d35930
08-31 09:59:11.433 1850 1863 F art : art/runtime/runtime.cc:366] | state=S schedstat=( 11183668 13925666 20 ) utm=0 stm=1 core=0 HZ=100
08-31 09:59:11.433 1850 1863 F art : art/runtime/runtime.cc:366] | stack=0xb3c39000-0xb3c3b000 stackSize=1014KB
08-31 09:59:11.433 1850 1863 F art : art/runtime/runtime.cc:366] | held mutexes=
08-31 09:59:11.433 1850 1863 F art : art/runtime/runtime.cc:366] native: #00 pc 00040e2c /system/lib/libc.so (__ioctl+8)
08-31 09:59:11.433 1850 1863 F art : art/runtime/runtime.cc:366] native: #01 pc 00047925 /system/lib/libc.so (ioctl+14)
08-31 09:59:11.433 1850 1863 F art : art/runtime/runtime.cc:366] native: #02 pc 0001e89d /system/lib/libbinder.so (android::IPCThreadState::talkWithDriver(bool)+132)
08-31 09:59:11.433 1850 1863 F art : art/runtime/runtime.cc:366] native: #03 pc 0001ed7f /system/lib/libbinder.so (android::IPCThreadState::getAndExecuteCommand()+6)
08-31 09:59:11.433 1850 1863 F art : art/runtime/runtime.cc:366] native: #04 pc 0001ee1d /system/lib/libbinder.so (android::IPCThreadState::joinThreadPool(bool)+48)
08-31 09:59:11.433 1850 1863 F art : art/runtime/runtime.cc:366] native: #05 pc 0002377d /system/lib/libbinder.so (???)
08-31 09:59:11.433 1850 1863 F art : art/runtime/runtime.cc:366] native: #06 pc 00010115 /system/lib/libutils.so (android::Thread::_threadLoop(void*)+112)
08-31 09:59:11.434 1850 1863 F art : art/runtime/runtime.cc:366] native: #07 pc 0005d907 /system/lib/libandroid_runtime.so (android::AndroidRuntime::javaThreadShell(void*)+70)
08-31 09:59:11.434 1850 1863 F art : art/runtime/runtime.cc:366] native: #08 pc 0003f8c3 /system/lib/libc.so (__pthread_start(void*)+30)
08-31 09:59:11.434 1850 1863 F art : art/runtime/runtime.cc:366] native: #09 pc 00019e55 /system/lib/libc.so (__start_thread+6)
08-31 09:59:11.434 1850 1863 F art : art/runtime/runtime.cc:366] (no managed stack frames)
08-31 09:59:11.434 1850 1863 F art : art/runtime/runtime.cc:366]
08-31 09:59:11.434 1850 1863 F art : art/runtime/runtime.cc:366] "Binder_2" prio=5 tid=9 Native
08-31 09:59:11.434 1850 1863 F art : art/runtime/runtime.cc:366] | group="" sCount=1 dsCount=0 obj=0x12c810a0 self=0xad3d2c00
08-31 09:59:11.434 1850 1863 F art : art/runtime/runtime.cc:366] | sysTid=1862 nice=0 cgrp=default sched=0/0 handle=0xb3c31930
08-31 09:59:11.434 1850 1863 F art : art/runtime/runtime.cc:366] | state=S schedstat=( 7104667 4594668 14 ) utm=0 stm=0 core=0 HZ=100
08-31 09:59:11.435 1850 1863 F art : art/runtime/runtime.cc:366] | stack=0xb3b35000-0xb3b37000 stackSize=1014KB
08-31 09:59:11.435 1850 1863 F art : art/runtime/runtime.cc:366] | held mutexes=
08-31 09:59:11.435 1850 1863 F art : art/runtime/runtime.cc:366] native: #00 pc 00040e2c /system/lib/libc.so (__ioctl+8)
08-31 09:59:11.435 1850 1863 F art : art/runtime/runtime.cc:366] native: #01 pc 00047925 /system/lib/libc.so (ioctl+14)
08-31 09:59:11.435 1850 1863 F art : art/runtime/runtime.cc:366] native: #02 pc 0001e89d /system/lib/libbinder.so (android::IPCThreadState::talkWithDriver(bool)+132)
08-31 09:59:11.435 1850 1863 F art : art/runtime/runtime.cc:366] native: #03 pc 0001ed7f /system/lib/libbinder.so (android::IPCThreadState::getAndExecuteCommand()+6)
08-31 09:59:11.435 1850 1863 F art : art/runtime/runtime.cc:366] native: #04 pc 0001ee1d /system/lib/libbinder.so (android::IPCThreadState::joinThreadPool(bool)+48)
08-31 09:59:11.435 1850 1863 F art : art/runtime/runtime.cc:366] native: #05 pc 0002377d /system/lib/libbinder.so (???)
08-31 09:59:11.435 1850 1863 F art : art/runtime/runtime.cc:366] native: #06 pc 00010115 /system/lib/libutils.so (android::Thread::_threadLoop(void*)+112)
08-31 09:59:11.435 1850 1863 F art : art/runtime/runtime.cc:366] native: #07 pc 0005d907 /system/lib/libandroid_runtime.so (android::AndroidRuntime::javaThreadShell(void*)+70)
08-31 09:59:11.435 1850 1863 F art : art/runtime/runtime.cc:366] native: #08 pc 0003f8c3 /system/lib/libc.so (__pthread_start(void*)+30)
08-31 09:59:11.435 1850 1863 F art : art/runtime/runtime.cc:366] native: #09 pc 00019e55 /system/lib/libc.so (__start_thread+6)
08-31 09:59:11.435 1850 1863 F art : art/runtime/runtime.cc:366] (no managed stack frames)
08-31 09:59:11.435 1850 1863 F art : art/runtime/runtime.cc:366]
08-31 09:59:11.435 1850 1863 F art : art/runtime/runtime.cc:366] "RenderThread" prio=5 tid=11 Native
08-31 09:59:11.435 1850 1863 F art : art/runtime/runtime.cc:366] | group="" sCount=1 dsCount=0 obj=0x12d6a0a0 self=0xad3e0d00
08-31 09:59:11.436 1850 1863 F art : art/runtime/runtime.cc:366] | sysTid=1864 nice=-4 cgrp=default sched=0/0 handle=0x9b18c930
08-31 09:59:11.436 1850 1863 F art : art/runtime/runtime.cc:366] | state=S schedstat=( 155539003 28513995 96 ) utm=10 stm=5 core=0 HZ=100
08-31 09:59:11.436 1850 1863 F art : art/runtime/runtime.cc:366] | stack=0x9b090000-0x9b092000 stackSize=1014KB
08-31 09:59:11.436 1850 1863 F art : art/runtime/runtime.cc:366] | held mutexes=
08-31 09:59:11.436 1850 1863 F art : art/runtime/runtime.cc:366] native: #00 pc 00040d04 /system/lib/libc.so (__epoll_pwait+20)
08-31 09:59:11.436 1850 1863 F art : art/runtime/runtime.cc:366] native: #01 pc 0001a17f /system/lib/libc.so (epoll_pwait+26)
08-31 09:59:11.436 1850 1863 F art : art/runtime/runtime.cc:366] native: #02 pc 0001a18d /system/lib/libc.so (epoll_wait+6)
08-31 09:59:11.437 1850 1863 F art : art/runtime/runtime.cc:366] native: #03 pc 00012cfb /system/lib/libutils.so (android::Looper::pollInner(int)+102)
08-31 09:59:11.437 1850 1863 F art : art/runtime/runtime.cc:366] native: #04 pc 00012f77 /system/lib/libutils.so (android::Looper::pollOnce(int, int*, int*, void**)+130)
08-31 09:59:11.437 1850 1863 F art : art/runtime/runtime.cc:366] native: #05 pc 0001e8f5 /system/lib/libhwui.so (android::uirenderer::renderthread::RenderThread::threadLoop()+44)
08-31 09:59:11.437 1850 1863 F art : art/runtime/runtime.cc:366] native: #06 pc 00010115 /system/lib/libutils.so (android::Thread::_threadLoop(void*)+112)
08-31 09:59:11.437 1850 1863 F art : art/runtime/runtime.cc:366] native: #07 pc 0005d907 /system/lib/libandroid_runtime.so (android::AndroidRuntime::javaThreadShell(void*)+70)
08-31 09:59:11.437 1850 1863 F art : art/runtime/runtime.cc:366] native: #08 pc 0003f8c3 /system/lib/libc.so (__pthread_start(void*)+30)
08-31 09:59:11.437 1850 1863 F art : art/runtime/runtime.cc:366] native: #09 pc 00019e55 /system/lib/libc.so (__start_thread+6)
08-31 09:59:11.437 1850 1863 F art : art/runtime/runtime.cc:366] (no managed stack frames)
08-31 09:59:11.437 1850 1863 F art : art/runtime/runtime.cc:366]
08-31 09:59:11.437 1850 1863 F art : art/runtime/runtime.cc:366] --------- beginning of crash
08-31 09:59:11.437 1850 1863 F libc : Fatal signal 6 (SIGABRT), code -6 in tid 1863 (qtMainLoopThrea)
08-31 09:59:11.540 218 218 F DEBUG : *** *** *** *** *** *** *** *** *** *** *** *** *** *** *** ***
08-31 09:59:11.540 218 218 F DEBUG : Build fingerprint: 'XXXXXXXXXXXXXXXXXXXXXXXXXXXXXXXXXXX:6.0.1/XXXXXXXXXXXXXXXXX/20180807:user/release-keys'
08-31 09:59:11.540 218 218 F DEBUG : Revision: '0'
08-31 09:59:11.540 218 218 F DEBUG : ABI: 'arm'
08-31 09:59:11.541 218 218 F DEBUG : pid: 1850, tid: 1863, name: qtMainLoopThrea >>> org.qtproject.example.QAndroidIntentCrash <<<
08-31 09:59:11.541 218 218 F DEBUG : signal 6 (SIGABRT), code -6 (SI_TKILL), fault addr --------
08-31 09:59:11.616 218 218 F DEBUG : Abort message: 'art/runtime/java_vm_ext.cc:410] JNI DETECTED ERROR IN APPLICATION: jarray was NULL'
08-31 09:59:11.617 218 218 F DEBUG : r0 00000000 r1 00000747 r2 00000006 r3 af7a9978
08-31 09:59:11.617 218 218 F DEBUG : r4 af7a9980 r5 af7a9930 r6 00000000 r7 0000010c
08-31 09:59:11.618 218 218 F DEBUG : r8 b4d2a800 r9 b4cbf378 sl 00000000 fp 00000000
08-31 09:59:11.618 218 218 F DEBUG : ip 00000006 sp af7a8c08 lr b6c80fc5 pc b6c833c0 cpsr 40070010
08-31 09:59:11.704 218 218 F DEBUG :
08-31 09:59:11.704 218 218 F DEBUG : backtrace:
08-31 09:59:11.705 218 218 F DEBUG : #00 pc 000423c0 /system/lib/libc.so (tgkill+12)
08-31 09:59:11.705 218 218 F DEBUG : #01 pc 0003ffc1 /system/lib/libc.so (pthread_kill+32)
08-31 09:59:11.706 218 218 F DEBUG : #02 pc 0001c61f /system/lib/libc.so (raise+10)
08-31 09:59:11.707 218 218 F DEBUG : #03 pc 000197c1 /system/lib/libc.so (__libc_android_abort+34)
08-31 09:59:11.708 218 218 F DEBUG : #04 pc 000174b8 /system/lib/libc.so (abort+4)
08-31 09:59:11.708 218 218 F DEBUG : #05 pc 00321801 /system/lib/libart.so (art::Runtime::Abort()+212)
08-31 09:59:11.709 218 218 F DEBUG : #06 pc 000f3bfd /system/lib/libart.so (art::LogMessage::~LogMessage()+2212)
08-31 09:59:11.709 218 218 F DEBUG : #07 pc 0024f9ad /system/lib/libart.so (art::JavaVMExt::JniAbort(char const*, char const*)+1524)
08-31 09:59:11.710 218 218 F DEBUG : #08 pc 0024fd4f /system/lib/libart.so (art::JavaVMExt::JniAbortV(char const*, char const*, std::__va_list)+54)
08-31 09:59:11.710 218 218 F DEBUG : #09 pc 000fbfa3 /system/lib/libart.so (art::ScopedCheck::AbortF(char const*, ...)+30)
08-31 09:59:11.712 218 218 F DEBUG : #10 pc 001012bb /system/lib/libart.so (art::ScopedCheck::Check(art::ScopedObjectAccess&, bool, char const*, art::JniValueType*) (.constprop.95)+6138)
08-31 09:59:11.712 218 218 F DEBUG : #11 pc 00109fb1 /system/lib/libart.so (art::CheckJNI::GetArrayLength(_JNIEnv*, _jarray*)+372)
08-31 09:59:11.712 218 218 F DEBUG : #12 pc 0000f37b /data/app/org.qtproject.example.QAndroidIntentCrash-2/lib/arm/libQt5AndroidExtras.so (QAndroidIntent::extraBytes(QString const&)+110)
08-31 09:59:12.343 1121 1181 I BluetoothA2dpServiceJni: bta2dp_audio_state_callback
08-31 09:59:12.344 1121 1234 D A2dpStateMachine: Connected process message: 101
08-31 09:59:12.347 1121 1234 D A2dpStateMachine: A2DP Playing state : device: 00:25:52:F0:CF:EA State:10->11
08-31 09:59:12.882 563 1869 W ActivityManager: Force finishing activity org.qtproject.example.QAndroidIntentCrash/org.qtproject.qt5.android.bindings.QtActivity
08-31 09:59:12.884 218 218 F DEBUG :
08-31 09:59:12.884 218 218 F DEBUG : Tombstone written to: /data/tombstones/tombstone_03
08-31 09:59:12.884 218 218 E DEBUG : AM write failed: Broken pipe
08-31 09:59:12.885 563 580 I BootReceiver: Copying /data/tombstones/tombstone_03 to DropBox (SYSTEM_TOMBSTONE)
08-31 09:59:12.977 563 596 W InputDispatcher: channel '25966b2 org.qtproject.example.QAndroidIntentCrash/org.qtproject.qt5.android.bindings.QtActivity (server)' ~ Consumer closed input channel or an error occurred. events=0x9
08-31 09:59:12.977 563 596 E InputDispatcher: channel '25966b2 org.qtproject.example.QAndroidIntentCrash/org.qtproject.qt5.android.bindings.QtActivity (server)' ~ Channel is unrecoverably broken and will be disposed!
08-31 09:59:12.981 225 225 I Zygote : Process 1850 exited due to signal (6)
08-31 09:59:12.982 563 1002 I ActivityManager: Process org.qtproject.example.QAndroidIntentCrash (pid 1850) has died
08-31 09:59:12.990 563 687 D GraphicsStats: Buffer count: 5
08-31 09:59:12.993 563 957 I WindowState: WIN DEATH: Window{25966b2 u0 org.qtproject.example.QAndroidIntentCrash/org.qtproject.qt5.android.bindings.QtActivity}
08-31 09:59:12.994 563 957 W InputDispatcher: Attempted to unregister already unregistered input channel '25966b2 org.qtproject.example.QAndroidIntentCrash/org.qtproject.qt5.android.bindings.QtActivity (server)'
08-31 09:59:13.199 563 1512 I OpenGLRenderer: Initialized EGL, version 1.4
08-31 09:59:13.210 211 240 E BufferQueueProducer: [com.android.launcher/com.android.launcher2.Launcher] dequeueBuffer: can't dequeue multiple buffers without setting the buffer count
08-31 09:59:13.227 211 308 E BufferQueueProducer: [Application Error: org.qtproject.example.QAndroidIntentCrash] dequeueBuffer: can't dequeue multiple buffers without setting the buffer count
08-31 09:59:13.852 563 582 W WindowAnimator: Failed to dispatch window animation state change.
08-31 09:59:13.852 563 582 W WindowAnimator: android.os.DeadObjectException
08-31 09:59:13.852 563 582 W WindowAnimator: at android.os.BinderProxy.transactNative(Native Method)
08-31 09:59:13.852 563 582 W WindowAnimator: at android.os.BinderProxy.transact(Binder.java:503)
08-31 09:59:13.852 563 582 W WindowAnimator: at android.view.IWindow$Stub$Proxy.onAnimationStopped(IWindow.java:534)
08-31 09:59:13.852 563 582 W WindowAnimator: at com.android.server.wm.WindowAnimator.updateWindowsLocked(WindowAnimator.java:286)
08-31 09:59:13.852 563 582 W WindowAnimator: at com.android.server.wm.WindowAnimator.animateLocked(WindowAnimator.java:678)
08-31 09:59:13.852 563 582 W WindowAnimator: at com.android.server.wm.WindowAnimator.-wrap0(WindowAnimator.java)
08-31 09:59:13.852 563 582 W WindowAnimator: at com.android.server.wm.WindowAnimator$1.doFrame(WindowAnimator.java:123)
08-31 09:59:13.852 563 582 W WindowAnimator: at android.view.Choreographer$CallbackRecord.run(Choreographer.java:856)
08-31 09:59:13.852 563 582 W WindowAnimator: at android.view.Choreographer.doCallbacks(Choreographer.java:670)
08-31 09:59:13.852 563 582 W WindowAnimator: at android.view.Choreographer.doFrame(Choreographer.java:603)
08-31 09:59:13.852 563 582 W WindowAnimator: at android.view.Choreographer$FrameDisplayEventReceiver.run(Choreographer.java:844)
08-31 09:59:13.852 563 582 W WindowAnimator: at android.os.Handler.handleCallback(Handler.java:739)
08-31 09:59:13.852 563 582 W WindowAnimator: at android.os.Handler.dispatchMessage(Handler.java:95)
08-31 09:59:13.852 563 582 W WindowAnimator: at android.os.Looper.loop(Looper.java:148)
08-31 09:59:13.852 563 582 W WindowAnimator: at android.os.HandlerThread.run(HandlerThread.java:61)
08-31 09:59:13.852 563 582 W WindowAnimator: at com.android.server.ServiceThread.run(ServiceThread.java:46)
08-31 09:59:15.839 1121 1225 E HeadsetStateMachine: processVendorSpecificAt: unsupported command: AT+IPHONEACCEV=2,1,9,2,0
08-31 09:59:15.857 1121 1225 E HeadsetStateMachine: processVendorSpecificAt: unsupported command: AT+IPHONEACCEV=2,1,9,2,0