01-02 05:03:45.632 373 384 I WifiService: acquireWifiLock uid=10009 lockMode=2
01-02 05:03:45.637 830 1270 W GCoreFlp: No location to return for getLastLocation()
01-02 05:03:45.650 188 188 I WifiHAL : Got channel list with 13 channels
01-02 05:03:45.651 188 188 I WifiHAL : Got channel list with 4 channels
01-02 05:03:45.652 188 188 I WifiHAL : Got channel list with 15 channels
01-02 05:03:45.662 830 830 I GeofencerStateMachine: removeGeofences: removeRequest=RemoveGeofencingRequest[REMOVE_BY_PENDING_INTENT pendingIntent=PendingIntent[creatorPackage=com.google.android.gms], packageName=null]
01-02 05:03:45.665 830 830 I GeofencerStateMachine: removeGeofences: removeRequest=RemoveGeofencingRequest[REMOVE_BY_PENDING_INTENT pendingIntent=PendingIntent[creatorPackage=com.google.android.gms], packageName=null]
01-02 05:03:45.671 830 1270 W GCoreFlp: No location to return for getLastLocation()
01-02 05:03:45.674 830 3686 I PlaceInferenceEngine: [anon] Changed inference mode: 0
01-02 05:03:45.679 830 1270 W GCoreFlp: No location to return for getLastLocation()
01-02 05:03:45.679 2193 2193 I MicroDetectionWorker: onReady
01-02 05:03:45.699 830 1270 W GCoreFlp: No location to return for getLastLocation()
01-02 05:03:45.707 830 1101 E ctxmgr : [WorkInfo]Attribution was already enqueued pkg=com.google.android.gms, lbl=PlacesProducer_receive, start=unspec, stop=unspec.
01-02 05:03:45.710 830 1259 E ctxmgr : [WorkManager]Ongoing task not found: PlacesProducer_receive
01-02 05:03:45.718 830 3686 I Places : ?: PlacesBleScanner start() with priority 2
01-02 05:03:45.721 830 3686 I PlaceInferenceEngine: [anon] Changed inference mode: 1
01-02 05:03:45.724 830 1270 W GCoreFlp: No location to return for getLastLocation()
01-02 05:03:45.725 830 830 I BeaconBle: Using BLE 'L' hardware layer
01-02 05:03:45.730 373 382 I zygote64: Background concurrent copying GC freed 52484(2MB) AllocSpace objects, 21(868KB) LOS objects, 42% free, 10MB/18MB, paused 78us total 105.623ms
01-02 05:03:45.743 830 830 I BeaconBle: Client requested scan, settings=BleSettings [scanMode=ZERO_POWER, callbackType=ALL_MATCHES, reportDelayMillis=0, 1 filters, 0 clients, callingClientName=Places]
01-02 05:03:45.750 373 1006 D BluetoothManagerService: Registered for death of com.google.android.gms
01-02 05:03:45.750 373 1006 D BluetoothManagerService: 1 registered Ble Apps
01-02 05:03:45.750 830 830 D BluetoothAdapter: isLeEnabled(): BLE_ON
01-02 05:03:45.751 830 830 D BluetoothAdapter: enableBLE(): Bluetooth already enabled
01-02 05:03:45.753 830 830 I BeaconBle: ZERO_POWER is disabled.
01-02 05:03:45.753 830 830 I BeaconBle: 'L' hardware scan: scan stopped, no powered clients
01-02 05:03:45.763 830 3686 W Places : ?: Failed to download inference model weights
01-02 05:03:45.763 830 3686 W PlaceInferenceEngine: Failed to download model weights. Status code: 7
01-02 05:03:46.028 187 222 W gralloc : Unmapped consumer usage 200
01-02 05:03:46.028 187 222 W gralloc : Unmapped producer usage 900
01-02 05:03:46.038 921 1005 W OpenGLRenderer: Incorrectly called buildLayer on View: ShortcutAndWidgetContainer, destroying layer...
01-02 05:03:46.411 373 1007 D WificondControl: Scan result ready event
01-02 05:03:46.452 373 453 W WifiConfigManager: Looking up network with invalid networkId -1
01-02 05:03:46.455 373 509 I WifiService: getConnectionInfo uid=10009
01-02 05:03:46.460 373 453 W WifiConfigManager: Looking up network with invalid networkId -1
01-02 05:03:46.514 373 1134 I WifiService: releaseWifiLock uid=10009
01-02 05:03:46.519 830 1270 W GCoreFlp: No location to return for getLastLocation()
01-02 05:03:46.529 830 3686 I Places : Converted 22 out of 22 WiFi scans
01-02 05:03:46.529 373 577 I WifiService: getConnectionInfo uid=10009
01-02 05:03:46.537 830 1216 W ctxmgr : [AclManager]No 2 for (accnt=account#-517948760#, com.google.android.gms(10009):UserLocationProducer, vrsn=12221000, 0, 3pPkg = null , 3pMdlId = null , pid = 830). Was: 3 for 1, account#-517948760#
01-02 05:03:46.559 830 3686 I PlaceInferenceEngine: Too few candidate results: percentageOfMissingArea 100
01-02 05:03:46.563 830 1260 W ctxmgr : [AclManager]No 2 for (accnt=account#-517948760#, com.google.android.gms(10009):PlacesProducer, vrsn=12221000, 0, 3pPkg = null , 3pMdlId = null , pid = 830). Was: 3 for 18, account#-517948760#
01-02 05:03:46.565 830 3686 W Places : ?: Failed to download placeinfos
01-02 05:03:46.566 2193 3684 E PlaceStateUpdater: Received no places
01-02 05:03:55.493 373 386 E memtrack: Couldn't load memtrack module
01-02 05:03:55.493 373 386 W android.os.Debug: failed to get memory consumption info: -1
01-02 05:04:00.037 187 221 W gralloc : Unmapped consumer usage 200
01-02 05:04:00.037 187 221 W gralloc : Unmapped producer usage 900