--------- beginning of main
01-02 05:02:00.005 373 386 E memtrack: Couldn't load memtrack module
01-02 05:02:00.005 373 386 W android.os.Debug: failed to get memory consumption info: -1
01-02 05:02:00.034 187 187 W gralloc : Unmapped consumer usage 200
01-02 05:02:00.034 187 187 W gralloc : Unmapped producer usage 900
01-02 05:02:09.544 830 3258 E AppUsageEventWatcher: wrong time range: [1527269874796, 946785729542)
01-02 05:02:48.801 373 390 I WifiService: requestActivityInfo uid=1000
01-02 05:02:48.801 373 390 I WifiService: reportActivityInfo uid=1000
01-02 05:02:48.801 373 390 I WifiService: getSupportedFeatures uid=1000
01-02 05:02:48.803 188 188 D WifiHAL : In DebugCommand::handleResponse
01-02 05:02:48.803 188 188 D WifiHAL : len = 4, expected len = 4
01-02 05:02:48.806 188 188 D WifiHAL : In DebugCommand::handleResponse
01-02 05:02:48.806 188 188 D WifiHAL : len = 4, expected len = 4
01-02 05:02:48.831 557 557 E PhoneInterfaceManager: [PhoneIntfMgr] queryModemActivityInfo: Empty response --------- beginning of system
01-02 05:02:48.832 373 390 E BatteryExternalStatsWorker: no controller energy info supplied for bluetooth
01-02 05:02:48.836 373 390 E KernelUidCpuFreqTimeReader: Failed to read /proc/uid_time_in_state: java.io.FileNotFoundException: /proc/uid_time_in_state (No such file or directory)
01-02 05:02:48.840 373 390 E BatteryExternalStatsWorker: modem info is invalid: ModemActivityInfo{ mTimestamp=0 mSleepTimeMs=0 mIdleTimeMs=0 mTxTimeMs[]=[0, 0, 0, 0, 0] mRxTimeMs=0 mEnergyUsed=0}
01-02 05:03:03.723 1241 1241 I Finsky : [2] com.google.android.finsky.verifier.impl.PackageVerificationReceiver.onReceive(12): Verification requested, id = 1
01-02 05:03:03.726 1241 1241 W Finsky : [2] com.google.android.finsky.application.impl.a.dw(1487): No account configured on this device.
01-02 05:03:03.728 1241 1241 I chatty : uid=10018(com.android.vending) identical 3 lines
01-02 05:03:03.728 1241 1241 W Finsky : [2] com.google.android.finsky.application.impl.a.dw(1487): No account configured on this device.
01-02 05:03:03.744 1241 3348 W Settings: Setting install_non_market_apps has moved from android.provider.Settings.Global to android.provider.Settings.Secure, returning read-only value.
01-02 05:03:03.943 1241 3348 W Finsky : [80] com.google.android.finsky.application.impl.a.dw(1487): No account configured on this device.
01-02 05:03:03.945 1241 3348 I chatty : uid=10018(com.android.vending) identical 1 line
01-02 05:03:03.946 1241 3348 W Finsky : [80] com.google.android.finsky.application.impl.a.dw(1487): No account configured on this device.
01-02 05:03:03.950 1241 1241 I Finsky : [2] com.google.android.finsky.verifier.impl.cs.a(10): Blacklist last update time: 1521706387471
01-02 05:03:03.956 1241 3349 W Finsky : [81] com.google.android.finsky.application.impl.a.dw(1487): No account configured on this device.
01-02 05:03:03.957 1241 3349 W Finsky : [81] com.google.android.finsky.application.impl.a.dw(1487): No account configured on this device.
01-02 05:03:03.968 1241 3348 W Finsky : [80] com.google.android.finsky.application.impl.a.dw(1487): No account configured on this device.
01-02 05:03:03.975 1241 1978 W Finsky : [64] com.google.android.finsky.application.impl.a.dw(1487): No account configured on this device.
01-02 05:03:03.980 1241 3348 W Finsky : [80] com.google.android.finsky.application.impl.a.dw(1487): No account configured on this device.
01-02 05:03:03.981 1241 3348 W Finsky : [80] com.google.android.finsky.application.impl.a.dw(1487): No account configured on this device.
01-02 05:03:03.985 1241 1241 W Finsky : [2] com.google.android.finsky.application.impl.a.dw(1487): No account configured on this device.
01-02 05:03:03.987 1241 1241 I Finsky : [2] com.google.android.finsky.verifier.impl.dr.c(191): Verifying id=1, result=1
01-02 05:03:03.989 1241 1241 W Finsky : [2] com.google.android.finsky.application.impl.a.dw(1487): No account configured on this device.
01-02 05:03:03.989 1241 1978 W Finsky : [64] com.google.android.finsky.application.impl.a.dw(1487): No account configured on this device.
01-02 05:03:03.990 1241 1241 W Finsky : [2] com.google.android.finsky.application.impl.a.dw(1487): No account configured on this device.
01-02 05:03:03.991 1241 1241 I Finsky : [2] com.google.android.finsky.verifier.impl.dr.c(208): Verification complete: id=1, package_name=org.qtproject.example.project
01-02 05:03:04.038 373 404 I PackageManager.DexOptimizer: Running dexopt (dexoptNeeded=1) on: /data/app/org.qtproject.example.project-1f3blLqvkvUX5EXmUift6g==/base.apk pkg=org.qtproject.example.project isa=arm64 dexoptFlags=boot_complete,debuggable,public target-filter=quicken oatDir=/data/app/org.qtproject.example.project-1f3blLqvkvUX5EXmUift6g==/oat sharedLibraries=PCL[]
01-02 05:03:04.059 3350 3350 I dex2oat : /system/bin/dex2oat --input-vdex-fd=-1 --output-vdex-fd=14 --compiler-filter=quicken --debuggable --classpath-dir=/data/app/org.qtproject.example.project-1f3blLqvkvUX5EXmUift6g== --class-loader-context=PCL[]
01-02 05:03:04.163 3350 3350 I dex2oat : dex2oat took 105.245ms (119.355ms cpu) (threads: 4) arena alloc=9KB (9344B) java alloc=245KB (251560B) native alloc=1342KB (1375208B) free=2MB (2819096B)
01-02 05:03:04.168 373 387 I ActivityManager: Force stopping org.qtproject.example.project appid=10004 user=-1: installPackageLI
01-02 05:03:04.219 373 404 I PackageManager: Package org.qtproject.example.project codePath changed from /data/app/org.qtproject.example.project-msmqXtK6ee8ShDBaTg3FAw== to /data/app/org.qtproject.example.project-1f3blLqvkvUX5EXmUift6g==; Retaining data and using new
01-02 05:03:04.219 373 404 W PackageManager: Code path for org.qtproject.example.project changing from /data/app/org.qtproject.example.project-msmqXtK6ee8ShDBaTg3FAw== to /data/app/org.qtproject.example.project-1f3blLqvkvUX5EXmUift6g==
01-02 05:03:04.219 373 404 W PackageManager: Resource path for org.qtproject.example.project changing from /data/app/org.qtproject.example.project-msmqXtK6ee8ShDBaTg3FAw== to /data/app/org.qtproject.example.project-1f3blLqvkvUX5EXmUift6g==
01-02 05:03:04.405 373 404 I zygote64: Explicit concurrent copying GC freed 96548(4MB) AllocSpace objects, 52(2MB) LOS objects, 42% free, 10MB/17MB, paused 61us total 83.274ms
01-02 05:03:04.420 262 429 E : Couldn't opendir /data/app/vmdl2012343282.tmp: No such file or directory
01-02 05:03:04.420 262 429 E installd: Failed to delete /data/app/vmdl2012343282.tmp: No such file or directory
01-02 05:03:04.420 373 404 I ActivityManager: Force stopping org.qtproject.example.project appid=10004 user=0: pkg removed
01-02 05:03:04.424 373 387 W BroadcastQueue: Background execution not allowed: receiving Intent { act=android.intent.action.PACKAGE_REMOVED dat=package:org.qtproject.example.project flg=0x4000010 (has extras) } to com.android.musicfx/.Compatibility$Receiver
01-02 05:03:04.430 373 443 I InputReader: Reconfiguring input devices. changes=0x00000010
01-02 05:03:04.430 1241 1241 W Finsky : [2] com.google.android.finsky.application.impl.a.dw(1487): No account configured on this device.
01-02 05:03:04.433 373 443 I InputReader: Reconfiguring input devices. changes=0x00000010
01-02 05:03:04.436 557 557 D ImsResolver: maybeAddedImsService, packageName: org.qtproject.example.project
01-02 05:03:04.437 557 557 D CarrierConfigLoader: mHandler: 9 phoneId: 0
01-02 05:03:04.437 373 443 I InputReader: Reconfiguring input devices. changes=0x00000010
01-02 05:03:04.437 1241 1241 W Finsky : [2] com.google.android.finsky.application.impl.a.dw(1487): No account configured on this device.
01-02 05:03:04.450 1241 1241 I chatty : uid=10018(com.android.vending) identical 8 lines
01-02 05:03:04.459 1241 1241 W Finsky : [2] com.google.android.finsky.application.impl.a.dw(1487): No account configured on this device.
01-02 05:03:04.461 830 1260 E NetworkScheduler: Unrecognised action provided: android.intent.action.PACKAGE_REMOVED
01-02 05:03:04.464 1241 1241 W Finsky : [2] com.google.android.finsky.application.impl.a.dw(1487): No account configured on this device.
01-02 05:03:04.465 1241 1241 W Finsky : [2] com.google.android.finsky.application.impl.a.dw(1487): No account configured on this device.
01-02 05:03:04.467 1241 3364 I Finsky : [84] com.google.android.finsky.splitinstallservice.ak.run(7): No active session in storage.
01-02 05:03:04.468 373 576 W BroadcastQueue: Background execution not allowed: receiving Intent { act=android.intent.action.PACKAGE_REMOVED dat=package:org.qtproject.example.project flg=0x4000010 (has extras) } to com.google.android.googlequicksearchbox/com.google.android.apps.gsa.googlequicksearchbox.GelStubAppWatcher
01-02 05:03:04.469 373 387 W BroadcastQueue: Background execution not allowed: receiving Intent { act=android.intent.action.PACKAGE_ADDED dat=package:org.qtproject.example.project flg=0x4000010 (has extras) } to com.android.musicfx/.Compatibility$Receiver
01-02 05:03:04.470 1241 1241 W Finsky : [2] com.google.android.finsky.application.impl.a.dw(1487): No account configured on this device.
01-02 05:03:04.478 1241 1241 I chatty : uid=10018(com.android.vending) identical 7 lines
01-02 05:03:04.479 1241 1241 W Finsky : [2] com.google.android.finsky.application.impl.a.dw(1487): No account configured on this device.
01-02 05:03:04.483 373 373 I Telecom : DefaultDialerCache: Refreshing default dialer for user 0: now null: DDC.oR@ABs
01-02 05:03:04.485 1241 1241 I Finsky : [2] com.google.android.finsky.wear.WearSupportService.onStartCommand(21): Starting WearSupportService for auto_install
01-02 05:03:04.488 1241 1241 I Finsky : [2] com.google.android.finsky.wear.ar.a(80): Connecting to wearable; initiated by: com.google.android.finsky.wear.WearSupportService
01-02 05:03:04.489 1241 1241 I Finsky : [2] com.google.android.finsky.externalreferrer.e.a(52): Package state data is missing for org.qtproject.example.project
01-02 05:03:04.490 1241 1241 W Finsky : [2] com.google.android.finsky.application.impl.a.dw(1487): No account configured on this device.
01-02 05:03:04.491 1241 1241 W Finsky : [2] com.google.android.finsky.application.impl.a.dw(1487): No account configured on this device.
01-02 05:03:04.495 830 830 I WearableService: Wearable Services not starting - Wear is not available on this device.
01-02 05:03:04.497 830 1017 W WearableService: onGetService - Wear is not available on this device.
01-02 05:03:04.498 1241 1241 E Finsky : [2] com.google.android.finsky.wear.au.a(3): onConnectionFailed: ConnectionResult{statusCode=API_UNAVAILABLE, resolution=null, message=null}
01-02 05:03:04.499 1241 1241 W Finsky : [2] com.google.android.finsky.wear.cd.run(12): Dropping command=auto_install due to Gms not connected
01-02 05:03:04.499 1241 1241 I Finsky : [2] com.google.android.finsky.wear.WearSupportService.b(67): Stopping WearSupportService
01-02 05:03:04.499 373 1139 W BroadcastQueue: Background execution not allowed: receiving Intent { act=android.intent.action.PACKAGE_ADDED dat=package:org.qtproject.example.project flg=0x4000010 (has extras) } to com.google.android.googlequicksearchbox/com.google.android.apps.gsa.googlequicksearchbox.GelStubAppWatcher
01-02 05:03:04.499 373 387 W BroadcastQueue: Background execution not allowed: receiving Intent { act=android.intent.action.PACKAGE_REPLACED dat=package:org.qtproject.example.project flg=0x4000010 (has extras) } to com.android.musicfx/.Compatibility$Receiver
01-02 05:03:04.500 373 387 W BroadcastQueue: Background execution not allowed: receiving Intent { act=android.intent.action.PACKAGE_REPLACED dat=package:org.qtproject.example.project flg=0x4000010 (has extras) } to com.google.android.apps.photos/.account.full.FetchAccountPropertiesAppUpgradeBroadcastReceiver
01-02 05:03:04.500 373 387 W BroadcastQueue: Background execution not allowed: receiving Intent { act=android.intent.action.PACKAGE_REPLACED dat=package:org.qtproject.example.project flg=0x4000010 (has extras) } to com.google.android.apps.photos/.backgroundsignin.BackgroundSignInBroadcastReceiver
01-02 05:03:04.500 373 387 W BroadcastQueue: Background execution not allowed: receiving Intent { act=android.intent.action.PACKAGE_REPLACED dat=package:org.qtproject.example.project flg=0x4000010 (has extras) } to com.google.android.apps.photos/.experiments.phenotype.full.PhenotypeAppUpgradeBroadcastReceiver
01-02 05:03:04.500 373 387 W BroadcastQueue: Background execution not allowed: receiving Intent { act=android.intent.action.PACKAGE_REPLACED dat=package:org.qtproject.example.project flg=0x4000010 (has extras) } to com.google.android.apps.photos/.notificationchannels.AppUpdateBroadcastReceiver
01-02 05:03:04.504 830 1260 E NetworkScheduler: Unrecognised action provided: android.intent.action.PACKAGE_REPLACED
01-02 05:03:04.509 373 576 W BroadcastQueue: Background execution not allowed: receiving Intent { act=android.intent.action.PACKAGE_REPLACED dat=package:org.qtproject.example.project flg=0x4000010 (has extras) } to com.google.android.googlequicksearchbox/com.google.android.apps.gsa.googlequicksearchbox.GelStubAppWatcher
01-02 05:03:04.545 1135 3367 I ChromeSync: [Sync,SyncIntentOperation] Handling the intent: Intent { act=android.intent.action.PACKAGE_ADDED dat=package:org.qtproject.example.project flg=0x4000010 cmp=com.google.android.gms/.chimera.GmsIntentOperationService (has extras) }.
01-02 05:03:04.545 1135 3367 I ChromeSync: [Persistence,AffiliationManager] Fetching affiliations from the server.
01-02 05:03:04.583 1135 3376 I FontsPackageChangeOp: Package org.qtproject.example.project has no metadata
01-02 05:03:04.601 1135 3371 I PeopleContactsSync: triggerPendingContactsCleanup: no accounts
01-02 05:03:04.636 373 1134 I ActivityManager: Force stopping org.qtproject.example.project appid=10004 user=0: from pid 3382
01-02 05:03:04.707 1135 1704 I Icing : IndexChimeraService.getServiceInterface callingPackage=com.google.android.gms componentName=AppsCorpus serviceId=36
01-02 05:03:04.708 1135 1674 I Icing : IndexChimeraService.getServiceInterface callingPackage=com.google.android.gms componentName=AppsCorpus serviceId=32
01-02 05:03:04.717 1135 3367 E ChromeSync: [Sync,SyncIntentOperation] Error handling the intent: Intent { act=android.intent.action.PACKAGE_ADDED dat=package:org.qtproject.example.project flg=0x4000010 cmp=com.google.android.gms/.chimera.GmsIntentOperationService (has extras) }.
01-02 05:03:04.749 1135 1232 I Icing : Usage reports ok 1, Failed Usage reports 0, indexed 0, rejected 0, imm upload false
01-02 05:03:04.760 1135 1232 I Icing : Usage reports ok 0, Failed Usage reports 0, indexed 0, rejected 0, imm upload false
01-02 05:03:04.782 1135 1704 I Icing : IndexChimeraService.getServiceInterface callingPackage=com.google.android.gms componentName=AppsCorpus serviceId=36
01-02 05:03:04.783 1135 1674 I Icing : IndexChimeraService.getServiceInterface callingPackage=com.google.android.gms componentName=AppsCorpus serviceId=32
01-02 05:03:04.797 1135 1264 I Icing : Usage reports ok 0, Failed Usage reports 0, indexed 0, rejected 0, imm upload false
01-02 05:03:04.806 1135 1264 I Icing : Usage reports ok 0, Failed Usage reports 0, indexed 0, rejected 0, imm upload false
01-02 05:03:05.764 1135 1273 I Icing : Indexing 497FF2F3047B2B4DE0AA4B574D93AB0741545168 from com.google.android.gms
01-02 05:03:05.807 1135 1273 I Icing : Indexing done 497FF2F3047B2B4DE0AA4B574D93AB0741545168
01-02 05:03:05.809 1135 1273 I Icing : Indexing 497FF2F3047B2B4DE0AA4B574D93AB0741545168 from com.google.android.gms
01-02 05:03:05.811 1135 1273 I Icing : Indexing done 497FF2F3047B2B4DE0AA4B574D93AB0741545168
01-02 05:03:07.146 373 577 I ActivityManager: START u0 {flg=0x10000000 cmp=org.qtproject.example.project/org.qtproject.qt5.android.bindings.QtActivity} from uid 2000
01-02 05:03:07.162 3598 3598 I zygote64: Late-enabling -Xcheck:jni
01-02 05:03:07.162 373 1006 I ActivityManager: Start proc 3598:org.qtproject.example.project/u0a4 for activity org.qtproject.example.project/org.qtproject.qt5.android.bindings.QtActivity
01-02 05:03:07.181 187 222 W gralloc : Unmapped producer usage 900
01-02 05:03:07.182 373 426 W gralloc : Unmapped producer usage 11
01-02 05:03:07.182 373 426 W gralloc : Unmapped consumer usage 1
01-02 05:03:07.216 187 221 W gralloc : Unmapped consumer usage 200
01-02 05:03:07.216 187 221 W gralloc : Unmapped producer usage 900
01-02 05:03:07.254 2193 2193 I MicroDetector: Keeping mic open: false
01-02 05:03:07.254 2193 2223 I AudioController: internalShutdown
01-02 05:03:07.254 2193 2223 I MicrophoneInputStream: mic_close com.google.android.apps.gsa.speech.audio.af@9379976
01-02 05:03:07.254 2193 2272 I DeviceStateChecker: DeviceStateChecker cancelled
01-02 05:03:07.254 2193 2273 I MicroRecognitionRunner: Stopping hotword detection.
01-02 05:03:07.274 259 345 I SoundTriggerHwService::Module: onCallbackEvent no clients
01-02 05:03:07.276 2193 2220 I MicroRecognitionRunner: Detection finished
01-02 05:03:07.417 3598 3598 W System : ClassLoader referenced unknown path:
01-02 05:03:07.483 3598 3622 W linker : "/data/data/org.qtproject.example.project/qt-reserved-files/plugins/platforms/android/libqtforandroid.so" has unsupported flags DT_FLAGS_1=0x80
01-02 05:03:07.483 3598 3622 W linker : "/data/app/org.qtproject.example.project-1f3blLqvkvUX5EXmUift6g==/lib/arm64/libQt5Gui.so" has unsupported flags DT_FLAGS_1=0x80
01-02 05:03:07.512 3598 3622 I Qt : qt started
01-02 05:03:07.534 3598 3598 D OpenGLRenderer: HWUI GL Pipeline
01-02 05:03:07.571 3598 3603 I zygote64: Do partial code cache collection, code=30KB, data=19KB
01-02 05:03:07.571 3598 3603 I zygote64: After code cache collection, code=30KB, data=19KB
01-02 05:03:07.571 3598 3603 I zygote64: Increasing code cache capacity to 128KB
01-02 05:03:07.782 3598 3603 I zygote64: Do partial code cache collection, code=59KB, data=55KB
01-02 05:03:07.782 3598 3603 I zygote64: After code cache collection, code=59KB, data=55KB
01-02 05:03:07.782 3598 3603 I zygote64: Increasing code cache capacity to 256KB
01-02 05:03:07.782 3598 3603 I zygote64: Compiler allocated 5MB to compile org.json.JSONObject org.qtproject.qt5.android.ExtractStyle.extractTextAppearanceInformations(java.lang.String, java.lang.String, android.util.AttributeSet, int)
01-02 05:03:07.965 542 542 D zz : UtWallpaperService$UtEngine.onVisibilityChanged() false
01-02 05:03:07.984 542 542 D zz : UtRenderer.onNotVisible()
01-02 05:03:08.102 3598 3603 I zygote64: Do full code cache collection, code=124KB, data=84KB
01-02 05:03:08.103 3598 3603 I zygote64: After code cache collection, code=115KB, data=69KB
01-02 05:03:08.327 3598 3603 I zygote64: Do partial code cache collection, code=124KB, data=81KB
01-02 05:03:08.328 3598 3603 I zygote64: After code cache collection, code=124KB, data=81KB
01-02 05:03:08.328 3598 3603 I zygote64: Increasing code cache capacity to 512KB
01-02 05:03:08.373 187 187 W gralloc : Unmapped producer usage 900
01-02 05:03:08.374 187 222 W gralloc : Unmapped producer usage 900
01-02 05:03:08.374 187 221 W gralloc : Unmapped producer usage 900
01-02 05:03:08.375 3598 3623 D NvOsDebugPrintf: NvRmPrivGetChipPlatform: Could not read platform information
01-02 05:03:08.375 3598 3623 D NvOsDebugPrintf: Expected on kernels without fuse support, using silicon
01-02 05:03:08.380 3598 3622 W linker : "/data/app/org.qtproject.example.project-1f3blLqvkvUX5EXmUift6g==/lib/arm64/libQt5Widgets.so" has unsupported flags DT_FLAGS_1=0x80
01-02 05:03:08.380 3598 3623 D vndksupport: Loading /vendor/lib64/hw/gralloc.tegra.so from current namespace instead of sphal namespace.
01-02 05:03:08.401 3598 3622 I QtCore : Start
01-02 05:03:08.413 162 162 W /system/bin/hwservicemanager: getTransport: Cannot find entry android.hardware.configstore@1.0::ISurfaceFlingerConfigs/default in either framework or device manifest.
01-02 05:03:08.414 3598 3623 I zygote64: android::hardware::configstore::V1_0::ISurfaceFlingerConfigs::hasWideColorDisplay retrieved: 0
01-02 05:03:08.414 3598 3623 I OpenGLRenderer: Initialized EGL, version 1.4
01-02 05:03:08.414 3598 3623 D OpenGLRenderer: Swap behavior 2
01-02 05:03:08.420 3598 3603 I zygote64: Compiler allocated 7MB to compile void android.widget.TextView.(android.content.Context, android.util.AttributeSet, int, int)
01-02 05:03:09.504 830 830 I WearableService: Wearable Services stopping
01-02 05:03:09.547 188 188 I WifiHAL : Got channel list with 13 channels
01-02 05:03:09.547 188 188 I WifiHAL : Got channel list with 4 channels
01-02 05:03:09.549 188 188 I WifiHAL : Got channel list with 15 channels
01-02 05:03:09.561 830 3629 E AppUsageEventWatcher: wrong time range: [1527269874796, 946785789561)
01-02 05:03:12.053 373 511 D WificondControl: Scan result ready event
01-02 05:03:12.077 373 453 W WifiConfigManager: Looking up network with invalid networkId -1
01-02 05:03:12.091 373 453 W WifiConfigManager: Looking up network with invalid networkId -1
01-02 05:03:12.094 373 1139 I WifiService: getConnectionInfo uid=10009
01-02 05:03:17.155 373 387 W ActivityManager: Launch timeout has expired, giving up wake lock!
01-02 05:03:17.206 373 386 E memtrack: Couldn't load memtrack module
01-02 05:03:17.206 373 386 W android.os.Debug: failed to get memory consumption info: -1
01-02 05:03:18.761 373 386 E memtrack: Couldn't load memtrack module
01-02 05:03:18.762 373 386 W android.os.Debug: failed to get memory consumption info: -1
01-02 05:03:34.468 373 386 E memtrack: Couldn't load memtrack module
01-02 05:03:34.469 373 386 W android.os.Debug: failed to get memory consumption info: -1
01-02 05:03:34.519 373 386 E memtrack: Couldn't load memtrack module
01-02 05:03:34.519 373 386 W android.os.Debug: failed to get memory consumption info: -1
01-02 05:03:37.372 259 2229 D audio_route: Apply path: speaker
01-02 05:03:37.375 259 2229 I audio_cras_dsp: pipeline created
01-02 05:03:37.375 259 2229 D /system/bin/audioserver: instantiate source
01-02 05:03:37.375 259 2229 D /system/bin/audioserver: instantiate drc
01-02 05:03:37.375 259 2229 D /system/bin/audioserver: instantiate eq2
01-02 05:03:37.375 259 2229 D /system/bin/audioserver: instantiate sink
01-02 05:03:37.375 259 2229 D /system/bin/audioserver: connect audio buf 0 to output_source:0 (out)
01-02 05:03:37.375 259 2229 D /system/bin/audioserver: connect audio buf 1 to output_source:1 (out)
01-02 05:03:37.375 259 2229 D /system/bin/audioserver: connect audio buf 0 to drc:0 (in)
01-02 05:03:37.375 259 2229 D /system/bin/audioserver: connect audio buf 1 to drc:1 (in)
01-02 05:03:37.375 259 2229 D /system/bin/audioserver: connect audio buf 0 to drc:2 (out)
01-02 05:03:37.375 259 2229 D /system/bin/audioserver: connect audio buf 1 to drc:3 (out)
01-02 05:03:37.375 259 2229 D /system/bin/audioserver: connect control (val=1) to drc:4 (in)
01-02 05:03:37.375 259 2229 D /system/bin/audioserver: connect control (val=0) to drc:5 (in)
01-02 05:03:37.375 259 2229 D /system/bin/audioserver: connect control (val=1) to drc:6 (in)
01-02 05:03:37.375 259 2229 D /system/bin/audioserver: connect control (val=-36) to drc:7 (in)
01-02 05:03:37.375 259 2229 D /system/bin/audioserver: connect control (val=18) to drc:8 (in)
01-02 05:03:37.375 259 2229 D /system/bin/audioserver: connect control (val=20) to drc:9 (in)
01-02 05:03:37.375 259 2229 D /system/bin/audioserver: connect control (val=0.003) to drc:10 (in)
01-02 05:03:37.375 259 2229 D /system/bin/audioserver: connect control (val=0.2) to drc:11 (in)
01-02 05:03:37.375 259 2229 D /system/bin/audioserver: connect control (val=3) to drc:12 (in)
01-02 05:03:37.375 259 2229 D /system/bin/audioserver: connect control (val=450) to drc:13 (in)
01-02 05:03:37.375 259 2229 D /system/bin/audioserver: connect control (val=1) to drc:14 (in)
01-02 05:03:37.375 259 2229 D /system/bin/audioserver: connect control (val=-33) to drc:15 (in)
01-02 05:03:37.375 259 2229 D /system/bin/audioserver: connect control (val=20) to drc:16 (in)
01-02 05:03:37.376 259 2229 D /system/bin/audioserver: connect control (val=23) to drc:17 (in)
01-02 05:03:37.376 259 2229 D /system/bin/audioserver: connect control (val=0.003) to drc:18 (in)
01-02 05:03:37.376 259 2229 D /system/bin/audioserver: connect control (val=0.2) to drc:19 (in)
01-02 05:03:37.376 259 2229 D /system/bin/audioserver: connect control (val=6) to drc:20 (in)
01-02 05:03:37.376 259 2229 D /system/bin/audioserver: connect control (val=2200) to drc:21 (in)
01-02 05:03:37.376 259 2229 D /system/bin/audioserver: connect control (val=1) to drc:22 (in)
01-02 05:03:37.376 259 2229 D /system/bin/audioserver: connect control (val=-18) to drc:23 (in)
01-02 05:03:37.376 259 2229 D /system/bin/audioserver: connect control (val=20) to drc:24 (in)
01-02 05:03:37.376 259 2229 D /system/bin/audioserver: connect control (val=6) to drc:25 (in)
01-02 05:03:37.376 259 2229 D /system/bin/audioserver: connect control (val=0.003) to drc:26 (in)
01-02 05:03:37.376 259 2229 D /system/bin/audioserver: connect control (val=0.2) to drc:27 (in)
01-02 05:03:37.376 259 2229 D /system/bin/audioserver: connect control (val=-1) to drc:28 (in)
01-02 05:03:37.376 259 2229 D /system/bin/audioserver: connect audio buf 0 to eq2:0 (in)
01-02 05:03:37.376 259 2229 D /system/bin/audioserver: connect audio buf 1 to eq2:1 (in)
01-02 05:03:37.376 259 2229 D /system/bin/audioserver: connect audio buf 0 to eq2:2 (out)
01-02 05:03:37.376 259 2229 D /system/bin/audioserver: connect audio buf 1 to eq2:3 (out)
01-02 05:03:37.376 259 2229 D /system/bin/audioserver: connect control (val=2) to eq2:4 (in)
01-02 05:03:37.376 259 2229 D /system/bin/audioserver: connect control (val=330) to eq2:5 (in)
01-02 05:03:37.376 259 2229 D /system/bin/audioserver: connect control (val=0) to eq2:6 (in)
01-02 05:03:37.376 259 2229 D /system/bin/audioserver: connect control (val=0) to eq2:7 (in)
01-02 05:03:37.376 259 2229 D /system/bin/audioserver: connect control (val=2) to eq2:8 (in)
01-02 05:03:37.376 259 2229 D /system/bin/audioserver: connect control (val=330) to eq2:9 (in)
01-02 05:03:37.376 259 2229 D /system/bin/audioserver: connect control (val=0) to eq2:10 (in)
01-02 05:03:37.376 259 2229 D /system/bin/audioserver: connect control (val=0) to eq2:11 (in)
01-02 05:03:37.376 259 2229 D /system/bin/audioserver: connect control (val=6) to eq2:12 (in)
01-02 05:03:37.376 259 2229 D /system/bin/audioserver: connect control (val=550) to eq2:13 (in)
01-02 05:03:37.376 259 2229 D /system/bin/audioserver: connect control (val=3) to eq2:14 (in)
01-02 05:03:37.376 259 2229 D /system/bin/audioserver: connect control (val=-10) to eq2:15 (in)
01-02 05:03:37.376 259 2229 D /system/bin/audioserver: connect control (val=6) to eq2:16 (in)
01-02 05:03:37.377 259 2229 D /system/bin/audioserver: connect control (val=550) to eq2:17 (in)
01-02 05:03:37.377 259 2229 D /system/bin/audioserver: connect control (val=3) to eq2:18 (in)
01-02 05:03:37.377 259 2229 D /system/bin/audioserver: connect control (val=-10) to eq2:19 (in)
01-02 05:03:37.377 259 2229 D /system/bin/audioserver: connect control (val=6) to eq2:20 (in)
01-02 05:03:37.377 259 2229 D /system/bin/audioserver: connect control (val=740) to eq2:21 (in)
01-02 05:03:37.377 259 2229 D /system/bin/audioserver: connect control (val=3) to eq2:22 (in)
01-02 05:03:37.377 259 2229 D /system/bin/audioserver: connect control (val=-8) to eq2:23 (in)
01-02 05:03:37.377 259 2229 D /system/bin/audioserver: connect control (val=6) to eq2:24 (in)
01-02 05:03:37.377 259 2229 D /system/bin/audioserver: connect control (val=750) to eq2:25 (in)
01-02 05:03:37.377 259 2229 D /system/bin/audioserver: connect control (val=3) to eq2:26 (in)
01-02 05:03:37.377 259 2229 D /system/bin/audioserver: connect control (val=-6) to eq2:27 (in)
01-02 05:03:37.377 259 2229 D /system/bin/audioserver: connect control (val=6) to eq2:28 (in)
01-02 05:03:37.377 259 2229 D /system/bin/audioserver: connect control (val=1000) to eq2:29 (in)
01-02 05:03:37.377 259 2229 D /system/bin/audioserver: connect control (val=3) to eq2:30 (in)
01-02 05:03:37.377 259 2229 D /system/bin/audioserver: connect control (val=-3) to eq2:31 (in)
01-02 05:03:37.377 259 2229 D /system/bin/audioserver: connect control (val=6) to eq2:32 (in)
01-02 05:03:37.377 259 2229 D /system/bin/audioserver: connect control (val=360) to eq2:33 (in)
01-02 05:03:37.377 259 2229 D /system/bin/audioserver: connect control (val=2) to eq2:34 (in)
01-02 05:03:37.377 259 2229 D /system/bin/audioserver: connect control (val=-4) to eq2:35 (in)
01-02 05:03:37.377 259 2229 D /system/bin/audioserver: connect control (val=6) to eq2:36 (in)
01-02 05:03:37.377 259 2229 D /system/bin/audioserver: connect control (val=1300) to eq2:37 (in)
01-02 05:03:37.377 259 2229 D /system/bin/audioserver: connect control (val=3) to eq2:38 (in)
01-02 05:03:37.377 259 2229 D /system/bin/audioserver: connect control (val=-4) to eq2:39 (in)
01-02 05:03:37.377 259 2229 D /system/bin/audioserver: connect control (val=6) to eq2:40 (in)
01-02 05:03:37.377 259 2229 D /system/bin/audioserver: connect control (val=1000) to eq2:41 (in)
01-02 05:03:37.377 259 2229 D /system/bin/audioserver: connect control (val=2) to eq2:42 (in)
01-02 05:03:37.377 259 2229 D /system/bin/audioserver: connect control (val=-4) to eq2:43 (in)
01-02 05:03:37.377 259 2229 D /system/bin/audioserver: connect control (val=6) to eq2:44 (in)
01-02 05:03:37.377 259 2229 D /system/bin/audioserver: connect control (val=360) to eq2:45 (in)
01-02 05:03:37.378 259 2229 D /system/bin/audioserver: connect control (val=1) to eq2:46 (in)
01-02 05:03:37.378 259 2229 D /system/bin/audioserver: connect control (val=-3) to eq2:47 (in)
01-02 05:03:37.378 259 2229 D /system/bin/audioserver: connect control (val=6) to eq2:48 (in)
01-02 05:03:37.378 259 2229 D /system/bin/audioserver: connect control (val=1200) to eq2:49 (in)
01-02 05:03:37.378 259 2229 D /system/bin/audioserver: connect control (val=2) to eq2:50 (in)
01-02 05:03:37.378 259 2229 D /system/bin/audioserver: connect control (val=-5) to eq2:51 (in)
01-02 05:03:37.378 259 2229 D /system/bin/audioserver: connect control (val=6) to eq2:52 (in)
01-02 05:03:37.378 259 2229 D /system/bin/audioserver: connect control (val=2200) to eq2:53 (in)
01-02 05:03:37.378 259 2229 D /system/bin/audioserver: connect control (val=7) to eq2:54 (in)
01-02 05:03:37.378 259 2229 D /system/bin/audioserver: connect control (val=-9) to eq2:55 (in)
01-02 05:03:37.378 259 2229 D /system/bin/audioserver: connect control (val=6) to eq2:56 (in)
01-02 05:03:37.378 259 2229 D /system/bin/audioserver: connect control (val=2200) to eq2:57 (in)
01-02 05:03:37.378 259 2229 D /system/bin/audioserver: connect control (val=7) to eq2:58 (in)
01-02 05:03:37.378 259 2229 D /system/bin/audioserver: connect control (val=-9) to eq2:59 (in)
01-02 05:03:37.378 259 2229 D /system/bin/audioserver: connect control (val=5) to eq2:60 (in)
01-02 05:03:37.378 259 2229 D /system/bin/audioserver: connect control (val=6000) to eq2:61 (in)
01-02 05:03:37.378 259 2229 D /system/bin/audioserver: connect control (val=0) to eq2:62 (in)
01-02 05:03:37.378 259 2229 D /system/bin/audioserver: connect control (val=-2) to eq2:63 (in)
01-02 05:03:37.378 259 2229 D /system/bin/audioserver: connect control (val=5) to eq2:64 (in)
01-02 05:03:37.378 259 2229 D /system/bin/audioserver: connect control (val=6000) to eq2:65 (in)
01-02 05:03:37.378 259 2229 D /system/bin/audioserver: connect control (val=1) to eq2:66 (in)
01-02 05:03:37.378 259 2229 D /system/bin/audioserver: connect control (val=-2) to eq2:67 (in)
01-02 05:03:37.378 259 2229 D /system/bin/audioserver: connect audio buf 0 to output_sink:0 (in)
01-02 05:03:37.378 259 2229 D /system/bin/audioserver: connect audio buf 1 to output_sink:1 (in)
01-02 05:03:37.403 373 1006 I ActivityManager: START u0 {flg=0x10804000 cmp=com.android.systemui/.recents.RecentsActivity} from uid 10023
01-02 05:03:37.407 187 222 W gralloc : Unmapped consumer usage 200
01-02 05:03:37.407 187 222 W gralloc : Unmapped producer usage 100
01-02 05:03:37.408 259 2229 W StreamHAL: Error from HAL stream in function get_presentation_position: Operation not permitted
01-02 05:03:37.412 187 221 W gralloc : Unmapped consumer usage 200
01-02 05:03:37.412 187 221 W gralloc : Unmapped producer usage 100
01-02 05:03:37.414 488 488 E BufferItemConsumer: [unnamed-488-0] Failed to release buffer: Unknown error -1 (1)
01-02 05:03:37.909 373 387 W ActivityManager: Activity pause timeout for ActivityRecord{72cb64c u0 org.qtproject.example.project/org.qtproject.qt5.android.bindings.QtActivity t76}
01-02 05:03:37.919 373 386 E memtrack: Couldn't load memtrack module
01-02 05:03:37.919 373 386 W android.os.Debug: failed to get memory consumption info: -1
01-02 05:03:37.944 187 187 W gralloc : Unmapped consumer usage 200
01-02 05:03:37.944 187 187 W gralloc : Unmapped producer usage 100
01-02 05:03:37.946 187 222 W gralloc : Unmapped consumer usage 200
01-02 05:03:37.946 187 222 W gralloc : Unmapped producer usage 100
01-02 05:03:37.947 488 488 E BufferItemConsumer: [unnamed-488-1] Failed to release buffer: Unknown error -1 (1)
01-02 05:03:37.948 373 386 E memtrack: Couldn't load memtrack module
01-02 05:03:37.948 373 386 W android.os.Debug: failed to get memory consumption info: -1
01-02 05:03:37.972 187 221 W gralloc : Unmapped producer usage 900
01-02 05:03:37.972 187 187 W gralloc : Unmapped producer usage 900
01-02 05:03:37.973 187 222 W gralloc : Unmapped producer usage 900
01-02 05:03:37.978 187 221 W gralloc : Unmapped consumer usage 200
01-02 05:03:37.978 187 221 W gralloc : Unmapped producer usage 900
01-02 05:03:37.988 542 542 D zz : UtWallpaperService$UtEngine.onVisibilityChanged() true
01-02 05:03:37.991 373 426 I WindowManager: Failed to capture screenshot of Token{85cf695 ActivityRecord{72cb64c u0 org.qtproject.example.project/org.qtproject.qt5.android.bindings.QtActivity t76}} appWin=Window{7ca005f u0 org.qtproject.example.project/org.qtproject.qt5.android.bindings.QtActivity} drawState=1
01-02 05:03:37.993 373 396 I ActivityManager: Displayed com.android.systemui/.recents.RecentsActivity: +582ms
01-02 05:03:37.994 187 187 W gralloc : Unmapped consumer usage 200
01-02 05:03:37.994 187 187 W gralloc : Unmapped producer usage 900
01-02 05:03:38.012 187 222 W gralloc : Unmapped consumer usage 200
01-02 05:03:38.012 187 222 W gralloc : Unmapped producer usage 900
01-02 05:03:38.108 542 542 D zz : UtRenderer.onVisible()
01-02 05:03:38.108 542 542 W zz : WeatherManager.doGet() no permissions
01-02 05:03:38.109 542 542 W zz : SunriseUtil.doGet() no permissions
01-02 05:03:38.109 542 542 V zz : TimelapseRenderer$1.onReceive() got sunrise broadcast - false
01-02 05:03:38.449 2193 2223 I PBSessionCacheImpl: Deleted sessionId[4544953317078] from persistence.
01-02 05:03:38.462 2193 2193 W SearchService: Abort, client detached.
01-02 05:03:38.516 830 2283 I Places : ?: PlacesBleScanner stop()
01-02 05:03:38.517 830 830 I BeaconBle: Places requested to stop scan
01-02 05:03:38.518 830 830 D BluetoothAdapter: disableBLE(): de-registering com.google.android.gms
01-02 05:03:38.518 373 1134 D BluetoothManagerService: Unregistered for death of com.google.android.gms
01-02 05:03:38.518 373 1134 D BluetoothManagerService: 0 registered Ble Apps
01-02 05:03:38.520 373 1134 D BluetoothManagerService: Reseting the mEnable flag for clean disable
01-02 05:03:38.521 830 2283 I PlaceInferenceEngine: [anon] Changed inference mode: 0
01-02 05:03:38.525 830 830 I BeaconBle: 'L' hardware scan: scan stopped, no clients
01-02 05:03:38.525 830 830 I BeaconBle: Scan canceled successfully.
01-02 05:03:38.526 830 1270 W GCoreFlp: No location to return for getLastLocation()
01-02 05:03:38.545 830 830 I GeofencerStateMachine: removeGeofences: removeRequest=RemoveGeofencingRequest[REMOVE_BY_PENDING_INTENT pendingIntent=PendingIntent[creatorPackage=com.google.android.gms], packageName=null]
01-02 05:03:43.476 2193 2282 I EventLogSendingHelper: Sending log events.
01-02 05:03:43.532 830 830 I BeaconBle: 'L' hardware scan: scan stopped, no clients
01-02 05:03:45.145 259 2229 D audio_route: Apply path: speaker
01-02 05:03:45.147 259 2229 I audio_cras_dsp: pipeline created
01-02 05:03:45.147 259 2229 D /system/bin/audioserver: instantiate source
01-02 05:03:45.148 259 2229 D /system/bin/audioserver: instantiate drc
01-02 05:03:45.148 259 2229 D /system/bin/audioserver: instantiate eq2
01-02 05:03:45.148 259 2229 D /system/bin/audioserver: instantiate sink
01-02 05:03:45.148 259 2229 D /system/bin/audioserver: connect audio buf 0 to output_source:0 (out)
01-02 05:03:45.148 259 2229 D /system/bin/audioserver: connect audio buf 1 to output_source:1 (out)
01-02 05:03:45.148 259 2229 D /system/bin/audioserver: connect audio buf 0 to drc:0 (in)
01-02 05:03:45.148 259 2229 D /system/bin/audioserver: connect audio buf 1 to drc:1 (in)
01-02 05:03:45.148 259 2229 D /system/bin/audioserver: connect audio buf 0 to drc:2 (out)
01-02 05:03:45.148 259 2229 D /system/bin/audioserver: connect audio buf 1 to drc:3 (out)
01-02 05:03:45.148 259 2229 D /system/bin/audioserver: connect control (val=1) to drc:4 (in)
01-02 05:03:45.148 259 2229 D /system/bin/audioserver: connect control (val=0) to drc:5 (in)
01-02 05:03:45.148 259 2229 D /system/bin/audioserver: connect control (val=1) to drc:6 (in)
01-02 05:03:45.148 259 2229 D /system/bin/audioserver: connect control (val=-36) to drc:7 (in)
01-02 05:03:45.148 259 2229 D /system/bin/audioserver: connect control (val=18) to drc:8 (in)
01-02 05:03:45.148 259 2229 D /system/bin/audioserver: connect control (val=20) to drc:9 (in)
01-02 05:03:45.148 259 2229 D /system/bin/audioserver: connect control (val=0.003) to drc:10 (in)
01-02 05:03:45.148 259 2229 D /system/bin/audioserver: connect control (val=0.2) to drc:11 (in)
01-02 05:03:45.148 259 2229 D /system/bin/audioserver: connect control (val=3) to drc:12 (in)
01-02 05:03:45.148 259 2229 D /system/bin/audioserver: connect control (val=450) to drc:13 (in)
01-02 05:03:45.148 259 2229 D /system/bin/audioserver: connect control (val=1) to drc:14 (in)
01-02 05:03:45.148 259 2229 D /system/bin/audioserver: connect control (val=-33) to drc:15 (in)
01-02 05:03:45.148 259 2229 D /system/bin/audioserver: connect control (val=20) to drc:16 (in)
01-02 05:03:45.148 259 2229 D /system/bin/audioserver: connect control (val=23) to drc:17 (in)
01-02 05:03:45.148 259 2229 D /system/bin/audioserver: connect control (val=0.003) to drc:18 (in)
01-02 05:03:45.148 259 2229 D /system/bin/audioserver: connect control (val=0.2) to drc:19 (in)
01-02 05:03:45.148 259 2229 D /system/bin/audioserver: connect control (val=6) to drc:20 (in)
01-02 05:03:45.148 259 2229 D /system/bin/audioserver: connect control (val=2200) to drc:21 (in)
01-02 05:03:45.148 259 2229 D /system/bin/audioserver: connect control (val=1) to drc:22 (in)
01-02 05:03:45.148 259 2229 D /system/bin/audioserver: connect control (val=-18) to drc:23 (in)
01-02 05:03:45.148 259 2229 D /system/bin/audioserver: connect control (val=20) to drc:24 (in)
01-02 05:03:45.149 259 2229 D /system/bin/audioserver: connect control (val=6) to drc:25 (in)
01-02 05:03:45.149 259 2229 D /system/bin/audioserver: connect control (val=0.003) to drc:26 (in)
01-02 05:03:45.149 259 2229 D /system/bin/audioserver: connect control (val=0.2) to drc:27 (in)
01-02 05:03:45.149 259 2229 D /system/bin/audioserver: connect control (val=-1) to drc:28 (in)
01-02 05:03:45.149 259 2229 D /system/bin/audioserver: connect audio buf 0 to eq2:0 (in)
01-02 05:03:45.149 259 2229 D /system/bin/audioserver: connect audio buf 1 to eq2:1 (in)
01-02 05:03:45.149 259 2229 D /system/bin/audioserver: connect audio buf 0 to eq2:2 (out)
01-02 05:03:45.149 259 2229 D /system/bin/audioserver: connect audio buf 1 to eq2:3 (out)
01-02 05:03:45.149 259 2229 D /system/bin/audioserver: connect control (val=2) to eq2:4 (in)
01-02 05:03:45.149 259 2229 D /system/bin/audioserver: connect control (val=330) to eq2:5 (in)
01-02 05:03:45.149 259 2229 D /system/bin/audioserver: connect control (val=0) to eq2:6 (in)
01-02 05:03:45.149 259 2229 D /system/bin/audioserver: connect control (val=0) to eq2:7 (in)
01-02 05:03:45.149 259 2229 D /system/bin/audioserver: connect control (val=2) to eq2:8 (in)
01-02 05:03:45.149 259 2229 D /system/bin/audioserver: connect control (val=330) to eq2:9 (in)
01-02 05:03:45.149 259 2229 D /system/bin/audioserver: connect control (val=0) to eq2:10 (in)
01-02 05:03:45.149 259 2229 D /system/bin/audioserver: connect control (val=0) to eq2:11 (in)
01-02 05:03:45.149 259 2229 D /system/bin/audioserver: connect control (val=6) to eq2:12 (in)
01-02 05:03:45.149 259 2229 D /system/bin/audioserver: connect control (val=550) to eq2:13 (in)
01-02 05:03:45.149 259 2229 D /system/bin/audioserver: connect control (val=3) to eq2:14 (in)
01-02 05:03:45.149 259 2229 D /system/bin/audioserver: connect control (val=-10) to eq2:15 (in)
01-02 05:03:45.149 259 2229 D /system/bin/audioserver: connect control (val=6) to eq2:16 (in)
01-02 05:03:45.149 259 2229 D /system/bin/audioserver: connect control (val=550) to eq2:17 (in)
01-02 05:03:45.149 259 2229 D /system/bin/audioserver: connect control (val=3) to eq2:18 (in)
01-02 05:03:45.149 259 2229 D /system/bin/audioserver: connect control (val=-10) to eq2:19 (in)
01-02 05:03:45.149 259 2229 D /system/bin/audioserver: connect control (val=6) to eq2:20 (in)
01-02 05:03:45.149 259 2229 D /system/bin/audioserver: connect control (val=740) to eq2:21 (in)
01-02 05:03:45.149 259 2229 D /system/bin/audioserver: connect control (val=3) to eq2:22 (in)
01-02 05:03:45.149 259 2229 D /system/bin/audioserver: connect control (val=-8) to eq2:23 (in)
01-02 05:03:45.150 259 2229 D /system/bin/audioserver: connect control (val=6) to eq2:24 (in)
01-02 05:03:45.150 259 2229 D /system/bin/audioserver: connect control (val=750) to eq2:25 (in)
01-02 05:03:45.150 259 2229 D /system/bin/audioserver: connect control (val=3) to eq2:26 (in)
01-02 05:03:45.150 259 2229 D /system/bin/audioserver: connect control (val=-6) to eq2:27 (in)
01-02 05:03:45.150 259 2229 D /system/bin/audioserver: connect control (val=6) to eq2:28 (in)
01-02 05:03:45.150 259 2229 D /system/bin/audioserver: connect control (val=1000) to eq2:29 (in)
01-02 05:03:45.150 259 2229 D /system/bin/audioserver: connect control (val=3) to eq2:30 (in)
01-02 05:03:45.150 259 2229 D /system/bin/audioserver: connect control (val=-3) to eq2:31 (in)
01-02 05:03:45.150 259 2229 D /system/bin/audioserver: connect control (val=6) to eq2:32 (in)
01-02 05:03:45.150 259 2229 D /system/bin/audioserver: connect control (val=360) to eq2:33 (in)
01-02 05:03:45.150 259 2229 D /system/bin/audioserver: connect control (val=2) to eq2:34 (in)
01-02 05:03:45.150 259 2229 D /system/bin/audioserver: connect control (val=-4) to eq2:35 (in)
01-02 05:03:45.150 259 2229 D /system/bin/audioserver: connect control (val=6) to eq2:36 (in)
01-02 05:03:45.150 259 2229 D /system/bin/audioserver: connect control (val=1300) to eq2:37 (in)
01-02 05:03:45.150 259 2229 D /system/bin/audioserver: connect control (val=3) to eq2:38 (in)
01-02 05:03:45.150 259 2229 D /system/bin/audioserver: connect control (val=-4) to eq2:39 (in)
01-02 05:03:45.150 259 2229 D /system/bin/audioserver: connect control (val=6) to eq2:40 (in)
01-02 05:03:45.150 259 2229 D /system/bin/audioserver: connect control (val=1000) to eq2:41 (in)
01-02 05:03:45.150 259 2229 D /system/bin/audioserver: connect control (val=2) to eq2:42 (in)
01-02 05:03:45.150 259 2229 D /system/bin/audioserver: connect control (val=-4) to eq2:43 (in)
01-02 05:03:45.150 259 2229 D /system/bin/audioserver: connect control (val=6) to eq2:44 (in)
01-02 05:03:45.150 259 2229 D /system/bin/audioserver: connect control (val=360) to eq2:45 (in)
01-02 05:03:45.150 259 2229 D /system/bin/audioserver: connect control (val=1) to eq2:46 (in)
01-02 05:03:45.150 259 2229 D /system/bin/audioserver: connect control (val=-3) to eq2:47 (in)
01-02 05:03:45.150 259 2229 D /system/bin/audioserver: connect control (val=6) to eq2:48 (in)
01-02 05:03:45.151 259 2229 D /system/bin/audioserver: connect control (val=1200) to eq2:49 (in)
01-02 05:03:45.151 259 2229 D /system/bin/audioserver: connect control (val=2) to eq2:50 (in)
01-02 05:03:45.151 259 2229 D /system/bin/audioserver: connect control (val=-5) to eq2:51 (in)
01-02 05:03:45.151 259 2229 D /system/bin/audioserver: connect control (val=6) to eq2:52 (in)
01-02 05:03:45.151 259 2229 D /system/bin/audioserver: connect control (val=2200) to eq2:53 (in)
01-02 05:03:45.151 259 2229 D /system/bin/audioserver: connect control (val=7) to eq2:54 (in)
01-02 05:03:45.151 259 2229 D /system/bin/audioserver: connect control (val=-9) to eq2:55 (in)
01-02 05:03:45.151 259 2229 D /system/bin/audioserver: connect control (val=6) to eq2:56 (in)
01-02 05:03:45.151 259 2229 D /system/bin/audioserver: connect control (val=2200) to eq2:57 (in)
01-02 05:03:45.151 259 2229 D /system/bin/audioserver: connect control (val=7) to eq2:58 (in)
01-02 05:03:45.151 259 2229 D /system/bin/audioserver: connect control (val=-9) to eq2:59 (in)
01-02 05:03:45.151 259 2229 D /system/bin/audioserver: connect control (val=5) to eq2:60 (in)
01-02 05:03:45.151 259 2229 D /system/bin/audioserver: connect control (val=6000) to eq2:61 (in)
01-02 05:03:45.151 259 2229 D /system/bin/audioserver: connect control (val=0) to eq2:62 (in)
01-02 05:03:45.151 259 2229 D /system/bin/audioserver: connect control (val=-2) to eq2:63 (in)
01-02 05:03:45.151 259 2229 D /system/bin/audioserver: connect control (val=5) to eq2:64 (in)
01-02 05:03:45.151 259 2229 D /system/bin/audioserver: connect control (val=6000) to eq2:65 (in)
01-02 05:03:45.151 259 2229 D /system/bin/audioserver: connect control (val=1) to eq2:66 (in)
01-02 05:03:45.151 259 2229 D /system/bin/audioserver: connect control (val=-2) to eq2:67 (in)
01-02 05:03:45.151 259 2229 D /system/bin/audioserver: connect audio buf 0 to output_sink:0 (in)
01-02 05:03:45.151 259 2229 D /system/bin/audioserver: connect audio buf 1 to output_sink:1 (in)
01-02 05:03:45.181 259 2229 W StreamHAL: Error from HAL stream in function get_presentation_position: Operation not permitted
01-02 05:03:45.466 373 509 I ActivityManager: Killing 3598:org.qtproject.example.project/u0a4 (adj 900): remove task
01-02 05:03:45.466 373 389 W zygote64: kill(-3598, 9) failed: No such process
01-02 05:03:45.471 373 1139 I ActivityManager: START u0 {act=android.intent.action.MAIN cat=[android.intent.category.HOME] flg=0x10200000 cmp=com.google.android.apps.pixelclauncher/com.google.android.apps.nexuslauncher.NexusLauncherActivity} from uid 10023
01-02 05:03:45.488 373 1134 I WindowManager: WIN DEATH: Window{7ca005f u0 org.qtproject.example.project/org.qtproject.qt5.android.bindings.QtActivity}
01-02 05:03:45.496 373 396 W ActivityManager: setHasOverlayUi called on unknown pid: 3598
01-02 05:03:45.499 187 221 W gralloc : Unmapped producer usage 900
01-02 05:03:45.500 187 187 W gralloc : Unmapped producer usage 900
01-02 05:03:45.500 187 222 W gralloc : Unmapped producer usage 900
01-02 05:03:45.510 373 389 W zygote64: kill(-3598, 9) failed: No such process
01-02 05:03:45.510 373 389 I zygote64: Successfully killed process cgroup uid 10004 pid 3598 in 43ms
01-02 05:03:45.511 187 221 W gralloc : Unmapped consumer usage 200
01-02 05:03:45.511 187 221 W gralloc : Unmapped producer usage 900
01-02 05:03:45.512 191 191 D SurfaceFlinger: duplicate layer name: changing com.google.android.apps.pixelclauncher/com.google.android.apps.nexuslauncher.NexusLauncherActivity to com.google.android.apps.pixelclauncher/com.google.android.apps.nexuslauncher.NexusLauncherActivity#1
01-02 05:03:45.515 187 187 W gralloc : Unmapped producer usage 900
01-02 05:03:45.516 187 222 W gralloc : Unmapped producer usage 900
01-02 05:03:45.516 187 221 W gralloc : Unmapped producer usage 900
01-02 05:03:45.531 187 187 W gralloc : Unmapped consumer usage 200
01-02 05:03:45.531 187 187 W gralloc : Unmapped producer usage 900
01-02 05:03:45.561 2193 2193 W SessionLifecycleManager: Handover failed. Creating new session controller.
01-02 05:03:45.563 2193 2193 I OptInState: There is a new client and it does not support opt-in. Dropping request.
01-02 05:03:45.571 373 1007 I WifiService: getWifiEnabledState uid=10025
01-02 05:03:45.571 2193 2223 W Settings: Setting mobile_data has moved from android.provider.Settings.Secure to android.provider.Settings.Global.
01-02 05:03:45.574 373 1134 I WifiService: getWifiEnabledState uid=10025
01-02 05:03:45.574 2193 2223 W Settings: Setting mobile_data has moved from android.provider.Settings.Secure to android.provider.Settings.Global.
01-02 05:03:45.577 488 3674 I zygote64: Explicit concurrent copying GC freed 33956(1558KB) AllocSpace objects, 0(0B) LOS objects, 50% free, 4MB/8MB, paused 71us total 81.992ms
01-02 05:03:45.577 2193 2193 I MicroDetectionWorker: #updateMicroDetector [detectionMode: [mDetectionMode: [1]]]
01-02 05:03:45.578 2193 2193 I MicroDetectionWorker: #startMicroDetector [speakerMode: 0]
01-02 05:03:45.583 2193 3680 W LocationOracle: No location history returned by ContextManager
01-02 05:03:45.584 2193 2220 I MicroRecognitionRunner: Starting detection.
01-02 05:03:45.584 2193 2223 I MicrophoneInputStream: mic_starting com.google.android.apps.gsa.speech.audio.af@c09e39c
01-02 05:03:45.587 259 3683 I AudioFlinger: AudioFlinger's thread 0xe4603b40 tid=3683 ready to run
01-02 05:03:45.591 2193 2193 I MicroDetectionWorker: onReady
01-02 05:03:45.594 259 345 I SoundTriggerHwService::Module: onCallbackEvent no clients
01-02 05:03:45.598 2193 2223 I MicrophoneInputStream: mic_started com.google.android.apps.gsa.speech.audio.af@c09e39c
01-02 05:03:45.608 259 3685 D audio_route: Apply path: voice-rec-mic
01-02 05:03:45.609 830 1270 W GCoreFlp: No location to return for getLastLocation()
01-02 05:03:45.619 830 1259 W ctxmgr : [AclManager]No 3 for (accnt=account#-517948760#, com.google.android.gms(10009):UserVelocityProducer, vrsn=12221946, 0, 3pPkg = null , 3pMdlId = null , pid = 830). Was: 3 for 1, account#-517948760#
