0:00:00.284362187 21124 0x7f7f64186a30 INFO   GST_PADS gstpad.c:2586:gst_pad_link_full: linked capsfilter3:src and decodepad8:proxypad44, successful
0:00:00.284228950 21124 0x7f7f280084f0 INFO   GST_PADS gstpad.c:4230:gst_pad_peer_query:<'':decodepad13> pad has no peer
0:00:00.284361720 21124 0x7f7f3c003680 INFO   GST_ELEMENT_PADS gstpad.c:2134:gst_pad_unlink: unlinking qtdemux7:video_0(0x7f7f300603b0) and decodepad16:proxypad54(0x5649ecbd4570)
0:00:00.284340835 21124 0x5649ec8000f0 INFO   GST_PADS gstpad.c:2586:gst_pad_link_full: linked capsfilter6:src and vaapipostproc0:sink, successful
0:00:00.284394378 21124 0x7f7f280084f0 INFO   basetransform gstbasetransform.c:1308:gst_base_transform_setcaps: reuse caps
0:00:00.284397490 21124 0x7f7f4c003c00 INFO   GST_ELEMENT_PADS gstelement.c:920:gst_element_get_static_pad: found pad qtdemux8:sink
0:00:00.284390076 21124 0x7f7f64186a30 INFO   GST_EVENT gstevent.c:1517:gst_event_new_reconfigure: creating reconfigure event
0:00:00.284431210 21124 0x7f7f4c003c00 INFO   GST_STATES gstelement.c:2651:gst_element_continue_state: committing state from NULL to READY, pending PAUSED, next PAUSED
0:00:00.284380332 21124 0x7f7f48003e80 INFO   GST_PADS gstpad.c:2586:gst_pad_link_full: linked capsfilter4:src and decodepad14:proxypad50, successful
0:00:00.284452902 21124 0x7f7f4c003c00 INFO   GST_STATES gstelement.c:2579:_priv_gst_element_state_changed: notifying about state-changed NULL to READY (PAUSED pending)
0:00:00.284470224 21124 0x7f7f4c003c00 INFO   GST_STATES gstelement.c:2658:gst_element_continue_state: continue state change READY to PAUSED, final PAUSED
0:00:00.284478824 21124 0x7f7f4c003c00 INFO   GST_STATES gstelement.c:2676:gst_element_continue_state: completed state change to PAUSED
0:00:00.284485855 21124 0x7f7f4c003c00 INFO   GST_STATES gstelement.c:2579:_priv_gst_element_state_changed: notifying about state-changed READY to PAUSED (VOID_PENDING pending)
0:00:00.284544320 21124 0x7f7f4c003c00 INFO   GST_PADS gstpad.c:2378:gst_pad_link_prepare: trying to link qtdemux8:video_0 and decodepad17:proxypad57
0:00:00.284552778 21124 0x7f7f4c003c00 INFO   GST_PADS gstpad.c:2586:gst_pad_link_full: linked qtdemux8:video_0 and decodepad17:proxypad57, successful
0:00:00.284557316 21124 0x7f7f4c003c00 INFO   GST_EVENT gstevent.c:1517:gst_event_new_reconfigure: creating reconfigure event
0:00:00.284579944 21124 0x7f7f4c003c00 INFO   GST_ELEMENT_PADS gstelement.c:920:gst_element_get_static_pad: found pad audio-output-bin:sink
0:00:00.284685742 21124 0x5649ec8000f0 INFO   GST_EVENT gstevent.c:1517:gst_event_new_reconfigure: creating reconfigure event
0:00:00.284696273 21124 0x5649ec8000f0 INFO   GST_EVENT gstpad.c:5785:gst_pad_send_event_unchecked: Received event on flushing pad. Discarding
0:00:00.284434080 21124 0x7f7f64186a30 INFO   GST_ELEMENT_PADS gstpad.c:2134:gst_pad_unlink: unlinking capsfilter3:src(0x7f7f40046ca0) and decodepad8:proxypad44(0x5649ecb0ee90)
0:00:00.284721560 21124 0x5649ec8000f0 INFO   GST_STATES gstelement.c:2676:gst_element_continue_state: completed state change to READY
0:00:00.284448999 21124 0x7f7f40004d40 INFO   GST_PADS gstpad.c:2586:gst_pad_link_full: linked qtdemux6:video_0 and multiqueue6:sink_0, successful
0:00:00.284743761 21124 0x7f7f40004d40 INFO   GST_EVENT gstevent.c:1517:gst_event_new_reconfigure: creating reconfigure event
0:00:00.282756605 21124 0x5649ec8bcca0 INFO   GST_ELEMENT_PADS gstelement.c:920:gst_element_get_static_pad: found pad video-output-bin:sink
0:00:00.284730575 21124 0x7f7f64186a30 INFO   GST_ELEMENT_PADS gstpad.c:2188:gst_pad_unlink: unlinked capsfilter3:src and decodepad8:proxypad44
0:00:00.284732639 21124 0x5649ec8000f0 INFO   GST_STATES gstelement.c:2579:_priv_gst_element_state_changed: notifying about state-changed NULL to READY (VOID_PENDING pending)
0:00:00.284773436 21124 0x7f7f64186a30 INFO   GST_PADS gstpad.c:2378:gst_pad_link_prepare: trying to link capsfilter3:src and decodepad8:proxypad44
0:00:00.284782706 21124 0x7f7f64186a30 INFO   GST_PADS gstpad.c:2586:gst_pad_link_full: linked capsfilter3:src and decodepad8:proxypad44, successful
0:00:00.284746899 21124 0x7f7f48003e80 INFO   GST_EVENT gstevent.c:1517:gst_event_new_reconfigure: creating reconfigure event
0:00:00.284827895 21124 0x7f7f48003e80 INFO   GST_ELEMENT_PADS gstpad.c:2134:gst_pad_unlink: unlinking capsfilter4:src(0x7f7f3c037370) and decodepad14:proxypad50(0x5649ecbb1390)
0:00:00.284861771 21124 0x7f7f48003e80 INFO   GST_ELEMENT_PADS gstpad.c:2188:gst_pad_unlink: unlinked capsfilter4:src and decodepad14:proxypad50
0:00:00.284879925 21124 0x7f7f48003e80 INFO   GST_PADS gstpad.c:2378:gst_pad_link_prepare: trying to link capsfilter4:src and decodepad14:proxypad50
0:00:00.284887946 21124 0x7f7f48003e80 INFO   GST_PADS gstpad.c:2586:gst_pad_link_full: linked capsfilter4:src and decodepad14:proxypad50, successful
0:00:00.284892821 21124 0x7f7f48003e80 INFO   GST_EVENT gstevent.c:1517:gst_event_new_reconfigure: creating reconfigure event
0:00:00.284435975 21124 0x7f7f280084f0 INFO   GST_EVENT gstevent.c:814:gst_event_new_caps: creating caps event video/x-h264, stream-format=(string)avc, alignment=(string)au, level=(string)3, profile=(string)constrained-baseline, codec_data=(buffer)0142c01effe1001b6742c01e9e218118534d40404050000003001000000303c8f162ee01000568ce06cb20, width=(int)560, height=(int)320, framerate=(fraction)30/1, pixel-aspect-ratio=(fraction)1/1, interlace-mode=(string)progressive, chroma-format=(string)4:2:0, bit-depth-luma=(uint)8, bit-depth-chroma=(uint)8, parsed=(boolean)true
0:00:00.284783633 21124 0x5649ec8000f0 INFO   GST_STATES gstelement.c:2676:gst_element_continue_state: completed state change to READY
0:00:00.284789734 21124 0x7f7f64186a30 INFO   GST_EVENT gstevent.c:1517:gst_event_new_reconfigure: creating reconfigure event
0:00:00.284927038 21124 0x7f7f48003e80 INFO   GST_ELEMENT_PADS gstelement.c:920:gst_element_get_static_pad: found pad video-output-bin:sink
0:00:00.284925301 21124 0x5649ec8000f0 INFO   GST_STATES gstelement.c:2579:_priv_gst_element_state_changed: notifying about state-changed NULL to READY (VOID_PENDING pending)
0:00:00.284960648 21124 0x5649ec8000f0 INFO   GST_ELEMENT_PADS gstelement.c:920:gst_element_get_static_pad: found pad vaapidecodebin0:src
0:00:00.284402780 21124 0x7f7f3c003680 INFO   GST_ELEMENT_PADS gstpad.c:2188:gst_pad_unlink: unlinked qtdemux7:video_0 and decodepad16:proxypad54
0:00:00.284995664 21124 0x5649ec8000f0 INFO   GST_ELEMENT_PADS gstpad.c:2134:gst_pad_unlink: unlinking vaapi-queue:src(0x7f7f3c037cb0) and src:proxypad53(0x5649ecbd5150)
0:00:00.285062763 21124 0x5649ec8000f0 INFO   GST_ELEMENT_PADS gstpad.c:2188:gst_pad_unlink: unlinked vaapi-queue:src and src:proxypad53
0:00:00.285087583 21124 0x7f7f48003e80 INFO   GST_ELEMENT_PADS gstpad.c:2134:gst_pad_unlink: unlinking capsfilter4:src(0x7f7f3c037370) and decodepad14:proxypad50(0x5649ecbb1390)
0:00:00.285092838 21124 0x5649ec8000f0 INFO   GST_ELEMENT_PADS gstelement.c:920:gst_element_get_static_pad: found pad vaapi-queue:src
0:00:00.285138008 21124 0x7f7f48003e80 INFO   GST_ELEMENT_PADS gstpad.c:2188:gst_pad_unlink: unlinked capsfilter4:src and decodepad14:proxypad50
0:00:00.285139749 21124 0x5649ec8000f0 INFO   GST_ELEMENT_PADS gstelement.c:920:gst_element_get_static_pad: found pad capsfilter6:sink
0:00:00.285167071 21124 0x7f7f48003e80 INFO   GST_ELEMENT_FACTORY gstelementfactory.c:361:gst_element_factory_create: creating element "vaapidecodebin"
0:00:00.285172850 21124 0x7f7f3c003680 INFO   GST_ELEMENT_PADS gstelement.c:670:gst_element_add_pad: adding pad 'src_0'
0:00:00.285241350 21124 0x7f7f40004d40 INFO   GST_PADS gstpad.c:2378:gst_pad_link_prepare: trying to link multiqueue6:src_0 and decodepad15:proxypad51
0:00:00.285264244 21124 0x7f7f3c003680 INFO   GST_ELEMENT_PADS gstelement.c:670:gst_element_add_pad: adding pad 'sink_0'
0:00:00.285282888 21124 0x7f7f40004d40 INFO   GST_PADS gstpad.c:2586:gst_pad_link_full: linked multiqueue6:src_0 and decodepad15:proxypad51, successful
0:00:00.285296963 21124 0x7f7f40004d40 INFO   GST_EVENT gstevent.c:1517:gst_event_new_reconfigure: creating reconfigure event
0:00:00.284963462 21124 0x5649ec8bcca0 INFO   GST_ELEMENT_PADS gstpad.c:2134:gst_pad_unlink: unlinking capsfilter0:src(0x7f7f30012f30) and decodepad9:proxypad45(0x5649ecba62e0)
0:00:00.285176028 21124 0x5649ec8000f0 INFO   GST_PADS gstpad.c:2378:gst_pad_link_prepare: trying to link vaapi-queue:src and capsfilter6:sink
0:00:00.285364840 21124 0x7f7f40004d40 INFO   GST_ELEMENT_PADS gstpad.c:2134:gst_pad_unlink: unlinking multiqueue6:src_0(0x7f7f400475e0) and decodepad15:proxypad51(0x5649ecbbf170)
0:00:00.285397374 21124 0x7f7f40004d40 INFO   GST_ELEMENT_PADS gstpad.c:2188:gst_pad_unlink: unlinked multiqueue6:src_0 and decodepad15:proxypad51
0:00:00.285407426 21124 0x5649ec8000f0 INFO   GST_PADS gstpad.c:4230:gst_pad_peer_query: pad has no peer
0:00:00.285412729 21124 0x7f7f3c003680 INFO   task gsttask.c:457:gst_task_set_lock: setting stream lock 0x7f7f300608c0 on task 0x7f7f04014290
0:00:00.285462210 21124 0x7f7f3c003680 INFO   GST_PADS gstpad.c:6131:gst_pad_start_task: created task 0x7f7f04014290
0:00:00.285880924 21124 0x7f7f3c003680 INFO   GST_PADS gstpad.c:2378:gst_pad_link_prepare: trying to link qtdemux7:video_0 and multiqueue7:sink_0
0:00:00.285942690 21124 0x7f7f3c003680 INFO   GST_PADS gstpad.c:2586:gst_pad_link_full: linked qtdemux7:video_0 and multiqueue7:sink_0, successful
0:00:00.285967137 21124 0x7f7f3c003680 INFO   GST_EVENT gstevent.c:1517:gst_event_new_reconfigure: creating reconfigure event
0:00:00.286058509 21124 0x7f7f64186a30 INFO   GST_ELEMENT_PADS gstelement.c:920:gst_element_get_static_pad: found pad video-output-bin:sink
0:00:00.285365059 21124 0x5649ec8bcca0 INFO   GST_ELEMENT_PADS gstpad.c:2188:gst_pad_unlink: unlinked capsfilter0:src and decodepad9:proxypad45
0:00:00.286103044 21124 0x7f7f3c003680 INFO   GST_PADS gstpad.c:2378:gst_pad_link_prepare: trying to link multiqueue7:src_0 and decodepad16:proxypad54
0:00:00.286225687 21124 0x5649ec8bcca0 INFO   GST_PADS gstpad.c:2378:gst_pad_link_prepare: trying to link capsfilter0:src and decodepad9:proxypad45
0:00:00.286234216 21124 0x7f7f3c003680 INFO   GST_PADS gstpad.c:2586:gst_pad_link_full: linked multiqueue7:src_0 and decodepad16:proxypad54, successful
0:00:00.286273831 21124 0x5649ec8bcca0 INFO   GST_PADS gstpad.c:2586:gst_pad_link_full: linked capsfilter0:src and decodepad9:proxypad45, successful
0:00:00.286292481 21124 0x5649ec8bcca0 INFO   GST_EVENT gstevent.c:1517:gst_event_new_reconfigure: creating reconfigure event
0:00:00.286348738 21124 0x7f7f48003e80 INFO   GST_ELEMENT_PADS gstelement.c:670:gst_element_add_pad: adding pad 'sink'
0:00:00.286301174 21124 0x7f7f3c003680 INFO   GST_EVENT gstevent.c:1517:gst_event_new_reconfigure: creating reconfigure event
0:00:00.286236183 21124 0x5649ec8000f0 INFO   GST_PADS gstpad.c:2586:gst_pad_link_full: linked vaapi-queue:src and capsfilter6:sink, successful
0:00:00.286479604 21124 0x5649ec8000f0 INFO   GST_EVENT gstevent.c:1517:gst_event_new_reconfigure: creating reconfigure event
0:00:00.286487613 21124 0x7f7f3c003680 INFO   GST_ELEMENT_PADS gstpad.c:2134:gst_pad_unlink: unlinking multiqueue7:src_0(0x7f7f30060850) and decodepad16:proxypad54(0x5649ecbd4570)
0:00:00.286514339 21124 0x7f7f3c003680 INFO   GST_ELEMENT_PADS gstpad.c:2188:gst_pad_unlink: unlinked multiqueue7:src_0 and decodepad16:proxypad54
0:00:00.286519314 21124 0x7f7f64186a30 INFO   GST_ELEMENT_PADS gstpad.c:2134:gst_pad_unlink: unlinking capsfilter3:src(0x7f7f40046ca0) and decodepad8:proxypad44(0x5649ecb0ee90)
0:00:00.286543112 21124 0x5649ec8bcca0 INFO   GST_ELEMENT_PADS gstpad.c:2134:gst_pad_unlink: unlinking capsfilter0:src(0x7f7f30012f30) and decodepad9:proxypad45(0x5649ecba62e0)
0:00:00.286513065 21124 0x5649ec8000f0 INFO   GST_EVENT gstpad.c:5785:gst_pad_send_event_unchecked: Received event on flushing pad. Discarding
0:00:00.286594342 21124 0x5649ec8bcca0 INFO   GST_ELEMENT_PADS gstpad.c:2188:gst_pad_unlink: unlinked capsfilter0:src and decodepad9:proxypad45
0:00:00.286624976 21124 0x5649ec8bcca0 INFO   GST_PADS gstpad.c:2378:gst_pad_link_prepare: trying to link capsfilter0:src and decodepad9:proxypad45
0:00:00.286625329 21124 0x5649ec8000f0 INFO   GST_ELEMENT_PADS gstelement.c:920:gst_element_get_static_pad: found pad vaapipostproc0:src
0:00:00.286645734 21124 0x7f7f64186a30 INFO   GST_ELEMENT_PADS gstpad.c:2188:gst_pad_unlink: unlinked capsfilter3:src and decodepad8:proxypad44
0:00:00.286664866 21124 0x7f7f3c003680 INFO   GST_PADS gstpad.c:2378:gst_pad_link_prepare: trying to link multiqueue7:src_0 and decodepad16:proxypad54
0:00:00.286647257 21124 0x5649ec8bcca0 INFO   GST_PADS gstpad.c:2586:gst_pad_link_full: linked capsfilter0:src and decodepad9:proxypad45, successful
0:00:00.285416896 21124 0x7f7f40004d40 INFO   GST_PADS gstpad.c:2378:gst_pad_link_prepare: trying to link multiqueue6:src_0 and decodepad15:proxypad51
0:00:00.286705111 21124 0x7f7f3c003680 INFO   GST_PADS gstpad.c:2586:gst_pad_link_full: linked multiqueue7:src_0 and decodepad16:proxypad54, successful
0:00:00.286771120 21124 0x7f7f3c003680 INFO   GST_EVENT gstevent.c:1517:gst_event_new_reconfigure: creating reconfigure event
0:00:00.286722213 21124 0x7f7f64186a30 INFO   GST_ELEMENT_FACTORY gstelementfactory.c:361:gst_element_factory_create: creating element "vaapidecodebin"
0:00:00.286675505 21124 0x5649ec8000f0 INFO   GST_PADS gstpad.c:2378:gst_pad_link_prepare: trying to link vaapipostproc0:src and src:proxypad53
0:00:00.286780062 21124 0x5649ec8bcca0 INFO   GST_EVENT gstevent.c:1517:gst_event_new_reconfigure: creating reconfigure event
0:00:00.286897578 21124 0x7f7f3c003680 INFO   GST_ELEMENT_PADS gstpad.c:2134:gst_pad_unlink: unlinking multiqueue7:src_0(0x7f7f30060850) and decodepad16:proxypad54(0x5649ecbd4570)
0:00:00.286825084 21124 0x5649ec8000f0 INFO   GST_PADS gstpad.c:2586:gst_pad_link_full: linked vaapipostproc0:src and src:proxypad53, successful
0:00:00.287008653 21124 0x5649ec8000f0 INFO   GST_EVENT gstevent.c:1517:gst_event_new_reconfigure: creating reconfigure event
0:00:00.287032195 21124 0x5649ec8000f0 INFO   GST_EVENT gstpad.c:5785:gst_pad_send_event_unchecked: Received event on flushing pad. Discarding
0:00:00.286975140 21124 0x7f7f3c003680 INFO   GST_ELEMENT_PADS gstpad.c:2188:gst_pad_unlink: unlinked multiqueue7:src_0 and decodepad16:proxypad54
0:00:00.287062164 21124 0x5649ec8bcca0 INFO   GST_ELEMENT_PADS gstelement.c:920:gst_element_get_static_pad: found pad video-output-bin:sink
0:00:00.287071488 21124 0x7f7f3c003680 INFO   GST_ELEMENT_FACTORY gstelementfactory.c:361:gst_element_factory_create: creating element "h264parse"
0:00:00.285204704 21124 0x7f7f280084f0 INFO   GST_ELEMENT_PADS gstpad.c:2134:gst_pad_unlink: unlinking capsfilter5:src(0x7f7f3c036a30) and decodepad13:proxypad49(0x5649ecbb0a10)
0:00:00.287166447 21124 0x7f7f48003e80 INFO   GST_ELEMENT_PADS gstelement.c:670:gst_element_add_pad: adding pad 'src'
0:00:00.287176305 21124 0x7f7f40004d40 INFO   GST_PADS gstpad.c:2586:gst_pad_link_full: linked multiqueue6:src_0 and decodepad15:proxypad51, successful
0:00:00.287297087 21124 0x7f7f64186a30 INFO   GST_ELEMENT_PADS gstelement.c:670:gst_element_add_pad: adding pad 'sink'
0:00:00.287352987 21124 0x7f7f3c003680 INFO   GST_ELEMENT_PADS gstelement.c:670:gst_element_add_pad: adding pad 'sink'
0:00:00.287405859 21124 0x7f7f280084f0 INFO   GST_ELEMENT_PADS gstpad.c:2188:gst_pad_unlink: unlinked capsfilter5:src and decodepad13:proxypad49
0:00:00.287495485 21124 0x7f7f3c003680 INFO   GST_ELEMENT_PADS gstelement.c:670:gst_element_add_pad: adding pad 'src'
0:00:00.287417621 21124 0x7f7f40004d40 INFO   GST_EVENT gstevent.c:1517:gst_event_new_reconfigure: creating reconfigure event
0:00:00.287435395 21124 0x5649ec8bcca0 INFO   GST_ELEMENT_PADS gstpad.c:2134:gst_pad_unlink: unlinking capsfilter0:src(0x7f7f30012f30) and decodepad9:proxypad45(0x5649ecba62e0)
0:00:00.287492810 21124 0x7f7f64186a30 INFO   GST_ELEMENT_PADS gstelement.c:670:gst_element_add_pad: adding pad 'src'
0:00:00.287593469 21124 0x5649ec8bcca0 INFO   GST_ELEMENT_PADS gstpad.c:2188:gst_pad_unlink: unlinked capsfilter0:src and decodepad9:proxypad45
0:00:00.287467012 21124 0x7f7f48003e80 INFO   GST_ELEMENT_PADS gstelement.c:920:gst_element_get_static_pad: found pad (null):sink
0:00:00.287639460 21124 0x7f7f280084f0 INFO   GST_PADS gstpad.c:2378:gst_pad_link_prepare: trying to link capsfilter5:src and decodepad13:proxypad49
0:00:00.287650284 21124 0x5649ec8bcca0 INFO   GST_ELEMENT_FACTORY gstelementfactory.c:361:gst_element_factory_create: creating element "vaapidecodebin"
0:00:00.287661066 21124 0x7f7f64186a30 INFO   GST_ELEMENT_PADS gstelement.c:920:gst_element_get_static_pad: found pad (null):sink
0:00:00.287703112 21124 0x7f7f48003e80 INFO   GST_ELEMENT_PADS gstelement.c:920:gst_element_get_static_pad: found pad (null):src
0:00:00.287767884 21124 0x7f7f3c003680 INFO   baseparse gstbaseparse.c:3961:gst_base_parse_set_pts_interpolation: PTS interpolation: no
0:00:00.287779092 21124 0x7f7f280084f0 INFO   GST_PADS gstpad.c:2586:gst_pad_link_full: linked capsfilter5:src and decodepad13:proxypad49, successful
0:00:00.287928024 21124 0x7f7f48003e80 INFO   GST_ELEMENT_FACTORY gstelementfactory.c:359:gst_element_factory_create: creating element "queue" named "vaapi-queue"
0:00:00.287853264 21124 0x7f7f64186a30 INFO   GST_ELEMENT_PADS gstelement.c:920:gst_element_get_static_pad: found pad (null):src
0:00:00.287933744 21124 0x7f7f280084f0 INFO   GST_EVENT gstevent.c:1517:gst_event_new_reconfigure: creating reconfigure event
0:00:00.287959632 21124 0x5649ec8bcca0 INFO   GST_ELEMENT_PADS gstelement.c:670:gst_element_add_pad: adding pad 'sink'
0:00:00.288010390 21124 0x7f7f64186a30 INFO   GST_ELEMENT_FACTORY gstelementfactory.c:359:gst_element_factory_create: creating element "queue" named "vaapi-queue"
0:00:00.288063453 21124 0x7f7f3c003680 INFO   GST_PADS gstpad.c:2378:gst_pad_link_prepare: trying to link multiqueue7:src_0 and h264parse6:sink
0:00:00.288090930 21124 0x7f7f3c003680 INFO   GST_PADS gstpad.c:2586:gst_pad_link_full: linked multiqueue7:src_0 and h264parse6:sink, successful
0:00:00.288105918 21124 0x7f7f3c003680 INFO   GST_EVENT gstevent.c:1517:gst_event_new_reconfigure: creating reconfigure event
0:00:00.287075511 21124 0x5649ec8000f0 INFO   GST_STATES gstelement.c:2676:gst_element_continue_state: completed state change to READY
0:00:00.288146657 21124 0x7f7f48003e80 INFO   GST_ELEMENT_PADS gstelement.c:670:gst_element_add_pad: adding pad 'sink'
0:00:00.288125138 21124 0x5649ec8bcca0 INFO   GST_ELEMENT_PADS gstelement.c:670:gst_element_add_pad: adding pad 'src'
0:00:00.287804807 21124 0x7f7f40004d40 INFO   GST_ELEMENT_PADS gstpad.c:2134:gst_pad_unlink: unlinking multiqueue6:src_0(0x7f7f400475e0) and decodepad15:proxypad51(0x5649ecbbf170)
0:00:00.288116897 21124 0x7f7f280084f0 INFO   GST_ELEMENT_PADS gstelement.c:920:gst_element_get_static_pad: found pad audio-output-bin:sink
0:00:00.288196159 21124 0x7f7f3c003680 INFO   GST_STATES gstelement.c:2676:gst_element_continue_state: completed state change to READY
0:00:00.288298199 21124 0x7f7f3c003680 INFO   GST_STATES gstelement.c:2579:_priv_gst_element_state_changed: notifying about state-changed NULL to READY (VOID_PENDING pending)
0:00:00.288165427 21124 0x7f7f64186a30 INFO   GST_ELEMENT_PADS gstelement.c:670:gst_element_add_pad: adding pad 'sink'
0:00:00.288225275 21124 0x7f7f48003e80 INFO   GST_ELEMENT_PADS gstelement.c:670:gst_element_add_pad: adding pad 'src'
0:00:00.288371931 21124 0x7f7f3c003680 INFO   GST_ELEMENT_PADS gstelement.c:920:gst_element_get_static_pad: found pad h264parse6:src
0:00:00.288275551 21124 0x5649ec8000f0 INFO   GST_STATES gstelement.c:2579:_priv_gst_element_state_changed: notifying about state-changed NULL to READY (VOID_PENDING pending)
0:00:00.288275653 21124 0x7f7f40004d40 INFO   GST_ELEMENT_PADS gstpad.c:2188:gst_pad_unlink: unlinked multiqueue6:src_0 and decodepad15:proxypad51
0:00:00.288339488 21124 0x5649ec8bcca0 INFO   GST_ELEMENT_PADS gstelement.c:920:gst_element_get_static_pad: found pad (null):sink
0:00:00.288462544 21124 0x7f7f40004d40 INFO   GST_ELEMENT_FACTORY gstelementfactory.c:361:gst_element_factory_create: creating element "h264parse"
0:00:00.288379174 21124 0x7f7f64186a30 INFO   GST_ELEMENT_PADS gstelement.c:670:gst_element_add_pad: adding pad 'src'
0:00:00.288530098 21124 0x5649ec8bcca0 INFO   GST_ELEMENT_PADS gstelement.c:920:gst_element_get_static_pad: found pad (null):src
0:00:00.288596654 21124 0x5649ec8bcca0 INFO   GST_ELEMENT_FACTORY gstelementfactory.c:359:gst_element_factory_create: creating element "queue" named "vaapi-queue"
0:00:00.288644204 21124 0x7f7f64186a30 INFO   GST_ELEMENT_PADS gstutils.c:1774:gst_element_link_pads_full: trying to link element vaapidecode3:(any) to element vaapi-queue:(any)
0:00:00.288679782 21124 0x5649ec8bcca0 INFO   GST_ELEMENT_PADS gstelement.c:670:gst_element_add_pad: adding pad 'sink'
0:00:00.288769570 21124 0x5649ec8bcca0 INFO   GST_ELEMENT_PADS gstelement.c:670:gst_element_add_pad: adding pad 'src'
0:00:00.288894975 21124 0x5649ec8bcca0 INFO   GST_ELEMENT_PADS gstutils.c:1774:gst_element_link_pads_full: trying to link element vaapidecode4:(any) to element vaapi-queue:(any)
0:00:00.288930826 21124 0x5649ec8bcca0 INFO   GST_PADS gstutils.c:1035:gst_pad_check_link: trying to link vaapidecode4:src and vaapi-queue:sink
0:00:00.288955509 21124 0x5649ec8bcca0 INFO   GST_PADS gstpad.c:4230:gst_pad_peer_query: pad has no peer
0:00:00.288999349 21124 0x5649ec8bcca0 INFO   GST_PADS gstutils.c:1588:prepare_link_maybe_ghosting: vaapidecode4 and vaapi-queue in same bin, no need for ghost pads
0:00:00.289033572 21124 0x5649ec8bcca0 INFO   GST_PADS gstpad.c:2378:gst_pad_link_prepare: trying to link vaapidecode4:src and vaapi-queue:sink
0:00:00.289067469 21124 0x5649ec8bcca0 INFO   GST_PADS gstpad.c:4230:gst_pad_peer_query: pad has no peer
0:00:00.289090837 21124 0x5649ec8bcca0 INFO   GST_PADS gstpad.c:2586:gst_pad_link_full: linked vaapidecode4:src and vaapi-queue:sink, successful
0:00:00.289106421 21124 0x5649ec8bcca0 INFO   GST_EVENT gstevent.c:1517:gst_event_new_reconfigure: creating reconfigure event
0:00:00.289125015 21124 0x5649ec8bcca0 INFO   GST_EVENT gstpad.c:5785:gst_pad_send_event_unchecked: Received event on flushing pad. Discarding
0:00:00.289126357 21124 0x7f7f40004d40 INFO   GST_ELEMENT_PADS gstelement.c:670:gst_element_add_pad: adding pad 'sink'
0:00:00.289502315 21124 0x5649ec8bcca0 INFO   GST_ELEMENT_PADS gstelement.c:920:gst_element_get_static_pad: found pad vaapidecode4:sink
0:00:00.288424939 21124 0x7f7f3c003680 INFO   GST_PADS gstpad.c:2378:gst_pad_link_prepare: trying to link h264parse6:src and decodepad16:proxypad54
0:00:00.289618852 21124 0x7f7f3c003680 INFO   GST_PADS gstpad.c:2586:gst_pad_link_full: linked h264parse6:src and decodepad16:proxypad54, successful
0:00:00.289634593 21124 0x7f7f3c003680 INFO   GST_EVENT gstevent.c:1517:gst_event_new_reconfigure: creating reconfigure event
0:00:00.289649994 21124 0x7f7f3c003680 INFO   GST_EVENT gstpad.c:5785:gst_pad_send_event_unchecked: Received event on flushing pad. Discarding
0:00:00.288688227 21124 0x7f7f64186a30 INFO   GST_PADS gstutils.c:1035:gst_pad_check_link: trying to link vaapidecode3:src and vaapi-queue:sink
0:00:00.290025876 21124 0x5649ec8000f0 INFO   GST_PADS gstpad.c:4230:gst_pad_peer_query: pad has no peer
0:00:00.290348417 21124 0x7f7f40004d40 INFO   GST_ELEMENT_PADS gstelement.c:670:gst_element_add_pad: adding pad 'src'
0:00:00.290401471 21124 0x7f7f64186a30 INFO   GST_PADS gstpad.c:4230:gst_pad_peer_query: pad has no peer
0:00:00.290478781 21124 0x7f7f64186a30 INFO   GST_PADS gstutils.c:1588:prepare_link_maybe_ghosting: vaapidecode3 and vaapi-queue in same bin, no need for ghost pads
0:00:00.290488295 21124 0x7f7f40004d40 INFO   baseparse gstbaseparse.c:3961:gst_base_parse_set_pts_interpolation: PTS interpolation: no
0:00:00.290528847 21124 0x7f7f64186a30 INFO   GST_PADS gstpad.c:2378:gst_pad_link_prepare: trying to link vaapidecode3:src and vaapi-queue:sink
0:00:00.290584590 21124 0x7f7f64186a30 INFO   GST_PADS gstpad.c:4230:gst_pad_peer_query: pad has no peer
0:00:00.290626382 21124 0x7f7f64186a30 INFO   GST_PADS gstpad.c:2586:gst_pad_link_full: linked vaapidecode3:src and vaapi-queue:sink, successful
0:00:00.290644476 21124 0x7f7f64186a30 INFO   GST_EVENT gstevent.c:1517:gst_event_new_reconfigure: creating reconfigure event
0:00:00.290672624 21124 0x7f7f64186a30 INFO   GST_EVENT gstpad.c:5785:gst_pad_send_event_unchecked: Received event on flushing pad. Discarding
0:00:00.290669346 21124 0x7f7f40004d40 INFO   GST_PADS gstpad.c:2378:gst_pad_link_prepare: trying to link multiqueue6:src_0 and h264parse7:sink
0:00:00.290710025 21124 0x7f7f64186a30 INFO   GST_ELEMENT_PADS gstelement.c:920:gst_element_get_static_pad: found pad vaapidecode3:sink
0:00:00.290718896 21124 0x7f7f40004d40 INFO   GST_PADS gstpad.c:2586:gst_pad_link_full: linked multiqueue6:src_0 and h264parse7:sink, successful
0:00:00.290743845 21124 0x7f7f40004d40 INFO   GST_EVENT gstevent.c:1517:gst_event_new_reconfigure: creating reconfigure event
0:00:00.290844546 21124 0x7f7f64186a30 INFO   GST_PADS gstpad.c:2378:gst_pad_link_prepare: trying to link sink:proxypad58 and vaapidecode3:sink
0:00:00.290858429 21124 0x7f7f40004d40 INFO   GST_STATES gstelement.c:2676:gst_element_continue_state: completed state change to READY
0:00:00.290927680 21124 0x7f7f64186a30 INFO   GST_PADS gstpad.c:2586:gst_pad_link_full: linked sink:proxypad58 and vaapidecode3:sink, successful
0:00:00.290964685 21124 0x7f7f40004d40 INFO   GST_STATES gstelement.c:2579:_priv_gst_element_state_changed: notifying about state-changed NULL to READY (VOID_PENDING pending)
0:00:00.290985265 21124 0x7f7f64186a30 INFO   GST_EVENT gstevent.c:1517:gst_event_new_reconfigure: creating reconfigure event
0:00:00.291024383 21124 0x7f7f64186a30 INFO   GST_ELEMENT_PADS gstelement.c:670:gst_element_add_pad: adding pad 'sink'
0:00:00.291054764 21124 0x7f7f64186a30 INFO   GST_ELEMENT_PADS gstelement.c:920:gst_element_get_static_pad: found pad vaapi-queue:src
0:00:00.291088131 21124 0x7f7f40004d40 INFO   GST_ELEMENT_PADS gstelement.c:920:gst_element_get_static_pad: found pad h264parse7:src
0:00:00.291118153 21124 0x7f7f64186a30 INFO   GST_PADS gstpad.c:2378:gst_pad_link_prepare: trying to link vaapi-queue:src and src:proxypad59
0:00:00.291141679 21124 0x7f7f64186a30 INFO   GST_PADS gstpad.c:2586:gst_pad_link_full: linked vaapi-queue:src and src:proxypad59, successful
0:00:00.291144119 21124 0x7f7f40004d40 INFO   GST_PADS gstpad.c:2378:gst_pad_link_prepare: trying to link h264parse7:src and decodepad15:proxypad51
0:00:00.291164419 21124 0x7f7f64186a30 INFO   GST_EVENT gstevent.c:1517:gst_event_new_reconfigure: creating reconfigure event
0:00:00.291274892 21124 0x7f7f64186a30 INFO   GST_EVENT gstpad.c:5785:gst_pad_send_event_unchecked: Received event on flushing pad. Discarding
0:00:00.291313224 21124 0x7f7f64186a30 INFO   GST_ELEMENT_PADS gstelement.c:670:gst_element_add_pad: adding pad 'src'
0:00:00.291323158 21124 0x5649ec8000f0 INFO   GST_ELEMENT_PADS gstelement.c:920:gst_element_get_static_pad: found pad vaapidecodebin0:src
0:00:00.291489074 21124 0x7f7f64186a30 INFO   GST_PADS gstpad.c:2378:gst_pad_link_prepare: trying to link capsfilter3:src and vaapidecodebin2:sink
0:00:00.291517393 21124 0x7f7f64186a30 INFO   GST_PADS gstpad.c:2586:gst_pad_link_full: linked capsfilter3:src and vaapidecodebin2:sink, successful
0:00:00.291527848 21124 0x7f7f64186a30 INFO   GST_EVENT gstevent.c:1517:gst_event_new_reconfigure: creating reconfigure event
0:00:00.291650892 21124 0x7f7f64186a30 INFO   GST_STATES gstbin.c:2504:gst_bin_element_set_state: current NULL pending VOID_PENDING, desired next READY
0:00:00.291674833 21124 0x7f7f64186a30 INFO   GST_STATES gstelement.c:2676:gst_element_continue_state: completed state change to READY
0:00:00.291695196 21124 0x7f7f64186a30 INFO   GST_STATES gstelement.c:2579:_priv_gst_element_state_changed: notifying about state-changed NULL to READY (VOID_PENDING pending)
0:00:00.291691862 21124 0x7f7f3c003680 INFO   GST_ELEMENT_FACTORY gstelementfactory.c:361:gst_element_factory_create: creating element "capsfilter"
0:00:00.291741238 21124 0x7f7f64186a30 INFO   GST_STATES gstbin.c:2952:gst_bin_change_state_func: child 'vaapi-queue' changed state to 2(READY) successfully
0:00:00.291823257 21124 0x7f7f64186a30 INFO   GST_STATES gstbin.c:2504:gst_bin_element_set_state: current NULL pending VOID_PENDING, desired next READY
0:00:00.291847480 21124 0x7f7f64186a30 INFO   GST_STATES gstelement.c:2676:gst_element_continue_state: completed state change to READY
0:00:00.291858082 21124 0x7f7f64186a30 INFO   GST_STATES gstelement.c:2579:_priv_gst_element_state_changed: notifying about state-changed NULL to READY (VOID_PENDING pending)
0:00:00.291886413 21124 0x7f7f64186a30 INFO   GST_STATES gstbin.c:2952:gst_bin_change_state_func: child 'vaapidecode3' changed state to 2(READY) successfully
0:00:00.291922837 21124 0x7f7f3c003680 INFO   GST_ELEMENT_PADS gstelement.c:670:gst_element_add_pad: adding pad 'sink'
0:00:00.291965380 21124 0x7f7f64186a30 INFO   vaapidecodebin gstvaapidecodebin.c:321:gst_vaapi_decode_bin_configure: enabling VPP
0:00:00.291982918 21124 0x7f7f3c003680 INFO   GST_ELEMENT_PADS gstelement.c:670:gst_element_add_pad: adding pad 'src'
0:00:00.291986094 21124 0x5649ec8000f0 INFO   GST_PADS gstpad.c:2378:gst_pad_link_prepare: trying to link vaapidecodebin0:src and decodepad11:proxypad47
0:00:00.292055107 21124 0x7f7f3c003680 INFO   GST_EVENT gstevent.c:1517:gst_event_new_reconfigure: creating reconfigure event
0:00:00.291197324 21124 0x7f7f40004d40 INFO   GST_PADS gstpad.c:2586:gst_pad_link_full: linked h264parse7:src and decodepad15:proxypad51, successful
0:00:00.292147049 21124 0x7f7f40004d40 INFO   GST_EVENT gstevent.c:1517:gst_event_new_reconfigure: creating reconfigure event
0:00:00.292175901 21124 0x7f7f40004d40 INFO   GST_EVENT gstpad.c:5785:gst_pad_send_event_unchecked: Received event on flushing pad. Discarding
0:00:00.292182702 21124 0x7f7f48003e80 INFO   GST_ELEMENT_PADS gstutils.c:1774:gst_element_link_pads_full: trying to link element vaapidecode2:(any) to element vaapi-queue:(any)
0:00:00.292223379 21124 0x7f7f48003e80 INFO   GST_PADS gstutils.c:1035:gst_pad_check_link: trying to link vaapidecode2:src and vaapi-queue:sink
0:00:00.292240602 21124 0x5649ec8bcca0 INFO   GST_PADS gstpad.c:2378:gst_pad_link_prepare: trying to link sink:proxypad60 and vaapidecode4:sink
0:00:00.292269100 21124 0x7f7f48003e80 INFO   GST_PADS gstpad.c:4230:gst_pad_peer_query: pad has no peer
0:00:00.292100933 21124 0x7f7f3c003680 INFO   GST_STATES gstelement.c:2651:gst_element_continue_state: committing state from NULL to READY, pending PAUSED, next PAUSED
0:00:00.292022306 21124 0x7f7f64186a30 INFO   GST_ELEMENT_FACTORY gstelementfactory.c:361:gst_element_factory_create: creating element "capsfilter"
0:00:00.292314012 21124 0x7f7f48003e80 INFO   GST_PADS gstutils.c:1588:prepare_link_maybe_ghosting: vaapidecode2 and vaapi-queue in same bin, no need for ghost pads
0:00:00.292052990 21124 0x5649ec8000f0 INFO   GST_PADS gstpad.c:2586:gst_pad_link_full: linked vaapidecodebin0:src and decodepad11:proxypad47, successful
0:00:00.292425293 21124 0x7f7f48003e80 INFO   GST_PADS gstpad.c:2378:gst_pad_link_prepare: trying to link vaapidecode2:src and vaapi-queue:sink
0:00:00.292405631 21124 0x7f7f64186a30 INFO   GST_ELEMENT_PADS gstelement.c:670:gst_element_add_pad: adding pad 'sink'
0:00:00.292474909 21124 0x7f7f48003e80 INFO   GST_PADS gstpad.c:4230:gst_pad_peer_query: pad has no peer
0:00:00.292482547 21124 0x5649ec8000f0 INFO   GST_EVENT gstevent.c:1517:gst_event_new_reconfigure: creating reconfigure event
0:00:00.292506769 21124 0x5649ec8000f0 INFO   GST_EVENT gstpad.c:5785:gst_pad_send_event_unchecked: Received event on flushing pad. Discarding
0:00:00.292274795 21124 0x5649ec8bcca0 INFO   GST_PADS gstpad.c:2586:gst_pad_link_full: linked sink:proxypad60 and vaapidecode4:sink, successful
0:00:00.292508777 21124 0x7f7f64186a30 INFO   GST_ELEMENT_PADS gstelement.c:670:gst_element_add_pad: adding pad 'src'
0:00:00.292506350 21124 0x7f7f48003e80 INFO   GST_PADS gstpad.c:2586:gst_pad_link_full: linked vaapidecode2:src and vaapi-queue:sink, successful
0:00:00.292550187 21124 0x7f7f48003e80 INFO   GST_EVENT gstevent.c:1517:gst_event_new_reconfigure: creating reconfigure event
0:00:00.292561446 21124 0x7f7f48003e80 INFO   GST_EVENT gstpad.c:5785:gst_pad_send_event_unchecked: Received event on flushing pad. Discarding
0:00:00.292534967 21124 0x5649ec8bcca0 INFO   GST_EVENT gstevent.c:1517:gst_event_new_reconfigure: creating reconfigure event
0:00:00.292591469 21124 0x7f7f48003e80 INFO   GST_ELEMENT_PADS gstelement.c:920:gst_element_get_static_pad: found pad vaapidecode2:sink
0:00:00.292592988 21124 0x7f7f64186a30 INFO   GST_EVENT gstevent.c:1517:gst_event_new_reconfigure: creating reconfigure event
0:00:00.292678281 21124 0x5649ec8bcca0 INFO   GST_ELEMENT_PADS gstelement.c:670:gst_element_add_pad: adding pad 'sink'
0:00:00.292694867 21124 0x7f7f48003e80 INFO   GST_PADS gstpad.c:2378:gst_pad_link_prepare: trying to link sink:proxypad61 and vaapidecode2:sink
0:00:00.292724950 21124 0x5649ec8000f0 INFO   GST_STATES gstbin.c:2504:gst_bin_element_set_state: current READY pending VOID_PENDING, desired next PAUSED
0:00:00.292687223 21124 0x7f7f64186a30 INFO   GST_ELEMENT_FACTORY gstelementfactory.c:361:gst_element_factory_create: creating element "vaapipostproc"
0:00:00.292727787 21124 0x7f7f48003e80 INFO   GST_PADS gstpad.c:2586:gst_pad_link_full: linked sink:proxypad61 and vaapidecode2:sink, successful
0:00:00.292782753 21124 0x7f7f48003e80 INFO   GST_EVENT gstevent.c:1517:gst_event_new_reconfigure: creating reconfigure event
0:00:00.292745927 21124 0x5649ec8bcca0 INFO   GST_ELEMENT_PADS gstelement.c:920:gst_element_get_static_pad: found pad vaapi-queue:src
0:00:00.292799980 21124 0x7f7f64186a30 INFO   GST_ELEMENT_PADS gstelement.c:670:gst_element_add_pad: adding pad 'sink'
0:00:00.292812035 21124 0x7f7f48003e80 INFO   GST_ELEMENT_PADS gstelement.c:670:gst_element_add_pad: adding pad 'sink'
0:00:00.292826703 21124 0x7f7f3c003680 INFO   GST_STATES gstelement.c:2579:_priv_gst_element_state_changed: notifying about state-changed NULL to READY (PAUSED pending)
0:00:00.292833712 21124 0x5649ec8000f0 INFO   GST_ELEMENT_PADS gstelement.c:920:gst_element_get_static_pad: found pad video-output-bin:sink
0:00:00.292900646 21124 0x7f7f48003e80 INFO   GST_ELEMENT_PADS gstelement.c:920:gst_element_get_static_pad: found pad vaapi-queue:src
0:00:00.292916182 21124 0x7f7f64186a30 INFO   GST_ELEMENT_PADS gstelement.c:670:gst_element_add_pad: adding pad 'src'
0:00:00.292929145 21124 0x5649ec8bcca0 INFO   GST_PADS gstpad.c:2378:gst_pad_link_prepare: trying to link vaapi-queue:src and src:proxypad62
0:00:00.292969368 21124 0x7f7f64186a30 INFO   GST_ELEMENT_PADS gstelement.c:920:gst_element_get_static_pad: found pad (null):sink
0:00:00.292996761 21124 0x5649ec8bcca0 INFO   GST_PADS gstpad.c:2586:gst_pad_link_full: linked vaapi-queue:src and src:proxypad62, successful
0:00:00.293002373 21124 0x7f7f3c003680 INFO   GST_STATES gstelement.c:2658:gst_element_continue_state: continue state change READY to PAUSED, final PAUSED
0:00:00.292990842 21124 0x7f7f48003e80 INFO   GST_PADS gstpad.c:2378:gst_pad_link_prepare: trying to link vaapi-queue:src and src:proxypad63
0:00:00.292973867 21124 0x5649ec8000f0 INFO   GST_PADS gstpad.c:4230:gst_pad_peer_query:<'':decodepad11> pad has no peer
0:00:00.293039457 21124 0x7f7f48003e80 INFO   GST_PADS gstpad.c:2586:gst_pad_link_full: linked vaapi-queue:src and src:proxypad63, successful
0:00:00.293054682 21124 0x5649ec8000f0 INFO   GST_CONTEXT gstvaapivideocontext.c:136:context_pad_query: context pad peer query failed
0:00:00.293088476 21124 0x7f7f64186a30 INFO   GST_ELEMENT_PADS gstelement.c:920:gst_element_get_static_pad: found pad (null):src
0:00:00.293096140 21124 0x7f7f48003e80 INFO   GST_EVENT gstevent.c:1517:gst_event_new_reconfigure: creating reconfigure event
0:00:00.293115989 21124 0x7f7f48003e80 INFO   GST_EVENT gstpad.c:5785:gst_pad_send_event_unchecked: Received event on flushing pad. Discarding
0:00:00.293141230 21124 0x7f7f48003e80 INFO   GST_ELEMENT_PADS gstelement.c:670:gst_element_add_pad: adding pad 'src'
0:00:00.293159206 21124 0x7f7f3c003680 INFO   GST_STATES gstelement.c:2676:gst_element_continue_state: completed state change to PAUSED
0:00:00.293185573 21124 0x7f7f3c003680 INFO   GST_STATES gstelement.c:2579:_priv_gst_element_state_changed: notifying about state-changed READY to PAUSED (VOID_PENDING pending)
0:00:00.293092307 21124 0x5649ec8bcca0 INFO   GST_EVENT gstevent.c:1517:gst_event_new_reconfigure: creating reconfigure event
0:00:00.293102208 21124 0x5649ec8000f0 INFO   GST_CONTEXT gstvaapivideocontext.c:136:context_pad_query: context pad peer query failed
0:00:00.293327096 21124 0x7f7f64186a30 INFO   GST_ELEMENT_PADS gstutils.c:1774:gst_element_link_pads_full: trying to link element capsfilter9:(any) to element vaapipostproc2:(any)
0:00:00.293341176 21124 0x7f7f48003e80 INFO   GST_PADS gstpad.c:2378:gst_pad_link_prepare: trying to link capsfilter4:src and vaapidecodebin3:sink
0:00:00.293303084 21124 0x5649ec8bcca0 INFO   GST_EVENT gstpad.c:5785:gst_pad_send_event_unchecked: Received event on flushing pad. Discarding
0:00:00.293334089 21124 0x5649ec8000f0 INFO   GST_CONTEXT gstvaapivideocontext.c:210:_gst_context_query: posting `need-context' message
0:00:00.293403735 21124 0x5649ec8bcca0 INFO   GST_ELEMENT_PADS gstelement.c:670:gst_element_add_pad: adding pad 'src'
0:00:00.293350481 21124 0x7f7f3c003680 INFO   GST_ELEMENT_PADS gstpad.c:2134:gst_pad_unlink: unlinking h264parse6:src(0x7f7f1405b0f0) and decodepad16:proxypad54(0x5649ecbd4570)
0:00:00.293523277 21124 0x7f7f48003e80 INFO   GST_PADS gstpad.c:2586:gst_pad_link_full: linked capsfilter4:src and vaapidecodebin3:sink, successful
0:00:00.293545276 21124 0x7f7f48003e80 INFO   GST_EVENT gstevent.c:1517:gst_event_new_reconfigure: creating reconfigure event
0:00:00.293543766 21124 0x7f7f64186a30 INFO   GST_PADS gstutils.c:1035:gst_pad_check_link: trying to link capsfilter9:src and vaapipostproc2:sink
0:00:00.293604702 21124 0x7f7f64186a30 INFO   GST_PADS gstpad.c:4230:gst_pad_peer_query: pad has no peer
0:00:00.293629949 21124 0x5649ec8bcca0 INFO   GST_PADS gstpad.c:2378:gst_pad_link_prepare: trying to link capsfilter0:src and vaapidecodebin4:sink
0:00:00.293656639 21124 0x7f7f64186a30 INFO   GST_PADS gstpad.c:4230:gst_pad_peer_query: pad has no peer
0:00:00.293667255 21124 0x5649ec8bcca0 INFO   GST_PADS gstpad.c:2586:gst_pad_link_full: linked capsfilter0:src and vaapidecodebin4:sink, successful
0:00:00.293679128 21124 0x5649ec8bcca0 INFO   GST_EVENT gstevent.c:1517:gst_event_new_reconfigure: creating reconfigure event
0:00:00.293723015 21124 0x7f7f48003e80 INFO   GST_STATES gstbin.c:2504:gst_bin_element_set_state: current NULL pending VOID_PENDING, desired next READY
0:00:00.293760045 21124 0x7f7f48003e80 INFO   GST_STATES gstelement.c:2676:gst_element_continue_state: completed state change to READY
0:00:00.293778160 21124 0x7f7f48003e80 INFO   GST_STATES gstelement.c:2579:_priv_gst_element_state_changed: notifying about state-changed NULL to READY (VOID_PENDING pending)
0:00:00.293780732 21124 0x5649ec8000f0 INFO   GST_ELEMENT_PADS gstelement.c:920:gst_element_get_static_pad: found pad video-output-bin:sink
0:00:00.293782565 21124 0x5649ec8bcca0 INFO   GST_STATES gstbin.c:2504:gst_bin_element_set_state: current NULL pending VOID_PENDING, desired next READY
0:00:00.293852103 21124 0x5649ec8000f0 INFO   GST_PADS gstpad.c:4230:gst_pad_peer_query:<'':decodepad11> pad has no peer
0:00:00.293856282 21124 0x5649ec8bcca0 INFO   GST_STATES gstelement.c:2676:gst_element_continue_state: completed state change to READY
0:00:00.293943598 21124 0x5649ec8bcca0 INFO   GST_STATES gstelement.c:2579:_priv_gst_element_state_changed: notifying about state-changed NULL to READY (VOID_PENDING pending)
0:00:00.293997521 21124 0x5649ec8bcca0 INFO   GST_STATES gstbin.c:2952:gst_bin_change_state_func: child 'vaapi-queue' changed state to 2(READY) successfully
0:00:00.294025069 21124 0x5649ec8bcca0 INFO   GST_STATES gstbin.c:2504:gst_bin_element_set_state: current NULL pending VOID_PENDING, desired next READY
0:00:00.294043649 21124 0x5649ec8bcca0 INFO   GST_STATES gstelement.c:2676:gst_element_continue_state: completed state change to READY
0:00:00.294053764 21124 0x5649ec8bcca0 INFO   GST_STATES gstelement.c:2579:_priv_gst_element_state_changed: notifying about state-changed NULL to READY (VOID_PENDING pending)
0:00:00.294073996 21124 0x5649ec8bcca0 INFO   GST_STATES gstbin.c:2952:gst_bin_change_state_func: child 'vaapidecode4' changed state to 2(READY) successfully
0:00:00.294156289 21124 0x5649ec8bcca0 INFO   vaapidecodebin gstvaapidecodebin.c:321:gst_vaapi_decode_bin_configure: enabling VPP
0:00:00.294164364 21124 0x7f7f40004d40 INFO   GST_ELEMENT_FACTORY gstelementfactory.c:361:gst_element_factory_create: creating element "capsfilter"
0:00:00.293918573 21124 0x5649ec8000f0 INFO   GST_CONTEXT gstglutils.c:115:pad_query: pad peer query failed
0:00:00.293893383 21124 0x7f7f48003e80 INFO   GST_STATES gstbin.c:2952:gst_bin_change_state_func: child 'vaapi-queue' changed state to 2(READY) successfully
0:00:00.294300745 21124 0x5649ec8000f0 INFO   GST_CONTEXT gstglutils.c:115:pad_query: pad peer query failed
0:00:00.294321580 21124 0x5649ec8000f0 INFO   GST_CONTEXT gstglutils.c:177:_gst_context_query: posting need context message
0:00:00.294326977 21124 0x5649ec8bcca0 INFO   GST_ELEMENT_FACTORY gstelementfactory.c:361:gst_element_factory_create: creating element "capsfilter"
0:00:00.294324580 21124 0x7f7f64186a30 INFO   GST_PADS gstutils.c:1588:prepare_link_maybe_ghosting: capsfilter9 and vaapipostproc2 in same bin, no need for ghost pads
0:00:00.294328809 21124 0x7f7f40004d40 INFO   GST_ELEMENT_PADS gstelement.c:670:gst_element_add_pad: adding pad 'sink'
0:00:00.294392174 21124 0x7f7f64186a30 INFO   GST_PADS gstpad.c:2378:gst_pad_link_prepare: trying to link capsfilter9:src and vaapipostproc2:sink
0:00:00.294335564 21124 0x7f7f48003e80 INFO   GST_STATES gstbin.c:2504:gst_bin_element_set_state: current NULL pending VOID_PENDING, desired next READY
0:00:00.293532062 21124 0x7f7f3c003680 INFO   GST_ELEMENT_PADS gstpad.c:2188:gst_pad_unlink: unlinked h264parse6:src and decodepad16:proxypad54
0:00:00.294418804 21124 0x5649ec8bcca0 INFO   GST_ELEMENT_PADS gstelement.c:670:gst_element_add_pad: adding pad 'sink'
0:00:00.294425329 21124 0x7f7f64186a30 INFO   GST_PADS gstpad.c:4230:gst_pad_peer_query: pad has no peer
0:00:00.294562734 21124 0x7f7f64186a30 INFO   GST_PADS gstpad.c:4230:gst_pad_peer_query: pad has no peer
0:00:00.294582114 21124 0x7f7f48003e80 INFO   GST_STATES gstelement.c:2676:gst_element_continue_state: completed state change to READY
0:00:00.294612576 21124 0x7f7f48003e80 INFO   GST_STATES gstelement.c:2579:_priv_gst_element_state_changed: notifying about state-changed NULL to READY (VOID_PENDING pending)
0:00:00.294642896 21124 0x5649ec8bcca0 INFO   GST_ELEMENT_PADS gstelement.c:670:gst_element_add_pad: adding pad 'src'
0:00:00.294492883 21124 0x5649ec8000f0 INFO   GST_ELEMENT_PADS gstelement.c:920:gst_element_get_static_pad: found pad video-output-bin:sink
0:00:00.294503579 21124 0x7f7f3c003680 INFO   GST_ELEMENT_PADS gstelement.c:920:gst_element_get_static_pad: found pad capsfilter8:sink
0:00:00.294757887 21124 0x5649ec8000f0 INFO   GST_PADS gstpad.c:4230:gst_pad_peer_query:<'':decodepad11> pad has no peer
0:00:00.294783573 21124 0x5649ec8000f0 INFO   GST_CONTEXT gstglutils.c:115:pad_query: pad peer query failed
0:00:00.294790531 21124 0x7f7f40004d40 INFO   GST_ELEMENT_PADS gstelement.c:670:gst_element_add_pad: adding pad 'src'
0:00:00.294783565 21124 0x7f7f3c003680 INFO   GST_PADS gstpad.c:2378:gst_pad_link_prepare: trying to link h264parse6:src and capsfilter8:sink
0:00:00.294838757 21124 0x7f7f40004d40 INFO   GST_EVENT gstevent.c:1517:gst_event_new_reconfigure: creating reconfigure event
0:00:00.294839451 21124 0x5649ec8000f0 INFO   GST_CONTEXT gstglutils.c:115:pad_query: pad peer query failed
0:00:00.294895615 21124 0x7f7f3c003680 INFO   GST_PADS gstpad.c:2586:gst_pad_link_full: linked h264parse6:src and capsfilter8:sink, successful
0:00:00.294911176 21124 0x5649ec8000f0 INFO   GST_CONTEXT gstglutils.c:177:_gst_context_query: posting need context message
0:00:00.294726021 21124 0x5649ec8bcca0 INFO   GST_EVENT gstevent.c:1517:gst_event_new_reconfigure: creating reconfigure event
0:00:00.294914488 21124 0x7f7f3c003680 INFO   GST_EVENT gstevent.c:1517:gst_event_new_reconfigure: creating reconfigure event
0:00:00.294970355 21124 0x5649ec8bcca0 INFO   GST_ELEMENT_FACTORY gstelementfactory.c:361:gst_element_factory_create: creating element "vaapipostproc"
0:00:00.294977570 21124 0x7f7f3c003680 INFO   GST_EVENT gstpad.c:5785:gst_pad_send_event_unchecked: Received event on flushing pad. Discarding
0:00:00.295028611 21124 0x5649ec8000f0 INFO   GST_ELEMENT_PADS gstelement.c:920:gst_element_get_static_pad: found pad video-output-bin:sink
0:00:00.294911715 21124 0x7f7f40004d40 INFO   GST_STATES gstelement.c:2651:gst_element_continue_state: committing state from NULL to READY, pending PAUSED, next PAUSED
0:00:00.295090607 21124 0x7f7f40004d40 INFO   GST_STATES gstelement.c:2579:_priv_gst_element_state_changed: notifying about state-changed NULL to READY (PAUSED pending)
0:00:00.295135776 21124 0x7f7f64186a30 INFO   GST_PADS gstpad.c:2586:gst_pad_link_full: linked capsfilter9:src and vaapipostproc2:sink, successful
0:00:00.295032364 21124 0x7f7f3c003680 INFO   GST_ELEMENT_PADS gstelement.c:920:gst_element_get_static_pad: found pad capsfilter8:src
0:00:00.295034973 21124 0x5649ec8bcca0 INFO   GST_ELEMENT_PADS gstelement.c:670:gst_element_add_pad: adding pad 'sink'
0:00:00.295283617 21124 0x7f7f3c003680 INFO   GST_PADS gstpad.c:2378:gst_pad_link_prepare: trying to link capsfilter8:src and decodepad16:proxypad54
0:00:00.295325086 21124 0x7f7f3c003680 INFO   GST_PADS gstpad.c:2586:gst_pad_link_full: linked capsfilter8:src and decodepad16:proxypad54, successful
0:00:00.295334610 21124 0x7f7f3c003680 INFO   GST_EVENT gstevent.c:1517:gst_event_new_reconfigure: creating reconfigure event
0:00:00.295340449 21124 0x5649ec8bcca0 INFO   GST_ELEMENT_PADS gstelement.c:670:gst_element_add_pad: adding pad 'src'
0:00:00.284723264 21124 0x7f7f5c004800 INFO   GST_PADS gstpad.c:2586:gst_pad_link_full: linked capsfilter7:src and vaapipostproc1:sink, successful
0:00:00.295435324 21124 0x7f7f40004d40 INFO   GST_STATES gstelement.c:2658:gst_element_continue_state: continue state change READY to PAUSED, final PAUSED
0:00:00.295352396 21124 0x7f7f3c003680 INFO   GST_EVENT gstpad.c:5785:gst_pad_send_event_unchecked: Received event on flushing pad. Discarding
0:00:00.295168572 21124 0x7f7f64186a30 INFO   GST_EVENT gstevent.c:1517:gst_event_new_reconfigure: creating reconfigure event
0:00:00.295545540 21124 0x7f7f64186a30 INFO   GST_EVENT gstpad.c:5785:gst_pad_send_event_unchecked: Received event on flushing pad. Discarding
0:00:00.295612387 21124 0x7f7f64186a30 INFO   GST_STATES gstelement.c:2676:gst_element_continue_state: completed state change to READY
0:00:00.295633650 21124 0x7f7f64186a30 INFO   GST_STATES gstelement.c:2579:_priv_gst_element_state_changed: notifying about state-changed NULL to READY (VOID_PENDING pending)
0:00:00.295686019 21124 0x7f7f64186a30 INFO   GST_STATES gstelement.c:2676:gst_element_continue_state: completed state change to READY
0:00:00.295699199 21124 0x7f7f64186a30 INFO   GST_STATES gstelement.c:2579:_priv_gst_element_state_changed: notifying about state-changed NULL to READY (VOID_PENDING pending)
0:00:00.295725370 21124 0x7f7f64186a30 INFO   GST_ELEMENT_PADS gstelement.c:920:gst_element_get_static_pad: found pad vaapidecodebin2:src
0:00:00.295754814 21124 0x7f7f64186a30 INFO   GST_ELEMENT_PADS gstpad.c:2134:gst_pad_unlink: unlinking vaapi-queue:src(0x7f7f1405ac50) and src:proxypad59(0x7f7f2805c520)
0:00:00.295785958 21124 0x7f7f64186a30 INFO   GST_ELEMENT_PADS gstpad.c:2188:gst_pad_unlink: unlinked vaapi-queue:src and src:proxypad59
0:00:00.295807377 21124 0x7f7f64186a30 INFO   GST_ELEMENT_PADS gstelement.c:920:gst_element_get_static_pad: found pad vaapi-queue:src
0:00:00.295866598 21124 0x7f7f64186a30 INFO   GST_ELEMENT_PADS gstelement.c:920:gst_element_get_static_pad: found pad capsfilter9:sink
0:00:00.295895228 21124 0x7f7f64186a30 INFO   GST_PADS gstpad.c:2378:gst_pad_link_prepare: trying to link vaapi-queue:src and capsfilter9:sink
0:00:00.295975710 21124 0x7f7f64186a30 INFO   GST_PADS gstpad.c:4230:gst_pad_peer_query: pad has no peer
0:00:00.296116101 21124 0x7f7f3c003680 INFO   GST_STATES gstelement.c:2676:gst_element_continue_state: completed state change to PAUSED
0:00:00.296170334 21124 0x7f7f3c003680 INFO   GST_STATES gstelement.c:2579:_priv_gst_element_state_changed: notifying about state-changed READY to PAUSED (VOID_PENDING pending)
0:00:00.296576329 21124 0x7f7f3c003680 INFO   GST_ELEMENT_PADS gstelement.c:920:gst_element_get_static_pad: found pad video-output-bin:sink
0:00:00.294661955 21124 0x7f7f48003e80 INFO   GST_STATES gstbin.c:2952:gst_bin_change_state_func: child 'vaapidecode2' changed state to 2(READY) successfully
0:00:00.295501535 21124 0x5649ec8bcca0 INFO   GST_ELEMENT_PADS gstelement.c:920:gst_element_get_static_pad: found pad (null):sink
0:00:00.296856541 21124 0x5649ec8bcca0 INFO   GST_ELEMENT_PADS gstelement.c:920:gst_element_get_static_pad: found pad (null):src
0:00:00.296892980 21124 0x7f7f48003e80 INFO   vaapidecodebin gstvaapidecodebin.c:321:gst_vaapi_decode_bin_configure: enabling VPP
0:00:00.296955209 21124 0x7f7f48003e80 INFO   GST_ELEMENT_FACTORY gstelementfactory.c:361:gst_element_factory_create: creating element "capsfilter"
