0:00:00.368259756 21124 0x7f7f4c003c00 INFO   task gsttask.c:457:gst_task_set_lock: setting stream lock 0x7f7ef4056480 on task 0x7f7f30098a70
0:00:00.368266269 21124 0x7f7f4c003c00 INFO   GST_PADS gstpad.c:6131:gst_pad_start_task: created task 0x7f7f30098a70
0:00:00.368394095 21124 0x7f7f440099e0 INFO   glcontext gstgldebug.c:352:_gst_gl_debug_enable: Enabling GL context debugging
0:00:00.368438771 21124 0x7f7f440099e0 INFO   glcontext gstglcontext.c:1140:_unlock_create_thread: gl thread running
0:00:00.368453457 21124 0x7f7f64186a30 INFO   glcontext gstglcontext.c:1046:gst_gl_context_create: gl thread created
0:00:00.368470839 21124 0x7f7f64186a30 INFO   vaapipostproc gstvaapipluginbase.c:1196:gst_vaapi_plugin_base_set_gl_context: GL context:
0:00:00.368476217 21124 0x7f7f64186a30 INFO   default gstvaapipluginutil.c:280:gst_vaapi_find_gl_context: No valid GL display found
0:00:00.368504100 21124 0x7f7f40004d40 INFO   GST_STATES gstelement.c:2676:gst_element_continue_state: completed state change to PAUSED
0:00:00.368511353 21124 0x7f7f40004d40 INFO   GST_STATES gstelement.c:2579:_priv_gst_element_state_changed: notifying about state-changed READY to PAUSED (VOID_PENDING pending)
0:00:00.368524260 21124 0x7f7f40004d40 INFO   GST_STATES gstbin.c:2952:gst_bin_change_state_func: child 'vaapi-queue' changed state to 3(PAUSED) successfully
0:00:00.368532363 21124 0x7f7f40004d40 INFO   GST_STATES gstbin.c:2504:gst_bin_element_set_state: current READY pending VOID_PENDING, desired next PAUSED
0:00:00.368579181 21124 0x7f7f40004d40 INFO   GST_CONTEXT gstvaapivideocontext.c:179:_gst_context_get_from_query: found context (context 'gst.vaapi.Display'='context, gst.vaapi.Display=(GstVaapiDisplay)"\(GstVaapiDisplayGLX\)\ vaapidisplayglx19";') in downstream query
0:00:00.368588154 21124 0x7f7f40004d40 INFO   vaapidecode gstvaapipluginbase.c:55:plugin_set_display: set display
0:00:00.368600235 21124 0x7f7f40004d40 INFO   GST_STATES gstelement.c:2676:gst_element_continue_state: completed state change to PAUSED
0:00:00.368606965 21124 0x7f7f40004d40 INFO   GST_STATES gstelement.c:2579:_priv_gst_element_state_changed: notifying about state-changed READY to PAUSED (VOID_PENDING pending)
0:00:00.368614003 21124 0x7f7f64186a30 INFO   vaapi gstvaapiutils.c:94:gst_vaapi_log: VA-API version 1.1.0
0:00:00.368620444 21124 0x7f7f40004d40 INFO   GST_STATES gstbin.c:2952:gst_bin_change_state_func: child 'vaapidecode6' changed state to 3(PAUSED) successfully
0:00:00.368633271 21124 0x7f7f40004d40 INFO   GST_STATES gstelement.c:2676:gst_element_continue_state: completed state change to PAUSED
0:00:00.368639391 21124 0x7f7f40004d40 INFO   GST_STATES gstelement.c:2579:_priv_gst_element_state_changed: notifying about state-changed READY to PAUSED (VOID_PENDING pending)
0:00:00.368723162 21124 0x7f7f64186a30 INFO   vaapi gstvaapiutils.c:94:gst_vaapi_log: va_getDriverName() returns 0
0:00:00.368733862 21124 0x7f7f64186a30 INFO   vaapi gstvaapiutils.c:94:gst_vaapi_log: Trying to open /usr/lib/x86_64-linux-gnu/dri/i965_drv_video.so
0:00:00.368789336 21124 0x7f7f64186a30 INFO   vaapi gstvaapiutils.c:94:gst_vaapi_log: Found init function __vaDriverInit_1_1
0:00:00.368970871 21124 0x7f7f4c003c00 INFO   GST_STATES gstelement.c:2676:gst_element_continue_state: completed state change to PAUSED
0:00:00.368984928 21124 0x7f7f4c003c00 INFO   GST_STATES gstelement.c:2579:_priv_gst_element_state_changed: notifying about state-changed READY to PAUSED (VOID_PENDING pending)
0:00:00.369004661 21124 0x7f7f4c003c00 INFO   GST_STATES gstbin.c:2952:gst_bin_change_state_func: child 'vaapi-queue' changed state to 3(PAUSED) successfully
0:00:00.369017330 21124 0x7f7f4c003c00 INFO   GST_STATES gstbin.c:2504:gst_bin_element_set_state: current READY pending VOID_PENDING, desired next PAUSED
0:00:00.369045689 21124 0x7f7f4c003c00 INFO   GST_CONTEXT gstvaapivideocontext.c:179:_gst_context_get_from_query: found context (context 'gst.vaapi.Display'='context, gst.vaapi.Display=(GstVaapiDisplay)"\(GstVaapiDisplayGLX\)\ vaapidisplayglx20";') in downstream query
0:00:00.369060923 21124 0x7f7f4c003c00 INFO   vaapidecode gstvaapipluginbase.c:55:plugin_set_display: set display
0:00:00.369071822 21124 0x7f7f4c003c00 INFO   GST_STATES gstelement.c:2676:gst_element_continue_state: completed state change to PAUSED
0:00:00.369076427 21124 0x7f7f4c003c00 INFO   GST_STATES gstelement.c:2579:_priv_gst_element_state_changed: notifying about state-changed READY to PAUSED (VOID_PENDING pending)
0:00:00.369086952 21124 0x7f7f4c003c00 INFO   GST_STATES gstbin.c:2952:gst_bin_change_state_func: child 'vaapidecode8' changed state to 3(PAUSED) successfully
0:00:00.369096244 21124 0x7f7f4c003c00 INFO   GST_STATES gstelement.c:2676:gst_element_continue_state: completed state change to PAUSED
0:00:00.369100439 21124 0x7f7f4c003c00 INFO   GST_STATES gstelement.c:2579:_priv_gst_element_state_changed: notifying about state-changed READY to PAUSED (VOID_PENDING pending)
0:00:00.369534329 21124 0x7f7f40004d40 INFO   GST_ELEMENT_PADS gstelement.c:920:gst_element_get_static_pad: found pad video-output-bin:sink
0:00:00.369702277 21124 0x7f7f4c003c00 INFO   GST_ELEMENT_PADS gstelement.c:920:gst_element_get_static_pad: found pad video-output-bin:sink
0:00:00.381311154 21124 0x7f7f14006e30 INFO   glcontext gstglcontext.c:1251:gst_gl_context_create_thread: created context
0:00:00.381821487 21124 0x7f7f14006e30 INFO   glcontext gstglcontext.c:1267:gst_gl_context_create_thread: available GL APIs: opengl3
0:00:00.381878475 21124 0x7f7f64186a30 INFO   vaapi gstvaapiutils.c:94:gst_vaapi_log: va_openDriver() returns 0
0:00:00.381884782 21124 0x7f7f14006e30 INFO   glcontext gstglcontext.c:1080:_create_context_info: GL_VERSION: 4.5 (Core Profile) Mesa 18.0.5
0:00:00.381899293 21124 0x7f7f14006e30 INFO   glcontext gstglcontext.c:1083:_create_context_info: GL_SHADING_LANGUAGE_VERSION: 4.50
0:00:00.381903591 21124 0x7f7f14006e30 INFO   glcontext gstglcontext.c:1085:_create_context_info: GL_VENDOR: Intel Open Source Technology Center
0:00:00.381909090 21124 0x7f7f14006e30 INFO   glcontext gstglcontext.c:1087:_create_context_info: GL_RENDERER: Mesa DRI Intel(R) HD Graphics 630 (Kaby Lake GT2)
0:00:00.381993882 21124 0x7f7f64186a30 INFO   vaapi gstvaapiutils.c:121:vaapi_initialize: VA-API version 1.1
0:00:00.382007767 21124 0x7f7f64186a30 INFO   vaapidisplay gstvaapidisplay.c:899:gst_vaapi_display_create_unlocked: new display addr=0x7f7f30098f50
0:00:00.382031664 21124 0x7f7f64186a30 INFO   vaapipostproc gstvaapipluginbase.c:55:plugin_set_display: set display
0:00:00.382045067 21124 0x7f7f64186a30 INFO   GST_CONTEXT gstvaapivideocontext.c:299:gst_vaapi_video_context_propagate: posting `have-context' (0x7f7f4404dc00) message with display
0:00:00.382136586 21124 0x7f7f64186a30 INFO   GST_STATES gstelement.c:2676:gst_element_continue_state: completed state change to PAUSED
0:00:00.382148320 21124 0x7f7f64186a30 INFO   GST_STATES gstelement.c:2579:_priv_gst_element_state_changed: notifying about state-changed READY to PAUSED (VOID_PENDING pending)
0:00:00.382164588 21124 0x7f7f64186a30 INFO   GST_STATES gstbin.c:2952:gst_bin_change_state_func: child 'vaapipostproc2' changed state to 3(PAUSED) successfully
0:00:00.382179024 21124 0x7f7f64186a30 INFO   GST_STATES gstbin.c:2504:gst_bin_element_set_state: current READY pending VOID_PENDING, desired next PAUSED
0:00:00.382193814 21124 0x7f7f64186a30 INFO   GST_STATES gstelement.c:2676:gst_element_continue_state: completed state change to PAUSED
0:00:00.382200917 21124 0x7f7f64186a30 INFO   GST_STATES gstelement.c:2579:_priv_gst_element_state_changed: notifying about state-changed READY to PAUSED (VOID_PENDING pending)
0:00:00.382214590 21124 0x7f7f64186a30 INFO   GST_STATES gstbin.c:2952:gst_bin_change_state_func: child 'capsfilter9' changed state to 3(PAUSED) successfully
0:00:00.382223804 21124 0x7f7f64186a30 INFO   GST_STATES gstbin.c:2504:gst_bin_element_set_state: current READY pending VOID_PENDING, desired next PAUSED
0:00:00.382246570 21124 0x7f7f64186a30 INFO   task gsttask.c:457:gst_task_set_lock: setting stream lock 0x7f7f1405acc0 on task 0x7f7f440a8050
0:00:00.382254535 21124 0x7f7f64186a30 INFO   GST_PADS gstpad.c:6131:gst_pad_start_task: created task 0x7f7f440a8050
0:00:00.382270622 21124 0x7f7f14006e30 INFO   glcontext gstgldebug.c:352:_gst_gl_debug_enable: Enabling GL context debugging
0:00:00.383022503 21124 0x7f7f14006e30 INFO   glcontext gstglcontext.c:1140:_unlock_create_thread: gl thread running
0:00:00.383042991 21124 0x7f7f48003e80 INFO   glcontext gstglcontext.c:1046:gst_gl_context_create: gl thread created
0:00:00.383064111 21124 0x7f7f48003e80 INFO   vaapipostproc gstvaapipluginbase.c:1196:gst_vaapi_plugin_base_set_gl_context: GL context:
0:00:00.383072330 21124 0x7f7f48003e80 INFO   default gstvaapipluginutil.c:280:gst_vaapi_find_gl_context: No valid GL display found
0:00:00.383374565 21124 0x7f7f64186a30 INFO   GST_STATES gstelement.c:2676:gst_element_continue_state: completed state change to PAUSED
0:00:00.383382858 21124 0x7f7f48003e80 INFO   vaapi gstvaapiutils.c:94:gst_vaapi_log: VA-API version 1.1.0
0:00:00.383388964 21124 0x7f7f64186a30 INFO   GST_STATES gstelement.c:2579:_priv_gst_element_state_changed: notifying about state-changed READY to PAUSED (VOID_PENDING pending)
0:00:00.383431659 21124 0x7f7f64186a30 INFO   GST_STATES gstbin.c:2952:gst_bin_change_state_func: child 'vaapi-queue' changed state to 3(PAUSED) successfully
0:00:00.383445426 21124 0x7f7f64186a30 INFO   GST_STATES gstbin.c:2504:gst_bin_element_set_state: current READY pending VOID_PENDING, desired next PAUSED
0:00:00.383493753 21124 0x7f7f64186a30 INFO   GST_CONTEXT gstvaapivideocontext.c:179:_gst_context_get_from_query: found context (context 'gst.vaapi.Display'='context, gst.vaapi.Display=(GstVaapiDisplay)"\(GstVaapiDisplayGLX\)\ vaapidisplayglx21";') in downstream query
0:00:00.383502128 21124 0x7f7f64186a30 INFO   vaapidecode gstvaapipluginbase.c:55:plugin_set_display: set display
0:00:00.383513195 21124 0x7f7f64186a30 INFO   GST_STATES gstelement.c:2676:gst_element_continue_state: completed state change to PAUSED
0:00:00.383518736 21124 0x7f7f64186a30 INFO   GST_STATES gstelement.c:2579:_priv_gst_element_state_changed: notifying about state-changed READY to PAUSED (VOID_PENDING pending)
0:00:00.383530484 21124 0x7f7f64186a30 INFO   GST_STATES gstbin.c:2952:gst_bin_change_state_func: child 'vaapidecode3' changed state to 3(PAUSED) successfully
0:00:00.383541821 21124 0x7f7f64186a30 INFO   GST_STATES gstelement.c:2676:gst_element_continue_state: completed state change to PAUSED
0:00:00.383546873 21124 0x7f7f64186a30 INFO   GST_STATES gstelement.c:2579:_priv_gst_element_state_changed: notifying about state-changed READY to PAUSED (VOID_PENDING pending)
0:00:00.383722702 21124 0x7f7f48003e80 INFO   vaapi gstvaapiutils.c:94:gst_vaapi_log: va_getDriverName() returns 0
0:00:00.383736026 21124 0x7f7f48003e80 INFO   vaapi gstvaapiutils.c:94:gst_vaapi_log: Trying to open /usr/lib/x86_64-linux-gnu/dri/i965_drv_video.so
0:00:00.383796468 21124 0x7f7f48003e80 INFO   vaapi gstvaapiutils.c:94:gst_vaapi_log: Found init function __vaDriverInit_1_1
0:00:00.383961243 21124 0x7f7f64186a30 INFO   GST_ELEMENT_PADS gstelement.c:920:gst_element_get_static_pad: found pad video-output-bin:sink
0:00:00.384274758 21124 0x5649ec8000f0 INFO   GST_ELEMENT_PADS gstelement.c:920:gst_element_get_static_pad: found pad video-output-bin:sink
0:00:00.384961264 21124 0x5649ec8000f0 INFO   vaapidecode gstvaapidecode.c:208:gst_vaapidecode_update_sink_caps: new sink caps = video/x-h264, stream-format=(string)avc, alignment=(string)au, level=(string)3, profile=(string)constrained-baseline, codec_data=(buffer)0142c01effe1001b6742c01e9e218118534d40404050000003001000000303c8f162ee01000568ce06cb20, width=(int)560, height=(int)320, framerate=(fraction)30/1, pixel-aspect-ratio=(fraction)1/1, interlace-mode=(string)progressive, chroma-format=(string)4:2:0, bit-depth-luma=(uint)8, bit-depth-chroma=(uint)8, parsed=(boolean)true
0:00:00.385388924 21124 0x5649ec8000f0 INFO   GST_ELEMENT_PADS gstelement.c:920:gst_element_get_static_pad: found pad video-output-bin:sink
0:00:00.387744656 21124 0x5649ec8000f0 INFO   GST_ELEMENT_PADS gstelement.c:920:gst_element_get_static_pad: found pad qtdemux2:sink
0:00:00.388099543 21124 0x5649ec8000f0 INFO   GST_EVENT gstevent.c:814:gst_event_new_caps: creating caps event audio/mpeg, mpegversion=(int)4, framed=(boolean)true, stream-format=(string)raw, level=(string)2, base-profile=(string)lc, profile=(string)lc, codec_data=(buffer)1188, rate=(int)48000, channels=(int)1
0:00:00.388166866 21124 0x5649ec8000f0 INFO   GST_ELEMENT_PADS gstelement.c:670:gst_element_add_pad: adding pad 'audio_0'
0:00:00.389255708 21124 0x7f7f48003e80 INFO   vaapi gstvaapiutils.c:94:gst_vaapi_log: va_openDriver() returns 0
0:00:00.389403477 21124 0x7f7f48003e80 INFO   vaapi gstvaapiutils.c:121:vaapi_initialize: VA-API version 1.1
0:00:00.389451438 21124 0x7f7f48003e80 INFO   vaapidisplay gstvaapidisplay.c:899:gst_vaapi_display_create_unlocked: new display addr=0x7f7f440a8530
0:00:00.389526928 21124 0x7f7f48003e80 INFO   vaapipostproc gstvaapipluginbase.c:55:plugin_set_display: set display
0:00:00.389570555 21124 0x7f7f48003e80 INFO   GST_CONTEXT gstvaapivideocontext.c:299:gst_vaapi_video_context_propagate: posting `have-context' (0x7f7f1401a2a0) message with display
0:00:00.389862422 21124 0x7f7f48003e80 INFO   GST_STATES gstelement.c:2676:gst_element_continue_state: completed state change to PAUSED
0:00:00.389899807 21124 0x7f7f48003e80 INFO   GST_STATES gstelement.c:2579:_priv_gst_element_state_changed: notifying about state-changed READY to PAUSED (VOID_PENDING pending)
0:00:00.389948057 21124 0x7f7f48003e80 INFO   GST_STATES gstbin.c:2952:gst_bin_change_state_func: child 'vaapipostproc4' changed state to 3(PAUSED) successfully
0:00:00.389992906 21124 0x7f7f48003e80 INFO   GST_STATES gstbin.c:2504:gst_bin_element_set_state: current READY pending VOID_PENDING, desired next PAUSED
0:00:00.390033194 21124 0x7f7f48003e80 INFO   GST_STATES gstelement.c:2676:gst_element_continue_state: completed state change to PAUSED
0:00:00.390043128 21124 0x7f7f48003e80 INFO   GST_STATES gstelement.c:2579:_priv_gst_element_state_changed: notifying about state-changed READY to PAUSED (VOID_PENDING pending)
0:00:00.390060166 21124 0x7f7f48003e80 INFO   GST_STATES gstbin.c:2952:gst_bin_change_state_func: child 'capsfilter12' changed state to 3(PAUSED) successfully
0:00:00.390075186 21124 0x7f7f48003e80 INFO   GST_STATES gstbin.c:2504:gst_bin_element_set_state: current READY pending VOID_PENDING, desired next PAUSED
0:00:00.390148437 21124 0x7f7f48003e80 INFO   task gsttask.c:457:gst_task_set_lock: setting stream lock 0x7f7f1405a380 on task 0x7f7f440a85f0
0:00:00.390174774 21124 0x7f7f48003e80 INFO   GST_PADS gstpad.c:6131:gst_pad_start_task: created task 0x7f7f440a85f0
0:00:00.390983874 21124 0x5649ec8000f0 INFO   GST_PADS gstpad.c:2378:gst_pad_link_prepare: trying to link qtdemux2:audio_0 and decodepad18:proxypad72
0:00:00.391077216 21124 0x5649ec8000f0 INFO   GST_PADS gstpad.c:2586:gst_pad_link_full: linked qtdemux2:audio_0 and decodepad18:proxypad72, successful
0:00:00.391094261 21124 0x5649ec8000f0 INFO   GST_EVENT gstevent.c:1517:gst_event_new_reconfigure: creating reconfigure event
0:00:00.391198850 21124 0x7f7f48003e80 INFO   GST_STATES gstelement.c:2676:gst_element_continue_state: completed state change to PAUSED
0:00:00.391316776 21124 0x7f7f48003e80 INFO   GST_STATES gstelement.c:2579:_priv_gst_element_state_changed: notifying about state-changed READY to PAUSED (VOID_PENDING pending)
0:00:00.391328413 21124 0x5649ec8000f0 INFO   GST_ELEMENT_PADS gstelement.c:920:gst_element_get_static_pad: found pad audio-output-bin:sink
0:00:00.391468996 21124 0x7f7f48003e80 INFO   GST_STATES gstbin.c:2952:gst_bin_change_state_func: child 'vaapi-queue' changed state to 3(PAUSED) successfully
0:00:00.391514553 21124 0x7f7f48003e80 INFO   GST_STATES gstbin.c:2504:gst_bin_element_set_state: current READY pending VOID_PENDING, desired next PAUSED
0:00:00.391718039 21124 0x7f7f48003e80 INFO   GST_CONTEXT gstvaapivideocontext.c:179:_gst_context_get_from_query: found context (context 'gst.vaapi.Display'='context, gst.vaapi.Display=(GstVaapiDisplay)"\(GstVaapiDisplayGLX\)\ vaapidisplayglx22";') in downstream query
0:00:00.391764980 21124 0x7f7f48003e80 INFO   vaapidecode gstvaapipluginbase.c:55:plugin_set_display: set display
0:00:00.391821011 21124 0x7f7f48003e80 INFO   GST_STATES gstelement.c:2676:gst_element_continue_state: completed state change to PAUSED
0:00:00.391840422 21124 0x7f7f48003e80 INFO   GST_STATES gstelement.c:2579:_priv_gst_element_state_changed: notifying about state-changed READY to PAUSED (VOID_PENDING pending)
0:00:00.391895376 21124 0x7f7f48003e80 INFO   GST_STATES gstbin.c:2952:gst_bin_change_state_func: child 'vaapidecode2' changed state to 3(PAUSED) successfully
0:00:00.391947637 21124 0x7f7f48003e80 INFO   GST_STATES gstelement.c:2676:gst_element_continue_state: completed state change to PAUSED
0:00:00.391968017 21124 0x7f7f48003e80 INFO   GST_STATES gstelement.c:2579:_priv_gst_element_state_changed: notifying about state-changed READY to PAUSED (VOID_PENDING pending)
0:00:00.393374130 21124 0x5649ec8000f0 INFO   GST_ELEMENT_PADS gstelement.c:920:gst_element_get_static_pad: found pad video-output-bin:sink
0:00:00.395499399 21124 0x5649ec8000f0 INFO   GST_ELEMENT_PADS gstpad.c:2134:gst_pad_unlink: unlinking qtdemux2:audio_0(0x7f7f3006e880) and decodepad18:proxypad72(0x5649ecbd53b0)
0:00:00.395704901 21124 0x5649ec8000f0 INFO   GST_ELEMENT_PADS gstpad.c:2188:gst_pad_unlink: unlinked qtdemux2:audio_0 and decodepad18:proxypad72
0:00:00.396899561 21124 0x5649ec8000f0 INFO   GST_ELEMENT_PADS gstelement.c:670:gst_element_add_pad: adding pad 'src_1'
0:00:00.396925111 21124 0x5649ec8000f0 INFO   GST_ELEMENT_PADS gstelement.c:670:gst_element_add_pad: adding pad 'sink_1'
0:00:00.396945777 21124 0x5649ec8000f0 INFO   task gsttask.c:457:gst_task_set_lock: setting stream lock 0x7f7ef405e800 on task 0x7f7f30098290
0:00:00.396952654 21124 0x5649ec8000f0 INFO   GST_PADS gstpad.c:6131:gst_pad_start_task: created task 0x7f7f30098290
0:00:00.396956452 21124 0x7f7f40004d40 INFO   GST_ELEMENT_PADS gstelement.c:920:gst_element_get_static_pad: found pad video-output-bin:sink
0:00:00.397245481 21124 0x7f7f48003e80 INFO   GST_ELEMENT_PADS gstelement.c:920:gst_element_get_static_pad: found pad video-output-bin:sink
0:00:00.397387989 21124 0x5649ec8000f0 INFO   GST_PADS gstpad.c:2378:gst_pad_link_prepare: trying to link qtdemux2:audio_0 and multiqueue2:sink_1
0:00:00.397417853 21124 0x5649ec8000f0 INFO   GST_PADS gstpad.c:2586:gst_pad_link_full: linked qtdemux2:audio_0 and multiqueue2:sink_1, successful
0:00:00.397424410 21124 0x5649ec8000f0 INFO   GST_EVENT gstevent.c:1517:gst_event_new_reconfigure: creating reconfigure event
0:00:00.397456519 21124 0x5649ec8000f0 INFO   GST_PADS gstpad.c:2378:gst_pad_link_prepare: trying to link multiqueue2:src_1 and decodepad18:proxypad72
0:00:00.397465262 21124 0x5649ec8000f0 INFO   GST_PADS gstpad.c:2586:gst_pad_link_full: linked multiqueue2:src_1 and decodepad18:proxypad72, successful
0:00:00.397469610 21124 0x5649ec8000f0 INFO   GST_EVENT gstevent.c:1517:gst_event_new_reconfigure: creating reconfigure event
0:00:00.397486503 21124 0x5649ec8000f0 INFO   GST_ELEMENT_PADS gstpad.c:2134:gst_pad_unlink: unlinking multiqueue2:src_1(0x7f7ef405e790) and decodepad18:proxypad72(0x5649ecbd53b0)
0:00:00.397496059 21124 0x5649ec8000f0 INFO   GST_ELEMENT_PADS gstpad.c:2188:gst_pad_unlink: unlinked multiqueue2:src_1 and decodepad18:proxypad72
0:00:00.397506108 21124 0x5649ec8000f0 INFO   GST_PADS gstpad.c:2378:gst_pad_link_prepare: trying to link multiqueue2:src_1 and decodepad18:proxypad72
0:00:00.397513187 21124 0x5649ec8000f0 INFO   GST_PADS gstpad.c:2586:gst_pad_link_full: linked multiqueue2:src_1 and decodepad18:proxypad72, successful
0:00:00.397517949 21124 0x5649ec8000f0 INFO   GST_EVENT gstevent.c:1517:gst_event_new_reconfigure: creating reconfigure event
0:00:00.397548718 21124 0x5649ec8000f0 INFO   GST_ELEMENT_PADS gstpad.c:2134:gst_pad_unlink: unlinking multiqueue2:src_1(0x7f7ef405e790) and decodepad18:proxypad72(0x5649ecbd53b0)
0:00:00.397563899 21124 0x5649ec8000f0 INFO   GST_ELEMENT_PADS gstpad.c:2188:gst_pad_unlink: unlinked multiqueue2:src_1 and decodepad18:proxypad72
0:00:00.397701548 21124 0x7f7f4c003c00 INFO   GST_ELEMENT_PADS gstelement.c:920:gst_element_get_static_pad: found pad video-output-bin:sink
0:00:00.397769453 21124 0x7f7f40004d40 INFO   vaapidecode gstvaapidecode.c:208:gst_vaapidecode_update_sink_caps: new sink caps = video/x-h264, stream-format=(string)avc, alignment=(string)au, level=(string)3, profile=(string)constrained-baseline, codec_data=(buffer)0142c01effe1001b6742c01e9e218118534d40404050000003001000000303c8f162ee01000568ce06cb20, width=(int)560, height=(int)320, framerate=(fraction)30/1, pixel-aspect-ratio=(fraction)1/1, interlace-mode=(string)progressive, chroma-format=(string)4:2:0, bit-depth-luma=(uint)8, bit-depth-chroma=(uint)8, parsed=(boolean)true
0:00:00.398247032 21124 0x7f7f4c003c00 INFO   vaapidecode gstvaapidecode.c:208:gst_vaapidecode_update_sink_caps: new sink caps = video/x-h264, stream-format=(string)avc, alignment=(string)au, level=(string)3, profile=(string)constrained-baseline, codec_data=(buffer)0142c01effe1001b6742c01e9e218118534d40404050000003001000000303c8f162ee01000568ce06cb20, width=(int)560, height=(int)320, framerate=(fraction)30/1, pixel-aspect-ratio=(fraction)1/1, interlace-mode=(string)progressive, chroma-format=(string)4:2:0, bit-depth-luma=(uint)8, bit-depth-chroma=(uint)8, parsed=(boolean)true
0:00:00.398472510 21124 0x5649ec8000f0 INFO   GST_PLUGIN_LOADING gstplugin.c:901:_priv_gst_plugin_load_file_for_registry: plugin "/usr/lib/x86_64-linux-gnu/gstreamer-1.0/libgstaudioparsers.so" loaded
0:00:00.398497036 21124 0x5649ec8000f0 INFO   GST_ELEMENT_FACTORY gstelementfactory.c:361:gst_element_factory_create: creating element "aacparse"
0:00:00.398571879 21124 0x5649ec8000f0 INFO   GST_ELEMENT_PADS gstelement.c:670:gst_element_add_pad: adding pad 'sink'
0:00:00.398587257 21124 0x5649ec8000f0 INFO   GST_ELEMENT_PADS gstelement.c:670:gst_element_add_pad: adding pad 'src'
0:00:00.398661975 21124 0x5649ec8000f0 INFO   GST_PADS gstpad.c:2378:gst_pad_link_prepare: trying to link multiqueue2:src_1 and aacparse0:sink
0:00:00.398672367 21124 0x5649ec8000f0 INFO   GST_PADS gstpad.c:2586:gst_pad_link_full: linked multiqueue2:src_1 and aacparse0:sink, successful
0:00:00.398677825 21124 0x5649ec8000f0 INFO   GST_EVENT gstevent.c:1517:gst_event_new_reconfigure: creating reconfigure event
0:00:00.398688175 21124 0x7f7f40004d40 INFO   GST_ELEMENT_PADS gstelement.c:920:gst_element_get_static_pad: found pad video-output-bin:sink
0:00:00.398700810 21124 0x5649ec8000f0 INFO   GST_STATES gstelement.c:2676:gst_element_continue_state: completed state change to READY
0:00:00.398708976 21124 0x5649ec8000f0 INFO   GST_STATES gstelement.c:2579:_priv_gst_element_state_changed: notifying about state-changed NULL to READY (VOID_PENDING pending)
0:00:00.398728996 21124 0x7f7f4c003c00 INFO   GST_ELEMENT_PADS gstelement.c:920:gst_element_get_static_pad: found pad video-output-bin:sink
0:00:00.398802225 21124 0x5649ec8000f0 INFO   GST_ELEMENT_PADS gstelement.c:920:gst_element_get_static_pad: found pad aacparse0:src
0:00:00.398819315 21124 0x5649ec8000f0 INFO   GST_PADS gstpad.c:2378:gst_pad_link_prepare: trying to link aacparse0:src and decodepad18:proxypad72
0:00:00.398828232 21124 0x5649ec8000f0 INFO   GST_PADS gstpad.c:2586:gst_pad_link_full: linked aacparse0:src and decodepad18:proxypad72, successful
0:00:00.398833361 21124 0x5649ec8000f0 INFO   GST_EVENT gstevent.c:1517:gst_event_new_reconfigure: creating reconfigure event
0:00:00.398839215 21124 0x5649ec8000f0 INFO   GST_EVENT gstpad.c:5785:gst_pad_send_event_unchecked: Received event on flushing pad. Discarding
0:00:00.398877564 21124 0x5649ec8000f0 INFO   GST_STATES gstelement.c:2676:gst_element_continue_state: completed state change to PAUSED
0:00:00.398886116 21124 0x5649ec8000f0 INFO   GST_STATES gstelement.c:2579:_priv_gst_element_state_changed: notifying about state-changed READY to PAUSED (VOID_PENDING pending)
0:00:00.398922345 21124 0x5649ec8000f0 INFO   aacparse gstaacparse.c:604:gst_aac_parse_read_audio_specific_config: Parsed AudioSpecificConfig: 48000 Hz, 1 channels
0:00:00.398947063 21124 0x5649ec8000f0 INFO   GST_ELEMENT_PADS gstelement.c:920:gst_element_get_static_pad: found pad audio-output-bin:sink
0:00:00.398970923 21124 0x5649ec8000f0 INFO   GST_EVENT gstevent.c:814:gst_event_new_caps: creating caps event audio/mpeg, mpegversion=(int)4, framed=(boolean)true, stream-format=(string)raw, level=(string)2, base-profile=(string)lc, profile=(string)lc, codec_data=(buffer)1188, rate=(int)48000, channels=(int)1
0:00:00.398990959 21124 0x5649ec8000f0 INFO   GST_ELEMENT_PADS gstpad.c:2134:gst_pad_unlink: unlinking aacparse0:src(0x7f7ef405ec30) and decodepad18:proxypad72(0x5649ecbd53b0)
0:00:00.399002790 21124 0x5649ec8000f0 INFO   GST_ELEMENT_PADS gstpad.c:2188:gst_pad_unlink: unlinked aacparse0:src and decodepad18:proxypad72
0:00:00.399010047 21124 0x5649ec8000f0 INFO   GST_PADS gstpad.c:2378:gst_pad_link_prepare: trying to link aacparse0:src and decodepad18:proxypad72
0:00:00.399015042 21124 0x5649ec8000f0 INFO   GST_PADS gstpad.c:2586:gst_pad_link_full: linked aacparse0:src and decodepad18:proxypad72, successful
0:00:00.399018146 21124 0x5649ec8000f0 INFO   GST_EVENT gstevent.c:1517:gst_event_new_reconfigure: creating reconfigure event
0:00:00.399171541 21124 0x7f7f40004d40 INFO   GST_ELEMENT_PADS gstelement.c:920:gst_element_get_static_pad: found pad qtdemux6:sink
0:00:00.399242391 21124 0x7f7f40004d40 INFO   GST_EVENT gstevent.c:814:gst_event_new_caps: creating caps event audio/mpeg, mpegversion=(int)4, framed=(boolean)true, stream-format=(string)raw, level=(string)2, base-profile=(string)lc, profile=(string)lc, codec_data=(buffer)1188, rate=(int)48000, channels=(int)1
0:00:00.399252016 21124 0x7f7f40004d40 INFO   GST_ELEMENT_PADS gstelement.c:670:gst_element_add_pad: adding pad 'audio_0'
0:00:00.399312144 21124 0x5649ec8000f0 INFO   GST_ELEMENT_PADS gstelement.c:920:gst_element_get_static_pad: found pad audio-output-bin:sink
0:00:00.399315743 21124 0x7f7f40004d40 INFO   GST_PADS gstpad.c:2378:gst_pad_link_prepare: trying to link qtdemux6:audio_0 and decodepad19:proxypad73
0:00:00.399332262 21124 0x7f7f40004d40 INFO   GST_PADS gstpad.c:2586:gst_pad_link_full: linked qtdemux6:audio_0 and decodepad19:proxypad73, successful
0:00:00.399337108 21124 0x7f7f40004d40 INFO   GST_EVENT gstevent.c:1517:gst_event_new_reconfigure: creating reconfigure event
0:00:00.399359063 21124 0x7f7f40004d40 INFO   GST_ELEMENT_PADS gstelement.c:920:gst_element_get_static_pad: found pad audio-output-bin:sink
0:00:00.399594729 21124 0x7f7f64186a30 INFO   GST_ELEMENT_PADS gstelement.c:920:gst_element_get_static_pad: found pad video-output-bin:sink
0:00:00.399636753 21124 0x7f7f4c003c00 INFO   GST_ELEMENT_PADS gstelement.c:920:gst_element_get_static_pad: found pad qtdemux8:sink
0:00:00.399669036 21124 0x7f7f4c003c00 INFO   GST_EVENT gstevent.c:814:gst_event_new_caps: creating caps event audio/mpeg, mpegversion=(int)4, framed=(boolean)true, stream-format=(string)raw, level=(string)2, base-profile=(string)lc, profile=(string)lc, codec_data=(buffer)1188, rate=(int)48000, channels=(int)1
0:00:00.399677748 21124 0x7f7f4c003c00 INFO   GST_ELEMENT_PADS gstelement.c:670:gst_element_add_pad: adding pad 'audio_0'
0:00:00.399707701 21124 0x7f7f4c003c00 INFO   GST_PADS gstpad.c:2378:gst_pad_link_prepare: trying to link qtdemux8:audio_0 and decodepad20:proxypad74
0:00:00.399713719 21124 0x7f7f4c003c00 INFO   GST_PADS gstpad.c:2586:gst_pad_link_full: linked qtdemux8:audio_0 and decodepad20:proxypad74, successful
0:00:00.399717799 21124 0x7f7f4c003c00 INFO   GST_EVENT gstevent.c:1517:gst_event_new_reconfigure: creating reconfigure event
0:00:00.399743883 21124 0x7f7f4c003c00 INFO   GST_ELEMENT_PADS gstelement.c:920:gst_element_get_static_pad: found pad audio-output-bin:sink
0:00:00.399784566 21124 0x7f7f40004d40 INFO   GST_ELEMENT_PADS gstelement.c:920:gst_element_get_static_pad: found pad video-output-bin:sink
0:00:00.399938285 21124 0x7f7f4c003c00 INFO   GST_ELEMENT_PADS gstelement.c:920:gst_element_get_static_pad: found pad video-output-bin:sink
0:00:00.400009298 21124 0x7f7f40004d40 INFO   GST_ELEMENT_PADS gstpad.c:2134:gst_pad_unlink: unlinking qtdemux6:audio_0(0x7f7ef40578e0) and decodepad19:proxypad73(0x7f7f2405ee90)
0:00:00.400021822 21124 0x7f7f40004d40 INFO   GST_ELEMENT_PADS gstpad.c:2188:gst_pad_unlink: unlinked qtdemux6:audio_0 and decodepad19:proxypad73
0:00:00.400063952 21124 0x7f7f40004d40 INFO   GST_ELEMENT_PADS gstelement.c:670:gst_element_add_pad: adding pad 'src_1'
0:00:00.400071658 21124 0x7f7f40004d40 INFO   GST_ELEMENT_PADS gstelement.c:670:gst_element_add_pad: adding pad 'sink_1'
0:00:00.400081687 21124 0x7f7f40004d40 INFO   task gsttask.c:457:gst_task_set_lock: setting stream lock 0x7f7ef405f140 on task 0x7f7f30098830
0:00:00.400087732 21124 0x7f7f40004d40 INFO   GST_PADS gstpad.c:6131:gst_pad_start_task: created task 0x7f7f30098830
0:00:00.400104132 21124 0x7f7f4c003c00 INFO   GST_ELEMENT_PADS gstpad.c:2134:gst_pad_unlink: unlinking qtdemux8:audio_0(0x7f7ef405e2f0) and decodepad20:proxypad74(0x7f7ef405c2c0)
0:00:00.400115281 21124 0x7f7f4c003c00 INFO   GST_ELEMENT_PADS gstpad.c:2188:gst_pad_unlink: unlinked qtdemux8:audio_0 and decodepad20:proxypad74
0:00:00.400206104 21124 0x5649ec8000f0 INFO   GST_ELEMENT_PADS gstelement.c:920:gst_element_get_static_pad: found pad video-output-bin:sink
0:00:00.400247569 21124 0x7f7f4c003c00 INFO   GST_ELEMENT_PADS gstelement.c:670:gst_element_add_pad: adding pad 'src_1'
0:00:00.400257273 21124 0x7f7f4c003c00 INFO   GST_ELEMENT_PADS gstelement.c:670:gst_element_add_pad: adding pad 'sink_1'
0:00:00.400268062 21124 0x7f7f4c003c00 INFO   task gsttask.c:457:gst_task_set_lock: setting stream lock 0x7f7ef405fa80 on task 0x7f7f30098dd0
0:00:00.400269771 21124 0x7f7f40004d40 INFO   GST_PADS gstpad.c:2378:gst_pad_link_prepare: trying to link qtdemux6:audio_0 and multiqueue6:sink_1
0:00:00.400276741 21124 0x7f7f4c003c00 INFO   GST_PADS gstpad.c:6131:gst_pad_start_task: created task 0x7f7f30098dd0
0:00:00.400295136 21124 0x7f7f64186a30 INFO   vaapidecode gstvaapidecode.c:208:gst_vaapidecode_update_sink_caps: new sink caps = video/x-h264, stream-format=(string)avc, alignment=(string)au, level=(string)3, profile=(string)constrained-baseline, codec_data=(buffer)0142c01effe1001b6742c01e9e218118534d40404050000003001000000303c8f162ee01000568ce06cb20, width=(int)560, height=(int)320, framerate=(fraction)30/1, pixel-aspect-ratio=(fraction)1/1, interlace-mode=(string)progressive, chroma-format=(string)4:2:0, bit-depth-luma=(uint)8, bit-depth-chroma=(uint)8, parsed=(boolean)true
0:00:00.400291728 21124 0x7f7f40004d40 INFO   GST_PADS gstpad.c:2586:gst_pad_link_full: linked qtdemux6:audio_0 and multiqueue6:sink_1, successful
0:00:00.400328839 21124 0x7f7f40004d40 INFO   GST_EVENT gstevent.c:1517:gst_event_new_reconfigure: creating reconfigure event
0:00:00.400363284 21124 0x7f7f40004d40 INFO   GST_PADS gstpad.c:2378:gst_pad_link_prepare: trying to link multiqueue6:src_1 and decodepad19:proxypad73
0:00:00.400372043 21124 0x7f7f40004d40 INFO   GST_PADS gstpad.c:2586:gst_pad_link_full: linked multiqueue6:src_1 and decodepad19:proxypad73, successful
0:00:00.400376356 21124 0x7f7f40004d40 INFO   GST_EVENT gstevent.c:1517:gst_event_new_reconfigure: creating reconfigure event
0:00:00.400393200 21124 0x7f7f40004d40 INFO   GST_ELEMENT_PADS gstpad.c:2134:gst_pad_unlink: unlinking multiqueue6:src_1(0x7f7ef405f0d0) and decodepad19:proxypad73(0x7f7f2405ee90)
0:00:00.400393187 21124 0x5649ec8000f0 INFO   GST_ELEMENT_PADS gstpad.c:2134:gst_pad_unlink: unlinking aacparse0:src(0x7f7ef405ec30) and decodepad18:proxypad72(0x5649ecbd53b0)
0:00:00.400405775 21124 0x7f7f40004d40 INFO   GST_ELEMENT_PADS gstpad.c:2188:gst_pad_unlink: unlinked multiqueue6:src_1 and decodepad19:proxypad73
0:00:00.400418292 21124 0x5649ec8000f0 INFO   GST_ELEMENT_PADS gstpad.c:2188:gst_pad_unlink: unlinked aacparse0:src and decodepad18:proxypad72
0:00:00.400424049 21124 0x7f7f40004d40 INFO   GST_PADS gstpad.c:2378:gst_pad_link_prepare: trying to link multiqueue6:src_1 and decodepad19:proxypad73
0:00:00.400418305 21124 0x7f7f4c003c00 INFO   GST_PADS gstpad.c:2378:gst_pad_link_prepare: trying to link qtdemux8:audio_0 and multiqueue8:sink_1
0:00:00.400441169 21124 0x5649ec8000f0 INFO   GST_PADS gstpad.c:2378:gst_pad_link_prepare: trying to link aacparse0:src and decodepad18:proxypad72
0:00:00.400445121 21124 0x7f7f4c003c00 INFO   GST_PADS gstpad.c:2586:gst_pad_link_full: linked qtdemux8:audio_0 and multiqueue8:sink_1, successful
0:00:00.400451200 21124 0x7f7f4c003c00 INFO   GST_EVENT gstevent.c:1517:gst_event_new_reconfigure: creating reconfigure event
0:00:00.400433226 21124 0x7f7f40004d40 INFO   GST_PADS gstpad.c:2586:gst_pad_link_full: linked multiqueue6:src_1 and decodepad19:proxypad73, successful
0:00:00.400457037 21124 0x5649ec8000f0 INFO   GST_PADS gstpad.c:2586:gst_pad_link_full: linked aacparse0:src and decodepad18:proxypad72, successful
0:00:00.400464676 21124 0x7f7f40004d40 INFO   GST_EVENT gstevent.c:1517:gst_event_new_reconfigure: creating reconfigure event
0:00:00.400471428 21124 0x5649ec8000f0 INFO   GST_EVENT gstevent.c:1517:gst_event_new_reconfigure: creating reconfigure event
0:00:00.400475852 21124 0x7f7f4c003c00 INFO   GST_PADS gstpad.c:2378:gst_pad_link_prepare: trying to link multiqueue8:src_1 and decodepad20:proxypad74
0:00:00.400490495 21124 0x7f7f4c003c00 INFO   GST_PADS gstpad.c:2586:gst_pad_link_full: linked multiqueue8:src_1 and decodepad20:proxypad74, successful
0:00:00.400495528 21124 0x7f7f4c003c00 INFO   GST_EVENT gstevent.c:1517:gst_event_new_reconfigure: creating reconfigure event
0:00:00.400500125 21124 0x7f7f40004d40 INFO   GST_ELEMENT_PADS gstpad.c:2134:gst_pad_unlink: unlinking multiqueue6:src_1(0x7f7ef405f0d0) and decodepad19:proxypad73(0x7f7f2405ee90)
0:00:00.400510382 21124 0x7f7f4c003c00 INFO   GST_ELEMENT_PADS gstpad.c:2134:gst_pad_unlink: unlinking multiqueue8:src_1(0x7f7ef405fa10) and decodepad20:proxypad74(0x7f7ef405c2c0)
0:00:00.400504434 21124 0x5649ec8000f0 INFO   GST_ELEMENT_PADS gstpad.c:2134:gst_pad_unlink: unlinking aacparse0:src(0x7f7ef405ec30) and decodepad18:proxypad72(0x5649ecbd53b0)
0:00:00.400525710 21124 0x7f7f40004d40 INFO   GST_ELEMENT_PADS gstpad.c:2188:gst_pad_unlink: unlinked multiqueue6:src_1 and decodepad19:proxypad73
0:00:00.400531926 21124 0x5649ec8000f0 INFO   GST_ELEMENT_PADS gstpad.c:2188:gst_pad_unlink: unlinked aacparse0:src and decodepad18:proxypad72
0:00:00.400538510 21124 0x7f7f40004d40 INFO   GST_ELEMENT_FACTORY gstelementfactory.c:361:gst_element_factory_create: creating element "aacparse"
0:00:00.400545074 21124 0x5649ec8000f0 INFO   GST_PADS gstpad.c:2378:gst_pad_link_prepare: trying to link aacparse0:src and decodepad18:proxypad72
0:00:00.400552724 21124 0x5649ec8000f0 INFO   GST_PADS gstpad.c:2586:gst_pad_link_full: linked aacparse0:src and decodepad18:proxypad72, successful
0:00:00.400556605 21124 0x5649ec8000f0 INFO   GST_EVENT gstevent.c:1517:gst_event_new_reconfigure: creating reconfigure event
0:00:00.400565290 21124 0x7f7f40004d40 INFO   GST_ELEMENT_PADS gstelement.c:670:gst_element_add_pad: adding pad 'sink'
0:00:00.400578931 21124 0x7f7f40004d40 INFO   GST_ELEMENT_PADS gstelement.c:670:gst_element_add_pad: adding pad 'src'
0:00:00.400584703 21124 0x5649ec8000f0 INFO   GST_ELEMENT_PADS gstelement.c:920:gst_element_get_static_pad: found pad audio-output-bin:sink
0:00:00.400519906 21124 0x7f7f4c003c00 INFO   GST_ELEMENT_PADS gstpad.c:2188:gst_pad_unlink: unlinked multiqueue8:src_1 and decodepad20:proxypad74
0:00:00.400615264 21124 0x7f7f4c003c00 INFO   GST_PADS gstpad.c:2378:gst_pad_link_prepare: trying to link multiqueue8:src_1 and decodepad20:proxypad74
0:00:00.400622098 21124 0x7f7f4c003c00 INFO   GST_PADS gstpad.c:2586:gst_pad_link_full: linked multiqueue8:src_1 and decodepad20:proxypad74, successful
0:00:00.400626760 21124 0x7f7f4c003c00 INFO   GST_EVENT gstevent.c:1517:gst_event_new_reconfigure: creating reconfigure event
0:00:00.400651315 21124 0x7f7f4c003c00 INFO   GST_ELEMENT_PADS gstpad.c:2134:gst_pad_unlink: unlinking multiqueue8:src_1(0x7f7ef405fa10) and decodepad20:proxypad74(0x7f7ef405c2c0)
0:00:00.400658669 21124 0x7f7f4c003c00 INFO   GST_ELEMENT_PADS gstpad.c:2188:gst_pad_unlink: unlinked multiqueue8:src_1 and decodepad20:proxypad74
0:00:00.400664614 21124 0x7f7f4c003c00 INFO   GST_ELEMENT_FACTORY gstelementfactory.c:361:gst_element_factory_create: creating element "aacparse"
0:00:00.400675956 21124 0x7f7f64186a30 INFO   GST_ELEMENT_PADS gstelement.c:920:gst_element_get_static_pad: found pad video-output-bin:sink
0:00:00.400680209 21124 0x7f7f4c003c00 INFO   GST_ELEMENT_PADS gstelement.c:670:gst_element_add_pad: adding pad 'sink'
0:00:00.400704752 21124 0x7f7f4c003c00 INFO   GST_ELEMENT_PADS gstelement.c:670:gst_element_add_pad: adding pad 'src'
0:00:00.400748785 21124 0x7f7f4c003c00 INFO   GST_PADS gstpad.c:2378:gst_pad_link_prepare: trying to link multiqueue8:src_1 and aacparse2:sink
0:00:00.400751344 21124 0x7f7f40004d40 INFO   GST_PADS gstpad.c:2378:gst_pad_link_prepare: trying to link multiqueue6:src_1 and aacparse1:sink
0:00:00.400759152 21124 0x7f7f4c003c00 INFO   GST_PADS gstpad.c:2586:gst_pad_link_full: linked multiqueue8:src_1 and aacparse2:sink, successful
0:00:00.400770024 21124 0x7f7f40004d40 INFO   GST_PADS gstpad.c:2586:gst_pad_link_full: linked multiqueue6:src_1 and aacparse1:sink, successful
0:00:00.400775989 21124 0x7f7f4c003c00 INFO   GST_EVENT gstevent.c:1517:gst_event_new_reconfigure: creating reconfigure event
0:00:00.400780863 21124 0x7f7f40004d40 INFO   GST_EVENT gstevent.c:1517:gst_event_new_reconfigure: creating reconfigure event
0:00:00.400800479 21124 0x7f7f40004d40 INFO   GST_STATES gstelement.c:2676:gst_element_continue_state: completed state change to READY
0:00:00.400800493 21124 0x7f7f4c003c00 INFO   GST_STATES gstelement.c:2676:gst_element_continue_state: completed state change to READY
0:00:00.400809462 21124 0x7f7f40004d40 INFO   GST_STATES gstelement.c:2579:_priv_gst_element_state_changed: notifying about state-changed NULL to READY (VOID_PENDING pending)
0:00:00.400815352 21124 0x7f7f4c003c00 INFO   GST_STATES gstelement.c:2579:_priv_gst_element_state_changed: notifying about state-changed NULL to READY (VOID_PENDING pending)
0:00:00.400842347 21124 0x7f7f4c003c00 INFO   GST_ELEMENT_PADS gstelement.c:920:gst_element_get_static_pad: found pad aacparse2:src
0:00:00.400842350 21124 0x7f7f40004d40 INFO   GST_ELEMENT_PADS gstelement.c:920:gst_element_get_static_pad: found pad aacparse1:src
0:00:00.400856375 21124 0x7f7f4c003c00 INFO   GST_PADS gstpad.c:2378:gst_pad_link_prepare: trying to link aacparse2:src and decodepad20:proxypad74
0:00:00.400860589 21124 0x7f7f40004d40 INFO   GST_PADS gstpad.c:2378:gst_pad_link_prepare: trying to link aacparse1:src and decodepad19:proxypad73
0:00:00.400864212 21124 0x7f7f4c003c00 INFO   GST_PADS gstpad.c:2586:gst_pad_link_full: linked aacparse2:src and decodepad20:proxypad74, successful
0:00:00.400871420 21124 0x7f7f40004d40 INFO   GST_PADS gstpad.c:2586:gst_pad_link_full: linked aacparse1:src and decodepad19:proxypad73, successful
0:00:00.400879372 21124 0x7f7f4c003c00 INFO   GST_EVENT gstevent.c:1517:gst_event_new_reconfigure: creating reconfigure event
0:00:00.400891363 21124 0x7f7f4c003c00 INFO   GST_EVENT gstpad.c:5785:gst_pad_send_event_unchecked: Received event on flushing pad. Discarding
0:00:00.400884708 21124 0x7f7f40004d40 INFO   GST_EVENT gstevent.c:1517:gst_event_new_reconfigure: creating reconfigure event
0:00:00.400925395 21124 0x7f7f40004d40 INFO   GST_EVENT gstpad.c:5785:gst_pad_send_event_unchecked: Received event on flushing pad. Discarding
0:00:00.400926490 21124 0x7f7f4c003c00 INFO   GST_STATES gstelement.c:2676:gst_element_continue_state: completed state change to PAUSED
0:00:00.400941130 21124 0x7f7f4c003c00 INFO   GST_STATES gstelement.c:2579:_priv_gst_element_state_changed: notifying about state-changed READY to PAUSED (VOID_PENDING pending)
0:00:00.400958995 21124 0x7f7f40004d40 INFO   GST_STATES gstelement.c:2676:gst_element_continue_state: completed state change to PAUSED
0:00:00.400967048 21124 0x7f7f40004d40 INFO   GST_STATES gstelement.c:2579:_priv_gst_element_state_changed: notifying about state-changed READY to PAUSED (VOID_PENDING pending)
0:00:00.400972293 21124 0x7f7f4c003c00 INFO   aacparse gstaacparse.c:604:gst_aac_parse_read_audio_specific_config: Parsed AudioSpecificConfig: 48000 Hz, 1 channels
0:00:00.400991147 21124 0x7f7f40004d40 INFO   aacparse gstaacparse.c:604:gst_aac_parse_read_audio_specific_config: Parsed AudioSpecificConfig: 48000 Hz, 1 channels
0:00:00.400992461 21124 0x7f7f4c003c00 INFO   GST_ELEMENT_PADS gstelement.c:920:gst_element_get_static_pad: found pad audio-output-bin:sink
0:00:00.401009657 21124 0x7f7f40004d40 INFO   GST_ELEMENT_PADS gstelement.c:920:gst_element_get_static_pad: found pad audio-output-bin:sink
0:00:00.401020445 21124 0x7f7f4c003c00 INFO   GST_EVENT gstevent.c:814:gst_event_new_caps: creating caps event audio/mpeg, mpegversion=(int)4, framed=(boolean)true, stream-format=(string)raw, level=(string)2, base-profile=(string)lc, profile=(string)lc, codec_data=(buffer)1188, rate=(int)48000, channels=(int)1
0:00:00.401030828 21124 0x7f7f40004d40 INFO   GST_EVENT gstevent.c:814:gst_event_new_caps: creating caps event audio/mpeg, mpegversion=(int)4, framed=(boolean)true, stream-format=(string)raw, level=(string)2, base-profile=(string)lc, profile=(string)lc, codec_data=(buffer)1188, rate=(int)48000, channels=(int)1
0:00:00.401032912 21124 0x7f7f4c003c00 INFO   GST_ELEMENT_PADS gstpad.c:2134:gst_pad_unlink: unlinking aacparse2:src(0x7f7ef40b6080) and decodepad20:proxypad74(0x7f7ef405c2c0)
0:00:00.401045818 21124 0x7f7f40004d40 INFO   GST_ELEMENT_PADS gstpad.c:2134:gst_pad_unlink: unlinking aacparse1:src(0x7f7ef405f570) and decodepad19:proxypad73(0x7f7f2405ee90)
0:00:00.401046744 21124 0x7f7f4c003c00 INFO   GST_ELEMENT_PADS gstpad.c:2188:gst_pad_unlink: unlinked aacparse2:src and decodepad20:proxypad74
0:00:00.401056864 21124 0x7f7f40004d40 INFO   GST_ELEMENT_PADS gstpad.c:2188:gst_pad_unlink: unlinked aacparse1:src and decodepad19:proxypad73
0:00:00.401061817 21124 0x7f7f4c003c00 INFO   GST_PADS gstpad.c:2378:gst_pad_link_prepare: trying to link aacparse2:src and decodepad20:proxypad74
0:00:00.401066967 21124 0x7f7f4c003c00 INFO   GST_PADS gstpad.c:2586:gst_pad_link_full: linked aacparse2:src and decodepad20:proxypad74, successful
0:00:00.401072073 21124 0x7f7f4c003c00 INFO   GST_EVENT gstevent.c:1517:gst_event_new_reconfigure: creating reconfigure event
0:00:00.401067234 21124 0x7f7f40004d40 INFO   GST_PADS gstpad.c:2378:gst_pad_link_prepare: trying to link aacparse1:src and decodepad19:proxypad73
0:00:00.401085231 21124 0x7f7f40004d40 INFO   GST_PADS gstpad.c:2586:gst_pad_link_full: linked aacparse1:src and decodepad19:proxypad73, successful
0:00:00.401095152 21124 0x7f7f40004d40 INFO   GST_EVENT gstevent.c:1517:gst_event_new_reconfigure: creating reconfigure event
0:00:00.401089643 21124 0x7f7f4c003c00 INFO   GST_ELEMENT_PADS gstelement.c:920:gst_element_get_static_pad: found pad audio-output-bin:sink
0:00:00.401117202 21124 0x7f7f40004d40 INFO   GST_ELEMENT_PADS gstelement.c:920:gst_element_get_static_pad: found pad audio-output-bin:sink
0:00:00.401163642 21124 0x5649ec8000f0 INFO   GST_ELEMENT_PADS gstpad.c:2134:gst_pad_unlink: unlinking aacparse0:src(0x7f7ef405ec30) and decodepad18:proxypad72(0x5649ecbd53b0)
0:00:00.401174852 21124 0x5649ec8000f0 INFO   GST_ELEMENT_PADS gstpad.c:2188:gst_pad_unlink: unlinked aacparse0:src and decodepad18:proxypad72
0:00:00.401319578 21124 0x7f7f64186a30 INFO   GST_ELEMENT_PADS gstelement.c:920:gst_element_get_static_pad: found pad qtdemux0:sink
0:00:00.401358722 21124 0x7f7f64186a30 INFO   GST_EVENT gstevent.c:814:gst_event_new_caps: creating caps event audio/mpeg, mpegversion=(int)4, framed=(boolean)true, stream-format=(string)raw, level=(string)2, base-profile=(string)lc, profile=(string)lc, codec_data=(buffer)1188, rate=(int)48000, channels=(int)1
0:00:00.401369472 21124 0x7f7f64186a30 INFO   GST_ELEMENT_PADS gstelement.c:670:gst_element_add_pad: adding pad 'audio_0'
0:00:00.401395642 21124 0x7f7f4c003c00 INFO   GST_ELEMENT_PADS gstelement.c:920:gst_element_get_static_pad: found pad video-output-bin:sink
0:00:00.401413161 21124 0x7f7f40004d40 INFO   GST_ELEMENT_PADS gstelement.c:920:gst_element_get_static_pad: found pad video-output-bin:sink
0:00:00.401698048 21124 0x7f7f4c003c00 INFO   GST_ELEMENT_PADS gstpad.c:2134:gst_pad_unlink: unlinking aacparse2:src(0x7f7ef40b6080) and decodepad20:proxypad74(0x7f7ef405c2c0)
0:00:00.401698381 21124 0x7f7f40004d40 INFO   GST_ELEMENT_PADS gstpad.c:2134:gst_pad_unlink: unlinking aacparse1:src(0x7f7ef405f570) and decodepad19:proxypad73(0x7f7f2405ee90)
0:00:00.401710919 21124 0x7f7f4c003c00 INFO   GST_ELEMENT_PADS gstpad.c:2188:gst_pad_unlink: unlinked aacparse2:src and decodepad20:proxypad74
0:00:00.401715925 21124 0x7f7f40004d40 INFO   GST_ELEMENT_PADS gstpad.c:2188:gst_pad_unlink: unlinked aacparse1:src and decodepad19:proxypad73
0:00:00.401719037 21124 0x7f7f4c003c00 INFO   GST_PADS gstpad.c:2378:gst_pad_link_prepare: trying to link aacparse2:src and decodepad20:proxypad74
0:00:00.401723417 21124 0x7f7f40004d40 INFO   GST_PADS gstpad.c:2378:gst_pad_link_prepare: trying to link aacparse1:src and decodepad19:proxypad73
0:00:00.401724476 21124 0x7f7f4c003c00 INFO   GST_PADS gstpad.c:2586:gst_pad_link_full: linked aacparse2:src and decodepad20:proxypad74, successful
0:00:00.401730771 21124 0x7f7f40004d40 INFO   GST_PADS gstpad.c:2586:gst_pad_link_full: linked aacparse1:src and decodepad19:proxypad73, successful
0:00:00.401734981 21124 0x7f7f4c003c00 INFO   GST_EVENT gstevent.c:1517:gst_event_new_reconfigure: creating reconfigure event
0:00:00.401739955 21124 0x7f7f40004d40 INFO   GST_EVENT gstevent.c:1517:gst_event_new_reconfigure: creating reconfigure event
0:00:00.401760350 21124 0x7f7f4c003c00 INFO   GST_ELEMENT_PADS gstpad.c:2134:gst_pad_unlink: unlinking aacparse2:src(0x7f7ef40b6080) and decodepad20:proxypad74(0x7f7ef405c2c0)
0:00:00.401763799 21124 0x7f7f40004d40 INFO   GST_ELEMENT_PADS gstpad.c:2134:gst_pad_unlink: unlinking aacparse1:src(0x7f7ef405f570) and decodepad19:proxypad73(0x7f7f2405ee90)
0:00:00.401774646 21124 0x7f7f4c003c00 INFO   GST_ELEMENT_PADS gstpad.c:2188:gst_pad_unlink: unlinked aacparse2:src and decodepad20:proxypad74
0:00:00.401780901 21124 0x7f7f40004d40 INFO   GST_ELEMENT_PADS gstpad.c:2188:gst_pad_unlink: unlinked aacparse1:src and decodepad19:proxypad73
0:00:00.401789130 21124 0x7f7f40004d40 INFO   GST_PADS gstpad.c:2378:gst_pad_link_prepare: trying to link aacparse1:src and decodepad19:proxypad73
0:00:00.401792660 21124 0x7f7f4c003c00 INFO   GST_PADS gstpad.c:2378:gst_pad_link_prepare: trying to link aacparse2:src and decodepad20:proxypad74
0:00:00.401793774 21124 0x7f7f40004d40 INFO   GST_PADS gstpad.c:2586:gst_pad_link_full: linked aacparse1:src and decodepad19:proxypad73, successful
0:00:00.401802411 21124 0x7f7f40004d40 INFO   GST_EVENT gstevent.c:1517:gst_event_new_reconfigure: creating reconfigure event
0:00:00.401799068 21124 0x7f7f4c003c00 INFO   GST_PADS gstpad.c:2586:gst_pad_link_full: linked aacparse2:src and decodepad20:proxypad74, successful
0:00:00.401810735 21124 0x7f7f4c003c00 INFO   GST_EVENT gstevent.c:1517:gst_event_new_reconfigure: creating reconfigure event
0:00:00.401821577 21124 0x7f7f40004d40 INFO   GST_ELEMENT_PADS gstelement.c:920:gst_element_get_static_pad: found pad audio-output-bin:sink
0:00:00.401829912 21124 0x7f7f4c003c00 INFO   GST_ELEMENT_PADS gstelement.c:920:gst_element_get_static_pad: found pad audio-output-bin:sink
0:00:00.402008871 21124 0x7f7f64186a30 INFO   GST_PADS gstpad.c:2378:gst_pad_link_prepare: trying to link qtdemux0:audio_0 and decodepad21:proxypad75
0:00:00.402020121 21124 0x7f7f64186a30 INFO   GST_PADS gstpad.c:2586:gst_pad_link_full: linked qtdemux0:audio_0 and decodepad21:proxypad75, successful
0:00:00.402025530 21124 0x7f7f64186a30 INFO   GST_EVENT gstevent.c:1517:gst_event_new_reconfigure: creating reconfigure event
0:00:00.402051573 21124 0x7f7f64186a30 INFO   GST_ELEMENT_PADS gstelement.c:920:gst_element_get_static_pad: found pad audio-output-bin:sink
0:00:00.402387479 21124 0x7f7f40004d40 INFO   GST_ELEMENT_PADS gstpad.c:2134:gst_pad_unlink: unlinking aacparse1:src(0x7f7ef405f570) and decodepad19:proxypad73(0x7f7f2405ee90)
0:00:00.402405192 21124 0x7f7f40004d40 INFO   GST_ELEMENT_PADS gstpad.c:2188:gst_pad_unlink: unlinked aacparse1:src and decodepad19:proxypad73
0:00:00.402406136 21124 0x7f7f4c003c00 INFO   GST_ELEMENT_PADS gstpad.c:2134:gst_pad_unlink: unlinking aacparse2:src(0x7f7ef40b6080) and decodepad20:proxypad74(0x7f7ef405c2c0)
0:00:00.402435956 21124 0x7f7f4c003c00 INFO   GST_ELEMENT_PADS gstpad.c:2188:gst_pad_unlink: unlinked aacparse2:src and decodepad20:proxypad74
0:00:00.402437599 21124 0x7f7f64186a30 INFO   GST_ELEMENT_PADS gstelement.c:920:gst_element_get_static_pad: found pad video-output-bin:sink
0:00:00.402667775 21124 0x7f7f64186a30 INFO   GST_ELEMENT_PADS gstpad.c:2134:gst_pad_unlink: unlinking qtdemux0:audio_0(0x7f7f380595c0) and decodepad21:proxypad75(0x7f7f2805c780)
0:00:00.402684510 21124 0x7f7f64186a30 INFO   GST_ELEMENT_PADS gstpad.c:2188:gst_pad_unlink: unlinked qtdemux0:audio_0 and decodepad21:proxypad75
0:00:00.402721261 21124 0x7f7f48003e80 INFO   GST_ELEMENT_PADS gstelement.c:920:gst_element_get_static_pad: found pad video-output-bin:sink
