0:00:00.297015838 21124 0x7f7f3c003680 INFO   baseparse gstbaseparse.c:4004:gst_base_parse_set_latency: min/max latency 0:00:00.033333333,
0:00:00.033333333
0:00:00.297080469 21124 0x7f7f48003e80 INFO   GST_ELEMENT_PADS gstelement.c:670:gst_element_add_pad: adding pad 'sink'
0:00:00.297159804 21124 0x7f7f48003e80 INFO   GST_ELEMENT_PADS gstelement.c:670:gst_element_add_pad: adding pad 'src'
0:00:00.297166351 21124 0x7f7f3c003680 INFO   GST_ELEMENT_PADS gstelement.c:920:gst_element_get_static_pad: found pad video-output-bin:sink
0:00:00.295430355 21124 0x7f7f5c004800 INFO   GST_EVENT gstevent.c:1517:gst_event_new_reconfigure: creating reconfigure event
0:00:00.297050244 21124 0x5649ec8bcca0 INFO   GST_ELEMENT_PADS gstutils.c:1774:gst_element_link_pads_full: trying to link element capsfilter10:(any) to element vaapipostproc3:(any)
0:00:00.297319254 21124 0x5649ec8bcca0 INFO   GST_PADS gstutils.c:1035:gst_pad_check_link: trying to link capsfilter10:src and vaapipostproc3:sink
0:00:00.297350542 21124 0x7f7f4c003c00 INFO   GST_ELEMENT_PADS gstelement.c:920:gst_element_get_static_pad: found pad video-output-bin:sink
0:00:00.297460996 21124 0x7f7f64186a30 INFO   GST_PADS gstpad.c:2586:gst_pad_link_full: linked vaapi-queue:src and capsfilter9:sink, successful
0:00:00.297491253 21124 0x5649ec8000f0 INFO   GST_PADS gstpad.c:4230:gst_pad_peer_query:<'':decodepad11> pad has no peer
0:00:00.297371607 21124 0x7f7f48003e80 INFO   GST_EVENT gstevent.c:1517:gst_event_new_reconfigure: creating reconfigure event
0:00:00.297631761 21124 0x5649ec8000f0 INFO   GST_CONTEXT gstglutils.c:115:pad_query: pad peer query failed
0:00:00.297252499 21124 0x7f7f5c004800 INFO   GST_EVENT gstpad.c:5785:gst_pad_send_event_unchecked: Received event on flushing pad. Discarding
0:00:00.297705572 21124 0x5649ec8000f0 INFO   GST_CONTEXT gstglutils.c:115:pad_query: pad peer query failed
0:00:00.297727156 21124 0x5649ec8000f0 INFO   GST_CONTEXT gstglutils.c:177:_gst_context_query: posting need context message
0:00:00.297770742 21124 0x7f7f5c004800 INFO   GST_STATES gstelement.c:2676:gst_element_continue_state: completed state change to READY
0:00:00.295502311 21124 0x7f7f40004d40 INFO   GST_STATES gstelement.c:2676:gst_element_continue_state: completed state change to PAUSED
0:00:00.297498735 21124 0x7f7f64186a30 INFO   GST_EVENT gstevent.c:1517:gst_event_new_reconfigure: creating reconfigure event
0:00:00.297901049 21124 0x7f7f64186a30 INFO   GST_EVENT gstpad.c:5785:gst_pad_send_event_unchecked: Received event on flushing pad. Discarding
0:00:00.297911114 21124 0x7f7f48003e80 INFO   GST_ELEMENT_FACTORY gstelementfactory.c:361:gst_element_factory_create: creating element "vaapipostproc"
0:00:00.297955811 21124 0x7f7f64186a30 INFO   GST_ELEMENT_PADS gstelement.c:920:gst_element_get_static_pad: found pad vaapipostproc2:src
0:00:00.298010717 21124 0x7f7f64186a30 INFO   GST_PADS gstpad.c:2378:gst_pad_link_prepare: trying to link vaapipostproc2:src and src:proxypad59
0:00:00.298029683 21124 0x7f7f64186a30 INFO   GST_PADS gstpad.c:2586:gst_pad_link_full: linked vaapipostproc2:src and src:proxypad59, successful
0:00:00.298042819 21124 0x7f7f64186a30 INFO   GST_EVENT gstevent.c:1517:gst_event_new_reconfigure: creating reconfigure event
0:00:00.298190218 21124 0x7f7f64186a30 INFO   GST_EVENT gstpad.c:5785:gst_pad_send_event_unchecked: Received event on flushing pad. Discarding
0:00:00.298231512 21124 0x7f7f64186a30 INFO   GST_STATES gstelement.c:2676:gst_element_continue_state: completed state change to READY
0:00:00.298250118 21124 0x7f7f64186a30 INFO   GST_STATES gstelement.c:2579:_priv_gst_element_state_changed: notifying about state-changed NULL to READY (VOID_PENDING pending)
0:00:00.298669937 21124 0x5649ec8000f0 INFO   gldisplay gstgldisplay.c:289:gst_gl_display_new: creating a display, user choice:(NULL) (platform: (NULL))
0:00:00.297368274 21124 0x5649ec8bcca0 INFO   GST_PADS gstpad.c:4230:gst_pad_peer_query: pad has no peer
0:00:00.297854563 21124 0x7f7f3c003680 INFO   GST_EVENT gstevent.c:814:gst_event_new_caps: creating caps event video/x-h264, stream-format=(string)avc, alignment=(string)au, level=(string)3, profile=(string)constrained-baseline, codec_data=(buffer)0142c01effe1001b6742c01e9e218118534d40404050000003001000000303c8f162ee01000568ce06cb20, width=(int)560, height=(int)320, framerate=(fraction)30/1, pixel-aspect-ratio=(fraction)1/1, interlace-mode=(string)progressive, chroma-format=(string)4:2:0, bit-depth-luma=(uint)8, bit-depth-chroma=(uint)8, parsed=(boolean)true
0:00:00.297584272 21124 0x7f7f280084f0 INFO   GST_ELEMENT_PADS gstelement.c:920:gst_element_get_static_pad: found pad video-output-bin:sink
0:00:00.299453621 21124 0x7f7f3c003680 INFO   GST_PADS gstpad.c:4230:gst_pad_peer_query:<'':decodepad16> pad has no peer
0:00:00.299549879 21124 0x7f7f3c003680 INFO   basetransform gstbasetransform.c:1308:gst_base_transform_setcaps: reuse caps
0:00:00.299685146 21124 0x7f7f3c003680 INFO   GST_EVENT gstevent.c:814:gst_event_new_caps: creating caps event video/x-h264, stream-format=(string)avc, alignment=(string)au, level=(string)3, profile=(string)constrained-baseline, codec_data=(buffer)0142c01effe1001b6742c01e9e218118534d40404050000003001000000303c8f162ee01000568ce06cb20, width=(int)560, height=(int)320, framerate=(fraction)30/1, pixel-aspect-ratio=(fraction)1/1, interlace-mode=(string)progressive, chroma-format=(string)4:2:0, bit-depth-luma=(uint)8, bit-depth-chroma=(uint)8, parsed=(boolean)true
0:00:00.298044925 21124 0x7f7f48003e80 INFO   GST_ELEMENT_PADS gstelement.c:670:gst_element_add_pad: adding pad 'sink'
0:00:00.299844958 21124 0x7f7f3c003680 INFO   GST_ELEMENT_PADS gstpad.c:2134:gst_pad_unlink: unlinking capsfilter8:src(0x7f7f1405b590) and decodepad16:proxypad54(0x5649ecbd4570)
0:00:00.299867151 21124 0x7f7f40004d40 INFO   GST_STATES gstelement.c:2579:_priv_gst_element_state_changed: notifying about state-changed READY to PAUSED (VOID_PENDING pending)
0:00:00.299911323 21124 0x7f7f3c003680 INFO   GST_ELEMENT_PADS gstpad.c:2188:gst_pad_unlink: unlinked capsfilter8:src and decodepad16:proxypad54
0:00:00.299929590 21124 0x7f7f48003e80 INFO   GST_ELEMENT_PADS gstelement.c:670:gst_element_add_pad: adding pad 'src'
0:00:00.300009102 21124 0x7f7f48003e80 INFO   GST_ELEMENT_PADS gstelement.c:920:gst_element_get_static_pad: found pad (null):sink
0:00:00.300038717 21124 0x7f7f48003e80 INFO   GST_ELEMENT_PADS gstelement.c:920:gst_element_get_static_pad: found pad (null):src
0:00:00.300048040 21124 0x7f7f40004d40 INFO   GST_ELEMENT_PADS gstpad.c:2134:gst_pad_unlink: unlinking h264parse7:src(0x7f7f38058590) and decodepad15:proxypad51(0x5649ecbbf170)
0:00:00.300091405 21124 0x7f7f40004d40 INFO   GST_ELEMENT_PADS gstpad.c:2188:gst_pad_unlink: unlinked h264parse7:src and decodepad15:proxypad51
0:00:00.300115838 21124 0x7f7f40004d40 INFO   GST_ELEMENT_PADS gstelement.c:920:gst_element_get_static_pad: found pad capsfilter11:sink
0:00:00.300134034 21124 0x7f7f40004d40 INFO   GST_PADS gstpad.c:2378:gst_pad_link_prepare: trying to link h264parse7:src and capsfilter11:sink
0:00:00.300151398 21124 0x7f7f40004d40 INFO   GST_PADS gstpad.c:2586:gst_pad_link_full: linked h264parse7:src and capsfilter11:sink, successful
0:00:00.300166555 21124 0x7f7f40004d40 INFO   GST_EVENT gstevent.c:1517:gst_event_new_reconfigure: creating reconfigure event
0:00:00.300186694 21124 0x7f7f40004d40 INFO   GST_EVENT gstpad.c:5785:gst_pad_send_event_unchecked: Received event on flushing pad. Discarding
0:00:00.300270850 21124 0x7f7f40004d40 INFO   GST_ELEMENT_PADS gstelement.c:920:gst_element_get_static_pad: found pad capsfilter11:src
0:00:00.300293666 21124 0x7f7f40004d40 INFO   GST_PADS gstpad.c:2378:gst_pad_link_prepare: trying to link capsfilter11:src and decodepad15:proxypad51
0:00:00.300352143 21124 0x7f7f40004d40 INFO   GST_PADS gstpad.c:2586:gst_pad_link_full: linked capsfilter11:src and decodepad15:proxypad51, successful
0:00:00.300364646 21124 0x7f7f40004d40 INFO   GST_EVENT gstevent.c:1517:gst_event_new_reconfigure: creating reconfigure event
0:00:00.300394779 21124 0x7f7f40004d40 INFO   GST_EVENT gstpad.c:5785:gst_pad_send_event_unchecked: Received event on flushing pad. Discarding
0:00:00.300578513 21124 0x7f7f4c003c00 INFO   GST_ELEMENT_PADS gstpad.c:2134:gst_pad_unlink: unlinking qtdemux8:video_0(0x7f7f3006f410) and decodepad17:proxypad57(0x5649ecbbe7f0)
0:00:00.300681104 21124 0x7f7f4c003c00 INFO   GST_ELEMENT_PADS gstpad.c:2188:gst_pad_unlink: unlinked qtdemux8:video_0 and decodepad17:proxypad57
0:00:00.300855398 21124 0x7f7f4c003c00 INFO   GST_ELEMENT_PADS gstelement.c:670:gst_element_add_pad: adding pad 'src_0'
0:00:00.300890586 21124 0x7f7f4c003c00 INFO   GST_ELEMENT_PADS gstelement.c:670:gst_element_add_pad: adding pad 'sink_0'
0:00:00.300940100 21124 0x7f7f4c003c00 INFO   task gsttask.c:457:gst_task_set_lock: setting stream lock 0x7f7f3006f920 on task 0x7f7f04014830
0:00:00.300958588 21124 0x7f7f4c003c00 INFO   GST_PADS gstpad.c:6131:gst_pad_start_task: created task 0x7f7f04014830
0:00:00.301000342 21124 0x7f7f40004d40 INFO   GST_STATES gstelement.c:2676:gst_element_continue_state: completed state change to PAUSED
0:00:00.301014057 21124 0x7f7f40004d40 INFO   GST_STATES gstelement.c:2579:_priv_gst_element_state_changed: notifying about state-changed READY to PAUSED (VOID_PENDING pending)
0:00:00.301149497 21124 0x7f7f4c003c00 INFO   GST_PADS gstpad.c:2378:gst_pad_link_prepare: trying to link qtdemux8:video_0 and multiqueue8:sink_0
0:00:00.301167259 21124 0x7f7f4c003c00 INFO   GST_PADS gstpad.c:2586:gst_pad_link_full: linked qtdemux8:video_0 and multiqueue8:sink_0, successful
0:00:00.301172981 21124 0x7f7f4c003c00 INFO   GST_EVENT gstevent.c:1517:gst_event_new_reconfigure: creating reconfigure event
0:00:00.301191690 21124 0x7f7f40004d40 INFO   GST_ELEMENT_PADS gstelement.c:920:gst_element_get_static_pad: found pad video-output-bin:sink
0:00:00.301214632 21124 0x7f7f4c003c00 INFO   GST_PADS gstpad.c:2378:gst_pad_link_prepare: trying to link multiqueue8:src_0 and decodepad17:proxypad57
0:00:00.301223824 21124 0x7f7f4c003c00 INFO   GST_PADS gstpad.c:2586:gst_pad_link_full: linked multiqueue8:src_0 and decodepad17:proxypad57, successful
0:00:00.301228091 21124 0x7f7f4c003c00 INFO   GST_EVENT gstevent.c:1517:gst_event_new_reconfigure: creating reconfigure event
0:00:00.301246296 21124 0x7f7f4c003c00 INFO   GST_ELEMENT_PADS gstpad.c:2134:gst_pad_unlink: unlinking multiqueue8:src_0(0x7f7f3006f8b0) and decodepad17:proxypad57(0x5649ecbbe7f0)
0:00:00.301270646 21124 0x7f7f4c003c00 INFO   GST_ELEMENT_PADS gstpad.c:2188:gst_pad_unlink: unlinked multiqueue8:src_0 and decodepad17:proxypad57
0:00:00.301279578 21124 0x7f7f4c003c00 INFO   GST_PADS gstpad.c:2378:gst_pad_link_prepare: trying to link multiqueue8:src_0 and decodepad17:proxypad57
0:00:00.301285009 21124 0x7f7f4c003c00 INFO   GST_PADS gstpad.c:2586:gst_pad_link_full: linked multiqueue8:src_0 and decodepad17:proxypad57, successful
0:00:00.301288839 21124 0x7f7f4c003c00 INFO   GST_EVENT gstevent.c:1517:gst_event_new_reconfigure: creating reconfigure event
0:00:00.301293537 21124 0x7f7f40004d40 INFO   baseparse gstbaseparse.c:4004:gst_base_parse_set_latency: min/max latency 0:00:00.033333333,
0:00:00.033333333
0:00:00.301323674 21124 0x7f7f4c003c00 INFO   GST_ELEMENT_PADS gstpad.c:2134:gst_pad_unlink: unlinking multiqueue8:src_0(0x7f7f3006f8b0) and decodepad17:proxypad57(0x5649ecbbe7f0)
0:00:00.301338210 21124 0x7f7f4c003c00 INFO   GST_ELEMENT_PADS gstpad.c:2188:gst_pad_unlink: unlinked multiqueue8:src_0 and decodepad17:proxypad57
0:00:00.301341651 21124 0x7f7f280084f0 INFO   GST_ELEMENT_PADS gstpad.c:2134:gst_pad_unlink: unlinking capsfilter5:src(0x7f7f3c036a30) and decodepad13:proxypad49(0x5649ecbb0a10)
0:00:00.298959803 21124 0x5649ec8bcca0 INFO   GST_PADS gstpad.c:4230:gst_pad_peer_query: pad has no peer
0:00:00.301346500 21124 0x7f7f4c003c00 INFO   GST_ELEMENT_FACTORY gstelementfactory.c:361:gst_element_factory_create: creating element "h264parse"
0:00:00.301349372 21124 0x7f7f5c004800 INFO   GST_STATES gstelement.c:2579:_priv_gst_element_state_changed: notifying about state-changed NULL to READY (VOID_PENDING pending)
0:00:00.301453543 21124 0x7f7f4c003c00 INFO   GST_ELEMENT_PADS gstelement.c:670:gst_element_add_pad: adding pad 'sink'
0:00:00.301459530 21124 0x7f7f5c004800 INFO   GST_STATES gstelement.c:2676:gst_element_continue_state: completed state change to READY
0:00:00.301469481 21124 0x7f7f5c004800 INFO   GST_STATES gstelement.c:2579:_priv_gst_element_state_changed: notifying about state-changed NULL to READY (VOID_PENDING pending)
0:00:00.301473010 21124 0x7f7f4c003c00 INFO   GST_ELEMENT_PADS gstelement.c:670:gst_element_add_pad: adding pad 'src'
0:00:00.301482684 21124 0x7f7f5c004800 INFO   GST_ELEMENT_PADS gstelement.c:920:gst_element_get_static_pad: found pad vaapidecodebin1:src
0:00:00.299956811 21124 0x7f7f3c003680 INFO   GST_PADS gstpad.c:2378:gst_pad_link_prepare: trying to link capsfilter8:src and decodepad16:proxypad54
0:00:00.301503670 21124 0x7f7f4c003c00 INFO   baseparse gstbaseparse.c:3961:gst_base_parse_set_pts_interpolation: PTS interpolation: no
0:00:00.300223183 21124 0x7f7f48003e80 INFO   GST_ELEMENT_PADS gstutils.c:1774:gst_element_link_pads_full: trying to link element capsfilter12:(any) to element vaapipostproc4:(any)
0:00:00.301532483 21124 0x7f7f48003e80 INFO   GST_PADS gstutils.c:1035:gst_pad_check_link: trying to link capsfilter12:src and vaapipostproc4:sink
0:00:00.301556004 21124 0x7f7f48003e80 INFO   GST_PADS gstpad.c:4230:gst_pad_peer_query: pad has no peer
0:00:00.301568157 21124 0x7f7f48003e80 INFO   GST_PADS gstpad.c:4230:gst_pad_peer_query: pad has no peer
0:00:00.301674782 21124 0x5649ec8000f0 INFO   gldisplay gstgldisplay_wayland.c:131:gst_gl_display_wayland_new: Failed to open Wayland display connection.
0:00:00.301872193 21124 0x5649ec8bcca0 INFO   GST_PADS gstutils.c:1588:prepare_link_maybe_ghosting: capsfilter10 and vaapipostproc3 in same bin, no need for ghost pads
0:00:00.301887527 21124 0x5649ec8bcca0 INFO   GST_PADS gstpad.c:2378:gst_pad_link_prepare: trying to link capsfilter10:src and vaapipostproc3:sink
0:00:00.301895859 21124 0x5649ec8bcca0 INFO   GST_PADS gstpad.c:4230:gst_pad_peer_query: pad has no peer
0:00:00.301904697 21124 0x5649ec8bcca0 INFO   GST_PADS gstpad.c:4230:gst_pad_peer_query: pad has no peer
0:00:00.302048240 21124 0x7f7f48003e80 INFO   GST_PADS gstutils.c:1588:prepare_link_maybe_ghosting: capsfilter12 and vaapipostproc4 in same bin, no need for ghost pads
0:00:00.302063895 21124 0x7f7f48003e80 INFO   GST_PADS gstpad.c:2378:gst_pad_link_prepare: trying to link capsfilter12:src and vaapipostproc4:sink
0:00:00.302085335 21124 0x7f7f48003e80 INFO   GST_PADS gstpad.c:4230:gst_pad_peer_query: pad has no peer
0:00:00.302101077 21124 0x7f7f48003e80 INFO   GST_PADS gstpad.c:4230:gst_pad_peer_query: pad has no peer
0:00:00.302269210 21124 0x5649ec8000f0 INFO   GST_CONTEXT gstglutils.c:241:gst_gl_element_propagate_display_context: posting have context (0x7f7f0c0022a0) message with display (0x7f7f30082030)
0:00:00.302318143 21124 0x5649ec8000f0 INFO   GST_ELEMENT_PADS gstelement.c:920:gst_element_get_static_pad: found pad video-output-bin:sink
0:00:00.301325402 21124 0x7f7f40004d40 INFO   GST_ELEMENT_PADS gstelement.c:920:gst_element_get_static_pad: found pad video-output-bin:sink
0:00:00.302364188 21124 0x5649ec8000f0 INFO   GST_PADS gstpad.c:4230:gst_pad_peer_query:<'':decodepad11> pad has no peer
0:00:00.302396386 21124 0x5649ec8000f0 INFO   GST_CONTEXT gstglutils.c:115:pad_query: pad peer query failed
0:00:00.302397623 21124 0x7f7f3c003680 INFO   GST_PADS gstpad.c:2586:gst_pad_link_full: linked capsfilter8:src and decodepad16:proxypad54, successful
0:00:00.302443048 21124 0x7f7f3c003680 INFO   GST_EVENT gstevent.c:1517:gst_event_new_reconfigure: creating reconfigure event
0:00:00.302507753 21124 0x7f7f280084f0 INFO   GST_ELEMENT_PADS gstpad.c:2188:gst_pad_unlink: unlinked capsfilter5:src and decodepad13:proxypad49
0:00:00.299763986 21124 0x7f7f64186a30 INFO   GST_PADS gstpad.c:4230:gst_pad_peer_query: pad has no peer
0:00:00.302322003 21124 0x5649ec8bcca0 INFO   GST_PADS gstpad.c:2586:gst_pad_link_full: linked capsfilter10:src and vaapipostproc3:sink, successful
0:00:00.302513641 21124 0x5649ec8000f0 INFO   GST_CONTEXT gstglutils.c:115:pad_query: pad peer query failed
0:00:00.302548982 21124 0x7f7f280084f0 INFO   GST_PADS gstpad.c:2378:gst_pad_link_prepare: trying to link capsfilter5:src and decodepad13:proxypad49
0:00:00.302683964 21124 0x7f7f280084f0 INFO   GST_PADS gstpad.c:2586:gst_pad_link_full: linked capsfilter5:src and decodepad13:proxypad49, successful
0:00:00.302693008 21124 0x7f7f280084f0 INFO   GST_EVENT gstevent.c:1517:gst_event_new_reconfigure: creating reconfigure event
0:00:00.302617912 21124 0x7f7f3c003680 INFO   GST_ELEMENT_PADS gstelement.c:920:gst_element_get_static_pad: found pad audio-output-bin:sink
0:00:00.302639014 21124 0x7f7f48003e80 INFO   GST_PADS gstpad.c:2586:gst_pad_link_full: linked capsfilter12:src and vaapipostproc4:sink, successful
0:00:00.302768010 21124 0x7f7f48003e80 INFO   GST_EVENT gstevent.c:1517:gst_event_new_reconfigure: creating reconfigure event
0:00:00.302784046 21124 0x7f7f48003e80 INFO   GST_EVENT gstpad.c:5785:gst_pad_send_event_unchecked: Received event on flushing pad. Discarding
0:00:00.302806386 21124 0x7f7f280084f0 INFO   GST_ELEMENT_PADS gstpad.c:2134:gst_pad_unlink: unlinking capsfilter5:src(0x7f7f3c036a30) and decodepad13:proxypad49(0x5649ecbb0a10)
0:00:00.302821305 21124 0x7f7f280084f0 INFO   GST_ELEMENT_PADS gstpad.c:2188:gst_pad_unlink: unlinked capsfilter5:src and decodepad13:proxypad49
0:00:00.302830036 21124 0x7f7f48003e80 INFO   GST_STATES gstelement.c:2676:gst_element_continue_state: completed state change to READY
0:00:00.302840514 21124 0x7f7f280084f0 INFO   GST_PADS gstpad.c:2378:gst_pad_link_prepare: trying to link capsfilter5:src and decodepad13:proxypad49
0:00:00.302846162 21124 0x7f7f48003e80 INFO   GST_STATES gstelement.c:2579:_priv_gst_element_state_changed: notifying about state-changed NULL to READY (VOID_PENDING pending)
0:00:00.302851010 21124 0x7f7f280084f0 INFO   GST_PADS gstpad.c:2586:gst_pad_link_full: linked capsfilter5:src and decodepad13:proxypad49, successful
0:00:00.302856771 21124 0x7f7f280084f0 INFO   GST_EVENT gstevent.c:1517:gst_event_new_reconfigure: creating reconfigure event
0:00:00.302878514 21124 0x7f7f48003e80 INFO   GST_STATES gstelement.c:2676:gst_element_continue_state: completed state change to READY
0:00:00.302891178 21124 0x7f7f48003e80 INFO   GST_STATES gstelement.c:2579:_priv_gst_element_state_changed: notifying about state-changed NULL to READY (VOID_PENDING pending)
0:00:00.302896148 21124 0x7f7f4c003c00 INFO   GST_PADS gstpad.c:2378:gst_pad_link_prepare: trying to link multiqueue8:src_0 and h264parse8:sink
0:00:00.302918104 21124 0x7f7f48003e80 INFO   GST_ELEMENT_PADS gstelement.c:920:gst_element_get_static_pad: found pad vaapidecodebin3:src
0:00:00.302662780 21124 0x5649ec8000f0 INFO   GST_CONTEXT gstglutils.c:177:_gst_context_query: posting need context message
0:00:00.302583089 21124 0x5649ec8bcca0 INFO   GST_EVENT gstevent.c:1517:gst_event_new_reconfigure: creating reconfigure event
0:00:00.302975279 21124 0x5649ec8bcca0 INFO   GST_EVENT gstpad.c:5785:gst_pad_send_event_unchecked: Received event on flushing pad. Discarding
0:00:00.302623245 21124 0x7f7f40004d40 INFO   GST_EVENT gstevent.c:814:gst_event_new_caps: creating caps event video/x-h264, stream-format=(string)avc, alignment=(string)au, level=(string)3, profile=(string)constrained-baseline, codec_data=(buffer)0142c01effe1001b6742c01e9e218118534d40404050000003001000000303c8f162ee01000568ce06cb20, width=(int)560, height=(int)320, framerate=(fraction)30/1, pixel-aspect-ratio=(fraction)1/1, interlace-mode=(string)progressive, chroma-format=(string)4:2:0, bit-depth-luma=(uint)8, bit-depth-chroma=(uint)8, parsed=(boolean)true
0:00:00.303000686 21124 0x7f7f280084f0 INFO   GST_ELEMENT_PADS gstelement.c:920:gst_element_get_static_pad: found pad video-output-bin:sink
0:00:00.303062068 21124 0x5649ec8bcca0 INFO   GST_STATES gstelement.c:2676:gst_element_continue_state: completed state change to READY
0:00:00.303094727 21124 0x7f7f4c003c00 INFO   GST_PADS gstpad.c:2586:gst_pad_link_full: linked multiqueue8:src_0 and h264parse8:sink, successful
0:00:00.303189890 21124 0x7f7f4c003c00 INFO   GST_EVENT gstevent.c:1517:gst_event_new_reconfigure: creating reconfigure event
0:00:00.303288012 21124 0x7f7f40004d40 INFO   GST_PADS gstpad.c:4230:gst_pad_peer_query:<'':decodepad15> pad has no peer
0:00:00.303102220 21124 0x7f7f48003e80 INFO   GST_ELEMENT_PADS gstpad.c:2134:gst_pad_unlink: unlinking vaapi-queue:src(0x7f7f1405a310) and src:proxypad63(0x7f7f2805d820)
0:00:00.303358648 21124 0x7f7f4c003c00 INFO   GST_STATES gstelement.c:2676:gst_element_continue_state: completed state change to READY
0:00:00.303056569 21124 0x5649ec8000f0 INFO   GST_ELEMENT_PADS gstelement.c:920:gst_element_get_static_pad: found pad video-output-bin:sink
0:00:00.303395192 21124 0x7f7f4c003c00 INFO   GST_STATES gstelement.c:2579:_priv_gst_element_state_changed: notifying about state-changed NULL to READY (VOID_PENDING pending)
0:00:00.303340465 21124 0x7f7f280084f0 INFO   GST_ELEMENT_PADS gstpad.c:2134:gst_pad_unlink: unlinking capsfilter5:src(0x7f7f3c036a30) and decodepad13:proxypad49(0x5649ecbb0a10)
0:00:00.303161453 21124 0x5649ec8bcca0 INFO   GST_STATES gstelement.c:2579:_priv_gst_element_state_changed: notifying about state-changed NULL to READY (VOID_PENDING pending)
0:00:00.303453388 21124 0x7f7f48003e80 INFO   GST_ELEMENT_PADS gstpad.c:2188:gst_pad_unlink: unlinked vaapi-queue:src and src:proxypad63
0:00:00.303477559 21124 0x7f7f4c003c00 INFO   GST_ELEMENT_PADS gstelement.c:920:gst_element_get_static_pad: found pad h264parse8:src
0:00:00.303484021 21124 0x7f7f48003e80 INFO   GST_ELEMENT_PADS gstelement.c:920:gst_element_get_static_pad: found pad vaapi-queue:src
0:00:00.303514077 21124 0x5649ec8bcca0 INFO   GST_STATES gstelement.c:2676:gst_element_continue_state: completed state change to READY
0:00:00.303451906 21124 0x7f7f280084f0 INFO   GST_ELEMENT_PADS gstpad.c:2188:gst_pad_unlink: unlinked capsfilter5:src and decodepad13:proxypad49
0:00:00.303339515 21124 0x7f7f40004d40 INFO   basetransform gstbasetransform.c:1308:gst_base_transform_setcaps: reuse caps
0:00:00.303520649 21124 0x5649ec8000f0 INFO   GST_PADS gstpad.c:4230:gst_pad_peer_query:<'':decodepad11> pad has no peer
0:00:00.303548796 21124 0x7f7f4c003c00 INFO   GST_PADS gstpad.c:2378:gst_pad_link_prepare: trying to link h264parse8:src and decodepad17:proxypad57
0:00:00.303635047 21124 0x7f7f48003e80 INFO   GST_ELEMENT_PADS gstelement.c:920:gst_element_get_static_pad: found pad capsfilter12:sink
0:00:00.303602194 21124 0x5649ec8bcca0 INFO   GST_STATES gstelement.c:2579:_priv_gst_element_state_changed: notifying about state-changed NULL to READY (VOID_PENDING pending)
0:00:00.303658877 21124 0x7f7f40004d40 INFO   GST_EVENT gstevent.c:814:gst_event_new_caps: creating caps event video/x-h264, stream-format=(string)avc, alignment=(string)au, level=(string)3, profile=(string)constrained-baseline, codec_data=(buffer)0142c01effe1001b6742c01e9e218118534d40404050000003001000000303c8f162ee01000568ce06cb20, width=(int)560, height=(int)320, framerate=(fraction)30/1, pixel-aspect-ratio=(fraction)1/1, interlace-mode=(string)progressive, chroma-format=(string)4:2:0, bit-depth-luma=(uint)8, bit-depth-chroma=(uint)8, parsed=(boolean)true
0:00:00.303625810 21124 0x5649ec8000f0 INFO   GST_CONTEXT gstglutils.c:115:pad_query: pad peer query failed
0:00:00.303558502 21124 0x7f7f280084f0 INFO   GST_ELEMENT_FACTORY gstelementfactory.c:361:gst_element_factory_create: creating element "vaapidecodebin"
0:00:00.303726606 21124 0x7f7f4c003c00 INFO   GST_PADS gstpad.c:2586:gst_pad_link_full: linked h264parse8:src and decodepad17:proxypad57, successful
0:00:00.303749153 21124 0x7f7f4c003c00 INFO   GST_EVENT gstevent.c:1517:gst_event_new_reconfigure: creating reconfigure event
0:00:00.303770186 21124 0x7f7f4c003c00 INFO   GST_EVENT gstpad.c:5785:gst_pad_send_event_unchecked: Received event on flushing pad. Discarding
0:00:00.303778115 21124 0x5649ec8000f0 INFO   GST_CONTEXT gstglutils.c:115:pad_query: pad peer query failed
0:00:00.303796109 21124 0x7f7f40004d40 INFO   GST_ELEMENT_PADS gstpad.c:2134:gst_pad_unlink: unlinking capsfilter11:src(0x7f7f38058a30) and decodepad15:proxypad51(0x5649ecbbf170)
0:00:00.303689570 21124 0x7f7f48003e80 INFO   GST_PADS gstpad.c:2378:gst_pad_link_prepare: trying to link vaapi-queue:src and capsfilter12:sink
0:00:00.303807808 21124 0x5649ec8000f0 INFO   vaapipostproc gstvaapipluginbase.c:1226:gst_vaapi_plugin_base_create_gl_context: creating a new GstGL context
0:00:00.303893256 21124 0x7f7f40004d40 INFO   GST_ELEMENT_PADS gstpad.c:2188:gst_pad_unlink: unlinked capsfilter11:src and decodepad15:proxypad51
0:00:00.303930842 21124 0x7f7f40004d40 INFO   GST_PADS gstpad.c:2378:gst_pad_link_prepare: trying to link capsfilter11:src and decodepad15:proxypad51
0:00:00.303964077 21124 0x7f7f40004d40 INFO   GST_PADS gstpad.c:2586:gst_pad_link_full: linked capsfilter11:src and decodepad15:proxypad51, successful
0:00:00.303975578 21124 0x7f7f40004d40 INFO   GST_EVENT gstevent.c:1517:gst_event_new_reconfigure: creating reconfigure event
0:00:00.303986605 21124 0x5649ec8bcca0 INFO   GST_ELEMENT_PADS gstelement.c:920:gst_element_get_static_pad: found pad vaapidecodebin4:src
0:00:00.304072493 21124 0x5649ec8bcca0 INFO   GST_ELEMENT_PADS gstpad.c:2134:gst_pad_unlink: unlinking vaapi-queue:src(0x7f7f380580f0) and src:proxypad62(0x7f7f2805cea0)
0:00:00.304100812 21124 0x7f7f40004d40 INFO   GST_ELEMENT_PADS gstelement.c:920:gst_element_get_static_pad: found pad audio-output-bin:sink
0:00:00.303978328 21124 0x5649ec8000f0 INFO   glcontext gstglcontext.c:337:gst_gl_context_new: creating a context for display , user choice:(null)
0:00:00.304108865 21124 0x5649ec8bcca0 INFO   GST_ELEMENT_PADS gstpad.c:2188:gst_pad_unlink: unlinked vaapi-queue:src and src:proxypad62
0:00:00.303935856 21124 0x7f7f280084f0 INFO   GST_ELEMENT_PADS gstelement.c:670:gst_element_add_pad: adding pad 'sink'
0:00:00.301494621 21124 0x7f7f5c004800 INFO   GST_ELEMENT_PADS gstpad.c:2134:gst_pad_unlink: unlinking vaapi-queue:src(0x7f7f30061190) and src:proxypad56(0x5649ecbd5ad0)
0:00:00.304481872 21124 0x7f7f280084f0 INFO   GST_ELEMENT_PADS gstelement.c:670:gst_element_add_pad: adding pad 'src'
0:00:00.304531816 21124 0x7f7f5c004800 INFO   GST_ELEMENT_PADS gstpad.c:2188:gst_pad_unlink: unlinked vaapi-queue:src and src:proxypad56
0:00:00.304595050 21124 0x7f7f280084f0 INFO   GST_ELEMENT_PADS gstelement.c:920:gst_element_get_static_pad: found pad (null):sink
0:00:00.304641572 21124 0x7f7f280084f0 INFO   GST_ELEMENT_PADS gstelement.c:920:gst_element_get_static_pad: found pad (null):src
0:00:00.304710432 21124 0x7f7f280084f0 INFO   GST_ELEMENT_FACTORY gstelementfactory.c:359:gst_element_factory_create: creating element "queue" named "vaapi-queue"
0:00:00.304924921 21124 0x7f7f280084f0 INFO   GST_ELEMENT_PADS gstelement.c:670:gst_element_add_pad: adding pad 'sink'
0:00:00.305015352 21124 0x7f7f280084f0 INFO   GST_ELEMENT_PADS gstelement.c:670:gst_element_add_pad: adding pad 'src'
0:00:00.305182479 21124 0x7f7f280084f0 INFO   GST_ELEMENT_PADS gstutils.c:1774:gst_element_link_pads_full: trying to link element vaapidecode5:(any) to element vaapi-queue:(any)
0:00:00.305236855 21124 0x7f7f280084f0 INFO   GST_PADS gstutils.c:1035:gst_pad_check_link: trying to link vaapidecode5:src and vaapi-queue:sink
0:00:00.305313874 21124 0x7f7f280084f0 INFO   GST_PADS gstpad.c:4230:gst_pad_peer_query: pad has no peer
0:00:00.305360981 21124 0x7f7f280084f0 INFO   GST_PADS gstutils.c:1588:prepare_link_maybe_ghosting: vaapidecode5 and vaapi-queue in same bin, no need for ghost pads
0:00:00.305410757 21124 0x7f7f280084f0 INFO   GST_PADS gstpad.c:2378:gst_pad_link_prepare: trying to link vaapidecode5:src and vaapi-queue:sink
0:00:00.305447920 21124 0x7f7f280084f0 INFO   GST_PADS gstpad.c:4230:gst_pad_peer_query: pad has no peer
0:00:00.305485099 21124 0x7f7f280084f0 INFO   GST_PADS gstpad.c:2586:gst_pad_link_full: linked vaapidecode5:src and vaapi-queue:sink, successful
0:00:00.305508826 21124 0x7f7f280084f0 INFO   GST_EVENT gstevent.c:1517:gst_event_new_reconfigure: creating reconfigure event
0:00:00.305603985 21124 0x7f7f280084f0 INFO   GST_EVENT gstpad.c:5785:gst_pad_send_event_unchecked: Received event on flushing pad. Discarding
0:00:00.305662164 21124 0x7f7f280084f0 INFO   GST_ELEMENT_PADS gstelement.c:920:gst_element_get_static_pad: found pad vaapidecode5:sink
0:00:00.304597634 21124 0x7f7f5c004800 INFO   GST_ELEMENT_PADS gstelement.c:920:gst_element_get_static_pad: found pad vaapi-queue:src
0:00:00.305795169 21124 0x7f7f5c004800 INFO   GST_ELEMENT_PADS gstelement.c:920:gst_element_get_static_pad: found pad capsfilter7:sink
0:00:00.305656898 21124 0x7f7f64186a30 INFO   GST_ELEMENT_PADS gstelement.c:920:gst_element_get_static_pad: found pad vaapidecodebin2:src
0:00:00.306014467 21124 0x7f7f280084f0 INFO   GST_PADS gstpad.c:2378:gst_pad_link_prepare: trying to link sink:proxypad64 and vaapidecode5:sink
0:00:00.306069495 21124 0x7f7f280084f0 INFO   GST_PADS gstpad.c:2586:gst_pad_link_full: linked sink:proxypad64 and vaapidecode5:sink, successful
0:00:00.306078302 21124 0x7f7f5c004800 INFO   GST_PADS gstpad.c:2378:gst_pad_link_prepare: trying to link vaapi-queue:src and capsfilter7:sink
0:00:00.306085831 21124 0x7f7f280084f0 INFO   GST_EVENT gstevent.c:1517:gst_event_new_reconfigure: creating reconfigure event
0:00:00.306106389 21124 0x7f7f48003e80 INFO   GST_PADS gstpad.c:4230:gst_pad_peer_query: pad has no peer
0:00:00.306226660 21124 0x7f7f4c003c00 INFO   GST_ELEMENT_FACTORY gstelementfactory.c:361:gst_element_factory_create: creating element "capsfilter"
0:00:00.306372083 21124 0x7f7f4c003c00 INFO   GST_ELEMENT_PADS gstelement.c:670:gst_element_add_pad: adding pad 'sink'
0:00:00.306431045 21124 0x7f7f4c003c00 INFO   GST_ELEMENT_PADS gstelement.c:670:gst_element_add_pad: adding pad 'src'
0:00:00.306475872 21124 0x5649ec8000f0 INFO   glwindow gstglwindow.c:251:gst_gl_window_new: creating a window, user choice:(null)
0:00:00.306196050 21124 0x7f7f5c004800 INFO   GST_PADS gstpad.c:4230:gst_pad_peer_query: pad has no peer
0:00:00.306483865 21124 0x7f7f4c003c00 INFO   GST_EVENT gstevent.c:1517:gst_event_new_reconfigure: creating reconfigure event
0:00:00.306607526 21124 0x7f7f4c003c00 INFO   GST_STATES gstelement.c:2651:gst_element_continue_state: committing state from NULL to READY, pending PAUSED, next PAUSED
0:00:00.306645690 21124 0x7f7f4c003c00 INFO   GST_STATES gstelement.c:2579:_priv_gst_element_state_changed: notifying about state-changed NULL to READY (PAUSED pending)
0:00:00.306666709 21124 0x7f7f40004d40 INFO   GST_ELEMENT_PADS gstelement.c:920:gst_element_get_static_pad: found pad video-output-bin:sink
0:00:00.306666470 21124 0x7f7f64186a30 INFO   GST_PADS gstpad.c:2378:gst_pad_link_prepare: trying to link vaapidecodebin2:src and decodepad8:proxypad44
0:00:00.306687858 21124 0x7f7f4c003c00 INFO   GST_STATES gstelement.c:2658:gst_element_continue_state: continue state change READY to PAUSED, final PAUSED
0:00:00.306780405 21124 0x7f7f64186a30 INFO   GST_PADS gstpad.c:2586:gst_pad_link_full: linked vaapidecodebin2:src and decodepad8:proxypad44, successful
0:00:00.306870246 21124 0x7f7f64186a30 INFO   GST_EVENT gstevent.c:1517:gst_event_new_reconfigure: creating reconfigure event
0:00:00.306890448 21124 0x7f7f48003e80 INFO   GST_PADS gstpad.c:2586:gst_pad_link_full: linked vaapi-queue:src and capsfilter12:sink, successful
0:00:00.306935764 21124 0x7f7f4c003c00 INFO   GST_STATES gstelement.c:2676:gst_element_continue_state: completed state change to PAUSED
0:00:00.306151794 21124 0x5649ec8bcca0 INFO   GST_ELEMENT_PADS gstelement.c:920:gst_element_get_static_pad: found pad vaapi-queue:src
0:00:00.306943899 21124 0x7f7f48003e80 INFO   GST_EVENT gstevent.c:1517:gst_event_new_reconfigure: creating reconfigure event
0:00:00.307054784 21124 0x7f7f48003e80 INFO   GST_EVENT gstpad.c:5785:gst_pad_send_event_unchecked: Received event on flushing pad. Discarding
0:00:00.307076844 21124 0x7f7f4c003c00 INFO   GST_STATES gstelement.c:2579:_priv_gst_element_state_changed: notifying about state-changed READY to PAUSED (VOID_PENDING pending)
0:00:00.307106897 21124 0x7f7f48003e80 INFO   GST_ELEMENT_PADS gstelement.c:920:gst_element_get_static_pad: found pad vaapipostproc4:src
0:00:00.307149504 21124 0x7f7f48003e80 INFO   GST_PADS gstpad.c:2378:gst_pad_link_prepare: trying to link vaapipostproc4:src and src:proxypad63
0:00:00.307178418 21124 0x7f7f48003e80 INFO   GST_PADS gstpad.c:2586:gst_pad_link_full: linked vaapipostproc4:src and src:proxypad63, successful
0:00:00.307200129 21124 0x7f7f48003e80 INFO   GST_EVENT gstevent.c:1517:gst_event_new_reconfigure: creating reconfigure event
0:00:00.307284297 21124 0x7f7f48003e80 INFO   GST_EVENT gstpad.c:5785:gst_pad_send_event_unchecked: Received event on flushing pad. Discarding
0:00:00.306904348 21124 0x7f7f64186a30 INFO   GST_EVENT gstpad.c:5785:gst_pad_send_event_unchecked: Received event on flushing pad. Discarding
0:00:00.307333514 21124 0x7f7f48003e80 INFO   GST_STATES gstelement.c:2676:gst_element_continue_state: completed state change to READY
0:00:00.307286783 21124 0x7f7f4c003c00 INFO   GST_ELEMENT_PADS gstpad.c:2134:gst_pad_unlink: unlinking h264parse8:src(0x7f7f38062d70) and decodepad17:proxypad57(0x5649ecbbe7f0)
0:00:00.307428457 21124 0x7f7f4c003c00 INFO   GST_ELEMENT_PADS gstpad.c:2188:gst_pad_unlink: unlinked h264parse8:src and decodepad17:proxypad57
0:00:00.307481826 21124 0x7f7f4c003c00 INFO   GST_ELEMENT_PADS gstelement.c:920:gst_element_get_static_pad: found pad capsfilter13:sink
0:00:00.307510967 21124 0x7f7f4c003c00 INFO   GST_PADS gstpad.c:2378:gst_pad_link_prepare: trying to link h264parse8:src and capsfilter13:sink
0:00:00.307539258 21124 0x7f7f4c003c00 INFO   GST_PADS gstpad.c:2586:gst_pad_link_full: linked h264parse8:src and capsfilter13:sink, successful
0:00:00.307550780 21124 0x7f7f4c003c00 INFO   GST_EVENT gstevent.c:1517:gst_event_new_reconfigure: creating reconfigure event
0:00:00.307566027 21124 0x7f7f4c003c00 INFO   GST_EVENT gstpad.c:5785:gst_pad_send_event_unchecked: Received event on flushing pad. Discarding
0:00:00.307637384 21124 0x7f7f4c003c00 INFO   GST_ELEMENT_PADS gstelement.c:920:gst_element_get_static_pad: found pad capsfilter13:src
0:00:00.307670746 21124 0x7f7f4c003c00 INFO   GST_PADS gstpad.c:2378:gst_pad_link_prepare: trying to link capsfilter13:src and decodepad17:proxypad57
0:00:00.307687235 21124 0x7f7f4c003c00 INFO   GST_PADS gstpad.c:2586:gst_pad_link_full: linked capsfilter13:src and decodepad17:proxypad57, successful
0:00:00.307698042 21124 0x7f7f4c003c00 INFO   GST_EVENT gstevent.c:1517:gst_event_new_reconfigure: creating reconfigure event
0:00:00.307715700 21124 0x7f7f4c003c00 INFO   GST_EVENT gstpad.c:5785:gst_pad_send_event_unchecked: Received event on flushing pad. Discarding
0:00:00.307027320 21124 0x5649ec8bcca0 INFO   GST_ELEMENT_PADS gstelement.c:920:gst_element_get_static_pad: found pad capsfilter10:sink
0:00:00.308123654 21124 0x5649ec8bcca0 INFO   GST_PADS gstpad.c:2378:gst_pad_link_prepare: trying to link vaapi-queue:src and capsfilter10:sink
0:00:00.308190932 21124 0x7f7f64186a30 INFO   GST_STATES gstbin.c:2504:gst_bin_element_set_state: current READY pending VOID_PENDING, desired next PAUSED
0:00:00.308237862 21124 0x5649ec8bcca0 INFO   GST_PADS gstpad.c:4230:gst_pad_peer_query: pad has no peer
0:00:00.308257310 21124 0x7f7f5c004800 INFO   GST_PADS gstpad.c:2586:gst_pad_link_full: linked vaapi-queue:src and capsfilter7:sink, successful
0:00:00.308289004 21124 0x7f7f5c004800 INFO   GST_EVENT gstevent.c:1517:gst_event_new_reconfigure: creating reconfigure event
0:00:00.308309336 21124 0x7f7f5c004800 INFO   GST_EVENT gstpad.c:5785:gst_pad_send_event_unchecked: Received event on flushing pad. Discarding
0:00:00.308351840 21124 0x7f7f5c004800 INFO   GST_ELEMENT_PADS gstelement.c:920:gst_element_get_static_pad: found pad vaapipostproc1:src
0:00:00.308399160 21124 0x7f7f5c004800 INFO   GST_PADS gstpad.c:2378:gst_pad_link_prepare: trying to link vaapipostproc1:src and src:proxypad56
0:00:00.308428234 21124 0x7f7f4c003c00 INFO   GST_STATES gstelement.c:2676:gst_element_continue_state: completed state change to PAUSED
0:00:00.308351647 21124 0x7f7f64186a30 INFO   GST_ELEMENT_PADS gstelement.c:920:gst_element_get_static_pad: found pad video-output-bin:sink
0:00:00.308428311 21124 0x7f7f5c004800 INFO   GST_PADS gstpad.c:2586:gst_pad_link_full: linked vaapipostproc1:src and src:proxypad56, successful
0:00:00.308530165 21124 0x7f7f5c004800 INFO   GST_EVENT gstevent.c:1517:gst_event_new_reconfigure: creating reconfigure event
0:00:00.308538023 21124 0x7f7f40004d40 INFO   GST_ELEMENT_PADS gstpad.c:2134:gst_pad_unlink: unlinking capsfilter11:src(0x7f7f38058a30) and decodepad15:proxypad51(0x5649ecbbf170)
0:00:00.307375868 21124 0x7f7f48003e80 INFO   GST_STATES gstelement.c:2579:_priv_gst_element_state_changed: notifying about state-changed NULL to READY (VOID_PENDING pending)
0:00:00.308475965 21124 0x7f7f4c003c00 INFO   GST_STATES gstelement.c:2579:_priv_gst_element_state_changed: notifying about state-changed READY to PAUSED (VOID_PENDING pending)
0:00:00.308561024 21124 0x7f7f64186a30 INFO   GST_PADS gstpad.c:4230:gst_pad_peer_query:<'':decodepad8> pad has no peer
0:00:00.308610815 21124 0x7f7f5c004800 INFO   GST_EVENT gstpad.c:5785:gst_pad_send_event_unchecked: Received event on flushing pad. Discarding
0:00:00.307297815 21124 0x7f7f280084f0 INFO   GST_ELEMENT_PADS gstelement.c:670:gst_element_add_pad: adding pad 'sink'
0:00:00.306502007 21124 0x7f7f3c003680 INFO   GST_ELEMENT_PADS gstelement.c:920:gst_element_get_static_pad: found pad video-output-bin:sink
0:00:00.308832107 21124 0x5649ec8bcca0 INFO   GST_PADS gstpad.c:2586:gst_pad_link_full: linked vaapi-queue:src and capsfilter10:sink, successful
0:00:00.308967401 21124 0x5649ec8bcca0 INFO   GST_EVENT gstevent.c:1517:gst_event_new_reconfigure: creating reconfigure event
0:00:00.308613984 21124 0x7f7f40004d40 INFO   GST_ELEMENT_PADS gstpad.c:2188:gst_pad_unlink: unlinked capsfilter11:src and decodepad15:proxypad51
0:00:00.308879728 21124 0x7f7f5c004800 INFO   GST_STATES gstelement.c:2676:gst_element_continue_state: completed state change to READY
0:00:00.308918147 21124 0x7f7f280084f0 INFO   GST_ELEMENT_PADS gstelement.c:920:gst_element_get_static_pad: found pad vaapi-queue:src
0:00:00.309052235 21124 0x7f7f5c004800 INFO   GST_STATES gstelement.c:2579:_priv_gst_element_state_changed: notifying about state-changed NULL to READY (VOID_PENDING pending)
0:00:00.309058540 21124 0x7f7f40004d40 INFO   GST_PADS gstpad.c:2378:gst_pad_link_prepare: trying to link capsfilter11:src and decodepad15:proxypad51
0:00:00.309092856 21124 0x7f7f40004d40 INFO   GST_PADS gstpad.c:2586:gst_pad_link_full: linked capsfilter11:src and decodepad15:proxypad51, successful
0:00:00.309106725 21124 0x7f7f40004d40 INFO   GST_EVENT gstevent.c:1517:gst_event_new_reconfigure: creating reconfigure event
0:00:00.309172241 21124 0x7f7f280084f0 INFO   GST_PADS gstpad.c:2378:gst_pad_link_prepare: trying to link vaapi-queue:src and src:proxypad65
0:00:00.309205214 21124 0x7f7f280084f0 INFO   GST_PADS gstpad.c:2586:gst_pad_link_full: linked vaapi-queue:src and src:proxypad65, successful
0:00:00.309218596 21124 0x7f7f280084f0 INFO   GST_EVENT gstevent.c:1517:gst_event_new_reconfigure: creating reconfigure event
0:00:00.309232435 21124 0x7f7f280084f0 INFO   GST_EVENT gstpad.c:5785:gst_pad_send_event_unchecked: Received event on flushing pad. Discarding
0:00:00.309272611 21124 0x7f7f280084f0 INFO   GST_ELEMENT_PADS gstelement.c:670:gst_element_add_pad: adding pad 'src'
0:00:00.309434118 21124 0x7f7f280084f0 INFO   GST_PADS gstpad.c:2378:gst_pad_link_prepare: trying to link capsfilter5:src and vaapidecodebin5:sink
0:00:00.309462814 21124 0x7f7f280084f0 INFO   GST_PADS gstpad.c:2586:gst_pad_link_full: linked capsfilter5:src and vaapidecodebin5:sink, successful
0:00:00.309516595 21124 0x7f7f280084f0 INFO   GST_EVENT gstevent.c:1517:gst_event_new_reconfigure: creating reconfigure event
0:00:00.309612710 21124 0x7f7f280084f0 INFO   GST_STATES gstbin.c:2504:gst_bin_element_set_state: current NULL pending VOID_PENDING, desired next READY
0:00:00.309641436 21124 0x7f7f280084f0 INFO   GST_STATES gstelement.c:2676:gst_element_continue_state: completed state change to READY
0:00:00.309654320 21124 0x7f7f280084f0 INFO   GST_STATES gstelement.c:2579:_priv_gst_element_state_changed: notifying about state-changed NULL to READY (VOID_PENDING pending)
0:00:00.309685849 21124 0x7f7f48003e80 INFO   GST_PADS gstpad.c:4230:gst_pad_peer_query: pad has no peer
0:00:00.308987185 21124 0x5649ec8bcca0 INFO   GST_EVENT gstpad.c:5785:gst_pad_send_event_unchecked: Received event on flushing pad. Discarding
0:00:00.309721940 21124 0x7f7f280084f0 INFO   GST_STATES gstbin.c:2952:gst_bin_change_state_func: child 'vaapi-queue' changed state to 2(READY) successfully
0:00:00.309804191 21124 0x7f7f5c004800 INFO   GST_PADS gstpad.c:4230:gst_pad_peer_query: pad has no peer
0:00:00.309815730 21124 0x5649ec8bcca0 INFO   GST_ELEMENT_PADS gstelement.c:920:gst_element_get_static_pad: found pad vaapipostproc3:src
0:00:00.309855804 21124 0x7f7f280084f0 INFO   GST_STATES gstbin.c:2504:gst_bin_element_set_state: current NULL pending VOID_PENDING, desired next READY
0:00:00.309869962 21124 0x5649ec8bcca0 INFO   GST_PADS gstpad.c:2378:gst_pad_link_prepare: trying to link vaapipostproc3:src and src:proxypad62
0:00:00.309885178 21124 0x7f7f280084f0 INFO   GST_STATES gstelement.c:2676:gst_element_continue_state: completed state change to READY
0:00:00.309894407 21124 0x5649ec8bcca0 INFO   GST_PADS gstpad.c:2586:gst_pad_link_full: linked vaapipostproc3:src and src:proxypad62, successful
0:00:00.309235881 21124 0x7f7f40004d40 INFO   GST_ELEMENT_PADS gstpad.c:2134:gst_pad_unlink: unlinking capsfilter11:src(0x7f7f38058a30) and decodepad15:proxypad51(0x5649ecbbf170)
0:00:00.309962834 21124 0x5649ec8bcca0 INFO   GST_EVENT gstevent.c:1517:gst_event_new_reconfigure: creating reconfigure event
0:00:00.309978523 21124 0x5649ec8bcca0 INFO   GST_EVENT gstpad.c:5785:gst_pad_send_event_unchecked: Received event on flushing pad. Discarding
0:00:00.309914427 21124 0x7f7f280084f0 INFO   GST_STATES gstelement.c:2579:_priv_gst_element_state_changed: notifying about state-changed NULL to READY (VOID_PENDING pending)
0:00:00.310040691 21124 0x5649ec8bcca0 INFO   GST_STATES gstelement.c:2676:gst_element_continue_state: completed state change to READY
0:00:00.310058810 21124 0x5649ec8bcca0 INFO   GST_STATES gstelement.c:2579:_priv_gst_element_state_changed: notifying about state-changed NULL to READY (VOID_PENDING pending)
0:00:00.309982229 21124 0x7f7f40004d40 INFO   GST_ELEMENT_PADS gstpad.c:2188:gst_pad_unlink: unlinked capsfilter11:src and decodepad15:proxypad51
0:00:00.310142977 21124 0x7f7f40004d40 INFO   GST_PADS gstpad.c:2378:gst_pad_link_prepare: trying to link capsfilter11:src and decodepad15:proxypad51
0:00:00.310170466 21124 0x7f7f40004d40 INFO   GST_PADS gstpad.c:2586:gst_pad_link_full: linked capsfilter11:src and decodepad15:proxypad51, successful
0:00:00.310188875 21124 0x7f7f40004d40 INFO   GST_EVENT gstevent.c:1517:gst_event_new_reconfigure: creating reconfigure event
0:00:00.310403452 21124 0x7f7f40004d40 INFO   GST_ELEMENT_PADS gstelement.c:920:gst_element_get_static_pad: found pad video-output-bin:sink
0:00:00.308965399 21124 0x7f7f4c003c00 INFO   GST_ELEMENT_PADS gstelement.c:920:gst_element_get_static_pad: found pad video-output-bin:sink
0:00:00.310767749 21124 0x7f7f3c003680 INFO   GST_ELEMENT_PADS gstpad.c:2134:gst_pad_unlink: unlinking capsfilter8:src(0x7f7f1405b590) and decodepad16:proxypad54(0x5649ecbd4570)
0:00:00.310820813 21124 0x7f7f5c004800 INFO   GST_ELEMENT_PADS gstelement.c:920:gst_element_get_static_pad: found pad vaapidecodebin1:src
0:00:00.308839586 21124 0x7f7f64186a30 INFO   GST_CONTEXT gstvaapivideocontext.c:136:context_pad_query: context pad peer query failed
0:00:00.310968070 21124 0x7f7f64186a30 INFO   GST_CONTEXT gstvaapivideocontext.c:136:context_pad_query: context pad peer query failed
0:00:00.310791545 21124 0x7f7f40004d40 INFO   GST_ELEMENT_PADS gstpad.c:2134:gst_pad_unlink: unlinking capsfilter11:src(0x7f7f38058a30) and decodepad15:proxypad51(0x5649ecbbf170)
0:00:00.311089569 21124 0x7f7f40004d40 INFO   GST_ELEMENT_PADS gstpad.c:2188:gst_pad_unlink: unlinked capsfilter11:src and decodepad15:proxypad51
0:00:00.310969814 21124 0x5649ec8bcca0 INFO   GST_PADS gstpad.c:4230:gst_pad_peer_query: pad has no peer
0:00:00.311008420 21124 0x7f7f64186a30 INFO   GST_CONTEXT gstvaapivideocontext.c:210:_gst_context_query: posting `need-context' message
0:00:00.311334866 21124 0x7f7f4c003c00 INFO   baseparse gstbaseparse.c:4004:gst_base_parse_set_latency: min/max latency 0:00:00.033333333,
0:00:00.033333333
0:00:00.311504084 21124 0x7f7f4c003c00 INFO   GST_ELEMENT_PADS gstelement.c:920:gst_element_get_static_pad: found pad video-output-bin:sink
0:00:00.310060727 21124 0x7f7f280084f0 INFO   GST_STATES gstbin.c:2952:gst_bin_change_state_func: child 'vaapidecode5' changed state to 2(READY) successfully
0:00:00.311131821 21124 0x7f7f3c003680 INFO   GST_ELEMENT_PADS gstpad.c:2188:gst_pad_unlink: unlinked capsfilter8:src and decodepad16:proxypad54
0:00:00.311139678 21124 0x7f7f40004d40 INFO   GST_ELEMENT_FACTORY gstelementfactory.c:361:gst_element_factory_create: creating element "vaapidecodebin"
0:00:00.311681036 21124 0x7f7f3c003680 INFO   GST_PADS gstpad.c:2378:gst_pad_link_prepare: trying to link capsfilter8:src and decodepad16:proxypad54
0:00:00.311697171 21124 0x7f7f280084f0 INFO   vaapidecodebin gstvaapidecodebin.c:321:gst_vaapi_decode_bin_configure: enabling VPP
0:00:00.310711417 21124 0x7f7f48003e80 INFO   GST_ELEMENT_PADS gstelement.c:920:gst_element_get_static_pad: found pad vaapidecodebin3:src
0:00:00.311503908 21124 0x7f7f5c004800 INFO   GST_PADS gstpad.c:2378:gst_pad_link_prepare: trying to link vaapidecodebin1:src and decodepad12:proxypad48
0:00:00.311928079 21124 0x7f7f4c003c00 INFO   GST_EVENT gstevent.c:814:gst_event_new_caps: creating caps event video/x-h264, stream-format=(string)avc, alignment=(string)au, level=(string)3, profile=(string)constrained-baseline, codec_data=(buffer)0142c01effe1001b6742c01e9e218118534d40404050000003001000000303c8f162ee01000568ce06cb20, width=(int)560, height=(int)320, framerate=(fraction)30/1, pixel-aspect-ratio=(fraction)1/1, interlace-mode=(string)progressive, chroma-format=(string)4:2:0, bit-depth-luma=(uint)8, bit-depth-chroma=(uint)8, parsed=(boolean)true
0:00:00.312085988 21124 0x7f7f40004d40 INFO   GST_ELEMENT_PADS gstelement.c:670:gst_element_add_pad: adding pad 'sink'
0:00:00.311771601 21124 0x7f7f280084f0 INFO   GST_ELEMENT_FACTORY gstelementfactory.c:361:gst_element_factory_create: creating element "capsfilter"
0:00:00.312185143 21124 0x5649ec8bcca0 INFO   GST_ELEMENT_PADS gstelement.c:920:gst_element_get_static_pad: found pad vaapidecodebin4:src
0:00:00.312228859 21124 0x7f7f3c003680 INFO   GST_PADS gstpad.c:2586:gst_pad_link_full: linked capsfilter8:src and decodepad16:proxypad54, successful
0:00:00.312254354 21124 0x7f7f40004d40 INFO   GST_ELEMENT_PADS gstelement.c:670:gst_element_add_pad: adding pad 'src'
0:00:00.312269678 21124 0x7f7f280084f0 INFO   GST_ELEMENT_PADS gstelement.c:670:gst_element_add_pad: adding pad 'sink'
0:00:00.312121333 21124 0x7f7f4c003c00 INFO   GST_PADS gstpad.c:4230:gst_pad_peer_query:<'':decodepad17> pad has no peer
0:00:00.312332072 21124 0x7f7f280084f0 INFO   GST_ELEMENT_PADS gstelement.c:670:gst_element_add_pad: adding pad 'src'
0:00:00.312347463 21124 0x7f7f4c003c00 INFO   basetransform gstbasetransform.c:1308:gst_base_transform_setcaps: reuse caps
0:00:00.312332405 21124 0x7f7f3c003680 INFO   GST_EVENT gstevent.c:1517:gst_event_new_reconfigure: creating reconfigure event
0:00:00.312414198 21124 0x7f7f4c003c00 INFO   GST_EVENT gstevent.c:814:gst_event_new_caps: creating caps event video/x-h264, stream-format=(string)avc, alignment=(string)au, level=(string)3, profile=(string)constrained-baseline, codec_data=(buffer)0142c01effe1001b6742c01e9e218118534d40404050000003001000000303c8f162ee01000568ce06cb20, width=(int)560, height=(int)320, framerate=(fraction)30/1, pixel-aspect-ratio=(fraction)1/1, interlace-mode=(string)progressive, chroma-format=(string)4:2:0, bit-depth-luma=(uint)8, bit-depth-chroma=(uint)8, parsed=(boolean)true
0:00:00.312436469 21124 0x7f7f40004d40 INFO   GST_ELEMENT_PADS gstelement.c:920:gst_element_get_static_pad: found pad (null):sink
0:00:00.312445374 21124 0x7f7f280084f0 INFO   GST_EVENT gstevent.c:1517:gst_event_new_reconfigure: creating reconfigure event
0:00:00.312485317 21124 0x7f7f40004d40 INFO   GST_ELEMENT_PADS gstelement.c:920:gst_element_get_static_pad: found pad (null):src
0:00:00.312530728 21124 0x7f7f3c003680 INFO   GST_ELEMENT_PADS gstpad.c:2134:gst_pad_unlink: unlinking capsfilter8:src(0x7f7f1405b590) and decodepad16:proxypad54(0x5649ecbd4570)
0:00:00.311943062 21124 0x7f7f5c004800 INFO   GST_PADS gstpad.c:2586:gst_pad_link_full: linked vaapidecodebin1:src and decodepad12:proxypad48, successful
0:00:00.312606817 21124 0x7f7f3c003680 INFO   GST_ELEMENT_PADS gstpad.c:2188:gst_pad_unlink: unlinked capsfilter8:src and decodepad16:proxypad54
0:00:00.312539753 21124 0x7f7f48003e80 INFO   GST_PADS gstpad.c:2378:gst_pad_link_prepare: trying to link vaapidecodebin3:src and decodepad14:proxypad50
0:00:00.312546929 21124 0x7f7f280084f0 INFO   GST_ELEMENT_FACTORY gstelementfactory.c:361:gst_element_factory_create: creating element "vaapipostproc"
