0:00:00.276741123 21124 0x5649ec8000f0 INFO   GST_ELEMENT_PADS gstelement.c:920:gst_element_get_static_pad: found pad video-output-bin:sink
0:00:00.277201790 21124 0x7f7f48003e80 INFO   GST_ELEMENT_PADS gstelement.c:920:gst_element_get_static_pad: found pad h264parse4:src
0:00:00.277257580 21124 0x7f7f48003e80 INFO   GST_PADS gstpad.c:2378:gst_pad_link_prepare: trying to link h264parse4:src and decodepad14:proxypad50
0:00:00.277269011 21124 0x7f7f48003e80 INFO   GST_PADS gstpad.c:2586:gst_pad_link_full: linked h264parse4:src and decodepad14:proxypad50, successful
0:00:00.277274351 21124 0x7f7f48003e80 INFO   GST_EVENT gstevent.c:1517:gst_event_new_reconfigure: creating reconfigure event
0:00:00.277160094 21124 0x5649ec8bcca0 INFO   GST_ELEMENT_PADS gstpad.c:2188:gst_pad_unlink: unlinked capsfilter0:src and decodepad9:proxypad45
0:00:00.277274339 21124 0x5649ec8000f0 INFO   GST_ELEMENT_PADS gstpad.c:2134:gst_pad_unlink: unlinking capsfilter2:src(0x7f7f300125f0) and decodepad11:proxypad47(0x5649ecba6c60)
0:00:00.277294178 21124 0x7f7f60020e30 INFO   GST_ELEMENT_PADS gstelement.c:917:gst_element_get_static_pad: no such pad 'audio_%u' in element "qtdemux7"
0:00:00.277290475 21124 0x7f7f280084f0 INFO   GST_EVENT gstevent.c:1517:gst_event_new_reconfigure: creating reconfigure event
0:00:00.277282030 21124 0x7f7f48003e80 INFO   GST_EVENT gstpad.c:5785:gst_pad_send_event_unchecked: Received event on flushing pad. Discarding
0:00:00.277317900 21124 0x5649ec8000f0 INFO   GST_ELEMENT_PADS gstpad.c:2188:gst_pad_unlink: unlinked capsfilter2:src and decodepad11:proxypad47
0:00:00.277225475 21124 0x7f7f40004d40 INFO   GST_STATES gstelement.c:2658:gst_element_continue_state: continue state change READY to PAUSED, final PAUSED
0:00:00.277329974 21124 0x5649ec8000f0 INFO   GST_ELEMENT_FACTORY gstelementfactory.c:361:gst_element_factory_create: creating element "vaapidecodebin"
0:00:00.277338189 21124 0x7f7f40004d40 INFO   GST_STATES gstelement.c:2676:gst_element_continue_state: completed state change to PAUSED
0:00:00.277341946 21124 0x7f7f280084f0 INFO   GST_STATES gstelement.c:2676:gst_element_continue_state: completed state change to READY
0:00:00.277302827 21124 0x7f7f60020e30 INFO   GST_ELEMENT_PADS gstelement.c:917:gst_element_get_static_pad: no such pad 'subtitle_%u' in element "qtdemux7"
0:00:00.277364178 21124 0x7f7f280084f0 INFO   GST_STATES gstelement.c:2579:_priv_gst_element_state_changed: notifying about state-changed NULL to READY (VOID_PENDING pending)
0:00:00.277305826 21124 0x5649ec8bcca0 INFO   GST_PADS gstpad.c:2378:gst_pad_link_prepare: trying to link capsfilter0:src and decodepad9:proxypad45
0:00:00.277344999 21124 0x7f7f40004d40 INFO   GST_STATES gstelement.c:2579:_priv_gst_element_state_changed: notifying about state-changed READY to PAUSED (VOID_PENDING pending)
0:00:00.277413952 21124 0x7f7f60020e30 INFO   task gsttask.c:457:gst_task_set_lock: setting stream lock 0x7f7f40047af0 on task 0x7f7f14013290
0:00:00.277489351 21124 0x7f7f60020e30 INFO   GST_PADS gstpad.c:6131:gst_pad_start_task: created task 0x7f7f14013290
0:00:00.277599716 21124 0x7f7f60020e30 INFO   GST_STATES gstelement.c:2676:gst_element_continue_state: completed state change to PAUSED
0:00:00.277609409 21124 0x7f7f60020e30 INFO   GST_STATES gstelement.c:2579:_priv_gst_element_state_changed: notifying about state-changed READY to PAUSED (VOID_PENDING pending)
0:00:00.277620883 21124 0x7f7f280084f0 INFO   GST_ELEMENT_PADS gstelement.c:920:gst_element_get_static_pad: found pad h264parse5:src
0:00:00.277638354 21124 0x7f7f280084f0 INFO   GST_PADS gstpad.c:2378:gst_pad_link_prepare: trying to link h264parse5:src and decodepad13:proxypad49
0:00:00.277616985 21124 0x7f7f5c004800 INFO   GST_ELEMENT_PADS gstpad.c:2134:gst_pad_unlink: unlinking capsfilter1:src(0x7f7f30013870) and decodepad12:proxypad48(0x5649ecba75e0)
0:00:00.277640853 21124 0x7f7f48003e80 INFO   GST_ELEMENT_FACTORY gstelementfactory.c:361:gst_element_factory_create: creating element "capsfilter"
0:00:00.277659959 21124 0x7f7f40004d40 INFO   GST_PADS gstpad.c:2378:gst_pad_link_prepare: trying to link qtdemux6:video_0 and decodepad15:proxypad51
0:00:00.277639481 21124 0x7f7f64186a30 INFO   GST_PADS gstpad.c:2586:gst_pad_link_full: linked capsfilter3:src and decodepad8:proxypad44, successful
0:00:00.277653691 21124 0x7f7f60020e30 INFO   typefind gsttypefindelement.c:181:gst_type_find_element_have_type: found caps video/quicktime, variant=(string)iso, probability=100
0:00:00.277661560 21124 0x7f7f5c004800 INFO   GST_ELEMENT_PADS gstpad.c:2188:gst_pad_unlink: unlinked capsfilter1:src and decodepad12:proxypad48
0:00:00.277687740 21124 0x7f7f48003e80 INFO   GST_ELEMENT_PADS gstelement.c:670:gst_element_add_pad: adding pad 'sink'
0:00:00.277671682 21124 0x7f7f40004d40 INFO   GST_PADS gstpad.c:2586:gst_pad_link_full: linked qtdemux6:video_0 and decodepad15:proxypad51, successful
0:00:00.277700840 21124 0x7f7f48003e80 INFO   GST_ELEMENT_PADS gstelement.c:670:gst_element_add_pad: adding pad 'src'
0:00:00.277704390 21124 0x5649ec8000f0 INFO   GST_ELEMENT_PADS gstelement.c:670:gst_element_add_pad: adding pad 'sink'
0:00:00.277722325 21124 0x7f7f40004d40 INFO   GST_EVENT gstevent.c:1517:gst_event_new_reconfigure: creating reconfigure event
0:00:00.277689373 21124 0x7f7f60020e30 INFO   task gsttask.c:316:gst_task_func: Task going to paused
0:00:00.277737961 21124 0x5649ec8bcca0 INFO   GST_PADS gstpad.c:2586:gst_pad_link_full: linked capsfilter0:src and decodepad9:proxypad45, successful
0:00:00.277723572 21124 0x7f7f5c004800 INFO   GST_PADS gstpad.c:2378:gst_pad_link_prepare: trying to link capsfilter1:src and decodepad12:proxypad48
0:00:00.277677829 21124 0x7f7f64186a30 INFO   GST_EVENT gstevent.c:1517:gst_event_new_reconfigure: creating reconfigure event
0:00:00.277722315 21124 0x7f7f280084f0 INFO   GST_PADS gstpad.c:2586:gst_pad_link_full: linked h264parse5:src and decodepad13:proxypad49, successful
0:00:00.277743208 21124 0x7f7f48003e80 INFO   GST_EVENT gstevent.c:1517:gst_event_new_reconfigure: creating reconfigure event
0:00:00.277750889 21124 0x7f7f40004d40 INFO   GST_ELEMENT_PADS gstelement.c:920:gst_element_get_static_pad: found pad audio-output-bin:sink
0:00:00.277915499 21124 0x7f7f48003e80 INFO   GST_STATES gstelement.c:2651:gst_element_continue_state: committing state from NULL to READY, pending PAUSED, next PAUSED
0:00:00.277839131 21124 0x7f7f3c003680 WARN   qtdemux qtdemux_types.c:233:qtdemux_type_get: unknown QuickTime node type sgpd
0:00:00.277866286 21124 0x5649ec8bcca0 INFO   GST_EVENT gstevent.c:1517:gst_event_new_reconfigure: creating reconfigure event
0:00:00.277878618 21124 0x7f7f5c004800 INFO   GST_PADS gstpad.c:2586:gst_pad_link_full: linked capsfilter1:src and decodepad12:proxypad48, successful
0:00:00.277891044 21124 0x7f7f64186a30 INFO   GST_EVENT gstpad.c:5785:gst_pad_send_event_unchecked: Received event on flushing pad. Discarding
0:00:00.277897567 21124 0x7f7f280084f0 INFO   GST_EVENT gstevent.c:1517:gst_event_new_reconfigure: creating reconfigure event
0:00:00.277751536 21124 0x5649ec8000f0 INFO   GST_ELEMENT_PADS gstelement.c:670:gst_element_add_pad: adding pad 'src'
0:00:00.277926446 21124 0x7f7f48003e80 INFO   GST_STATES gstelement.c:2579:_priv_gst_element_state_changed: notifying about state-changed NULL to READY (PAUSED pending)
0:00:00.277992475 21124 0x7f7f48003e80 INFO   GST_STATES gstelement.c:2658:gst_element_continue_state: continue state change READY to PAUSED, final PAUSED
0:00:00.278003678 21124 0x7f7f48003e80 INFO   GST_STATES gstelement.c:2676:gst_element_continue_state: completed state change to PAUSED
0:00:00.278010460 21124 0x7f7f48003e80 INFO   GST_STATES gstelement.c:2579:_priv_gst_element_state_changed: notifying about state-changed READY to PAUSED (VOID_PENDING pending)
0:00:00.278040495 21124 0x7f7f48003e80 INFO   GST_ELEMENT_PADS gstpad.c:2134:gst_pad_unlink: unlinking h264parse4:src(0x7f7f3c036ed0) and decodepad14:proxypad50(0x5649ecbb1390)
0:00:00.278046671 21124 0x5649ec8000f0 INFO   GST_ELEMENT_PADS gstelement.c:920:gst_element_get_static_pad: found pad (null):sink
0:00:00.277939428 21124 0x7f7f3c003680 WARN   qtdemux qtdemux_types.c:233:qtdemux_type_get: unknown QuickTime node type sbgp
0:00:00.278059131 21124 0x5649ec8000f0 INFO   GST_ELEMENT_PADS gstelement.c:920:gst_element_get_static_pad: found pad (null):src
0:00:00.277974776 21124 0x5649ec8bcca0 INFO   GST_ELEMENT_PADS gstelement.c:920:gst_element_get_static_pad: found pad audio-output-bin:sink
0:00:00.277952086 21124 0x7f7f5c004800 INFO   GST_EVENT gstevent.c:1517:gst_event_new_reconfigure: creating reconfigure event
0:00:00.278051466 21124 0x7f7f48003e80 INFO   GST_ELEMENT_PADS gstpad.c:2188:gst_pad_unlink: unlinked h264parse4:src and decodepad14:proxypad50
0:00:00.278096754 21124 0x5649ec8000f0 INFO   GST_ELEMENT_FACTORY gstelementfactory.c:359:gst_element_factory_create: creating element "queue" named "vaapi-queue"
0:00:00.278099406 21124 0x7f7f48003e80 INFO   GST_ELEMENT_PADS gstelement.c:920:gst_element_get_static_pad: found pad capsfilter4:sink
0:00:00.278119186 21124 0x7f7f48003e80 INFO   GST_PADS gstpad.c:2378:gst_pad_link_prepare: trying to link h264parse4:src and capsfilter4:sink
0:00:00.278132071 21124 0x7f7f48003e80 INFO   GST_PADS gstpad.c:2586:gst_pad_link_full: linked h264parse4:src and capsfilter4:sink, successful
0:00:00.278136707 21124 0x7f7f48003e80 INFO   GST_EVENT gstevent.c:1517:gst_event_new_reconfigure: creating reconfigure event
0:00:00.278142226 21124 0x7f7f48003e80 INFO   GST_EVENT gstpad.c:5785:gst_pad_send_event_unchecked: Received event on flushing pad. Discarding
0:00:00.278150926 21124 0x7f7f48003e80 INFO   GST_ELEMENT_PADS gstelement.c:920:gst_element_get_static_pad: found pad capsfilter4:src
0:00:00.278159107 21124 0x7f7f48003e80 INFO   GST_PADS gstpad.c:2378:gst_pad_link_prepare: trying to link capsfilter4:src and decodepad14:proxypad50
0:00:00.278163918 21124 0x7f7f64186a30 INFO   GST_STATES gstelement.c:2676:gst_element_continue_state: completed state change to PAUSED
0:00:00.278165738 21124 0x7f7f48003e80 INFO   GST_PADS gstpad.c:2586:gst_pad_link_full: linked capsfilter4:src and decodepad14:proxypad50, successful
0:00:00.278182821 21124 0x7f7f48003e80 INFO   GST_EVENT gstevent.c:1517:gst_event_new_reconfigure: creating reconfigure event
0:00:00.278191812 21124 0x7f7f48003e80 INFO   GST_EVENT gstpad.c:5785:gst_pad_send_event_unchecked: Received event on flushing pad. Discarding
0:00:00.278233080 21124 0x5649ec8000f0 INFO   GST_ELEMENT_PADS gstelement.c:670:gst_element_add_pad: adding pad 'sink'
0:00:00.278260957 21124 0x5649ec8000f0 INFO   GST_ELEMENT_PADS gstelement.c:670:gst_element_add_pad: adding pad 'src'
0:00:00.277971670 21124 0x7f7f280084f0 INFO   GST_EVENT gstpad.c:5785:gst_pad_send_event_unchecked: Received event on flushing pad. Discarding
0:00:00.278177712 21124 0x7f7f64186a30 INFO   GST_STATES gstelement.c:2579:_priv_gst_element_state_changed: notifying about state-changed READY to PAUSED (VOID_PENDING pending)
0:00:00.278366241 21124 0x5649ec8000f0 INFO   GST_ELEMENT_PADS gstutils.c:1774:gst_element_link_pads_full: trying to link element vaapidecode0:(any) to element vaapi-queue:(any)
0:00:00.278382440 21124 0x5649ec8000f0 INFO   GST_PADS gstutils.c:1035:gst_pad_check_link: trying to link vaapidecode0:src and vaapi-queue:sink
0:00:00.278403187 21124 0x5649ec8000f0 INFO   GST_PADS gstpad.c:4230:gst_pad_peer_query: pad has no peer
0:00:00.278416744 21124 0x5649ec8000f0 INFO   GST_PADS gstutils.c:1588:prepare_link_maybe_ghosting: vaapidecode0 and vaapi-queue in same bin, no need for ghost pads
0:00:00.278426156 21124 0x5649ec8000f0 INFO   GST_PADS gstpad.c:2378:gst_pad_link_prepare: trying to link vaapidecode0:src and vaapi-queue:sink
0:00:00.278436131 21124 0x5649ec8000f0 INFO   GST_PADS gstpad.c:4230:gst_pad_peer_query: pad has no peer
0:00:00.278444458 21124 0x5649ec8000f0 INFO   GST_PADS gstpad.c:2586:gst_pad_link_full: linked vaapidecode0:src and vaapi-queue:sink, successful
0:00:00.278448791 21124 0x5649ec8000f0 INFO   GST_EVENT gstevent.c:1517:gst_event_new_reconfigure: creating reconfigure event
0:00:00.278460510 21124 0x5649ec8000f0 INFO   GST_EVENT gstpad.c:5785:gst_pad_send_event_unchecked: Received event on flushing pad. Discarding
0:00:00.278468201 21124 0x5649ec8000f0 INFO   GST_ELEMENT_PADS gstelement.c:920:gst_element_get_static_pad: found pad vaapidecode0:sink
0:00:00.278470132 21124 0x7f7f64186a30 INFO   GST_ELEMENT_PADS gstelement.c:920:gst_element_get_static_pad: found pad video-output-bin:sink
0:00:00.278498551 21124 0x7f7f48003e80 INFO   GST_STATES gstelement.c:2676:gst_element_continue_state: completed state change to PAUSED
0:00:00.278502982 21124 0x5649ec8000f0 INFO   GST_PADS gstpad.c:2378:gst_pad_link_prepare: trying to link sink:proxypad52 and vaapidecode0:sink
0:00:00.278511830 21124 0x7f7f48003e80 INFO   GST_STATES gstelement.c:2579:_priv_gst_element_state_changed: notifying about state-changed READY to PAUSED (VOID_PENDING pending)
0:00:00.278290007 21124 0x7f7f3c003680 INFO   qtdemux qtdemux.c:13222:qtdemux_parse_tree: timescale: 1000
0:00:00.278528352 21124 0x7f7f3c003680 INFO   qtdemux qtdemux.c:13223:qtdemux_parse_tree: duration: 2006
0:00:00.278533490 21124 0x5649ec8000f0 INFO   GST_PADS gstpad.c:2586:gst_pad_link_full: linked sink:proxypad52 and vaapidecode0:sink, successful
0:00:00.278537865 21124 0x5649ec8000f0 INFO   GST_EVENT gstevent.c:1517:gst_event_new_reconfigure: creating reconfigure event
0:00:00.278542895 21124 0x7f7f3c003680 WARN   qtdemux qtdemux.c:3031:qtdemux_parse_trex: failed to find fragment defaults for stream 1
0:00:00.278547939 21124 0x5649ec8000f0 INFO   GST_ELEMENT_PADS gstelement.c:670:gst_element_add_pad: adding pad 'sink'
0:00:00.278543720 21124 0x7f7f64186a30 INFO   baseparse gstbaseparse.c:4004:gst_base_parse_set_latency: min/max latency 0:00:00.033333333,
0:00:00.033333333
0:00:00.278564281 21124 0x5649ec8000f0 INFO   GST_ELEMENT_PADS gstelement.c:920:gst_element_get_static_pad: found pad vaapi-queue:src
0:00:00.278583992 21124 0x7f7f64186a30 INFO   GST_ELEMENT_PADS gstelement.c:920:gst_element_get_static_pad: found pad video-output-bin:sink
0:00:00.278584820 21124 0x5649ec8000f0 INFO   GST_PADS gstpad.c:2378:gst_pad_link_prepare: trying to link vaapi-queue:src and src:proxypad53
0:00:00.278598988 21124 0x7f7f48003e80 INFO   GST_ELEMENT_PADS gstelement.c:920:gst_element_get_static_pad: found pad video-output-bin:sink
0:00:00.278609796 21124 0x7f7f3c003680 INFO   qtdemux qtdemux.c:10799:qtdemux_parse_trak: type avc1 caps video/x-h264, stream-format=(string)avc, alignment=(string)au, level=(string)3, profile=(string)constrained-baseline, codec_data=(buffer)0142c01effe1001b6742c01e9e218118534d40404050000003001000000303c8f162ee01000568ce06cb20
0:00:00.278600825 21124 0x5649ec8000f0 INFO   GST_PADS gstpad.c:2586:gst_pad_link_full: linked vaapi-queue:src and src:proxypad53, successful
0:00:00.278626376 21124 0x7f7f3c003680 WARN   qtdemux qtdemux.c:3031:qtdemux_parse_trex: failed to find fragment defaults for stream 2
0:00:00.278627415 21124 0x5649ec8000f0 INFO   GST_EVENT gstevent.c:1517:gst_event_new_reconfigure: creating reconfigure event
0:00:00.278641226 21124 0x7f7f64186a30 INFO   GST_EVENT gstevent.c:814:gst_event_new_caps: creating caps event video/x-h264, stream-format=(string)avc, alignment=(string)au, level=(string)3, profile=(string)constrained-baseline, codec_data=(buffer)0142c01effe1001b6742c01e9e218118534d40404050000003001000000303c8f162ee01000568ce06cb20, width=(int)560, height=(int)320, framerate=(fraction)30/1, pixel-aspect-ratio=(fraction)1/1, interlace-mode=(string)progressive, chroma-format=(string)4:2:0, bit-depth-luma=(uint)8, bit-depth-chroma=(uint)8, parsed=(boolean)true
0:00:00.278643091 21124 0x5649ec8000f0 INFO   GST_EVENT gstpad.c:5785:gst_pad_send_event_unchecked: Received event on flushing pad. Discarding
0:00:00.278655535 21124 0x7f7f3c003680 INFO   qtdemux qtdemux.c:11534:qtdemux_parse_trak: type mp4a caps audio/mpeg, mpegversion=(int)4, framed=(boolean)true, stream-format=(string)raw, level=(string)2, base-profile=(string)lc, profile=(string)lc, codec_data=(buffer)1188
0:00:00.278661303 21124 0x5649ec8000f0 INFO   GST_ELEMENT_PADS gstelement.c:670:gst_element_add_pad: adding pad 'src'
0:00:00.278676707 21124 0x7f7f64186a30 INFO   GST_PADS gstpad.c:4230:gst_pad_peer_query:<'':decodepad8> pad has no peer
0:00:00.278682847 21124 0x7f7f3c003680 WARN   basesrc gstbasesrc.c:2445:gst_base_src_update_length: processing at or past EOS
0:00:00.278688437 21124 0x7f7f64186a30 INFO   basetransform gstbasetransform.c:1308:gst_base_transform_setcaps: reuse caps
0:00:00.278697870 21124 0x5649ec8000f0 INFO   GST_PADS gstpad.c:2378:gst_pad_link_prepare: trying to link capsfilter2:src and vaapidecodebin0:sink
0:00:00.278683488 21124 0x7f7f48003e80 INFO   baseparse gstbaseparse.c:4004:gst_base_parse_set_latency: min/max latency 0:00:00.033333333,
0:00:00.033333333
0:00:00.278697550 21124 0x7f7f5c004800 INFO   GST_ELEMENT_PADS gstpad.c:2134:gst_pad_unlink: unlinking capsfilter1:src(0x7f7f30013870) and decodepad12:proxypad48(0x5649ecba75e0)
0:00:00.278684573 21124 0x7f7f280084f0 INFO   GST_ELEMENT_FACTORY gstelementfactory.c:361:gst_element_factory_create: creating element "capsfilter"
0:00:00.278730736 21124 0x7f7f5c004800 INFO   GST_ELEMENT_PADS gstpad.c:2188:gst_pad_unlink: unlinked capsfilter1:src and decodepad12:proxypad48
0:00:00.278708217 21124 0x7f7f3c003680 INFO   GST_SCHEDULING gstpad.c:4893:gst_pad_get_range_unchecked: getrange failed, flow: eos
0:00:00.278742729 21124 0x7f7f5c004800 INFO   GST_PADS gstpad.c:2378:gst_pad_link_prepare: trying to link capsfilter1:src and decodepad12:proxypad48
0:00:00.278748941 21124 0x7f7f280084f0 INFO   GST_ELEMENT_PADS gstelement.c:670:gst_element_add_pad: adding pad 'sink'
0:00:00.278706462 21124 0x5649ec8000f0 INFO   GST_PADS gstpad.c:2586:gst_pad_link_full: linked capsfilter2:src and vaapidecodebin0:sink, successful
0:00:00.278760807 21124 0x5649ec8000f0 INFO   GST_EVENT gstevent.c:1517:gst_event_new_reconfigure: creating reconfigure event
0:00:00.278719444 21124 0x7f7f64186a30 INFO   GST_EVENT gstevent.c:814:gst_event_new_caps: creating caps event video/x-h264, stream-format=(string)avc, alignment=(string)au, level=(string)3, profile=(string)constrained-baseline, codec_data=(buffer)0142c01effe1001b6742c01e9e218118534d40404050000003001000000303c8f162ee01000568ce06cb20, width=(int)560, height=(int)320, framerate=(fraction)30/1, pixel-aspect-ratio=(fraction)1/1, interlace-mode=(string)progressive, chroma-format=(string)4:2:0, bit-depth-luma=(uint)8, bit-depth-chroma=(uint)8, parsed=(boolean)true
0:00:00.278751793 21124 0x7f7f5c004800 INFO   GST_PADS gstpad.c:2586:gst_pad_link_full: linked capsfilter1:src and decodepad12:proxypad48, successful
0:00:00.278782704 21124 0x7f7f5c004800 INFO   GST_EVENT gstevent.c:1517:gst_event_new_reconfigure: creating reconfigure event
0:00:00.278732351 21124 0x7f7f48003e80 INFO   GST_ELEMENT_PADS gstelement.c:920:gst_element_get_static_pad: found pad video-output-bin:sink
0:00:00.278767924 21124 0x7f7f3c003680 INFO   GST_SCHEDULING gstpad.c:5108:gst_pad_pull_range: pullrange failed, flow: eos
0:00:00.278803843 21124 0x7f7f3c003680 INFO   GST_SCHEDULING gstpad.c:4893:gst_pad_get_range_unchecked: getrange failed, flow: eos
0:00:00.278808297 21124 0x5649ec8000f0 INFO   GST_STATES gstbin.c:2504:gst_bin_element_set_state: current NULL pending VOID_PENDING, desired next READY
0:00:00.278789197 21124 0x7f7f64186a30 INFO   GST_ELEMENT_PADS gstpad.c:2134:gst_pad_unlink: unlinking capsfilter3:src(0x7f7f40046ca0) and decodepad8:proxypad44(0x5649ecb0ee90)
0:00:00.278803389 21124 0x7f7f60020d40 INFO   GST_ELEMENT_PADS gstpad.c:2134:gst_pad_unlink: unlinking typefind:src(0x5649ecba37e0) and decodepad6:proxypad40(0x5649ecbbe7f0)
0:00:00.278811169 21124 0x7f7f3c003680 INFO   GST_SCHEDULING gstpad.c:5108:gst_pad_pull_range: pullrange failed, flow: eos
0:00:00.278816094 21124 0x7f7f280084f0 INFO   GST_ELEMENT_PADS gstelement.c:670:gst_element_add_pad: adding pad 'src'
0:00:00.278841099 21124 0x7f7f48003e80 INFO   GST_EVENT gstevent.c:814:gst_event_new_caps: creating caps event video/x-h264, stream-format=(string)avc, alignment=(string)au, level=(string)3, profile=(string)constrained-baseline, codec_data=(buffer)0142c01effe1001b6742c01e9e218118534d40404050000003001000000303c8f162ee01000568ce06cb20, width=(int)560, height=(int)320, framerate=(fraction)30/1, pixel-aspect-ratio=(fraction)1/1, interlace-mode=(string)progressive, chroma-format=(string)4:2:0, bit-depth-luma=(uint)8, bit-depth-chroma=(uint)8, parsed=(boolean)true
0:00:00.278830277 21124 0x7f7f64186a30 INFO   GST_ELEMENT_PADS gstpad.c:2188:gst_pad_unlink: unlinked capsfilter3:src and decodepad8:proxypad44
0:00:00.278837080 21124 0x7f7f3c003680 INFO   GST_SCHEDULING gstpad.c:4893:gst_pad_get_range_unchecked: getrange failed, flow: eos
0:00:00.278837702 21124 0x7f7f60020d40 INFO   GST_ELEMENT_PADS gstpad.c:2188:gst_pad_unlink: unlinked typefind:src and decodepad6:proxypad40
0:00:00.278818376 21124 0x5649ec8000f0 INFO   GST_STATES gstelement.c:2676:gst_element_continue_state: completed state change to READY
0:00:00.278849001 21124 0x7f7f280084f0 INFO   GST_EVENT gstevent.c:1517:gst_event_new_reconfigure: creating reconfigure event
0:00:00.278874004 21124 0x7f7f48003e80 INFO   GST_PADS gstpad.c:4230:gst_pad_peer_query:<'':decodepad14> pad has no peer
0:00:00.278861779 21124 0x7f7f64186a30 INFO   GST_PADS gstpad.c:2378:gst_pad_link_prepare: trying to link capsfilter3:src and decodepad8:proxypad44
0:00:00.278892995 21124 0x7f7f48003e80 INFO   basetransform gstbasetransform.c:1308:gst_base_transform_setcaps: reuse caps
0:00:00.278897018 21124 0x7f7f64186a30 INFO   GST_PADS gstpad.c:2586:gst_pad_link_full: linked capsfilter3:src and decodepad8:proxypad44, successful
0:00:00.278862104 21124 0x7f7f3c003680 INFO   GST_SCHEDULING gstpad.c:5108:gst_pad_pull_range: pullrange failed, flow: eos
0:00:00.278911187 21124 0x7f7f280084f0 INFO   GST_STATES gstelement.c:2651:gst_element_continue_state: committing state from NULL to READY, pending PAUSED, next PAUSED
0:00:00.278903665 21124 0x7f7f64186a30 INFO   GST_EVENT gstevent.c:1517:gst_event_new_reconfigure: creating reconfigure event
0:00:00.278871071 21124 0x7f7f60020d40 INFO   GST_PADS gstpad.c:2378:gst_pad_link_prepare: trying to link typefind:src and decodepad6:proxypad40
0:00:00.278930670 21124 0x7f7f48003e80 INFO   GST_EVENT gstevent.c:814:gst_event_new_caps: creating caps event video/x-h264, stream-format=(string)avc, alignment=(string)au, level=(string)3, profile=(string)constrained-baseline, codec_data=(buffer)0142c01effe1001b6742c01e9e218118534d40404050000003001000000303c8f162ee01000568ce06cb20, width=(int)560, height=(int)320, framerate=(fraction)30/1, pixel-aspect-ratio=(fraction)1/1, interlace-mode=(string)progressive, chroma-format=(string)4:2:0, bit-depth-luma=(uint)8, bit-depth-chroma=(uint)8, parsed=(boolean)true
0:00:00.278920484 21124 0x7f7f280084f0 INFO   GST_STATES gstelement.c:2579:_priv_gst_element_state_changed: notifying about state-changed NULL to READY (PAUSED pending)
0:00:00.278943849 21124 0x7f7f3c003680 INFO   GST_ELEMENT_PADS gstelement.c:920:gst_element_get_static_pad: found pad qtdemux7:sink
0:00:00.278948556 21124 0x7f7f48003e80 INFO   GST_ELEMENT_PADS gstpad.c:2134:gst_pad_unlink: unlinking capsfilter4:src(0x7f7f3c037370) and decodepad14:proxypad50(0x5649ecbb1390)
0:00:00.278951156 21124 0x7f7f64186a30 INFO   GST_ELEMENT_PADS gstelement.c:920:gst_element_get_static_pad: found pad audio-output-bin:sink
0:00:00.278948726 21124 0x7f7f60020d40 INFO   GST_PADS gstpad.c:2586:gst_pad_link_full: linked typefind:src and decodepad6:proxypad40, successful
0:00:00.278965055 21124 0x7f7f60020d40 INFO   GST_EVENT gstevent.c:1517:gst_event_new_reconfigure: creating reconfigure event
0:00:00.278935884 21124 0x7f7f5c004800 INFO   GST_ELEMENT_PADS gstelement.c:920:gst_element_get_static_pad: found pad video-output-bin:sink
0:00:00.278945503 21124 0x7f7f280084f0 INFO   GST_STATES gstelement.c:2658:gst_element_continue_state: continue state change READY to PAUSED, final PAUSED
0:00:00.278991353 21124 0x7f7f48003e80 INFO   GST_ELEMENT_PADS gstpad.c:2188:gst_pad_unlink: unlinked capsfilter4:src and decodepad14:proxypad50
0:00:00.278992102 21124 0x7f7f60020d40 INFO   GST_ELEMENT_PADS gstpad.c:2134:gst_pad_unlink: unlinking typefind:src(0x5649ecba37e0) and decodepad6:proxypad40(0x5649ecbbe7f0)
0:00:00.279005119 21124 0x7f7f3c003680 INFO   GST_EVENT gstevent.c:814:gst_event_new_caps: creating caps event video/x-h264, stream-format=(string)avc, alignment=(string)au, level=(string)3, profile=(string)constrained-baseline, codec_data=(buffer)0142c01effe1001b6742c01e9e218118534d40404050000003001000000303c8f162ee01000568ce06cb20, width=(int)560, height=(int)320, framerate=(fraction)30/1, pixel-aspect-ratio=(fraction)1/1
0:00:00.279001568 21124 0x7f7f48003e80 INFO   GST_PADS gstpad.c:2378:gst_pad_link_prepare: trying to link capsfilter4:src and decodepad14:proxypad50
0:00:00.279018917 21124 0x7f7f3c003680 INFO   GST_ELEMENT_PADS gstelement.c:670:gst_element_add_pad: adding pad 'video_0'
0:00:00.278873783 21124 0x5649ec8000f0 INFO   GST_STATES gstelement.c:2579:_priv_gst_element_state_changed: notifying about state-changed NULL to READY (VOID_PENDING pending)
0:00:00.279007468 21124 0x7f7f280084f0 INFO   GST_STATES gstelement.c:2676:gst_element_continue_state: completed state change to PAUSED
0:00:00.279037399 21124 0x7f7f3c003680 INFO   GST_ELEMENT_FACTORY gstelementfactory.c:361:gst_element_factory_create: creating element "multiqueue"
0:00:00.279041875 21124 0x7f7f280084f0 INFO   GST_STATES gstelement.c:2579:_priv_gst_element_state_changed: notifying about state-changed READY to PAUSED (VOID_PENDING pending)
0:00:00.279026269 21124 0x7f7f5c004800 INFO   GST_ELEMENT_PADS gstpad.c:2134:gst_pad_unlink: unlinking capsfilter1:src(0x7f7f30013870) and decodepad12:proxypad48(0x5649ecba75e0)
0:00:00.279038569 21124 0x5649ec8000f0 INFO   GST_STATES gstbin.c:2952:gst_bin_change_state_func: child 'vaapi-queue' changed state to 2(READY) successfully
0:00:00.279061914 21124 0x7f7f5c004800 INFO   GST_ELEMENT_PADS gstpad.c:2188:gst_pad_unlink: unlinked capsfilter1:src and decodepad12:proxypad48
0:00:00.279050649 21124 0x7f7f3c003680 INFO   GST_ELEMENT_PADS gstelement.c:920:gst_element_get_static_pad: found pad qtdemux7:sink
0:00:00.279072841 21124 0x7f7f5c004800 INFO   GST_ELEMENT_FACTORY gstelementfactory.c:361:gst_element_factory_create: creating element "vaapidecodebin"
0:00:00.279063190 21124 0x7f7f48003e80 INFO   GST_PADS gstpad.c:2586:gst_pad_link_full: linked capsfilter4:src and decodepad14:proxypad50, successful
0:00:00.279085545 21124 0x7f7f48003e80 INFO   GST_EVENT gstevent.c:1517:gst_event_new_reconfigure: creating reconfigure event
0:00:00.279103474 21124 0x5649ec8000f0 INFO   GST_STATES gstbin.c:2504:gst_bin_element_set_state: current NULL pending VOID_PENDING, desired next READY
0:00:00.279108556 21124 0x7f7f5c004800 INFO   GST_ELEMENT_PADS gstelement.c:670:gst_element_add_pad: adding pad 'sink'
0:00:00.279115513 21124 0x5649ec8000f0 INFO   GST_STATES gstelement.c:2676:gst_element_continue_state: completed state change to READY
0:00:00.279132304 21124 0x5649ec8000f0 INFO   GST_STATES gstelement.c:2579:_priv_gst_element_state_changed: notifying about state-changed NULL to READY (VOID_PENDING pending)
0:00:00.279119646 21124 0x7f7f3c003680 INFO   GST_STATES gstelement.c:2651:gst_element_continue_state: committing state from NULL to READY, pending PAUSED, next PAUSED
0:00:00.279131076 21124 0x7f7f48003e80 INFO   GST_ELEMENT_PADS gstelement.c:920:gst_element_get_static_pad: found pad audio-output-bin:sink
0:00:00.279141738 21124 0x7f7f5c004800 INFO   GST_ELEMENT_PADS gstelement.c:670:gst_element_add_pad: adding pad 'src'
0:00:00.279069418 21124 0x7f7f280084f0 INFO   GST_ELEMENT_PADS gstpad.c:2134:gst_pad_unlink: unlinking h264parse5:src(0x7f7f3c036590) and decodepad13:proxypad49(0x5649ecbb0a10)
0:00:00.279162320 21124 0x5649ec8000f0 INFO   GST_STATES gstbin.c:2952:gst_bin_change_state_func: child 'vaapidecode0' changed state to 2(READY) successfully
0:00:00.279312335 21124 0x7f7f5c004800 INFO   GST_ELEMENT_PADS gstelement.c:920:gst_element_get_static_pad: found pad (null):sink
0:00:00.279337161 21124 0x7f7f5c004800 INFO   GST_ELEMENT_PADS gstelement.c:920:gst_element_get_static_pad: found pad (null):src
0:00:00.279352474 21124 0x5649ec8000f0 INFO   vaapidecodebin gstvaapidecodebin.c:321:gst_vaapi_decode_bin_configure: enabling VPP
0:00:00.279369432 21124 0x7f7f5c004800 INFO   GST_ELEMENT_FACTORY gstelementfactory.c:359:gst_element_factory_create: creating element "queue" named "vaapi-queue"
0:00:00.279183488 21124 0x7f7f3c003680 INFO   GST_STATES gstelement.c:2579:_priv_gst_element_state_changed: notifying about state-changed NULL to READY (PAUSED pending)
0:00:00.279354303 21124 0x7f7f60020d40 INFO   GST_ELEMENT_PADS gstpad.c:2188:gst_pad_unlink: unlinked typefind:src and decodepad6:proxypad40
0:00:00.279444683 21124 0x7f7f5c004800 INFO   GST_ELEMENT_PADS gstelement.c:670:gst_element_add_pad: adding pad 'sink'
0:00:00.279451632 21124 0x7f7f60020d40 INFO   GST_ELEMENT_FACTORY gstelementfactory.c:361:gst_element_factory_create: creating element "qtdemux"
0:00:00.279478422 21124 0x5649ec8000f0 INFO   GST_ELEMENT_FACTORY gstelementfactory.c:361:gst_element_factory_create: creating element "capsfilter"
0:00:00.279507462 21124 0x7f7f5c004800 INFO   GST_ELEMENT_PADS gstelement.c:670:gst_element_add_pad: adding pad 'src'
0:00:00.279545250 21124 0x5649ec8000f0 INFO   GST_ELEMENT_PADS gstelement.c:670:gst_element_add_pad: adding pad 'sink'
0:00:00.279559078 21124 0x7f7f60020d40 INFO   GST_ELEMENT_PADS gstelement.c:670:gst_element_add_pad: adding pad 'sink'
0:00:00.279576188 21124 0x7f7f5c004800 INFO   GST_ELEMENT_PADS gstutils.c:1774:gst_element_link_pads_full: trying to link element vaapidecode1:(any) to element vaapi-queue:(any)
0:00:00.279305859 21124 0x7f7f280084f0 INFO   GST_ELEMENT_PADS gstpad.c:2188:gst_pad_unlink: unlinked h264parse5:src and decodepad13:proxypad49
0:00:00.279618091 21124 0x5649ec8000f0 INFO   GST_ELEMENT_PADS gstelement.c:670:gst_element_add_pad: adding pad 'src'
0:00:00.279604193 21124 0x7f7f5c004800 INFO   GST_PADS gstutils.c:1035:gst_pad_check_link: trying to link vaapidecode1:src and vaapi-queue:sink
0:00:00.279651170 21124 0x5649ec8000f0 INFO   GST_EVENT gstevent.c:1517:gst_event_new_reconfigure: creating reconfigure event
0:00:00.279694501 21124 0x7f7f60020d40 INFO   GST_PADS gstpad.c:2378:gst_pad_link_prepare: trying to link typefind:src and qtdemux8:sink
0:00:00.279675053 21124 0x7f7f5c004800 INFO   GST_PADS gstpad.c:4230:gst_pad_peer_query: pad has no peer
0:00:00.279667319 21124 0x7f7f280084f0 INFO   GST_ELEMENT_PADS gstelement.c:920:gst_element_get_static_pad: found pad capsfilter5:sink
0:00:00.279705934 21124 0x5649ec8000f0 INFO   GST_ELEMENT_FACTORY gstelementfactory.c:361:gst_element_factory_create: creating element "vaapipostproc"
0:00:00.280723960 21124 0x7f7f280084f0 INFO   GST_PADS gstpad.c:2378:gst_pad_link_prepare: trying to link h264parse5:src and capsfilter5:sink
0:00:00.280733923 21124 0x7f7f280084f0 INFO   GST_PADS gstpad.c:2586:gst_pad_link_full: linked h264parse5:src and capsfilter5:sink, successful
0:00:00.280789059 21124 0x7f7f280084f0 INFO   GST_EVENT gstevent.c:1517:gst_event_new_reconfigure: creating reconfigure event
0:00:00.280805385 21124 0x7f7f280084f0 INFO   GST_EVENT gstpad.c:5785:gst_pad_send_event_unchecked: Received event on flushing pad. Discarding
0:00:00.279532854 21124 0x7f7f3c003680 INFO   GST_STATES gstelement.c:2658:gst_element_continue_state: continue state change READY to PAUSED, final PAUSED
0:00:00.279719254 21124 0x7f7f60020d40 INFO   GST_PADS gstpad.c:2586:gst_pad_link_full: linked typefind:src and qtdemux8:sink, successful
0:00:00.280832376 21124 0x7f7f3c003680 INFO   GST_STATES gstelement.c:2676:gst_element_continue_state: completed state change to PAUSED
0:00:00.280816798 21124 0x7f7f280084f0 INFO   GST_ELEMENT_PADS gstelement.c:920:gst_element_get_static_pad: found pad capsfilter5:src
0:00:00.280833824 21124 0x7f7f60020d40 INFO   GST_EVENT gstevent.c:1517:gst_event_new_reconfigure: creating reconfigure event
0:00:00.280865400 21124 0x7f7f60020d40 INFO   GST_STATES gstelement.c:2676:gst_element_continue_state: completed state change to READY
0:00:00.280871257 21124 0x7f7f60020d40 INFO   GST_STATES gstelement.c:2579:_priv_gst_element_state_changed: notifying about state-changed NULL to READY (VOID_PENDING pending)
0:00:00.280894215 21124 0x7f7f60020d40 INFO   GST_ELEMENT_PADS gstelement.c:917:gst_element_get_static_pad: no such pad 'video_%u' in element "qtdemux8"
0:00:00.280900152 21124 0x7f7f60020d40 INFO   GST_ELEMENT_PADS gstelement.c:917:gst_element_get_static_pad: no such pad 'audio_%u' in element "qtdemux8"
0:00:00.280904507 21124 0x7f7f60020d40 INFO   GST_ELEMENT_PADS gstelement.c:917:gst_element_get_static_pad: no such pad 'subtitle_%u' in element "qtdemux8"
0:00:00.280986375 21124 0x5649ec8000f0 INFO   GST_ELEMENT_PADS gstelement.c:670:gst_element_add_pad: adding pad 'sink'
0:00:00.280843235 21124 0x7f7f3c003680 INFO   GST_STATES gstelement.c:2579:_priv_gst_element_state_changed: notifying about state-changed READY to PAUSED (VOID_PENDING pending)
0:00:00.280992077 21124 0x7f7f60020d40 INFO   task gsttask.c:457:gst_task_set_lock: setting stream lock 0x7f7f300616a0 on task 0x7f7f14013830
0:00:00.280780672 21124 0x7f7f5c004800 INFO   GST_PADS gstutils.c:1588:prepare_link_maybe_ghosting: vaapidecode1 and vaapi-queue in same bin, no need for ghost pads
0:00:00.281111976 21124 0x7f7f5c004800 INFO   GST_PADS gstpad.c:2378:gst_pad_link_prepare: trying to link vaapidecode1:src and vaapi-queue:sink
0:00:00.281072002 21124 0x7f7f60020d40 INFO   GST_PADS gstpad.c:6131:gst_pad_start_task: created task 0x7f7f14013830
0:00:00.281145392 21124 0x7f7f5c004800 INFO   GST_PADS gstpad.c:4230:gst_pad_peer_query: pad has no peer
0:00:00.281161847 21124 0x7f7f3c003680 INFO   GST_PADS gstpad.c:2378:gst_pad_link_prepare: trying to link qtdemux7:video_0 and decodepad16:proxypad54
0:00:00.281171846 21124 0x7f7f5c004800 INFO   GST_PADS gstpad.c:2586:gst_pad_link_full: linked vaapidecode1:src and vaapi-queue:sink, successful
0:00:00.281194285 21124 0x7f7f3c003680 INFO   GST_PADS gstpad.c:2586:gst_pad_link_full: linked qtdemux7:video_0 and decodepad16:proxypad54, successful
0:00:00.281208022 21124 0x7f7f5c004800 INFO   GST_EVENT gstevent.c:1517:gst_event_new_reconfigure: creating reconfigure event
0:00:00.281222451 21124 0x7f7f3c003680 INFO   GST_EVENT gstevent.c:1517:gst_event_new_reconfigure: creating reconfigure event
0:00:00.281030072 21124 0x5649ec8000f0 INFO   GST_ELEMENT_PADS gstelement.c:670:gst_element_add_pad: adding pad 'src'
0:00:00.281239378 21124 0x7f7f5c004800 INFO   GST_EVENT gstpad.c:5785:gst_pad_send_event_unchecked: Received event on flushing pad. Discarding
0:00:00.281327587 21124 0x7f7f60020d40 INFO   GST_STATES gstelement.c:2676:gst_element_continue_state: completed state change to PAUSED
0:00:00.281327783 21124 0x5649ec8000f0 INFO   GST_ELEMENT_PADS gstelement.c:920:gst_element_get_static_pad: found pad (null):sink
0:00:00.281358178 21124 0x7f7f60020d40 INFO   GST_STATES gstelement.c:2579:_priv_gst_element_state_changed: notifying about state-changed READY to PAUSED (VOID_PENDING pending)
0:00:00.281331418 21124 0x7f7f3c003680 INFO   GST_ELEMENT_PADS gstelement.c:920:gst_element_get_static_pad: found pad audio-output-bin:sink
0:00:00.281397274 21124 0x5649ec8000f0 INFO   GST_ELEMENT_PADS gstelement.c:920:gst_element_get_static_pad: found pad (null):src
0:00:00.281450116 21124 0x7f7f60020d40 INFO   typefind gsttypefindelement.c:181:gst_type_find_element_have_type: found caps video/quicktime, variant=(string)iso, probability=100
0:00:00.281111365 21124 0x7f7f280084f0 INFO   GST_PADS gstpad.c:2378:gst_pad_link_prepare: trying to link capsfilter5:src and decodepad13:proxypad49
0:00:00.281365294 21124 0x7f7f5c004800 INFO   GST_ELEMENT_PADS gstelement.c:920:gst_element_get_static_pad: found pad vaapidecode1:sink
0:00:00.281492712 21124 0x7f7f60020d40 INFO   task gsttask.c:316:gst_task_func: Task going to paused
0:00:00.281543609 21124 0x5649ec8000f0 INFO   GST_ELEMENT_PADS gstutils.c:1774:gst_element_link_pads_full: trying to link element capsfilter6:(any) to element vaapipostproc0:(any)
0:00:00.281579106 21124 0x7f7f280084f0 INFO   GST_PADS gstpad.c:2586:gst_pad_link_full: linked capsfilter5:src and decodepad13:proxypad49, successful
0:00:00.281684739 21124 0x5649ec8000f0 INFO   GST_PADS gstutils.c:1035:gst_pad_check_link: trying to link capsfilter6:src and vaapipostproc0:sink
0:00:00.281685247 21124 0x7f7f280084f0 INFO   GST_EVENT gstevent.c:1517:gst_event_new_reconfigure: creating reconfigure event
0:00:00.281707823 21124 0x7f7f5c004800 INFO   GST_PADS gstpad.c:2378:gst_pad_link_prepare: trying to link sink:proxypad55 and vaapidecode1:sink
0:00:00.281718061 21124 0x7f7f280084f0 INFO   GST_EVENT gstpad.c:5785:gst_pad_send_event_unchecked: Received event on flushing pad. Discarding
0:00:00.281736763 21124 0x7f7f5c004800 INFO   GST_PADS gstpad.c:2586:gst_pad_link_full: linked sink:proxypad55 and vaapidecode1:sink, successful
0:00:00.281750731 21124 0x7f7f5c004800 INFO   GST_EVENT gstevent.c:1517:gst_event_new_reconfigure: creating reconfigure event
0:00:00.281773806 21124 0x7f7f5c004800 INFO   GST_ELEMENT_PADS gstelement.c:670:gst_element_add_pad: adding pad 'sink'
0:00:00.281786773 21124 0x7f7f5c004800 INFO   GST_ELEMENT_PADS gstelement.c:920:gst_element_get_static_pad: found pad vaapi-queue:src
0:00:00.281844491 21124 0x7f7f5c004800 INFO   GST_PADS gstpad.c:2378:gst_pad_link_prepare: trying to link vaapi-queue:src and src:proxypad56
0:00:00.281872054 21124 0x7f7f5c004800 INFO   GST_PADS gstpad.c:2586:gst_pad_link_full: linked vaapi-queue:src and src:proxypad56, successful
0:00:00.281881412 21124 0x7f7f5c004800 INFO   GST_EVENT gstevent.c:1517:gst_event_new_reconfigure: creating reconfigure event
0:00:00.281889058 21124 0x7f7f5c004800 INFO   GST_EVENT gstpad.c:5785:gst_pad_send_event_unchecked: Received event on flushing pad. Discarding
0:00:00.281910962 21124 0x7f7f5c004800 INFO   GST_ELEMENT_PADS gstelement.c:670:gst_element_add_pad: adding pad 'src'
0:00:00.282109865 21124 0x5649ec8000f0 INFO   GST_PADS gstpad.c:4230:gst_pad_peer_query: pad has no peer
0:00:00.282125581 21124 0x5649ec8000f0 INFO   GST_PADS gstpad.c:4230:gst_pad_peer_query: pad has no peer
0:00:00.282125261 21124 0x7f7f5c004800 INFO   GST_PADS gstpad.c:2378:gst_pad_link_prepare: trying to link capsfilter1:src and vaapidecodebin1:sink
0:00:00.282139309 21124 0x7f7f5c004800 INFO   GST_PADS gstpad.c:2586:gst_pad_link_full: linked capsfilter1:src and vaapidecodebin1:sink, successful
0:00:00.282154787 21124 0x7f7f5c004800 INFO   GST_EVENT gstevent.c:1517:gst_event_new_reconfigure: creating reconfigure event
0:00:00.282185444 21124 0x7f7f5c004800 INFO   GST_STATES gstbin.c:2504:gst_bin_element_set_state: current NULL pending VOID_PENDING, desired next READY
0:00:00.282194591 21124 0x7f7f5c004800 INFO   GST_STATES gstelement.c:2676:gst_element_continue_state: completed state change to READY
0:00:00.282203999 21124 0x7f7f4c003c00 WARN   qtdemux qtdemux_types.c:233:qtdemux_type_get: unknown QuickTime node type sgpd
0:00:00.282213629 21124 0x7f7f4c003c00 WARN   qtdemux qtdemux_types.c:233:qtdemux_type_get: unknown QuickTime node type sbgp
0:00:00.282215814 21124 0x7f7f5c004800 INFO   GST_STATES gstelement.c:2579:_priv_gst_element_state_changed: notifying about state-changed NULL to READY (VOID_PENDING pending)
0:00:00.282219441 21124 0x7f7f4c003c00 INFO   qtdemux qtdemux.c:13222:qtdemux_parse_tree: timescale: 1000
0:00:00.282227019 21124 0x7f7f4c003c00 INFO   qtdemux qtdemux.c:13223:qtdemux_parse_tree: duration: 2006
0:00:00.282236400 21124 0x7f7f5c004800 INFO   GST_STATES gstbin.c:2952:gst_bin_change_state_func: child 'vaapi-queue' changed state to 2(READY) successfully
0:00:00.282238536 21124 0x7f7f4c003c00 WARN   qtdemux qtdemux.c:3031:qtdemux_parse_trex: failed to find fragment defaults for stream 1
0:00:00.282251672 21124 0x7f7f5c004800 INFO   GST_STATES gstbin.c:2504:gst_bin_element_set_state: current NULL pending VOID_PENDING, desired next READY
0:00:00.282259716 21124 0x7f7f5c004800 INFO   GST_STATES gstelement.c:2676:gst_element_continue_state: completed state change to READY
0:00:00.282265335 21124 0x7f7f5c004800 INFO   GST_STATES gstelement.c:2579:_priv_gst_element_state_changed: notifying about state-changed NULL to READY (VOID_PENDING pending)
0:00:00.282277410 21124 0x7f7f280084f0 INFO   GST_STATES gstelement.c:2676:gst_element_continue_state: completed state change to PAUSED
0:00:00.282278446 21124 0x7f7f4c003c00 INFO   qtdemux qtdemux.c:10799:qtdemux_parse_trak: type avc1 caps video/x-h264, stream-format=(string)avc, alignment=(string)au, level=(string)3, profile=(string)constrained-baseline, codec_data=(buffer)0142c01effe1001b6742c01e9e218118534d40404050000003001000000303c8f162ee01000568ce06cb20
0:00:00.282281356 21124 0x7f7f5c004800 INFO   GST_STATES gstbin.c:2952:gst_bin_change_state_func: child 'vaapidecode1' changed state to 2(READY) successfully
0:00:00.282301033 21124 0x7f7f4c003c00 WARN   qtdemux qtdemux.c:3031:qtdemux_parse_trex: failed to find fragment defaults for stream 2
0:00:00.282290286 21124 0x7f7f280084f0 INFO   GST_STATES gstelement.c:2579:_priv_gst_element_state_changed: notifying about state-changed READY to PAUSED (VOID_PENDING pending)
0:00:00.282327269 21124 0x7f7f5c004800 INFO   vaapidecodebin gstvaapidecodebin.c:321:gst_vaapi_decode_bin_configure: enabling VPP
0:00:00.282332171 21124 0x7f7f4c003c00 INFO   qtdemux qtdemux.c:11534:qtdemux_parse_trak: type mp4a caps audio/mpeg, mpegversion=(int)4, framed=(boolean)true, stream-format=(string)raw, level=(string)2, base-profile=(string)lc, profile=(string)lc, codec_data=(buffer)1188
0:00:00.282349753 21124 0x7f7f5c004800 INFO   GST_ELEMENT_FACTORY gstelementfactory.c:361:gst_element_factory_create: creating element "capsfilter"
0:00:00.282350360 21124 0x7f7f4c003c00 WARN   basesrc gstbasesrc.c:2445:gst_base_src_update_length: processing at or past EOS
0:00:00.282371420 21124 0x7f7f4c003c00 INFO   GST_SCHEDULING gstpad.c:4893:gst_pad_get_range_unchecked: getrange failed, flow: eos
0:00:00.282372725 21124 0x7f7f5c004800 INFO   GST_ELEMENT_PADS gstelement.c:670:gst_element_add_pad: adding pad 'sink'
0:00:00.282381333 21124 0x7f7f280084f0 INFO   GST_ELEMENT_PADS gstelement.c:920:gst_element_get_static_pad: found pad video-output-bin:sink
0:00:00.282379552 21124 0x7f7f4c003c00 INFO   GST_SCHEDULING gstpad.c:5108:gst_pad_pull_range: pullrange failed, flow: eos
0:00:00.282389565 21124 0x7f7f5c004800 INFO   GST_ELEMENT_PADS gstelement.c:670:gst_element_add_pad: adding pad 'src'
0:00:00.282402153 21124 0x7f7f4c003c00 INFO   GST_SCHEDULING gstpad.c:4893:gst_pad_get_range_unchecked: getrange failed, flow: eos
0:00:00.282411921 21124 0x7f7f5c004800 INFO   GST_EVENT gstevent.c:1517:gst_event_new_reconfigure: creating reconfigure event
0:00:00.282412193 21124 0x7f7f4c003c00 INFO   GST_SCHEDULING gstpad.c:5108:gst_pad_pull_range: pullrange failed, flow: eos
0:00:00.282425868 21124 0x7f7f4c003c00 INFO   GST_SCHEDULING gstpad.c:4893:gst_pad_get_range_unchecked: getrange failed, flow: eos
0:00:00.282430875 21124 0x7f7f4c003c00 INFO   GST_SCHEDULING gstpad.c:5108:gst_pad_pull_range: pullrange failed, flow: eos
0:00:00.282433338 21124 0x7f7f5c004800 INFO   GST_ELEMENT_FACTORY gstelementfactory.c:361:gst_element_factory_create: creating element "vaapipostproc"
0:00:00.282448939 21124 0x7f7f280084f0 INFO   baseparse gstbaseparse.c:4004:gst_base_parse_set_latency: min/max latency 0:00:00.033333333,
0:00:00.033333333
0:00:00.282478522 21124 0x7f7f5c004800 INFO   GST_ELEMENT_PADS gstelement.c:670:gst_element_add_pad: adding pad 'sink'
0:00:00.282483751 21124 0x7f7f280084f0 INFO   GST_ELEMENT_PADS gstelement.c:920:gst_element_get_static_pad: found pad video-output-bin:sink
0:00:00.282490855 21124 0x7f7f5c004800 INFO   GST_ELEMENT_PADS gstelement.c:670:gst_element_add_pad: adding pad 'src'
0:00:00.282497964 21124 0x7f7f5c004800 INFO   GST_ELEMENT_PADS gstelement.c:920:gst_element_get_static_pad: found pad (null):sink
0:00:00.283300402 21124 0x7f7f5c004800 INFO   GST_ELEMENT_PADS gstelement.c:920:gst_element_get_static_pad: found pad (null):src
0:00:00.283361680 21124 0x7f7f5c004800 INFO   GST_ELEMENT_PADS gstutils.c:1774:gst_element_link_pads_full: trying to link element capsfilter7:(any) to element vaapipostproc1:(any)
0:00:00.283372660 21124 0x7f7f5c004800 INFO   GST_PADS gstutils.c:1035:gst_pad_check_link: trying to link capsfilter7:src and vaapipostproc1:sink
0:00:00.283384275 21124 0x7f7f5c004800 INFO   GST_PADS gstpad.c:4230:gst_pad_peer_query: pad has no peer
0:00:00.283394658 21124 0x7f7f5c004800 INFO   GST_PADS gstpad.c:4230:gst_pad_peer_query: pad has no peer
0:00:00.282738427 21124 0x7f7f40004d40 INFO   GST_ELEMENT_PADS gstelement.c:920:gst_element_get_static_pad: found pad video-output-bin:sink
0:00:00.283840076 21124 0x7f7f40004d40 INFO   GST_ELEMENT_PADS gstpad.c:2134:gst_pad_unlink: unlinking qtdemux6:video_0(0x7f7f40047140) and decodepad15:proxypad51(0x5649ecbbf170)
0:00:00.283852590 21124 0x7f7f5c004800 INFO   GST_PADS gstutils.c:1588:prepare_link_maybe_ghosting: capsfilter7 and vaapipostproc1 in same bin, no need for ghost pads
0:00:00.283860162 21124 0x7f7f40004d40 INFO   GST_ELEMENT_PADS gstpad.c:2188:gst_pad_unlink: unlinked qtdemux6:video_0 and decodepad15:proxypad51
0:00:00.282531198 21124 0x7f7f4c003c00 INFO   GST_ELEMENT_PADS gstelement.c:920:gst_element_get_static_pad: found pad qtdemux8:sink
0:00:00.282538953 21124 0x7f7f280084f0 INFO   GST_EVENT gstevent.c:814:gst_event_new_caps: creating caps event video/x-h264, stream-format=(string)avc, alignment=(string)au, level=(string)3, profile=(string)constrained-baseline, codec_data=(buffer)0142c01effe1001b6742c01e9e218118534d40404050000003001000000303c8f162ee01000568ce06cb20, width=(int)560, height=(int)320, framerate=(fraction)30/1, pixel-aspect-ratio=(fraction)1/1, interlace-mode=(string)progressive, chroma-format=(string)4:2:0, bit-depth-luma=(uint)8, bit-depth-chroma=(uint)8, parsed=(boolean)true
0:00:00.282712153 21124 0x7f7f48003e80 INFO   GST_ELEMENT_PADS gstelement.c:920:gst_element_get_static_pad: found pad video-output-bin:sink
0:00:00.283919438 21124 0x7f7f40004d40 INFO   GST_ELEMENT_PADS gstelement.c:670:gst_element_add_pad: adding pad 'src_0'
0:00:00.283928569 21124 0x7f7f40004d40 INFO   GST_ELEMENT_PADS gstelement.c:670:gst_element_add_pad: adding pad 'sink_0'
0:00:00.282692896 21124 0x7f7f64186a30 INFO   GST_ELEMENT_PADS gstelement.c:920:gst_element_get_static_pad: found pad video-output-bin:sink
0:00:00.283951855 21124 0x7f7f40004d40 INFO   task gsttask.c:457:gst_task_set_lock: setting stream lock 0x7f7f40047650 on task 0x7f7f14013cb0
0:00:00.282651653 21124 0x5649ec8000f0 INFO   GST_PADS gstutils.c:1588:prepare_link_maybe_ghosting: capsfilter6 and vaapipostproc0 in same bin, no need for ghost pads
0:00:00.283930220 21124 0x7f7f4c003c00 INFO   GST_EVENT gstevent.c:814:gst_event_new_caps: creating caps event video/x-h264, stream-format=(string)avc, alignment=(string)au, level=(string)3, profile=(string)constrained-baseline, codec_data=(buffer)0142c01effe1001b6742c01e9e218118534d40404050000003001000000303c8f162ee01000568ce06cb20, width=(int)560, height=(int)320, framerate=(fraction)30/1, pixel-aspect-ratio=(fraction)1/1
0:00:00.283982101 21124 0x5649ec8000f0 INFO   GST_PADS gstpad.c:2378:gst_pad_link_prepare: trying to link capsfilter6:src and vaapipostproc0:sink
0:00:00.283996598 21124 0x5649ec8000f0 INFO   GST_PADS gstpad.c:4230:gst_pad_peer_query: pad has no peer
0:00:00.284007423 21124 0x5649ec8000f0 INFO   GST_PADS gstpad.c:4230:gst_pad_peer_query: pad has no peer
0:00:00.284176826 21124 0x7f7f64186a30 INFO   GST_ELEMENT_PADS gstpad.c:2134:gst_pad_unlink: unlinking capsfilter3:src(0x7f7f40046ca0) and decodepad8:proxypad44(0x5649ecb0ee90)
0:00:00.284195446 21124 0x7f7f64186a30 INFO   GST_ELEMENT_PADS gstpad.c:2188:gst_pad_unlink: unlinked capsfilter3:src and decodepad8:proxypad44
0:00:00.283986218 21124 0x7f7f4c003c00 INFO   GST_ELEMENT_PADS gstelement.c:670:gst_element_add_pad: adding pad 'video_0'
0:00:00.283114072 21124 0x7f7f3c003680 INFO   GST_ELEMENT_PADS gstelement.c:920:gst_element_get_static_pad: found pad video-output-bin:sink
0:00:00.284202771 21124 0x7f7f5c004800 INFO   GST_PADS gstpad.c:2378:gst_pad_link_prepare: trying to link capsfilter7:src and vaapipostproc1:sink
0:00:00.284249334 21124 0x7f7f5c004800 INFO   GST_PADS gstpad.c:4230:gst_pad_peer_query: pad has no peer
0:00:00.284261262 21124 0x7f7f5c004800 INFO   GST_PADS gstpad.c:4230:gst_pad_peer_query: pad has no peer
0:00:00.283961650 21124 0x7f7f40004d40 INFO   GST_PADS gstpad.c:6131:gst_pad_start_task: created task 0x7f7f14013cb0
0:00:00.284310228 21124 0x7f7f4c003c00 INFO   GST_ELEMENT_FACTORY gstelementfactory.c:361:gst_element_factory_create: creating element "multiqueue"
0:00:00.284179047 21124 0x7f7f48003e80 INFO   GST_ELEMENT_PADS gstpad.c:2134:gst_pad_unlink: unlinking capsfilter4:src(0x7f7f3c037370) and decodepad14:proxypad50(0x5649ecbb1390)
0:00:00.284335033 21124 0x7f7f40004d40 INFO   GST_PADS gstpad.c:2378:gst_pad_link_prepare: trying to link qtdemux6:video_0 and multiqueue6:sink_0
0:00:00.284340461 21124 0x7f7f48003e80 INFO   GST_ELEMENT_PADS gstpad.c:2188:gst_pad_unlink: unlinked capsfilter4:src and decodepad14:proxypad50
0:00:00.284261484 21124 0x7f7f64186a30 INFO   GST_PADS gstpad.c:2378:gst_pad_link_prepare: trying to link capsfilter3:src and decodepad8:proxypad44
0:00:00.284356823 21124 0x7f7f48003e80 INFO   GST_PADS gstpad.c:2378:gst_pad_link_prepare: trying to link capsfilter4:src and decodepad14:proxypad50
