0:00:00.496855426 21124 0x7f7f04009cf0 INFO   vaapidecode gstvaapidecode.c:373:gst_vaapidecode_update_src_caps: new src caps = video/x-raw(memory:VASurface), format=(string)NV12, width=(int)560, height=(int)320, interlace-mode=(string)progressive, multiview-mode=(string)mono, multiview-flags=(GstVideoMultiviewFlagsSet)0:ffffffff:/right-view-first/left-flipped/left-flopped/right-flipped/right-flopped/half-aspect/mixed-mono, pixel-aspect-ratio=(fraction)1/1, framerate=(fraction)30/1
0:00:00.496895693 21124 0x7f7f04009cf0 INFO   GST_EVENT gstevent.c:814:gst_event_new_caps: creating caps event video/x-raw(memory:VASurface), format=(string)NV12, width=(int)560, height=(int)320, interlace-mode=(string)progressive, multiview-mode=(string)mono, multiview-flags=(GstVideoMultiviewFlagsSet)0:ffffffff:/right-view-first/left-flipped/left-flopped/right-flipped/right-flopped/half-aspect/mixed-mono, pixel-aspect-ratio=(fraction)1/1, framerate=(fraction)30/1
0:00:00.496992676 21124 0x7f7ef4008f20 INFO   basetransform gstbasetransform.c:1308:gst_base_transform_setcaps: reuse caps
0:00:00.497015587 21124 0x7f7ef4008f20 INFO   GST_EVENT gstevent.c:814:gst_event_new_caps: creating caps event video/x-raw(memory:VASurface), format=(string)NV12, width=(int)560, height=(int)320, interlace-mode=(string)progressive, multiview-mode=(string)mono, multiview-flags=(GstVideoMultiviewFlagsSet)0:ffffffff:/right-view-first/left-flipped/left-flopped/right-flipped/right-flopped/half-aspect/mixed-mono, pixel-aspect-ratio=(fraction)1/1, framerate=(fraction)30/1
0:00:00.497026818 21124 0x7f7ef40084a0 INFO   basetransform gstbasetransform.c:1308:gst_base_transform_setcaps: reuse caps
0:00:00.497047778 21124 0x7f7ef40084a0 INFO   GST_EVENT gstevent.c:814:gst_event_new_caps: creating caps event video/x-raw(memory:VASurface), format=(string)NV12, width=(int)560, height=(int)320, interlace-mode=(string)progressive, multiview-mode=(string)mono, multiview-flags=(GstVideoMultiviewFlagsSet)0:ffffffff:/right-view-first/left-flipped/left-flopped/right-flipped/right-flopped/half-aspect/mixed-mono, pixel-aspect-ratio=(fraction)1/1, framerate=(fraction)30/1
0:00:00.497188785 21124 0x7f7ef40084a0 INFO   GST_ELEMENT_PADS gstelement.c:920:gst_element_get_static_pad: found pad video-output-bin:sink
0:00:00.497237168 21124 0x7f7ef4008f20 INFO   GST_ELEMENT_PADS gstelement.c:920:gst_element_get_static_pad: found pad video-output-bin:sink
0:00:00.497279688 21124 0x7f7f040094a0 INFO   GST_PADS gstpad.c:4230:gst_pad_peer_query:<'':decodepad17> pad has no peer
0:00:00.497303819 21124 0x7f7f040094a0 INFO   vaapipostproc gstvaapipostproc.c:1037:gst_vaapipostproc_update_sink_caps: new sink caps = video/x-raw(memory:VASurface), format=(string)NV12, width=(int)560, height=(int)320, interlace-mode=(string)progressive, multiview-mode=(string)mono, multiview-flags=(GstVideoMultiviewFlagsSet)0:ffffffff:/right-view-first/left-flipped/left-flopped/right-flipped/right-flopped/half-aspect/mixed-mono, pixel-aspect-ratio=(fraction)1/1, framerate=(fraction)30/1
0:00:00.497312975 21124 0x7f7f30075190 INFO   GST_PADS gstpad.c:4230:gst_pad_peer_query:<'':decodepad11> pad has no peer
0:00:00.497323628 21124 0x7f7f040094a0 INFO   vaapipostproc gstvaapipostproc.c:1058:gst_vaapipostproc_update_src_caps: new src caps = video/x-raw, format=(string)I420, width=(int)560, height=(int)320, framerate=(fraction)30/1, interlace-mode=(string)progressive, pixel-aspect-ratio=(fraction)1/1, multiview-mode=(string)mono, multiview-flags=(GstVideoMultiviewFlagsSet)0:ffffffff:/right-view-first/left-flipped/left-flopped/right-flipped/right-flopped/half-aspect/mixed-mono, chroma-site=(string)jpeg, colorimetry=(string)bt601
0:00:00.497352747 21124 0x7f7f30075190 INFO   vaapipostproc gstvaapipostproc.c:1037:gst_vaapipostproc_update_sink_caps: new sink caps = video/x-raw(memory:VASurface), format=(string)NV12, width=(int)560, height=(int)320, interlace-mode=(string)progressive, multiview-mode=(string)mono, multiview-flags=(GstVideoMultiviewFlagsSet)0:ffffffff:/right-view-first/left-flipped/left-flopped/right-flipped/right-flopped/half-aspect/mixed-mono, pixel-aspect-ratio=(fraction)1/1, framerate=(fraction)30/1
0:00:00.497353344 21124 0x7f7f040094a0 INFO   glcontext gstglcontext.c:673:gst_gl_context_finalize: send quit gl window loop
0:00:00.497373300 21124 0x7f7f040094a0 INFO   glwindow gstglwindow.c:558:gst_gl_window_quit: quit sent to gl window loop
0:00:00.497379547 21124 0x7f7ef40084f0 INFO   glcontext gstglcontext.c:1311:gst_gl_context_create_thread: loop exited
0:00:00.497375167 21124 0x7f7f30075190 INFO   vaapipostproc gstvaapipostproc.c:1058:gst_vaapipostproc_update_src_caps: new src caps = video/x-raw, format=(string)I420, width=(int)560, height=(int)320, framerate=(fraction)30/1, interlace-mode=(string)progressive, pixel-aspect-ratio=(fraction)1/1, multiview-mode=(string)mono, multiview-flags=(GstVideoMultiviewFlagsSet)0:ffffffff:/right-view-first/left-flipped/left-flopped/right-flipped/right-flopped/half-aspect/mixed-mono, chroma-site=(string)jpeg, colorimetry=(string)bt601
0:00:00.497380244 21124 0x7f7f040094a0 INFO   glcontext gstglcontext.c:676:gst_gl_context_finalize: joining gl thread
0:00:00.497415866 21124 0x7f7f30075190 INFO   glcontext gstglcontext.c:673:gst_gl_context_finalize: send quit gl window loop
0:00:00.497426207 21124 0x7f7f30075190 INFO   glwindow gstglwindow.c:558:gst_gl_window_quit: quit sent to gl window loop
0:00:00.497431327 21124 0x7f7f30075190 INFO   glcontext gstglcontext.c:676:gst_gl_context_finalize: joining gl thread
0:00:00.497434335 21124 0x7f7f300750f0 INFO   glcontext gstglcontext.c:1311:gst_gl_context_create_thread: loop exited
0:00:00.497474834 21124 0x7f7ef40084a0 INFO   GST_ELEMENT_PADS gstelement.c:920:gst_element_get_static_pad: found pad video-output-bin:sink
0:00:00.497869635 21124 0x7f7ef40084a0 INFO   GST_PADS gstpad.c:4230:gst_pad_peer_query:<'':decodepad15> pad has no peer
0:00:00.497889571 21124 0x7f7ef40084a0 INFO   vaapipostproc gstvaapipostproc.c:1037:gst_vaapipostproc_update_sink_caps: new sink caps = video/x-raw(memory:VASurface), format=(string)NV12, width=(int)560, height=(int)320, interlace-mode=(string)progressive, multiview-mode=(string)mono, multiview-flags=(GstVideoMultiviewFlagsSet)0:ffffffff:/right-view-first/left-flipped/left-flopped/right-flipped/right-flopped/half-aspect/mixed-mono, pixel-aspect-ratio=(fraction)1/1, framerate=(fraction)30/1
0:00:00.497903114 21124 0x7f7ef40084a0 INFO   vaapipostproc gstvaapipostproc.c:1058:gst_vaapipostproc_update_src_caps: new src caps = video/x-raw, format=(string)I420, width=(int)560, height=(int)320, framerate=(fraction)30/1, interlace-mode=(string)progressive, pixel-aspect-ratio=(fraction)1/1, multiview-mode=(string)mono, multiview-flags=(GstVideoMultiviewFlagsSet)0:ffffffff:/right-view-first/left-flipped/left-flopped/right-flipped/right-flopped/half-aspect/mixed-mono, chroma-site=(string)jpeg, colorimetry=(string)bt601
0:00:00.497903657 21124 0x7f7ef4008f20 INFO   GST_ELEMENT_PADS gstelement.c:920:gst_element_get_static_pad: found pad video-output-bin:sink
0:00:00.497934325 21124 0x7f7ef40084a0 INFO   glcontext gstglcontext.c:673:gst_gl_context_finalize: send quit gl window loop
0:00:00.497944974 21124 0x7f7ef40084a0 INFO   glwindow gstglwindow.c:558:gst_gl_window_quit: quit sent to gl window loop
0:00:00.497950387 21124 0x7f7ef40084a0 INFO   glcontext gstglcontext.c:676:gst_gl_context_finalize: joining gl thread
0:00:00.497952218 21124 0x7f7f040094f0 INFO   glcontext gstglcontext.c:1311:gst_gl_context_create_thread: loop exited
0:00:00.497973331 21124 0x7f7f040094a0 INFO   glcontext gstglcontext.c:679:gst_gl_context_finalize: gl thread joined
0:00:00.498012160 21124 0x7f7f040094a0 INFO   GST_ELEMENT_PADS gstelement.c:920:gst_element_get_static_pad: found pad video-output-bin:sink
0:00:00.498027393 21124 0x7f7f040094a0 INFO   GST_PADS gstpad.c:4230:gst_pad_peer_query:<'':decodepad17> pad has no peer
0:00:00.498034489 21124 0x7f7f040094a0 INFO   GST_CONTEXT gstvaapivideocontext.c:136:context_pad_query: context pad peer query failed
0:00:00.498055648 21124 0x7f7f040094a0 INFO   GST_CONTEXT gstvaapivideocontext.c:179:_gst_context_get_from_query: found context (context 'gst.vaapi.Display'='context, gst.vaapi.Display=(GstVaapiDisplay)"\(GstVaapiDisplayGLX\)\ vaapidisplayglx20";') in upstream query
0:00:00.498064064 21124 0x7f7f040094a0 INFO   vaapipostproc gstvaapipluginbase.c:55:plugin_set_display: set display
0:00:00.496859275 21124 0x7f7f14006de0 INFO   vaapipostproc gstvaapipostproc.c:1037:gst_vaapipostproc_update_sink_caps: new sink caps = video/x-raw(memory:VASurface), format=(string)NV12, width=(int)560, height=(int)320, interlace-mode=(string)progressive, multiview-mode=(string)mono, multiview-flags=(GstVideoMultiviewFlagsSet)0:ffffffff:/right-view-first/left-flipped/left-flopped/right-flipped/right-flopped/half-aspect/mixed-mono, pixel-aspect-ratio=(fraction)1/1, framerate=(fraction)30/1
0:00:00.498162141 21124 0x7f7f30075190 INFO   glcontext gstglcontext.c:679:gst_gl_context_finalize: gl thread joined
0:00:00.498184914 21124 0x7f7f14006de0 INFO   vaapipostproc gstvaapipostproc.c:1058:gst_vaapipostproc_update_src_caps: new src caps = video/x-raw, format=(string)I420, width=(int)560, height=(int)320, framerate=(fraction)30/1, interlace-mode=(string)progressive, pixel-aspect-ratio=(fraction)1/1, multiview-mode=(string)mono, multiview-flags=(GstVideoMultiviewFlagsSet)0:ffffffff:/right-view-first/left-flipped/left-flopped/right-flipped/right-flopped/half-aspect/mixed-mono, chroma-site=(string)jpeg, colorimetry=(string)bt601
0:00:00.498201338 21124 0x7f7f30075190 INFO   GST_ELEMENT_PADS gstelement.c:920:gst_element_get_static_pad: found pad video-output-bin:sink
0:00:00.498223379 21124 0x7f7f14006de0 INFO   glcontext gstglcontext.c:673:gst_gl_context_finalize: send quit gl window loop
0:00:00.498224735 21124 0x7f7f30075190 INFO   GST_PADS gstpad.c:4230:gst_pad_peer_query:<'':decodepad11> pad has no peer
0:00:00.498243547 21124 0x7f7f30075190 INFO   GST_CONTEXT gstvaapivideocontext.c:136:context_pad_query: context pad peer query failed
0:00:00.498273789 21124 0x7f7f30075190 INFO   GST_CONTEXT gstvaapivideocontext.c:179:_gst_context_get_from_query: found context (context 'gst.vaapi.Display'='context, gst.vaapi.Display=(GstVaapiDisplay)"\(GstVaapiDisplayGLX\)\ vaapidisplayglx18";') in upstream query
0:00:00.498283249 21124 0x7f7f30075190 INFO   vaapipostproc gstvaapipluginbase.c:55:plugin_set_display: set display
0:00:00.498463080 21124 0x7f7f040094a0 INFO   GST_EVENT gstevent.c:814:gst_event_new_caps: creating caps event video/x-raw, format=(string)I420, width=(int)560, height=(int)320, framerate=(fraction)30/1, interlace-mode=(string)progressive, pixel-aspect-ratio=(fraction)1/1, multiview-mode=(string)mono, multiview-flags=(GstVideoMultiviewFlagsSet)0:ffffffff:/right-view-first/left-flipped/left-flopped/right-flipped/right-flopped/half-aspect/mixed-mono, chroma-site=(string)jpeg, colorimetry=(string)bt601
0:00:00.498493221 21124 0x7f7f040094a0 INFO   GST_PADS gstpad.c:4230:gst_pad_peer_query:<'':decodepad17> pad has no peer
0:00:00.498520469 21124 0x7f7f040094a0 INFO   GST_ELEMENT_PADS gstelement.c:670:gst_element_add_pad: adding pad 'src_0'
0:00:00.498523763 21124 0x7f7f30075190 INFO   GST_EVENT gstevent.c:814:gst_event_new_caps: creating caps event video/x-raw, format=(string)I420, width=(int)560, height=(int)320, framerate=(fraction)30/1, interlace-mode=(string)progressive, pixel-aspect-ratio=(fraction)1/1, multiview-mode=(string)mono, multiview-flags=(GstVideoMultiviewFlagsSet)0:ffffffff:/right-view-first/left-flipped/left-flopped/right-flipped/right-flopped/half-aspect/mixed-mono, chroma-site=(string)jpeg, colorimetry=(string)bt601
0:00:00.498554833 21124 0x7f7f30075190 INFO   GST_PADS gstpad.c:4230:gst_pad_peer_query:<'':decodepad11> pad has no peer
0:00:00.498563273 21124 0x7f7ef40084a0 INFO   glcontext gstglcontext.c:679:gst_gl_context_finalize: gl thread joined
0:00:00.498582228 21124 0x7f7f30075190 INFO   GST_ELEMENT_PADS gstelement.c:670:gst_element_add_pad: adding pad 'src_0'
0:00:00.498594894 21124 0x7f7f040094a0 INFO   GST_PADS gstpad.c:2378:gst_pad_link_prepare: trying to link decodebin6:src_0 and src_0:proxypad81
0:00:00.498603115 21124 0x7f7ef40084a0 INFO   GST_ELEMENT_PADS gstelement.c:920:gst_element_get_static_pad: found pad video-output-bin:sink
0:00:00.498605539 21124 0x7f7f040094a0 INFO   GST_PADS gstpad.c:2586:gst_pad_link_full: linked decodebin6:src_0 and src_0:proxypad81, successful
0:00:00.498618978 21124 0x7f7f040094a0 INFO   GST_EVENT gstevent.c:1517:gst_event_new_reconfigure: creating reconfigure event
0:00:00.498621507 21124 0x7f7ef40084a0 INFO   GST_PADS gstpad.c:4230:gst_pad_peer_query:<'':decodepad15> pad has no peer
0:00:00.498631424 21124 0x7f7ef40084a0 INFO   GST_CONTEXT gstvaapivideocontext.c:136:context_pad_query: context pad peer query failed
0:00:00.498623202 21124 0x7f7f30075190 INFO   GST_PADS gstpad.c:2378:gst_pad_link_prepare: trying to link decodebin2:src_0 and src_0:proxypad82
0:00:00.498658074 21124 0x7f7ef40084a0 INFO   GST_CONTEXT gstvaapivideocontext.c:179:_gst_context_get_from_query: found context (context 'gst.vaapi.Display'='context, gst.vaapi.Display=(GstVaapiDisplay)"\(GstVaapiDisplayGLX\)\ vaapidisplayglx19";') in upstream query
0:00:00.498659503 21124 0x7f7f30075190 INFO   GST_PADS gstpad.c:2586:gst_pad_link_full: linked decodebin2:src_0 and src_0:proxypad82, successful
0:00:00.498664868 21124 0x7f7f040094a0 INFO   GST_ELEMENT_PADS gstelement.c:670:gst_element_add_pad: adding pad 'src_0'
0:00:00.498668271 21124 0x7f7ef40084a0 INFO   vaapipostproc gstvaapipluginbase.c:55:plugin_set_display: set display
0:00:00.498691870 21124 0x7f7f040094a0 INFO   GST_ELEMENT_FACTORY gstelementfactory.c:361:gst_element_factory_create: creating element "input-selector"
0:00:00.498672903 21124 0x7f7f30075190 INFO   GST_EVENT gstevent.c:1517:gst_event_new_reconfigure: creating reconfigure event
0:00:00.498747602 21124 0x7f7f30075190 INFO   GST_ELEMENT_PADS gstelement.c:670:gst_element_add_pad: adding pad 'src_0'
0:00:00.498756288 21124 0x7f7f040094a0 INFO   GST_ELEMENT_PADS gstelement.c:670:gst_element_add_pad: adding pad 'src'
0:00:00.498761321 21124 0x7f7f30075190 INFO   GST_ELEMENT_FACTORY gstelementfactory.c:361:gst_element_factory_create: creating element "input-selector"
0:00:00.498777395 21124 0x7f7f30075190 INFO   GST_ELEMENT_PADS gstelement.c:670:gst_element_add_pad: adding pad 'src'
0:00:00.498782480 21124 0x5649ec8bcca0 INFO   GST_ELEMENT_PADS gstpad.c:2134:gst_pad_unlink: unlinking qtdemux1:audio_0(0x7f7f380621e0) and decodepad23:proxypad77(0x7f7f2805d100)
0:00:00.498783828 21124 0x7f7f040094a0 INFO   GST_STATES gstelement.c:2651:gst_element_continue_state: committing state from NULL to READY, pending PAUSED, next PAUSED
0:00:00.498796666 21124 0x5649ec8bcca0 INFO   GST_ELEMENT_PADS gstpad.c:2188:gst_pad_unlink: unlinked qtdemux1:audio_0 and decodepad23:proxypad77
0:00:00.498800086 21124 0x7f7f040094a0 INFO   GST_STATES gstelement.c:2579:_priv_gst_element_state_changed: notifying about state-changed NULL to READY (PAUSED pending)
0:00:00.498796860 21124 0x7f7f30075190 INFO   GST_STATES gstelement.c:2651:gst_element_continue_state: committing state from NULL to READY, pending PAUSED, next PAUSED
0:00:00.498815711 21124 0x7f7f30075190 INFO   GST_STATES gstelement.c:2579:_priv_gst_element_state_changed: notifying about state-changed NULL to READY (PAUSED pending)
0:00:00.498821389 21124 0x7f7f040094a0 INFO   GST_STATES gstelement.c:2658:gst_element_continue_state: continue state change READY to PAUSED, final PAUSED
0:00:00.498825195 21124 0x7f7f30075190 INFO   GST_STATES gstelement.c:2658:gst_element_continue_state: continue state change READY to PAUSED, final PAUSED
0:00:00.498831428 21124 0x7f7f040094a0 INFO   GST_STATES gstelement.c:2676:gst_element_continue_state: completed state change to PAUSED
0:00:00.498841359 21124 0x7f7f30075190 INFO   GST_STATES gstelement.c:2676:gst_element_continue_state: completed state change to PAUSED
0:00:00.498845175 21124 0x7f7f040094a0 INFO   GST_STATES gstelement.c:2579:_priv_gst_element_state_changed: notifying about state-changed READY to PAUSED (VOID_PENDING pending)
0:00:00.498848824 21124 0x7f7f30075190 INFO   GST_STATES gstelement.c:2579:_priv_gst_element_state_changed: notifying about state-changed READY to PAUSED (VOID_PENDING pending)
0:00:00.498857150 21124 0x7f7f5c004800 INFO   GST_ELEMENT_PADS gstpad.c:2134:gst_pad_unlink: unlinking qtdemux3:audio_0(0x7f7f3006f1c0) and decodepad25:proxypad79(0x5649ecbd5d30)
0:00:00.498872982 21124 0x7f7f040094a0 INFO   GST_ELEMENT_PADS gstelement.c:920:gst_element_get_static_pad: found pad inputselector0:src
0:00:00.498873376 21124 0x7f7f5c004800 INFO   GST_ELEMENT_PADS gstpad.c:2188:gst_pad_unlink: unlinked qtdemux3:audio_0 and decodepad25:proxypad79
0:00:00.498883237 21124 0x5649ec8bcca0 INFO   GST_ELEMENT_PADS gstelement.c:670:gst_element_add_pad: adding pad 'src_1'
0:00:00.498892378 21124 0x5649ec8bcca0 INFO   GST_ELEMENT_PADS gstelement.c:670:gst_element_add_pad: adding pad 'sink_1'
0:00:00.498874429 21124 0x7f7f30075190 INFO   GST_ELEMENT_PADS gstelement.c:920:gst_element_get_static_pad: found pad inputselector1:src
0:00:00.498905241 21124 0x5649ec8bcca0 INFO   task gsttask.c:457:gst_task_set_lock: setting stream lock 0x7f7f140b7d40 on task 0x7f7f440e2b90
0:00:00.498900391 21124 0x7f7f040094a0 INFO   GST_ELEMENT_PADS gstelement.c:670:gst_element_add_pad: adding pad 'sink_0'
0:00:00.498912449 21124 0x5649ec8bcca0 INFO   GST_PADS gstpad.c:6131:gst_pad_start_task: created task 0x7f7f440e2b90
0:00:00.498926863 21124 0x7f7f30075190 INFO   GST_ELEMENT_PADS gstelement.c:670:gst_element_add_pad: adding pad 'sink_0'
0:00:00.498928698 21124 0x7f7f040094a0 INFO   GST_PADS gstpad.c:2378:gst_pad_link_prepare: trying to link uridecodebin6:src_0 and inputselector0:sink_0
0:00:00.498941281 21124 0x7f7f5c004800 INFO   GST_ELEMENT_PADS gstelement.c:670:gst_element_add_pad: adding pad 'src_1'
0:00:00.498944627 21124 0x7f7f30075190 INFO   GST_PADS gstpad.c:2378:gst_pad_link_prepare: trying to link uridecodebin2:src_0 and inputselector1:sink_0
0:00:00.498951973 21124 0x7f7f5c004800 INFO   GST_ELEMENT_PADS gstelement.c:670:gst_element_add_pad: adding pad 'sink_1'
0:00:00.498969472 21124 0x7f7f5c004800 INFO   task gsttask.c:457:gst_task_set_lock: setting stream lock 0x7f7f380ba800 on task 0x7f7f24074cb0
0:00:00.498975894 21124 0x7f7f5c004800 INFO   GST_PADS gstpad.c:6131:gst_pad_start_task: created task 0x7f7f24074cb0
0:00:00.498977483 21124 0x7f7ef40084a0 INFO   GST_EVENT gstevent.c:814:gst_event_new_caps: creating caps event video/x-raw, format=(string)I420, width=(int)560, height=(int)320, framerate=(fraction)30/1, interlace-mode=(string)progressive, pixel-aspect-ratio=(fraction)1/1, multiview-mode=(string)mono, multiview-flags=(GstVideoMultiviewFlagsSet)0:ffffffff:/right-view-first/left-flipped/left-flopped/right-flipped/right-flopped/half-aspect/mixed-mono, chroma-site=(string)jpeg, colorimetry=(string)bt601
0:00:00.499014925 21124 0x7f7ef40084a0 INFO   GST_PADS gstpad.c:4230:gst_pad_peer_query:<'':decodepad15> pad has no peer
0:00:00.499021769 21124 0x7f7f5c004800 INFO   GST_PADS gstpad.c:2378:gst_pad_link_prepare: trying to link qtdemux3:audio_0 and multiqueue3:sink_1
0:00:00.499032578 21124 0x7f7f5c004800 INFO   GST_PADS gstpad.c:2586:gst_pad_link_full: linked qtdemux3:audio_0 and multiqueue3:sink_1, successful
0:00:00.499036501 21124 0x7f7ef4008f20 INFO   GST_PADS gstpad.c:4230:gst_pad_peer_query:<'':decodepad8> pad has no peer
0:00:00.499037772 21124 0x7f7f5c004800 INFO   GST_EVENT gstevent.c:1517:gst_event_new_reconfigure: creating reconfigure event
0:00:00.499038730 21124 0x7f7ef40084a0 INFO   GST_ELEMENT_PADS gstelement.c:670:gst_element_add_pad: adding pad 'src_0'
0:00:00.499047582 21124 0x5649ec8bcca0 INFO   GST_PADS gstpad.c:2378:gst_pad_link_prepare: trying to link qtdemux1:audio_0 and multiqueue1:sink_1
0:00:00.499074845 21124 0x7f7f5c004800 INFO   GST_PADS gstpad.c:2378:gst_pad_link_prepare: trying to link multiqueue3:src_1 and decodepad25:proxypad79
0:00:00.499076236 21124 0x5649ec8bcca0 INFO   GST_PADS gstpad.c:2586:gst_pad_link_full: linked qtdemux1:audio_0 and multiqueue1:sink_1, successful
0:00:00.499077518 21124 0x7f7f14006de0 INFO   glwindow gstglwindow.c:558:gst_gl_window_quit: quit sent to gl window loop
0:00:00.499099713 21124 0x7f7f14006de0 INFO   glcontext gstglcontext.c:676:gst_gl_context_finalize: joining gl thread
0:00:00.499102706 21124 0x7f7f040094a0 INFO   GST_PADS gstpad.c:4230:gst_pad_peer_query: pad has no peer
0:00:00.499066913 21124 0x7f7ef4008f20 INFO   vaapipostproc gstvaapipostproc.c:1037:gst_vaapipostproc_update_sink_caps: new sink caps = video/x-raw(memory:VASurface), format=(string)NV12, width=(int)560, height=(int)320, interlace-mode=(string)progressive, multiview-mode=(string)mono, multiview-flags=(GstVideoMultiviewFlagsSet)0:ffffffff:/right-view-first/left-flipped/left-flopped/right-flipped/right-flopped/half-aspect/mixed-mono, pixel-aspect-ratio=(fraction)1/1, framerate=(fraction)30/1
0:00:00.499089448 21124 0x5649ec8bcca0 INFO   GST_EVENT gstevent.c:1517:gst_event_new_reconfigure: creating reconfigure event
0:00:00.499105173 21124 0x7f7ef40084a0 INFO   GST_PADS gstpad.c:2378:gst_pad_link_prepare: trying to link decodebin7:src_0 and src_0:proxypad83
0:00:00.499084203 21124 0x7f7f14006e30 INFO   glcontext gstglcontext.c:1311:gst_gl_context_create_thread: loop exited
0:00:00.499132217 21124 0x7f7ef40084a0 INFO   GST_PADS gstpad.c:2586:gst_pad_link_full: linked decodebin7:src_0 and src_0:proxypad83, successful
0:00:00.499139326 21124 0x7f7ef40084a0 INFO   GST_EVENT gstevent.c:1517:gst_event_new_reconfigure: creating reconfigure event
0:00:00.499147781 21124 0x7f7f040094a0 INFO   GST_PADS gstpad.c:2586:gst_pad_link_full: linked uridecodebin6:src_0 and inputselector0:sink_0, successful
0:00:00.499135005 21124 0x5649ec8bcca0 INFO   GST_PADS gstpad.c:2378:gst_pad_link_prepare: trying to link multiqueue1:src_1 and decodepad23:proxypad77
0:00:00.499084985 21124 0x7f7f5c004800 INFO   GST_PADS gstpad.c:2586:gst_pad_link_full: linked multiqueue3:src_1 and decodepad25:proxypad79, successful
0:00:00.499130560 21124 0x7f7ef4008f20 INFO   vaapipostproc gstvaapipostproc.c:1058:gst_vaapipostproc_update_src_caps: new src caps = video/x-raw, format=(string)I420, width=(int)560, height=(int)320, framerate=(fraction)30/1, interlace-mode=(string)progressive, pixel-aspect-ratio=(fraction)1/1, multiview-mode=(string)mono, multiview-flags=(GstVideoMultiviewFlagsSet)0:ffffffff:/right-view-first/left-flipped/left-flopped/right-flipped/right-flopped/half-aspect/mixed-mono, chroma-site=(string)jpeg, colorimetry=(string)bt601
0:00:00.499176717 21124 0x7f7ef40084a0 INFO   GST_ELEMENT_PADS gstelement.c:670:gst_element_add_pad: adding pad 'src_0'
0:00:00.499107618 21124 0x7f7f30075190 INFO   GST_PADS gstpad.c:4230:gst_pad_peer_query: pad has no peer
0:00:00.499192154 21124 0x7f7ef40084a0 INFO   GST_ELEMENT_FACTORY gstelementfactory.c:361:gst_element_factory_create: creating element "input-selector"
0:00:00.499170743 21124 0x7f7f5c004800 INFO   GST_EVENT gstevent.c:1517:gst_event_new_reconfigure: creating reconfigure event
0:00:00.499216721 21124 0x7f7ef40084a0 INFO   GST_ELEMENT_PADS gstelement.c:670:gst_element_add_pad: adding pad 'src'
0:00:00.499163600 21124 0x5649ec8bcca0 INFO   GST_PADS gstpad.c:2586:gst_pad_link_full: linked multiqueue1:src_1 and decodepad23:proxypad77, successful
0:00:00.499200119 21124 0x7f7ef4008f20 INFO   glcontext gstglcontext.c:673:gst_gl_context_finalize: send quit gl window loop
0:00:00.499239931 21124 0x7f7ef40084a0 INFO   GST_STATES gstelement.c:2651:gst_element_continue_state: committing state from NULL to READY, pending PAUSED, next PAUSED
0:00:00.499245756 21124 0x7f7ef4008f20 INFO   glwindow gstglwindow.c:558:gst_gl_window_quit: quit sent to gl window loop
0:00:00.499250037 21124 0x7f7ef40084a0 INFO   GST_STATES gstelement.c:2579:_priv_gst_element_state_changed: notifying about state-changed NULL to READY (PAUSED pending)
0:00:00.499232042 21124 0x5649ec8bcca0 INFO   GST_EVENT gstevent.c:1517:gst_event_new_reconfigure: creating reconfigure event
0:00:00.499260660 21124 0x7f7ef40084a0 INFO   GST_STATES gstelement.c:2658:gst_element_continue_state: continue state change READY to PAUSED, final PAUSED
0:00:00.499270786 21124 0x7f7ef40084a0 INFO   GST_STATES gstelement.c:2676:gst_element_continue_state: completed state change to PAUSED
0:00:00.499275932 21124 0x7f7ef4008f20 INFO   glcontext gstglcontext.c:676:gst_gl_context_finalize: joining gl thread
0:00:00.499153988 21124 0x7f7f040094a0 INFO   GST_EVENT gstevent.c:1517:gst_event_new_reconfigure: creating reconfigure event
0:00:00.499277586 21124 0x7f7ef40084a0 INFO   GST_STATES gstelement.c:2579:_priv_gst_element_state_changed: notifying about state-changed READY to PAUSED (VOID_PENDING pending)
0:00:00.499305978 21124 0x5649ec8bcca0 INFO   GST_ELEMENT_PADS gstpad.c:2134:gst_pad_unlink: unlinking multiqueue1:src_1(0x7f7f140b7cd0) and decodepad23:proxypad77(0x7f7f2805d100)
0:00:00.499319053 21124 0x5649ec8bcca0 INFO   GST_ELEMENT_PADS gstpad.c:2188:gst_pad_unlink: unlinked multiqueue1:src_1 and decodepad23:proxypad77
0:00:00.499214669 21124 0x7f7f30075190 INFO   GST_PADS gstpad.c:2586:gst_pad_link_full: linked uridecodebin2:src_0 and inputselector1:sink_0, successful
0:00:00.499335203 21124 0x7f7f040094a0 INFO   decodebin gstdecodebin2.c:4747:gst_decode_bin_expose: added new decoded pad
0:00:00.499319144 21124 0x7f7ef40084a0 INFO   GST_ELEMENT_PADS gstelement.c:920:gst_element_get_static_pad: found pad inputselector2:src
0:00:00.499347084 21124 0x7f7f040094a0 INFO   GST_ELEMENT_PADS gstelement.c:670:gst_element_add_pad: adding pad 'src_1'
0:00:00.499331128 21124 0x5649ec8bcca0 INFO   GST_PADS gstpad.c:2378:gst_pad_link_prepare: trying to link multiqueue1:src_1 and decodepad23:proxypad77
0:00:00.499289721 21124 0x7f7f5c004800 INFO   GST_ELEMENT_PADS gstpad.c:2134:gst_pad_unlink: unlinking multiqueue3:src_1(0x7f7f380ba790) and decodepad25:proxypad79(0x5649ecbd5d30)
0:00:00.499336571 21124 0x7f7f30075190 INFO   GST_EVENT gstevent.c:1517:gst_event_new_reconfigure: creating reconfigure event
0:00:00.499373470 21124 0x7f7f5c004800 INFO   GST_ELEMENT_PADS gstpad.c:2188:gst_pad_unlink: unlinked multiqueue3:src_1 and decodepad25:proxypad79
0:00:00.499378192 21124 0x7f7f040094a0 INFO   GST_PADS gstpad.c:2378:gst_pad_link_prepare: trying to link decodebin6:src_1 and src_1:proxypad84
0:00:00.499361753 21124 0x5649ec8bcca0 INFO   GST_PADS gstpad.c:2586:gst_pad_link_full: linked multiqueue1:src_1 and decodepad23:proxypad77, successful
0:00:00.499390152 21124 0x5649ec8bcca0 INFO   GST_EVENT gstevent.c:1517:gst_event_new_reconfigure: creating reconfigure event
0:00:00.499286484 21124 0x7f7f440099e0 INFO   glcontext gstglcontext.c:1311:gst_gl_context_create_thread: loop exited
0:00:00.499406188 21124 0x7f7f5c004800 INFO   GST_PADS gstpad.c:2378:gst_pad_link_prepare: trying to link multiqueue3:src_1 and decodepad25:proxypad79
0:00:00.499413254 21124 0x7f7f5c004800 INFO   GST_PADS gstpad.c:2586:gst_pad_link_full: linked multiqueue3:src_1 and decodepad25:proxypad79, successful
0:00:00.499416541 21124 0x7f7f5c004800 INFO   GST_EVENT gstevent.c:1517:gst_event_new_reconfigure: creating reconfigure event
0:00:00.499386169 21124 0x7f7f040094a0 INFO   GST_PADS gstpad.c:2586:gst_pad_link_full: linked decodebin6:src_1 and src_1:proxypad84, successful
0:00:00.499447778 21124 0x7f7f040094a0 INFO   GST_EVENT gstevent.c:1517:gst_event_new_reconfigure: creating reconfigure event
0:00:00.499465778 21124 0x7f7f5c004800 INFO   GST_ELEMENT_PADS gstpad.c:2134:gst_pad_unlink: unlinking multiqueue3:src_1(0x7f7f380ba790) and decodepad25:proxypad79(0x5649ecbd5d30)
0:00:00.499420664 21124 0x5649ec8bcca0 INFO   GST_ELEMENT_PADS gstpad.c:2134:gst_pad_unlink: unlinking multiqueue1:src_1(0x7f7f140b7cd0) and decodepad23:proxypad77(0x7f7f2805d100)
0:00:00.499428901 21124 0x7f7f30075190 INFO   decodebin gstdecodebin2.c:4747:gst_decode_bin_expose: added new decoded pad
0:00:00.499489549 21124 0x7f7f040094a0 INFO   GST_ELEMENT_PADS gstelement.c:670:gst_element_add_pad: adding pad 'src_1'
0:00:00.499480010 21124 0x7f7f5c004800 INFO   GST_ELEMENT_PADS gstpad.c:2188:gst_pad_unlink: unlinked multiqueue3:src_1 and decodepad25:proxypad79
0:00:00.499504750 21124 0x7f7f040094a0 INFO   GST_ELEMENT_FACTORY gstelementfactory.c:361:gst_element_factory_create: creating element "input-selector"
0:00:00.499509704 21124 0x7f7f30075190 INFO   GST_ELEMENT_PADS gstelement.c:670:gst_element_add_pad: adding pad 'src_1'
0:00:00.499507610 21124 0x7f7f5c004800 INFO   GST_ELEMENT_FACTORY gstelementfactory.c:361:gst_element_factory_create: creating element "aacparse"
0:00:00.499491874 21124 0x5649ec8bcca0 INFO   GST_ELEMENT_PADS gstpad.c:2188:gst_pad_unlink: unlinked multiqueue1:src_1 and decodepad23:proxypad77
0:00:00.499525606 21124 0x7f7ef40084a0 INFO   GST_ELEMENT_PADS gstelement.c:670:gst_element_add_pad: adding pad 'sink_0'
0:00:00.499536093 21124 0x5649ec8bcca0 INFO   GST_ELEMENT_FACTORY gstelementfactory.c:361:gst_element_factory_create: creating element "aacparse"
0:00:00.499540473 21124 0x7f7f5c004800 INFO   GST_ELEMENT_PADS gstelement.c:670:gst_element_add_pad: adding pad 'sink'
0:00:00.499537579 21124 0x7f7f040094a0 INFO   GST_ELEMENT_PADS gstelement.c:670:gst_element_add_pad: adding pad 'src'
0:00:00.499551139 21124 0x7f7ef40084a0 INFO   GST_PADS gstpad.c:2378:gst_pad_link_prepare: trying to link uridecodebin7:src_0 and inputselector2:sink_0
0:00:00.499553240 21124 0x7f7f30075190 INFO   GST_PADS gstpad.c:2378:gst_pad_link_prepare: trying to link decodebin2:src_1 and src_1:proxypad85
0:00:00.499553719 21124 0x5649ec8bcca0 INFO   GST_ELEMENT_PADS gstelement.c:670:gst_element_add_pad: adding pad 'sink'
0:00:00.499573718 21124 0x7f7f30075190 INFO   GST_PADS gstpad.c:2586:gst_pad_link_full: linked decodebin2:src_1 and src_1:proxypad85, successful
0:00:00.499554648 21124 0x7f7f5c004800 INFO   GST_ELEMENT_PADS gstelement.c:670:gst_element_add_pad: adding pad 'src'
0:00:00.499575887 21124 0x7f7f040094a0 INFO   GST_STATES gstelement.c:2651:gst_element_continue_state: committing state from NULL to READY, pending PAUSED, next PAUSED
0:00:00.499598739 21124 0x7f7f040094a0 INFO   GST_STATES gstelement.c:2579:_priv_gst_element_state_changed: notifying about state-changed NULL to READY (PAUSED pending)
0:00:00.499605600 21124 0x7f7f040094a0 INFO   GST_STATES gstelement.c:2658:gst_element_continue_state: continue state change READY to PAUSED, final PAUSED
0:00:00.499611576 21124 0x7f7f040094a0 INFO   GST_STATES gstelement.c:2676:gst_element_continue_state: completed state change to PAUSED
0:00:00.499618627 21124 0x7f7f040094a0 INFO   GST_STATES gstelement.c:2579:_priv_gst_element_state_changed: notifying about state-changed READY to PAUSED (VOID_PENDING pending)
0:00:00.499626277 21124 0x7f7f5c004800 INFO   GST_PADS gstpad.c:2378:gst_pad_link_prepare: trying to link multiqueue3:src_1 and aacparse5:sink
0:00:00.499634821 21124 0x7f7f280084f0 INFO   GST_ELEMENT_PADS gstpad.c:2134:gst_pad_unlink: unlinking qtdemux4:audio_0(0x7f7f04059110) and decodepad26:proxypad80(0x7f7f2405e510)
0:00:00.499564082 21124 0x7f7f14006de0 INFO   glcontext gstglcontext.c:679:gst_gl_context_finalize: gl thread joined
0:00:00.499631405 21124 0x7f7f040094a0 INFO   GST_ELEMENT_PADS gstelement.c:920:gst_element_get_static_pad: found pad inputselector3:src
0:00:00.499637970 21124 0x7f7f5c004800 INFO   GST_PADS gstpad.c:2586:gst_pad_link_full: linked multiqueue3:src_1 and aacparse5:sink, successful
0:00:00.499669697 21124 0x7f7f5c004800 INFO   GST_EVENT gstevent.c:1517:gst_event_new_reconfigure: creating reconfigure event
0:00:00.499674463 21124 0x7f7f30075190 INFO   GST_EVENT gstevent.c:1517:gst_event_new_reconfigure: creating reconfigure event
0:00:00.499671709 21124 0x7f7f040094a0 INFO   GST_ELEMENT_PADS gstelement.c:670:gst_element_add_pad: adding pad 'sink_0'
0:00:00.499653180 21124 0x7f7f280084f0 INFO   GST_ELEMENT_PADS gstpad.c:2188:gst_pad_unlink: unlinked qtdemux4:audio_0 and decodepad26:proxypad80
0:00:00.499679211 21124 0x7f7f14006de0 INFO   GST_ELEMENT_PADS gstelement.c:920:gst_element_get_static_pad: found pad video-output-bin:sink
0:00:00.499689800 21124 0x7f7f5c004800 INFO   GST_STATES gstelement.c:2676:gst_element_continue_state: completed state change to READY
0:00:00.499715410 21124 0x7f7ef40084a0 INFO   GST_PADS gstpad.c:4230:gst_pad_peer_query: pad has no peer
0:00:00.499710458 21124 0x7f7f040094a0 INFO   GST_PADS gstpad.c:2378:gst_pad_link_prepare: trying to link uridecodebin6:src_1 and inputselector3:sink_0
0:00:00.499732446 21124 0x7f7ef40084a0 INFO   GST_PADS gstpad.c:2586:gst_pad_link_full: linked uridecodebin7:src_0 and inputselector2:sink_0, successful
0:00:00.499736254 21124 0x5649ec8bcca0 INFO   GST_ELEMENT_PADS gstelement.c:670:gst_element_add_pad: adding pad 'src'
0:00:00.499703935 21124 0x7f7f30075190 INFO   GST_ELEMENT_PADS gstelement.c:670:gst_element_add_pad: adding pad 'src_1'
0:00:00.499754974 21124 0x7f7ef40084a0 INFO   GST_EVENT gstevent.c:1517:gst_event_new_reconfigure: creating reconfigure event
0:00:00.499755872 21124 0x7f7f30075190 INFO   GST_ELEMENT_FACTORY gstelementfactory.c:361:gst_element_factory_create: creating element "input-selector"
0:00:00.499719630 21124 0x7f7f14006de0 INFO   GST_PADS gstpad.c:4230:gst_pad_peer_query:<'':decodepad14> pad has no peer
0:00:00.499776342 21124 0x7f7f30075190 INFO   GST_ELEMENT_PADS gstelement.c:670:gst_element_add_pad: adding pad 'src'
0:00:00.499763948 21124 0x7f7f040094a0 INFO   GST_PADS gstpad.c:4230:gst_pad_peer_query: pad has no peer
0:00:00.499797881 21124 0x7f7f040094a0 INFO   GST_PADS gstpad.c:2586:gst_pad_link_full: linked uridecodebin6:src_1 and inputselector3:sink_0, successful
0:00:00.499784413 21124 0x5649ec8bcca0 INFO   GST_PADS gstpad.c:2378:gst_pad_link_prepare: trying to link multiqueue1:src_1 and aacparse6:sink
0:00:00.499799039 21124 0x7f7f30075190 INFO   GST_STATES gstelement.c:2651:gst_element_continue_state: committing state from NULL to READY, pending PAUSED, next PAUSED
0:00:00.499799972 21124 0x7f7f14006de0 INFO   GST_CONTEXT gstvaapivideocontext.c:136:context_pad_query: context pad peer query failed
0:00:00.499800193 21124 0x7f7ef40084a0 INFO   decodebin gstdecodebin2.c:4747:gst_decode_bin_expose: added new decoded pad
0:00:00.499757666 21124 0x7f7f280084f0 INFO   GST_ELEMENT_PADS gstelement.c:670:gst_element_add_pad: adding pad 'src_1'
0:00:00.499804959 21124 0x7f7f040094a0 INFO   GST_EVENT gstevent.c:1517:gst_event_new_reconfigure: creating reconfigure event
0:00:00.499844364 21124 0x7f7f280084f0 INFO   GST_ELEMENT_PADS gstelement.c:670:gst_element_add_pad: adding pad 'sink_1'
0:00:00.499813811 21124 0x5649ec8bcca0 INFO   GST_PADS gstpad.c:2586:gst_pad_link_full: linked multiqueue1:src_1 and aacparse6:sink, successful
0:00:00.499836842 21124 0x7f7ef40084a0 INFO   GST_ELEMENT_PADS gstelement.c:670:gst_element_add_pad: adding pad 'src_1'
0:00:00.499845998 21124 0x7f7f14006de0 INFO   GST_CONTEXT gstvaapivideocontext.c:179:_gst_context_get_from_query: found context (context 'gst.vaapi.Display'='context, gst.vaapi.Display=(GstVaapiDisplay)"\(GstVaapiDisplayGLX\)\ vaapidisplayglx22";') in upstream query
0:00:00.499871134 21124 0x7f7f14006de0 INFO   vaapipostproc gstvaapipluginbase.c:55:plugin_set_display: set display
0:00:00.499878124 21124 0x7f7ef40084a0 INFO   GST_PADS gstpad.c:2378:gst_pad_link_prepare: trying to link decodebin7:src_1 and src_1:proxypad86
0:00:00.499861577 21124 0x7f7ef4008f20 INFO   glcontext gstglcontext.c:679:gst_gl_context_finalize: gl thread joined
0:00:00.499822780 21124 0x7f7f30075190 INFO   GST_STATES gstelement.c:2579:_priv_gst_element_state_changed: notifying about state-changed NULL to READY (PAUSED pending)
0:00:00.499881919 21124 0x7f7f280084f0 INFO   task gsttask.c:457:gst_task_set_lock: setting stream lock 0x7f7f380bba80 on task 0x7f7f24074170
0:00:00.499905480 21124 0x7f7f040094a0 INFO   decodebin gstdecodebin2.c:4747:gst_decode_bin_expose: added new decoded pad
0:00:00.499906321 21124 0x7f7f30075190 INFO   GST_STATES gstelement.c:2658:gst_element_continue_state: continue state change READY to PAUSED, final PAUSED
0:00:00.499890132 21124 0x7f7ef40084a0 INFO   GST_PADS gstpad.c:2586:gst_pad_link_full: linked decodebin7:src_1 and src_1:proxypad86, successful
0:00:00.499926526 21124 0x7f7f30075190 INFO   GST_STATES gstelement.c:2676:gst_element_continue_state: completed state change to PAUSED
0:00:00.499853126 21124 0x5649ec8bcca0 INFO   GST_EVENT gstevent.c:1517:gst_event_new_reconfigure: creating reconfigure event
0:00:00.499922073 21124 0x7f7f5c004800 INFO   GST_STATES gstelement.c:2579:_priv_gst_element_state_changed: notifying about state-changed NULL to READY (VOID_PENDING pending)
0:00:00.499923638 21124 0x7f7ef4008f20 INFO   GST_ELEMENT_PADS gstelement.c:920:gst_element_get_static_pad: found pad video-output-bin:sink
0:00:00.499928695 21124 0x7f7ef40084a0 INFO   GST_EVENT gstevent.c:1517:gst_event_new_reconfigure: creating reconfigure event
0:00:00.499969015 21124 0x7f7f5c004800 INFO   GST_ELEMENT_PADS gstelement.c:920:gst_element_get_static_pad: found pad aacparse5:src
0:00:00.499938147 21124 0x7f7f30075190 INFO   GST_STATES gstelement.c:2579:_priv_gst_element_state_changed: notifying about state-changed READY to PAUSED (VOID_PENDING pending)
0:00:00.499983369 21124 0x7f7f5c004800 INFO   GST_PADS gstpad.c:2378:gst_pad_link_prepare: trying to link aacparse5:src and decodepad25:proxypad79
0:00:00.499931491 21124 0x7f7f040094a0 INFO   GST_ELEMENT_FACTORY gstelementfactory.c:359:gst_element_factory_create: creating element "tee" named "audiotee"
0:00:00.499972405 21124 0x7f7f280084f0 INFO   GST_PADS gstpad.c:6131:gst_pad_start_task: created task 0x7f7f24074170
0:00:00.499962676 21124 0x5649ec8bcca0 INFO   GST_STATES gstelement.c:2676:gst_element_continue_state: completed state change to READY
0:00:00.499991236 21124 0x7f7f5c004800 INFO   GST_PADS gstpad.c:2586:gst_pad_link_full: linked aacparse5:src and decodepad25:proxypad79, successful
0:00:00.500013617 21124 0x5649ec8bcca0 INFO   GST_STATES gstelement.c:2579:_priv_gst_element_state_changed: notifying about state-changed NULL to READY (VOID_PENDING pending)
0:00:00.500019509 21124 0x7f7f5c004800 INFO   GST_EVENT gstevent.c:1517:gst_event_new_reconfigure: creating reconfigure event
0:00:00.500002165 21124 0x7f7f30075190 INFO   GST_ELEMENT_PADS gstelement.c:920:gst_element_get_static_pad: found pad inputselector4:src
0:00:00.499996206 21124 0x7f7ef40084a0 INFO   GST_ELEMENT_PADS gstelement.c:670:gst_element_add_pad: adding pad 'src_1'
0:00:00.500027498 21124 0x7f7f5c004800 INFO   GST_EVENT gstpad.c:5785:gst_pad_send_event_unchecked: Received event on flushing pad. Discarding
0:00:00.500036379 21124 0x7f7f280084f0 INFO   GST_PADS gstpad.c:2378:gst_pad_link_prepare: trying to link qtdemux4:audio_0 and multiqueue4:sink_1
0:00:00.500056919 21124 0x7f7ef4008f20 INFO   GST_PADS gstpad.c:4230:gst_pad_peer_query:<'':decodepad8> pad has no peer
0:00:00.500048968 21124 0x7f7f30075190 INFO   GST_ELEMENT_PADS gstelement.c:670:gst_element_add_pad: adding pad 'sink_0'
0:00:00.500055469 21124 0x7f7f040094a0 INFO   GST_ELEMENT_PADS gstelement.c:670:gst_element_add_pad: adding pad 'sink'
0:00:00.500047076 21124 0x7f7ef40084a0 INFO   GST_ELEMENT_FACTORY gstelementfactory.c:361:gst_element_factory_create: creating element "input-selector"
0:00:00.500092083 21124 0x7f7f040094a0 INFO   GST_ELEMENT_PADS gstelement.c:920:gst_element_get_static_pad: found pad audiotee:sink
0:00:00.500068053 21124 0x7f7ef4008f20 INFO   GST_CONTEXT gstvaapivideocontext.c:136:context_pad_query: context pad peer query failed
0:00:00.500085162 21124 0x7f7f5c004800 INFO   GST_STATES gstelement.c:2676:gst_element_continue_state: completed state change to PAUSED
0:00:00.500085477 21124 0x7f7f14006de0 INFO   GST_EVENT gstevent.c:814:gst_event_new_caps: creating caps event video/x-raw, format=(string)I420, width=(int)560, height=(int)320, framerate=(fraction)30/1, interlace-mode=(string)progressive, pixel-aspect-ratio=(fraction)1/1, multiview-mode=(string)mono, multiview-flags=(GstVideoMultiviewFlagsSet)0:ffffffff:/right-view-first/left-flipped/left-flopped/right-flipped/right-flopped/half-aspect/mixed-mono, chroma-site=(string)jpeg, colorimetry=(string)bt601
0:00:00.500133261 21124 0x7f7ef4008f20 INFO   GST_CONTEXT gstvaapivideocontext.c:179:_gst_context_get_from_query: found context (context 'gst.vaapi.Display'='context, gst.vaapi.Display=(GstVaapiDisplay)"\(GstVaapiDisplayGLX\)\ vaapidisplayglx21";') in upstream query
0:00:00.500141248 21124 0x7f7ef4008f20 INFO   vaapipostproc gstvaapipluginbase.c:55:plugin_set_display: set display
0:00:00.500099215 21124 0x7f7f280084f0 INFO   GST_PADS gstpad.c:2586:gst_pad_link_full: linked qtdemux4:audio_0 and multiqueue4:sink_1, successful
0:00:00.500153367 21124 0x7f7f14006de0 INFO   GST_PADS gstpad.c:4230:gst_pad_peer_query:<'':decodepad14> pad has no peer
0:00:00.500129143 21124 0x7f7f5c004800 INFO   GST_STATES gstelement.c:2579:_priv_gst_element_state_changed: notifying about state-changed READY to PAUSED (VOID_PENDING pending)
0:00:00.500085744 21124 0x7f7f30075190 INFO   GST_PADS gstpad.c:2378:gst_pad_link_prepare: trying to link uridecodebin2:src_1 and inputselector4:sink_0
0:00:00.500074280 21124 0x5649ec8bcca0 INFO   GST_ELEMENT_PADS gstelement.c:920:gst_element_get_static_pad: found pad aacparse6:src
0:00:00.500181870 21124 0x7f7f30075190 INFO   GST_PADS gstpad.c:4230:gst_pad_peer_query: pad has no peer
0:00:00.500188784 21124 0x7f7f5c004800 INFO   aacparse gstaacparse.c:604:gst_aac_parse_read_audio_specific_config: Parsed AudioSpecificConfig: 48000 Hz, 1 channels
0:00:00.500193063 21124 0x5649ec8bcca0 INFO   GST_PADS gstpad.c:2378:gst_pad_link_prepare: trying to link aacparse6:src and decodepad23:proxypad77
0:00:00.500154864 21124 0x7f7f040094a0 INFO   GST_STATES gstelement.c:2651:gst_element_continue_state: committing state from NULL to READY, pending PAUSED, next PAUSED
0:00:00.500114831 21124 0x7f7ef40084a0 INFO   GST_ELEMENT_PADS gstelement.c:670:gst_element_add_pad: adding pad 'src'
0:00:00.500196859 21124 0x7f7f30075190 INFO   GST_PADS gstpad.c:2586:gst_pad_link_full: linked uridecodebin2:src_1 and inputselector4:sink_0, successful
0:00:00.500204156 21124 0x5649ec8bcca0 INFO   GST_PADS gstpad.c:2586:gst_pad_link_full: linked aacparse6:src and decodepad23:proxypad77, successful
0:00:00.500210116 21124 0x7f7f5c004800 INFO   GST_ELEMENT_PADS gstelement.c:920:gst_element_get_static_pad: found pad audio-output-bin:sink
0:00:00.500174473 21124 0x7f7f14006de0 INFO   GST_ELEMENT_PADS gstelement.c:670:gst_element_add_pad: adding pad 'src_0'
0:00:00.500210964 21124 0x7f7f280084f0 INFO   GST_EVENT gstevent.c:1517:gst_event_new_reconfigure: creating reconfigure event
0:00:00.500211291 21124 0x7f7f040094a0 INFO   GST_STATES gstelement.c:2579:_priv_gst_element_state_changed: notifying about state-changed NULL to READY (PAUSED pending)
0:00:00.500222775 21124 0x7f7f30075190 INFO   GST_EVENT gstevent.c:1517:gst_event_new_reconfigure: creating reconfigure event
0:00:00.500267554 21124 0x7f7f5c004800 INFO   GST_EVENT gstevent.c:814:gst_event_new_caps: creating caps event audio/mpeg, mpegversion=(int)4, framed=(boolean)true, stream-format=(string)raw, level=(string)2, base-profile=(string)lc, profile=(string)lc, codec_data=(buffer)1188, rate=(int)48000, channels=(int)1
0:00:00.500272875 21124 0x7f7f280084f0 INFO   GST_PADS gstpad.c:2378:gst_pad_link_prepare: trying to link multiqueue4:src_1 and decodepad26:proxypad80
0:00:00.500281811 21124 0x7f7f280084f0 INFO   GST_PADS gstpad.c:2586:gst_pad_link_full: linked multiqueue4:src_1 and decodepad26:proxypad80, successful
0:00:00.500285473 21124 0x7f7f14006de0 INFO   GST_PADS gstpad.c:2378:gst_pad_link_prepare: trying to link decodebin5:src_0 and src_0:proxypad87
0:00:00.500283570 21124 0x7f7f5c004800 INFO   GST_ELEMENT_PADS gstpad.c:2134:gst_pad_unlink: unlinking aacparse5:src(0x7f7f380bac30) and decodepad25:proxypad79(0x5649ecbd5d30)
0:00:00.500298019 21124 0x7f7f30075190 INFO   decodebin gstdecodebin2.c:4747:gst_decode_bin_expose: added new decoded pad
0:00:00.500268761 21124 0x7f7f040094a0 INFO   GST_STATES gstelement.c:2658:gst_element_continue_state: continue state change READY to PAUSED, final PAUSED
0:00:00.500234438 21124 0x5649ec8bcca0 INFO   GST_EVENT gstevent.c:1517:gst_event_new_reconfigure: creating reconfigure event
0:00:00.500230526 21124 0x7f7ef40084a0 INFO   GST_STATES gstelement.c:2651:gst_element_continue_state: committing state from NULL to READY, pending PAUSED, next PAUSED
0:00:00.500322469 21124 0x7f7ef4008f20 INFO   GST_EVENT gstevent.c:814:gst_event_new_caps: creating caps event video/x-raw, format=(string)I420, width=(int)560, height=(int)320, framerate=(fraction)30/1, interlace-mode=(string)progressive, pixel-aspect-ratio=(fraction)1/1, multiview-mode=(string)mono, multiview-flags=(GstVideoMultiviewFlagsSet)0:ffffffff:/right-view-first/left-flipped/left-flopped/right-flipped/right-flopped/half-aspect/mixed-mono, chroma-site=(string)jpeg, colorimetry=(string)bt601
0:00:00.500328974 21124 0x7f7f5c004800 INFO   GST_ELEMENT_PADS gstpad.c:2188:gst_pad_unlink: unlinked aacparse5:src and decodepad25:proxypad79
0:00:00.500314170 21124 0x7f7f040094a0 INFO   GST_STATES gstelement.c:2676:gst_element_continue_state: completed state change to PAUSED
0:00:00.500340874 21124 0x7f7f5c004800 INFO   GST_PADS gstpad.c:2378:gst_pad_link_prepare: trying to link aacparse5:src and decodepad25:proxypad79
0:00:00.500323360 21124 0x7f7ef40084a0 INFO   GST_STATES gstelement.c:2579:_priv_gst_element_state_changed: notifying about state-changed NULL to READY (PAUSED pending)
0:00:00.500358530 21124 0x7f7f280084f0 INFO   GST_EVENT gstevent.c:1517:gst_event_new_reconfigure: creating reconfigure event
0:00:00.500342279 21124 0x7f7f040094a0 INFO   GST_STATES gstelement.c:2579:_priv_gst_element_state_changed: notifying about state-changed READY to PAUSED (VOID_PENDING pending)
0:00:00.500297778 21124 0x7f7f14006de0 INFO   GST_PADS gstpad.c:2586:gst_pad_link_full: linked decodebin5:src_0 and src_0:proxypad87, successful
0:00:00.500343920 21124 0x7f7ef4008f20 INFO   GST_PADS gstpad.c:4230:gst_pad_peer_query:<'':decodepad8> pad has no peer
0:00:00.500344681 21124 0x5649ec8bcca0 INFO   GST_EVENT gstpad.c:5785:gst_pad_send_event_unchecked: Received event on flushing pad. Discarding
0:00:00.500351936 21124 0x7f7f5c004800 INFO   GST_PADS gstpad.c:2586:gst_pad_link_full: linked aacparse5:src and decodepad25:proxypad79, successful
0:00:00.500312615 21124 0x7f7f30075190 INFO   GST_ELEMENT_FACTORY gstelementfactory.c:359:gst_element_factory_create: creating element "tee" named "audiotee"
0:00:00.500359479 21124 0x7f7ef40084a0 INFO   GST_STATES gstelement.c:2658:gst_element_continue_state: continue state change READY to PAUSED, final PAUSED
0:00:00.500374663 21124 0x7f7f14006de0 INFO   GST_EVENT gstevent.c:1517:gst_event_new_reconfigure: creating reconfigure event
0:00:00.500410679 21124 0x7f7ef40084a0 INFO   GST_STATES gstelement.c:2676:gst_element_continue_state: completed state change to PAUSED
0:00:00.500414548 21124 0x7f7f30075190 INFO   GST_ELEMENT_PADS gstelement.c:670:gst_element_add_pad: adding pad 'sink'
0:00:00.500394242 21124 0x7f7f5c004800 INFO   GST_EVENT gstevent.c:1517:gst_event_new_reconfigure: creating reconfigure event
0:00:00.500426455 21124 0x7f7f30075190 INFO   GST_ELEMENT_PADS gstelement.c:920:gst_element_get_static_pad: found pad audiotee:sink
0:00:00.500376002 21124 0x7f7f280084f0 INFO   GST_ELEMENT_PADS gstpad.c:2134:gst_pad_unlink: unlinking multiqueue4:src_1(0x7f7f380bba10) and decodepad26:proxypad80(0x7f7f2405e510)
0:00:00.500435837 21124 0x7f7f14006de0 INFO   GST_ELEMENT_PADS gstelement.c:670:gst_element_add_pad: adding pad 'src_0'
0:00:00.500417797 21124 0x5649ec8bcca0 INFO   GST_STATES gstelement.c:2676:gst_element_continue_state: completed state change to PAUSED
0:00:00.500445993 21124 0x7f7f14006de0 INFO   GST_ELEMENT_FACTORY gstelementfactory.c:361:gst_element_factory_create: creating element "input-selector"
0:00:00.500401470 21124 0x7f7ef4008f20 INFO   GST_ELEMENT_PADS gstelement.c:670:gst_element_add_pad: adding pad 'src_0'
0:00:00.500459647 21124 0x7f7f14006de0 INFO   GST_ELEMENT_PADS gstelement.c:670:gst_element_add_pad: adding pad 'src'
0:00:00.500442438 21124 0x7f7f30075190 INFO   GST_STATES gstelement.c:2651:gst_element_continue_state: committing state from NULL to READY, pending PAUSED, next PAUSED
0:00:00.500477909 21124 0x7f7f5c004800 INFO   GST_ELEMENT_PADS gstelement.c:920:gst_element_get_static_pad: found pad audio-output-bin:sink
0:00:00.500448710 21124 0x5649ec8bcca0 INFO   GST_STATES gstelement.c:2579:_priv_gst_element_state_changed: notifying about state-changed READY to PAUSED (VOID_PENDING pending)
0:00:00.500472192 21124 0x7f7ef40084a0 INFO   GST_STATES gstelement.c:2579:_priv_gst_element_state_changed: notifying about state-changed READY to PAUSED (VOID_PENDING pending)
0:00:00.500502165 21124 0x7f7f280084f0 INFO   GST_ELEMENT_PADS gstpad.c:2188:gst_pad_unlink: unlinked multiqueue4:src_1 and decodepad26:proxypad80
0:00:00.500384137 21124 0x7f7f040094a0 INFO   GST_PADS gstpad.c:2378:gst_pad_link_prepare: trying to link audio_sink:proxypad88 and audiotee:sink
0:00:00.500515456 21124 0x7f7f280084f0 INFO   GST_PADS gstpad.c:2378:gst_pad_link_prepare: trying to link multiqueue4:src_1 and decodepad26:proxypad80
0:00:00.500520367 21124 0x7f7f040094a0 INFO   GST_PADS gstpad.c:2586:gst_pad_link_full: linked audio_sink:proxypad88 and audiotee:sink, successful
0:00:00.500524010 21124 0x7f7f280084f0 INFO   GST_PADS gstpad.c:2586:gst_pad_link_full: linked multiqueue4:src_1 and decodepad26:proxypad80, successful
