0:00:00.271797074 21124 0x7f7f48003e80 INFO   GST_PADS gstpad.c:2378:gst_pad_link_prepare: trying to link qtdemux5:video_0 and decodepad14:proxypad50
0:00:00.271811818 21124 0x7f7f48003e80 INFO   GST_PADS gstpad.c:2586:gst_pad_link_full: linked qtdemux5:video_0 and decodepad14:proxypad50, successful
0:00:00.271820386 21124 0x7f7f48003e80 INFO   GST_EVENT gstevent.c:1517:gst_event_new_reconfigure: creating reconfigure event
0:00:00.271861731 21124 0x7f7f48003e80 INFO   GST_ELEMENT_PADS gstelement.c:920:gst_element_get_static_pad: found pad audio-output-bin:sink
0:00:00.273209231 21124 0x5649ec8bcca0 INFO   GST_PLUGIN_LOADING gstplugin.c:901:_priv_gst_plugin_load_file_for_registry: plugin "/usr/lib/x86_64-linux-gnu/gstreamer-1.0/libgstvideoparsersbad.so" loaded
0:00:00.273243419 21124 0x5649ec8bcca0 INFO   GST_ELEMENT_FACTORY gstelementfactory.c:361:gst_element_factory_create: creating element "h264parse"
0:00:00.273259447 21124 0x5649ec8000f0 INFO   GST_ELEMENT_FACTORY gstelementfactory.c:361:gst_element_factory_create: creating element "h264parse"
0:00:00.273304032 21124 0x7f7f5c004800 INFO   GST_ELEMENT_FACTORY gstelementfactory.c:361:gst_element_factory_create: creating element "h264parse"
0:00:00.273349476 21124 0x7f7f64186a30 INFO   GST_ELEMENT_PADS gstpad.c:2134:gst_pad_unlink: unlinking qtdemux0:video_0(0x5649ecbc7d30) and decodepad8:proxypad44(0x5649ecb0ee90)
0:00:00.273350097 21124 0x5649ecb9dc50 INFO   GST_ELEMENT_PADS gstpad.c:2134:gst_pad_unlink: unlinking typefind:src(0x5649ecbc6170) and decodepad7:proxypad42(0x5649ecbbf170)
0:00:00.273376912 21124 0x7f7f64186a30 INFO   GST_ELEMENT_PADS gstpad.c:2188:gst_pad_unlink: unlinked qtdemux0:video_0 and decodepad8:proxypad44
0:00:00.273377691 21124 0x5649ecb9dc50 INFO   GST_ELEMENT_PADS gstpad.c:2188:gst_pad_unlink: unlinked typefind:src and decodepad7:proxypad42
0:00:00.273377343 21124 0x5649ec8000f0 INFO   GST_ELEMENT_PADS gstelement.c:670:gst_element_add_pad: adding pad 'sink'
0:00:00.273419294 21124 0x5649ecb9dc50 INFO   GST_PADS gstpad.c:2378:gst_pad_link_prepare: trying to link typefind:src and decodepad7:proxypad42
0:00:00.273393993 21124 0x5649ec8bcca0 INFO   GST_ELEMENT_PADS gstelement.c:670:gst_element_add_pad: adding pad 'sink'
0:00:00.273403298 21124 0x7f7f5c004800 INFO   GST_ELEMENT_PADS gstelement.c:670:gst_element_add_pad: adding pad 'sink'
0:00:00.273435791 21124 0x5649ecb9dc50 INFO   GST_PADS gstpad.c:2586:gst_pad_link_full: linked typefind:src and decodepad7:proxypad42, successful
0:00:00.273436038 21124 0x7f7f64186a30 INFO   GST_ELEMENT_PADS gstelement.c:670:gst_element_add_pad: adding pad 'src_0'
0:00:00.273456733 21124 0x5649ec8000f0 INFO   GST_ELEMENT_PADS gstelement.c:670:gst_element_add_pad: adding pad 'src'
0:00:00.273471509 21124 0x5649ec8bcca0 INFO   GST_ELEMENT_PADS gstelement.c:670:gst_element_add_pad: adding pad 'src'
0:00:00.273477218 21124 0x5649ecb9dc50 INFO   GST_EVENT gstevent.c:1517:gst_event_new_reconfigure: creating reconfigure event
0:00:00.273509224 21124 0x5649ec8000f0 INFO   baseparse gstbaseparse.c:3961:gst_base_parse_set_pts_interpolation: PTS interpolation: no
0:00:00.273489231 21124 0x7f7f64186a30 INFO   GST_ELEMENT_PADS gstelement.c:670:gst_element_add_pad: adding pad 'sink_0'
0:00:00.273509583 21124 0x5649ec8bcca0 INFO   baseparse gstbaseparse.c:3961:gst_base_parse_set_pts_interpolation: PTS interpolation: no
0:00:00.273541358 21124 0x5649ecb9dc50 INFO   GST_ELEMENT_PADS gstpad.c:2134:gst_pad_unlink: unlinking typefind:src(0x5649ecbc6170) and decodepad7:proxypad42(0x5649ecbbf170)
0:00:00.273480421 21124 0x7f7f5c004800 INFO   GST_ELEMENT_PADS gstelement.c:670:gst_element_add_pad: adding pad 'src'
0:00:00.273544412 21124 0x7f7f64186a30 INFO   task gsttask.c:457:gst_task_set_lock: setting stream lock 0x7f7f440103a0 on task 0x7f7f50044a70
0:00:00.273554035 21124 0x5649ecb9dc50 INFO   GST_ELEMENT_PADS gstpad.c:2188:gst_pad_unlink: unlinked typefind:src and decodepad7:proxypad42
0:00:00.273573832 21124 0x7f7f5c004800 INFO   baseparse gstbaseparse.c:3961:gst_base_parse_set_pts_interpolation: PTS interpolation: no
0:00:00.273552260 21124 0x5649ec8000f0 INFO   GST_PADS gstpad.c:2378:gst_pad_link_prepare: trying to link multiqueue2:src_0 and h264parse0:sink
0:00:00.273572438 21124 0x7f7f64186a30 INFO   GST_PADS gstpad.c:6131:gst_pad_start_task: created task 0x7f7f50044a70
0:00:00.273589420 21124 0x5649ec8000f0 INFO   GST_PADS gstpad.c:2586:gst_pad_link_full: linked multiqueue2:src_0 and h264parse0:sink, successful
0:00:00.273597946 21124 0x5649ec8000f0 INFO   GST_EVENT gstevent.c:1517:gst_event_new_reconfigure: creating reconfigure event
0:00:00.273565516 21124 0x5649ec8bcca0 INFO   GST_PADS gstpad.c:2378:gst_pad_link_prepare: trying to link multiqueue1:src_0 and h264parse1:sink
0:00:00.273619870 21124 0x7f7f5c004800 INFO   GST_PADS gstpad.c:2378:gst_pad_link_prepare: trying to link multiqueue3:src_0 and h264parse2:sink
0:00:00.273631015 21124 0x7f7f5c004800 INFO   GST_PADS gstpad.c:2586:gst_pad_link_full: linked multiqueue3:src_0 and h264parse2:sink, successful
0:00:00.273635843 21124 0x7f7f5c004800 INFO   GST_EVENT gstevent.c:1517:gst_event_new_reconfigure: creating reconfigure event
0:00:00.273627080 21124 0x5649ec8bcca0 INFO   GST_PADS gstpad.c:2586:gst_pad_link_full: linked multiqueue1:src_0 and h264parse1:sink, successful
0:00:00.273645408 21124 0x5649ec8000f0 INFO   GST_STATES gstelement.c:2676:gst_element_continue_state: completed state change to READY
0:00:00.273635281 21124 0x5649ecb9dc50 INFO   GST_ELEMENT_FACTORY gstelementfactory.c:361:gst_element_factory_create: creating element "qtdemux"
0:00:00.273647230 21124 0x7f7f64186a30 INFO   GST_PADS gstpad.c:2378:gst_pad_link_prepare: trying to link qtdemux0:video_0 and multiqueue0:sink_0
0:00:00.273656210 21124 0x5649ec8000f0 INFO   GST_STATES gstelement.c:2579:_priv_gst_element_state_changed: notifying about state-changed NULL to READY (VOID_PENDING pending)
0:00:00.273689155 21124 0x5649ecb9dc50 INFO   GST_ELEMENT_PADS gstelement.c:670:gst_element_add_pad: adding pad 'sink'
0:00:00.273677532 21124 0x7f7f64186a30 INFO   GST_PADS gstpad.c:2586:gst_pad_link_full: linked qtdemux0:video_0 and multiqueue0:sink_0, successful
0:00:00.273668665 21124 0x5649ec8bcca0 INFO   GST_EVENT gstevent.c:1517:gst_event_new_reconfigure: creating reconfigure event
0:00:00.273693005 21124 0x7f7f5c004800 INFO   GST_STATES gstelement.c:2676:gst_element_continue_state: completed state change to READY
0:00:00.273710978 21124 0x5649ec8000f0 INFO   GST_ELEMENT_PADS gstelement.c:920:gst_element_get_static_pad: found pad h264parse0:src
0:00:00.273712656 21124 0x7f7f64186a30 INFO   GST_EVENT gstevent.c:1517:gst_event_new_reconfigure: creating reconfigure event
0:00:00.273737111 21124 0x5649ec8000f0 INFO   GST_PADS gstpad.c:2378:gst_pad_link_prepare: trying to link h264parse0:src and decodepad11:proxypad47
0:00:00.273745553 21124 0x5649ec8000f0 INFO   GST_PADS gstpad.c:2586:gst_pad_link_full: linked h264parse0:src and decodepad11:proxypad47, successful
0:00:00.273750369 21124 0x5649ec8000f0 INFO   GST_EVENT gstevent.c:1517:gst_event_new_reconfigure: creating reconfigure event
0:00:00.273753092 21124 0x7f7f64186a30 INFO   GST_PADS gstpad.c:2378:gst_pad_link_prepare: trying to link multiqueue0:src_0 and decodepad8:proxypad44
0:00:00.273761206 21124 0x7f7f64186a30 INFO   GST_PADS gstpad.c:2586:gst_pad_link_full: linked multiqueue0:src_0 and decodepad8:proxypad44, successful
0:00:00.273766991 21124 0x7f7f64186a30 INFO   GST_EVENT gstevent.c:1517:gst_event_new_reconfigure: creating reconfigure event
0:00:00.273762656 21124 0x5649ec8000f0 INFO   GST_EVENT gstpad.c:5785:gst_pad_send_event_unchecked: Received event on flushing pad. Discarding
0:00:00.273754339 21124 0x5649ecb9dc50 INFO   GST_PADS gstpad.c:2378:gst_pad_link_prepare: trying to link typefind:src and qtdemux6:sink
0:00:00.273781575 21124 0x7f7f64186a30 INFO   GST_ELEMENT_PADS gstpad.c:2134:gst_pad_unlink: unlinking multiqueue0:src_0(0x7f7f44010330) and decodepad8:proxypad44(0x5649ecb0ee90)
0:00:00.273794128 21124 0x5649ecb9dc50 INFO   GST_PADS gstpad.c:2586:gst_pad_link_full: linked typefind:src and qtdemux6:sink, successful
0:00:00.273801273 21124 0x5649ecb9dc50 INFO   GST_EVENT gstevent.c:1517:gst_event_new_reconfigure: creating reconfigure event
0:00:00.273807901 21124 0x7f7f64186a30 INFO   GST_ELEMENT_PADS gstpad.c:2188:gst_pad_unlink: unlinked multiqueue0:src_0 and decodepad8:proxypad44
0:00:00.273815604 21124 0x5649ecb9dc50 INFO   GST_STATES gstelement.c:2676:gst_element_continue_state: completed state change to READY
0:00:00.273722798 21124 0x5649ec8bcca0 INFO   GST_STATES gstelement.c:2676:gst_element_continue_state: completed state change to READY
0:00:00.273828826 21124 0x5649ec8bcca0 INFO   GST_STATES gstelement.c:2579:_priv_gst_element_state_changed: notifying about state-changed NULL to READY (VOID_PENDING pending)
0:00:00.273830760 21124 0x5649ecb9dc50 INFO   GST_STATES gstelement.c:2579:_priv_gst_element_state_changed: notifying about state-changed NULL to READY (VOID_PENDING pending)
0:00:00.273846853 21124 0x5649ec8bcca0 INFO   GST_ELEMENT_PADS gstelement.c:920:gst_element_get_static_pad: found pad h264parse1:src
0:00:00.273857153 21124 0x5649ecb9dc50 INFO   GST_ELEMENT_PADS gstelement.c:917:gst_element_get_static_pad: no such pad 'video_%u' in element "qtdemux6"
0:00:00.273858618 21124 0x5649ec8bcca0 INFO   GST_PADS gstpad.c:2378:gst_pad_link_prepare: trying to link h264parse1:src and decodepad9:proxypad45
0:00:00.273817881 21124 0x7f7f64186a30 INFO   GST_PADS gstpad.c:2378:gst_pad_link_prepare: trying to link multiqueue0:src_0 and decodepad8:proxypad44
0:00:00.273866338 21124 0x5649ecb9dc50 INFO   GST_ELEMENT_PADS gstelement.c:917:gst_element_get_static_pad: no such pad 'audio_%u' in element "qtdemux6"
0:00:00.273874369 21124 0x5649ec8bcca0 INFO   GST_PADS gstpad.c:2586:gst_pad_link_full: linked h264parse1:src and decodepad9:proxypad45, successful
0:00:00.273885964 21124 0x5649ecb9dc50 INFO   GST_ELEMENT_PADS gstelement.c:917:gst_element_get_static_pad: no such pad 'subtitle_%u' in element "qtdemux6"
0:00:00.273892703 21124 0x5649ec8bcca0 INFO   GST_EVENT gstevent.c:1517:gst_event_new_reconfigure: creating reconfigure event
0:00:00.273903947 21124 0x7f7f64186a30 INFO   GST_PADS gstpad.c:2586:gst_pad_link_full: linked multiqueue0:src_0 and decodepad8:proxypad44, successful
0:00:00.273905382 21124 0x5649ec8bcca0 INFO   GST_EVENT gstpad.c:5785:gst_pad_send_event_unchecked: Received event on flushing pad. Discarding
0:00:00.273910886 21124 0x7f7f64186a30 INFO   GST_EVENT gstevent.c:1517:gst_event_new_reconfigure: creating reconfigure event
0:00:00.273725003 21124 0x7f7f5c004800 INFO   GST_STATES gstelement.c:2579:_priv_gst_element_state_changed: notifying about state-changed NULL to READY (VOID_PENDING pending)
0:00:00.273941899 21124 0x5649ecb9dc50 INFO   task gsttask.c:457:gst_task_set_lock: setting stream lock 0x7f7f30013d80 on task 0x7f7f40048170
0:00:00.273951031 21124 0x7f7f64186a30 INFO   GST_ELEMENT_PADS gstpad.c:2134:gst_pad_unlink: unlinking multiqueue0:src_0(0x7f7f44010330) and decodepad8:proxypad44(0x5649ecb0ee90)
0:00:00.273961002 21124 0x5649ecb9dc50 INFO   GST_PADS gstpad.c:6131:gst_pad_start_task: created task 0x7f7f40048170
0:00:00.273961467 21124 0x7f7f5c004800 INFO   GST_ELEMENT_PADS gstelement.c:920:gst_element_get_static_pad: found pad h264parse2:src
0:00:00.273969685 21124 0x7f7f64186a30 INFO   GST_ELEMENT_PADS gstpad.c:2188:gst_pad_unlink: unlinked multiqueue0:src_0 and decodepad8:proxypad44
0:00:00.273987116 21124 0x7f7f5c004800 INFO   GST_PADS gstpad.c:2378:gst_pad_link_prepare: trying to link h264parse2:src and decodepad12:proxypad48
0:00:00.273987344 21124 0x7f7f64186a30 INFO   GST_ELEMENT_FACTORY gstelementfactory.c:361:gst_element_factory_create: creating element "h264parse"
0:00:00.273995384 21124 0x7f7f5c004800 INFO   GST_PADS gstpad.c:2586:gst_pad_link_full: linked h264parse2:src and decodepad12:proxypad48, successful
0:00:00.273998771 21124 0x5649ec8000f0 INFO   GST_ELEMENT_FACTORY gstelementfactory.c:361:gst_element_factory_create: creating element "capsfilter"
0:00:00.274015254 21124 0x7f7f64186a30 INFO   GST_ELEMENT_PADS gstelement.c:670:gst_element_add_pad: adding pad 'sink'
0:00:00.274029286 21124 0x7f7f64186a30 INFO   GST_ELEMENT_PADS gstelement.c:670:gst_element_add_pad: adding pad 'src'
0:00:00.274034674 21124 0x5649ec8bcca0 INFO   GST_ELEMENT_FACTORY gstelementfactory.c:361:gst_element_factory_create: creating element "capsfilter"
0:00:00.274048374 21124 0x7f7f64186a30 INFO   baseparse gstbaseparse.c:3961:gst_base_parse_set_pts_interpolation: PTS interpolation: no
0:00:00.274078410 21124 0x7f7f64186a30 INFO   GST_PADS gstpad.c:2378:gst_pad_link_prepare: trying to link multiqueue0:src_0 and h264parse3:sink
0:00:00.274087066 21124 0x7f7f64186a30 INFO   GST_PADS gstpad.c:2586:gst_pad_link_full: linked multiqueue0:src_0 and h264parse3:sink, successful
0:00:00.274090949 21124 0x7f7f64186a30 INFO   GST_EVENT gstevent.c:1517:gst_event_new_reconfigure: creating reconfigure event
0:00:00.274004683 21124 0x7f7f5c004800 INFO   GST_EVENT gstevent.c:1517:gst_event_new_reconfigure: creating reconfigure event
0:00:00.274107175 21124 0x7f7f5c004800 INFO   GST_EVENT gstpad.c:5785:gst_pad_send_event_unchecked: Received event on flushing pad. Discarding
0:00:00.274100607 21124 0x5649ec8bcca0 INFO   GST_ELEMENT_PADS gstelement.c:670:gst_element_add_pad: adding pad 'sink'
0:00:00.274091424 21124 0x5649ec8000f0 INFO   GST_ELEMENT_PADS gstelement.c:670:gst_element_add_pad: adding pad 'sink'
0:00:00.274120395 21124 0x7f7f64186a30 INFO   GST_STATES gstelement.c:2676:gst_element_continue_state: completed state change to READY
0:00:00.274577019 21124 0x5649ec8bcca0 INFO   GST_ELEMENT_PADS gstelement.c:670:gst_element_add_pad: adding pad 'src'
0:00:00.274295515 21124 0x7f7f5c004800 INFO   GST_ELEMENT_FACTORY gstelementfactory.c:361:gst_element_factory_create: creating element "capsfilter"
0:00:00.274588603 21124 0x7f7f64186a30 INFO   GST_STATES gstelement.c:2579:_priv_gst_element_state_changed: notifying about state-changed NULL to READY (VOID_PENDING pending)
0:00:00.274426146 21124 0x7f7f48003e80 INFO   GST_ELEMENT_PADS gstelement.c:920:gst_element_get_static_pad: found pad video-output-bin:sink
0:00:00.274579879 21124 0x5649ec8000f0 INFO   GST_ELEMENT_PADS gstelement.c:670:gst_element_add_pad: adding pad 'src'
0:00:00.274612536 21124 0x7f7f64186a30 INFO   GST_ELEMENT_PADS gstelement.c:920:gst_element_get_static_pad: found pad h264parse3:src
0:00:00.274599841 21124 0x5649ec8bcca0 INFO   GST_EVENT gstevent.c:1517:gst_event_new_reconfigure: creating reconfigure event
0:00:00.274628176 21124 0x7f7f64186a30 INFO   GST_PADS gstpad.c:2378:gst_pad_link_prepare: trying to link h264parse3:src and decodepad8:proxypad44
0:00:00.274008178 21124 0x5649ecb9dc50 INFO   GST_STATES gstelement.c:2676:gst_element_continue_state: completed state change to PAUSED
0:00:00.274404697 21124 0x7f7f280084f0 INFO   GST_ELEMENT_PADS gstelement.c:920:gst_element_get_static_pad: found pad video-output-bin:sink
0:00:00.274651607 21124 0x5649ec8bcca0 INFO   GST_STATES gstelement.c:2651:gst_element_continue_state: committing state from NULL to READY, pending PAUSED, next PAUSED
0:00:00.274655450 21124 0x7f7f5c004800 INFO   GST_ELEMENT_PADS gstelement.c:670:gst_element_add_pad: adding pad 'sink'
0:00:00.274659150 21124 0x5649ec8bcca0 INFO   GST_STATES gstelement.c:2579:_priv_gst_element_state_changed: notifying about state-changed NULL to READY (PAUSED pending)
0:00:00.274667896 21124 0x5649ec8bcca0 INFO   GST_STATES gstelement.c:2658:gst_element_continue_state: continue state change READY to PAUSED, final PAUSED
0:00:00.274676436 21124 0x5649ecb9dc50 INFO   GST_STATES gstelement.c:2579:_priv_gst_element_state_changed: notifying about state-changed READY to PAUSED (VOID_PENDING pending)
0:00:00.274700124 21124 0x7f7f5c004800 INFO   GST_ELEMENT_PADS gstelement.c:670:gst_element_add_pad: adding pad 'src'
0:00:00.274710785 21124 0x5649ecb9dc50 INFO   typefind gsttypefindelement.c:181:gst_type_find_element_have_type: found caps video/quicktime, variant=(string)iso, probability=100
0:00:00.274712237 21124 0x7f7f5c004800 INFO   GST_EVENT gstevent.c:1517:gst_event_new_reconfigure: creating reconfigure event
0:00:00.274723172 21124 0x5649ecb9dc50 INFO   task gsttask.c:316:gst_task_func: Task going to paused
0:00:00.274679988 21124 0x5649ec8bcca0 INFO   GST_STATES gstelement.c:2676:gst_element_continue_state: completed state change to PAUSED
0:00:00.274738394 21124 0x7f7f5c004800 INFO   GST_STATES gstelement.c:2651:gst_element_continue_state: committing state from NULL to READY, pending PAUSED, next PAUSED
0:00:00.274746834 21124 0x5649ec8bcca0 INFO   GST_STATES gstelement.c:2579:_priv_gst_element_state_changed: notifying about state-changed READY to PAUSED (VOID_PENDING pending)
0:00:00.274757459 21124 0x7f7f5c004800 INFO   GST_STATES gstelement.c:2579:_priv_gst_element_state_changed: notifying about state-changed NULL to READY (PAUSED pending)
0:00:00.274766224 21124 0x7f7f5c004800 INFO   GST_STATES gstelement.c:2658:gst_element_continue_state: continue state change READY to PAUSED, final PAUSED
0:00:00.274775761 21124 0x7f7f5c004800 INFO   GST_STATES gstelement.c:2676:gst_element_continue_state: completed state change to PAUSED
0:00:00.274775874 21124 0x5649ec8000f0 INFO   GST_EVENT gstevent.c:1517:gst_event_new_reconfigure: creating reconfigure event
0:00:00.274775891 21124 0x5649ec8bcca0 INFO   GST_ELEMENT_PADS gstpad.c:2134:gst_pad_unlink: unlinking h264parse1:src(0x7f7f30012a90) and decodepad9:proxypad45(0x5649ecba62e0)
0:00:00.274800107 21124 0x5649ec8000f0 INFO   GST_STATES gstelement.c:2651:gst_element_continue_state: committing state from NULL to READY, pending PAUSED, next PAUSED
0:00:00.274804999 21124 0x7f7f280084f0 INFO   GST_ELEMENT_PADS gstpad.c:2134:gst_pad_unlink: unlinking qtdemux4:video_0(0x7f7f50042d30) and decodepad13:proxypad49(0x5649ecbb0a10)
0:00:00.274808130 21124 0x5649ec8000f0 INFO   GST_STATES gstelement.c:2579:_priv_gst_element_state_changed: notifying about state-changed NULL to READY (PAUSED pending)
0:00:00.274821266 21124 0x7f7f280084f0 INFO   GST_ELEMENT_PADS gstpad.c:2188:gst_pad_unlink: unlinked qtdemux4:video_0 and decodepad13:proxypad49
0:00:00.274828046 21124 0x5649ec8000f0 INFO   GST_STATES gstelement.c:2658:gst_element_continue_state: continue state change READY to PAUSED, final PAUSED
0:00:00.274836645 21124 0x5649ec8000f0 INFO   GST_STATES gstelement.c:2676:gst_element_continue_state: completed state change to PAUSED
0:00:00.274840926 21124 0x5649ec8000f0 INFO   GST_STATES gstelement.c:2579:_priv_gst_element_state_changed: notifying about state-changed READY to PAUSED (VOID_PENDING pending)
0:00:00.274784020 21124 0x7f7f5c004800 INFO   GST_STATES gstelement.c:2579:_priv_gst_element_state_changed: notifying about state-changed READY to PAUSED (VOID_PENDING pending)
0:00:00.274868824 21124 0x7f7f280084f0 INFO   GST_ELEMENT_PADS gstelement.c:670:gst_element_add_pad: adding pad 'src_0'
0:00:00.274877550 21124 0x7f7f280084f0 INFO   GST_ELEMENT_PADS gstelement.c:670:gst_element_add_pad: adding pad 'sink_0'
0:00:00.274889802 21124 0x7f7f280084f0 INFO   task gsttask.c:457:gst_task_set_lock: setting stream lock 0x7f7f50043240 on task 0x7f7f400485f0
0:00:00.274893648 21124 0x7f7f5c004800 INFO   GST_ELEMENT_PADS gstpad.c:2134:gst_pad_unlink: unlinking h264parse2:src(0x7f7f300133d0) and decodepad12:proxypad48(0x5649ecba75e0)
0:00:00.274815375 21124 0x5649ec8bcca0 INFO   GST_ELEMENT_PADS gstpad.c:2188:gst_pad_unlink: unlinked h264parse1:src and decodepad9:proxypad45
0:00:00.274912210 21124 0x7f7f5c004800 INFO   GST_ELEMENT_PADS gstpad.c:2188:gst_pad_unlink: unlinked h264parse2:src and decodepad12:proxypad48
0:00:00.274860356 21124 0x5649ec8000f0 INFO   GST_ELEMENT_PADS gstpad.c:2134:gst_pad_unlink: unlinking h264parse0:src(0x7f7f30012150) and decodepad11:proxypad47(0x5649ecba6c60)
0:00:00.274922558 21124 0x7f7f5c004800 INFO   GST_ELEMENT_PADS gstelement.c:920:gst_element_get_static_pad: found pad capsfilter1:sink
0:00:00.274638635 21124 0x7f7f64186a30 INFO   GST_PADS gstpad.c:2586:gst_pad_link_full: linked h264parse3:src and decodepad8:proxypad44, successful
0:00:00.274934866 21124 0x7f7f64186a30 INFO   GST_EVENT gstevent.c:1517:gst_event_new_reconfigure: creating reconfigure event
0:00:00.274943673 21124 0x7f7f64186a30 INFO   GST_EVENT gstpad.c:5785:gst_pad_send_event_unchecked: Received event on flushing pad. Discarding
0:00:00.274953566 21124 0x5649ec8000f0 INFO   GST_ELEMENT_PADS gstpad.c:2188:gst_pad_unlink: unlinked h264parse0:src and decodepad11:proxypad47
0:00:00.274964382 21124 0x5649ec8000f0 INFO   GST_ELEMENT_PADS gstelement.c:920:gst_element_get_static_pad: found pad capsfilter2:sink
0:00:00.274973092 21124 0x5649ec8000f0 INFO   GST_PADS gstpad.c:2378:gst_pad_link_prepare: trying to link h264parse0:src and capsfilter2:sink
0:00:00.274980985 21124 0x5649ec8000f0 INFO   GST_PADS gstpad.c:2586:gst_pad_link_full: linked h264parse0:src and capsfilter2:sink, successful
0:00:00.274986421 21124 0x5649ec8000f0 INFO   GST_EVENT gstevent.c:1517:gst_event_new_reconfigure: creating reconfigure event
0:00:00.274992745 21124 0x5649ec8000f0 INFO   GST_EVENT gstpad.c:5785:gst_pad_send_event_unchecked: Received event on flushing pad. Discarding
0:00:00.275000995 21124 0x5649ec8000f0 INFO   GST_ELEMENT_PADS gstelement.c:920:gst_element_get_static_pad: found pad capsfilter2:src
0:00:00.275008598 21124 0x5649ec8000f0 INFO   GST_PADS gstpad.c:2378:gst_pad_link_prepare: trying to link capsfilter2:src and decodepad11:proxypad47
0:00:00.275015117 21124 0x5649ec8000f0 INFO   GST_PADS gstpad.c:2586:gst_pad_link_full: linked capsfilter2:src and decodepad11:proxypad47, successful
0:00:00.275019254 21124 0x5649ec8000f0 INFO   GST_EVENT gstevent.c:1517:gst_event_new_reconfigure: creating reconfigure event
0:00:00.275025049 21124 0x5649ec8000f0 INFO   GST_EVENT gstpad.c:5785:gst_pad_send_event_unchecked: Received event on flushing pad. Discarding
0:00:00.274807529 21124 0x7f7f48003e80 INFO   GST_ELEMENT_PADS gstpad.c:2134:gst_pad_unlink: unlinking qtdemux5:video_0(0x7f7f50043670) and decodepad14:proxypad50(0x5649ecbb1390)
0:00:00.275084449 21124 0x7f7f5c004800 INFO   GST_PADS gstpad.c:2378:gst_pad_link_prepare: trying to link h264parse2:src and capsfilter1:sink
0:00:00.275085133 21124 0x7f7f48003e80 INFO   GST_ELEMENT_PADS gstpad.c:2188:gst_pad_unlink: unlinked qtdemux5:video_0 and decodepad14:proxypad50
0:00:00.275095114 21124 0x7f7f64186a30 INFO   GST_ELEMENT_FACTORY gstelementfactory.c:361:gst_element_factory_create: creating element "capsfilter"
0:00:00.275096062 21124 0x7f7f5c004800 INFO   GST_PADS gstpad.c:2586:gst_pad_link_full: linked h264parse2:src and capsfilter1:sink, successful
0:00:00.275064196 21124 0x7f7f280084f0 INFO   GST_PADS gstpad.c:6131:gst_pad_start_task: created task 0x7f7f400485f0
0:00:00.275124462 21124 0x7f7f5c004800 INFO   GST_EVENT gstevent.c:1517:gst_event_new_reconfigure: creating reconfigure event
0:00:00.275136189 21124 0x7f7f64186a30 INFO   GST_ELEMENT_PADS gstelement.c:670:gst_element_add_pad: adding pad 'sink'
0:00:00.275143932 21124 0x7f7f5c004800 INFO   GST_EVENT gstpad.c:5785:gst_pad_send_event_unchecked: Received event on flushing pad. Discarding
0:00:00.275156734 21124 0x7f7f64186a30 INFO   GST_ELEMENT_PADS gstelement.c:670:gst_element_add_pad: adding pad 'src'
0:00:00.275162967 21124 0x7f7f5c004800 INFO   GST_ELEMENT_PADS gstelement.c:920:gst_element_get_static_pad: found pad capsfilter1:src
0:00:00.275171088 21124 0x7f7f64186a30 INFO   GST_EVENT gstevent.c:1517:gst_event_new_reconfigure: creating reconfigure event
0:00:00.275174398 21124 0x7f7f40004d40 WARN   qtdemux qtdemux_types.c:233:qtdemux_type_get: unknown QuickTime node type sgpd
0:00:00.275173369 21124 0x7f7f5c004800 INFO   GST_PADS gstpad.c:2378:gst_pad_link_prepare: trying to link capsfilter1:src and decodepad12:proxypad48
0:00:00.275184180 21124 0x7f7f64186a30 INFO   GST_STATES gstelement.c:2651:gst_element_continue_state: committing state from NULL to READY, pending PAUSED, next PAUSED
0:00:00.275149012 21124 0x7f7f48003e80 INFO   GST_ELEMENT_PADS gstelement.c:670:gst_element_add_pad: adding pad 'src_0'
0:00:00.275198081 21124 0x7f7f5c004800 INFO   GST_PADS gstpad.c:2586:gst_pad_link_full: linked capsfilter1:src and decodepad12:proxypad48, successful
0:00:00.275191405 21124 0x7f7f40004d40 WARN   qtdemux qtdemux_types.c:233:qtdemux_type_get: unknown QuickTime node type sbgp
0:00:00.275235804 21124 0x7f7f40004d40 INFO   qtdemux qtdemux.c:13222:qtdemux_parse_tree: timescale: 1000
0:00:00.275243276 21124 0x7f7f40004d40 INFO   qtdemux qtdemux.c:13223:qtdemux_parse_tree: duration: 2006
0:00:00.275245485 21124 0x7f7f5c004800 INFO   GST_EVENT gstevent.c:1517:gst_event_new_reconfigure: creating reconfigure event
0:00:00.275225301 21124 0x7f7f48003e80 INFO   GST_ELEMENT_PADS gstelement.c:670:gst_element_add_pad: adding pad 'sink_0'
0:00:00.275277040 21124 0x7f7f48003e80 INFO   task gsttask.c:457:gst_task_set_lock: setting stream lock 0x7f7f50043b80 on task 0x7f7f40048b90
0:00:00.275220587 21124 0x5649ec8bcca0 INFO   GST_ELEMENT_PADS gstelement.c:920:gst_element_get_static_pad: found pad capsfilter0:sink
0:00:00.275254633 21124 0x7f7f5c004800 INFO   GST_EVENT gstpad.c:5785:gst_pad_send_event_unchecked: Received event on flushing pad. Discarding
0:00:00.275278038 21124 0x7f7f40004d40 WARN   qtdemux qtdemux.c:3031:qtdemux_parse_trex: failed to find fragment defaults for stream 1
0:00:00.275285091 21124 0x7f7f48003e80 INFO   GST_PADS gstpad.c:6131:gst_pad_start_task: created task 0x7f7f40048b90
0:00:00.275286713 21124 0x5649ec8000f0 INFO   GST_STATES gstelement.c:2676:gst_element_continue_state: completed state change to PAUSED
0:00:00.275238145 21124 0x7f7f64186a30 INFO   GST_STATES gstelement.c:2579:_priv_gst_element_state_changed: notifying about state-changed NULL to READY (PAUSED pending)
0:00:00.275298024 21124 0x5649ec8bcca0 INFO   GST_PADS gstpad.c:2378:gst_pad_link_prepare: trying to link h264parse1:src and capsfilter0:sink
0:00:00.275345552 21124 0x7f7f40004d40 INFO   qtdemux qtdemux.c:10799:qtdemux_parse_trak: type avc1 caps video/x-h264, stream-format=(string)avc, alignment=(string)au, level=(string)3, profile=(string)constrained-baseline, codec_data=(buffer)0142c01effe1001b6742c01e9e218118534d40404050000003001000000303c8f162ee01000568ce06cb20
0:00:00.275334446 21124 0x5649ec8000f0 INFO   GST_STATES gstelement.c:2579:_priv_gst_element_state_changed: notifying about state-changed READY to PAUSED (VOID_PENDING pending)
0:00:00.275360987 21124 0x7f7f40004d40 WARN   qtdemux qtdemux.c:3031:qtdemux_parse_trex: failed to find fragment defaults for stream 2
0:00:00.275365316 21124 0x7f7f64186a30 INFO   GST_STATES gstelement.c:2658:gst_element_continue_state: continue state change READY to PAUSED, final PAUSED
0:00:00.275366678 21124 0x5649ec8bcca0 INFO   GST_PADS gstpad.c:2586:gst_pad_link_full: linked h264parse1:src and capsfilter0:sink, successful
0:00:00.275379728 21124 0x7f7f64186a30 INFO   GST_STATES gstelement.c:2676:gst_element_continue_state: completed state change to PAUSED
0:00:00.275362183 21124 0x7f7f48003e80 INFO   GST_PADS gstpad.c:2378:gst_pad_link_prepare: trying to link qtdemux5:video_0 and multiqueue5:sink_0
0:00:00.275391536 21124 0x7f7f40004d40 INFO   qtdemux qtdemux.c:11534:qtdemux_parse_trak: type mp4a caps audio/mpeg, mpegversion=(int)4, framed=(boolean)true, stream-format=(string)raw, level=(string)2, base-profile=(string)lc, profile=(string)lc, codec_data=(buffer)1188
0:00:00.275419565 21124 0x7f7f40004d40 WARN   basesrc gstbasesrc.c:2445:gst_base_src_update_length: processing at or past EOS
0:00:00.275424418 21124 0x5649ec8000f0 INFO   GST_ELEMENT_PADS gstelement.c:920:gst_element_get_static_pad: found pad video-output-bin:sink
0:00:00.275381495 21124 0x5649ec8bcca0 INFO   GST_EVENT gstevent.c:1517:gst_event_new_reconfigure: creating reconfigure event
0:00:00.275441693 21124 0x7f7f48003e80 INFO   GST_PADS gstpad.c:2586:gst_pad_link_full: linked qtdemux5:video_0 and multiqueue5:sink_0, successful
0:00:00.275440481 21124 0x7f7f5c004800 INFO   GST_STATES gstelement.c:2676:gst_element_continue_state: completed state change to PAUSED
0:00:00.275461299 21124 0x7f7f5c004800 INFO   GST_STATES gstelement.c:2579:_priv_gst_element_state_changed: notifying about state-changed READY to PAUSED (VOID_PENDING pending)
0:00:00.275449200 21124 0x7f7f48003e80 INFO   GST_EVENT gstevent.c:1517:gst_event_new_reconfigure: creating reconfigure event
0:00:00.275199262 21124 0x7f7f280084f0 INFO   GST_PADS gstpad.c:2378:gst_pad_link_prepare: trying to link qtdemux4:video_0 and multiqueue4:sink_0
0:00:00.275463060 21124 0x5649ec8bcca0 INFO   GST_EVENT gstpad.c:5785:gst_pad_send_event_unchecked: Received event on flushing pad. Discarding
0:00:00.275491241 21124 0x7f7f280084f0 INFO   GST_PADS gstpad.c:2586:gst_pad_link_full: linked qtdemux4:video_0 and multiqueue4:sink_0, successful
0:00:00.275497751 21124 0x7f7f280084f0 INFO   GST_EVENT gstevent.c:1517:gst_event_new_reconfigure: creating reconfigure event
0:00:00.275508532 21124 0x5649ec8000f0 INFO   baseparse gstbaseparse.c:4004:gst_base_parse_set_latency: min/max latency 0:00:00.033333333,
0:00:00.033333333
0:00:00.275523478 21124 0x7f7f5c004800 INFO   GST_ELEMENT_PADS gstelement.c:920:gst_element_get_static_pad: found pad video-output-bin:sink
0:00:00.275427213 21124 0x7f7f40004d40 INFO   GST_SCHEDULING gstpad.c:4893:gst_pad_get_range_unchecked: getrange failed, flow: eos
0:00:00.275526090 21124 0x7f7f280084f0 INFO   GST_PADS gstpad.c:2378:gst_pad_link_prepare: trying to link multiqueue4:src_0 and decodepad13:proxypad49
0:00:00.275388159 21124 0x7f7f64186a30 INFO   GST_STATES gstelement.c:2579:_priv_gst_element_state_changed: notifying about state-changed READY to PAUSED (VOID_PENDING pending)
0:00:00.275550025 21124 0x7f7f280084f0 INFO   GST_PADS gstpad.c:2586:gst_pad_link_full: linked multiqueue4:src_0 and decodepad13:proxypad49, successful
0:00:00.275556332 21124 0x7f7f280084f0 INFO   GST_EVENT gstevent.c:1517:gst_event_new_reconfigure: creating reconfigure event
0:00:00.275538875 21124 0x5649ec8000f0 INFO   GST_ELEMENT_PADS gstelement.c:920:gst_element_get_static_pad: found pad video-output-bin:sink
0:00:00.275541919 21124 0x7f7f40004d40 INFO   GST_SCHEDULING gstpad.c:5108:gst_pad_pull_range: pullrange failed, flow: eos
0:00:00.275574210 21124 0x7f7f280084f0 INFO   GST_ELEMENT_PADS gstpad.c:2134:gst_pad_unlink: unlinking multiqueue4:src_0(0x7f7f500431d0) and decodepad13:proxypad49(0x5649ecbb0a10)
0:00:00.275529386 21124 0x7f7f48003e80 INFO   GST_PADS gstpad.c:2378:gst_pad_link_prepare: trying to link multiqueue5:src_0 and decodepad14:proxypad50
0:00:00.275587142 21124 0x7f7f280084f0 INFO   GST_ELEMENT_PADS gstpad.c:2188:gst_pad_unlink: unlinked multiqueue4:src_0 and decodepad13:proxypad49
0:00:00.275599237 21124 0x7f7f280084f0 INFO   GST_PADS gstpad.c:2378:gst_pad_link_prepare: trying to link multiqueue4:src_0 and decodepad13:proxypad49
0:00:00.275498995 21124 0x5649ec8bcca0 INFO   GST_ELEMENT_PADS gstelement.c:920:gst_element_get_static_pad: found pad capsfilter0:src
0:00:00.275619396 21124 0x5649ec8bcca0 INFO   GST_PADS gstpad.c:2378:gst_pad_link_prepare: trying to link capsfilter0:src and decodepad9:proxypad45
0:00:00.275622962 21124 0x5649ec8000f0 INFO   GST_EVENT gstevent.c:814:gst_event_new_caps: creating caps event video/x-h264, stream-format=(string)avc, alignment=(string)au, level=(string)3, profile=(string)constrained-baseline, codec_data=(buffer)0142c01effe1001b6742c01e9e218118534d40404050000003001000000303c8f162ee01000568ce06cb20, width=(int)560, height=(int)320, framerate=(fraction)30/1, pixel-aspect-ratio=(fraction)1/1, interlace-mode=(string)progressive, chroma-format=(string)4:2:0, bit-depth-luma=(uint)8, bit-depth-chroma=(uint)8, parsed=(boolean)true
0:00:00.275609778 21124 0x7f7f5c004800 INFO   baseparse gstbaseparse.c:4004:gst_base_parse_set_latency: min/max latency 0:00:00.033333333,
0:00:00.033333333
0:00:00.275619886 21124 0x7f7f48003e80 INFO   GST_PADS gstpad.c:2586:gst_pad_link_full: linked multiqueue5:src_0 and decodepad14:proxypad50, successful
0:00:00.275649194 21124 0x7f7f48003e80 INFO   GST_EVENT gstevent.c:1517:gst_event_new_reconfigure: creating reconfigure event
0:00:00.275654955 21124 0x5649ec8bcca0 INFO   GST_PADS gstpad.c:2586:gst_pad_link_full: linked capsfilter0:src and decodepad9:proxypad45, successful
0:00:00.275660622 21124 0x5649ec8bcca0 INFO   GST_EVENT gstevent.c:1517:gst_event_new_reconfigure: creating reconfigure event
0:00:00.275667617 21124 0x5649ec8bcca0 INFO   GST_EVENT gstpad.c:5785:gst_pad_send_event_unchecked: Received event on flushing pad. Discarding
0:00:00.275623714 21124 0x7f7f64186a30 INFO   GST_ELEMENT_PADS gstpad.c:2134:gst_pad_unlink: unlinking h264parse3:src(0x7f7f40046800) and decodepad8:proxypad44(0x5649ecb0ee90)
0:00:00.275660977 21124 0x7f7f5c004800 INFO   GST_ELEMENT_PADS gstelement.c:920:gst_element_get_static_pad: found pad video-output-bin:sink
0:00:00.275668302 21124 0x7f7f48003e80 INFO   GST_ELEMENT_PADS gstpad.c:2134:gst_pad_unlink: unlinking multiqueue5:src_0(0x7f7f50043b10) and decodepad14:proxypad50(0x5649ecbb1390)
0:00:00.275694854 21124 0x5649ec8000f0 INFO   GST_PADS gstpad.c:4230:gst_pad_peer_query:<'':decodepad11> pad has no peer
0:00:00.275609025 21124 0x7f7f280084f0 INFO   GST_PADS gstpad.c:2586:gst_pad_link_full: linked multiqueue4:src_0 and decodepad13:proxypad49, successful
0:00:00.275698813 21124 0x7f7f48003e80 INFO   GST_ELEMENT_PADS gstpad.c:2188:gst_pad_unlink: unlinked multiqueue5:src_0 and decodepad14:proxypad50
0:00:00.275718768 21124 0x7f7f60020e30 INFO   GST_ELEMENT_PADS gstpad.c:2134:gst_pad_unlink: unlinking typefind:src(0x5649eca8c160) and decodepad10:proxypad46(0x5649ecbd4570)
0:00:00.275719734 21124 0x7f7f48003e80 INFO   GST_PADS gstpad.c:2378:gst_pad_link_prepare: trying to link multiqueue5:src_0 and decodepad14:proxypad50
0:00:00.275736108 21124 0x7f7f60020e30 INFO   GST_ELEMENT_PADS gstpad.c:2188:gst_pad_unlink: unlinked typefind:src and decodepad10:proxypad46
0:00:00.275599123 21124 0x7f7f40004d40 INFO   GST_SCHEDULING gstpad.c:4893:gst_pad_get_range_unchecked: getrange failed, flow: eos
0:00:00.275732791 21124 0x5649ec8000f0 INFO   basetransform gstbasetransform.c:1308:gst_base_transform_setcaps: reuse caps
0:00:00.275758838 21124 0x7f7f280084f0 INFO   GST_EVENT gstevent.c:1517:gst_event_new_reconfigure: creating reconfigure event
0:00:00.275789178 21124 0x5649ec8000f0 INFO   GST_EVENT gstevent.c:814:gst_event_new_caps: creating caps event video/x-h264, stream-format=(string)avc, alignment=(string)au, level=(string)3, profile=(string)constrained-baseline, codec_data=(buffer)0142c01effe1001b6742c01e9e218118534d40404050000003001000000303c8f162ee01000568ce06cb20, width=(int)560, height=(int)320, framerate=(fraction)30/1, pixel-aspect-ratio=(fraction)1/1, interlace-mode=(string)progressive, chroma-format=(string)4:2:0, bit-depth-luma=(uint)8, bit-depth-chroma=(uint)8, parsed=(boolean)true
0:00:00.275689570 21124 0x7f7f64186a30 INFO   GST_ELEMENT_PADS gstpad.c:2188:gst_pad_unlink: unlinked h264parse3:src and decodepad8:proxypad44
0:00:00.275748988 21124 0x7f7f60020e30 INFO   GST_PADS gstpad.c:2378:gst_pad_link_prepare: trying to link typefind:src and decodepad10:proxypad46
0:00:00.275812285 21124 0x7f7f64186a30 INFO   GST_ELEMENT_PADS gstelement.c:920:gst_element_get_static_pad: found pad capsfilter3:sink
0:00:00.275791384 21124 0x7f7f280084f0 INFO   GST_ELEMENT_PADS gstpad.c:2134:gst_pad_unlink: unlinking multiqueue4:src_0(0x7f7f500431d0) and decodepad13:proxypad49(0x5649ecbb0a10)
0:00:00.275732704 21124 0x7f7f5c004800 INFO   GST_EVENT gstevent.c:814:gst_event_new_caps: creating caps event video/x-h264, stream-format=(string)avc, alignment=(string)au, level=(string)3, profile=(string)constrained-baseline, codec_data=(buffer)0142c01effe1001b6742c01e9e218118534d40404050000003001000000303c8f162ee01000568ce06cb20, width=(int)560, height=(int)320, framerate=(fraction)30/1, pixel-aspect-ratio=(fraction)1/1, interlace-mode=(string)progressive, chroma-format=(string)4:2:0, bit-depth-luma=(uint)8, bit-depth-chroma=(uint)8, parsed=(boolean)true
0:00:00.275750906 21124 0x7f7f40004d40 INFO   GST_SCHEDULING gstpad.c:5108:gst_pad_pull_range: pullrange failed, flow: eos
0:00:00.275847715 21124 0x5649ec8000f0 INFO   GST_ELEMENT_PADS gstpad.c:2134:gst_pad_unlink: unlinking capsfilter2:src(0x7f7f300125f0) and decodepad11:proxypad47(0x5649ecba6c60)
0:00:00.275823696 21124 0x7f7f64186a30 INFO   GST_PADS gstpad.c:2378:gst_pad_link_prepare: trying to link h264parse3:src and capsfilter3:sink
0:00:00.275860184 21124 0x5649ec8000f0 INFO   GST_ELEMENT_PADS gstpad.c:2188:gst_pad_unlink: unlinked capsfilter2:src and decodepad11:proxypad47
0:00:00.275847453 21124 0x7f7f60020e30 INFO   GST_PADS gstpad.c:2586:gst_pad_link_full: linked typefind:src and decodepad10:proxypad46, successful
0:00:00.275869670 21124 0x5649ec8000f0 INFO   GST_PADS gstpad.c:2378:gst_pad_link_prepare: trying to link capsfilter2:src and decodepad11:proxypad47
0:00:00.275872487 21124 0x7f7f5c004800 INFO   GST_PADS gstpad.c:4230:gst_pad_peer_query:<'':decodepad12> pad has no peer
0:00:00.275877437 21124 0x7f7f40004d40 INFO   GST_SCHEDULING gstpad.c:4893:gst_pad_get_range_unchecked: getrange failed, flow: eos
0:00:00.275885853 21124 0x7f7f40004d40 INFO   GST_SCHEDULING gstpad.c:5108:gst_pad_pull_range: pullrange failed, flow: eos
0:00:00.275877067 21124 0x5649ec8000f0 INFO   GST_PADS gstpad.c:2586:gst_pad_link_full: linked capsfilter2:src and decodepad11:proxypad47, successful
0:00:00.275898969 21124 0x5649ec8000f0 INFO   GST_EVENT gstevent.c:1517:gst_event_new_reconfigure: creating reconfigure event
0:00:00.275835053 21124 0x7f7f280084f0 INFO   GST_ELEMENT_PADS gstpad.c:2188:gst_pad_unlink: unlinked multiqueue4:src_0 and decodepad13:proxypad49
0:00:00.275815459 21124 0x5649ec8bcca0 INFO   GST_STATES gstelement.c:2676:gst_element_continue_state: completed state change to PAUSED
0:00:00.275925529 21124 0x7f7f40004d40 INFO   GST_ELEMENT_PADS gstelement.c:920:gst_element_get_static_pad: found pad qtdemux6:sink
0:00:00.275887985 21124 0x7f7f60020e30 INFO   GST_EVENT gstevent.c:1517:gst_event_new_reconfigure: creating reconfigure event
0:00:00.275739615 21124 0x7f7f48003e80 INFO   GST_PADS gstpad.c:2586:gst_pad_link_full: linked multiqueue5:src_0 and decodepad14:proxypad50, successful
0:00:00.275926464 21124 0x5649ec8bcca0 INFO   GST_STATES gstelement.c:2579:_priv_gst_element_state_changed: notifying about state-changed READY to PAUSED (VOID_PENDING pending)
0:00:00.275934741 21124 0x5649ec8000f0 INFO   GST_ELEMENT_PADS gstelement.c:920:gst_element_get_static_pad: found pad audio-output-bin:sink
0:00:00.275945748 21124 0x7f7f48003e80 INFO   GST_EVENT gstevent.c:1517:gst_event_new_reconfigure: creating reconfigure event
0:00:00.275970565 21124 0x7f7f40004d40 INFO   GST_EVENT gstevent.c:814:gst_event_new_caps: creating caps event video/x-h264, stream-format=(string)avc, alignment=(string)au, level=(string)3, profile=(string)constrained-baseline, codec_data=(buffer)0142c01effe1001b6742c01e9e218118534d40404050000003001000000303c8f162ee01000568ce06cb20, width=(int)560, height=(int)320, framerate=(fraction)30/1, pixel-aspect-ratio=(fraction)1/1
0:00:00.275983429 21124 0x7f7f40004d40 INFO   GST_ELEMENT_PADS gstelement.c:670:gst_element_add_pad: adding pad 'video_0'
0:00:00.275991490 21124 0x7f7f60020e30 INFO   GST_ELEMENT_PADS gstpad.c:2134:gst_pad_unlink: unlinking typefind:src(0x5649eca8c160) and decodepad10:proxypad46(0x5649ecbd4570)
0:00:00.275999754 21124 0x7f7f280084f0 INFO   GST_ELEMENT_FACTORY gstelementfactory.c:361:gst_element_factory_create: creating element "h264parse"
0:00:00.276003437 21124 0x7f7f60020e30 INFO   GST_ELEMENT_PADS gstpad.c:2188:gst_pad_unlink: unlinked typefind:src and decodepad10:proxypad46
0:00:00.276014505 21124 0x7f7f48003e80 INFO   GST_ELEMENT_PADS gstpad.c:2134:gst_pad_unlink: unlinking multiqueue5:src_0(0x7f7f50043b10) and decodepad14:proxypad50(0x5649ecbb1390)
0:00:00.276019382 21124 0x7f7f60020e30 INFO   GST_ELEMENT_FACTORY gstelementfactory.c:361:gst_element_factory_create: creating element "qtdemux"
0:00:00.276017985 21124 0x7f7f64186a30 INFO   GST_PADS gstpad.c:2586:gst_pad_link_full: linked h264parse3:src and capsfilter3:sink, successful
0:00:00.276028110 21124 0x7f7f48003e80 INFO   GST_ELEMENT_PADS gstpad.c:2188:gst_pad_unlink: unlinked multiqueue5:src_0 and decodepad14:proxypad50
0:00:00.276026550 21124 0x7f7f280084f0 INFO   GST_ELEMENT_PADS gstelement.c:670:gst_element_add_pad: adding pad 'sink'
0:00:00.276038326 21124 0x7f7f48003e80 INFO   GST_ELEMENT_FACTORY gstelementfactory.c:361:gst_element_factory_create: creating element "h264parse"
0:00:00.276047963 21124 0x7f7f64186a30 INFO   GST_EVENT gstevent.c:1517:gst_event_new_reconfigure: creating reconfigure event
0:00:00.276055896 21124 0x7f7f48003e80 INFO   GST_ELEMENT_PADS gstelement.c:670:gst_element_add_pad: adding pad 'sink'
0:00:00.275974316 21124 0x7f7f5c004800 INFO   basetransform gstbasetransform.c:1308:gst_base_transform_setcaps: reuse caps
0:00:00.276140154 21124 0x7f7f48003e80 INFO   GST_ELEMENT_PADS gstelement.c:670:gst_element_add_pad: adding pad 'src'
0:00:00.276154801 21124 0x7f7f48003e80 INFO   baseparse gstbaseparse.c:3961:gst_base_parse_set_pts_interpolation: PTS interpolation: no
0:00:00.276162794 21124 0x7f7f5c004800 INFO   GST_EVENT gstevent.c:814:gst_event_new_caps: creating caps event video/x-h264, stream-format=(string)avc, alignment=(string)au, level=(string)3, profile=(string)constrained-baseline, codec_data=(buffer)0142c01effe1001b6742c01e9e218118534d40404050000003001000000303c8f162ee01000568ce06cb20, width=(int)560, height=(int)320, framerate=(fraction)30/1, pixel-aspect-ratio=(fraction)1/1, interlace-mode=(string)progressive, chroma-format=(string)4:2:0, bit-depth-luma=(uint)8, bit-depth-chroma=(uint)8, parsed=(boolean)true
0:00:00.276074171 21124 0x5649ec8bcca0 INFO   GST_ELEMENT_PADS gstelement.c:920:gst_element_get_static_pad: found pad video-output-bin:sink
0:00:00.276086738 21124 0x7f7f60020e30 INFO   GST_ELEMENT_PADS gstelement.c:670:gst_element_add_pad: adding pad 'sink'
0:00:00.276090171 21124 0x7f7f280084f0 INFO   GST_ELEMENT_PADS gstelement.c:670:gst_element_add_pad: adding pad 'src'
0:00:00.276122105 21124 0x7f7f64186a30 INFO   GST_EVENT gstpad.c:5785:gst_pad_send_event_unchecked: Received event on flushing pad. Discarding
0:00:00.276009366 21124 0x7f7f40004d40 INFO   GST_ELEMENT_FACTORY gstelementfactory.c:361:gst_element_factory_create: creating element "multiqueue"
0:00:00.276180008 21124 0x7f7f5c004800 INFO   GST_ELEMENT_PADS gstpad.c:2134:gst_pad_unlink: unlinking capsfilter1:src(0x7f7f30013870) and decodepad12:proxypad48(0x5649ecba75e0)
0:00:00.276186675 21124 0x7f7f48003e80 INFO   GST_PADS gstpad.c:2378:gst_pad_link_prepare: trying to link multiqueue5:src_0 and h264parse4:sink
0:00:00.276299390 21124 0x5649ec8bcca0 INFO   baseparse gstbaseparse.c:4004:gst_base_parse_set_latency: min/max latency 0:00:00.033333333,
0:00:00.033333333
0:00:00.276233044 21124 0x7f7f280084f0 INFO   baseparse gstbaseparse.c:3961:gst_base_parse_set_pts_interpolation: PTS interpolation: no
0:00:00.276233990 21124 0x7f7f64186a30 INFO   GST_ELEMENT_PADS gstelement.c:920:gst_element_get_static_pad: found pad capsfilter3:src
0:00:00.276281548 21124 0x5649ec8000f0 INFO   GST_ELEMENT_PADS gstelement.c:920:gst_element_get_static_pad: found pad video-output-bin:sink
0:00:00.276325549 21124 0x7f7f64186a30 INFO   GST_PADS gstpad.c:2378:gst_pad_link_prepare: trying to link capsfilter3:src and decodepad8:proxypad44
0:00:00.276328574 21124 0x5649ec8bcca0 INFO   GST_ELEMENT_PADS gstelement.c:920:gst_element_get_static_pad: found pad video-output-bin:sink
0:00:00.276212456 21124 0x7f7f60020e30 INFO   GST_PADS gstpad.c:2378:gst_pad_link_prepare: trying to link typefind:src and qtdemux7:sink
0:00:00.276308476 21124 0x7f7f40004d40 INFO   GST_ELEMENT_PADS gstelement.c:920:gst_element_get_static_pad: found pad qtdemux6:sink
0:00:00.276367238 21124 0x7f7f48003e80 INFO   GST_PADS gstpad.c:2586:gst_pad_link_full: linked multiqueue5:src_0 and h264parse4:sink, successful
0:00:00.276373207 21124 0x7f7f48003e80 INFO   GST_EVENT gstevent.c:1517:gst_event_new_reconfigure: creating reconfigure event
0:00:00.276382025 21124 0x7f7f40004d40 INFO   GST_STATES gstelement.c:2651:gst_element_continue_state: committing state from NULL to READY, pending PAUSED, next PAUSED
0:00:00.276299931 21124 0x7f7f5c004800 INFO   GST_ELEMENT_PADS gstpad.c:2188:gst_pad_unlink: unlinked capsfilter1:src and decodepad12:proxypad48
0:00:00.276414176 21124 0x7f7f5c004800 INFO   GST_PADS gstpad.c:2378:gst_pad_link_prepare: trying to link capsfilter1:src and decodepad12:proxypad48
0:00:00.276420854 21124 0x7f7f5c004800 INFO   GST_PADS gstpad.c:2586:gst_pad_link_full: linked capsfilter1:src and decodepad12:proxypad48, successful
0:00:00.276424805 21124 0x7f7f5c004800 INFO   GST_EVENT gstevent.c:1517:gst_event_new_reconfigure: creating reconfigure event
0:00:00.276449143 21124 0x7f7f5c004800 INFO   GST_ELEMENT_PADS gstelement.c:920:gst_element_get_static_pad: found pad audio-output-bin:sink
0:00:00.276644189 21124 0x5649ec8000f0 INFO   GST_ELEMENT_PADS gstpad.c:2134:gst_pad_unlink: unlinking capsfilter2:src(0x7f7f300125f0) and decodepad11:proxypad47(0x5649ecba6c60)
0:00:00.276654997 21124 0x5649ec8000f0 INFO   GST_ELEMENT_PADS gstpad.c:2188:gst_pad_unlink: unlinked capsfilter2:src and decodepad11:proxypad47
0:00:00.276661556 21124 0x5649ec8000f0 INFO   GST_PADS gstpad.c:2378:gst_pad_link_prepare: trying to link capsfilter2:src and decodepad11:proxypad47
0:00:00.276666104 21124 0x5649ec8000f0 INFO   GST_PADS gstpad.c:2586:gst_pad_link_full: linked capsfilter2:src and decodepad11:proxypad47, successful
0:00:00.276669326 21124 0x5649ec8000f0 INFO   GST_EVENT gstevent.c:1517:gst_event_new_reconfigure: creating reconfigure event
0:00:00.276692102 21124 0x5649ec8000f0 INFO   GST_ELEMENT_PADS gstpad.c:2134:gst_pad_unlink: unlinking capsfilter2:src(0x7f7f300125f0) and decodepad11:proxypad47(0x5649ecba6c60)
0:00:00.276700841 21124 0x5649ec8000f0 INFO   GST_ELEMENT_PADS gstpad.c:2188:gst_pad_unlink: unlinked capsfilter2:src and decodepad11:proxypad47
0:00:00.276708278 21124 0x5649ec8000f0 INFO   GST_PADS gstpad.c:2378:gst_pad_link_prepare: trying to link capsfilter2:src and decodepad11:proxypad47
0:00:00.276712457 21124 0x5649ec8000f0 INFO   GST_PADS gstpad.c:2586:gst_pad_link_full: linked capsfilter2:src and decodepad11:proxypad47, successful
0:00:00.276715335 21124 0x5649ec8000f0 INFO   GST_EVENT gstevent.c:1517:gst_event_new_reconfigure: creating reconfigure event
0:00:00.276343235 21124 0x7f7f280084f0 INFO   GST_PADS gstpad.c:2378:gst_pad_link_prepare: trying to link multiqueue4:src_0 and h264parse5:sink
0:00:00.276352564 21124 0x7f7f60020e30 INFO   GST_PADS gstpad.c:2586:gst_pad_link_full: linked typefind:src and qtdemux7:sink, successful
0:00:00.276764475 21124 0x7f7f60020e30 INFO   GST_EVENT gstevent.c:1517:gst_event_new_reconfigure: creating reconfigure event
0:00:00.276390425 21124 0x5649ec8bcca0 INFO   GST_EVENT gstevent.c:814:gst_event_new_caps: creating caps event video/x-h264, stream-format=(string)avc, alignment=(string)au, level=(string)3, profile=(string)constrained-baseline, codec_data=(buffer)0142c01effe1001b6742c01e9e218118534d40404050000003001000000303c8f162ee01000568ce06cb20, width=(int)560, height=(int)320, framerate=(fraction)30/1, pixel-aspect-ratio=(fraction)1/1, interlace-mode=(string)progressive, chroma-format=(string)4:2:0, bit-depth-luma=(uint)8, bit-depth-chroma=(uint)8, parsed=(boolean)true
0:00:00.277072634 21124 0x7f7f60020e30 INFO   GST_STATES gstelement.c:2676:gst_element_continue_state: completed state change to READY
0:00:00.277086187 21124 0x5649ec8bcca0 INFO   GST_PADS gstpad.c:4230:gst_pad_peer_query:<'':decodepad9> pad has no peer
0:00:00.277105377 21124 0x5649ec8bcca0 INFO   basetransform gstbasetransform.c:1308:gst_base_transform_setcaps: reuse caps
0:00:00.277135676 21124 0x5649ec8bcca0 INFO   GST_EVENT gstevent.c:814:gst_event_new_caps: creating caps event video/x-h264, stream-format=(string)avc, alignment=(string)au, level=(string)3, profile=(string)constrained-baseline, codec_data=(buffer)0142c01effe1001b6742c01e9e218118534d40404050000003001000000303c8f162ee01000568ce06cb20, width=(int)560, height=(int)320, framerate=(fraction)30/1, pixel-aspect-ratio=(fraction)1/1, interlace-mode=(string)progressive, chroma-format=(string)4:2:0, bit-depth-luma=(uint)8, bit-depth-chroma=(uint)8, parsed=(boolean)true
0:00:00.277151752 21124 0x5649ec8bcca0 INFO   GST_ELEMENT_PADS gstpad.c:2134:gst_pad_unlink: unlinking capsfilter0:src(0x7f7f30012f30) and decodepad9:proxypad45(0x5649ecba62e0)
0:00:00.276390698 21124 0x7f7f48003e80 INFO   GST_STATES gstelement.c:2676:gst_element_continue_state: completed state change to READY
0:00:00.276402059 21124 0x7f7f40004d40 INFO   GST_STATES gstelement.c:2579:_priv_gst_element_state_changed: notifying about state-changed NULL to READY (PAUSED pending)
0:00:00.277174376 21124 0x7f7f48003e80 INFO   GST_STATES gstelement.c:2579:_priv_gst_element_state_changed: notifying about state-changed NULL to READY (VOID_PENDING pending)
0:00:00.277088248 21124 0x7f7f60020e30 INFO   GST_STATES gstelement.c:2579:_priv_gst_element_state_changed: notifying about state-changed NULL to READY (VOID_PENDING pending)
0:00:00.277199073 21124 0x7f7f280084f0 INFO   GST_PADS gstpad.c:2586:gst_pad_link_full: linked multiqueue4:src_0 and h264parse5:sink, successful
0:00:00.277206306 21124 0x7f7f60020e30 INFO   GST_ELEMENT_PADS gstelement.c:917:gst_element_get_static_pad: no such pad 'video_%u' in element "qtdemux7"
0:00:00.277157301 21124 0x7f7f5c004800 INFO   GST_ELEMENT_PADS gstelement.c:920:gst_element_get_static_pad: found pad video-output-bin:sink
