01-03 10:11:08.474 2856 3330 D KeyguardViewMediator: onStartedGoingToSleep(2)
01-03 10:11:08.475 10220 10220 D libandroid-freeze-test.so: @@@ FINISH
01-03 10:11:08.476 10220 10220 D libandroid-freeze-test.so: @@@ runOnQtThread Qt::ApplicationActive
01-03 10:11:08.476 10220 10220 D libandroid-freeze-test.so: @@@ runOnQtThread doing blocking connection
01-03 10:11:08.476 10220 10220 D libandroid-freeze-test.so: @@@ FINISH DONE
01-03 10:11:08.476 2856 3330 D KeyguardViewMediator: notifyStartedGoingToSleep
01-03 10:11:08.476 10220 10220 D libandroid-freeze-test.so: @@@ FINISH
01-03 10:11:08.476 10220 10220 D libandroid-freeze-test.so: @@@ runOnQtThread Qt::ApplicationActive
01-03 10:11:08.476 10220 10220 D libandroid-freeze-test.so: @@@ runOnQtThread doing blocking connection
01-03 10:11:08.477 10220 10220 D libandroid-freeze-test.so: @@@ FINISH DONE
01-03 10:11:08.478 2856 2856 V KeyguardUpdateMonitor: startListeningForFingerprint()
01-03 10:11:08.479 8107 8107 I PhenotypeExpConfig: refreshConfiguration() : Force = false : UpdateAvailable = false : Age = 34 minutes : MaxAge = 720 minutes
01-03 10:11:08.480 2856 2856 D KeyguardViewMediator: handleNotifyStartedGoingToSleep
01-03 10:11:08.480 8107 8107 I LatinIme: onDeactivate()
01-03 10:11:08.481 2856 2856 I vol.Events: writeEvent dismiss_dialog volume_controller
01-03 10:11:08.487 10220 10220 W IInputConnectionWrapper: getTextBeforeCursor on inactive InputConnection
01-03 10:11:08.488 10220 10220 W IInputConnectionWrapper: getSelectedText on inactive InputConnection
01-03 10:11:08.489 10220 10220 W IInputConnectionWrapper: getTextAfterCursor on inactive InputConnection
01-03 10:11:08.490 8107 8107 I KeyboardViewUtil: systemKeyboardHeightRatio:1.000000; userKeyboardHeightRatio:1.000000.
01-03 10:11:08.491 8107 8107 I LatinIme: onActivate() : EditorInfo = Package = org.qtproject.example.android_freeze_test : Type = Text : Learning = Disable : Suggestion = Show : AutoCorrection = Disable : Microphone = Show : NoPersonalizedLearning = Disable
01-03 10:11:08.495 10220 10220 W IInputConnectionWrapper: beginBatchEdit on inactive InputConnection
01-03 10:11:08.495 10220 10220 W IInputConnectionWrapper: endBatchEdit on inactive InputConnection
01-03 10:11:08.510 8107 8107 I Conv2QueryExtension: Current locale: en_US, config allows these locales: de,en,fr,it,es,pt
01-03 10:11:08.510 8107 8107 I Conv2QueryExtension: Conv2Query not enabled due to current app [org.qtproject.example.android_freeze_test] not in whitelist
01-03 10:11:08.510 8107 8107 I Conv2QueryExtension: onActivate() : Disabled by unsupported host app
01-03 10:11:08.741 2101 2159 I DisplayPowerController: Blocking screen off
01-03 10:11:08.741 2101 2159 I DisplayPowerController: Unblocked screen off after 0 ms
01-03 10:11:08.770 2101 2152 D KernelUidCpuTimeReader: Removing uids 10255-10255
01-03 10:11:08.772 2101 2159 D ActivityTrigger: ActivityTrigger activityPauseTrigger
01-03 10:11:08.776 2101 4820 I OpenGLRenderer: Initialized EGL, version 1.4
01-03 10:11:08.776 2101 4820 D OpenGLRenderer: Swap behavior 2
01-03 10:11:08.784 2101 2157 I DisplayManagerService: Display device changed state: "Built-in Screen", OFF
01-03 10:11:08.787 813 813 D SurfaceFlinger: Set power mode=0, type=0 flinger=0x790f655000
01-03 10:11:08.787 2856 3330 D KeyguardViewMediator: notifyScreenTurnedOff
01-03 10:11:08.788 572 781 I SDM : DisplayBase::SetDisplayState: Set state = 0, display 0
01-03 10:11:08.788 2101 2146 D ActivityTrigger: ActivityTrigger activityStopTrigger
01-03 10:11:08.788 2856 2856 D KeyguardViewMediator: handleNotifyScreenTurnedOff
01-03 10:11:08.792 2101 2240 I InputReader: Reconfiguring input devices. changes=0x00000004
01-03 10:11:08.804 813 823 E BufferQueueProducer: [SurfaceView - org.qtproject.example.android_freeze_test/org.qtproject.qt5.android.bindings.QtActivity#0] disconnect: not connected (req=1)
01-03 10:11:08.804 10220 10237 W libEGL : EGLNativeWindowType 0xdbb3d808 disconnect failed
01-03 10:11:08.967 2101 2240 D KeyLayoutMap: mapKey: scanCode=116, usageCode=0x00000000 ~ Result keyCode=26, outFlags=0x00000000.
01-03 10:11:08.967 2101 2240 D WindowManager: interceptKeyTq keycode=26 interactive=false keyguardActive=false policyFlags=2000000
01-03 10:11:08.969 2101 2240 I PowerManagerService: Waking up from dozing (uid=1000 reason=android.policy:POWER)...
01-03 10:11:08.969 2101 2101 W UsageStatsService: Event reported without a package name
01-03 10:11:08.970 2101 2159 I DisplayPowerController: Blocking screen on until initial contents have been drawn.
01-03 10:11:08.971 2101 2159 D ActivityTrigger: activityResumeTrigger: The activity in ApplicationInfo{9007a5f org.qtproject.example.android_freeze_test} is now in focus and seems to be in full-screen mode
01-03 10:11:08.971 2101 2159 E ActivityTrigger: activityResumeTrigger: not whiteListedorg.qtproject.example.android_freeze_test/org.qtproject.qt5.android.bindings.QtActivity/1
01-03 10:11:08.972 2856 3330 D KeyguardViewMediator: onFinishedGoingToSleep(2)
01-03 10:11:08.972 589 611 E ANDR-PERF-MPCTL: Invalid profile no. 0, total profiles 0 only
01-03 10:11:08.972 2856 3330 D KeyguardViewMediator: notifyFinishedGoingToSleep
01-03 10:11:08.974 2856 2856 D KeyguardViewMediator: handleNotifyFinishedGoingToSleep
01-03 10:11:08.975 2856 2856 V KeyguardStatusView: Schedule setEnableMarquee: Disable
01-03 10:11:08.975 2856 2856 V KeyguardStatusView: Disable transport text marquee
01-03 10:11:08.975 2856 2856 V KeyguardUpdateMonitor: startListeningForFingerprint()
01-03 10:11:08.983 589 611 E ANDR-PERF-OPTSHANDLER: Perflock resource /sys/class/devfreq/soc:qcom,llccbw/min_freq not supported
01-03 10:11:08.983 589 611 E ANDR-PERF-RESOURCEQS: Failed to apply optimization [12, 0]
01-03 10:11:08.984 589 611 E ANDR-PERF-OPTSHANDLER: Failed to read /sys/class/kgsl/kgsl-3d0/force_no_nap
01-03 10:11:08.984 589 611 E ANDR-PERF-RESOURCEQS: Failed to apply optimization [10, 7]
01-03 10:11:08.984 2856 3330 D KeyguardViewMediator: notifyScreenOn
01-03 10:11:08.984 2856 2856 D KeyguardViewMediator: handleNotifyScreenTurningOn
01-03 10:11:08.988 2856 3330 D KeyguardViewMediator: onStartedWakingUp, seq = 244
01-03 10:11:08.988 2856 3330 D KeyguardViewMediator: notifyStartedWakingUp
01-03 10:11:08.988 10220 10220 D libandroid-freeze-test.so: @@@ FINISH
01-03 10:11:08.988 2856 2856 D KeyguardViewMediator: handleNotifyWakingUp
01-03 10:11:08.989 10220 10220 D libandroid-freeze-test.so: @@@ runOnQtThread Qt::ApplicationSuspended
01-03 10:11:08.989 10220 10220 D libandroid-freeze-test.so: @@@ FINISH DONE
01-03 10:11:08.989 10220 10220 D libandroid-freeze-test.so: @@@ FINISH
01-03 10:11:08.989 10220 10220 D libandroid-freeze-test.so: @@@ runOnQtThread Qt::ApplicationSuspended
01-03 10:11:08.989 10220 10220 D libandroid-freeze-test.so: @@@ FINISH DONE
01-03 10:11:08.992 2101 2240 I InputReader: Reconfiguring input devices. changes=0x00000004
01-03 10:11:08.992 8107 8107 I PhenotypeExpConfig: refreshConfiguration() : Force = false : UpdateAvailable = false : Age = 34 minutes : MaxAge = 720 minutes
01-03 10:11:08.992 3612 3612 I GsaVoiceInteractionSrv: O received Intent { act=android.intent.action.USER_PRESENT flg=0x24200010 }
01-03 10:11:08.992 2101 2146 W BroadcastQueue: Background execution not allowed: receiving Intent { act=android.intent.action.USER_PRESENT flg=0x24200010 } to com.google.android.gms/.auth.setup.devicesignals.LockScreenReceiver
01-03 10:11:08.993 8107 8107 I LatinIme: onDeactivate()
01-03 10:11:08.994 3661 3661 E LibSecureUISvc: svc_sock_send_message(suisvc): invalid remote socket suilst
01-03 10:11:08.995 813 813 D SurfaceFlinger: Finished set power mode=0, type=0
01-03 10:11:08.996 1063 1150 E libnav : AbaSuspend skips SVI deactivate: state was 3
01-03 10:11:08.996 2101 2812 D SurfaceControl: Excessive delay in setPowerMode()
01-03 10:11:08.996 577 577 E QTI PowerHAL: Failed to acquire lock.
01-03 10:11:08.996 577 577 I QTI PowerHAL: Got set_interactive hint
01-03 10:11:08.997 577 577 I QTI PowerHAL: Got set_interactive hint on= 0, count= 254
01-03 10:11:08.997 577 577 E QTI PowerHAL: Error opening /sys/kernel/hbtp/display_pwr: No such file or directory
01-03 10:11:08.997 577 577 E QTI PowerHAL: Failed to acquire lock.
01-03 10:11:08.997 577 577 I QTI PowerHAL: Got set_interactive hint
01-03 10:11:08.999 577 577 I QTI PowerHAL: Got set_interactive hint on= 1, count= 255
01-03 10:11:08.999 577 577 E QTI PowerHAL: Error opening /sys/kernel/hbtp/display_pwr: No such file or directory
01-03 10:11:09.001 813 813 D SurfaceFlinger: Set power mode=2, type=0 flinger=0x790f655000
01-03 10:11:09.001 572 781 I SDM : DisplayBase::SetDisplayState: Set state = 1, display 0
01-03 10:11:09.002 2101 2157 I DisplayManagerService: Display device changed state: "Built-in Screen", ON
01-03 10:11:09.003 2101 6688 D CompatibilityInfo: mCompatibilityFlags - 0
01-03 10:11:09.003 2101 6688 D CompatibilityInfo: applicationDensity - 480
01-03 10:11:09.003 2101 6688 D CompatibilityInfo: applicationScale - 1.0
01-03 10:11:09.008 2101 8369 D CompatibilityInfo: mCompatibilityFlags - 0
01-03 10:11:09.008 2101 8369 D CompatibilityInfo: applicationDensity - 480
01-03 10:11:09.008 2101 8369 D CompatibilityInfo: applicationScale - 1.0
01-03 10:11:09.012 2101 2146 W BroadcastQueue: Background execution not allowed: receiving Intent { act=android.intent.action.USER_PRESENT flg=0x24200010 } to com.google.android.gms/.trustagent.UserPresentBroadcastReceiver
01-03 10:11:09.013 2101 2146 W BroadcastQueue: Background execution not allowed: receiving Intent { act=android.intent.action.USER_PRESENT flg=0x24200010 } to com.google.android.gms/.chimera.GmsIntentOperationService$PersistentTrustedReceiver
01-03 10:11:09.014 556 556 D audio_hw_primary: adev_set_parameters: enter: screen_state=off
01-03 10:11:09.014 556 556 D msm8916_platform: platform_set_parameters: enter: - screen_state=off
01-03 10:11:09.014 556 556 D msm8916_platform: platform_set_parameters:mic_ret: -2
01-03 10:11:09.014 556 556 D msm8916_platform: platform_set_parameters:loopback_ret: 0
01-03 10:11:09.014 556 556 D audio_hw_extn: audio_extn_set_anc_parameters: anc_enabled:0
01-03 10:11:09.014 556 556 D audio_hw_spkr_prot: audio_extn_fbsp_set_parameters: Speaker protection disabled
01-03 10:11:09.022 2101 8369 D CompatibilityInfo: mCompatibilityFlags - 0
01-03 10:11:09.022 2101 8369 D CompatibilityInfo: applicationDensity - 480
01-03 10:11:09.022 2101 8369 D CompatibilityInfo: applicationScale - 1.0
01-03 10:11:09.029 2101 2240 I InputReader: Reconfiguring input devices. changes=0x00000004
01-03 10:11:09.029 2101 6688 D CompatibilityInfo: mCompatibilityFlags - 0
01-03 10:11:09.029 2101 6688 D CompatibilityInfo: applicationDensity - 480
01-03 10:11:09.029 2101 6688 D CompatibilityInfo: applicationScale - 1.0
01-03 10:11:09.033 2856 2856 V KeyguardStatusView: Schedule setEnableMarquee: Enable
01-03 10:11:09.037 12870 12870 I SearchServiceCore: Event Bus thread is enabled
01-03 10:11:09.037 10220 10220 D libandroid-freeze-test.so: @@@ getTextBeforeCursor
01-03 10:11:09.037 10220 10220 D libandroid-freeze-test.so: @@@ runOnQtThread Qt::ApplicationActive
01-03 10:11:09.037 10220 10220 D libandroid-freeze-test.so: @@@ runOnQtThread doing blocking connection
01-03 10:11:09.041 8389 9590 I CastDatabase: Opening the database
01-03 10:11:09.047 2856 2856 I vol.Events: writeEvent dismiss_dialog screen_off
01-03 10:11:09.051 2101 8366 I WifiService: startScan uid=10016
01-03 10:11:09.052 8389 9590 I SQLiteCastStore: 0 CastNetworkInfo instances loaded, 0 CastDeviceInfo instances loaded, 0 paired guest mode devices loaded.
01-03 10:11:09.058 2822 2822 D BtOppService: action : android.intent.action.SCREEN_OFF
01-03 10:11:09.120 2101 2240 D KeyLayoutMap: mapKey: scanCode=116, usageCode=0x00000000 ~ Result keyCode=26, outFlags=0x00000000.
01-03 10:11:09.120 2101 2240 D WindowManager: interceptKeyTq keycode=26 interactive=true keyguardActive=false policyFlags=22000000
01-03 10:11:09.126 8389 8389 I DiscoveryManager: WifiGuestModeDeviceScanner enabled.
01-03 10:11:09.174 3237 3237 D QtiCarrierConfigHelper: WARNING, no carrier configs on phone Id: 0
01-03 10:11:09.262 813 813 D SurfaceFlinger: Finished set power mode=2, type=0
01-03 10:11:09.262 2101 2812 D SurfaceControl: Excessive delay in setPowerMode()
01-03 10:11:09.267 2856 2856 D KeyguardUpdateMonitor: received broadcast android.intent.action.BATTERY_CHANGED
01-03 10:11:09.268 2856 2856 D KeyguardUpdateMonitor: handleBatteryUpdate
01-03 10:11:09.282 2101 3987 V LocSvc_HIDL_Subscription_jni: screen_status_update
01-03 10:11:09.282 2101 3987 V LocSvc_HIDL_Subscription_jni: [screen_status_update][528] [HC] =>> [HS]
01-03 10:11:09.282 584 584 V LocSvc_HIDL_IzatSubscription: [screenStatusUpdate][575] [HS] <<<<= [HC]
01-03 10:11:09.283 2101 3987 V LocSvc_HIDL_Subscription_jni: Exit Result 0
01-03 10:11:09.284 3194 3194 D DPMJ : |SERVICE| DPM received action android.intent.action.SCREEN_OFF
01-03 10:11:09.284 3194 3194 I DPMJ : |SERVICE| sendScreenState: state: false
01-03 10:11:09.284 3661 3661 E LibSecureUISvc: svc_sock_send_message(suisvc): invalid remote socket suitch
01-03 10:11:09.285 3661 3661 E LibSecureUISvc: svc_sock_send_message(suisvc): invalid remote socket suilst
01-03 10:11:09.988 2101 2157 W WindowManager: Timeout waiting for drawn: undrawn=[Window{f4bf1b1 u0 PopupWindow:8616b46}, Window{d05ed99 u0 org.qtproject.example.android_freeze_test/org.qtproject.qt5.android.bindings.QtActivity}]
01-03 10:11:09.998 2101 2159 I DisplayPowerController: Unblocked screen on after 1028 ms
01-03 10:11:10.001 2856 3330 D KeyguardViewMediator: notifyScreenTurnedOn
01-03 10:11:10.001 2101 2159 W PowerManagerService: Screen on took 1034 ms