11-05 13:20:44.356 13491 13491 D HotwordClientUtils: setHotWordDetection : call requestHotWordDetection false
11-05 13:20:44.358 20645 20712 I WorkerManager: Releasing worker: [sharedmicrodetection]/[17]/[com.google.android.apps.gsa.staticplugins.microdetection.aj]
11-05 13:20:44.358 20645 20712 I WorkerManager: Releasing worker: [sharedmicrodetection]/[17]/[com.google.android.apps.gsa.staticplugins.microdetection.aj]
11-05 13:20:44.358 20645 20712 I WorkerManager: Releasing worker: [sharebear]/[124]/[com.google.android.apps.gsa.staticplugins.sharebear.ba]
11-05 13:20:44.358 20645 20712 I WorkerManager: Releasing worker: [sharebear]/[124]/[com.google.android.apps.gsa.staticplugins.sharebear.ba]
11-05 13:20:44.358 1861 2558 I DecorView: mWindow.mActivityCurrentConfig is null.
11-05 13:20:44.359 20645 20712 I WorkerManager: Releasing worker: [sharebear]/[124]/[com.google.android.apps.gsa.staticplugins.sharebear.ba]
11-05 13:20:44.359 1861 2558 I DecorView: createDecorCaptionView >> DecorView@d4c20b4[wiggly], isFloating: false, isApplication: false, hasWindowDecorCaption: false, hasWindowControllerCallback: false
11-05 13:20:44.359 20645 20712 I WorkerManager: Releasing worker: [sharebear]/[124]/[com.google.android.apps.gsa.staticplugins.sharebear.ba]
11-05 13:20:44.359 1861 13928 I ActivityManager: DSS on for com.samsung.knox.securefolder and scale is 1.0
11-05 13:20:44.361 1861 13928 I ActivityManager: mTimer start at this point for Notification solution
11-05 13:20:44.361 1861 13928 I ActivityManager: mTimer scheduling done
11-05 13:20:44.362 1861 13928 D StorageManagerService: getExternalStorageMountMode : 1
11-05 13:20:44.362 1861 13928 D StorageManagerService: getExternalStorageMountMode : 3
11-05 13:20:44.362 1861 13928 D StorageManagerService: getExternalStorageMountMode : final mountMode=1, uid : 10234, packageName : org.qtproject.example.wiggly
11-05 13:20:44.362 1861 13928 I ApplicationPolicy: isApplicationExternalStorageWhitelisted:org.qtproject.example.wiggly user:0
11-05 13:20:44.362 1861 13928 D ApplicationPolicy: isApplicationExternalStorageWhitelisted: DO is not enabled on user 0. Allowed.
11-05 13:20:44.362 1861 13928 D ActivityManager: package org.qtproject.example.wiggly, user - 0 is SDcard whitelisted
11-05 13:20:44.362 1861 13928 I ApplicationPolicy: isApplicationExternalStorageBlacklisted:org.qtproject.example.wiggly user:0
11-05 13:20:44.362 1861 13928 D ApplicationPolicy: isApplicationExternalStorageBlacklisted: DO is not enabled on user 0. Allowed.
11-05 13:20:44.362 1861 13928 I ApplicationPolicy: isApplicationExternalStorageBlacklisted:org.qtproject.example.wiggly user:0
11-05 13:20:44.362 1861 13928 D ApplicationPolicy: isApplicationExternalStorageBlacklisted: DO is not enabled on user 0. Allowed.
11-05 13:20:44.363 1861 13928 V ActivityManager: Scheduling idle now: forceIdle=trueimmediate=true
11-05 13:20:44.366 1861 2558 D InputTransport: Input channel constructed: fd=654
11-05 13:20:44.366 1861 2558 D InputTransport: Input channel constructed: fd=655
11-05 13:20:44.367 764 2644 I SurfaceFlinger: id=1367 createSurf (5120x5120),2 flag=4, 60c6f13 Splash Screen org.qtproject.example.wiggly#0
11-05 13:20:44.370 1861 2558 D ViewRootImpl@810ea02[wiggly]: setView = DecorView@d4c20b4[wiggly] TM=true MM=false
11-05 13:20:44.372 1861 2558 V WindowManager: Relayout Window{60c6f13 u0 Splash Screen org.qtproject.example.wiggly}: viewVisibility=0 req=1600x2560 {(0,0)(fillxfill) sim={adjust=pan} ty=APPLICATION_STARTING wanim=0x10302fe
11-05 13:20:44.372 1861 2558 V WindowManager: fl=81830118
11-05 13:20:44.372 1861 2558 V WindowManager: pfl=1020011
11-05 13:20:44.372 1861 2558 V WindowManager: vsysui=10 naviIconColor=0}
11-05 13:20:44.373 1861 2558 V WindowManager: Resize reasons for w=Window{896b830 u0 com.android.systemui.ImageWallpaper}: contentInsetsChanged=false [0,0][960,0] visibleInsetsChanged=true [0,54][960,108] stableInsetsChanged=false [0,54][960,108] outsetsChanged=false [0,0][0,0] surfaceResized=false configChanged=false dragResizingChanged=false reportOrientationChanged=false displayCutoutChanged=false nextForceRelayoutToClient=false
11-05 13:20:44.373 20645 20712 I MicroDetectionState: Should stop hotword detection immediately - false
11-05 13:20:44.375 764 2644 I SurfaceFlinger: id=1368 createSurf (1600x2560),1 flag=404, Splash Screen org.qtproject.example.wiggly#0
11-05 13:20:44.377 1861 2558 D WindowManager: makeSurface duration=3 name=Splash Screen org.qtproject.example.wiggly
11-05 13:20:44.377 1861 2558 V WindowManager: Changing focus from Window{f4d93eb u0 com.sec.android.app.launcher/com.sec.android.app.launcher.activities.LauncherActivity} to null Callers=com.android.server.wm.WindowManagerService.relayoutWindow:2518 com.android.server.wm.Session.relayoutForTranslate:302 android.view.ViewRootImpl.relayoutWindow:7752 android.view.ViewRootImpl.performTraversals:2505
11-05 13:20:44.378 1861 2558 D InputDispatcher: Focus left window (13491): f4d93eb 0
11-05 13:20:44.378 1861 2558 D ViewRootImpl@810ea02[wiggly]: Relayout returned: old=[0,0][1600,2560] new=[0,0][1600,2560] result=0x7 surface={true 526909685760} changed=true
11-05 13:20:44.378 1861 12526 V ActivityManager: Scheduling idle now: forceIdle=trueimmediate=true
11-05 13:20:44.379 1861 1941 D WindowManager: reportFocusChangedSerialized, focused=false, inTouchMode=true, win=Window{f4d93eb u0 com.sec.android.app.launcher/com.sec.android.app.launcher.activities.LauncherActivity}
11-05 13:20:44.380 1861 12526 V WindowManager: Resize reasons for w=Window{60c6f13 u0 Splash Screen org.qtproject.example.wiggly}: contentInsetsChanged=false [0,54][0,108] visibleInsetsChanged=false [0,54][0,108] stableInsetsChanged=false [0,54][0,108] outsetsChanged=false [0,0][0,0] surfaceResized=false configChanged=false dragResizingChanged=false reportOrientationChanged=false displayCutoutChanged=false nextForceRelayoutToClient=false
11-05 13:20:44.381 1861 1861 D MdnieScenarioControlService: MultiWindowState : false
11-05 13:20:44.382 13491 13491 D ViewRootImpl@629549a[LauncherActivity]: MSG_WINDOW_FOCUS_CHANGED 0 1
11-05 13:20:44.382 13491 13491 D InputMethodManager: prepareNavigationBarInfo() DecorView@9e0bc23[LauncherActivity]
11-05 13:20:44.382 13491 13491 D InputMethodManager: getNavigationBarColor() 0
11-05 13:20:44.383 1861 1861 D CS_HdrController: updateMultiWindowState : 0
11-05 13:20:44.384 1861 1861 D Telecom:SamsungPrebindingServiceImpl: onTopActivityChanged : ComponentInfo{org.qtproject.example.wiggly/org.qtproject.qt5.android.bindings.QtActivity}
11-05 13:20:44.384 14130 14130 D WallpaperService: updateSurface forceRelayout=true forceReport=false redrawNeeded=false myWidth=2560 myHeight=2560 fixedSize=true x = 0 y = 0 mWidth=2560 mHeight=2560 mIsSleepMode=false
11-05 13:20:44.385 1861 13773 I ActivityManager: Killing 19121:com.sec.android.app.billing/u0a52 (adj 906): empty #25
11-05 13:20:44.385 1861 18843 V WindowManager: Relayout Window{896b830 u0 com.android.systemui.ImageWallpaper}: viewVisibility=0 req=2560x2560 {(0,0)(2560x2560) gr=TOP START CENTER layoutInDisplayCutoutMode=always ty=WALLPAPER fmt=RGBX_8888 wanim=0x103030f
11-05 13:20:44.385 1861 18843 V WindowManager: fl=10318
11-05 13:20:44.385 1861 18843 V WindowManager: pfl=4 naviIconColor=0}
11-05 13:20:44.386 20791 20791 I GsaVoiceInteractionSrv: Handling ACTION_STOP_DSP_HOTWORD
11-05 13:20:44.388 14130 14130 D WallpaperService: updateSurface redrawNeeded=false didSurface=false
11-05 13:20:44.388 14130 14130 D ImageWallpaper: onOffsetsChanged: xOffset=0.5, yOffset=0.5, xOffsetStep=-1.0, yOffsetStep=-1.0, xPixels=0, yPixels=0
11-05 13:20:44.388 14130 14130 D ImageWallpaper: newRotation : 0,mLastRotation : 0 ,mBackgroundWidth = 2560, mBackgroundWidth = 2560
11-05 13:20:44.388 14130 14130 D ImageWallpaper: drawFrame:[frame.width()]2560[frame.height()]2560, deviceWidth = 1600, deviceHeight = 2560
11-05 13:20:44.388 14130 14130 D ImageWallpaper: surfaceDimensionsChanged=false mDisplayWidth=1600 mDisplayHeight=2560
11-05 13:20:44.388 14130 14130 D ImageWallpaper: redrawNeeded = false, mNeedsDrawAfterLoadingWallpaper = false
11-05 13:20:44.388 14130 14130 D ImageWallpaper: mSurfaceRedrawNeeded = false, mForceDraw = false, redrawNeeded = false, mOffsetsChanged = false, mFolderStateChanged = false
11-05 13:20:44.388 14130 14130 D ImageWallpaper: Suppressed drawFrame since redraw is not needed and offsets have not changed.
11-05 13:20:44.389 705 1463 I sound_trigger_hw_dbmdx: stdev_stop_recognition_ex: sound model 5
11-05 13:20:44.389 705 1463 I sound_trigger_hw_dbmdx: dbmdx_stop_recognition_for_model: Stop recognition, model handle: 5
11-05 13:20:44.391 1861 1932 I ActivityManager: Start proc 19782:org.qtproject.example.wiggly/u0a234 for activity org.qtproject.example.wiggly/org.qtproject.qt5.android.bindings.QtActivity
11-05 13:20:44.392 20645 20712 I WorkerManager: Releasing worker: [searchwidget]/[59]/[com.google.android.apps.gsa.staticplugins.searchwidget.av]
11-05 13:20:44.393 20645 20712 I WorkerManager: Releasing worker: [searchwidget]/[59]/[com.google.android.apps.gsa.staticplugins.searchwidget.av]
11-05 13:20:44.394 20645 20712 I WorkerManager: Releasing worker: [searchplate]/[26]/[com.google.android.apps.gsa.staticplugins.eb.c]
11-05 13:20:44.395 20645 20712 I chatty : uid=10079(com.google.android.googlequicksearchbox) EventBus0 identical 2 lines
11-05 13:20:44.395 20645 20712 I WorkerManager: Releasing worker: [searchplate]/[26]/[com.google.android.apps.gsa.staticplugins.eb.c]
11-05 13:20:44.396 19756 19756 I ox.securefolde: The ClassLoaderContext is a special shared library.
11-05 13:20:44.396 19782 19782 E Zygote : isWhitelistProcess - Process is Whitelisted
11-05 13:20:44.396 19782 19782 E Zygote : accessInfo : 1
11-05 13:20:44.397 20645 20712 I WorkerManager: Releasing worker: [searchboxroot]/[24]/[com.google.android.apps.gsa.staticplugins.searchboxroot.v]
11-05 13:20:44.398 20645 20712 I WorkerManager: Releasing worker: [searchboxroot]/[24]/[com.google.android.apps.gsa.staticplugins.searchboxroot.v]
11-05 13:20:44.398 20645 17017 I PBSessionCacheImpl: Deleted sessionId[90799242809194448] from persistence.
11-05 13:20:44.398 20645 20712 I WorkerManager: Releasing worker: [searchboxroot]/[24]/[com.google.android.apps.gsa.staticplugins.searchboxroot.v]
11-05 13:20:44.398 20645 20712 I WorkerManager: Releasing worker: [searchboxroot]/[24]/[com.google.android.apps.gsa.staticplugins.searchboxroot.v]
11-05 13:20:44.398 20645 20712 I WorkerManager: Releasing worker: [actions]/[1]/[com.google.android.apps.gsa.staticplugins.actions.q]
11-05 13:20:44.398 20645 20712 I chatty : uid=10079(com.google.android.googlequicksearchbox) EventBus0 identical 2 lines
11-05 13:20:44.399 20645 20712 I WorkerManager: Releasing worker: [actions]/[1]/[com.google.android.apps.gsa.staticplugins.actions.q]
11-05 13:20:44.400 20645 20712 I WorkerManager: Releasing worker: [searchboxroot]/[24]/[com.google.android.apps.gsa.staticplugins.searchboxroot.v]
11-05 13:20:44.401 20645 20712 I chatty : uid=10079(com.google.android.googlequicksearchbox) EventBus0 identical 2 lines
11-05 13:20:44.401 20645 20712 I WorkerManager: Releasing worker: [searchboxroot]/[24]/[com.google.android.apps.gsa.staticplugins.searchboxroot.v]
11-05 13:20:44.401 20645 20712 I WorkerManager: Releasing worker: [actions]/[1]/[com.google.android.apps.gsa.staticplugins.actions.q]
11-05 13:20:44.401 20645 20712 I WorkerManager: Releasing worker: [actions]/[1]/[com.google.android.apps.gsa.staticplugins.actions.q]
11-05 13:20:44.401 20645 20712 I WorkerManager: Releasing worker: [legacyui]/[63]/[com.google.android.apps.gsa.staticplugins.cb.a]
11-05 13:20:44.401 20645 20712 I WorkerManager: Releasing worker: [legacyui]/[63]/[com.google.android.apps.gsa.staticplugins.cb.a]
11-05 13:20:44.402 19756 19756 I ox.securefolde: The ClassLoaderContext is a special shared library.
11-05 13:20:44.402 20645 20712 I WorkerManager: Releasing worker: [searchplate]/[26]/[com.google.android.apps.gsa.staticplugins.eb.c]
11-05 13:20:44.402 20645 20712 I chatty : uid=10079(com.google.android.googlequicksearchbox) EventBus0 identical 2 lines
11-05 13:20:44.402 20645 20712 I WorkerManager: Releasing worker: [searchplate]/[26]/[com.google.android.apps.gsa.staticplugins.eb.c]
11-05 13:20:44.402 20645 20712 I WorkerManager: Releasing worker: [conversation]/[44]/[com.google.android.apps.gsa.staticplugins.aj.a]
11-05 13:20:44.402 20645 20712 I WorkerManager: Releasing worker: [conversation]/[44]/[com.google.android.apps.gsa.staticplugins.aj.a]
11-05 13:20:44.402 20645 20712 I WorkerManager: Releasing worker: [message]/[68]/[com.google.android.apps.gsa.staticplugins.messages.p]
11-05 13:20:44.402 20645 20712 I WorkerManager: Releasing worker: [message]/[68]/[com.google.android.apps.gsa.staticplugins.messages.p]
11-05 13:20:44.403 20645 20712 I WorkerManager: Releasing worker: [context]/[50]/[com.google.android.apps.gsa.staticplugins.ai.m]
11-05 13:20:44.403 20645 20712 I WorkerManager: Releasing worker: [context]/[50]/[com.google.android.apps.gsa.staticplugins.ai.m]
11-05 13:20:44.403 20645 20712 I WorkerManager: Releasing worker: [actionvelogging]/[2]/[com.google.android.apps.gsa.staticplugins.a.d]
11-05 13:20:44.403 20645 20712 I WorkerManager: Releasing worker: [actionvelogging]/[2]/[com.google.android.apps.gsa.staticplugins.a.d]
11-05 13:20:44.403 20645 20712 I WorkerManager: Releasing worker: [sharedmicrodetection]/[17]/[com.google.android.apps.gsa.staticplugins.microdetection.aj]
11-05 13:20:44.403 20645 20712 I WorkerManager: Releasing worker: [sharedmicrodetection]/[17]/[com.google.android.apps.gsa.staticplugins.microdetection.aj]
11-05 13:20:44.403 20645 20712 I WorkerManager: Releasing worker: [audio]/[4]/[com.google.android.apps.gsa.staticplugins.m.n]
11-05 13:20:44.404 20645 20712 I chatty : uid=10079(com.google.android.googlequicksearchbox) EventBus0 identical 2 lines
11-05 13:20:44.404 20645 20712 I WorkerManager: Releasing worker: [audio]/[4]/[com.google.android.apps.gsa.staticplugins.m.n]
11-05 13:20:44.404 1861 1933 W libprocessgroup: kill(-19121, 9) failed: No such process
11-05 13:20:44.405 1861 2558 D WindowManager: finishDrawingWindow: Window{60c6f13 u0 Splash Screen org.qtproject.example.wiggly} mDrawState=DRAW_PENDING
11-05 13:20:44.405 1861 2558 D ViewRootImpl@810ea02[wiggly]: MSG_RESIZED_REPORT: frame=[0,0][1600,2560] ci=[0,54][0,108] vi=[0,54][0,108] or=1
11-05 13:20:44.406 1861 2558 I WindowManager: commitFinishDrawingLocked: mDrawState=READY_TO_SHOW Surface(name=Splash Screen org.qtproject.example.wiggly)/@0xba7a44e
11-05 13:20:44.408 20645 20712 I WorkerManager: Releasing worker: [progress]/[379]/[com.google.android.apps.gsa.staticplugins.df.a]
11-05 13:20:44.408 20645 20712 I WorkerManager: Releasing worker: [progress]/[379]/[com.google.android.apps.gsa.staticplugins.df.a]
11-05 13:20:44.409 20645 20712 I WorkerManager: Releasing worker: [sharebear]/[124]/[com.google.android.apps.gsa.staticplugins.sharebear.ba]
11-05 13:20:44.409 20645 20712 I WorkerManager: Releasing worker: [sharebear]/[124]/[com.google.android.apps.gsa.staticplugins.sharebear.ba]
11-05 13:20:44.409 20645 20712 I WorkerManager: Releasing worker: [logo_header]/[71]/[com.google.android.apps.gsa.staticplugins.ce.a]
11-05 13:20:44.409 20645 20712 I WorkerManager: Releasing worker: [logo_header]/[71]/[com.google.android.apps.gsa.staticplugins.ce.a]
11-05 13:20:44.409 1861 1933 W libprocessgroup: kill(-19121, 9) failed: No such process
11-05 13:20:44.410 20645 20712 I WorkerManager: Releasing worker: [sharebear]/[124]/[com.google.android.apps.gsa.staticplugins.sharebear.ba]
11-05 13:20:44.410 20645 20712 I WorkerManager: Releasing worker: [sharebear]/[124]/[com.google.android.apps.gsa.staticplugins.sharebear.ba]
11-05 13:20:44.411 20645 20712 I WorkerManager: Releasing worker: [searchboxroot]/[24]/[com.google.android.apps.gsa.staticplugins.searchboxroot.v]
11-05 13:20:44.411 20645 20712 I WorkerManager: Releasing worker: [searchboxroot]/[24]/[com.google.android.apps.gsa.staticplugins.searchboxroot.v]
11-05 13:20:44.411 19782 19782 I .example.wiggl: Late-enabling -Xcheck:jni
11-05 13:20:44.411 19733 19733 D NetworkSecurityConfig: No Network Security Config specified, using platform default
11-05 13:20:44.411 20645 20712 I WorkerManager: Releasing worker: [actions]/[1]/[com.google.android.apps.gsa.staticplugins.actions.q]
11-05 13:20:44.411 20645 20712 I chatty : uid=10079(com.google.android.googlequicksearchbox) EventBus0 identical 2 lines
11-05 13:20:44.411 20645 20712 I WorkerManager: Releasing worker: [actions]/[1]/[com.google.android.apps.gsa.staticplugins.actions.q]
11-05 13:20:44.412 20645 20712 W SearchServiceCore: Abort, client detached.
11-05 13:20:44.415 1861 1933 W libprocessgroup: kill(-19121, 9) failed: No such process
11-05 13:20:44.426 1861 13773 D ConnectivityService: filterNetworkStateForUid() uid: 10028, pid: 19733
11-05 13:20:44.426 1861 13773 D ConnectivityService: isNetworkWithLinkPropertiesBlocked: uid=10028, vpn=DISCONNECTED,false
11-05 13:20:44.426 1861 13773 D ConnectivityService: filterNetworkStateForUid() uid: 10028, pid: 19733, networkInfo: [type: WIFI[], state: CONNECTED/CONNECTED, reason: (unspecified), extra: (none), failover: false, available: true, roaming: false]
11-05 13:20:44.420 1861 1933 I chatty : uid=1000(system) ActivityManager identical 1 line
11-05 13:20:44.426 1861 1933 W libprocessgroup: kill(-19121, 9) failed: No such process
11-05 13:20:44.429 19756 19756 D KnoxUsageDB: getInstance - KnoxUsageDBHelper
11-05 13:20:44.429 19756 19756 D KnoxUsageDB: null == mDbHelperInstance - KnoxUsageDBHelper
11-05 13:20:44.430 706 16384 D vendor.qti.bluetooth@1.0-wake_lock: Release wakelock is released
11-05 13:20:44.431 1861 1933 W libprocessgroup: kill(-19121, 9) failed: No such process
11-05 13:20:44.438 1861 2558 D WindowManager: finishDrawingWindow: Window{60c6f13 u0 Splash Screen org.qtproject.example.wiggly} mDrawState=READY_TO_SHOW
11-05 13:20:44.438 1861 1933 W libprocessgroup: kill(-19121, 9) failed: No such process
11-05 13:20:44.438 19733 19766 I FA : App measurement is starting up, version: 14710
11-05 13:20:44.438 19733 19766 I FA : To enable debug logging run: adb shell setprop log.tag.FA VERBOSE
11-05 13:20:44.439 19733 19766 I FA : To enable faster debug mode event logging run:
11-05 13:20:44.439 19733 19766 I FA : adb shell setprop debug.firebase.analytics.app com.samsung.android.game.gamehome
11-05 13:20:44.443 1861 1933 W libprocessgroup: kill(-19121, 9) failed: No such process
11-05 13:20:44.448 1861 1933 W libprocessgroup: kill(-19121, 9) failed: No such process
11-05 13:20:44.448 1861 1933 I libprocessgroup: Successfully killed process cgroup uid 10052 pid 19121 in 63ms
11-05 13:20:44.449 1092 1092 I Zygote : Process 19121 exited due to signal (9)
11-05 13:20:44.450 1861 18843 I WindowManager: commitFinishDrawingLocked: mDrawState=READY_TO_SHOW Surface(name=Splash Screen org.qtproject.example.wiggly)/@0xba7a44e
11-05 13:20:44.458 19756 19798 D SF:SALogging: run: init SALogging UserHandle{0}
11-05 13:20:44.460 1861 12526 I ActivityManager: DSS on for org.qtproject.example.wiggly and scale is 1.0
11-05 13:20:44.462 1861 12526 V WindowOrientationListener: getProposedRotation :-1
11-05 13:20:44.462 1861 12526 V WindowManager: rotationForOrientationLw(orient=-1, last=0); user=0 sensorRotation=-1 mLidState=-1 mDockMode=0 mHdmiPlugged=false
11-05 13:20:44.463 19756 19756 D KnoxPackageReceiver: received intent Intent { act=android.intent.action.PACKAGE_ADDED dat=package:org.qtproject.example.wiggly flg=0x4000010 cmp=com.samsung.knox.securefolder/.containeragent.detector.KnoxPackageStateReceiver (has extras) }
11-05 13:20:44.463 1861 12526 I WindowManager: commitFinishDrawingLocked: mDrawState=READY_TO_SHOW Surface(name=Splash Screen org.qtproject.example.wiggly)/@0xba7a44e
11-05 13:20:44.463 19756 19756 D KnoxPackageReceiver: onReceive intent
11-05 13:20:44.463 19756 19756 D KnoxPackageReceiver: ACTION_PACKAGE_ADDED intent received
11-05 13:20:44.463 19756 19756 D KnoxPackageReceiver: packageName:org.qtproject.example.wiggly
11-05 13:20:44.463 19756 19756 D KnoxPackageReceiver: userId 0
11-05 13:20:44.465 19756 19756 D KnoxPackageReceiver: installerPackage:null
11-05 13:20:44.465 19756 19756 D KnoxPackageReceiver: Application installed. Exiting.....
11-05 13:20:44.466 1861 12526 D GamePkgDataHelper: notifyAppCreate(), pkgName: org.qtproject.example.wiggly, sendRet: true
11-05 13:20:44.466 1861 12263 D GamePkgDataHelper: getGamePkgData(). org.qtproject.example.wiggly
11-05 13:20:44.466 1861 12263 D GameManagerService: handleMessage(), MSG_APP_CREATE. ignore. pkgName: org.qtproject.example.wiggly
11-05 13:20:44.466 1861 12526 D InputDispatcher: Focused application set to: 8ccffa1
11-05 13:20:44.467 1861 12526 D GamePkgDataHelper: getSosPolicy(). org.qtproject.example.wiggly
11-05 13:20:44.467 1861 13773 D GamePkgDataHelper: getGamePkgDataIncServer(). org.qtproject.example.wiggly
11-05 13:20:44.467 1861 12526 D GameManagerService: identifyGamePackage. org.qtproject.example.wiggly
11-05 13:20:44.467 1861 12526 D GamePkgDataHelper: getGamePkgData(). org.qtproject.example.wiggly
11-05 13:20:44.467 1861 12526 D GameManagerService: noteResumeComponent(), resumeComponent: org.qtproject.example.wiggly
11-05 13:20:44.468 1861 12263 D GameManagerService: handleForegroundChange(). pkgName: org.qtproject.example.wiggly, clsName: org.qtproject.qt5.android.bindings.QtActivity,FgActivityName:org.qtproject.example.wiggly/org.qtproject.qt5.android.bindings.QtActivity
11-05 13:20:44.468 1861 12263 D GameManagerService: handleForegroundChange(). set mFgApp: org.qtproject.example.wiggly
11-05 13:20:44.468 1861 12526 D MARsPolicyManager: onPackageResumedFG pkgName = org.qtproject.example.wiggly, userId = 0
11-05 13:20:44.468 1861 12263 D GameManagerService: notifyResumePause(). pkg: org.qtproject.example.wiggly, type: 4, isMinimized: false, isTunableApp: false
11-05 13:20:44.468 1861 12263 D GameManagerService: notifyResumePause(). unexpected mPrevNotiType: -1
11-05 13:20:44.468 1176 1298 E IptablesRestoreController: [iptables debug]iptables-restore execute *filter
11-05 13:20:44.468 1176 1298 E IptablesRestoreController: -D fw_standby -m owner --uid-owner 10234 -j DROP
11-05 13:20:44.468 1176 1298 E IptablesRestoreController: COMMIT
11-05 13:20:44.468 1861 2558 I WindowManager: commitFinishDrawingLocked: mDrawState=READY_TO_SHOW Surface(name=Splash Screen org.qtproject.example.wiggly)/@0xba7a44e
11-05 13:20:44.470 1861 1931 D HardcoderService: FG change to org.qtproject.example.wiggly (10234, 19782)
11-05 13:20:44.470 1861 2558 I WindowManager: Cancelling animation restarting=true, leash=null, surface=Surface(name=AppWindowToken{6bf1909 token=Token{758ca10 ActivityRecord{98c0ed3 u0 com.sec.android.app.launcher/.activities.LauncherActivity t4}}})/@0x79af642, parent=Surface(name=Task=4)/@0xd0f2653
11-05 13:20:44.470 1861 2558 I WindowManager: Reparenting to leash, surface=Surface(name=AppWindowToken{6bf1909 token=Token{758ca10 ActivityRecord{98c0ed3 u0 com.sec.android.app.launcher/.activities.LauncherActivity t4}}})/@0x79af642
11-05 13:20:44.470 1861 13773 D GamePkgDataHelper: getSosPolicy(). org.qtproject.example.wiggly
11-05 13:20:44.470 1194 2608 D sechcserver: Foreground app changed!
11-05 13:20:44.470 1194 2608 D sechcserver: Cur FG uid: 10234, type: 0
11-05 13:20:44.470 1194 2608 D sechcserver: Release all resource
11-05 13:20:44.470 1194 2608 E NativeSemDvfsCpuManager: release:: Start
11-05 13:20:44.470 1194 2608 E SemOpenPerfStorageManager: release:: Start
11-05 13:20:44.470 1194 2608 E SemOpenPerfStorageManager: release:: DVFS lock is already released. Previous lock will be acquire first.
11-05 13:20:44.471 764 2644 I SurfaceFlinger: id=1369 createSurf (5120x5120),2 flag=4, Surface(name=AppWindowToken{6bf1909 token=Token{758ca10 ActivityRecord{98c0ed3 u0 com.sec.android.app.launcher/.activities.LauncherActivity t4}}})/@0x79af642 - animation-leash#0
11-05 13:20:44.472 1176 1298 E IptablesRestoreController: [iptables debug]iptables-restore execute done, res : 0
11-05 13:20:44.474 1861 2558 D WindowManager: makeSurface duration=4 leash=Surface(name=Surface(name=AppWindowToken{6bf1909 token=Token{758ca10 ActivityRecord{98c0ed3 u0 com.sec.android.app.launcher/.activities.LauncherActivity t4}}})/@0x79af642 - animation-leash)/@0x66e0914
11-05 13:20:44.475 1861 2558 D SurfaceControl: reparent is called, sc=Surface(name=AppWindowToken{6bf1909 token=Token{758ca10 ActivityRecord{98c0ed3 u0 com.sec.android.app.launcher/.activities.LauncherActivity t4}}})/@0x79af642, newParentHandle=android.os.BinderProxy@d1625bd, transaction=android.view.SurfaceControl$Transaction@966348e
11-05 13:20:44.476 1861 2558 I WindowManager: Cancelling animation restarting=true, leash=null, surface=Surface(name=AppWindowToken{8ccffa1 token=Token{d5a4c08 ActivityRecord{6aafdab u0 org.qtproject.example.wiggly/org.qtproject.qt5.android.bindings.QtActivity t53}}})/@0x56c4198, parent=Surface(name=Task=53)/@0xea46df1
11-05 13:20:44.476 1861 2558 I WindowManager: Reparenting to leash, surface=Surface(name=AppWindowToken{8ccffa1 token=Token{d5a4c08 ActivityRecord{6aafdab u0 org.qtproject.example.wiggly/org.qtproject.qt5.android.bindings.QtActivity t53}}})/@0x56c4198
11-05 13:20:44.476 1861 13736 D GameManagerService: getGameList
11-05 13:20:44.476 1861 13736 D GamePkgDataHelper: getGamePkgData(). com.samsung.android.game.gametools
11-05 13:20:44.476 1861 13736 D GamePkgDataHelper: getGamePkgData(). com.samsung.android.game.gamehome
11-05 13:20:44.476 1861 13736 D GamePkgDataHelper: getGamePkgData(). com.sec.android.app.samsungapps
11-05 13:20:44.477 764 820 I SurfaceFlinger: id=1370 createSurf (5120x5120),2 flag=4, Surface(name=AppWindowToken{8ccffa1 token=Token{d5a4c08 ActivityRecord{6aafdab u0 org.qtproject.example.wiggly/org.qtproject.qt5.android.bindings.QtActivity t53}}})/@0x56c4198 - animation-leash#0
11-05 13:20:44.478 19756 19756 D SF:WorkerService: handleMessage: MSG_SET_CONFIGURATION
11-05 13:20:44.479 1861 1931 D CodecSolution: isMaxAspectPackageEx: org.qtproject.example.wiggly : false(0)
11-05 13:20:44.479 1861 2558 D WindowManager: makeSurface duration=3 leash=Surface(name=Surface(name=AppWindowToken{8ccffa1 token=Token{d5a4c08 ActivityRecord{6aafdab u0 org.qtproject.example.wiggly/org.qtproject.qt5.android.bindings.QtActivity t53}}})/@0x56c4198 - animation-leash)/@0xee86dd6
11-05 13:20:44.480 1861 2558 D SurfaceControl: reparent is called, sc=Surface(name=AppWindowToken{8ccffa1 token=Token{d5a4c08 ActivityRecord{6aafdab u0 org.qtproject.example.wiggly/org.qtproject.qt5.android.bindings.QtActivity t53}}})/@0x56c4198, newParentHandle=android.os.BinderProxy@3f22857, transaction=android.view.SurfaceControl$Transaction@afdf44
11-05 13:20:44.480 1861 2558 V WindowManager: performShowLocked: mDrawState=HAS_DRAWN in Window{60c6f13 u0 Splash Screen org.qtproject.example.wiggly}
11-05 13:20:44.482 19756 19756 D SamsungAnalytics201007: [Validation] dma pkg:531401000
11-05 13:20:44.483 764 820 D Layer : [AppWindowToken{6bf1909 token=Token{758ca10 ActivityRecord{98c0ed3 u0 com.sec.android.app.launcher/.activities.LauncherActivity t4}}}#0]::reparent oldParent:[Task=4#0], newParent:[Surface(name=AppWindowToken{6bf1909 token=Token{758ca10 ActivityRecord{98c0ed3 u0 com.sec.android.app.launcher/.activities.LauncherActivity t4}}})/@0x79af642 - animation-leash#0]
11-05 13:20:44.483 764 820 D Layer : [AppWindowToken{8ccffa1 token=Token{d5a4c08 ActivityRecord{6aafdab u0 org.qtproject.example.wiggly/org.qtproject.qt5.android.bindings.QtActivity t53}}}#0]::reparent oldParent:[Task=53#0], newParent:[Surface(name=AppWindowToken{8ccffa1 token=Token{d5a4c08 ActivityRecord{6aafdab u0 org.qtproject.example.wiggly/org.qtproject.qt5.android.bindings.QtActivity t53}}})/@0x56c4198 - animation-leash#0]
11-05 13:20:44.484 1861 14033 D GameManagerService: getGameList
11-05 13:20:44.484 1861 14033 D GamePkgDataHelper: getGamePkgData(). com.samsung.android.game.gametools
11-05 13:20:44.484 1861 14033 D GamePkgDataHelper: getGamePkgData(). com.samsung.android.game.gamehome
11-05 13:20:44.484 1861 14033 D GamePkgDataHelper: getGamePkgData(). com.sec.android.app.samsungapps
11-05 13:20:44.485 1861 13773 W BroadcastQueue: Background execution not allowed: receiving Intent { act=android.intent.action.PACKAGE_ADDED dat=package:org.qtproject.example.wiggly flg=0x4000010 (has extras) } to com.sec.android.app.samsungapps/.receiver.PackageAddedReceiver
11-05 13:20:44.486 19756 19756 D SamsungAnalytics201007: cf feature is supported
11-05 13:20:44.486 1861 13986 D GameManagerService: getGameList
11-05 13:20:44.486 1861 13986 D GamePkgDataHelper: getGamePkgData(). com.samsung.android.game.gametools
11-05 13:20:44.486 1861 13986 D GamePkgDataHelper: getGamePkgData(). com.samsung.android.game.gamehome
11-05 13:20:44.486 1861 13986 D GamePkgDataHelper: getGamePkgData(). com.sec.android.app.samsungapps
11-05 13:20:44.487 1861 13773 I ActivityManager: Killing 18869:com.sec.android.widgetapp.samsungapps/u0a26 (adj 906): empty #25
11-05 13:20:44.487 1861 13986 D GameManagerService: getGameList
11-05 13:20:44.487 1861 13986 D GamePkgDataHelper: getGamePkgData(). com.samsung.android.game.gametools
11-05 13:20:44.487 1861 13986 D GamePkgDataHelper: getGamePkgData(). com.samsung.android.game.gamehome
11-05 13:20:44.487 1861 13986 D GamePkgDataHelper: getGamePkgData(). com.sec.android.app.samsungapps
11-05 13:20:44.489 13420 13655 D SDHMS:s : SIOP:: AP:153(230,80) BAT:249(249,0) CHG:255(255,0) USB:0(0,0) WIFI:210(265,50) PA:194(245,50) ATC:0(0,-999) BLK:248(248,0)
11-05 13:20:44.492 1861 1933 W libprocessgroup: kill(-18869, 9) failed: No such process
11-05 13:20:44.493 1861 1930 D StorageManagerService: getExternalStorageMountMode : 1
11-05 13:20:44.493 1861 1930 D StorageManagerService: getExternalStorageMountMode : 3
11-05 13:20:44.493 1861 1930 D StorageManagerService: getExternalStorageMountMode : final mountMode=1, uid : 10026, packageName : com.sec.android.widgetapp.samsungapps
11-05 13:20:44.493 1861 1930 I ApplicationPolicy: isApplicationExternalStorageWhitelisted:com.sec.android.widgetapp.samsungapps user:0
11-05 13:20:44.494 1861 1930 D ApplicationPolicy: isApplicationExternalStorageWhitelisted: DO is not enabled on user 0. Allowed.
11-05 13:20:44.494 1861 1930 D ActivityManager: package com.sec.android.widgetapp.samsungapps, user - 0 is SDcard whitelisted
11-05 13:20:44.494 1861 1930 I ApplicationPolicy: isApplicationExternalStorageBlacklisted:com.sec.android.widgetapp.samsungapps user:0
11-05 13:20:44.494 1861 1930 D ApplicationPolicy: isApplicationExternalStorageBlacklisted: DO is not enabled on user 0. Allowed.
11-05 13:20:44.494 1861 1930 I ApplicationPolicy: isApplicationExternalStorageBlacklisted:com.sec.android.widgetapp.samsungapps user:0
11-05 13:20:44.494 1861 1930 D ApplicationPolicy: isApplicationExternalStorageBlacklisted: DO is not enabled on user 0. Allowed.
11-05 13:20:44.495 758 15111 V APM_AudioPolicyManager: AudioPolicyManager:setRecordSilenced(uid:10234, silenced:0)
11-05 13:20:44.496 1861 1931 D WindowManager: setSystemUiVisibility: vis= 0x8018, fullscreenVis= 0x0, dockedVis= 0x0, win=Window{60c6f13 u0 Splash Screen org.qtproject.example.wiggly}
11-05 13:20:44.498 1861 1933 W libprocessgroup: kill(-18869, 9) failed: No such process
11-05 13:20:44.498 19756 19756 D SamsungAnalytics201007: send setting
11-05 13:20:44.498 14130 14130 D LightBarController: onNavigationVisibilityChanged : vis = 8018, nbModeChanged = false navigationBarMode = 4
11-05 13:20:44.499 19756 19756 D SamsungAnalytics201007: newThread on Executor
11-05 13:20:44.499 1861 13986 D SamsungPhoneWindowManager: adjustSystemUiVisibilityLw: vis=0x8018
11-05 13:20:44.499 1861 13986 D InputManager-JNI: setSystemUiVisibility dexmode: false changed: true displayid: 0 visibility: 0x8018 DD: 0x8018 OD: 0x0
11-05 13:20:44.501 19756 19756 D SamsungAnalytics201007: [Tracker] Tracker start:2.01.007DLC
11-05 13:20:44.503 1861 1933 W libprocessgroup: kill(-18869, 9) failed: No such process
11-05 13:20:44.504 19756 19756 W SamsungAnalytics201007: [SamsungAnalytics] NullPointerException Attempt to invoke virtual method 'void android.os.Bundle.putBundle(java.lang.String, android.os.Bundle)' on a null object reference
11-05 13:20:44.509 1861 1933 W libprocessgroup: kill(-18869, 9) failed: No such process
11-05 13:20:44.511 1861 1932 I ActivityManager: Start proc 19808:com.sec.android.widgetapp.samsungapps/u0a26 for broadcast com.sec.android.widgetapp.samsungapps/.PackageChangeReceiver
11-05 13:20:44.511 1861 13773 D GameManagerService: identifyGamePackage. org.qtproject.example.wiggly
11-05 13:20:44.511 1861 13773 D GamePkgDataHelper: getGamePkgData(). org.qtproject.example.wiggly
11-05 13:20:44.511 705 19490 I sound_trigger_hw_dbmdx: callback_thread_loop: No active streaming, set idle mode
11-05 13:20:44.511 705 19490 I sound_trigger_hw_dbmdx: stdev_streaming_enable: Streaming from driver was stopped
11-05 13:20:44.512 1861 13773 D GameManagerService: getGameList
11-05 13:20:44.512 1861 13773 D GamePkgDataHelper: getGamePkgData(). com.samsung.android.game.gametools
11-05 13:20:44.512 1861 13773 D GamePkgDataHelper: getGamePkgData(). com.samsung.android.game.gamehome
11-05 13:20:44.512 1861 13773 D GamePkgDataHelper: getGamePkgData(). com.sec.android.app.samsungapps
11-05 13:20:44.514 1861 1933 W libprocessgroup: kill(-18869, 9) failed: No such process
11-05 13:20:44.518 1092 1092 I Zygote : Process 18869 exited due to signal (9)
11-05 13:20:44.520 1861 1933 W libprocessgroup: kill(-18869, 9) failed: No such process
11-05 13:20:44.520 1861 1933 I libprocessgroup: Successfully killed process cgroup uid 10026 pid 18869 in 32ms
11-05 13:20:44.520 1861 1933 W libprocessgroup: Failed to open process cgroup uid 10026 pid 18869: No such file or directory
11-05 13:20:44.520 1861 1933 E libprocessgroup: Error encountered killing process cgroup uid 10026 pid 18869: No such file or directory
11-05 13:20:44.524 1861 18843 D GameManagerService: getGameList
11-05 13:20:44.524 1861 18843 D GamePkgDataHelper: getGamePkgData(). com.samsung.android.game.gametools
11-05 13:20:44.524 1861 18843 D GamePkgDataHelper: getGamePkgData(). com.samsung.android.game.gamehome
11-05 13:20:44.524 1861 18843 D GamePkgDataHelper: getGamePkgData(). com.sec.android.app.samsungapps
11-05 13:20:44.524 19808 19808 E Zygote : isWhitelistProcess - Process is Whitelisted
11-05 13:20:44.525 1861 18843 D GameManagerService: getGameList
11-05 13:20:44.525 1861 18843 D GamePkgDataHelper: getGamePkgData(). com.samsung.android.game.gametools
11-05 13:20:44.525 1861 18843 D GamePkgDataHelper: getGamePkgData(). com.samsung.android.game.gamehome
11-05 13:20:44.525 1861 18843 D GamePkgDataHelper: getGamePkgData(). com.sec.android.app.samsungapps
11-05 13:20:44.525 19808 19808 E Zygote : accessInfo : 1
11-05 13:20:44.539 19808 19808 E app.samsungapp: Not starting debugger since process cannot load the jdwp agent.
11-05 13:20:44.549 1861 18843 I ActivityManager: DSS on for com.sec.android.widgetapp.samsungapps and scale is 1.0
11-05 13:20:44.549 19782 19782 W System : ClassLoader referenced unknown path:
11-05 13:20:44.567 19782 19782 I DecorView: createDecorCaptionView >> DecorView@da7b0fd[], isFloating: false, isApplication: true, hasWindowDecorCaption: false, hasWindowControllerCallback: true
11-05 13:20:44.571 19808 19808 I app.samsungapp: The ClassLoaderContext is a special shared library.
11-05 13:20:44.575 19808 19808 I app.samsungapp: The ClassLoaderContext is a special shared library.
11-05 13:20:44.580 764 764 I SurfaceFlinger: Display 0 HWC layers:
11-05 13:20:44.580 764 764 I SurfaceFlinger: type | handle | flag | format | source crop (l,t,r,b) | frame | name
11-05 13:20:44.580 764 764 I SurfaceFlinger: ------------+--------------+------+-----------+----------------------------+---------------------+------
11-05 13:20:44.580 764 764 I SurfaceFlinger: Device | 0x7872537b00 | 0002 | RGBA_8888 | 0.0 480.0 2560.0 2080.0 | 0 0 2560 1600 | com.android.systemui.ImageWallpaper[14130]#0
11-05 13:20:44.580 764 764 I SurfaceFlinger: Device | 0x7874e22d80 | 0000 | RGBA_8888 | 174.0 109.0 2386.0 1491.0 | 0 1 2560 1599 | com.sec.android.app.launcher/com.sec[...]activities.LauncherActivity[13491]#0
11-05 13:20:44.580 764 764 I SurfaceFlinger: Device | 0x7872500380 | 0002 | RGBA_8888 | 0.0 0.0 1600.0 2560.0 | 212 132 2348 1468 | Splash Screen org.qtproject.example.wiggly#0
11-05 13:20:44.580 764 764 I SurfaceFlinger: Device | 0x7874e22700 | 0000 | RGBA_8888 | 0.0 0.0 54.0 1600.0 | 0 0 54 1600 | StatusBar[14130]#0
11-05 13:20:44.580 764 764 I SurfaceFlinger: Device | 0x7872537000 | 0000 | RGBA_8888 | 0.0 0.0 108.0 1600.0 | 2452 0 2560 1600 | NavigationBar[14130]#0
11-05 13:20:44.580 764 764 I SurfaceFlinger:
11-05 13:20:44.602 1861 12404 D MdnieScenarioControlService: packageName : org.qtproject.example.wiggly className : org.qtproject.qt5.android.bindings.QtActivity
11-05 13:20:44.602 1861 12404 V MdnieScenarioControlService: setUIMode from UI function(3)
11-05 13:20:44.603 19782 19782 D OpenGLRenderer: Skia GL Pipeline
11-05 13:20:44.604 19808 19808 D b : WidgetDataManager
11-05 13:20:44.604 19808 19808 D b : addWidgetData() 18
11-05 13:20:44.604 19808 19808 D PacakageChanageReceiver: Action: android.intent.action.PACKAGE_ADDED
11-05 13:20:44.604 19808 19808 D PacakageChanageReceiver: The DATA: package:org.qtproject.example.wiggly
11-05 13:20:44.604 19808 19808 D PacakageChanageReceiver: Parsed package name : org.qtproject.example.wiggly
11-05 13:20:44.604 19808 19808 I [SAW] : reloadWidgetData4x1forZero
11-05 13:20:44.605 19808 19808 D a : widget type : 1
11-05 13:20:44.621 1861 13773 W BroadcastQueue: Background execution not allowed: receiving Intent { act=android.intent.action.PACKAGE_ADDED dat=package:org.qtproject.example.wiggly flg=0x4000010 (has extras) } to com.sec.imsservice/com.sec.internal.ims.imsservice.ImsIntentReceiver
11-05 13:20:44.621 1861 13773 I ActivityManager: Killing 19140:com.sec.spp.push/u0a50 (adj 906): empty #25
11-05 13:20:44.622 1861 1933 W libprocessgroup: kill(-19140, 9) failed: No such process
11-05 13:20:44.622 1861 1930 W BroadcastQueue: Background execution not allowed: receiving Intent { act=android.intent.action.PACKAGE_ADDED dat=package:org.qtproject.example.wiggly flg=0x4000010 (has extras) } to com.sec.android.app.sbrowser/.webcontentsprovider.WebContentsProviderReceiver
11-05 13:20:44.622 1861 1930 W BroadcastQueue: Background execution not allowed: receiving Intent { act=android.intent.action.PACKAGE_RESTARTED dat=package:org.qtproject.example.wiggly flg=0x10 (has extras) } to android/com.kddi.android.CpaNotiReceiver
11-05 13:20:44.624 764 764 I SurfaceFlinger: Display 0 HWC layers:
11-05 13:20:44.624 764 764 I SurfaceFlinger: type | handle | flag | format | source crop (l,t,r,b) | frame | name
11-05 13:20:44.624 764 764 I SurfaceFlinger: ------------+--------------+------+-----------+----------------------------+---------------------+------
11-05 13:20:44.624 764 764 I SurfaceFlinger: Device | 0x7872537b00 | 0002 | RGBA_8888 | 0.0 480.0 2560.0 2080.0 | 0 0 2560 1600 | com.android.systemui.ImageWallpaper[14130]#0
11-05 13:20:44.624 764 764 I SurfaceFlinger: Device | 0x7872500380 | 0002 | RGBA_8888 | 0.0 0.0 1600.0 2560.0 | 118 74 2442 1526 | Splash Screen org.qtproject.example.wiggly#0
11-05 13:20:44.624 764 764 I SurfaceFlinger: Device | 0x7874e22700 | 0000 | RGBA_8888 | 0.0 0.0 54.0 1600.0 | 0 0 54 1600 | StatusBar[14130]#0
11-05 13:20:44.624 764 764 I SurfaceFlinger: Device | 0x7872500100 | 0000 | RGBA_8888 | 0.0 0.0 108.0 1600.0 | 2452 0 2560 1600 | NavigationBar[14130]#0
11-05 13:20:44.624 764 764 I SurfaceFlinger:
11-05 13:20:44.625 19782 19829 I QtCore : Start
11-05 13:20:44.627 1861 1933 W libprocessgroup: kill(-19140, 9) failed: No such process
11-05 13:20:44.632 1861 1933 I chatty : uid=1000(system) ActivityManager identical 1 line
11-05 13:20:44.639 1861 1933 W libprocessgroup: kill(-19140, 9) failed: No such process
11-05 13:20:44.645 19782 19829 I Qt : qt started
11-05 13:20:44.645 1861 1933 W libprocessgroup: kill(-19140, 9) failed: No such process
11-05 13:20:44.648 1092 1092 I Zygote : Process 19140 exited due to signal (9)
11-05 13:20:44.650 1861 1933 W libprocessgroup: kill(-19140, 9) failed: No such process
11-05 13:20:44.650 1861 1933 I libprocessgroup: Successfully killed process cgroup uid 10050 pid 19140 in 28ms
11-05 13:20:44.656 19782 19782 W .example.wiggl: Accessing hidden field Landroid/R$styleable;->ViewDrawableStates:[I (light greylist, reflection)
11-05 13:20:44.656 19782 19782 W .example.wiggl: Accessing hidden field Landroid/R$styleable;->View_background:I (light greylist, reflection)
11-05 13:20:44.656 19782 19782 W .example.wiggl: Accessing hidden field Landroid/R$styleable;->View_padding:I (light greylist, reflection)
11-05 13:20:44.656 19782 19782 W .example.wiggl: Accessing hidden field Landroid/R$styleable;->View_paddingLeft:I (light greylist, reflection)
11-05 13:20:44.656 19782 19782 W .example.wiggl: Accessing hidden field Landroid/R$styleable;->View_paddingTop:I (light greylist, reflection)
11-05 13:20:44.656 19782 19782 W .example.wiggl: Accessing hidden field Landroid/R$styleable;->View_paddingRight:I (light greylist, reflection)
11-05 13:20:44.656 19782 19782 W .example.wiggl: Accessing hidden field Landroid/R$styleable;->View_paddingBottom:I (light greylist, reflection)
11-05 13:20:44.656 19782 19782 W .example.wiggl: Accessing hidden field Landroid/R$styleable;->View_scrollX:I (light greylist, reflection)
11-05 13:20:44.656 19782 19782 W .example.wiggl: Accessing hidden field Landroid/R$styleable;->View_scrollY:I (light greylist, reflection)
11-05 13:20:44.656 19782 19782 W .example.wiggl: Accessing hidden field Landroid/R$styleable;->View_id:I (light greylist, reflection)
11-05 13:20:44.656 19782 19782 W .example.wiggl: Accessing hidden field Landroid/R$styleable;->View_tag:I (light greylist, reflection)
11-05 13:20:44.656 19782 19782 W .example.wiggl: Accessing hidden field Landroid/R$styleable;->View_fitsSystemWindows:I (light greylist, reflection)
11-05 13:20:44.656 19782 19782 W .example.wiggl: Accessing hidden field Landroid/R$styleable;->View_focusable:I (light greylist, reflection)
11-05 13:20:44.656 19782 19782 W .example.wiggl: Accessing hidden field Landroid/R$styleable;->View_focusableInTouchMode:I (light greylist, reflection)
11-05 13:20:44.656 19782 19782 W .example.wiggl: Accessing hidden field Landroid/R$styleable;->View_clickable:I (light greylist, reflection)
11-05 13:20:44.656 19782 19782 W .example.wiggl: Accessing hidden field Landroid/R$styleable;->View_longClickable:I (light greylist, reflection)
11-05 13:20:44.656 19782 19782 W .example.wiggl: Accessing hidden field Landroid/R$styleable;->View_saveEnabled:I (light greylist, reflection)
11-05 13:20:44.656 19782 19782 W .example.wiggl: Accessing hidden field Landroid/R$styleable;->View_duplicateParentState:I (light greylist, reflection)
11-05 13:20:44.657 19782 19782 W .example.wiggl: Accessing hidden field Landroid/R$styleable;->View_visibility:I (light greylist, reflection)
11-05 13:20:44.657 19782 19782 W .example.wiggl: Accessing hidden field Landroid/R$styleable;->View_drawingCacheQuality:I (light greylist, reflection)
11-05 13:20:44.657 19782 19782 W .example.wiggl: Accessing hidden field Landroid/R$styleable;->View_contentDescription:I (light greylist, reflection)
11-05 13:20:44.657 19782 19782 W .example.wiggl: Accessing hidden field Landroid/R$styleable;->View_soundEffectsEnabled:I (light greylist, reflection)
11-05 13:20:44.657 19782 19782 W .example.wiggl: Accessing hidden field Landroid/R$styleable;->View_hapticFeedbackEnabled:I (light greylist, reflection)
11-05 13:20:44.657 19782 19782 W .example.wiggl: Accessing hidden field Landroid/R$styleable;->View_scrollbars:I (light greylist, reflection)
11-05 13:20:44.657 19782 19782 W .example.wiggl: Accessing hidden field Landroid/R$styleable;->View_fadingEdge:I (light greylist, reflection)
11-05 13:20:44.657 19782 19782 W .example.wiggl: Accessing hidden field Landroid/R$styleable;->View_scrollbarStyle:I (light greylist, reflection)
11-05 13:20:44.657 19782 19782 W .example.wiggl: Accessing hidden field Landroid/R$styleable;->View_scrollbarFadeDuration:I (light greylist, reflection)
11-05 13:20:44.657 19782 19782 W .example.wiggl: Accessing hidden field Landroid/R$styleable;->View_scrollbarDefaultDelayBeforeFade:I (light greylist, reflection)
11-05 13:20:44.657 19782 19782 W .example.wiggl: Accessing hidden field Landroid/R$styleable;->View_scrollbarSize:I (light greylist, reflection)
11-05 13:20:44.657 19782 19782 W .example.wiggl: Accessing hidden field Landroid/R$styleable;->View_scrollbarThumbHorizontal:I (light greylist, reflection)
11-05 13:20:44.657 19782 19782 W .example.wiggl: Accessing hidden field Landroid/R$styleable;->View_scrollbarThumbVertical:I (light greylist, reflection)
11-05 13:20:44.657 19782 19782 W .example.wiggl: Accessing hidden field Landroid/R$styleable;->View_scrollbarTrackHorizontal:I (light greylist, reflection)
11-05 13:20:44.657 19782 19782 W .example.wiggl: Accessing hidden field Landroid/R$styleable;->View_scrollbarTrackVertical:I (light greylist, reflection)
11-05 13:20:44.657 19782 19782 W .example.wiggl: Accessing hidden field Landroid/R$styleable;->View_isScrollContainer:I (light greylist, reflection)
11-05 13:20:44.657 19782 19782 W .example.wiggl: Accessing hidden field Landroid/R$styleable;->View_keepScreenOn:I (light greylist, reflection)
11-05 13:20:44.657 19782 19782 W .example.wiggl: Accessing hidden field Landroid/R$styleable;->View_filterTouchesWhenObscured:I (light greylist, reflection)
11-05 13:20:44.657 19782 19782 W .example.wiggl: Accessing hidden field Landroid/R$styleable;->View_nextFocusLeft:I (light greylist, reflection)
11-05 13:20:44.657 19782 19782 W .example.wiggl: Accessing hidden field Landroid/R$styleable;->View_nextFocusRight:I (light greylist, reflection)
11-05 13:20:44.657 19782 19782 W .example.wiggl: Accessing hidden field Landroid/R$styleable;->View_nextFocusUp:I (light greylist, reflection)
11-05 13:20:44.657 19782 19782 W .example.wiggl: Accessing hidden field Landroid/R$styleable;->View_nextFocusDown:I (light greylist, reflection)
11-05 13:20:44.657 19782 19782 W .example.wiggl: Accessing hidden field Landroid/R$styleable;->View_minWidth:I (light greylist, reflection)
11-05 13:20:44.657 19782 19782 W .example.wiggl: Accessing hidden field Landroid/R$styleable;->View_minHeight:I (light greylist, reflection)
11-05 13:20:44.657 19782 19782 W .example.wiggl: Accessing hidden field Landroid/R$styleable;->View_onClick:I (light greylist, reflection)
11-05 13:20:44.657 19782 19782 W .example.wiggl: Accessing hidden field Landroid/R$styleable;->View_overScrollMode:I (light greylist, reflection)
11-05 13:20:44.657 19782 19782 W .example.wiggl: Accessing hidden field Landroid/R$styleable;->View_paddingStart:I (light greylist, reflection)
11-05 13:20:44.657 19782 19782 W .example.wiggl: Accessing hidden field Landroid/R$styleable;->View_paddingEnd:I (light greylist, reflection)
11-05 13:20:44.657 19782 19782 W .example.wiggl: Accessing hidden field Landroid/R$styleable;->TextAppearance_textColorHighlight:I (light greylist, reflection)
11-05 13:20:44.657 19782 19782 W .example.wiggl: Accessing hidden field Landroid/R$styleable;->TextAppearance_textColor:I (light greylist, reflection)
11-05 13:20:44.657 19782 19782 W .example.wiggl: Accessing hidden field Landroid/R$styleable;->TextAppearance_textColorHint:I (light greylist, reflection)
11-05 13:20:44.657 19782 19782 W .example.wiggl: Accessing hidden field Landroid/R$styleable;->TextAppearance_textColorLink:I (light greylist, reflection)
11-05 13:20:44.657 19782 19782 W .example.wiggl: Accessing hidden field Landroid/R$styleable;->TextAppearance_textSize:I (light greylist, reflection)
11-05 13:20:44.657 19782 19782 W .example.wiggl: Accessing hidden field Landroid/R$styleable;->TextAppearance_typeface:I (light greylist, reflection)
11-05 13:20:44.657 19782 19782 W .example.wiggl: Accessing hidden field Landroid/R$styleable;->TextAppearance_textStyle:I (light greylist, reflection)
11-05 13:20:44.657 19782 19782 W .example.wiggl: Accessing hidden field Landroid/R$styleable;->TextAppearance_textAllCaps:I (light greylist, reflection)
11-05 13:20:44.657 19782 19782 W .example.wiggl: Accessing hidden field Landroid/R$styleable;->TextView_editable:I (light greylist, reflection)
11-05 13:20:44.657 19782 19782 W .example.wiggl: Accessing hidden field Landroid/R$styleable;->TextView_inputMethod:I (light greylist, reflection)
11-05 13:20:44.657 19782 19782 W .example.wiggl: Accessing hidden field Landroid/R$styleable;->TextView_numeric:I (light greylist, reflection)
11-05 13:20:44.657 19782 19782 W .example.wiggl: Accessing hidden field Landroid/R$styleable;->TextView_digits:I (light greylist, reflection)
11-05 13:20:44.658 19782 19782 W .example.wiggl: Accessing hidden field Landroid/R$styleable;->TextView_phoneNumber:I (light greylist, reflection)
11-05 13:20:44.658 19782 19782 W .example.wiggl: Accessing hidden field Landroid/R$styleable;->TextView_autoText:I (light greylist, reflection)
11-05 13:20:44.658 19782 19782 W .example.wiggl: Accessing hidden field Landroid/R$styleable;->TextView_capitalize:I (light greylist, reflection)
11-05 13:20:44.658 19782 19782 W .example.wiggl: Accessing hidden field Landroid/R$styleable;->TextView_bufferType:I (light greylist, reflection)
11-05 13:20:44.658 19782 19782 W .example.wiggl: Accessing hidden field Landroid/R$styleable;->TextView_selectAllOnFocus:I (light greylist, reflection)
11-05 13:20:44.658 19782 19782 W .example.wiggl: Accessing hidden field Landroid/R$styleable;->TextView_autoLink:I (light greylist, reflection)
