11-05 13:20:44.658 19782 19782 W .example.wiggl: Accessing hidden field Landroid/R$styleable;->TextView_linksClickable:I (light greylist, reflection)
11-05 13:20:44.658 19782 19782 W .example.wiggl: Accessing hidden field Landroid/R$styleable;->TextView_drawableLeft:I (light greylist, reflection)
11-05 13:20:44.658 19782 19782 W .example.wiggl: Accessing hidden field Landroid/R$styleable;->TextView_drawableTop:I (light greylist, reflection)
11-05 13:20:44.658 19782 19782 W .example.wiggl: Accessing hidden field Landroid/R$styleable;->TextView_drawableRight:I (light greylist, reflection)
11-05 13:20:44.658 19782 19782 W .example.wiggl: Accessing hidden field Landroid/R$styleable;->TextView_drawableBottom:I (light greylist, reflection)
11-05 13:20:44.658 19782 19782 W .example.wiggl: Accessing hidden field Landroid/R$styleable;->TextView_drawableStart:I (light greylist, reflection)
11-05 13:20:44.658 19782 19782 W .example.wiggl: Accessing hidden field Landroid/R$styleable;->TextView_drawableEnd:I (light greylist, reflection)
11-05 13:20:44.658 19782 19782 W .example.wiggl: Accessing hidden field Landroid/R$styleable;->TextView_drawablePadding:I (light greylist, reflection)
11-05 13:20:44.659 19782 19782 W .example.wiggl: Accessing hidden field Landroid/R$styleable;->TextView_textCursorDrawable:I (light greylist, reflection)
11-05 13:20:44.659 19782 19782 W .example.wiggl: Accessing hidden field Landroid/R$styleable;->TextView_maxLines:I (light greylist, reflection)
11-05 13:20:44.659 19782 19782 W .example.wiggl: Accessing hidden field Landroid/R$styleable;->TextView_maxHeight:I (light greylist, reflection)
11-05 13:20:44.659 19782 19782 W .example.wiggl: Accessing hidden field Landroid/R$styleable;->TextView_lines:I (light greylist, reflection)
11-05 13:20:44.659 19782 19782 W .example.wiggl: Accessing hidden field Landroid/R$styleable;->TextView_height:I (light greylist, reflection)
11-05 13:20:44.659 19782 19782 W .example.wiggl: Accessing hidden field Landroid/R$styleable;->TextView_minLines:I (light greylist, reflection)
11-05 13:20:44.659 19782 19782 W .example.wiggl: Accessing hidden field Landroid/R$styleable;->TextView_minHeight:I (light greylist, reflection)
11-05 13:20:44.659 19782 19782 W .example.wiggl: Accessing hidden field Landroid/R$styleable;->TextView_maxEms:I (light greylist, reflection)
11-05 13:20:44.659 19782 19782 W .example.wiggl: Accessing hidden field Landroid/R$styleable;->TextView_maxWidth:I (light greylist, reflection)
11-05 13:20:44.659 19782 19782 W .example.wiggl: Accessing hidden field Landroid/R$styleable;->TextView_ems:I (light greylist, reflection)
11-05 13:20:44.659 19782 19782 W .example.wiggl: Accessing hidden field Landroid/R$styleable;->TextView_width:I (light greylist, reflection)
11-05 13:20:44.659 19782 19782 W .example.wiggl: Accessing hidden field Landroid/R$styleable;->TextView_minEms:I (light greylist, reflection)
11-05 13:20:44.659 19782 19782 W .example.wiggl: Accessing hidden field Landroid/R$styleable;->TextView_minWidth:I (light greylist, reflection)
11-05 13:20:44.659 19782 19782 W .example.wiggl: Accessing hidden field Landroid/R$styleable;->TextView_gravity:I (light greylist, reflection)
11-05 13:20:44.659 19782 19782 W .example.wiggl: Accessing hidden field Landroid/R$styleable;->TextView_hint:I (light greylist, reflection)
11-05 13:20:44.659 19782 19782 W .example.wiggl: Accessing hidden field Landroid/R$styleable;->TextView_text:I (light greylist, reflection)
11-05 13:20:44.659 19782 19782 W .example.wiggl: Accessing hidden field Landroid/R$styleable;->TextView_scrollHorizontally:I (light greylist, reflection)
11-05 13:20:44.659 19782 19782 W .example.wiggl: Accessing hidden field Landroid/R$styleable;->TextView_singleLine:I (light greylist, reflection)
11-05 13:20:44.659 19782 19782 W .example.wiggl: Accessing hidden field Landroid/R$styleable;->TextView_ellipsize:I (light greylist, reflection)
11-05 13:20:44.659 19782 19782 W .example.wiggl: Accessing hidden field Landroid/R$styleable;->TextView_marqueeRepeatLimit:I (light greylist, reflection)
11-05 13:20:44.659 19782 19782 W .example.wiggl: Accessing hidden field Landroid/R$styleable;->TextView_includeFontPadding:I (light greylist, reflection)
11-05 13:20:44.659 19782 19782 W .example.wiggl: Accessing hidden field Landroid/R$styleable;->TextView_cursorVisible:I (light greylist, reflection)
11-05 13:20:44.659 19782 19782 W .example.wiggl: Accessing hidden field Landroid/R$styleable;->TextView_maxLength:I (light greylist, reflection)
11-05 13:20:44.659 19782 19782 W .example.wiggl: Accessing hidden field Landroid/R$styleable;->TextView_textScaleX:I (light greylist, reflection)
11-05 13:20:44.659 19782 19782 W .example.wiggl: Accessing hidden field Landroid/R$styleable;->TextView_freezesText:I (light greylist, reflection)
11-05 13:20:44.659 19782 19782 W .example.wiggl: Accessing hidden field Landroid/R$styleable;->TextView_shadowColor:I (light greylist, reflection)
11-05 13:20:44.659 19782 19782 W .example.wiggl: Accessing hidden field Landroid/R$styleable;->TextView_shadowDx:I (light greylist, reflection)
11-05 13:20:44.659 19782 19782 W .example.wiggl: Accessing hidden field Landroid/R$styleable;->TextView_shadowDy:I (light greylist, reflection)
11-05 13:20:44.659 19782 19782 W .example.wiggl: Accessing hidden field Landroid/R$styleable;->TextView_shadowRadius:I (light greylist, reflection)
11-05 13:20:44.659 19782 19782 W .example.wiggl: Accessing hidden field Landroid/R$styleable;->TextView_enabled:I (light greylist, reflection)
11-05 13:20:44.659 19782 19782 W .example.wiggl: Accessing hidden field Landroid/R$styleable;->TextView_textColorHighlight:I (light greylist, reflection)
11-05 13:20:44.659 19782 19782 W .example.wiggl: Accessing hidden field Landroid/R$styleable;->TextView_textColor:I (light greylist, reflection)
11-05 13:20:44.659 19782 19782 W .example.wiggl: Accessing hidden field Landroid/R$styleable;->TextView_textColorHint:I (light greylist, reflection)
11-05 13:20:44.659 19782 19782 W .example.wiggl: Accessing hidden field Landroid/R$styleable;->TextView_textColorLink:I (light greylist, reflection)
11-05 13:20:44.659 19782 19782 W .example.wiggl: Accessing hidden field Landroid/R$styleable;->TextView_textSize:I (light greylist, reflection)
11-05 13:20:44.659 19782 19782 W .example.wiggl: Accessing hidden field Landroid/R$styleable;->TextView_typeface:I (light greylist, reflection)
11-05 13:20:44.659 19782 19782 W .example.wiggl: Accessing hidden field Landroid/R$styleable;->TextView_textStyle:I (light greylist, reflection)
11-05 13:20:44.659 19782 19782 W .example.wiggl: Accessing hidden field Landroid/R$styleable;->TextView_password:I (light greylist, reflection)
11-05 13:20:44.659 19782 19782 W .example.wiggl: Accessing hidden field Landroid/R$styleable;->TextView_lineSpacingExtra:I (light greylist, reflection)
11-05 13:20:44.659 19782 19782 W .example.wiggl: Accessing hidden field Landroid/R$styleable;->TextView_lineSpacingMultiplier:I (light greylist, reflection)
11-05 13:20:44.659 19782 19782 W .example.wiggl: Accessing hidden field Landroid/R$styleable;->TextView_inputType:I (light greylist, reflection)
11-05 13:20:44.659 19782 19782 W .example.wiggl: Accessing hidden field Landroid/R$styleable;->TextView_imeOptions:I (light greylist, reflection)
11-05 13:20:44.659 19782 19782 W .example.wiggl: Accessing hidden field Landroid/R$styleable;->TextView_imeActionLabel:I (light greylist, reflection)
11-05 13:20:44.659 19782 19782 W .example.wiggl: Accessing hidden field Landroid/R$styleable;->TextView_imeActionId:I (light greylist, reflection)
11-05 13:20:44.659 19782 19782 W .example.wiggl: Accessing hidden field Landroid/R$styleable;->TextView_privateImeOptions:I (light greylist, reflection)
11-05 13:20:44.659 19782 19782 W .example.wiggl: Accessing hidden field Landroid/R$styleable;->TextView_textSelectHandleLeft:I (light greylist, reflection)
11-05 13:20:44.660 19782 19782 W .example.wiggl: Accessing hidden field Landroid/R$styleable;->TextView_textSelectHandleRight:I (light greylist, reflection)
11-05 13:20:44.660 19782 19782 W .example.wiggl: Accessing hidden field Landroid/R$styleable;->TextView_textSelectHandle:I (light greylist, reflection)
11-05 13:20:44.660 19782 19782 W .example.wiggl: Accessing hidden field Landroid/R$styleable;->TextView_textIsSelectable:I (light greylist, reflection)
11-05 13:20:44.660 19782 19782 W .example.wiggl: Accessing hidden field Landroid/R$styleable;->TextView_textAllCaps:I (light greylist, reflection)
11-05 13:20:44.660 19782 19782 W .example.wiggl: Accessing hidden field Landroid/R$styleable;->ImageView_src:I (light greylist, reflection)
11-05 13:20:44.660 19782 19782 W .example.wiggl: Accessing hidden field Landroid/R$styleable;->ImageView_baselineAlignBottom:I (light greylist, reflection)
11-05 13:20:44.660 19782 19782 W .example.wiggl: Accessing hidden field Landroid/R$styleable;->ImageView_adjustViewBounds:I (light greylist, reflection)
11-05 13:20:44.660 19782 19782 W .example.wiggl: Accessing hidden field Landroid/R$styleable;->ImageView_maxWidth:I (light greylist, reflection)
11-05 13:20:44.660 19782 19782 W .example.wiggl: Accessing hidden field Landroid/R$styleable;->ImageView_maxHeight:I (light greylist, reflection)
11-05 13:20:44.660 19782 19782 W .example.wiggl: Accessing hidden field Landroid/R$styleable;->ImageView_scaleType:I (light greylist, reflection)
11-05 13:20:44.660 19782 19782 W .example.wiggl: Accessing hidden field Landroid/R$styleable;->ImageView_tint:I (light greylist, reflection)
11-05 13:20:44.660 19782 19782 W .example.wiggl: Accessing hidden field Landroid/R$styleable;->ImageView_cropToPadding:I (light greylist, reflection)
11-05 13:20:44.662 19782 19782 W .example.wiggl: Accessing hidden field Landroid/R$styleable;->TextAppearance:[I (light greylist, reflection)
11-05 13:20:44.663 13491 13748 D Launcher.SALogging: mUpdateStatusLogValuesForAppItem - run
11-05 13:20:44.667 13491 13748 I SAPrinter: sendStatus(0062,3,null)
11-05 13:20:44.673 19782 19782 W .example.wiggl: Accessing hidden field Landroid/R$styleable;->Window:[I (light greylist, reflection)
11-05 13:20:44.673 19782 19782 W .example.wiggl: Accessing hidden field Landroid/R$styleable;->Window_windowBackground:I (light greylist, reflection)
11-05 13:20:44.673 19782 19782 W .example.wiggl: Accessing hidden method Landroid/graphics/drawable/StateListDrawable;->getStateCount()I (light greylist, reflection)
11-05 13:20:44.674 19782 19782 W .example.wiggl: Accessing hidden method Landroid/graphics/drawable/StateListDrawable;->getStateDrawable(I)Landroid/graphics/drawable/Drawable; (light greylist, reflection)
11-05 13:20:44.674 19782 19782 W .example.wiggl: Accessing hidden method Landroid/graphics/drawable/StateListDrawable;->getStateSet(I)[I (light greylist, reflection)
11-05 13:20:44.674 13491 13748 I SAPrinter: sendStatus(0063,1,null)
11-05 13:20:44.675 705 19490 I sound_trigger_hw_dbmdx: callback_thread_loop: Exiting ...
11-05 13:20:44.675 19782 19782 W .example.wiggl: Accessing hidden field Landroid/graphics/drawable/GradientDrawable$GradientState;->mShape:I (light greylist, reflection)
11-05 13:20:44.675 19782 19782 W .example.wiggl: Accessing hidden field Landroid/graphics/drawable/GradientDrawable$GradientState;->mGradient:I (light greylist, reflection)
11-05 13:20:44.675 19782 19782 W .example.wiggl: Accessing hidden field Landroid/graphics/drawable/GradientDrawable$GradientState;->mOrientation:Landroid/graphics/drawable/GradientDrawable$Orientation; (light greylist, reflection)
11-05 13:20:44.675 705 1463 I sound_trigger_hw_dbmdx: stdev_stop_recognition_ex: done for handle 5
11-05 13:20:44.675 19782 19782 W .example.wiggl: Accessing hidden field Landroid/graphics/drawable/GradientDrawable$GradientState;->mGradientColors:[I (light greylist, reflection)
11-05 13:20:44.675 19782 19782 W .example.wiggl: Accessing hidden field Landroid/graphics/drawable/GradientDrawable$GradientState;->mPositions:[F (light greylist, reflection)
11-05 13:20:44.675 19782 19782 W .example.wiggl: Accessing hidden field Landroid/graphics/drawable/GradientDrawable$GradientState;->mStrokeWidth:I (light greylist, reflection)
11-05 13:20:44.675 19782 19782 W .example.wiggl: Accessing hidden field Landroid/graphics/drawable/GradientDrawable$GradientState;->mStrokeDashWidth:F (light greylist, reflection)
11-05 13:20:44.675 19782 19782 W .example.wiggl: Accessing hidden field Landroid/graphics/drawable/GradientDrawable$GradientState;->mStrokeDashGap:F (light greylist, reflection)
11-05 13:20:44.675 19782 19782 W .example.wiggl: Accessing hidden field Landroid/graphics/drawable/GradientDrawable$GradientState;->mRadius:F (light greylist, reflection)
11-05 13:20:44.675 19782 19782 W .example.wiggl: Accessing hidden field Landroid/graphics/drawable/GradientDrawable$GradientState;->mRadiusArray:[F (light greylist, reflection)
11-05 13:20:44.675 19782 19782 W .example.wiggl: Accessing hidden field Landroid/graphics/drawable/GradientDrawable$GradientState;->mPadding:Landroid/graphics/Rect; (light greylist, reflection)
11-05 13:20:44.675 19782 19782 W .example.wiggl: Accessing hidden field Landroid/graphics/drawable/GradientDrawable$GradientState;->mWidth:I (light greylist, reflection)
11-05 13:20:44.675 19782 19782 W .example.wiggl: Accessing hidden field Landroid/graphics/drawable/GradientDrawable$GradientState;->mHeight:I (light greylist, reflection)
11-05 13:20:44.675 19782 19782 W .example.wiggl: Accessing hidden field Landroid/graphics/drawable/GradientDrawable$GradientState;->mInnerRadiusRatio:F (light greylist, reflection)
11-05 13:20:44.675 19782 19782 W .example.wiggl: Accessing hidden field Landroid/graphics/drawable/GradientDrawable$GradientState;->mThicknessRatio:F (light greylist, reflection)
11-05 13:20:44.675 19782 19782 W .example.wiggl: Accessing hidden field Landroid/graphics/drawable/GradientDrawable$GradientState;->mInnerRadius:I (light greylist, reflection)
11-05 13:20:44.675 19782 19782 W .example.wiggl: Accessing hidden field Landroid/graphics/drawable/GradientDrawable$GradientState;->mThickness:I (light greylist, reflection)
11-05 13:20:44.676 19782 19782 W .example.wiggl: Accessing hidden field Landroid/R$styleable;->Window_windowFrame:I (light greylist, reflection)
11-05 13:20:44.677 19782 19782 W .example.wiggl: Accessing hidden field Landroid/R$styleable;->View:[I (light greylist, reflection)
11-05 13:20:44.678 20791 20791 I GsaVoiceInteractionSrv: Stop Hotword Recognition status: true
11-05 13:20:44.680 13491 13748 I SAPrinter: sendStatus(0064,17,null)
11-05 13:20:44.680 19782 19782 W .example.wiggl: Accessing hidden field Landroid/graphics/drawable/NinePatchDrawable;->mNinePatchState:Landroid/graphics/drawable/NinePatchDrawable$NinePatchState; (light greylist, reflection)
11-05 13:20:44.680 19782 19782 W .example.wiggl: Accessing hidden field Landroid/graphics/drawable/NinePatchDrawable$NinePatchState;->mNinePatch:Landroid/graphics/NinePatch; (light greylist, reflection)
11-05 13:20:44.681 19782 19782 W .example.wiggl: Accessing hidden field Landroid/graphics/NinePatch;->mNativeChunk:J (light greylist, reflection)
11-05 13:20:44.683 13491 13748 I SAPrinter: sendStatus(0065,0,null)
11-05 13:20:44.697 13491 13748 I SAPrinter: sendStatus(0068,-1,a8c1,a9c1,a5c1)
11-05 13:20:44.705 19782 19782 W .example.wiggl: Accessing hidden field Landroid/R$styleable;->TextView:[I (light greylist, reflection)
11-05 13:20:44.705 19782 19782 W .example.wiggl: Accessing hidden field Landroid/R$styleable;->TextView_textAppearance:I (light greylist, reflection)
11-05 13:20:44.736 1861 2558 I WindowManager: reset, Reparenting to original parent, shouldDeferScheduleAnimation=false, destroyLeash=true, surface=Surface(name=AppWindowToken{8ccffa1 token=Token{d5a4c08 ActivityRecord{6aafdab u0 org.qtproject.example.wiggly/org.qtproject.qt5.android.bindings.QtActivity t53}}})/@0x56c4198, parent=Surface(name=Task=53)/@0xea46df1, parentNativeHandle=android.os.BinderProxy@3ebcd6b, caller=com.android.server.wm.SurfaceAnimator.lambda$getFinishedCallback$0:97 com.android.server.wm.-$$Lambda$SurfaceAnimator$SIBia0mND666K8lMCPsoid8pUTI.run:4 com.android.server.wm.SurfaceAnimator.lambda$getFinishedCallback$1:104 com.android.server.wm.-$$Lambda$SurfaceAnimator$vdRZk66hQVbQCvVXEaQCT1kVmFc.onAnimationFinished:4 com.android.server.wm.LocalAnimationAdapter.lambda$startAnimation$0:74
11-05 13:20:44.736 1861 2558 D SurfaceControl: reparent is called, sc=Surface(name=AppWindowToken{8ccffa1 token=Token{d5a4c08 ActivityRecord{6aafdab u0 org.qtproject.example.wiggly/org.qtproject.qt5.android.bindings.QtActivity t53}}})/@0x56c4198, newParentHandle=android.os.BinderProxy@3ebcd6b, transaction=android.view.SurfaceControl$Transaction@afdf44
11-05 13:20:44.736 1861 2558 D SurfaceControl: destroy(transaction), animation-leash is destroyed, sc=Surface(name=Surface(name=AppWindowToken{8ccffa1 token=Token{d5a4c08 ActivityRecord{6aafdab u0 org.qtproject.example.wiggly/org.qtproject.qt5.android.bindings.QtActivity t53}}})/@0x56c4198 - animation-leash)/@0xee86dd6, transaction=android.view.SurfaceControl$Transaction@afdf44, caller=com.android.server.wm.SurfaceAnimator.reset:338 com.android.server.wm.SurfaceAnimator.lambda$getFinishedCallback$0:97 com.android.server.wm.-$$Lambda$SurfaceAnimator$SIBia0mND666K8lMCPsoid8pUTI.run:4 com.android.server.wm.SurfaceAnimator.lambda$getFinishedCallback$1:104 com.android.server.wm.-$$Lambda$SurfaceAnimator$vdRZk66hQVbQCvVXEaQCT1kVmFc.onAnimationFinished:4 com.android.server.wm.LocalAnimationAdapter.lambda$startAnimation$0:74 com.android.server.wm.-$$Lambda$LocalAnimationAdapter$X--EomqUvw4qy89IeeTFTH7aCMo.run:4
11-05 13:20:44.737 1861 2558 D WindowManager: prepareSurfaces, request to clear saved leash, surface=Surface(name=AppWindowToken{8ccffa1 token=Token{d5a4c08 ActivityRecord{6aafdab u0 org.qtproject.example.wiggly/org.qtproject.qt5.android.bindings.QtActivity t53}}})/@0x56c4198
11-05 13:20:44.738 1861 1861 D FreeformController: Fail to invalid task id : -1
11-05 13:20:44.738 764 12784 D Layer : [AppWindowToken{8ccffa1 token=Token{d5a4c08 ActivityRecord{6aafdab u0 org.qtproject.example.wiggly/org.qtproject.qt5.android.bindings.QtActivity t53}}}#0]::reparent oldParent:[Surface(name=AppWindowToken{8ccffa1 token=Token{d5a4c08 ActivityRecord{6aafdab u0 org.qtproject.example.wiggly/org.qtproject.qt5.android.bindings.QtActivity t53}}})/@0x56c4198 - animation-leash#0], newParent:[Task=53#0]
11-05 13:20:44.738 764 12784 I SurfaceFlinger: id=1370 Removed Surface(name=AppWindowToken{8ccffa1 token=Token{d5a4c08 ActivityRecord{6aafdab u0 org.qtproject.example.wiggly/org.qtproject.qt5.android.bindings.QtActivity t53}}})/@0x56c4198 - animation-leash#0 (0/52)
11-05 13:20:44.739 1861 2558 D WindowManager: clearSavedLeashOnCommit, savedLeash=Surface(name=Surface(name=AppWindowToken{8ccffa1 token=Token{d5a4c08 ActivityRecord{6aafdab u0 org.qtproject.example.wiggly/org.qtproject.qt5.android.bindings.QtActivity t53}}})/@0x56c4198 - animation-leash)/@0xee86dd6, caller=com.android.server.wm.WindowContainer.clearSavedLeashOnCommit:1156 com.android.server.wm.WindowContainer.clearSavedLeashOnCommit:1160 com.android.server.wm.WindowContainer.clearSavedLeashOnCommit:1160 com.android.server.wm.WindowContainer.clearSavedLeashOnCommit:1160 com.android.server.wm.WindowContainer.clearSavedLeashOnCommit:1160 com.android.server.wm.RootWindowContainer.performSurfacePlacement:786
11-05 13:20:44.744 19782 19782 W .example.wiggl: Accessing hidden field Landroid/R$styleable;->ProgressBar:[I (light greylist, reflection)
11-05 13:20:44.744 19782 19782 W .example.wiggl: Accessing hidden field Landroid/R$styleable;->ProgressBar_minWidth:I (light greylist, reflection)
11-05 13:20:44.745 19782 19782 W .example.wiggl: Accessing hidden field Landroid/R$styleable;->ProgressBar_maxWidth:I (light greylist, reflection)
11-05 13:20:44.745 19782 19782 W .example.wiggl: Accessing hidden field Landroid/R$styleable;->ProgressBar_minHeight:I (light greylist, reflection)
11-05 13:20:44.745 19782 19782 W .example.wiggl: Accessing hidden field Landroid/R$styleable;->ProgressBar_maxHeight:I (light greylist, reflection)
11-05 13:20:44.745 19782 19782 W .example.wiggl: Accessing hidden field Landroid/R$styleable;->ProgressBar_indeterminateDuration:I (light greylist, reflection)
11-05 13:20:44.745 19782 19782 W .example.wiggl: Accessing hidden field Landroid/R$styleable;->ProgressBar_progressDrawable:I (light greylist, reflection)
11-05 13:20:44.751 19782 19782 W .example.wiggl: Accessing hidden field Landroid/R$styleable;->ProgressBar_indeterminateDrawable:I (light greylist, reflection)
11-05 13:20:44.752 764 764 I Layer : id=1370 onRemoved Surface(name=AppWindowToken{8ccffa1 token=Token{d5a4c08 ActivityRecord{6aafdab u0 org.qtproject.example.wiggly/org.qtproject.qt5.android.bindings.QtActivity t53}}})/@0x56c4198 - animation-leash#0
11-05 13:20:44.753 1861 2558 I WindowManager: reset, Reparenting to original parent, shouldDeferScheduleAnimation=false, destroyLeash=true, surface=Surface(name=AppWindowToken{6bf1909 token=Token{758ca10 ActivityRecord{98c0ed3 u0 com.sec.android.app.launcher/.activities.LauncherActivity t4}}})/@0x79af642, parent=Surface(name=Task=4)/@0xd0f2653, parentNativeHandle=android.os.BinderProxy@cdbb561, caller=com.android.server.wm.SurfaceAnimator.lambda$getFinishedCallback$0:97 com.android.server.wm.-$$Lambda$SurfaceAnimator$SIBia0mND666K8lMCPsoid8pUTI.run:4 com.android.server.wm.SurfaceAnimator.lambda$getFinishedCallback$1:104 com.android.server.wm.-$$Lambda$SurfaceAnimator$vdRZk66hQVbQCvVXEaQCT1kVmFc.onAnimationFinished:4 com.android.server.wm.LocalAnimationAdapter.lambda$startAnimation$0:74
11-05 13:20:44.753 1861 2558 D SurfaceControl: reparent is called, sc=Surface(name=AppWindowToken{6bf1909 token=Token{758ca10 ActivityRecord{98c0ed3 u0 com.sec.android.app.launcher/.activities.LauncherActivity t4}}})/@0x79af642, newParentHandle=android.os.BinderProxy@cdbb561, transaction=android.view.SurfaceControl$Transaction@966348e
11-05 13:20:44.753 1861 2558 D SurfaceControl: destroy(transaction), animation-leash is destroyed, sc=Surface(name=Surface(name=AppWindowToken{6bf1909 token=Token{758ca10 ActivityRecord{98c0ed3 u0 com.sec.android.app.launcher/.activities.LauncherActivity t4}}})/@0x79af642 - animation-leash)/@0x66e0914, transaction=android.view.SurfaceControl$Transaction@966348e, caller=com.android.server.wm.SurfaceAnimator.reset:338 com.android.server.wm.SurfaceAnimator.lambda$getFinishedCallback$0:97 com.android.server.wm.-$$Lambda$SurfaceAnimator$SIBia0mND666K8lMCPsoid8pUTI.run:4 com.android.server.wm.SurfaceAnimator.lambda$getFinishedCallback$1:104 com.android.server.wm.-$$Lambda$SurfaceAnimator$vdRZk66hQVbQCvVXEaQCT1kVmFc.onAnimationFinished:4 com.android.server.wm.LocalAnimationAdapter.lambda$startAnimation$0:74 com.android.server.wm.-$$Lambda$LocalAnimationAdapter$X--EomqUvw4qy89IeeTFTH7aCMo.run:4
11-05 13:20:44.753 1861 2558 V WindowManager: Setting visibility of Window{25ac2b5 u0 com.samsung.android.app.spage}: false, caller=com.android.server.wm.WindowContainer.sendAppVisibilityToClients:615 com.android.server.wm.WindowState.sendAppVisibilityToClients:3711 com.android.server.wm.WindowContainer.sendAppVisibilityToClients:615 com.android.server.wm.AppWindowToken.setClientHidden:461 com.android.server.wm.AppWindowToken.onAnimationFinished:2407
11-05 13:20:44.753 1861 2558 V WindowManager: Setting visibility of Window{f4d93eb u0 com.sec.android.app.launcher/com.sec.android.app.launcher.activities.LauncherActivity}: false, caller=com.android.server.wm.WindowContainer.sendAppVisibilityToClients:615 com.android.server.wm.AppWindowToken.setClientHidden:461 com.android.server.wm.AppWindowToken.onAnimationFinished:2407 com.android.server.wm.-$$Lambda$yVRF8YoeNdTa8GR1wDStVsHu8xM.run:2 com.android.server.wm.SurfaceAnimator.lambda$getFinishedCallback$0:100
11-05 13:20:44.753 1861 1861 D FreeformController: Fail to invalid task id : -1
11-05 13:20:44.756 764 764 I SurfaceFlinger: Display 0 HWC layers:
11-05 13:20:44.756 764 764 I SurfaceFlinger: type | handle | flag | format | source crop (l,t,r,b) | frame | name
11-05 13:20:44.756 764 764 I SurfaceFlinger: ------------+--------------+------+-----------+----------------------------+---------------------+------
11-05 13:20:44.756 764 764 I SurfaceFlinger: Device | 0x7872500380 | 0002 | RGBA_8888 | 0.0 0.0 1600.0 2560.0 | 0 0 2560 1600 | Splash Screen org.qtproject.example.wiggly#0
11-05 13:20:44.756 764 764 I SurfaceFlinger: Device | 0x7874e22700 | 0000 | RGBA_8888 | 0.0 0.0 54.0 1600.0 | 0 0 54 1600 | StatusBar[14130]#0
11-05 13:20:44.756 764 764 I SurfaceFlinger: Device | 0x7872500100 | 0000 | RGBA_8888 | 0.0 0.0 108.0 1600.0 | 2452 0 2560 1600 | NavigationBar[14130]#0
11-05 13:20:44.756 764 764 I SurfaceFlinger:
11-05 13:20:44.758 19782 19782 W .example.wiggl: Accessing hidden method Landroid/graphics/drawable/BitmapDrawable;->getTintMode()Landroid/graphics/PorterDuff$Mode; (light greylist, reflection)
11-05 13:20:44.759 19782 19782 W .example.wiggl: Accessing hidden method Landroid/graphics/drawable/BitmapDrawable;->getTint()Landroid/content/res/ColorStateList; (light greylist, reflection)
11-05 13:20:44.769 1861 2558 D WindowManager: prepareSurfaces, request to clear saved leash, surface=Surface(name=AppWindowToken{6bf1909 token=Token{758ca10 ActivityRecord{98c0ed3 u0 com.sec.android.app.launcher/.activities.LauncherActivity t4}}})/@0x79af642
11-05 13:20:44.769 13491 13491 I Launcher: onWindowVisibilityChanged : false
11-05 13:20:44.769 764 2644 D Layer : [AppWindowToken{6bf1909 token=Token{758ca10 ActivityRecord{98c0ed3 u0 com.sec.android.app.launcher/.activities.LauncherActivity t4}}}#0]::reparent oldParent:[Surface(name=AppWindowToken{6bf1909 token=Token{758ca10 ActivityRecord{98c0ed3 u0 com.sec.android.app.launcher/.activities.LauncherActivity t4}}})/@0x79af642 - animation-leash#0], newParent:[Task=4#0]
11-05 13:20:44.769 764 2644 I SurfaceFlinger: id=1369 Removed Surface(name=AppWindowToken{6bf1909 token=Token{758ca10 ActivityRecord{98c0ed3 u0 com.sec.android.app.launcher/.activities.LauncherActivity t4}}})/@0x79af642 - animation-leash#0 (0/51)
11-05 13:20:44.769 1861 2558 D WindowManager: clearSavedLeashOnCommit, savedLeash=Surface(name=Surface(name=AppWindowToken{6bf1909 token=Token{758ca10 ActivityRecord{98c0ed3 u0 com.sec.android.app.launcher/.activities.LauncherActivity t4}}})/@0x79af642 - animation-leash)/@0x66e0914, caller=com.android.server.wm.WindowContainer.clearSavedLeashOnCommit:1156 com.android.server.wm.WindowContainer.clearSavedLeashOnCommit:1160 com.android.server.wm.WindowContainer.clearSavedLeashOnCommit:1160 com.android.server.wm.WindowContainer.clearSavedLeashOnCommit:1160 com.android.server.wm.WindowContainer.clearSavedLeashOnCommit:1160 com.android.server.wm.WindowAnimator.animate:253
11-05 13:20:44.772 14130 16955 D WallpaperService: dispatchAppVisibility onVisibilityChanged(): false
11-05 13:20:44.774 14130 14130 D ImageWallpaper: onVisibilityChanged: mVisible, visible=true, false
11-05 13:20:44.774 14130 14130 D ImageWallpaper: Visibility changed to visible=false
11-05 13:20:44.774 14130 14130 D WallpaperService: reportVisibility onVisibilityChanged visible: false
11-05 13:20:44.775 1861 13928 V WindowManager: Relayout Window{25ac2b5 u0 com.samsung.android.app.spage}: viewVisibility=8 req=0x2560 {(0,0)(0xfill) sim={adjust=pan} layoutInDisplayCutoutMode=always ty=APPLICATION_PANEL fmt=RGBA_8888
11-05 13:20:44.775 1861 13928 V WindowManager: fl=1000018
11-05 13:20:44.775 1861 13928 V WindowManager: pfl=40 naviIconColor=0}
11-05 13:20:44.777 14284 14284 D ViewRootImpl@9edeaae[]: Relayout returned: old=[0,0][1600,2560] new=[0,0][1600,2560] result=0x1 surface={false 0} changed=false
11-05 13:20:44.778 13491 14233 D OpenGLRenderer: eglDestroySurface = 0x7add357480, 0x7adb243000
11-05 13:20:44.780 1861 13928 V WindowManager: Relayout Window{f4d93eb u0 com.sec.android.app.launcher/com.sec.android.app.launcher.activities.LauncherActivity}: viewVisibility=8 req=1600x2560 {(0,0)(fillxfill) sim={adjust=nothing forwardNavigation} layoutInDisplayCutoutMode=always ty=BASE_APPLICATION fmt=TRANSPARENT wanim=0x10302ec
11-05 13:20:44.780 1861 13928 V WindowManager: fl=81910d00
11-05 13:20:44.780 1861 13928 V WindowManager: pfl=20000
11-05 13:20:44.780 1861 13928 V WindowManager: vsysui=700 naviIconColor=0}
11-05 13:20:44.780 1861 13928 E WindowManager: win=Window{f4d93eb u0 com.sec.android.app.launcher/com.sec.android.app.launcher.activities.LauncherActivity} destroySurfaces: appStopped=false win.mWindowRemovalAllowed=false win.mRemoveOnExit=false win.mViewVisibility=8 caller=com.android.server.wm.WindowManagerService.tryStartExitingAnimation:2751 com.android.server.wm.WindowManagerService.relayoutWindow:2448 com.android.server.wm.Session.relayoutForTranslate:302 android.view.IWindowSession$Stub.onTransact:518 com.android.server.wm.Session.onTransact:186 android.os.Binder.execTransact:739
11-05 13:20:44.780 1861 13928 I WindowManager: Destroying surface Surface(name=com.sec.android.app.launcher/com.sec.android.app.launcher.activities.LauncherActivity[13491])/@0xaa8494 called by com.android.server.wm.WindowStateAnimator.destroySurface:1883 com.android.server.wm.WindowStateAnimator.destroySurfaceLocked:820 com.android.server.wm.WindowState.destroySurfaceUnchecked:3839 com.android.server.wm.WindowState.destroySurface:3820 com.android.server.wm.WindowManagerService.tryStartExitingAnimation:2751 com.android.server.wm.WindowManagerService.relayoutWindow:2448 com.android.server.wm.Session.relayoutForTranslate:302 android.view.IWindowSession$Stub.onTransact:518
11-05 13:20:44.780 764 820 I SurfaceFlinger: id=1358 Removed com.sec.android.app.launcher/com.sec.android.app.launcher.activities.LauncherActivity[13491]#0 (0/50)
11-05 13:20:44.783 13491 13491 D ViewRootImpl@629549a[LauncherActivity]: Relayout returned: old=[0,0][1600,2560] new=[0,0][1600,2560] result=0x5 surface={false 0} changed=true
11-05 13:20:44.785 764 764 I Layer : id=1358 onRemoved com.sec.android.app.launcher/com.sec.android.app.launcher.activities.LauncherActivity[13491]#0
11-05 13:20:44.785 764 764 I Layer : id=1369 onRemoved Surface(name=AppWindowToken{6bf1909 token=Token{758ca10 ActivityRecord{98c0ed3 u0 com.sec.android.app.launcher/.activities.LauncherActivity t4}}})/@0x79af642 - animation-leash#0
11-05 13:20:44.819 19782 19782 W .example.wiggl: Accessing hidden field Landroid/graphics/drawable/RotateDrawable$RotateState;->mPivotX:F (dark greylist, reflection)
11-05 13:20:44.820 19782 19782 W System.err: java.lang.NoSuchFieldException: No field mPivotX in class Landroid/graphics/drawable/RotateDrawable$RotateState; (declaration of 'android.graphics.drawable.RotateDrawable$RotateState' appears in /system/framework/framework.jar)
11-05 13:20:44.820 19782 19782 W System.err: at java.lang.Class.getDeclaredField(Native Method)
11-05 13:20:44.820 19782 19782 W System.err: at org.qtproject.qt5.android.ExtractStyle.getAccessibleField(ExtractStyle.java:399)
11-05 13:20:44.820 19782 19782 W System.err: at org.qtproject.qt5.android.ExtractStyle.getRotateDrawable(ExtractStyle.java:712)
11-05 13:20:44.820 19782 19782 W System.err: at org.qtproject.qt5.android.ExtractStyle.getDrawable(ExtractStyle.java:1043)
11-05 13:20:44.820 19782 19782 W System.err: at org.qtproject.qt5.android.ExtractStyle.getLayerDrawable(ExtractStyle.java:623)
11-05 13:20:44.820 19782 19782 W System.err: at org.qtproject.qt5.android.ExtractStyle.getDrawable(ExtractStyle.java:1031)
11-05 13:20:44.820 19782 19782 W System.err: at org.qtproject.qt5.android.ExtractStyle.extractProgressBarInfo(ExtractStyle.java:1665)
11-05 13:20:44.820 19782 19782 W System.err: at org.qtproject.qt5.android.ExtractStyle.extractProgressBar(ExtractStyle.java:1677)
11-05 13:20:44.820 19782 19782 W System.err: at org.qtproject.qt5.android.ExtractStyle.(ExtractStyle.java:2006)
11-05 13:20:44.820 19782 19782 W System.err: at org.qtproject.qt5.android.QtActivityDelegate.loadApplication(QtActivityDelegate.java:614)
11-05 13:20:44.820 19782 19782 W System.err: at java.lang.reflect.Method.invoke(Native Method)
11-05 13:20:44.820 19782 19782 W System.err: at org.qtproject.qt5.android.bindings.QtLoader.loadApplication(QtLoader.java:267)
11-05 13:20:44.820 19782 19782 W System.err: at org.qtproject.qt5.android.bindings.QtLoader.startApp(QtLoader.java:505)
11-05 13:20:44.820 19782 19782 W System.err: at org.qtproject.qt5.android.bindings.QtActivityLoader.onCreate(QtActivityLoader.java:183)
11-05 13:20:44.820 19782 19782 W System.err: at org.qtproject.qt5.android.bindings.QtActivity.onCreateHook(QtActivity.java:266)
11-05 13:20:44.820 19782 19782 W System.err: at org.qtproject.qt5.android.bindings.QtActivity.onCreate(QtActivity.java:273)
11-05 13:20:44.820 19782 19782 W System.err: at android.app.Activity.performCreate(Activity.java:7340)
11-05 13:20:44.821 19782 19782 W System.err: at android.app.Activity.performCreate(Activity.java:7331)
11-05 13:20:44.821 19782 19782 W System.err: at android.app.Instrumentation.callActivityOnCreate(Instrumentation.java:1275)
11-05 13:20:44.821 19782 19782 W System.err: at android.app.ActivityThread.performLaunchActivity(ActivityThread.java:3105)
11-05 13:20:44.821 19782 19782 W System.err: at android.app.ActivityThread.handleLaunchActivity(ActivityThread.java:3268)
11-05 13:20:44.821 19782 19782 W System.err: at android.app.servertransaction.LaunchActivityItem.execute(LaunchActivityItem.java:78)
11-05 13:20:44.821 19782 19782 W System.err: at android.app.servertransaction.TransactionExecutor.executeCallbacks(TransactionExecutor.java:108)
11-05 13:20:44.821 19782 19782 W System.err: at android.app.servertransaction.TransactionExecutor.execute(TransactionExecutor.java:68)
11-05 13:20:44.821 19782 19782 W System.err: at android.app.ActivityThread$H.handleMessage(ActivityThread.java:1959)
11-05 13:20:44.821 19782 19782 W System.err: at android.os.Handler.dispatchMessage(Handler.java:106)
11-05 13:20:44.821 19782 19782 W System.err: at android.os.Looper.loop(Looper.java:214)
11-05 13:20:44.821 19782 19782 W System.err: at android.app.ActivityThread.main(ActivityThread.java:7080)
11-05 13:20:44.821 19782 19782 W System.err: at java.lang.reflect.Method.invoke(Native Method)
11-05 13:20:44.821 19782 19782 W System.err: at com.android.internal.os.RuntimeInit$MethodAndArgsCaller.run(RuntimeInit.java:493)
11-05 13:20:44.821 19782 19782 W System.err: at com.android.internal.os.ZygoteInit.main(ZygoteInit.java:965)
11-05 13:20:44.821 19782 19782 W System.err: java.lang.NullPointerException: Attempt to invoke virtual method 'float java.lang.reflect.Field.getFloat(java.lang.Object)' on a null object reference
11-05 13:20:44.821 19782 19782 W System.err: at org.qtproject.qt5.android.ExtractStyle.getRotateDrawable(ExtractStyle.java:712)
11-05 13:20:44.821 19782 19782 W System.err: at org.qtproject.qt5.android.ExtractStyle.getDrawable(ExtractStyle.java:1043)
11-05 13:20:44.821 19782 19782 W System.err: at org.qtproject.qt5.android.ExtractStyle.getLayerDrawable(ExtractStyle.java:623)
11-05 13:20:44.821 19782 19782 W System.err: at org.qtproject.qt5.android.ExtractStyle.getDrawable(ExtractStyle.java:1031)
11-05 13:20:44.822 19782 19782 W System.err: at org.qtproject.qt5.android.ExtractStyle.extractProgressBarInfo(ExtractStyle.java:1665)
11-05 13:20:44.822 19782 19782 W System.err: at org.qtproject.qt5.android.ExtractStyle.extractProgressBar(ExtractStyle.java:1677)
11-05 13:20:44.822 19782 19782 W System.err: at org.qtproject.qt5.android.ExtractStyle.(ExtractStyle.java:2006)
11-05 13:20:44.822 19782 19782 W System.err: at org.qtproject.qt5.android.QtActivityDelegate.loadApplication(QtActivityDelegate.java:614)
11-05 13:20:44.822 19782 19782 W System.err: at java.lang.reflect.Method.invoke(Native Method)
11-05 13:20:44.822 19782 19782 W System.err: at org.qtproject.qt5.android.bindings.QtLoader.loadApplication(QtLoader.java:267)
11-05 13:20:44.822 19782 19782 W System.err: at org.qtproject.qt5.android.bindings.QtLoader.startApp(QtLoader.java:505)
11-05 13:20:44.822 19782 19782 W System.err: at org.qtproject.qt5.android.bindings.QtActivityLoader.onCreate(QtActivityLoader.java:183)
11-05 13:20:44.822 19782 19782 W System.err: at org.qtproject.qt5.android.bindings.QtActivity.onCreateHook(QtActivity.java:266)
11-05 13:20:44.822 19782 19782 W System.err: at org.qtproject.qt5.android.bindings.QtActivity.onCreate(QtActivity.java:273)
11-05 13:20:44.822 19782 19782 W System.err: at android.app.Activity.performCreate(Activity.java:7340)
11-05 13:20:44.822 19782 19782 W System.err: at android.app.Activity.performCreate(Activity.java:7331)
11-05 13:20:44.822 19782 19782 W System.err: at android.app.Instrumentation.callActivityOnCreate(Instrumentation.java:1275)
11-05 13:20:44.822 19782 19782 W System.err: at android.app.ActivityThread.performLaunchActivity(ActivityThread.java:3105)
11-05 13:20:44.822 19782 19782 W System.err: at android.app.ActivityThread.handleLaunchActivity(ActivityThread.java:3268)
11-05 13:20:44.822 19782 19782 W System.err: at android.app.servertransaction.LaunchActivityItem.execute(LaunchActivityItem.java:78)
11-05 13:20:44.822 19782 19782 W System.err: at android.app.servertransaction.TransactionExecutor.executeCallbacks(TransactionExecutor.java:108)
11-05 13:20:44.822 19782 19782 W System.err: at android.app.servertransaction.TransactionExecutor.execute(TransactionExecutor.java:68)
11-05 13:20:44.822 19782 19782 W System.err: at android.app.ActivityThread$H.handleMessage(ActivityThread.java:1959)
11-05 13:20:44.822 19782 19782 W System.err: at android.os.Handler.dispatchMessage(Handler.java:106)
11-05 13:20:44.822 19782 19782 W System.err: at android.os.Looper.loop(Looper.java:214)
11-05 13:20:44.822 19782 19782 W System.err: at android.app.ActivityThread.main(ActivityThread.java:7080)
11-05 13:20:44.822 19782 19782 W System.err: at java.lang.reflect.Method.invoke(Native Method)
11-05 13:20:44.822 19782 19782 W System.err: at com.android.internal.os.RuntimeInit$MethodAndArgsCaller.run(RuntimeInit.java:493)
11-05 13:20:44.823 19782 19782 W System.err: at com.android.internal.os.ZygoteInit.main(ZygoteInit.java:965)
11-05 13:20:44.828 19782 19782 W .example.wiggl: Accessing hidden field Landroid/graphics/drawable/RotateDrawable$RotateState;->mPivotX:F (dark greylist, reflection)
11-05 13:20:44.828 19782 19782 W System.err: java.lang.NoSuchFieldException: No field mPivotX in class Landroid/graphics/drawable/RotateDrawable$RotateState; (declaration of 'android.graphics.drawable.RotateDrawable$RotateState' appears in /system/framework/framework.jar)
11-05 13:20:44.828 19782 19782 W System.err: at java.lang.Class.getDeclaredField(Native Method)
11-05 13:20:44.828 19782 19782 W System.err: at org.qtproject.qt5.android.ExtractStyle.getAccessibleField(ExtractStyle.java:399)
11-05 13:20:44.828 19782 19782 W System.err: at org.qtproject.qt5.android.ExtractStyle.getRotateDrawable(ExtractStyle.java:712)
11-05 13:20:44.828 19782 19782 W System.err: at org.qtproject.qt5.android.ExtractStyle.getDrawable(ExtractStyle.java:1043)
11-05 13:20:44.828 19782 19782 W System.err: at org.qtproject.qt5.android.ExtractStyle.getLayerDrawable(ExtractStyle.java:623)
11-05 13:20:44.828 19782 19782 W System.err: at org.qtproject.qt5.android.ExtractStyle.getDrawable(ExtractStyle.java:1031)
11-05 13:20:44.828 19782 19782 W System.err: at org.qtproject.qt5.android.ExtractStyle.extractProgressBarInfo(ExtractStyle.java:1665)
11-05 13:20:44.828 19782 19782 W System.err: at org.qtproject.qt5.android.ExtractStyle.extractProgressBar(ExtractStyle.java:1677)
11-05 13:20:44.828 19782 19782 W System.err: at org.qtproject.qt5.android.ExtractStyle.(ExtractStyle.java:2006)
11-05 13:20:44.828 19782 19782 W System.err: at org.qtproject.qt5.android.QtActivityDelegate.loadApplication(QtActivityDelegate.java:614)
11-05 13:20:44.828 19782 19782 W System.err: at java.lang.reflect.Method.invoke(Native Method)
11-05 13:20:44.828 19782 19782 W System.err: at org.qtproject.qt5.android.bindings.QtLoader.loadApplication(QtLoader.java:267)
11-05 13:20:44.828 19782 19782 W System.err: at org.qtproject.qt5.android.bindings.QtLoader.startApp(QtLoader.java:505)
11-05 13:20:44.829 19782 19782 W System.err: at org.qtproject.qt5.android.bindings.QtActivityLoader.onCreate(QtActivityLoader.java:183)
11-05 13:20:44.829 19782 19782 W System.err: at org.qtproject.qt5.android.bindings.QtActivity.onCreateHook(QtActivity.java:266)
11-05 13:20:44.829 19782 19782 W System.err: at org.qtproject.qt5.android.bindings.QtActivity.onCreate(QtActivity.java:273)
11-05 13:20:44.829 19782 19782 W System.err: at android.app.Activity.performCreate(Activity.java:7340)
11-05 13:20:44.829 19782 19782 W System.err: at android.app.Activity.performCreate(Activity.java:7331)
11-05 13:20:44.829 19782 19782 W System.err: at android.app.Instrumentation.callActivityOnCreate(Instrumentation.java:1275)
11-05 13:20:44.829 19782 19782 W System.err: at android.app.ActivityThread.performLaunchActivity(ActivityThread.java:3105)
11-05 13:20:44.829 19782 19782 W System.err: at android.app.ActivityThread.handleLaunchActivity(ActivityThread.java:3268)
11-05 13:20:44.829 19782 19782 W System.err: at android.app.servertransaction.LaunchActivityItem.execute(LaunchActivityItem.java:78)
11-05 13:20:44.829 19782 19782 W System.err: at android.app.servertransaction.TransactionExecutor.executeCallbacks(TransactionExecutor.java:108)
11-05 13:20:44.829 19782 19782 W System.err: at android.app.servertransaction.TransactionExecutor.execute(TransactionExecutor.java:68)
11-05 13:20:44.829 19782 19782 W System.err: at android.app.ActivityThread$H.handleMessage(ActivityThread.java:1959)
11-05 13:20:44.829 19782 19782 W System.err: at android.os.Handler.dispatchMessage(Handler.java:106)
11-05 13:20:44.829 19782 19782 W System.err: at android.os.Looper.loop(Looper.java:214)
11-05 13:20:44.829 19782 19782 W System.err: at android.app.ActivityThread.main(ActivityThread.java:7080)
11-05 13:20:44.829 19782 19782 W System.err: at java.lang.reflect.Method.invoke(Native Method)
11-05 13:20:44.829 19782 19782 W System.err: at com.android.internal.os.RuntimeInit$MethodAndArgsCaller.run(RuntimeInit.java:493)
11-05 13:20:44.829 19782 19782 W System.err: at com.android.internal.os.ZygoteInit.main(ZygoteInit.java:965)
11-05 13:20:44.829 19782 19782 W System.err: java.lang.NullPointerException: Attempt to invoke virtual method 'float java.lang.reflect.Field.getFloat(java.lang.Object)' on a null object reference
11-05 13:20:44.829 19782 19782 W System.err: at org.qtproject.qt5.android.ExtractStyle.getRotateDrawable(ExtractStyle.java:712)
11-05 13:20:44.829 19782 19782 W System.err: at org.qtproject.qt5.android.ExtractStyle.getDrawable(ExtractStyle.java:1043)
11-05 13:20:44.829 19782 19782 W System.err: at org.qtproject.qt5.android.ExtractStyle.getLayerDrawable(ExtractStyle.java:623)
11-05 13:20:44.829 19782 19782 W System.err: at org.qtproject.qt5.android.ExtractStyle.getDrawable(ExtractStyle.java:1031)
11-05 13:20:44.829 19782 19782 W System.err: at org.qtproject.qt5.android.ExtractStyle.extractProgressBarInfo(ExtractStyle.java:1665)
11-05 13:20:44.829 19782 19782 W System.err: at org.qtproject.qt5.android.ExtractStyle.extractProgressBar(ExtractStyle.java:1677)
11-05 13:20:44.830 19782 19782 W System.err: at org.qtproject.qt5.android.ExtractStyle.(ExtractStyle.java:2006)
11-05 13:20:44.830 19782 19782 W System.err: at org.qtproject.qt5.android.QtActivityDelegate.loadApplication(QtActivityDelegate.java:614)
11-05 13:20:44.830 19782 19782 W System.err: at java.lang.reflect.Method.invoke(Native Method)
11-05 13:20:44.830 19782 19782 W System.err: at org.qtproject.qt5.android.bindings.QtLoader.loadApplication(QtLoader.java:267)
11-05 13:20:44.830 19782 19782 W System.err: at org.qtproject.qt5.android.bindings.QtLoader.startApp(QtLoader.java:505)
11-05 13:20:44.830 19782 19782 W System.err: at org.qtproject.qt5.android.bindings.QtActivityLoader.onCreate(QtActivityLoader.java:183)
11-05 13:20:44.830 19782 19782 W System.err: at org.qtproject.qt5.android.bindings.QtActivity.onCreateHook(QtActivity.java:266)
11-05 13:20:44.830 19782 19782 W System.err: at org.qtproject.qt5.android.bindings.QtActivity.onCreate(QtActivity.java:273)
11-05 13:20:44.830 19782 19782 W System.err: at android.app.Activity.performCreate(Activity.java:7340)
11-05 13:20:44.830 19782 19782 W System.err: at android.app.Activity.performCreate(Activity.java:7331)
11-05 13:20:44.830 19782 19782 W System.err: at android.app.Instrumentation.callActivityOnCreate(Instrumentation.java:1275)
11-05 13:20:44.830 19782 19782 W System.err: at android.app.ActivityThread.performLaunchActivity(ActivityThread.java:3105)
11-05 13:20:44.830 19782 19782 W System.err: at android.app.ActivityThread.handleLaunchActivity(ActivityThread.java:3268)
11-05 13:20:44.830 19782 19782 W System.err: at android.app.servertransaction.LaunchActivityItem.execute(LaunchActivityItem.java:78)
11-05 13:20:44.830 19782 19782 W System.err: at android.app.servertransaction.TransactionExecutor.executeCallbacks(TransactionExecutor.java:108)
11-05 13:20:44.830 19782 19782 W System.err: at android.app.servertransaction.TransactionExecutor.execute(TransactionExecutor.java:68)
11-05 13:20:44.830 19782 19782 W System.err: at android.app.ActivityThread$H.handleMessage(ActivityThread.java:1959)
11-05 13:20:44.830 19782 19782 W System.err: at android.os.Handler.dispatchMessage(Handler.java:106)
11-05 13:20:44.830 19782 19782 W System.err: at android.os.Looper.loop(Looper.java:214)
11-05 13:20:44.830 19782 19782 W System.err: at android.app.ActivityThread.main(ActivityThread.java:7080)
11-05 13:20:44.830 19782 19782 W System.err: at java.lang.reflect.Method.invoke(Native Method)
11-05 13:20:44.830 19782 19782 W System.err: at com.android.internal.os.RuntimeInit$MethodAndArgsCaller.run(RuntimeInit.java:493)
11-05 13:20:44.830 19782 19782 W System.err: at com.android.internal.os.ZygoteInit.main(ZygoteInit.java:965)
11-05 13:20:44.839 19782 19782 W .example.wiggl: Accessing hidden field Landroid/graphics/drawable/RotateDrawable$RotateState;->mPivotX:F (dark greylist, reflection)
11-05 13:20:44.839 19782 19782 W System.err: java.lang.NoSuchFieldException: No field mPivotX in class Landroid/graphics/drawable/RotateDrawable$RotateState; (declaration of 'android.graphics.drawable.RotateDrawable$RotateState' appears in /system/framework/framework.jar)
11-05 13:20:44.839 19782 19782 W System.err: at java.lang.Class.getDeclaredField(Native Method)
11-05 13:20:44.839 19782 19782 W System.err: at org.qtproject.qt5.android.ExtractStyle.getAccessibleField(ExtractStyle.java:399)
11-05 13:20:44.839 19782 19782 W System.err: at org.qtproject.qt5.android.ExtractStyle.getRotateDrawable(ExtractStyle.java:712)
11-05 13:20:44.839 19782 19782 W System.err: at org.qtproject.qt5.android.ExtractStyle.getDrawable(ExtractStyle.java:1043)
11-05 13:20:44.839 19782 19782 W System.err: at org.qtproject.qt5.android.ExtractStyle.getLayerDrawable(ExtractStyle.java:623)
11-05 13:20:44.839 19782 19782 W System.err: at org.qtproject.qt5.android.ExtractStyle.getDrawable(ExtractStyle.java:1031)
11-05 13:20:44.839 19782 19782 W System.err: at org.qtproject.qt5.android.ExtractStyle.extractProgressBarInfo(ExtractStyle.java:1665)
11-05 13:20:44.839 19782 19782 W System.err: at org.qtproject.qt5.android.ExtractStyle.extractProgressBar(ExtractStyle.java:1677)
11-05 13:20:44.839 19782 19782 W System.err: at org.qtproject.qt5.android.ExtractStyle.(ExtractStyle.java:2007)
11-05 13:20:44.839 19782 19782 W System.err: at org.qtproject.qt5.android.QtActivityDelegate.loadApplication(QtActivityDelegate.java:614)
11-05 13:20:44.839 19782 19782 W System.err: at java.lang.reflect.Method.invoke(Native Method)
11-05 13:20:44.839 19782 19782 W System.err: at org.qtproject.qt5.android.bindings.QtLoader.loadApplication(QtLoader.java:267)
11-05 13:20:44.839 19782 19782 W System.err: at org.qtproject.qt5.android.bindings.QtLoader.startApp(QtLoader.java:505)
11-05 13:20:44.839 19782 19782 W System.err: at org.qtproject.qt5.android.bindings.QtActivityLoader.onCreate(QtActivityLoader.java:183)
11-05 13:20:44.839 19782 19782 W System.err: at org.qtproject.qt5.android.bindings.QtActivity.onCreateHook(QtActivity.java:266)
11-05 13:20:44.839 19782 19782 W System.err: at org.qtproject.qt5.android.bindings.QtActivity.onCreate(QtActivity.java:273)
11-05 13:20:44.839 19782 19782 W System.err: at android.app.Activity.performCreate(Activity.java:7340)
11-05 13:20:44.840 19782 19782 W System.err: at android.app.Activity.performCreate(Activity.java:7331)
11-05 13:20:44.840 19782 19782 W System.err: at android.app.Instrumentation.callActivityOnCreate(Instrumentation.java:1275)
11-05 13:20:44.840 19782 19782 W System.err: at android.app.ActivityThread.performLaunchActivity(ActivityThread.java:3105)
11-05 13:20:44.840 19782 19782 W System.err: at android.app.ActivityThread.handleLaunchActivity(ActivityThread.java:3268)
11-05 13:20:44.840 19782 19782 W System.err: at android.app.servertransaction.LaunchActivityItem.execute(LaunchActivityItem.java:78)
11-05 13:20:44.840 19782 19782 W System.err: at android.app.servertransaction.TransactionExecutor.executeCallbacks(TransactionExecutor.java:108)
11-05 13:20:44.840 19782 19782 W System.err: at android.app.servertransaction.TransactionExecutor.execute(TransactionExecutor.java:68)
11-05 13:20:44.840 19782 19782 W System.err: at android.app.ActivityThread$H.handleMessage(ActivityThread.java:1959)
11-05 13:20:44.840 19782 19782 W System.err: at android.os.Handler.dispatchMessage(Handler.java:106)
11-05 13:20:44.840 19782 19782 W System.err: at android.os.Looper.loop(Looper.java:214)
11-05 13:20:44.840 19782 19782 W System.err: at android.app.ActivityThread.main(ActivityThread.java:7080)
11-05 13:20:44.840 19782 19782 W System.err: at java.lang.reflect.Method.invoke(Native Method)
