11-05 13:20:44.099 1861 1861 I SamsungAlarmManager: setLocked to kernel - T:2 / 20191105T132709, SetElapsed=4846841450, nowELAPSED=4846455729
11-05 13:20:44.099 1861 1861 I SamsungAlarmManager: setLocked to kernel - T:3 / 20191105T132100, SetElapsed=4846471630, nowELAPSED=4846455729
11-05 13:20:44.099 16780 16780 I Finsky : [2] sxk.a(58): SCH: ConstraintMapping: 26-1414141414, -> L: 5062367ms, D: 5962367ms, C: false, I: false, N: 0
11-05 13:20:44.099 1861 1861 W Looper : Drained
11-05 13:20:44.101 1861 18036 D SecContentProvider: query(), uri = 17 selection = isSettingsChangesAllowed
11-05 13:20:44.101 1861 18036 D SecContentProvider: called from android.uid.shared:10006
11-05 13:20:44.101 1861 18036 D RestrictionPolicy: isSettingsChangesAllowedAsUser, userId 0 : true
11-05 13:20:44.106 1861 1929 D MetaDataCollector: onReceive: begin action=android.intent.action.PACKAGE_ADDED
11-05 13:20:44.106 1861 1929 D MetaDataCollector: onReceive: done pkgName=org.qtproject.example.wiggly
11-05 13:20:44.106 1861 18036 D ConnectivityService: filterNetworkStateForUid() uid: 10031, pid: 24338
11-05 13:20:44.106 1861 18036 D ConnectivityService: isNetworkWithLinkPropertiesBlocked: uid=10031, vpn=DISCONNECTED,false
11-05 13:20:44.106 1861 18036 D ConnectivityService: filterNetworkStateForUid() uid: 10031, pid: 24338, networkInfo: [type: WIFI[], state: CONNECTED/CONNECTED, reason: (unspecified), extra: (none), failover: false, available: true, roaming: false]
11-05 13:20:44.108 1861 13928 I SamsungAlarmManager: setLocked to kernel - T:2 / 20191105T132709, SetElapsed=4846841450, nowELAPSED=4846455738
11-05 13:20:44.108 1861 13928 I SamsungAlarmManager: setLocked to kernel - T:3 / 20191105T132100, SetElapsed=4846471630, nowELAPSED=4846455738
11-05 13:20:44.108 1861 13928 D SamsungAlarmManager: setInexact Listener (T:2/F:0/AC:false) 20191105T133222 - CU:1000/CP:1861
11-05 13:20:44.108 1861 13928 I SamsungAlarmManager: setLocked to kernel - T:2 / 20191105T132709, SetElapsed=4846841450, nowELAPSED=4846455738
11-05 13:20:44.108 1861 13928 I SamsungAlarmManager: setLocked to kernel - T:3 / 20191105T132100, SetElapsed=4846471630, nowELAPSED=4846455738
11-05 13:20:44.108 1861 1929 D LocationProviderProxy-fused: bindBestPackageLocked : com.sec.location.nsflp2
11-05 13:20:44.109 1861 13928 I SamsungAlarmManager: setLocked to kernel - T:2 / 20191105T132709, SetElapsed=4846841450, nowELAPSED=4846455739
11-05 13:20:44.109 1861 13928 I SamsungAlarmManager: setLocked to kernel - T:3 / 20191105T132100, SetElapsed=4846471630, nowELAPSED=4846455739
11-05 13:20:44.109 1861 13928 D SamsungAlarmManager: setInexact Listener (T:2/F:0/AC:false) 20191105T134722 - CU:1000/CP:1861
11-05 13:20:44.109 1861 13928 I SamsungAlarmManager: setLocked to kernel - T:2 / 20191105T132709, SetElapsed=4846841450, nowELAPSED=4846455740
11-05 13:20:44.110 1861 13928 I SamsungAlarmManager: setLocked to kernel - T:3 / 20191105T132059, SetElapsed=4846471630, nowELAPSED=4846455740
11-05 13:20:44.110 1861 14033 D SecContentProvider2: query(), uri = 18 selection = isCopyContactToSimAllowed
11-05 13:20:44.111 13491 13491 D Launcher.Model: onPackageAdded:org.qtproject.example.wiggly, user:UserHandle{0}
11-05 13:20:44.111 13491 13491 D Launcher.Model: isValidStateInKnoxMode:false user:UserHandle{0}
11-05 13:20:44.111 1861 14033 D SecContentProvider2: isCopyContactToSimAllowed = true
11-05 13:20:44.111 13491 13491 D SuggestedItemsProvider: onPackageAdded: org.qtproject.example.wiggly
11-05 13:20:44.111 13491 13608 D Launcher.Model: Loader.addPackage org.qtproject.example.wiggly
11-05 13:20:44.112 12117 19040 I SmsApplication: getIncomingUserId() : contextUserId = 0, callingUid = 1000
11-05 13:20:44.112 1861 18036 I SamsungAlarmManager: setLocked to kernel - T:2 / 20191105T132709, SetElapsed=4846841450, nowELAPSED=4846455742
11-05 13:20:44.112 1861 18036 I SamsungAlarmManager: setLocked to kernel - T:3 / 20191105T132100, SetElapsed=4846471630, nowELAPSED=4846455742
11-05 13:20:44.113 1861 18036 D SamsungAlarmManager: setInexact Listener (T:2/F:0/AC:false) 20191105T133222 - CU:1000/CP:1861
11-05 13:20:44.113 1861 18036 I SamsungAlarmManager: setLocked to kernel - T:2 / 20191105T132709, SetElapsed=4846841450, nowELAPSED=4846455743
11-05 13:20:44.113 1861 18036 I SamsungAlarmManager: setLocked to kernel - T:3 / 20191105T132100, SetElapsed=4846471630, nowELAPSED=4846455743
11-05 13:20:44.113 16310 16356 D BtGatt.GattService: onScanResult to scannerId: 4- eventType=0x1b, addressType=1, address=37:F, primaryPhy=1, secondaryPhy=0, advertisingSid=0xff, txPower=127, rssi=-61, periodicAdvInt=0x0
11-05 13:20:44.113 24379 24932 I Icing : IndexChimeraService.getServiceInterface callingPackage=com.google.android.gms componentName=AppsCorpus serviceId=36
11-05 13:20:44.114 1861 18036 I SamsungAlarmManager: setLocked to kernel - T:2 / 20191105T132709, SetElapsed=4846841450, nowELAPSED=4846455744
11-05 13:20:44.114 1861 18036 I SamsungAlarmManager: setLocked to kernel - T:3 / 20191105T132100, SetElapsed=4846471630, nowELAPSED=4846455744
11-05 13:20:44.114 1861 18036 D SamsungAlarmManager: setInexact Listener (T:2/F:0/AC:false) 20191105T134722 - CU:1000/CP:1861
11-05 13:20:44.114 1861 18036 I SamsungAlarmManager: setLocked to kernel - T:2 / 20191105T132709, SetElapsed=4846841450, nowELAPSED=4846455744
11-05 13:20:44.114 1861 18036 I SamsungAlarmManager: setLocked to kernel - T:3 / 20191105T132100, SetElapsed=4846471630, nowELAPSED=4846455744
11-05 13:20:44.115 16252 16302 D ScanRecord: Not a Multi Manu data
11-05 13:20:44.115 13491 13608 D KnoxHelper: getActivityList callingUserId: 0, target user: 0
11-05 13:20:44.115 16252 16302 D ScanRecord: Not a Multi Manu data
11-05 13:20:44.115 16252 16302 I chatty : uid=5006(oem_5006) BleScanWorkHand identical 8 lines
11-05 13:20:44.115 16252 16302 D ScanRecord: Not a Multi Manu data
11-05 13:20:44.116 1861 1932 I ActivityManager: Start proc 19717:com.samsung.android.bbc.bbcagent/1000 for broadcast com.samsung.android.bbc.bbcagent/.bbccontroller.receiver.PackageEventReceiver
11-05 13:20:44.118 1861 18036 I SamsungAlarmManager: setLocked to kernel - T:2 / 20191105T132709, SetElapsed=4846841450, nowELAPSED=4846455748
11-05 13:20:44.118 1861 18036 I SamsungAlarmManager: setLocked to kernel - T:3 / 20191105T132100, SetElapsed=4846471630, nowELAPSED=4846455748
11-05 13:20:44.118 1861 18036 D SamsungAlarmManager: setInexact Listener (T:2/F:0/AC:false) 20191105T133222 - CU:1000/CP:1861
11-05 13:20:44.118 1861 18036 I SamsungAlarmManager: setLocked to kernel - T:2 / 20191105T132709, SetElapsed=4846841450, nowELAPSED=4846455748
11-05 13:20:44.118 19717 19717 E Zygote : isWhitelistProcess - Process is Whitelisted
11-05 13:20:44.118 13491 13608 D LauncherActivityInfo: packageName: org.qtproject.example.wiggly, supportTheme: false, height: 162, width: 162, density: 640
11-05 13:20:44.118 1861 13736 D SecContentProvider2: query(), uri = 18 selection = isCopyContactToSimAllowed
11-05 13:20:44.118 1861 18036 I SamsungAlarmManager: setLocked to kernel - T:3 / 20191105T132100, SetElapsed=4846471630, nowELAPSED=4846455748
11-05 13:20:44.119 19717 19717 E Zygote : accessInfo : 1
11-05 13:20:44.119 1861 13736 D SecContentProvider2: isCopyContactToSimAllowed = true
11-05 13:20:44.119 1861 18036 I SamsungAlarmManager: setLocked to kernel - T:2 / 20191105T132709, SetElapsed=4846841450, nowELAPSED=4846455749
11-05 13:20:44.119 1861 18036 I SamsungAlarmManager: setLocked to kernel - T:3 / 20191105T132100, SetElapsed=4846471630, nowELAPSED=4846455749
11-05 13:20:44.119 1861 18036 D SamsungAlarmManager: setInexact Listener (T:2/F:0/AC:false) 20191105T134722 - CU:1000/CP:1861
11-05 13:20:44.120 1861 18036 I SamsungAlarmManager: setLocked to kernel - T:2 / 20191105T132709, SetElapsed=4846841450, nowELAPSED=4846455750
11-05 13:20:44.120 1861 18036 I SamsungAlarmManager: setLocked to kernel - T:3 / 20191105T132100, SetElapsed=4846471630, nowELAPSED=4846455750
11-05 13:20:44.121 16310 16356 D BtGatt.GattService: onScanResult to scannerId: 4- eventType=0x10, addressType=1, address=72:3, primaryPhy=1, secondaryPhy=0, advertisingSid=0xff, txPower=127, rssi=-80, periodicAdvInt=0x0
11-05 13:20:44.122 1861 12526 I SamsungAlarmManager: setLocked to kernel - T:2 / 20191105T132709, SetElapsed=4846841450, nowELAPSED=4846455752
11-05 13:20:44.122 1861 12526 I SamsungAlarmManager: setLocked to kernel - T:3 / 20191105T132100, SetElapsed=4846471630, nowELAPSED=4846455752
11-05 13:20:44.122 1861 12526 D SamsungAlarmManager: setInexact Listener (T:2/F:0/AC:false) 20191105T133222 - CU:1000/CP:1861
11-05 13:20:44.122 1861 12526 I SamsungAlarmManager: setLocked to kernel - T:2 / 20191105T132709, SetElapsed=4846841450, nowELAPSED=4846455752
11-05 13:20:44.122 1861 12526 I SamsungAlarmManager: setLocked to kernel - T:3 / 20191105T132100, SetElapsed=4846471630, nowELAPSED=4846455752
11-05 13:20:44.122 16252 16302 D ScanRecord: Not a Multi Manu data
11-05 13:20:44.123 16252 16302 I chatty : uid=5006(oem_5006) BleScanWorkHand identical 9 lines
11-05 13:20:44.123 16252 16302 D ScanRecord: Not a Multi Manu data
11-05 13:20:44.123 1861 12526 I SamsungAlarmManager: setLocked to kernel - T:2 / 20191105T132709, SetElapsed=4846841450, nowELAPSED=4846455753
11-05 13:20:44.123 1861 13928 D ConnectivityService: filterNetworkStateForUid() uid: 10047, pid: 16780
11-05 13:20:44.123 1861 13928 D ConnectivityService: isNetworkWithLinkPropertiesBlocked: uid=10047, vpn=DISCONNECTED,false
11-05 13:20:44.123 1861 12526 I SamsungAlarmManager: setLocked to kernel - T:3 / 20191105T132100, SetElapsed=4846471630, nowELAPSED=4846455753
11-05 13:20:44.123 1861 13928 D ConnectivityService: filterNetworkStateForUid() uid: 10047, pid: 16780, networkInfo: [type: WIFI[], state: CONNECTED/CONNECTED, reason: (unspecified), extra: (none), failover: false, available: true, roaming: false]
11-05 13:20:44.123 1861 12526 D SamsungAlarmManager: setInexact Listener (T:2/F:0/AC:false) 20191105T134722 - CU:1000/CP:1861
11-05 13:20:44.123 1861 12526 I SamsungAlarmManager: setLocked to kernel - T:2 / 20191105T132709, SetElapsed=4846841450, nowELAPSED=4846455754
11-05 13:20:44.124 1861 12526 I SamsungAlarmManager: setLocked to kernel - T:3 / 20191105T132059, SetElapsed=4846471630, nowELAPSED=4846455754
11-05 13:20:44.125 16310 16356 D BtGatt.GattService: onScanResult to scannerId: 4- eventType=0x10, addressType=1, address=D8:0, primaryPhy=1, secondaryPhy=0, advertisingSid=0xff, txPower=127, rssi=-96, periodicAdvInt=0x0
11-05 13:20:44.125 16310 16356 D BtGatt.GattService: onScanResult to scannerId: 4- eventType=0x1b, addressType=0, address=CC:3, primaryPhy=1, secondaryPhy=0, advertisingSid=0xff, txPower=127, rssi=-82, periodicAdvInt=0x0
11-05 13:20:44.126 1861 13928 I SamsungAlarmManager: setLocked to kernel - T:2 / 20191105T132709, SetElapsed=4846841450, nowELAPSED=4846455756
11-05 13:20:44.126 1861 13928 I SamsungAlarmManager: setLocked to kernel - T:3 / 20191105T132100, SetElapsed=4846471630, nowELAPSED=4846455756
11-05 13:20:44.126 1861 13928 D SamsungAlarmManager: setInexact Listener (T:2/F:0/AC:false) 20191105T133222 - CU:1000/CP:1861
11-05 13:20:44.126 1861 13928 I SamsungAlarmManager: setLocked to kernel - T:2 / 20191105T132709, SetElapsed=4846841450, nowELAPSED=4846455756
11-05 13:20:44.126 1861 13928 I SamsungAlarmManager: setLocked to kernel - T:3 / 20191105T132100, SetElapsed=4846471630, nowELAPSED=4846455756
11-05 13:20:44.127 16252 16302 D ScanRecord: Not a Multi Manu data
11-05 13:20:44.127 1861 13928 I SamsungAlarmManager: setLocked to kernel - T:2 / 20191105T132709, SetElapsed=4846841450, nowELAPSED=4846455757
11-05 13:20:44.127 1861 13928 I SamsungAlarmManager: setLocked to kernel - T:3 / 20191105T132100, SetElapsed=4846471630, nowELAPSED=4846455757
11-05 13:20:44.127 1861 13928 D SamsungAlarmManager: setInexact Listener (T:2/F:0/AC:false) 20191105T134722 - CU:1000/CP:1861
11-05 13:20:44.127 1861 13928 I SamsungAlarmManager: setLocked to kernel - T:2 / 20191105T132709, SetElapsed=4846841450, nowELAPSED=4846455757
11-05 13:20:44.127 1861 13928 I SamsungAlarmManager: setLocked to kernel - T:3 / 20191105T132100, SetElapsed=4846471630, nowELAPSED=4846455757
11-05 13:20:44.128 16252 16302 I chatty : uid=5006(oem_5006) BleScanWorkHand identical 20 lines
11-05 13:20:44.128 16252 16302 D ScanRecord: Not a Multi Manu data
11-05 13:20:44.128 16780 16780 I Finsky : [2] tac.a(37): Cancelling existing jobscheduler jobs: 9009 9000 9001 9002 9006
11-05 13:20:44.128 16780 16780 I Finsky : [2] tac.a(30): Scheduling job Id: 9003, L: 0, D: 62558671, C: false, I: true, N: 0
11-05 13:20:44.129 16780 16780 I Finsky : [2] tac.a(30): Scheduling job Id: 9004, L: 14818, D: 66149756, C: false, I: false, N: 1
11-05 13:20:44.130 1861 13928 D ConnectivityService: Vpn: getActiveNetworkForUidInternal: 10047, false, false, DISCONNECTED
11-05 13:20:44.130 1861 13928 D ConnectivityService: isNetworkWithLinkPropertiesBlocked: uid=10047, vpn=DISCONNECTED,false
11-05 13:20:44.130 1861 13928 D ConnectivityService: filterNetworkStateForUid() uid: 10047, pid: 1861
11-05 13:20:44.130 1861 13928 D ConnectivityService: isNetworkWithLinkPropertiesBlocked: uid=10047, vpn=DISCONNECTED,false
11-05 13:20:44.130 1861 13928 D ConnectivityService: filterNetworkStateForUid() uid: 10047, pid: 1861, networkInfo: [type: WIFI[], state: CONNECTED/CONNECTED, reason: (unspecified), extra: (none), failover: false, available: true, roaming: false]
11-05 13:20:44.131 1861 13928 I SamsungAlarmManager: setLocked to kernel - T:2 / 20191105T132709, SetElapsed=4846841450, nowELAPSED=4846455761
11-05 13:20:44.131 1861 13928 I SamsungAlarmManager: setLocked to kernel - T:3 / 20191105T132100, SetElapsed=4846471630, nowELAPSED=4846455761
11-05 13:20:44.131 1861 13928 D SamsungAlarmManager: setInexact Listener (T:2/F:0/AC:false) 20191105T132058 - CU:1000/CP:1861
11-05 13:20:44.131 1861 13928 I SamsungAlarmManager: setLocked to kernel - T:2 / 20191105T132058, SetElapsed=4846470578, nowELAPSED=4846455761
11-05 13:20:44.132 16780 16780 I Finsky : [2] tac.a(30): Scheduling job Id: 9005, L: 0, D: 85866010, C: false, I: true, N: 2
11-05 13:20:44.132 1861 13928 D ConnectivityService: Vpn: getActiveNetworkForUidInternal: 10047, false, false, DISCONNECTED
11-05 13:20:44.132 1861 13928 D ConnectivityService: isNetworkWithLinkPropertiesBlocked: uid=10047, vpn=DISCONNECTED,false
11-05 13:20:44.132 1861 13928 D ConnectivityService: filterNetworkStateForUid() uid: 10047, pid: 1861
11-05 13:20:44.132 1861 13928 D ConnectivityService: isNetworkWithLinkPropertiesBlocked: uid=10047, vpn=DISCONNECTED,false
11-05 13:20:44.132 1861 13928 D ConnectivityService: filterNetworkStateForUid() uid: 10047, pid: 1861, networkInfo: [type: WIFI[], state: CONNECTED/CONNECTED, reason: (unspecified), extra: (none), failover: false, available: true, roaming: false]
11-05 13:20:44.133 16780 16780 I Finsky : [2] tac.a(30): Scheduling job Id: 9007, L: 0, D: 85865959, C: true, I: true, N: 2
11-05 13:20:44.135 1861 12526 D ConnectivityService: Vpn: getActiveNetworkForUidInternal: 10047, false, false, DISCONNECTED
11-05 13:20:44.135 1861 12526 D ConnectivityService: isNetworkWithLinkPropertiesBlocked: uid=10047, vpn=DISCONNECTED,false
11-05 13:20:44.135 1861 12526 D ConnectivityService: filterNetworkStateForUid() uid: 10047, pid: 1861
11-05 13:20:44.135 1861 12526 D ConnectivityService: isNetworkWithLinkPropertiesBlocked: uid=10047, vpn=DISCONNECTED,false
11-05 13:20:44.135 1861 12526 D ConnectivityService: filterNetworkStateForUid() uid: 10047, pid: 1861, networkInfo: [type: WIFI[], state: CONNECTED/CONNECTED, reason: (unspecified), extra: (none), failover: false, available: true, roaming: false]
11-05 13:20:44.136 16310 16356 D BtGatt.GattService: onScanResult to scannerId: 4- eventType=0x10, addressType=1, address=6C:4, primaryPhy=1, secondaryPhy=0, advertisingSid=0xff, txPower=127, rssi=-67, periodicAdvInt=0x0
11-05 13:20:44.136 16780 16780 I Finsky : [2] tac.a(30): Scheduling job Id: 9008, L: 5062367, D: 5962367, C: false, I: false, N: 0
11-05 13:20:44.138 16252 16302 D ScanRecord: Not a Multi Manu data
11-05 13:20:44.138 16252 16302 I chatty : uid=5006(oem_5006) BleScanWorkHand identical 9 lines
11-05 13:20:44.138 16252 16302 D ScanRecord: Not a Multi Manu data
11-05 13:20:44.139 16310 16356 D BtGatt.GattService: onScanResult to scannerId: 4- eventType=0x10, addressType=1, address=08:5, primaryPhy=1, secondaryPhy=0, advertisingSid=0xff, txPower=127, rssi=-78, periodicAdvInt=0x0
11-05 13:20:44.140 16252 16302 D ScanRecord: Not a Multi Manu data
11-05 13:20:44.140 16252 16302 I chatty : uid=5006(oem_5006) BleScanWorkHand identical 9 lines
11-05 13:20:44.140 16252 16302 D ScanRecord: Not a Multi Manu data
11-05 13:20:44.142 1861 1938 I Telecom:SamsungTelecomServiceImpl: getSystemDialerPackage - callingPid : 12117 / processName : sts
11-05 13:20:44.142 24379 11359 W Icing : No valid account for uploading user actions: acxv: Not signed in
11-05 13:20:44.145 16310 16356 D BtGatt.GattService: onScanResult to scannerId: 4- eventType=0x10, addressType=1, address=E6:D, primaryPhy=1, secondaryPhy=0, advertisingSid=0xff, txPower=127, rssi=-98, periodicAdvInt=0x0
11-05 13:20:44.145 12117 19040 D SmProvider: inserted : org.qtproject.example.wiggly / 10234 rowId=62
11-05 13:20:44.147 16252 16302 D ScanRecord: Not a Multi Manu data
11-05 13:20:44.147 16252 16302 I chatty : uid=5006(oem_5006) BleScanWorkHand identical 9 lines
11-05 13:20:44.147 16252 16302 D ScanRecord: Not a Multi Manu data
11-05 13:20:44.147 13491 13608 D KnoxHelper: getActivityList callingUserId: 0, target user: 0
11-05 13:20:44.148 13491 13608 D DataLoader: updatePackage:org.qtproject.example.wiggly
11-05 13:20:44.148 1861 1938 D MARsDBManager: doInsertPkg org.qtproject.example.wiggly uri = content://com.samsung.android.sm/ForcedAppStandby/62
11-05 13:20:44.148 1861 1938 V MARsDBManager: getManagedPackagesFromDB!
11-05 13:20:44.150 16310 16356 D BtGatt.GattService: onScanResult to scannerId: 4- eventType=0x1b, addressType=1, address=8A:0, primaryPhy=1, secondaryPhy=0, advertisingSid=0xff, txPower=127, rssi=-88, periodicAdvInt=0x0
11-05 13:20:44.152 16252 16302 D ScanRecord: Not a Multi Manu data
11-05 13:20:44.152 16252 16302 I chatty : uid=5006(oem_5006) BleScanWorkHand identical 9 lines
11-05 13:20:44.152 16252 16302 D ScanRecord: Not a Multi Manu data
11-05 13:20:44.152 13491 13608 E ItemInfo: use iconCache due to icon managing policy
11-05 13:20:44.153 13491 13608 D DataLoader: addNewIconInfo, added : IconInfo(title=wiggly intent=Intent { act=android.intent.action.MAIN cat=[android.intent.category.LAUNCHER] flg=0x10200000 cmp=org.qtproject.example.wiggly/org.qtproject.qt5.android.bindings.QtActivity (has extras) } id=-1 type=0 container=-102 screen=-1 cellX=-1 cellY=-1 spanX=1 spanY=1 rank=0 hidden=0 dropPos=null user=UserHandle{0} screenType=0)
11-05 13:20:44.153 13491 13608 D ManagedProfileHeuristic: check blockCreateShortcutKey : block_create_shortcut_0 blockCreate : false
11-05 13:20:44.153 13491 13608 I AppsLoader: addOrUpdater
11-05 13:20:44.153 13491 13608 I AppsLoader: addOrUpdater cn = ComponentInfo{org.qtproject.example.wiggly/org.qtproject.qt5.android.bindings.QtActivity}, UserHandle{0}, screenType = 0
11-05 13:20:44.154 19717 19717 E id.bbc.bbcagen: Not starting debugger since process cannot load the jdwp agent.
11-05 13:20:44.154 16310 16356 D BtGatt.GattService: onScanResult to scannerId: 4- eventType=0x10, addressType=1, address=B1:2, primaryPhy=1, secondaryPhy=0, advertisingSid=0xff, txPower=127, rssi=-85, periodicAdvInt=0x0
11-05 13:20:44.154 1861 13736 W BackupManagerService: dataChanged but no participant pkg='com.sec.android.app.launcher' uid=10076
11-05 13:20:44.155 16252 16302 D ScanRecord: Not a Multi Manu data
11-05 13:20:44.155 16252 16302 I chatty : uid=5006(oem_5006) BleScanWorkHand identical 8 lines
11-05 13:20:44.155 13491 13608 I PostPositionController: Not isAvaliableState!
11-05 13:20:44.155 16252 16302 D ScanRecord: Not a Multi Manu data
11-05 13:20:44.155 16252 16302 D ScanRecord: Not a Multi Manu data
11-05 13:20:44.156 13491 13608 I AppsLoader: addOrUpdater update item = IconInfo(title=wiggly intent=Intent { act=android.intent.action.MAIN cat=[android.intent.category.LAUNCHER] flg=0x10200000 cmp=org.qtproject.example.wiggly/org.qtproject.qt5.android.bindings.QtActivity (has extras) } id=118 type=0 container=-102 screen=-1 cellX=-1 cellY=-1 spanX=1 spanY=1 rank=-1 hidden=0 dropPos=null user=UserHandle{0} screenType=0)
11-05 13:20:44.156 13491 13608 D AppsDataRepository: update : 1
11-05 13:20:44.156 13491 13491 D AppsPresenter: AppsEvent update [1]
11-05 13:20:44.157 13491 13491 D AppsDragController: needDeferToBind : true , false
11-05 13:20:44.157 13491 13491 D AppsDataRepository: updateAppIcons start :
11-05 13:20:44.157 13491 13491 D AppsDataRepository: updateItemsAndContents items size: 20, screenType: 0
11-05 13:20:44.157 13491 13491 D AppsPresenter: AppsEvent update [11]
11-05 13:20:44.157 13491 13491 D AppsContainerUpdater: addAppIcons add = 1 removed = 0 isPostPosition = false screenType = 0
11-05 13:20:44.157 13491 13491 D AppsContainerUpdater: removeApps - no items
11-05 13:20:44.157 13491 13491 D CustomNormalizer: AppIcon CustomNormalizer
11-05 13:20:44.157 13491 13491 I chatty : uid=10076(com.sec.android.app.launcher) identical 18 lines
11-05 13:20:44.157 13491 13491 D CustomNormalizer: AppIcon CustomNormalizer
11-05 13:20:44.157 13491 13491 D AppsDataRepository: updateItem by ui : (id=118, container=-102, screen=0, rank=19, wiggly, false)
11-05 13:20:44.158 13491 13491 D AppsContainerUpdater: addItemView() added.size(): 1
11-05 13:20:44.158 16310 16356 D BtGatt.GattService: onScanResult to scannerId: 4- eventType=0x10, addressType=1, address=F5:8, primaryPhy=1, secondaryPhy=0, advertisingSid=0xff, txPower=127, rssi=-97, periodicAdvInt=0x0
11-05 13:20:44.158 13491 13491 D AppsPagedViewWrapper: addItem, title : wiggly, isWorkspaceItem : false, screenType : 0
11-05 13:20:44.158 13491 13491 D Launcher.AppsPagedView: addItem = title : wiggly , rank : 19 , screen : 0, screenType : 0
11-05 13:20:44.159 13491 13491 D MainStage: checkIfConfigIsDifferentFromActivity - com.android.launcher3.infra.stage.OverViewStage@61f2e4e false
11-05 13:20:44.159 13491 13491 D AppsDataRepository: updateItemsAndContents items size: 0, screenType: 1
11-05 13:20:44.159 13491 13491 D AppsDataRepository: no change items 0
11-05 13:20:44.159 13491 13491 D AppsPresenter: AppsEvent update [7]
11-05 13:20:44.159 13491 13491 D AppsPagedViewWrapper: updateAppIconsInPagedView update no items, isWorkspace item : true
11-05 13:20:44.159 13491 13491 D AppsPresenter: AppsEvent update [5]
11-05 13:20:44.159 13491 13491 D AppsDataRepository: notifyUpdate end :
11-05 13:20:44.160 16252 16302 D ScanRecord: Not a Multi Manu data
11-05 13:20:44.160 16252 16302 I chatty : uid=5006(oem_5006) BleScanWorkHand identical 9 lines
11-05 13:20:44.160 16252 16302 D ScanRecord: Not a Multi Manu data
11-05 13:20:44.161 1861 12526 W BackupManagerService: dataChanged but no participant pkg='com.sec.android.app.launcher' uid=10076
11-05 13:20:44.162 16310 16356 D BtGatt.GattService: onScanResult to scannerId: 4- eventType=0x10, addressType=1, address=59:F, primaryPhy=1, secondaryPhy=0, advertisingSid=0xff, txPower=127, rssi=-93, periodicAdvInt=0x0
11-05 13:20:44.162 13491 13608 D ExternalLauncher: bindAppsVisibilityQuery start
11-05 13:20:44.163 16252 16302 D ScanRecord: Not a Multi Manu data
11-05 13:20:44.163 16252 16302 I chatty : uid=5006(oem_5006) BleScanWorkHand identical 9 lines
11-05 13:20:44.163 16252 16302 D ScanRecord: Not a Multi Manu data
11-05 13:20:44.165 16310 16356 D BtGatt.GattService: onScanResult to scannerId: 4- eventType=0x1b, addressType=1, address=4C:4, primaryPhy=1, secondaryPhy=0, advertisingSid=0xff, txPower=127, rssi=-80, periodicAdvInt=0x0
11-05 13:20:44.166 1861 13928 D StorageManagerService: getExternalStorageMountMode : 1
11-05 13:20:44.166 1861 13928 D StorageManagerService: getExternalStorageMountMode : 3
11-05 13:20:44.166 1861 13928 D StorageManagerService: getExternalStorageMountMode : final mountMode=1, uid : 10028, packageName : com.samsung.android.game.gamehome
11-05 13:20:44.166 1861 13928 I ApplicationPolicy: isApplicationExternalStorageWhitelisted:com.samsung.android.game.gamehome user:0
11-05 13:20:44.166 1861 13928 D ApplicationPolicy: isApplicationExternalStorageWhitelisted: DO is not enabled on user 0. Allowed.
11-05 13:20:44.166 1861 13928 D ActivityManager: package com.samsung.android.game.gamehome, user - 0 is SDcard whitelisted
11-05 13:20:44.166 1861 13928 I ApplicationPolicy: isApplicationExternalStorageBlacklisted:com.samsung.android.game.gamehome user:0
11-05 13:20:44.166 1861 13928 D ApplicationPolicy: isApplicationExternalStorageBlacklisted: DO is not enabled on user 0. Allowed.
11-05 13:20:44.166 1861 13928 I ApplicationPolicy: isApplicationExternalStorageBlacklisted:com.samsung.android.game.gamehome user:0
11-05 13:20:44.166 1861 13928 D ApplicationPolicy: isApplicationExternalStorageBlacklisted: DO is not enabled on user 0. Allowed.
11-05 13:20:44.166 1861 13928 W ActivityManager: wait for provider publish: waiters=1 callerApp=ProcessRecord{45d32d9d0 13491:com.sec.android.app.launcher/u0a76} cpr=ContentProviderRecord{5128c97 u0 com.samsung.android.game.gamehome/.provider.GameLauncherProvider}
11-05 13:20:44.167 1861 1938 V MARsPolicyManager: getPkgInfoFromSMToMARs size = 31
11-05 13:20:44.167 16252 16302 D ScanRecord: Not a Multi Manu data
11-05 13:20:44.168 16252 16302 I chatty : uid=5006(oem_5006) BleScanWorkHand identical 9 lines
11-05 13:20:44.168 16252 16302 D ScanRecord: Not a Multi Manu data
11-05 13:20:44.171 16310 16356 D BtGatt.GattService: onScanResult to scannerId: 4- eventType=0x10, addressType=1, address=EB:6, primaryPhy=1, secondaryPhy=0, advertisingSid=0xff, txPower=127, rssi=-97, periodicAdvInt=0x0
11-05 13:20:44.172 16252 16302 D ScanRecord: Not a Multi Manu data
11-05 13:20:44.172 1861 12526 I ActivityManager: DSS on for com.samsung.android.bbc.bbcagent and scale is 1.0
11-05 13:20:44.173 16252 16302 I chatty : uid=5006(oem_5006) BleScanWorkHand identical 9 lines
11-05 13:20:44.173 16252 16302 D ScanRecord: Not a Multi Manu data
11-05 13:20:44.175 1861 1938 E EdmStorageProvider: Admin not in database, something went wrong
11-05 13:20:44.175 16310 16356 D BtGatt.GattService: onScanResult to scannerId: 4- eventType=0x1b, addressType=1, address=35:2, primaryPhy=1, secondaryPhy=0, advertisingSid=0xff, txPower=127, rssi=-78, periodicAdvInt=0x0
11-05 13:20:44.175 1861 1938 E EdmStorageProvider: Admin not in database, something went wrong
11-05 13:20:44.176 1861 1938 I chatty : uid=1000(system) MARsDBThread identical 1 line
11-05 13:20:44.176 1861 1938 E EdmStorageProvider: Admin not in database, something went wrong
11-05 13:20:44.176 16252 16302 D ScanRecord: Not a Multi Manu data
11-05 13:20:44.176 16252 16302 I chatty : uid=5006(oem_5006) BleScanWorkHand identical 9 lines
11-05 13:20:44.176 16252 16302 D ScanRecord: Not a Multi Manu data
11-05 13:20:44.176 1861 1938 E EdmStorageProvider: Admin not in database, something went wrong
11-05 13:20:44.176 1861 1938 E EdmStorageProvider: Admin not in database, something went wrong
11-05 13:20:44.177 24379 20631 I Icing : IndexChimeraService.getServiceInterface callingPackage=com.google.android.gms componentName=null serviceId=30
11-05 13:20:44.178 24379 11359 I Icing : Usage reports ok 0, Failed Usage reports 0, indexed 0, rejected 0
11-05 13:20:44.179 1861 1938 E EdmStorageProvider: Admin not in database, something went wrong
11-05 13:20:44.182 1861 1932 I ActivityManager: Start proc 19733:com.samsung.android.game.gamehome/u0a28 for content provider com.samsung.android.game.gamehome/.provider.GameLauncherProvider
11-05 13:20:44.184 1861 1938 I chatty : uid=1000(system) MARsDBThread identical 16 lines
11-05 13:20:44.184 1861 1938 E EdmStorageProvider: Admin not in database, something went wrong
11-05 13:20:44.185 24379 21440 W Icing : No valid account for uploading user actions: acxv: Not signed in
11-05 13:20:44.185 1861 1938 E EdmStorageProvider: Admin not in database, something went wrong
11-05 13:20:44.186 1861 1938 I chatty : uid=1000(system) MARsDBThread identical 5 lines
11-05 13:20:44.186 1861 1938 E EdmStorageProvider: Admin not in database, something went wrong
11-05 13:20:44.187 19733 19733 E Zygote : isWhitelistProcess - Process is Whitelisted
11-05 13:20:44.188 19733 19733 E Zygote : accessInfo : 1
11-05 13:20:44.193 13491 13491 D MainStage: checkIfConfigIsDifferentFromActivity - com.android.launcher3.infra.stage.OverViewStage@61f2e4e false
11-05 13:20:44.194 1861 14033 I ActivityManager: Force stopping org.qtproject.example.wiggly appid=10234 user=0: from pid 19732 caller com.android.server.am.ActivityManagerShellCommand.runForceStop:967
11-05 13:20:44.198 19717 19717 I id.bbc.bbcagen: The ClassLoaderContext is a special shared library.
11-05 13:20:44.200 1861 1861 D SamsungAlarmManager: Remove alarm for next reason : android.intent.action.PACKAGE_RESTARTED : package: org.qtproject.example.wiggly
11-05 13:20:44.203 12486 12486 E Telephony: PhoneInterfaceManager: [PhoneIntfMgr] getCarrierPackageNamesForIntent: No UICC
11-05 13:20:44.203 12486 12486 D CarrierSvcBindHelper: No carrier app for: 0
11-05 13:20:44.203 19717 19717 I id.bbc.bbcagen: The ClassLoaderContext is a special shared library.
11-05 13:20:44.204 1861 12526 W ActivityManager: Permission Denial: Accessing service ComponentInfo{com.google.android.music/com.google.android.music.dial.DialMediaRouteProviderService} from pid=24379, uid=10031 that is not exported from uid 10161
11-05 13:20:44.209 16310 16356 D BtGatt.GattService: onScanResult to scannerId: 4- eventType=0x1b, addressType=1, address=73:B, primaryPhy=1, secondaryPhy=0, advertisingSid=0xff, txPower=127, rssi=-92, periodicAdvInt=0x0
11-05 13:20:44.210 24379 21440 I Icing : Usage reports ok 0, Failed Usage reports 0, indexed 0, rejected 0
11-05 13:20:44.211 16252 16302 D ScanRecord: Not a Multi Manu data
11-05 13:20:44.211 16252 16302 I chatty : uid=5006(oem_5006) BleScanWorkHand identical 9 lines
11-05 13:20:44.211 16252 16302 D ScanRecord: Not a Multi Manu data
11-05 13:20:44.212 16310 16356 D BtGatt.GattService: onScanResult to scannerId: 4- eventType=0x1b, addressType=1, address=94:4, primaryPhy=1, secondaryPhy=0, advertisingSid=0xff, txPower=127, rssi=-47, periodicAdvInt=0x0
11-05 13:20:44.213 16252 16302 D ScanRecord: Not a Multi Manu data
11-05 13:20:44.214 16252 16302 I chatty : uid=5006(oem_5006) BleScanWorkHand identical 9 lines
11-05 13:20:44.214 16252 16302 D ScanRecord: Not a Multi Manu data
11-05 13:20:44.215 16310 16356 D BtGatt.GattService: onScanResult to scannerId: 4- eventType=0x1b, addressType=1, address=B2:4, primaryPhy=1, secondaryPhy=0, advertisingSid=0xff, txPower=127, rssi=-74, periodicAdvInt=0x0
11-05 13:20:44.217 16252 16302 D ScanRecord: Not a Multi Manu data
11-05 13:20:44.217 16252 16302 I chatty : uid=5006(oem_5006) BleScanWorkHand identical 9 lines
11-05 13:20:44.217 16252 16302 D ScanRecord: Not a Multi Manu data
11-05 13:20:44.218 16310 16356 D BtGatt.GattService: onScanResult to scannerId: 4- eventType=0x1b, addressType=1, address=25:F, primaryPhy=1, secondaryPhy=0, advertisingSid=0xff, txPower=127, rssi=-63, periodicAdvInt=0x0
11-05 13:20:44.218 19733 19733 E d.game.gamehom: Not starting debugger since process cannot load the jdwp agent.
11-05 13:20:44.219 16252 16302 D ScanRecord: Not a Multi Manu data
11-05 13:20:44.219 16252 16302 I chatty : uid=5006(oem_5006) BleScanWorkHand identical 9 lines
11-05 13:20:44.219 16252 16302 D ScanRecord: Not a Multi Manu data
11-05 13:20:44.221 16310 16356 D BtGatt.GattService: onScanResult to scannerId: 4- eventType=0x10, addressType=1, address=D8:0, primaryPhy=1, secondaryPhy=0, advertisingSid=0xff, txPower=127, rssi=-98, periodicAdvInt=0x0
11-05 13:20:44.223 16252 16302 D ScanRecord: Not a Multi Manu data
11-05 13:20:44.223 16252 16302 I chatty : uid=5006(oem_5006) BleScanWorkHand identical 9 lines
11-05 13:20:44.223 16252 16302 D ScanRecord: Not a Multi Manu data
11-05 13:20:44.224 16310 16356 D BtGatt.GattService: onScanResult to scannerId: 4- eventType=0x1b, addressType=1, address=64:2, primaryPhy=1, secondaryPhy=0, advertisingSid=0xff, txPower=127, rssi=-72, periodicAdvInt=0x0
11-05 13:20:44.225 16252 16302 D ScanRecord: Not a Multi Manu data
11-05 13:20:44.226 16252 16302 I chatty : uid=5006(oem_5006) BleScanWorkHand identical 9 lines
11-05 13:20:44.226 16252 16302 D ScanRecord: Not a Multi Manu data
11-05 13:20:44.227 16310 16356 D BtGatt.GattService: onScanResult to scannerId: 4- eventType=0x10, addressType=1, address=C3:7, primaryPhy=1, secondaryPhy=0, advertisingSid=0xff, txPower=127, rssi=-99, periodicAdvInt=0x0
11-05 13:20:44.228 16252 16302 D ScanRecord: Not a Multi Manu data
11-05 13:20:44.228 16252 16302 I chatty : uid=5006(oem_5006) BleScanWorkHand identical 9 lines
11-05 13:20:44.228 16252 16302 D ScanRecord: Not a Multi Manu data
11-05 13:20:44.231 1861 12526 I ActivityManager: DSS on for com.samsung.android.game.gamehome and scale is 1.0
11-05 13:20:44.235 758 758 V APM_AudioPolicyManager: AudioPolicyManager:setRecordSilenced(uid:10028, silenced:0)
11-05 13:20:44.242 16310 16356 D BtGatt.GattService: onScanResult to scannerId: 4- eventType=0x10, addressType=1, address=6C:4, primaryPhy=1, secondaryPhy=0, advertisingSid=0xff, txPower=127, rssi=-69, periodicAdvInt=0x0
11-05 13:20:44.242 1861 14033 W BroadcastQueue: Background execution not allowed: receiving Intent { act=android.intent.action.PACKAGE_ADDED dat=package:org.qtproject.example.wiggly flg=0x4000010 (has extras) } to com.samsung.android.game.gamehome/.receiver.PackageChangedReceiver
11-05 13:20:44.244 1861 14033 I ActivityManager: Killing 18619:com.samsung.android.stickercenter/1000 (adj 906): empty #25
11-05 13:20:44.245 16252 16302 D ScanRecord: Not a Multi Manu data
11-05 13:20:44.245 16252 16302 I chatty : uid=5006(oem_5006) BleScanWorkHand identical 9 lines
11-05 13:20:44.245 16252 16302 D ScanRecord: Not a Multi Manu data
11-05 13:20:44.245 1861 1930 W BroadcastQueue: Background execution not allowed: receiving Intent { act=android.intent.action.PACKAGE_ADDED dat=package:org.qtproject.example.wiggly flg=0x4000010 (has extras) } to com.android.vending/com.google.android.finsky.packagemanager.impl.PackageMonitorReceiverImpl$RegisteredReceiver
11-05 13:20:44.245 1861 1930 W BroadcastQueue: Background execution not allowed: receiving Intent { act=android.intent.action.PACKAGE_ADDED dat=package:org.qtproject.example.wiggly flg=0x4000010 (has extras) } to com.google.android.gms/.games.chimera.GamesSystemBroadcastReceiverProxy
11-05 13:20:44.246 1861 1930 W BroadcastQueue: Background execution not allowed: receiving Intent { act=android.intent.action.PACKAGE_ADDED dat=package:org.qtproject.example.wiggly flg=0x4000010 (has extras) } to com.google.android.gms/.gass.chimera.PackageChangeBroadcastReceiver
11-05 13:20:44.246 16310 16356 D BtGatt.GattService: onScanResult to scannerId: 4- eventType=0x1b, addressType=1, address=8A:0, primaryPhy=1, secondaryPhy=0, advertisingSid=0xff, txPower=127, rssi=-88, periodicAdvInt=0x0
11-05 13:20:44.246 1861 1930 W BroadcastQueue: Background execution not allowed: receiving Intent { act=android.intent.action.PACKAGE_ADDED dat=package:org.qtproject.example.wiggly flg=0x4000010 (has extras) } to com.google.android.gms/.chimera.GmsIntentOperationService$PersistentTrustedReceiver
11-05 13:20:44.246 1861 1930 W BroadcastQueue: Background execution not allowed: receiving Intent { act=android.intent.action.PACKAGE_ADDED dat=package:org.qtproject.example.wiggly flg=0x4000010 (has extras) } to com.google.android.googlequicksearchbox/com.google.android.apps.gsa.googlequicksearchbox.GelStubAppWatcher
11-05 13:20:44.246 1861 1933 W libprocessgroup: kill(-18619, 9) failed: No such process
11-05 13:20:44.246 1861 1930 W BroadcastQueue: Background execution not allowed: receiving Intent { act=android.intent.action.PACKAGE_ADDED dat=package:org.qtproject.example.wiggly flg=0x4000010 (has extras) } to com.microsoft.office.excel/com.microsoft.office.notification.SystemBroadcastReceiver
11-05 13:20:44.246 1861 1930 W BroadcastQueue: Background execution not allowed: receiving Intent { act=android.intent.action.PACKAGE_ADDED dat=package:org.qtproject.example.wiggly flg=0x4000010 (has extras) } to com.microsoft.office.excel/com.microsoft.android.crosssell.PackageStateReceiver
11-05 13:20:44.246 1861 1930 W BroadcastQueue: Background execution not allowed: receiving Intent { act=android.intent.action.PACKAGE_ADDED dat=package:org.qtproject.example.wiggly flg=0x4000010 (has extras) } to com.microsoft.office.powerpoint/com.microsoft.office.notification.SystemBroadcastReceiver
11-05 13:20:44.246 1861 1930 W BroadcastQueue: Background execution not allowed: receiving Intent { act=android.intent.action.PACKAGE_ADDED dat=package:org.qtproject.example.wiggly flg=0x4000010 (has extras) } to com.microsoft.office.powerpoint/com.microsoft.android.crosssell.PackageStateReceiver
11-05 13:20:44.246 16252 16302 D ScanRecord: Not a Multi Manu data
11-05 13:20:44.247 1861 1930 W BroadcastQueue: Background execution not allowed: receiving Intent { act=android.intent.action.PACKAGE_ADDED dat=package:org.qtproject.example.wiggly flg=0x4000010 (has extras) } to com.microsoft.office.word/com.microsoft.office.notification.SystemBroadcastReceiver
11-05 13:20:44.247 16252 16302 I chatty : uid=5006(oem_5006) BleScanWorkHand identical 9 lines
11-05 13:20:44.247 16252 16302 D ScanRecord: Not a Multi Manu data
11-05 13:20:44.247 1861 1930 W BroadcastQueue: Background execution not allowed: receiving Intent { act=android.intent.action.PACKAGE_ADDED dat=package:org.qtproject.example.wiggly flg=0x4000010 (has extras) } to com.microsoft.office.word/com.microsoft.android.crosssell.PackageStateReceiver
11-05 13:20:44.247 1861 1930 W BroadcastQueue: Background execution not allowed: receiving Intent { act=android.intent.action.PACKAGE_ADDED dat=package:org.qtproject.example.wiggly flg=0x4000010 (has extras) } to com.samsung.accessibility/.assistantmenu.AssistantMenuReceiver
11-05 13:20:44.249 19399 19399 I BCL@CoreSvc: (PackageUpdateReceiver) onReceive:Intent { act=android.intent.action.PACKAGE_ADDED dat=package:org.qtproject.example.wiggly flg=0x4000010 cmp=com.samsung.android.bixby.agent/com.samsung.android.bixby.core.companion.PackageUpdateReceiver (has extras) }
11-05 13:20:44.249 19399 19399 I BCL@CoreSvc: (PackageUpdateReceiver) onReceive end
11-05 13:20:44.250 1861 14033 W BroadcastQueue: Background execution not allowed: receiving Intent { act=android.intent.action.PACKAGE_ADDED dat=package:org.qtproject.example.wiggly flg=0x4000010 (has extras) } to com.samsung.android.knox.containeragent/.KnoxPackageStateReceiver
11-05 13:20:44.251 1861 1933 W libprocessgroup: kill(-18619, 9) failed: No such process
11-05 13:20:44.252 19399 19750 I BCL@CoreSvc: (PackageUpdateReceiver) process start: Intent { act=android.intent.action.PACKAGE_ADDED dat=package:org.qtproject.example.wiggly flg=0x4000010 cmp=com.samsung.android.bixby.agent/com.samsung.android.bixby.core.companion.PackageUpdateReceiver (has extras) }
11-05 13:20:44.252 19399 19750 I BCL@CoreSvc: (PackageUpdateReceiver) PackageBR data: package:org.qtproject.example.wiggly
11-05 13:20:44.252 19399 19750 I BCL@CoreSvc: (PackageUpdateReceiver) handlePackage: android.intent.action.PACKAGE_ADDED, org.qtproject.example.wiggly
11-05 13:20:44.255 18799 18799 I [SC]SCloudSystemIntentReceiver: onReceive: android.intent.action.PACKAGE_ADDED
11-05 13:20:44.256 1861 12526 D AccountManagerService: getUserAccounts0
11-05 13:20:44.260 1861 1933 W libprocessgroup: kill(-18619, 9) failed: No such process
11-05 13:20:44.261 19399 19750 I BCL@CoreSvc: (PackageUpdateReceiver) process end: android.intent.action.PACKAGE_ADDED
11-05 13:20:44.262 1861 14033 D StorageManagerService: getExternalStorageMountMode : 1
11-05 13:20:44.263 1861 14033 D StorageManagerService: getExternalStorageMountMode : 3
11-05 13:20:44.263 1861 14033 D StorageManagerService: getExternalStorageMountMode : final mountMode=1, uid : 10063, packageName : com.samsung.knox.securefolder
11-05 13:20:44.263 1861 14033 I ApplicationPolicy: isApplicationExternalStorageWhitelisted:com.samsung.knox.securefolder user:0
11-05 13:20:44.263 1861 14033 D ApplicationPolicy: isApplicationExternalStorageWhitelisted: DO is not enabled on user 0. Allowed.
11-05 13:20:44.263 1861 14033 D ActivityManager: package com.samsung.knox.securefolder, user - 0 is SDcard whitelisted
11-05 13:20:44.263 1861 14033 I ApplicationPolicy: isApplicationExternalStorageBlacklisted:com.samsung.knox.securefolder user:0
11-05 13:20:44.263 1861 14033 D ApplicationPolicy: isApplicationExternalStorageBlacklisted: DO is not enabled on user 0. Allowed.
11-05 13:20:44.263 1861 14033 I ApplicationPolicy: isApplicationExternalStorageBlacklisted:com.samsung.knox.securefolder user:0
11-05 13:20:44.263 1861 14033 D ApplicationPolicy: isApplicationExternalStorageBlacklisted: DO is not enabled on user 0. Allowed.
11-05 13:20:44.266 1861 1933 W libprocessgroup: kill(-18619, 9) failed: No such process
11-05 13:20:44.272 18758 18758 V StickerInstallManager: onServiceDisconnected
11-05 13:20:44.272 1861 13736 W ActivityManager: Scheduling restart of crashed service com.samsung.android.stickercenter/.StickerCenterService in 1000ms
11-05 13:20:44.273 1861 1933 W libprocessgroup: kill(-18619, 9) failed: No such process
11-05 13:20:44.273 1861 1933 I libprocessgroup: Successfully killed process cgroup uid 1000 pid 18619 in 27ms
11-05 13:20:44.280 1092 1092 I Zygote : Process 18619 exited due to signal (9)
11-05 13:20:44.280 706 16580 I vendor.qti.bluetooth@1.0-ibs_handler: ProcessIbsCmd: Received IBS_SLEEP_IND: 0xFE
11-05 13:20:44.280 706 16580 D vendor.qti.bluetooth@1.0-ibs_handler: SerialClockVote: vote for UART CLK OFF
11-05 13:20:44.281 1861 1932 I ActivityManager: Start proc 19756:com.samsung.knox.securefolder/u0a63 for broadcast com.samsung.knox.securefolder/.containeragent.detector.KnoxPackageStateReceiver
11-05 13:20:44.288 19756 19756 E Zygote : isWhitelistProcess - Process is Whitelisted
11-05 13:20:44.289 19756 19756 E Zygote : accessInfo : 1
11-05 13:20:44.297 19733 19733 D FirebaseApp: com.google.firebase.auth.FirebaseAuth is not linked. Skipping initialization.
11-05 13:20:44.297 19733 19733 D FirebaseApp: com.google.firebase.crash.FirebaseCrash is not linked. Skipping initialization.
11-05 13:20:44.301 19733 19733 I FirebaseInitProvider: FirebaseApp initialization successful
11-05 13:20:44.306 19733 19733 I GameLauncher: [GameLauncherAlarmReceiver:setAlarmService:27] GameLauncherAlarmReceiver setAlarmService
11-05 13:20:44.314 19733 19733 I GameLauncher: [GameLauncherAlarmReceiver:setAlarmService:27] GameLauncherAlarmReceiver setAlarmService
11-05 13:20:44.315 19733 19733 D SamsungAnalytics201007: [Validation] dma pkg:531401000
11-05 13:20:44.317 19733 19733 D SamsungAnalytics201007: cf feature is supported
11-05 13:20:44.318 13491 13608 D ExternalLauncher: bindAppsVisibilityQuery completed
11-05 13:20:44.319 19756 19756 E ox.securefolde: Not starting debugger since process cannot load the jdwp agent.
11-05 13:20:44.320 13491 13608 D ExternalLauncher: com.samsung.android.oneconnect does not contain game list
11-05 13:20:44.320 13491 13608 D ExternalLauncher: com.samsung.android.email.provider does not contain game list
11-05 13:20:44.320 13491 13608 D ExternalLauncher: com.sec.android.app.myfiles does not contain game list
11-05 13:20:44.320 13491 13608 D ExternalLauncher: com.sec.android.app.sbrowser does not contain game list
11-05 13:20:44.320 13491 13608 D ExternalLauncher: com.sec.android.app.samsungapps does not contain game list
11-05 13:20:44.320 13491 13608 D ExternalLauncher: com.sec.android.app.kidshome does not contain game list
11-05 13:20:44.320 13491 13608 D ExternalLauncher: com.samsung.android.galaxycontinuity does not contain game list
11-05 13:20:44.320 13491 13608 D ExternalLauncher: com.sec.penup does not contain game list
11-05 13:20:44.320 13491 13608 D ExternalLauncher: com.google.android.googlequicksearchbox does not contain game list
11-05 13:20:44.320 13491 13608 D ExternalLauncher: com.android.chrome does not contain game list
11-05 13:20:44.320 13491 13608 D ExternalLauncher: com.google.android.gm does not contain game list
11-05 13:20:44.320 13491 13608 D ExternalLauncher: com.google.android.apps.maps does not contain game list
11-05 13:20:44.320 13491 13608 D ExternalLauncher: com.google.android.youtube does not contain game list
11-05 13:20:44.320 13491 13608 D ExternalLauncher: com.google.android.apps.docs does not contain game list
11-05 13:20:44.320 13491 13608 D ExternalLauncher: com.google.android.videos does not contain game list
11-05 13:20:44.320 13491 13608 D ExternalLauncher: com.google.android.apps.tachyon does not contain game list
11-05 13:20:44.320 13491 13608 D ExternalLauncher: com.google.android.apps.photos does not contain game list
11-05 13:20:44.320 13491 13608 D ExternalLauncher: com.microsoft.office.word does not contain game list
11-05 13:20:44.320 13491 13608 D ExternalLauncher: com.microsoft.office.excel does not contain game list
11-05 13:20:44.320 13491 13608 D ExternalLauncher: com.microsoft.office.powerpoint does not contain game list
11-05 13:20:44.320 13491 13608 D ExternalLauncher: com.microsoft.skydrive does not contain game list
11-05 13:20:44.320 13491 13608 D ExternalLauncher: com.skype.raider does not contain game list
11-05 13:20:44.320 13491 13608 D ExternalLauncher: com.android.vending does not contain game list
11-05 13:20:44.320 13491 13608 D ExternalLauncher: com.samsung.android.dialer does not contain game list
11-05 13:20:44.320 13491 13608 D ExternalLauncher: com.samsung.android.messaging does not contain game list
11-05 13:20:44.320 13491 13608 D ExternalLauncher: com.sec.android.app.camera does not contain game list
11-05 13:20:44.320 13491 13608 D ExternalLauncher: com.sec.android.gallery3d does not contain game list
11-05 13:20:44.320 13491 13608 D ExternalLauncher: com.sec.android.app.clockpackage does not contain game list
11-05 13:20:44.320 13491 13608 D ExternalLauncher: com.samsung.android.contacts does not contain game list
11-05 13:20:44.320 13491 13608 D ExternalLauncher: com.android.settings does not contain game list
11-05 13:20:44.320 13491 13608 D ExternalLauncher: com.samsung.android.calendar does not contain game list
11-05 13:20:44.320 13491 13608 D ExternalLauncher: com.sec.android.app.popupcalculator does not contain game list
11-05 13:20:44.320 13491 13608 D ExternalLauncher: com.google.android.music does not contain game list
11-05 13:20:44.320 13491 13608 D ExternalLauncher: com.samsung.android.app.notes does not contain game list
11-05 13:20:44.320 13491 13608 D ExternalLauncher: com.google.android.googlequicksearchbox does not contain game list
11-05 13:20:44.320 13491 13608 D ExternalLauncher: com.samsung.knox.securefolder does not contain game list
11-05 13:20:44.320 13491 13608 D ExternalLauncher: com.samsung.android.game.gamehome does not contain game list
11-05 13:20:44.320 13491 13608 D ExternalLauncher: com.samsung.android.voc does not contain game list
11-05 13:20:44.320 13491 13608 D ExternalLauncher: com.samsung.android.bixby.agent does not contain game list
11-05 13:20:44.320 13491 13608 D ExternalLauncher: org.qtproject.example.wiggly does not contain game list
11-05 13:20:44.320 13491 13608 D ExternalLauncher: Hidden app size : 0 unHidden app size : 0 updateApp size : 0
11-05 13:20:44.330 1861 14033 I ActivityManager: START u0 {act=null typ=null flg=0x10000000 cmp=ComponentInfo{org.qtproject.example.wiggly/org.qtproject.qt5.android.bindings.QtActivity}} from uid 2000
11-05 13:20:44.331 19733 19733 D SamsungAnalytics201007: send setting
11-05 13:20:44.332 19733 19733 D SamsungAnalytics201007: newThread on Executor
11-05 13:20:44.338 1861 14033 D CustomFrequencyManagerService: acquireDVFSLockLocked : type : DVFS_MIN_LIMIT frequency : 2361600 uid : 1000 pid : 1861 pkgName : AMS_APP_SWITCH@CPU_MIN@57
11-05 13:20:44.339 1861 14033 D ActivityManagerPerformance: AMP_acquire() APP_SWITCH
11-05 13:20:44.339 1861 14033 I ActivityManager: [IOP] sourceDir : /data/app/org.qtproject.example.wiggly-e7GHbfgMyIGW9nA-tbbcpw== in ActivityStacksupervisor
11-05 13:20:44.340 622 622 W hwservicemanager: getTransport: Cannot find entry vendor.qti.hardware.iop@2.0::IIop/default in either framework or device manifest.
11-05 13:20:44.341 1861 14033 E ANDR-PERF-JNI: Iop tryGetService failed
11-05 13:20:44.342 764 2644 I SurfaceFlinger: id=1363 createSurf (5120x5120),2 flag=4, Stack=55#0
11-05 13:20:44.344 19733 19733 D SamsungAnalytics201007: [Tracker] Tracker start:2.01.007DLC
11-05 13:20:44.345 764 820 I SurfaceFlinger: id=1364 createSurf (5120x5120),-1 flag=20004, animation background stackId=55#0
11-05 13:20:44.347 19733 19733 W SamsungAnalytics201007: [SamsungAnalytics] NullPointerException Attempt to invoke virtual method 'void android.os.Bundle.putBundle(java.lang.String, android.os.Bundle)' on a null object reference
11-05 13:20:44.349 764 820 I SurfaceFlinger: id=1365 createSurf (5120x5120),2 flag=4, Task=53#0
11-05 13:20:44.352 764 2644 I SurfaceFlinger: id=1366 createSurf (5120x5120),2 flag=4, AppWindowToken{8ccffa1 token=Token{d5a4c08 ActivityRecord{6aafdab u0 org.qtproject.example.wiggly/org.qtproject.qt5.android.bindings.QtActivity t53}}}#0
11-05 13:20:44.354 1861 14033 D ActivityManager: [PIP] Update supportsEnterPipOnTaskSwitch(startActivityLocked
11-05 13:20:44.356 13491 13491 V Launcher: Launcher.onPause()
11-05 13:20:44.356 13491 13491 D PageOverlayMover: updateActivityLifecycleState : 3
11-05 13:20:44.356 13491 13491 D SemTipPopup: #### mBubblePopup.mIsDismissing = false
11-05 13:20:44.356 13491 13491 D SemTipPopup: #### mBalloonPopup.mIsDismissing = false
