C:\Users\QT\AppData\Local\Android\Sdk\platform-tools>adb.exe logcat --------- beginning of main
11-05 13:20:16.811 16780 19218 I System.out: (HTTPLog)-Static: isSBSettingEnabled false
11-05 13:20:16.812 16780 19218 I System.out: (HTTPLog)-Static: isSBSettingEnabled false
11-05 13:20:16.833 1861 12188 D WifiPermissionsUtil: canAccessScanResults: pkgName = android, uid = 1000
11-05 13:20:16.836 14130 14130 D SecStatusBarWifiView: updateState: WifiIconState(resId=2131232668, visible=true, activityId=2131232695) --------- beginning of system
11-05 13:20:16.881 1861 14313 D ConnectivityService: filterNetworkStateForUid() uid: 10047, pid: 16780
11-05 13:20:16.882 1861 14313 D ConnectivityService: isNetworkWithLinkPropertiesBlocked: uid=10047, vpn=DISCONNECTED,false
11-05 13:20:16.882 1861 14313 D ConnectivityService: filterNetworkStateForUid() uid: 10047, pid: 16780, networkInfo: [type: WIFI[], state: CONNECTED/CONNECTED, reason: (unspecified), extra: (none), failover: false, available: true, roaming: false]
11-05 13:20:17.685 717 991 I qti_sensors_hal: processReportInd: Light - 23 35
11-05 13:20:17.847 1861 12188 D WifiTrafficPoller: TrafficStats TxPkts=1083439 RxPkts=1072605 TxBytes=124956500 RxBytes=884614217 , Foreground uid=10076 pkgName=com.sec.android.app.launcher TxPackets=0 RxPackets=0 TxBytes=0 RxBytes=0
11-05 13:20:17.849 1861 12188 D WifiPermissionsUtil: canAccessScanResults: pkgName = android, uid = 1000
11-05 13:20:17.851 14130 14130 D SecStatusBarWifiView: updateState: WifiIconState(resId=2131232668, visible=true, activityId=2131232674)
11-05 13:20:17.980 12573 12573 D io_stats: !@ 8,0 r 559685 27887192 w 9493720 563879928 d 448008 476633100 f 1678100 1884473 iot 26733330 11972129 th 102400 0 0 pt 0 inp 0 0 4837775.315
11-05 13:20:18.858 1861 12188 D WifiPermissionsUtil: canAccessScanResults: pkgName = android, uid = 1000
11-05 13:20:18.861 14130 14130 D SecStatusBarWifiView: updateState: WifiIconState(resId=2131232668, visible=true, activityId=2131232693)
11-05 13:20:18.899 764 764 I SurfaceFlinger: SFWD update time=4837776235462085
11-05 13:20:19.017 758 758 V APM_AudioPolicyManager: getAudioPolicyConfig: audioParam;outDevice
11-05 13:20:19.018 758 758 V APM_AudioPolicyManager: getNewOutputDevice() selected device 0
11-05 13:20:19.018 758 758 V APM_AudioPolicyManager: ### curdevice : 2
11-05 13:20:19.251 717 991 I qti_sensors_hal: processReportInd: Accel - X: 0.439 Y: 0.172 Z: 9.751
11-05 13:20:19.253 1861 2574 D SensorService: [SO] 0.439 0.172 9.751
11-05 13:20:19.369 1861 14313 D WifiPermissionsUtil: canAccessScanResults: pkgName = com.google.android.gms, uid = 10031
11-05 13:20:19.477 1861 1944 D PowerManagerService: UserActivityState : 1 -> 2
11-05 13:20:19.478 1861 1944 D PowerManagerService: mDisplayReady: false
11-05 13:20:19.478 1861 1944 D DisplayPowerController: animateScreenStateChange: target=2, targetInternal=2, dualScreenPolicy=-1
11-05 13:20:19.478 1861 1944 D DisplayPowerController: getFinalBrightness : Summary is 17 -> 17
11-05 13:20:19.478 1861 1944 D DisplayPowerController: Animating brightness: target=17, rate=2000 (PSM:, AB limit:(-1 ~ -1) MB Limit:(-1 ~ 355)
11-05 13:20:19.480 1861 1944 D PowerManagerService: DisplayPowerCallbacks : onStateChanged()
11-05 13:20:19.480 1861 1944 D PowerManagerService: mDisplayReady: true
11-05 13:20:19.516 729 729 D SEC LightsHAL: lcd : 47 +
11-05 13:20:19.522 729 729 D SEC LightsHAL: lcd : 47 -
11-05 13:20:19.529 1861 1944 D DisplayPowerController: animateScreenStateChange: target=2, targetInternal=2, dualScreenPolicy=-1
11-05 13:20:19.529 1861 1944 D DisplayPowerController: getFinalBrightness : Summary is 17 -> 17
11-05 13:20:19.531 729 729 D SEC LightsHAL: lcd : 17 +
11-05 13:20:19.535 729 729 D SEC LightsHAL: lcd : 17 -
11-05 13:20:19.557 1861 12189 D WifiStateMachine: enter getWifiLinkLayerStats
11-05 13:20:19.558 1861 12189 I WifiVendorHal: getWifiLinkLayerStats(l.2989) before calling iface.getLinkLayerStats
11-05 13:20:19.580 1861 12189 I WifiVendorHal: getWifiLinkLayerStats(l.2989) after calling iface.getLinkLayerStats
11-05 13:20:19.615 1861 12189 I WifiStateMachine: checkScoreBasedQuality - mPreviousScore[0]:87 mPreviousScore[1]:87 mPreviousScore[2]:87 s2Score:88mPrevoiusScoreAverage:87
11-05 13:20:19.868 1861 12188 D WifiPermissionsUtil: canAccessScanResults: pkgName = android, uid = 1000
11-05 13:20:20.873 1861 12188 D WifiPermissionsUtil: canAccessScanResults: pkgName = android, uid = 1000
11-05 13:20:21.575 1861 14313 D WifiPermissionsUtil: canAccessScanResults: pkgName = com.sec.android.sdhms, uid = 1000
11-05 13:20:21.740 1200 1284 E storaged: getDiskStats failed with result NOT_SUPPORTED and size 0
11-05 13:20:21.879 1861 12188 D WifiPermissionsUtil: canAccessScanResults: pkgName = android, uid = 1000
11-05 13:20:22.405 706 16580 I vendor.qti.bluetooth@1.0-ibs_handler: ProcessIbsCmd: Received IBS_WAKE_IND: 0xFD
11-05 13:20:22.405 706 16580 D vendor.qti.bluetooth@1.0-ibs_handler: SerialClockVote: vote for UART CLK ON
11-05 13:20:22.409 706 16580 D vendor.qti.bluetooth@1.0-wake_lock: Acquire wakelock is acquired
11-05 13:20:22.409 706 16580 I vendor.qti.bluetooth@1.0-ibs_handler: ProcessIbsCmd: Writing IBS_WAKE_ACK
11-05 13:20:22.435 16310 16356 D BtGatt.GattService: onScanResult to scannerId: 4- eventType=0x10, addressType=1, address=EA:7, primaryPhy=1, secondaryPhy=0, advertisingSid=0xff, txPower=127, rssi=-99, periodicAdvInt=0x0
11-05 13:20:22.436 16252 16302 D ScanRecord: Not a Multi Manu data
11-05 13:20:22.437 16252 16302 I chatty : uid=5006(oem_5006) BleScanWorkHand identical 9 lines
11-05 13:20:22.437 16252 16302 D ScanRecord: Not a Multi Manu data
11-05 13:20:22.453 16310 16356 D BtGatt.GattService: onScanResult to scannerId: 4- eventType=0x10, addressType=1, address=76:B, primaryPhy=1, secondaryPhy=0, advertisingSid=0xff, txPower=127, rssi=-90, periodicAdvInt=0x0
11-05 13:20:22.455 16252 16302 D ScanRecord: Not a Multi Manu data
11-05 13:20:22.455 16252 16302 I chatty : uid=5006(oem_5006) BleScanWorkHand identical 9 lines
11-05 13:20:22.455 16252 16302 D ScanRecord: Not a Multi Manu data
11-05 13:20:22.466 16310 16356 D BtGatt.GattService: onScanResult to scannerId: 4- eventType=0x1b, addressType=1, address=94:4, primaryPhy=1, secondaryPhy=0, advertisingSid=0xff, txPower=127, rssi=-49, periodicAdvInt=0x0
11-05 13:20:22.468 16252 16302 D ScanRecord: Not a Multi Manu data
11-05 13:20:22.468 16252 16302 I chatty : uid=5006(oem_5006) BleScanWorkHand identical 9 lines
11-05 13:20:22.468 16252 16302 D ScanRecord: Not a Multi Manu data
11-05 13:20:22.479 16310 16356 D BtGatt.GattService: onScanResult to scannerId: 4- eventType=0x10, addressType=1, address=0A:0, primaryPhy=1, secondaryPhy=0, advertisingSid=0xff, txPower=127, rssi=-92, periodicAdvInt=0x0
11-05 13:20:22.481 16252 16302 D ScanRecord: Not a Multi Manu data
11-05 13:20:22.481 16252 16302 I chatty : uid=5006(oem_5006) BleScanWorkHand identical 9 lines
11-05 13:20:22.481 16252 16302 D ScanRecord: Not a Multi Manu data
11-05 13:20:22.488 16310 16356 D BtGatt.GattService: onScanResult to scannerId: 4- eventType=0x1b, addressType=1, address=4C:4, primaryPhy=1, secondaryPhy=0, advertisingSid=0xff, txPower=127, rssi=-81, periodicAdvInt=0x0
11-05 13:20:22.491 16252 16302 D ScanRecord: Not a Multi Manu data
11-05 13:20:22.491 16252 16302 I chatty : uid=5006(oem_5006) BleScanWorkHand identical 9 lines
11-05 13:20:22.491 16252 16302 D ScanRecord: Not a Multi Manu data
11-05 13:20:22.492 16310 16356 D BtGatt.GattService: onScanResult to scannerId: 4- eventType=0x1b, addressType=1, address=8A:0, primaryPhy=1, secondaryPhy=0, advertisingSid=0xff, txPower=127, rssi=-64, periodicAdvInt=0x0
11-05 13:20:22.493 16252 16302 D ScanRecord: Not a Multi Manu data
11-05 13:20:22.493 16252 16302 I chatty : uid=5006(oem_5006) BleScanWorkHand identical 9 lines
11-05 13:20:22.493 16252 16302 D ScanRecord: Not a Multi Manu data
11-05 13:20:22.496 16310 16356 D BtGatt.GattService: onScanResult to scannerId: 4- eventType=0x1b, addressType=1, address=25:F, primaryPhy=1, secondaryPhy=0, advertisingSid=0xff, txPower=127, rssi=-60, periodicAdvInt=0x0
11-05 13:20:22.497 16252 16302 D ScanRecord: Not a Multi Manu data
11-05 13:20:22.498 16252 16302 I chatty : uid=5006(oem_5006) BleScanWorkHand identical 9 lines
11-05 13:20:22.498 16252 16302 D ScanRecord: Not a Multi Manu data
11-05 13:20:22.500 16310 16356 D BtGatt.GattService: onScanResult to scannerId: 4- eventType=0x1b, addressType=1, address=73:B, primaryPhy=1, secondaryPhy=0, advertisingSid=0xff, txPower=127, rssi=-91, periodicAdvInt=0x0
11-05 13:20:22.502 16252 16302 D ScanRecord: Not a Multi Manu data
11-05 13:20:22.502 16252 16302 I chatty : uid=5006(oem_5006) BleScanWorkHand identical 9 lines
11-05 13:20:22.502 16252 16302 D ScanRecord: Not a Multi Manu data
11-05 13:20:22.505 16310 16356 D BtGatt.GattService: onScanResult to scannerId: 4- eventType=0x10, addressType=1, address=EB:B, primaryPhy=1, secondaryPhy=0, advertisingSid=0xff, txPower=127, rssi=-91, periodicAdvInt=0x0
11-05 13:20:22.506 16252 16302 D ScanRecord: Not a Multi Manu data
11-05 13:20:22.506 16252 16302 I chatty : uid=5006(oem_5006) BleScanWorkHand identical 9 lines
11-05 13:20:22.506 16252 16302 D ScanRecord: Not a Multi Manu data
11-05 13:20:22.508 16310 16356 D BtGatt.GattService: onScanResult to scannerId: 4- eventType=0x1b, addressType=1, address=64:2, primaryPhy=1, secondaryPhy=0, advertisingSid=0xff, txPower=127, rssi=-76, periodicAdvInt=0x0
11-05 13:20:22.509 16252 16302 D ScanRecord: Not a Multi Manu data
11-05 13:20:22.509 16252 16302 I chatty : uid=5006(oem_5006) BleScanWorkHand identical 9 lines
11-05 13:20:22.509 16252 16302 D ScanRecord: Not a Multi Manu data
11-05 13:20:22.512 16310 16356 D BtGatt.GattService: onScanResult to scannerId: 4- eventType=0x10, addressType=1, address=55:6, primaryPhy=1, secondaryPhy=0, advertisingSid=0xff, txPower=127, rssi=-98, periodicAdvInt=0x0
11-05 13:20:22.513 16252 16302 D ScanRecord: Not a Multi Manu data
11-05 13:20:22.514 16252 16302 I chatty : uid=5006(oem_5006) BleScanWorkHand identical 9 lines
11-05 13:20:22.514 16252 16302 D ScanRecord: Not a Multi Manu data
11-05 13:20:22.515 16310 16356 D BtGatt.GattService: onScanResult to scannerId: 4- eventType=0x10, addressType=1, address=9B:C, primaryPhy=1, secondaryPhy=0, advertisingSid=0xff, txPower=127, rssi=-89, periodicAdvInt=0x0
11-05 13:20:22.516 16252 16302 D ScanRecord: Not a Multi Manu data
11-05 13:20:22.517 16252 16302 I chatty : uid=5006(oem_5006) BleScanWorkHand identical 9 lines
11-05 13:20:22.517 16252 16302 D ScanRecord: Not a Multi Manu data
11-05 13:20:22.519 16310 16356 D BtGatt.GattService: onScanResult to scannerId: 4- eventType=0x10, addressType=1, address=68:A, primaryPhy=1, secondaryPhy=0, advertisingSid=0xff, txPower=127, rssi=-89, periodicAdvInt=0x0
11-05 13:20:22.521 16252 16302 D ScanRecord: Not a Multi Manu data
11-05 13:20:22.522 16252 16302 I chatty : uid=5006(oem_5006) BleScanWorkHand identical 9 lines
11-05 13:20:22.522 16252 16302 D ScanRecord: Not a Multi Manu data
11-05 13:20:22.523 16310 16356 D BtGatt.GattService: onScanResult to scannerId: 4- eventType=0x10, addressType=1, address=08:5, primaryPhy=1, secondaryPhy=0, advertisingSid=0xff, txPower=127, rssi=-84, periodicAdvInt=0x0
11-05 13:20:22.524 16252 16302 D ScanRecord: Not a Multi Manu data
11-05 13:20:22.524 16252 16302 I chatty : uid=5006(oem_5006) BleScanWorkHand identical 9 lines
11-05 13:20:22.524 16252 16302 D ScanRecord: Not a Multi Manu data
11-05 13:20:22.527 16310 16356 D BtGatt.GattService: onScanResult to scannerId: 4- eventType=0x10, addressType=1, address=43:9, primaryPhy=1, secondaryPhy=0, advertisingSid=0xff, txPower=127, rssi=-96, periodicAdvInt=0x0
11-05 13:20:22.528 16252 16302 D ScanRecord: Not a Multi Manu data
11-05 13:20:22.528 16252 16302 I chatty : uid=5006(oem_5006) BleScanWorkHand identical 9 lines
11-05 13:20:22.528 16252 16302 D ScanRecord: Not a Multi Manu data
11-05 13:20:22.530 16310 16356 D BtGatt.GattService: onScanResult to scannerId: 4- eventType=0x10, addressType=1, address=B2:E, primaryPhy=1, secondaryPhy=0, advertisingSid=0xff, txPower=127, rssi=-96, periodicAdvInt=0x0
11-05 13:20:22.532 16252 16302 D ScanRecord: Not a Multi Manu data
11-05 13:20:22.532 16252 16302 I chatty : uid=5006(oem_5006) BleScanWorkHand identical 9 lines
11-05 13:20:22.532 16252 16302 D ScanRecord: Not a Multi Manu data
11-05 13:20:22.534 16310 16356 D BtGatt.GattService: onScanResult to scannerId: 4- eventType=0x10, addressType=1, address=16:B, primaryPhy=1, secondaryPhy=0, advertisingSid=0xff, txPower=127, rssi=-94, periodicAdvInt=0x0
11-05 13:20:22.535 16252 16302 D ScanRecord: Not a Multi Manu data
11-05 13:20:22.535 16252 16302 I chatty : uid=5006(oem_5006) BleScanWorkHand identical 9 lines
11-05 13:20:22.535 16252 16302 D ScanRecord: Not a Multi Manu data
11-05 13:20:22.537 16310 16356 D BtGatt.GattService: onScanResult to scannerId: 4- eventType=0x1b, addressType=1, address=37:F, primaryPhy=1, secondaryPhy=0, advertisingSid=0xff, txPower=127, rssi=-55, periodicAdvInt=0x0
11-05 13:20:22.537 16310 16356 D BtGatt.GattService: onScanResult to scannerId: 4- eventType=0x1b, addressType=0, address=90:8, primaryPhy=1, secondaryPhy=0, advertisingSid=0xff, txPower=127, rssi=-82, periodicAdvInt=0x0
11-05 13:20:22.538 16252 16302 D ScanRecord: Not a Multi Manu data
11-05 13:20:22.539 16252 16302 I chatty : uid=5006(oem_5006) BleScanWorkHand identical 20 lines
11-05 13:20:22.539 16252 16302 D ScanRecord: Not a Multi Manu data
11-05 13:20:22.540 16310 16356 D BtGatt.GattService: onScanResult to scannerId: 4- eventType=0x10, addressType=1, address=40:9, primaryPhy=1, secondaryPhy=0, advertisingSid=0xff, txPower=127, rssi=-95, periodicAdvInt=0x0
11-05 13:20:22.541 16252 16302 D ScanRecord: Not a Multi Manu data
11-05 13:20:22.541 16252 16302 I chatty : uid=5006(oem_5006) BleScanWorkHand identical 9 lines
11-05 13:20:22.541 16252 16302 D ScanRecord: Not a Multi Manu data
11-05 13:20:22.544 16310 16356 D BtGatt.GattService: onScanResult to scannerId: 4- eventType=0x10, addressType=1, address=F5:8, primaryPhy=1, secondaryPhy=0, advertisingSid=0xff, txPower=127, rssi=-86, periodicAdvInt=0x0
11-05 13:20:22.545 16252 16302 D ScanRecord: Not a Multi Manu data
11-05 13:20:22.545 16252 16302 I chatty : uid=5006(oem_5006) BleScanWorkHand identical 9 lines
11-05 13:20:22.545 16252 16302 D ScanRecord: Not a Multi Manu data
11-05 13:20:22.547 16310 16356 D BtGatt.GattService: onScanResult to scannerId: 4- eventType=0x1b, addressType=1, address=8A:0, primaryPhy=1, secondaryPhy=0, advertisingSid=0xff, txPower=127, rssi=-84, periodicAdvInt=0x0
11-05 13:20:22.548 16252 16302 D ScanRecord: Not a Multi Manu data
11-05 13:20:22.548 16252 16302 I chatty : uid=5006(oem_5006) BleScanWorkHand identical 9 lines
11-05 13:20:22.548 16252 16302 D ScanRecord: Not a Multi Manu data
11-05 13:20:22.550 16310 16356 D BtGatt.GattService: onScanResult to scannerId: 4- eventType=0x10, addressType=1, address=B1:2, primaryPhy=1, secondaryPhy=0, advertisingSid=0xff, txPower=127, rssi=-90, periodicAdvInt=0x0
11-05 13:20:22.551 16252 16302 D ScanRecord: Not a Multi Manu data
11-05 13:20:22.551 16252 16302 I chatty : uid=5006(oem_5006) BleScanWorkHand identical 9 lines
11-05 13:20:22.551 16252 16302 D ScanRecord: Not a Multi Manu data
11-05 13:20:22.553 16310 16356 D BtGatt.GattService: onScanResult to scannerId: 4- eventType=0x10, addressType=1, address=EB:6, primaryPhy=1, secondaryPhy=0, advertisingSid=0xff, txPower=127, rssi=-96, periodicAdvInt=0x0
11-05 13:20:22.554 16252 16302 D ScanRecord: Not a Multi Manu data
11-05 13:20:22.554 16252 16302 I chatty : uid=5006(oem_5006) BleScanWorkHand identical 9 lines
11-05 13:20:22.554 16252 16302 D ScanRecord: Not a Multi Manu data
11-05 13:20:22.556 16310 16356 D BtGatt.GattService: onScanResult to scannerId: 4- eventType=0x10, addressType=1, address=76:B, primaryPhy=1, secondaryPhy=0, advertisingSid=0xff, txPower=127, rssi=-89, periodicAdvInt=0x0
11-05 13:20:22.557 16252 16302 D ScanRecord: Not a Multi Manu data
11-05 13:20:22.557 16252 16302 I chatty : uid=5006(oem_5006) BleScanWorkHand identical 9 lines
11-05 13:20:22.557 16252 16302 D ScanRecord: Not a Multi Manu data
11-05 13:20:22.559 16310 16356 D BtGatt.GattService: onScanResult to scannerId: 4- eventType=0x10, addressType=1, address=DD:0, primaryPhy=1, secondaryPhy=0, advertisingSid=0xff, txPower=127, rssi=-89, periodicAdvInt=0x0
11-05 13:20:22.560 16252 16302 D ScanRecord: Not a Multi Manu data
11-05 13:20:22.561 16252 16302 I chatty : uid=5006(oem_5006) BleScanWorkHand identical 9 lines
11-05 13:20:22.561 16252 16302 D ScanRecord: Not a Multi Manu data
11-05 13:20:22.562 16310 16356 D BtGatt.GattService: onScanResult to scannerId: 4- eventType=0x10, addressType=1, address=D8:0, primaryPhy=1, secondaryPhy=0, advertisingSid=0xff, txPower=127, rssi=-94, periodicAdvInt=0x0
11-05 13:20:22.563 16252 16302 D ScanRecord: Not a Multi Manu data
11-05 13:20:22.563 16252 16302 I chatty : uid=5006(oem_5006) BleScanWorkHand identical 9 lines
11-05 13:20:22.563 16252 16302 D ScanRecord: Not a Multi Manu data
11-05 13:20:22.565 16310 16356 D BtGatt.GattService: onScanResult to scannerId: 4- eventType=0x10, addressType=1, address=0A:0, primaryPhy=1, secondaryPhy=0, advertisingSid=0xff, txPower=127, rssi=-92, periodicAdvInt=0x0
11-05 13:20:22.567 16252 16302 D ScanRecord: Not a Multi Manu data
11-05 13:20:22.567 16252 16302 I chatty : uid=5006(oem_5006) BleScanWorkHand identical 9 lines
11-05 13:20:22.567 16252 16302 D ScanRecord: Not a Multi Manu data
11-05 13:20:22.568 16310 16356 D BtGatt.GattService: onScanResult to scannerId: 4- eventType=0x1b, addressType=1, address=8A:0, primaryPhy=1, secondaryPhy=0, advertisingSid=0xff, txPower=127, rssi=-84, periodicAdvInt=0x0
11-05 13:20:22.569 16310 16356 D BtGatt.GattService: onScanResult to scannerId: 4- eventType=0x1b, addressType=0, address=CC:3, primaryPhy=1, secondaryPhy=0, advertisingSid=0xff, txPower=127, rssi=-80, periodicAdvInt=0x0
11-05 13:20:22.570 16252 16302 D ScanRecord: Not a Multi Manu data
11-05 13:20:22.570 16252 16302 I chatty : uid=5006(oem_5006) BleScanWorkHand identical 9 lines
11-05 13:20:22.570 16252 16302 D ScanRecord: Not a Multi Manu data
11-05 13:20:22.570 16310 16356 D BtGatt.GattService: onScanResult to scannerId: 4- eventType=0x10, addressType=1, address=72:3, primaryPhy=1, secondaryPhy=0, advertisingSid=0xff, txPower=127, rssi=-81, periodicAdvInt=0x0
11-05 13:20:22.571 16252 16302 D ScanRecord: Not a Multi Manu data
11-05 13:20:22.573 16252 16302 I chatty : uid=5006(oem_5006) BleScanWorkHand identical 20 lines
11-05 13:20:22.573 16252 16302 D ScanRecord: Not a Multi Manu data
11-05 13:20:22.573 16310 16356 D BtGatt.GattService: onScanResult to scannerId: 4- eventType=0x1b, addressType=1, address=F7:5, primaryPhy=1, secondaryPhy=0, advertisingSid=0xff, txPower=127, rssi=-91, periodicAdvInt=0x0
11-05 13:20:22.574 16252 16302 D ScanRecord: Not a Multi Manu data
11-05 13:20:22.575 16252 16302 I chatty : uid=5006(oem_5006) BleScanWorkHand identical 9 lines
11-05 13:20:22.575 16252 16302 D ScanRecord: Not a Multi Manu data
11-05 13:20:22.576 16310 16356 D BtGatt.GattService: onScanResult to scannerId: 4- eventType=0x10, addressType=1, address=5B:9, primaryPhy=1, secondaryPhy=0, advertisingSid=0xff, txPower=127, rssi=-98, periodicAdvInt=0x0
11-05 13:20:22.578 16252 16302 D ScanRecord: Not a Multi Manu data
11-05 13:20:22.578 16252 16302 I chatty : uid=5006(oem_5006) BleScanWorkHand identical 9 lines
11-05 13:20:22.578 16252 16302 D ScanRecord: Not a Multi Manu data
11-05 13:20:22.579 16310 16356 D BtGatt.GattService: onScanResult to scannerId: 4- eventType=0x10, addressType=1, address=68:A, primaryPhy=1, secondaryPhy=0, advertisingSid=0xff, txPower=127, rssi=-88, periodicAdvInt=0x0
11-05 13:20:22.580 16252 16302 D ScanRecord: Not a Multi Manu data
11-05 13:20:22.581 16252 16302 I chatty : uid=5006(oem_5006) BleScanWorkHand identical 9 lines
11-05 13:20:22.581 16252 16302 D ScanRecord: Not a Multi Manu data
11-05 13:20:22.582 16310 16356 D BtGatt.GattService: onScanResult to scannerId: 4- eventType=0x10, addressType=1, address=43:9, primaryPhy=1, secondaryPhy=0, advertisingSid=0xff, txPower=127, rssi=-98, periodicAdvInt=0x0
11-05 13:20:22.583 16252 16302 D ScanRecord: Not a Multi Manu data
11-05 13:20:22.584 16252 16302 I chatty : uid=5006(oem_5006) BleScanWorkHand identical 9 lines
11-05 13:20:22.584 16252 16302 D ScanRecord: Not a Multi Manu data
11-05 13:20:22.586 16310 16356 D BtGatt.GattService: onScanResult to scannerId: 4- eventType=0x10, addressType=1, address=08:5, primaryPhy=1, secondaryPhy=0, advertisingSid=0xff, txPower=127, rssi=-83, periodicAdvInt=0x0
11-05 13:20:22.587 16252 16302 D ScanRecord: Not a Multi Manu data
11-05 13:20:22.587 16252 16302 I chatty : uid=5006(oem_5006) BleScanWorkHand identical 9 lines
11-05 13:20:22.587 16252 16302 D ScanRecord: Not a Multi Manu data
11-05 13:20:22.600 706 16580 I vendor.qti.bluetooth@1.0-ibs_handler: ProcessIbsCmd: Received IBS_SLEEP_IND: 0xFE
11-05 13:20:22.600 706 16580 D vendor.qti.bluetooth@1.0-ibs_handler: SerialClockVote: vote for UART CLK OFF
11-05 13:20:22.617 1861 12189 D WifiStateMachine: enter getWifiLinkLayerStats
11-05 13:20:22.617 1861 12189 I WifiVendorHal: getWifiLinkLayerStats(l.2989) before calling iface.getLinkLayerStats
11-05 13:20:22.635 1861 12189 I WifiVendorHal: getWifiLinkLayerStats(l.2989) after calling iface.getLinkLayerStats
11-05 13:20:22.646 1861 12189 I WifiStateMachine: checkScoreBasedQuality - mPreviousScore[0]:87 mPreviousScore[1]:87 mPreviousScore[2]:88 s2Score:88mPrevoiusScoreAverage:87
11-05 13:20:22.750 706 16384 D vendor.qti.bluetooth@1.0-wake_lock: Release wakelock is released
11-05 13:20:22.886 1861 12188 D WifiPermissionsUtil: canAccessScanResults: pkgName = android, uid = 1000
11-05 13:20:22.989 12573 12573 D io_stats: !@ 8,0 r 559685 27887192 w 9493760 563880928 d 448009 476633104 f 1678101 1884476 iot 26733390 11972148 th 102400 0 0 pt 0 inp 0 0 4837780.323
11-05 13:20:23.893 1861 12188 D WifiPermissionsUtil: canAccessScanResults: pkgName = android, uid = 1000
11-05 13:20:24.278 13420 13655 D SDHMS:s : SIOP:: AP:156(233,80) BAT:248(248,0) CHG:254(254,0) USB:0(0,0) WIFI:209(259,50) PA:194(245,50) ATC:0(0,-999) BLK:248(248,0)
11-05 13:20:24.499 1861 14313 I ActivityManager: Killing 19098:com.samsung.android.app.watchmanagerstub/u0a194 (adj 906): empty #25
11-05 13:20:24.503 1861 1933 W libprocessgroup: kill(-19098, 9) failed: No such process
11-05 13:20:24.523 1861 1933 I chatty : uid=1000(system) ActivityManager identical 2 lines
11-05 13:20:24.534 1861 1933 W libprocessgroup: kill(-19098, 9) failed: No such process
11-05 13:20:24.539 1092 1092 I Zygote : Process 19098 exited due to signal (9)
11-05 13:20:24.540 1861 1933 W libprocessgroup: kill(-19098, 9) failed: No such process
11-05 13:20:24.540 1861 1933 I libprocessgroup: Successfully killed process cgroup uid 10194 pid 19098 in 37ms
11-05 13:20:24.899 1861 12188 D WifiPermissionsUtil: canAccessScanResults: pkgName = android, uid = 1000
11-05 13:20:25.516 706 16580 I vendor.qti.bluetooth@1.0-ibs_handler: ProcessIbsCmd: Received IBS_WAKE_IND: 0xFD
11-05 13:20:25.516 706 16580 D vendor.qti.bluetooth@1.0-ibs_handler: SerialClockVote: vote for UART CLK ON
11-05 13:20:25.525 706 16580 D vendor.qti.bluetooth@1.0-wake_lock: Acquire wakelock is acquired
11-05 13:20:25.525 706 16580 I vendor.qti.bluetooth@1.0-ibs_handler: ProcessIbsCmd: Writing IBS_WAKE_ACK
11-05 13:20:25.533 16310 16356 D BtGatt.GattService: onScanResult to scannerId: 4- eventType=0x1b, addressType=1, address=35:2, primaryPhy=1, secondaryPhy=0, advertisingSid=0xff, txPower=127, rssi=-78, periodicAdvInt=0x0
11-05 13:20:25.536 16252 16302 D ScanRecord: Not a Multi Manu data
11-05 13:20:25.537 16252 16302 I chatty : uid=5006(oem_5006) BleScanWorkHand identical 9 lines
11-05 13:20:25.537 16252 16302 D ScanRecord: Not a Multi Manu data
11-05 13:20:25.540 16310 16356 D BtGatt.GattService: onScanResult to scannerId: 4- eventType=0x10, addressType=1, address=E6:D, primaryPhy=1, secondaryPhy=0, advertisingSid=0xff, txPower=127, rssi=-96, periodicAdvInt=0x0
11-05 13:20:25.543 16252 16302 D ScanRecord: Not a Multi Manu data
11-05 13:20:25.543 16252 16302 I chatty : uid=5006(oem_5006) BleScanWorkHand identical 9 lines
11-05 13:20:25.543 16252 16302 D ScanRecord: Not a Multi Manu data
11-05 13:20:25.545 16310 16356 D BtGatt.GattService: onScanResult to scannerId: 4- eventType=0x10, addressType=1, address=4D:5, primaryPhy=1, secondaryPhy=0, advertisingSid=0xff, txPower=127, rssi=-95, periodicAdvInt=0x0
11-05 13:20:25.547 16252 16302 D ScanRecord: Not a Multi Manu data
11-05 13:20:25.547 16252 16302 I chatty : uid=5006(oem_5006) BleScanWorkHand identical 9 lines
11-05 13:20:25.547 16252 16302 D ScanRecord: Not a Multi Manu data
11-05 13:20:25.549 16310 16356 D BtGatt.GattService: onScanResult to scannerId: 4- eventType=0x10, addressType=1, address=6C:4, primaryPhy=1, secondaryPhy=0, advertisingSid=0xff, txPower=127, rssi=-69, periodicAdvInt=0x0
11-05 13:20:25.552 16252 16302 D ScanRecord: Not a Multi Manu data
11-05 13:20:25.552 16252 16302 I chatty : uid=5006(oem_5006) BleScanWorkHand identical 9 lines
11-05 13:20:25.553 16252 16302 D ScanRecord: Not a Multi Manu data
11-05 13:20:25.553 16310 16356 D BtGatt.GattService: onScanResult to scannerId: 4- eventType=0x1b, addressType=1, address=8A:0, primaryPhy=1, secondaryPhy=0, advertisingSid=0xff, txPower=127, rssi=-87, periodicAdvInt=0x0
11-05 13:20:25.555 16252 16302 D ScanRecord: Not a Multi Manu data
11-05 13:20:25.555 16252 16302 I chatty : uid=5006(oem_5006) BleScanWorkHand identical 9 lines
11-05 13:20:25.555 16252 16302 D ScanRecord: Not a Multi Manu data
11-05 13:20:25.557 16310 16356 D BtGatt.GattService: onScanResult to scannerId: 4- eventType=0x10, addressType=1, address=F5:8, primaryPhy=1, secondaryPhy=0, advertisingSid=0xff, txPower=127, rssi=-95, periodicAdvInt=0x0
11-05 13:20:25.558 16252 16302 D ScanRecord: Not a Multi Manu data
11-05 13:20:25.558 16252 16302 I chatty : uid=5006(oem_5006) BleScanWorkHand identical 9 lines
11-05 13:20:25.558 16252 16302 D ScanRecord: Not a Multi Manu data
11-05 13:20:25.560 16310 16356 D BtGatt.GattService: onScanResult to scannerId: 4- eventType=0x10, addressType=1, address=95:9, primaryPhy=1, secondaryPhy=0, advertisingSid=0xff, txPower=127, rssi=-99, periodicAdvInt=0x0
11-05 13:20:25.563 16252 16302 D ScanRecord: Not a Multi Manu data
11-05 13:20:25.563 16252 16302 I chatty : uid=5006(oem_5006) BleScanWorkHand identical 9 lines
11-05 13:20:25.563 16252 16302 D ScanRecord: Not a Multi Manu data
11-05 13:20:25.564 16310 16356 D BtGatt.GattService: onScanResult to scannerId: 4- eventType=0x1b, addressType=1, address=46:8, primaryPhy=1, secondaryPhy=0, advertisingSid=0xff, txPower=127, rssi=-42, periodicAdvInt=0x0
11-05 13:20:25.565 16310 16356 D BtGatt.GattService: onScanResult to scannerId: 4- eventType=0x1b, addressType=0, address=14:E, primaryPhy=1, secondaryPhy=0, advertisingSid=0xff, txPower=127, rssi=-79, periodicAdvInt=0x0
11-05 13:20:25.566 16252 16302 D ScanRecord: Not a Multi Manu data
11-05 13:20:25.567 16252 16302 I chatty : uid=5006(oem_5006) BleScanWorkHand identical 20 lines
11-05 13:20:25.567 16252 16302 D ScanRecord: Not a Multi Manu data
11-05 13:20:25.584 16310 16356 D BtGatt.GattService: onScanResult to scannerId: 4- eventType=0x1b, addressType=1, address=BB:B, primaryPhy=1, secondaryPhy=0, advertisingSid=0xff, txPower=127, rssi=-71, periodicAdvInt=0x0
11-05 13:20:25.584 16310 16356 D BtGatt.GattService: onScanResult to scannerId: 4- eventType=0x1b, addressType=0, address=90:8, primaryPhy=1, secondaryPhy=0, advertisingSid=0xff, txPower=127, rssi=-79, periodicAdvInt=0x0
11-05 13:20:25.587 16252 16302 D ScanRecord: Not a Multi Manu data
11-05 13:20:25.589 16252 16302 I chatty : uid=5006(oem_5006) BleScanWorkHand identical 20 lines
11-05 13:20:25.589 16252 16302 D ScanRecord: Not a Multi Manu data
11-05 13:20:25.607 16310 16356 D BtGatt.GattService: onScanResult to scannerId: 4- eventType=0x10, addressType=1, address=9B:C, primaryPhy=1, secondaryPhy=0, advertisingSid=0xff, txPower=127, rssi=-78, periodicAdvInt=0x0
11-05 13:20:25.609 16252 16302 D ScanRecord: Not a Multi Manu data
11-05 13:20:25.609 16252 16302 I chatty : uid=5006(oem_5006) BleScanWorkHand identical 9 lines
11-05 13:20:25.609 16252 16302 D ScanRecord: Not a Multi Manu data
11-05 13:20:25.619 16310 16356 D BtGatt.GattService: onScanResult to scannerId: 4- eventType=0x10, addressType=1, address=D6:2, primaryPhy=1, secondaryPhy=0, advertisingSid=0xff, txPower=127, rssi=-85, periodicAdvInt=0x0
11-05 13:20:25.622 16252 16302 D ScanRecord: Not a Multi Manu data
11-05 13:20:25.622 16252 16302 I chatty : uid=5006(oem_5006) BleScanWorkHand identical 9 lines
11-05 13:20:25.622 16252 16302 D ScanRecord: Not a Multi Manu data
11-05 13:20:25.631 16310 16356 D BtGatt.GattService: onScanResult to scannerId: 4- eventType=0x1b, addressType=1, address=C9:5, primaryPhy=1, secondaryPhy=0, advertisingSid=0xff, txPower=127, rssi=-64, periodicAdvInt=0x0
11-05 13:20:25.633 16252 16302 D ScanRecord: Not a Multi Manu data
11-05 13:20:25.633 16252 16302 I chatty : uid=5006(oem_5006) BleScanWorkHand identical 9 lines
11-05 13:20:25.633 16252 16302 D ScanRecord: Not a Multi Manu data
11-05 13:20:25.642 16310 16356 D BtGatt.GattService: onScanResult to scannerId: 4- eventType=0x10, addressType=1, address=08:5, primaryPhy=1, secondaryPhy=0, advertisingSid=0xff, txPower=127, rssi=-77, periodicAdvInt=0x0
11-05 13:20:25.643 16252 16302 D ScanRecord: Not a Multi Manu data
11-05 13:20:25.644 16252 16302 I chatty : uid=5006(oem_5006) BleScanWorkHand identical 9 lines
11-05 13:20:25.644 16252 16302 D ScanRecord: Not a Multi Manu data
11-05 13:20:25.647 1861 12189 D WifiStateMachine: enter getWifiLinkLayerStats
11-05 13:20:25.647 1861 12189 I WifiVendorHal: getWifiLinkLayerStats(l.2989) before calling iface.getLinkLayerStats
11-05 13:20:25.653 16310 16356 D BtGatt.GattService: onScanResult to scannerId: 4- eventType=0x1b, addressType=1, address=D2:7, primaryPhy=1, secondaryPhy=0, advertisingSid=0xff, txPower=127, rssi=-92, periodicAdvInt=0x0
11-05 13:20:25.655 16252 16302 D ScanRecord: Not a Multi Manu data
11-05 13:20:25.655 16252 16302 I chatty : uid=5006(oem_5006) BleScanWorkHand identical 9 lines
11-05 13:20:25.655 16252 16302 D ScanRecord: Not a Multi Manu data
11-05 13:20:25.660 1861 12189 I WifiVendorHal: getWifiLinkLayerStats(l.2989) after calling iface.getLinkLayerStats
11-05 13:20:25.667 1861 12189 I WifiStateMachine: checkScoreBasedQuality - mPreviousScore[0]:87 mPreviousScore[1]:88 mPreviousScore[2]:88 s2Score:88mPrevoiusScoreAverage:87
11-05 13:20:25.670 16310 16356 D BtGatt.GattService: onScanResult to scannerId: 4- eventType=0x10, addressType=1, address=6C:4, primaryPhy=1, secondaryPhy=0, advertisingSid=0xff, txPower=127, rssi=-68, periodicAdvInt=0x0
11-05 13:20:25.671 16252 16302 D ScanRecord: Not a Multi Manu data
11-05 13:20:25.671 16252 16302 I chatty : uid=5006(oem_5006) BleScanWorkHand identical 9 lines
11-05 13:20:25.671 16252 16302 D ScanRecord: Not a Multi Manu data
11-05 13:20:25.679 16310 16356 D BtGatt.GattService: onScanResult to scannerId: 4- eventType=0x10, addressType=1, address=96:9, primaryPhy=1, secondaryPhy=0, advertisingSid=0xff, txPower=127, rssi=-65, periodicAdvInt=0x0
11-05 13:20:25.680 16252 16302 D ScanRecord: Not a Multi Manu data
11-05 13:20:25.680 16252 16302 I chatty : uid=5006(oem_5006) BleScanWorkHand identical 9 lines
11-05 13:20:25.680 16252 16302 D ScanRecord: Not a Multi Manu data
11-05 13:20:25.686 16310 16356 D BtGatt.GattService: onScanResult to scannerId: 4- eventType=0x10, addressType=1, address=72:3, primaryPhy=1, secondaryPhy=0, advertisingSid=0xff, txPower=127, rssi=-80, periodicAdvInt=0x0
11-05 13:20:25.689 16252 16302 D ScanRecord: Not a Multi Manu data
11-05 13:20:25.689 16252 16302 I chatty : uid=5006(oem_5006) BleScanWorkHand identical 9 lines
11-05 13:20:25.689 16252 16302 D ScanRecord: Not a Multi Manu data
11-05 13:20:25.690 16310 16356 D BtGatt.GattService: onScanResult to scannerId: 4- eventType=0x1b, addressType=1, address=8A:0, primaryPhy=1, secondaryPhy=0, advertisingSid=0xff, txPower=127, rssi=-88, periodicAdvInt=0x0
11-05 13:20:25.691 16252 16302 D ScanRecord: Not a Multi Manu data
11-05 13:20:25.691 16252 16302 I chatty : uid=5006(oem_5006) BleScanWorkHand identical 9 lines
11-05 13:20:25.691 16252 16302 D ScanRecord: Not a Multi Manu data
11-05 13:20:25.695 16310 16356 D BtGatt.GattService: onScanResult to scannerId: 4- eventType=0x10, addressType=1, address=EB:6, primaryPhy=1, secondaryPhy=0, advertisingSid=0xff, txPower=127, rssi=-97, periodicAdvInt=0x0
11-05 13:20:25.697 16252 16302 D ScanRecord: Not a Multi Manu data
11-05 13:20:25.697 16252 16302 I chatty : uid=5006(oem_5006) BleScanWorkHand identical 9 lines
11-05 13:20:25.697 16252 16302 D ScanRecord: Not a Multi Manu data
11-05 13:20:25.699 16310 16356 D BtGatt.GattService: onScanResult to scannerId: 4- eventType=0x1b, addressType=1, address=B2:4, primaryPhy=1, secondaryPhy=0, advertisingSid=0xff, txPower=127, rssi=-75, periodicAdvInt=0x0
11-05 13:20:25.700 16252 16302 D ScanRecord: Not a Multi Manu data
11-05 13:20:25.701 16252 16302 I chatty : uid=5006(oem_5006) BleScanWorkHand identical 9 lines
11-05 13:20:25.701 16252 16302 D ScanRecord: Not a Multi Manu data
11-05 13:20:25.703 16310 16356 D BtGatt.GattService: onScanResult to scannerId: 4- eventType=0x10, addressType=1, address=DD:0, primaryPhy=1, secondaryPhy=0, advertisingSid=0xff, txPower=127, rssi=-97, periodicAdvInt=0x0
11-05 13:20:25.704 16252 16302 D ScanRecord: Not a Multi Manu data
11-05 13:20:25.704 16252 16302 I chatty : uid=5006(oem_5006) BleScanWorkHand identical 9 lines
11-05 13:20:25.704 16252 16302 D ScanRecord: Not a Multi Manu data
11-05 13:20:25.707 16310 16356 D BtGatt.GattService: onScanResult to scannerId: 4- eventType=0x1b, addressType=1, address=CE:F, primaryPhy=1, secondaryPhy=0, advertisingSid=0xff, txPower=127, rssi=-75, periodicAdvInt=0x0
11-05 13:20:25.709 16252 16302 D ScanRecord: Not a Multi Manu data
11-05 13:20:25.709 16252 16302 I chatty : uid=5006(oem_5006) BleScanWorkHand identical 9 lines
11-05 13:20:25.709 16252 16302 D ScanRecord: Not a Multi Manu data
11-05 13:20:25.710 706 16580 I vendor.qti.bluetooth@1.0-ibs_handler: ProcessIbsCmd: Received IBS_SLEEP_IND: 0xFE
11-05 13:20:25.711 706 16580 D vendor.qti.bluetooth@1.0-ibs_handler: SerialClockVote: vote for UART CLK OFF
11-05 13:20:25.711 16310 16356 D BtGatt.GattService: onScanResult to scannerId: 4- eventType=0x10, addressType=1, address=40:9, primaryPhy=1, secondaryPhy=0, advertisingSid=0xff, txPower=127, rssi=-98, periodicAdvInt=0x0
11-05 13:20:25.712 16252 16302 D ScanRecord: Not a Multi Manu data
11-05 13:20:25.712 16252 16302 I chatty : uid=5006(oem_5006) BleScanWorkHand identical 9 lines
11-05 13:20:25.712 16252 16302 D ScanRecord: Not a Multi Manu data
11-05 13:20:25.861 706 16384 D vendor.qti.bluetooth@1.0-wake_lock: Release wakelock is released
11-05 13:20:25.905 1861 12188 D WifiPermissionsUtil: canAccessScanResults: pkgName = android, uid = 1000
11-05 13:20:26.929 1861 12188 D WifiTrafficPoller: TrafficStats TxPkts=1083441 RxPkts=1072606 TxBytes=124956710 RxBytes=884614322 , Foreground uid=10076 pkgName=com.sec.android.app.launcher TxPackets=0 RxPackets=0 TxBytes=0 RxBytes=0
11-05 13:20:26.930 1861 12188 D WifiPermissionsUtil: canAccessScanResults: pkgName = android, uid = 1000
11-05 13:20:26.932 14130 14130 D SecStatusBarWifiView: updateState: WifiIconState(resId=2131232668, visible=true, activityId=2131232674)
11-05 13:20:27.026 1861 19622 D WifiConnectivityMonitor.DnsPingerHandler: setCurrentLinkProperties: lp={InterfaceName: wlan0 LinkAddresses: [fe80::25b9:3fb0:668d:b6fa/64,10.204.0.49/24,] Routes: [fe80::/64 -> :: wlan0,10.204.0.0/24 -> 0.0.0.0 wlan0,0.0.0.0/0 -> 10.204.0.1 wlan0,] DnsAddresses: [10.150.153.13,10.150.153.14,] UsePrivateDns: false PrivateDnsServerName: null Domains: intra.qt.io MTU: 0 TcpBufferSizes: 524288,1048576,4194304,524288,1048576,4194304}
11-05 13:20:27.129 1861 19623 D WifiPermissionsUtil: canAccessScanResults: pkgName = android, uid = 1000
11-05 13:20:27.133 1861 19623 D WifiConnectivityMonitor.DnsPingerHandler: #1 GW MAC address found in ARP table.3 msec.
11-05 13:20:27.136 1861 19623 D NetworkManagementSocketTagger: tagSocket(643) with statsTag=0xffffff42, statsUid=-1
11-05 13:20:27.149 1861 19623 D NetworkManagementSocketTagger: tagSocket(644) with statsTag=0xffffff42, statsUid=-1
11-05 13:20:27.359 1861 19623 D WifiConnectivityMonitor.DnsThread: [|222] []
11-05 13:20:27.361 1861 12242 D WifiConnectivityMonitor: DNS resultType : 0, responseTime : 222
11-05 13:20:27.928 1861 1929 D PowerManagerService: [api] setDeviceIdleTempWhitelist: appids: (uid: 1000 pid: 1861)
11-05 13:20:27.935 1861 12188 D WifiPermissionsUtil: canAccessScanResults: pkgName = android, uid = 1000
11-05 13:20:27.976 717 991 I qti_sensors_hal: processReportInd: Accel - X: 0.441 Y: 0.171 Z: 9.744
11-05 13:20:27.978 1861 2574 D SensorService: [SO] 0.441 0.171 9.744
11-05 13:20:27.988 717 991 I qti_sensors_hal: processReportInd: Light - 24 36
11-05 13:20:27.995 12573 12573 D io_stats: !@ 8,0 r 559685 27887192 w 9493772 563881492 d 448009 476633104 f 1678102 1884477 iot 26733400 11972158 th 102400 0 0 pt 0 inp 0 0 4837785.330
11-05 13:20:28.594 706 16580 I vendor.qti.bluetooth@1.0-ibs_handler: ProcessIbsCmd: Received IBS_WAKE_IND: 0xFD
11-05 13:20:28.595 706 16580 D vendor.qti.bluetooth@1.0-ibs_handler: SerialClockVote: vote for UART CLK ON
11-05 13:20:28.599 706 16580 D vendor.qti.bluetooth@1.0-wake_lock: Acquire wakelock is acquired
11-05 13:20:28.599 706 16580 I vendor.qti.bluetooth@1.0-ibs_handler: ProcessIbsCmd: Writing IBS_WAKE_ACK
11-05 13:20:28.629 16310 16356 D BtGatt.GattService: onScanResult to scannerId: 4- eventType=0x10, addressType=1, address=40:9, primaryPhy=1, secondaryPhy=0, advertisingSid=0xff, txPower=127, rssi=-96, periodicAdvInt=0x0
11-05 13:20:28.631 16252 16302 D ScanRecord: Not a Multi Manu data
11-05 13:20:28.631 16252 16302 I chatty : uid=5006(oem_5006) BleScanWorkHand identical 9 lines
11-05 13:20:28.631 16252 16302 D ScanRecord: Not a Multi Manu data
11-05 13:20:28.651 16310 16356 D BtGatt.GattService: onScanResult to scannerId: 4- eventType=0x10, addressType=1, address=E6:D, primaryPhy=1, secondaryPhy=0, advertisingSid=0xff, txPower=127, rssi=-91, periodicAdvInt=0x0
11-05 13:20:28.652 16310 16356 D BtGatt.GattService: onScanResult to scannerId: 4- eventType=0x1b, addressType=0, address=14:E, primaryPhy=1, secondaryPhy=0, advertisingSid=0xff, txPower=127, rssi=-81, periodicAdvInt=0x0
11-05 13:20:28.652 16252 16302 D ScanRecord: Not a Multi Manu data
11-05 13:20:28.656 16252 16302 I chatty : uid=5006(oem_5006) BleScanWorkHand identical 20 lines
11-05 13:20:28.656 16252 16302 D ScanRecord: Not a Multi Manu data
11-05 13:20:28.666 16310 16356 D BtGatt.GattService: onScanResult to scannerId: 4- eventType=0x10, addressType=1, address=0A:0, primaryPhy=1, secondaryPhy=0, advertisingSid=0xff, txPower=127, rssi=-97, periodicAdvInt=0x0
11-05 13:20:28.667 16252 16302 D ScanRecord: Not a Multi Manu data
11-05 13:20:28.668 16252 16302 I chatty : uid=5006(oem_5006) BleScanWorkHand identical 9 lines
11-05 13:20:28.668 16252 16302 D ScanRecord: Not a Multi Manu data
11-05 13:20:28.668 1861 12189 D WifiStateMachine: enter getWifiLinkLayerStats
11-05 13:20:28.668 1861 12189 I WifiVendorHal: getWifiLinkLayerStats(l.2989) before calling iface.getLinkLayerStats
11-05 13:20:28.677 16310 16356 D BtGatt.GattService: onScanResult to scannerId: 4- eventType=0x10, addressType=1, address=43:9, primaryPhy=1, secondaryPhy=0, advertisingSid=0xff, txPower=127, rssi=-98, periodicAdvInt=0x0
11-05 13:20:28.682 1861 12189 I WifiVendorHal: getWifiLinkLayerStats(l.2989) after calling iface.getLinkLayerStats
11-05 13:20:28.683 16252 16302 D ScanRecord: Not a Multi Manu data
11-05 13:20:28.683 16252 16302 I chatty : uid=5006(oem_5006) BleScanWorkHand identical 9 lines
11-05 13:20:28.683 16252 16302 D ScanRecord: Not a Multi Manu data
11-05 13:20:28.687 16310 16356 D BtGatt.GattService: onScanResult to scannerId: 4- eventType=0x10, addressType=1, address=08:5, primaryPhy=1, secondaryPhy=0, advertisingSid=0xff, txPower=127, rssi=-76, periodicAdvInt=0x0
11-05 13:20:28.689 16252 16302 D ScanRecord: Not a Multi Manu data
11-05 13:20:28.689 16252 16302 I chatty : uid=5006(oem_5006) BleScanWorkHand identical 9 lines
11-05 13:20:28.689 16252 16302 D ScanRecord: Not a Multi Manu data
11-05 13:20:28.690 16310 16356 D BtGatt.GattService: onScanResult to scannerId: 4- eventType=0x1b, addressType=1, address=8A:0, primaryPhy=1, secondaryPhy=0, advertisingSid=0xff, txPower=127, rssi=-65, periodicAdvInt=0x0
11-05 13:20:28.691 16252 16302 D ScanRecord: Not a Multi Manu data
11-05 13:20:28.692 16252 16302 I chatty : uid=5006(oem_5006) BleScanWorkHand identical 8 lines
11-05 13:20:28.692 1861 12189 I WifiStateMachine: checkScoreBasedQuality - mPreviousScore[0]:88 mPreviousScore[1]:88 mPreviousScore[2]:88 s2Score:88mPrevoiusScoreAverage:88
11-05 13:20:28.692 16252 16302 D ScanRecord: Not a Multi Manu data
11-05 13:20:28.692 16252 16302 D ScanRecord: Not a Multi Manu data
11-05 13:20:28.694 16310 16356 D BtGatt.GattService: onScanResult to scannerId: 4- eventType=0x10, addressType=1, address=68:A, primaryPhy=1, secondaryPhy=0, advertisingSid=0xff, txPower=127, rssi=-96, periodicAdvInt=0x0
11-05 13:20:28.695 16252 16302 D ScanRecord: Not a Multi Manu data
11-05 13:20:28.695 16252 16302 I chatty : uid=5006(oem_5006) BleScanWorkHand identical 9 lines
11-05 13:20:28.695 16252 16302 D ScanRecord: Not a Multi Manu data
11-05 13:20:28.698 16310 16356 D BtGatt.GattService: onScanResult to scannerId: 4- eventType=0x10, addressType=1, address=95:9, primaryPhy=1, secondaryPhy=0, advertisingSid=0xff, txPower=127, rssi=-95, periodicAdvInt=0x0
11-05 13:20:28.699 16252 16302 D ScanRecord: Not a Multi Manu data
11-05 13:20:28.699 16252 16302 I chatty : uid=5006(oem_5006) BleScanWorkHand identical 9 lines
11-05 13:20:28.699 16252 16302 D ScanRecord: Not a Multi Manu data
11-05 13:20:28.702 16310 16356 D BtGatt.GattService: onScanResult to scannerId: 4- eventType=0x10, addressType=1, address=96:9, primaryPhy=1, secondaryPhy=0, advertisingSid=0xff, txPower=127, rssi=-70, periodicAdvInt=0x0
11-05 13:20:28.702 16310 16356 D BtGatt.GattService: onScanResult to scannerId: 4- eventType=0x1b, addressType=0, address=AB:2, primaryPhy=1, secondaryPhy=0, advertisingSid=0xff, txPower=127, rssi=-85, periodicAdvInt=0x0
11-05 13:20:28.702 16252 16302 D ScanRecord: Not a Multi Manu data
11-05 13:20:28.703 16252 16302 I chatty : uid=5006(oem_5006) BleScanWorkHand identical 20 lines
11-05 13:20:28.703 16252 16302 D ScanRecord: Not a Multi Manu data
11-05 13:20:28.705 16310 16356 D BtGatt.GattService: onScanResult to scannerId: 4- eventType=0x1b, addressType=1, address=B2:4, primaryPhy=1, secondaryPhy=0, advertisingSid=0xff, txPower=127, rssi=-85, periodicAdvInt=0x0
11-05 13:20:28.706 16252 16302 D ScanRecord: Not a Multi Manu data
11-05 13:20:28.706 16252 16302 I chatty : uid=5006(oem_5006) BleScanWorkHand identical 9 lines
11-05 13:20:28.706 16252 16302 D ScanRecord: Not a Multi Manu data
11-05 13:20:28.708 16310 16356 D BtGatt.GattService: onScanResult to scannerId: 4- eventType=0x10, addressType=1, address=76:B, primaryPhy=1, secondaryPhy=0, advertisingSid=0xff, txPower=127, rssi=-94, periodicAdvInt=0x0
11-05 13:20:28.710 16252 16302 D ScanRecord: Not a Multi Manu data
11-05 13:20:28.710 16252 16302 I chatty : uid=5006(oem_5006) BleScanWorkHand identical 9 lines
11-05 13:20:28.710 16252 16302 D ScanRecord: Not a Multi Manu data
11-05 13:20:28.711 16310 16356 D BtGatt.GattService: onScanResult to scannerId: 4- eventType=0x1b, addressType=1, address=D3:F, primaryPhy=1, secondaryPhy=0, advertisingSid=0xff, txPower=127, rssi=-87, periodicAdvInt=0x0
11-05 13:20:28.712 16252 16302 D ScanRecord: Not a Multi Manu data
11-05 13:20:28.712 16252 16302 I chatty : uid=5006(oem_5006) BleScanWorkHand identical 9 lines
11-05 13:20:28.712 16252 16302 D ScanRecord: Not a Multi Manu data
11-05 13:20:28.715 16310 16356 D BtGatt.GattService: onScanResult to scannerId: 4- eventType=0x10, addressType=1, address=6C:4, primaryPhy=1, secondaryPhy=0, advertisingSid=0xff, txPower=127, rssi=-69, periodicAdvInt=0x0
11-05 13:20:28.716 16252 16302 D ScanRecord: Not a Multi Manu data
11-05 13:20:28.716 16252 16302 I chatty : uid=5006(oem_5006) BleScanWorkHand identical 9 lines
11-05 13:20:28.716 16252 16302 D ScanRecord: Not a Multi Manu data
11-05 13:20:28.719 16310 16356 D BtGatt.GattService: onScanResult to scannerId: 4- eventType=0x1b, addressType=1, address=73:B, primaryPhy=1, secondaryPhy=0, advertisingSid=0xff, txPower=127, rssi=-80, periodicAdvInt=0x0
11-05 13:20:28.721 16252 16302 D ScanRecord: Not a Multi Manu data
11-05 13:20:28.721 16252 16302 I chatty : uid=5006(oem_5006) BleScanWorkHand identical 9 lines
11-05 13:20:28.721 16252 16302 D ScanRecord: Not a Multi Manu data
11-05 13:20:28.722 16310 16356 D BtGatt.GattService: onScanResult to scannerId: 4- eventType=0x10, addressType=1, address=B1:2, primaryPhy=1, secondaryPhy=0, advertisingSid=0xff, txPower=127, rssi=-84, periodicAdvInt=0x0
11-05 13:20:28.723 16252 16302 D ScanRecord: Not a Multi Manu data
11-05 13:20:28.723 16252 16302 I chatty : uid=5006(oem_5006) BleScanWorkHand identical 9 lines
11-05 13:20:28.723 16252 16302 D ScanRecord: Not a Multi Manu data
11-05 13:20:28.726 16310 16356 D BtGatt.GattService: onScanResult to scannerId: 4- eventType=0x1b, addressType=1, address=25:F, primaryPhy=1, secondaryPhy=0, advertisingSid=0xff, txPower=127, rssi=-64, periodicAdvInt=0x0
11-05 13:20:28.727 16252 16302 D ScanRecord: Not a Multi Manu data
11-05 13:20:28.727 16252 16302 I chatty : uid=5006(oem_5006) BleScanWorkHand identical 9 lines
11-05 13:20:28.727 16252 16302 D ScanRecord: Not a Multi Manu data
11-05 13:20:28.729 16310 16356 D BtGatt.GattService: onScanResult to scannerId: 4- eventType=0x10, addressType=1, address=40:9, primaryPhy=1, secondaryPhy=0, advertisingSid=0xff, txPower=127, rssi=-96, periodicAdvInt=0x0
11-05 13:20:28.730 16252 16302 D ScanRecord: Not a Multi Manu data
11-05 13:20:28.730 16252 16302 I chatty : uid=5006(oem_5006) BleScanWorkHand identical 9 lines
11-05 13:20:28.730 16252 16302 D ScanRecord: Not a Multi Manu data
11-05 13:20:28.732 16310 16356 D BtGatt.GattService: onScanResult to scannerId: 4- eventType=0x1b, addressType=1, address=6F:B, primaryPhy=1, secondaryPhy=0, advertisingSid=0xff, txPower=127, rssi=-90, periodicAdvInt=0x0
11-05 13:20:28.733 16252 16302 D ScanRecord: Not a Multi Manu data
11-05 13:20:28.733 16252 16302 I chatty : uid=5006(oem_5006) BleScanWorkHand identical 9 lines
11-05 13:20:28.733 16252 16302 D ScanRecord: Not a Multi Manu data
11-05 13:20:28.735 16310 16356 D BtGatt.GattService: onScanResult to scannerId: 4- eventType=0x10, addressType=1, address=D6:2, primaryPhy=1, secondaryPhy=0, advertisingSid=0xff, txPower=127, rssi=-90, periodicAdvInt=0x0
11-05 13:20:28.736 16252 16302 D ScanRecord: Not a Multi Manu data
11-05 13:20:28.736 16252 16302 I chatty : uid=5006(oem_5006) BleScanWorkHand identical 9 lines
11-05 13:20:28.736 16252 16302 D ScanRecord: Not a Multi Manu data
11-05 13:20:28.738 16310 16356 D BtGatt.GattService: onScanResult to scannerId: 4- eventType=0x10, addressType=1, address=B2:E, primaryPhy=1, secondaryPhy=0, advertisingSid=0xff, txPower=127, rssi=-98, periodicAdvInt=0x0
11-05 13:20:28.741 16252 16302 D ScanRecord: Not a Multi Manu data
11-05 13:20:28.741 16252 16302 I chatty : uid=5006(oem_5006) BleScanWorkHand identical 9 lines
11-05 13:20:28.741 16252 16302 D ScanRecord: Not a Multi Manu data
11-05 13:20:28.742 16310 16356 D BtGatt.GattService: onScanResult to scannerId: 4- eventType=0x10, addressType=1, address=43:9, primaryPhy=1, secondaryPhy=0, advertisingSid=0xff, txPower=127, rssi=-98, periodicAdvInt=0x0
11-05 13:20:28.742 16310 16356 D BtGatt.GattService: onScanResult to scannerId: 4- eventType=0x1b, addressType=0, address=AB:2, primaryPhy=1, secondaryPhy=0, advertisingSid=0xff, txPower=127, rssi=-89, periodicAdvInt=0x0
11-05 13:20:28.743 16252 16302 D ScanRecord: Not a Multi Manu data
11-05 13:20:28.744 16252 16302 I chatty : uid=5006(oem_5006) BleScanWorkHand identical 20 lines
11-05 13:20:28.744 16252 16302 D ScanRecord: Not a Multi Manu data
11-05 13:20:28.744 16310 16356 D BtGatt.GattService: onScanResult to scannerId: 4- eventType=0x1b, addressType=1, address=B2:4, primaryPhy=1, secondaryPhy=0, advertisingSid=0xff, txPower=127, rssi=-87, periodicAdvInt=0x0
11-05 13:20:28.745 16252 16302 D ScanRecord: Not a Multi Manu data
11-05 13:20:28.745 16252 16302 I chatty : uid=5006(oem_5006) BleScanWorkHand identical 9 lines
11-05 13:20:28.745 16252 16302 D ScanRecord: Not a Multi Manu data
11-05 13:20:28.747 16310 16356 D BtGatt.GattService: onScanResult to scannerId: 4- eventType=0x1b, addressType=1, address=4C:4, primaryPhy=1, secondaryPhy=0, advertisingSid=0xff, txPower=127, rssi=-78, periodicAdvInt=0x0
11-05 13:20:28.749 16252 16302 D ScanRecord: Not a Multi Manu data
11-05 13:20:28.749 16252 16302 I chatty : uid=5006(oem_5006) BleScanWorkHand identical 9 lines
11-05 13:20:28.749 16252 16302 D ScanRecord: Not a Multi Manu data
11-05 13:20:28.750 16310 16356 D BtGatt.GattService: onScanResult to scannerId: 4- eventType=0x10, addressType=1, address=DD:0, primaryPhy=1, secondaryPhy=0, advertisingSid=0xff, txPower=127, rssi=-99, periodicAdvInt=0x0
11-05 13:20:28.752 16252 16302 D ScanRecord: Not a Multi Manu data
11-05 13:20:28.752 16252 16302 I chatty : uid=5006(oem_5006) BleScanWorkHand identical 9 lines
11-05 13:20:28.752 16252 16302 D ScanRecord: Not a Multi Manu data
