11-05 13:20:44.840 19782 19782 W System.err: at com.android.internal.os.RuntimeInit$MethodAndArgsCaller.run(RuntimeInit.java:493)
11-05 13:20:44.840 19782 19782 W System.err: at com.android.internal.os.ZygoteInit.main(ZygoteInit.java:965)
11-05 13:20:44.840 19782 19782 W System.err: java.lang.NullPointerException: Attempt to invoke virtual method 'float java.lang.reflect.Field.getFloat(java.lang.Object)' on a null object reference
11-05 13:20:44.840 19782 19782 W System.err: at org.qtproject.qt5.android.ExtractStyle.getRotateDrawable(ExtractStyle.java:712)
11-05 13:20:44.840 19782 19782 W System.err: at org.qtproject.qt5.android.ExtractStyle.getDrawable(ExtractStyle.java:1043)
11-05 13:20:44.840 19782 19782 W System.err: at org.qtproject.qt5.android.ExtractStyle.getLayerDrawable(ExtractStyle.java:623)
11-05 13:20:44.840 19782 19782 W System.err: at org.qtproject.qt5.android.ExtractStyle.getDrawable(ExtractStyle.java:1031)
11-05 13:20:44.840 19782 19782 W System.err: at org.qtproject.qt5.android.ExtractStyle.extractProgressBarInfo(ExtractStyle.java:1665)
11-05 13:20:44.840 19782 19782 W System.err: at org.qtproject.qt5.android.ExtractStyle.extractProgressBar(ExtractStyle.java:1677)
11-05 13:20:44.840 19782 19782 W System.err: at org.qtproject.qt5.android.ExtractStyle.(ExtractStyle.java:2007)
11-05 13:20:44.840 19782 19782 W System.err: at org.qtproject.qt5.android.QtActivityDelegate.loadApplication(QtActivityDelegate.java:614)
11-05 13:20:44.840 19782 19782 W System.err: at java.lang.reflect.Method.invoke(Native Method)
11-05 13:20:44.840 19782 19782 W System.err: at org.qtproject.qt5.android.bindings.QtLoader.loadApplication(QtLoader.java:267)
11-05 13:20:44.840 19782 19782 W System.err: at org.qtproject.qt5.android.bindings.QtLoader.startApp(QtLoader.java:505)
11-05 13:20:44.840 19782 19782 W System.err: at org.qtproject.qt5.android.bindings.QtActivityLoader.onCreate(QtActivityLoader.java:183)
11-05 13:20:44.840 19782 19782 W System.err: at org.qtproject.qt5.android.bindings.QtActivity.onCreateHook(QtActivity.java:266)
11-05 13:20:44.840 19782 19782 W System.err: at org.qtproject.qt5.android.bindings.QtActivity.onCreate(QtActivity.java:273)
11-05 13:20:44.840 19782 19782 W System.err: at android.app.Activity.performCreate(Activity.java:7340)
11-05 13:20:44.841 19782 19782 W System.err: at android.app.Activity.performCreate(Activity.java:7331)
11-05 13:20:44.841 19782 19782 W System.err: at android.app.Instrumentation.callActivityOnCreate(Instrumentation.java:1275)
11-05 13:20:44.841 19782 19782 W System.err: at android.app.ActivityThread.performLaunchActivity(ActivityThread.java:3105)
11-05 13:20:44.841 19782 19782 W System.err: at android.app.ActivityThread.handleLaunchActivity(ActivityThread.java:3268)
11-05 13:20:44.841 19782 19782 W System.err: at android.app.servertransaction.LaunchActivityItem.execute(LaunchActivityItem.java:78)
11-05 13:20:44.841 19782 19782 W System.err: at android.app.servertransaction.TransactionExecutor.executeCallbacks(TransactionExecutor.java:108)
11-05 13:20:44.841 19782 19782 W System.err: at android.app.servertransaction.TransactionExecutor.execute(TransactionExecutor.java:68)
11-05 13:20:44.841 19782 19782 W System.err: at android.app.ActivityThread$H.handleMessage(ActivityThread.java:1959)
11-05 13:20:44.841 19782 19782 W System.err: at android.os.Handler.dispatchMessage(Handler.java:106)
11-05 13:20:44.841 19782 19782 W System.err: at android.os.Looper.loop(Looper.java:214)
11-05 13:20:44.841 19782 19782 W System.err: at android.app.ActivityThread.main(ActivityThread.java:7080)
11-05 13:20:44.841 19782 19782 W System.err: at java.lang.reflect.Method.invoke(Native Method)
11-05 13:20:44.841 19782 19782 W System.err: at com.android.internal.os.RuntimeInit$MethodAndArgsCaller.run(RuntimeInit.java:493)
11-05 13:20:44.841 19782 19782 W System.err: at com.android.internal.os.ZygoteInit.main(ZygoteInit.java:965)
11-05 13:20:44.842 19782 19782 W .example.wiggl: Accessing hidden field Landroid/graphics/drawable/RotateDrawable$RotateState;->mPivotX:F (dark greylist, reflection)
11-05 13:20:44.842 19782 19782 W System.err: java.lang.NoSuchFieldException: No field mPivotX in class Landroid/graphics/drawable/RotateDrawable$RotateState; (declaration of 'android.graphics.drawable.RotateDrawable$RotateState' appears in /system/framework/framework.jar)
11-05 13:20:44.842 19782 19782 W System.err: at java.lang.Class.getDeclaredField(Native Method)
11-05 13:20:44.842 19782 19782 W System.err: at org.qtproject.qt5.android.ExtractStyle.getAccessibleField(ExtractStyle.java:399)
11-05 13:20:44.842 19782 19782 W System.err: at org.qtproject.qt5.android.ExtractStyle.getRotateDrawable(ExtractStyle.java:712)
11-05 13:20:44.842 19782 19782 W System.err: at org.qtproject.qt5.android.ExtractStyle.getDrawable(ExtractStyle.java:1043)
11-05 13:20:44.842 19782 19782 W System.err: at org.qtproject.qt5.android.ExtractStyle.getLayerDrawable(ExtractStyle.java:623)
11-05 13:20:44.842 19782 19782 W System.err: at org.qtproject.qt5.android.ExtractStyle.getDrawable(ExtractStyle.java:1031)
11-05 13:20:44.842 19782 19782 W System.err: at org.qtproject.qt5.android.ExtractStyle.extractProgressBarInfo(ExtractStyle.java:1665)
11-05 13:20:44.842 19782 19782 W System.err: at org.qtproject.qt5.android.ExtractStyle.extractProgressBar(ExtractStyle.java:1677)
11-05 13:20:44.842 19782 19782 W System.err: at org.qtproject.qt5.android.ExtractStyle.(ExtractStyle.java:2007)
11-05 13:20:44.842 19782 19782 W System.err: at org.qtproject.qt5.android.QtActivityDelegate.loadApplication(QtActivityDelegate.java:614)
11-05 13:20:44.842 19782 19782 W System.err: at java.lang.reflect.Method.invoke(Native Method)
11-05 13:20:44.842 19782 19782 W System.err: at org.qtproject.qt5.android.bindings.QtLoader.loadApplication(QtLoader.java:267)
11-05 13:20:44.842 19782 19782 W System.err: at org.qtproject.qt5.android.bindings.QtLoader.startApp(QtLoader.java:505)
11-05 13:20:44.842 19782 19782 W System.err: at org.qtproject.qt5.android.bindings.QtActivityLoader.onCreate(QtActivityLoader.java:183)
11-05 13:20:44.842 19782 19782 W System.err: at org.qtproject.qt5.android.bindings.QtActivity.onCreateHook(QtActivity.java:266)
11-05 13:20:44.842 19782 19782 W System.err: at org.qtproject.qt5.android.bindings.QtActivity.onCreate(QtActivity.java:273)
11-05 13:20:44.842 19782 19782 W System.err: at android.app.Activity.performCreate(Activity.java:7340)
11-05 13:20:44.842 19782 19782 W System.err: at android.app.Activity.performCreate(Activity.java:7331)
11-05 13:20:44.843 19782 19782 W System.err: at android.app.Instrumentation.callActivityOnCreate(Instrumentation.java:1275)
11-05 13:20:44.843 19782 19782 W System.err: at android.app.ActivityThread.performLaunchActivity(ActivityThread.java:3105)
11-05 13:20:44.843 19782 19782 W System.err: at android.app.ActivityThread.handleLaunchActivity(ActivityThread.java:3268)
11-05 13:20:44.843 19782 19782 W System.err: at android.app.servertransaction.LaunchActivityItem.execute(LaunchActivityItem.java:78)
11-05 13:20:44.843 19782 19782 W System.err: at android.app.servertransaction.TransactionExecutor.executeCallbacks(TransactionExecutor.java:108)
11-05 13:20:44.843 19782 19782 W System.err: at android.app.servertransaction.TransactionExecutor.execute(TransactionExecutor.java:68)
11-05 13:20:44.843 19782 19782 W System.err: at android.app.ActivityThread$H.handleMessage(ActivityThread.java:1959)
11-05 13:20:44.843 19782 19782 W System.err: at android.os.Handler.dispatchMessage(Handler.java:106)
11-05 13:20:44.843 19782 19782 W System.err: at android.os.Looper.loop(Looper.java:214)
11-05 13:20:44.843 19782 19782 W System.err: at android.app.ActivityThread.main(ActivityThread.java:7080)
11-05 13:20:44.843 19782 19782 W System.err: at java.lang.reflect.Method.invoke(Native Method)
11-05 13:20:44.843 19782 19782 W System.err: at com.android.internal.os.RuntimeInit$MethodAndArgsCaller.run(RuntimeInit.java:493)
11-05 13:20:44.843 19782 19782 W System.err: at com.android.internal.os.ZygoteInit.main(ZygoteInit.java:965)
11-05 13:20:44.843 19782 19782 W System.err: java.lang.NullPointerException: Attempt to invoke virtual method 'float java.lang.reflect.Field.getFloat(java.lang.Object)' on a null object reference
11-05 13:20:44.843 19782 19782 W System.err: at org.qtproject.qt5.android.ExtractStyle.getRotateDrawable(ExtractStyle.java:712)
11-05 13:20:44.843 19782 19782 W System.err: at org.qtproject.qt5.android.ExtractStyle.getDrawable(ExtractStyle.java:1043)
11-05 13:20:44.843 19782 19782 W System.err: at org.qtproject.qt5.android.ExtractStyle.getLayerDrawable(ExtractStyle.java:623)
11-05 13:20:44.843 19782 19782 W System.err: at org.qtproject.qt5.android.ExtractStyle.getDrawable(ExtractStyle.java:1031)
11-05 13:20:44.843 19782 19782 W System.err: at org.qtproject.qt5.android.ExtractStyle.extractProgressBarInfo(ExtractStyle.java:1665)
11-05 13:20:44.843 19782 19782 W System.err: at org.qtproject.qt5.android.ExtractStyle.extractProgressBar(ExtractStyle.java:1677)
11-05 13:20:44.843 19782 19782 W System.err: at org.qtproject.qt5.android.ExtractStyle.(ExtractStyle.java:2007)
11-05 13:20:44.843 19782 19782 W System.err: at org.qtproject.qt5.android.QtActivityDelegate.loadApplication(QtActivityDelegate.java:614)
11-05 13:20:44.843 19782 19782 W System.err: at java.lang.reflect.Method.invoke(Native Method)
11-05 13:20:44.843 19782 19782 W System.err: at org.qtproject.qt5.android.bindings.QtLoader.loadApplication(QtLoader.java:267)
11-05 13:20:44.843 19782 19782 W System.err: at org.qtproject.qt5.android.bindings.QtLoader.startApp(QtLoader.java:505)
11-05 13:20:44.843 19782 19782 W System.err: at org.qtproject.qt5.android.bindings.QtActivityLoader.onCreate(QtActivityLoader.java:183)
11-05 13:20:44.843 19782 19782 W System.err: at org.qtproject.qt5.android.bindings.QtActivity.onCreateHook(QtActivity.java:266)
11-05 13:20:44.843 19782 19782 W System.err: at org.qtproject.qt5.android.bindings.QtActivity.onCreate(QtActivity.java:273)
11-05 13:20:44.843 19782 19782 W System.err: at android.app.Activity.performCreate(Activity.java:7340)
11-05 13:20:44.843 19782 19782 W System.err: at android.app.Activity.performCreate(Activity.java:7331)
11-05 13:20:44.843 19782 19782 W System.err: at android.app.Instrumentation.callActivityOnCreate(Instrumentation.java:1275)
11-05 13:20:44.843 19782 19782 W System.err: at android.app.ActivityThread.performLaunchActivity(ActivityThread.java:3105)
11-05 13:20:44.843 19782 19782 W System.err: at android.app.ActivityThread.handleLaunchActivity(ActivityThread.java:3268)
11-05 13:20:44.844 19782 19782 W System.err: at android.app.servertransaction.LaunchActivityItem.execute(LaunchActivityItem.java:78)
11-05 13:20:44.844 19782 19782 W System.err: at android.app.servertransaction.TransactionExecutor.executeCallbacks(TransactionExecutor.java:108)
11-05 13:20:44.844 19782 19782 W System.err: at android.app.servertransaction.TransactionExecutor.execute(TransactionExecutor.java:68)
11-05 13:20:44.844 19782 19782 W System.err: at android.app.ActivityThread$H.handleMessage(ActivityThread.java:1959)
11-05 13:20:44.844 19782 19782 W System.err: at android.os.Handler.dispatchMessage(Handler.java:106)
11-05 13:20:44.844 19782 19782 W System.err: at android.os.Looper.loop(Looper.java:214)
11-05 13:20:44.844 19782 19782 W System.err: at android.app.ActivityThread.main(ActivityThread.java:7080)
11-05 13:20:44.844 19782 19782 W System.err: at java.lang.reflect.Method.invoke(Native Method)
11-05 13:20:44.844 19782 19782 W System.err: at com.android.internal.os.RuntimeInit$MethodAndArgsCaller.run(RuntimeInit.java:493)
11-05 13:20:44.844 19782 19782 W System.err: at com.android.internal.os.ZygoteInit.main(ZygoteInit.java:965)
11-05 13:20:44.854 19782 19782 W .example.wiggl: Accessing hidden field Landroid/graphics/drawable/RotateDrawable$RotateState;->mPivotX:F (dark greylist, reflection)
11-05 13:20:44.855 19782 19782 W System.err: java.lang.NoSuchFieldException: No field mPivotX in class Landroid/graphics/drawable/RotateDrawable$RotateState; (declaration of 'android.graphics.drawable.RotateDrawable$RotateState' appears in /system/framework/framework.jar)
11-05 13:20:44.855 19782 19782 W System.err: at java.lang.Class.getDeclaredField(Native Method)
11-05 13:20:44.855 19782 19782 W System.err: at org.qtproject.qt5.android.ExtractStyle.getAccessibleField(ExtractStyle.java:399)
11-05 13:20:44.855 19782 19782 W System.err: at org.qtproject.qt5.android.ExtractStyle.getRotateDrawable(ExtractStyle.java:712)
11-05 13:20:44.855 19782 19782 W System.err: at org.qtproject.qt5.android.ExtractStyle.getDrawable(ExtractStyle.java:1043)
11-05 13:20:44.855 19782 19782 W System.err: at org.qtproject.qt5.android.ExtractStyle.getLayerDrawable(ExtractStyle.java:623)
11-05 13:20:44.855 19782 19782 W System.err: at org.qtproject.qt5.android.ExtractStyle.getDrawable(ExtractStyle.java:1031)
11-05 13:20:44.855 19782 19782 W System.err: at org.qtproject.qt5.android.ExtractStyle.extractProgressBarInfo(ExtractStyle.java:1665)
11-05 13:20:44.855 19782 19782 W System.err: at org.qtproject.qt5.android.ExtractStyle.extractProgressBar(ExtractStyle.java:1677)
11-05 13:20:44.855 19782 19782 W System.err: at org.qtproject.qt5.android.ExtractStyle.(ExtractStyle.java:2008)
11-05 13:20:44.855 19782 19782 W System.err: at org.qtproject.qt5.android.QtActivityDelegate.loadApplication(QtActivityDelegate.java:614)
11-05 13:20:44.855 19782 19782 W System.err: at java.lang.reflect.Method.invoke(Native Method)
11-05 13:20:44.855 19782 19782 W System.err: at org.qtproject.qt5.android.bindings.QtLoader.loadApplication(QtLoader.java:267)
11-05 13:20:44.855 19782 19782 W System.err: at org.qtproject.qt5.android.bindings.QtLoader.startApp(QtLoader.java:505)
11-05 13:20:44.855 19782 19782 W System.err: at org.qtproject.qt5.android.bindings.QtActivityLoader.onCreate(QtActivityLoader.java:183)
11-05 13:20:44.855 19782 19782 W System.err: at org.qtproject.qt5.android.bindings.QtActivity.onCreateHook(QtActivity.java:266)
11-05 13:20:44.855 19782 19782 W System.err: at org.qtproject.qt5.android.bindings.QtActivity.onCreate(QtActivity.java:273)
11-05 13:20:44.855 19782 19782 W System.err: at android.app.Activity.performCreate(Activity.java:7340)
11-05 13:20:44.855 19782 19782 W System.err: at android.app.Activity.performCreate(Activity.java:7331)
11-05 13:20:44.855 19782 19782 W System.err: at android.app.Instrumentation.callActivityOnCreate(Instrumentation.java:1275)
11-05 13:20:44.855 19782 19782 W System.err: at android.app.ActivityThread.performLaunchActivity(ActivityThread.java:3105)
11-05 13:20:44.855 19782 19782 W System.err: at android.app.ActivityThread.handleLaunchActivity(ActivityThread.java:3268)
11-05 13:20:44.855 19782 19782 W System.err: at android.app.servertransaction.LaunchActivityItem.execute(LaunchActivityItem.java:78)
11-05 13:20:44.855 19782 19782 W System.err: at android.app.servertransaction.TransactionExecutor.executeCallbacks(TransactionExecutor.java:108)
11-05 13:20:44.855 19782 19782 W System.err: at android.app.servertransaction.TransactionExecutor.execute(TransactionExecutor.java:68)
11-05 13:20:44.855 19782 19782 W System.err: at android.app.ActivityThread$H.handleMessage(ActivityThread.java:1959)
11-05 13:20:44.855 19782 19782 W System.err: at android.os.Handler.dispatchMessage(Handler.java:106)
11-05 13:20:44.855 19782 19782 W System.err: at android.os.Looper.loop(Looper.java:214)
11-05 13:20:44.855 19782 19782 W System.err: at android.app.ActivityThread.main(ActivityThread.java:7080)
11-05 13:20:44.855 19782 19782 W System.err: at java.lang.reflect.Method.invoke(Native Method)
11-05 13:20:44.855 19782 19782 W System.err: at com.android.internal.os.RuntimeInit$MethodAndArgsCaller.run(RuntimeInit.java:493)
11-05 13:20:44.855 19782 19782 W System.err: at com.android.internal.os.ZygoteInit.main(ZygoteInit.java:965)
11-05 13:20:44.856 19782 19782 W System.err: java.lang.NullPointerException: Attempt to invoke virtual method 'float java.lang.reflect.Field.getFloat(java.lang.Object)' on a null object reference
11-05 13:20:44.856 19782 19782 W System.err: at org.qtproject.qt5.android.ExtractStyle.getRotateDrawable(ExtractStyle.java:712)
11-05 13:20:44.856 19782 19782 W System.err: at org.qtproject.qt5.android.ExtractStyle.getDrawable(ExtractStyle.java:1043)
11-05 13:20:44.856 19782 19782 W System.err: at org.qtproject.qt5.android.ExtractStyle.getLayerDrawable(ExtractStyle.java:623)
11-05 13:20:44.856 19782 19782 W System.err: at org.qtproject.qt5.android.ExtractStyle.getDrawable(ExtractStyle.java:1031)
11-05 13:20:44.856 19782 19782 W System.err: at org.qtproject.qt5.android.ExtractStyle.extractProgressBarInfo(ExtractStyle.java:1665)
11-05 13:20:44.856 19782 19782 W System.err: at org.qtproject.qt5.android.ExtractStyle.extractProgressBar(ExtractStyle.java:1677)
11-05 13:20:44.856 19782 19782 W System.err: at org.qtproject.qt5.android.ExtractStyle.(ExtractStyle.java:2008)
11-05 13:20:44.856 19782 19782 W System.err: at org.qtproject.qt5.android.QtActivityDelegate.loadApplication(QtActivityDelegate.java:614)
11-05 13:20:44.856 19782 19782 W System.err: at java.lang.reflect.Method.invoke(Native Method)
11-05 13:20:44.856 19782 19782 W System.err: at org.qtproject.qt5.android.bindings.QtLoader.loadApplication(QtLoader.java:267)
11-05 13:20:44.856 19782 19782 W System.err: at org.qtproject.qt5.android.bindings.QtLoader.startApp(QtLoader.java:505)
11-05 13:20:44.856 19782 19782 W System.err: at org.qtproject.qt5.android.bindings.QtActivityLoader.onCreate(QtActivityLoader.java:183)
11-05 13:20:44.856 19782 19782 W System.err: at org.qtproject.qt5.android.bindings.QtActivity.onCreateHook(QtActivity.java:266)
11-05 13:20:44.856 19782 19782 W System.err: at org.qtproject.qt5.android.bindings.QtActivity.onCreate(QtActivity.java:273)
11-05 13:20:44.856 19782 19782 W System.err: at android.app.Activity.performCreate(Activity.java:7340)
11-05 13:20:44.856 19782 19782 W System.err: at android.app.Activity.performCreate(Activity.java:7331)
11-05 13:20:44.856 19782 19782 W System.err: at android.app.Instrumentation.callActivityOnCreate(Instrumentation.java:1275)
11-05 13:20:44.856 19782 19782 W System.err: at android.app.ActivityThread.performLaunchActivity(ActivityThread.java:3105)
11-05 13:20:44.856 19782 19782 W System.err: at android.app.ActivityThread.handleLaunchActivity(ActivityThread.java:3268)
11-05 13:20:44.856 19782 19782 W System.err: at android.app.servertransaction.LaunchActivityItem.execute(LaunchActivityItem.java:78)
11-05 13:20:44.856 19782 19782 W System.err: at android.app.servertransaction.TransactionExecutor.executeCallbacks(TransactionExecutor.java:108)
11-05 13:20:44.856 19782 19782 W System.err: at android.app.servertransaction.TransactionExecutor.execute(TransactionExecutor.java:68)
11-05 13:20:44.856 19782 19782 W System.err: at android.app.ActivityThread$H.handleMessage(ActivityThread.java:1959)
11-05 13:20:44.856 19782 19782 W System.err: at android.os.Handler.dispatchMessage(Handler.java:106)
11-05 13:20:44.856 19782 19782 W System.err: at android.os.Looper.loop(Looper.java:214)
11-05 13:20:44.856 19782 19782 W System.err: at android.app.ActivityThread.main(ActivityThread.java:7080)
11-05 13:20:44.856 19782 19782 W System.err: at java.lang.reflect.Method.invoke(Native Method)
11-05 13:20:44.856 19782 19782 W System.err: at com.android.internal.os.RuntimeInit$MethodAndArgsCaller.run(RuntimeInit.java:493)
11-05 13:20:44.856 19782 19782 W System.err: at com.android.internal.os.ZygoteInit.main(ZygoteInit.java:965)
11-05 13:20:44.859 19782 19782 W .example.wiggl: Accessing hidden field Landroid/graphics/drawable/RotateDrawable$RotateState;->mPivotX:F (dark greylist, reflection)
11-05 13:20:44.859 19782 19782 W System.err: java.lang.NoSuchFieldException: No field mPivotX in class Landroid/graphics/drawable/RotateDrawable$RotateState; (declaration of 'android.graphics.drawable.RotateDrawable$RotateState' appears in /system/framework/framework.jar)
11-05 13:20:44.859 19782 19782 W System.err: at java.lang.Class.getDeclaredField(Native Method)
11-05 13:20:44.859 19782 19782 W System.err: at org.qtproject.qt5.android.ExtractStyle.getAccessibleField(ExtractStyle.java:399)
11-05 13:20:44.859 19782 19782 W System.err: at org.qtproject.qt5.android.ExtractStyle.getRotateDrawable(ExtractStyle.java:712)
11-05 13:20:44.859 19782 19782 W System.err: at org.qtproject.qt5.android.ExtractStyle.getDrawable(ExtractStyle.java:1043)
11-05 13:20:44.859 19782 19782 W System.err: at org.qtproject.qt5.android.ExtractStyle.getLayerDrawable(ExtractStyle.java:623)
11-05 13:20:44.859 19782 19782 W System.err: at org.qtproject.qt5.android.ExtractStyle.getDrawable(ExtractStyle.java:1031)
11-05 13:20:44.859 19782 19782 W System.err: at org.qtproject.qt5.android.ExtractStyle.extractProgressBarInfo(ExtractStyle.java:1665)
11-05 13:20:44.859 19782 19782 W System.err: at org.qtproject.qt5.android.ExtractStyle.extractProgressBar(ExtractStyle.java:1677)
11-05 13:20:44.859 19782 19782 W System.err: at org.qtproject.qt5.android.ExtractStyle.(ExtractStyle.java:2008)
11-05 13:20:44.859 19782 19782 W System.err: at org.qtproject.qt5.android.QtActivityDelegate.loadApplication(QtActivityDelegate.java:614)
11-05 13:20:44.859 19782 19782 W System.err: at java.lang.reflect.Method.invoke(Native Method)
11-05 13:20:44.859 19782 19782 W System.err: at org.qtproject.qt5.android.bindings.QtLoader.loadApplication(QtLoader.java:267)
11-05 13:20:44.859 19782 19782 W System.err: at org.qtproject.qt5.android.bindings.QtLoader.startApp(QtLoader.java:505)
11-05 13:20:44.859 19782 19782 W System.err: at org.qtproject.qt5.android.bindings.QtActivityLoader.onCreate(QtActivityLoader.java:183)
11-05 13:20:44.859 19782 19782 W System.err: at org.qtproject.qt5.android.bindings.QtActivity.onCreateHook(QtActivity.java:266)
11-05 13:20:44.859 19782 19782 W System.err: at org.qtproject.qt5.android.bindings.QtActivity.onCreate(QtActivity.java:273)
11-05 13:20:44.860 19782 19782 W System.err: at android.app.Activity.performCreate(Activity.java:7340)
11-05 13:20:44.860 19782 19782 W System.err: at android.app.Activity.performCreate(Activity.java:7331)
11-05 13:20:44.860 19782 19782 W System.err: at android.app.Instrumentation.callActivityOnCreate(Instrumentation.java:1275)
11-05 13:20:44.860 19782 19782 W System.err: at android.app.ActivityThread.performLaunchActivity(ActivityThread.java:3105)
11-05 13:20:44.860 19782 19782 W System.err: at android.app.ActivityThread.handleLaunchActivity(ActivityThread.java:3268)
11-05 13:20:44.860 19782 19782 W System.err: at android.app.servertransaction.LaunchActivityItem.execute(LaunchActivityItem.java:78)
11-05 13:20:44.860 19782 19782 W System.err: at android.app.servertransaction.TransactionExecutor.executeCallbacks(TransactionExecutor.java:108)
11-05 13:20:44.860 19782 19782 W System.err: at android.app.servertransaction.TransactionExecutor.execute(TransactionExecutor.java:68)
11-05 13:20:44.860 19782 19782 W System.err: at android.app.ActivityThread$H.handleMessage(ActivityThread.java:1959)
11-05 13:20:44.860 19782 19782 W System.err: at android.os.Handler.dispatchMessage(Handler.java:106)
11-05 13:20:44.860 19782 19782 W System.err: at android.os.Looper.loop(Looper.java:214)
11-05 13:20:44.860 19782 19782 W System.err: at android.app.ActivityThread.main(ActivityThread.java:7080)
11-05 13:20:44.860 19782 19782 W System.err: at java.lang.reflect.Method.invoke(Native Method)
11-05 13:20:44.860 19782 19782 W System.err: at com.android.internal.os.RuntimeInit$MethodAndArgsCaller.run(RuntimeInit.java:493)
11-05 13:20:44.860 19782 19782 W System.err: at com.android.internal.os.ZygoteInit.main(ZygoteInit.java:965)
11-05 13:20:44.860 19782 19782 W System.err: java.lang.NullPointerException: Attempt to invoke virtual method 'float java.lang.reflect.Field.getFloat(java.lang.Object)' on a null object reference
11-05 13:20:44.860 19782 19782 W System.err: at org.qtproject.qt5.android.ExtractStyle.getRotateDrawable(ExtractStyle.java:712)
11-05 13:20:44.860 19782 19782 W System.err: at org.qtproject.qt5.android.ExtractStyle.getDrawable(ExtractStyle.java:1043)
11-05 13:20:44.860 19782 19782 W System.err: at org.qtproject.qt5.android.ExtractStyle.getLayerDrawable(ExtractStyle.java:623)
11-05 13:20:44.860 19782 19782 W System.err: at org.qtproject.qt5.android.ExtractStyle.getDrawable(ExtractStyle.java:1031)
11-05 13:20:44.860 19782 19782 W System.err: at org.qtproject.qt5.android.ExtractStyle.extractProgressBarInfo(ExtractStyle.java:1665)
11-05 13:20:44.860 19782 19782 W System.err: at org.qtproject.qt5.android.ExtractStyle.extractProgressBar(ExtractStyle.java:1677)
11-05 13:20:44.860 19782 19782 W System.err: at org.qtproject.qt5.android.ExtractStyle.(ExtractStyle.java:2008)
11-05 13:20:44.860 19782 19782 W System.err: at org.qtproject.qt5.android.QtActivityDelegate.loadApplication(QtActivityDelegate.java:614)
11-05 13:20:44.860 19782 19782 W System.err: at java.lang.reflect.Method.invoke(Native Method)
11-05 13:20:44.860 19782 19782 W System.err: at org.qtproject.qt5.android.bindings.QtLoader.loadApplication(QtLoader.java:267)
11-05 13:20:44.860 19782 19782 W System.err: at org.qtproject.qt5.android.bindings.QtLoader.startApp(QtLoader.java:505)
11-05 13:20:44.860 19782 19782 W System.err: at org.qtproject.qt5.android.bindings.QtActivityLoader.onCreate(QtActivityLoader.java:183)
11-05 13:20:44.860 19782 19782 W System.err: at org.qtproject.qt5.android.bindings.QtActivity.onCreateHook(QtActivity.java:266)
11-05 13:20:44.860 19782 19782 W System.err: at org.qtproject.qt5.android.bindings.QtActivity.onCreate(QtActivity.java:273)
11-05 13:20:44.860 19782 19782 W System.err: at android.app.Activity.performCreate(Activity.java:7340)
11-05 13:20:44.860 19782 19782 W System.err: at android.app.Activity.performCreate(Activity.java:7331)
11-05 13:20:44.860 19782 19782 W System.err: at android.app.Instrumentation.callActivityOnCreate(Instrumentation.java:1275)
11-05 13:20:44.860 19782 19782 W System.err: at android.app.ActivityThread.performLaunchActivity(ActivityThread.java:3105)
11-05 13:20:44.860 19782 19782 W System.err: at android.app.ActivityThread.handleLaunchActivity(ActivityThread.java:3268)
11-05 13:20:44.860 19782 19782 W System.err: at android.app.servertransaction.LaunchActivityItem.execute(LaunchActivityItem.java:78)
11-05 13:20:44.860 19782 19782 W System.err: at android.app.servertransaction.TransactionExecutor.executeCallbacks(TransactionExecutor.java:108)
11-05 13:20:44.860 19782 19782 W System.err: at android.app.servertransaction.TransactionExecutor.execute(TransactionExecutor.java:68)
11-05 13:20:44.860 19782 19782 W System.err: at android.app.ActivityThread$H.handleMessage(ActivityThread.java:1959)
11-05 13:20:44.860 19782 19782 W System.err: at android.os.Handler.dispatchMessage(Handler.java:106)
11-05 13:20:44.860 19782 19782 W System.err: at android.os.Looper.loop(Looper.java:214)
11-05 13:20:44.860 19782 19782 W System.err: at android.app.ActivityThread.main(ActivityThread.java:7080)
11-05 13:20:44.860 19782 19782 W System.err: at java.lang.reflect.Method.invoke(Native Method)
11-05 13:20:44.860 19782 19782 W System.err: at com.android.internal.os.RuntimeInit$MethodAndArgsCaller.run(RuntimeInit.java:493)
11-05 13:20:44.860 19782 19782 W System.err: at com.android.internal.os.ZygoteInit.main(ZygoteInit.java:965)
11-05 13:20:44.874 19782 19782 W .example.wiggl: Accessing hidden field Landroid/R$styleable;->SeekBar:[I (light greylist, reflection)
11-05 13:20:44.874 19782 19782 W .example.wiggl: Accessing hidden field Landroid/R$styleable;->SeekBar_thumb:I (light greylist, reflection)
11-05 13:20:44.883 19782 19782 W .example.wiggl: Accessing hidden field Landroid/R$styleable;->SeekBar_thumbOffset:I (light greylist, reflection)
11-05 13:20:44.886 19782 19782 W .example.wiggl: Accessing hidden field Lcom/android/internal/R$attr;->switchStyle:I (light greylist, reflection)
11-05 13:20:44.886 19782 19782 W .example.wiggl: Accessing hidden field Landroid/R$styleable;->Switch:[I (light greylist, reflection)
11-05 13:20:44.886 19782 19782 W .example.wiggl: Accessing hidden field Landroid/R$styleable;->Switch_thumb:I (light greylist, reflection)
11-05 13:20:44.897 19782 19782 W .example.wiggl: Accessing hidden field Landroid/R$styleable;->Switch_track:I (light greylist, reflection)
11-05 13:20:44.902 19782 19782 W .example.wiggl: Accessing hidden field Landroid/R$styleable;->Switch_switchTextAppearance:I (light greylist, reflection)
11-05 13:20:44.902 19782 19782 W .example.wiggl: Accessing hidden field Landroid/R$styleable;->Switch_textOn:I (light greylist, reflection)
11-05 13:20:44.902 19782 19782 W .example.wiggl: Accessing hidden field Landroid/R$styleable;->Switch_textOff:I (light greylist, reflection)
11-05 13:20:44.902 19782 19782 W .example.wiggl: Accessing hidden field Landroid/R$styleable;->Switch_switchMinWidth:I (light greylist, reflection)
11-05 13:20:44.902 19782 19782 W .example.wiggl: Accessing hidden field Landroid/R$styleable;->Switch_switchPadding:I (light greylist, reflection)
11-05 13:20:44.902 19782 19782 W .example.wiggl: Accessing hidden field Landroid/R$styleable;->Switch_thumbTextPadding:I (light greylist, reflection)
11-05 13:20:44.902 19782 19782 W .example.wiggl: Accessing hidden field Landroid/R$styleable;->Switch_showText:I (light greylist, reflection)
11-05 13:20:44.902 19782 19782 W .example.wiggl: Accessing hidden field Landroid/R$styleable;->Switch_splitTrack:I (light greylist, reflection)
11-05 13:20:44.907 19782 19782 W .example.wiggl: Accessing hidden field Landroid/R$styleable;->CompoundButton:[I (light greylist, reflection)
11-05 13:20:44.907 19782 19782 W .example.wiggl: Accessing hidden field Landroid/R$styleable;->CompoundButton_button:I (light greylist, reflection)
11-05 13:20:45.025 19782 19782 W .example.wiggl: Accessing hidden field Landroid/R$styleable;->ListView:[I (light greylist, reflection)
11-05 13:20:45.025 19782 19782 W .example.wiggl: Accessing hidden field Landroid/R$styleable;->ListView_divider:I (light greylist, reflection)
11-05 13:20:45.026 19782 19782 W .example.wiggl: Accessing hidden field Landroid/R$styleable;->ListView_dividerHeight:I (light greylist, reflection)
11-05 13:20:45.047 19782 19782 W .example.wiggl: Accessing hidden field Landroid/R$styleable;->CheckedTextView:[I (light greylist, reflection)
11-05 13:20:45.047 19782 19782 W .example.wiggl: Accessing hidden field Landroid/R$styleable;->CheckedTextView_checkMark:I (light greylist, reflection)
11-05 13:20:45.077 1861 12188 D WifiPermissionsUtil: canAccessScanResults: pkgName = android, uid = 1000
11-05 13:20:45.180 24379 21440 I Icing : Indexing com.google.android.gms-apps from com.google.android.gms
11-05 13:20:45.192 19782 19782 W .example.wiggl: Accessing hidden field Landroid/R$styleable;->CalendarView:[I (light greylist, reflection)
11-05 13:20:45.192 19782 19782 W .example.wiggl: Accessing hidden field Landroid/R$styleable;->CalendarView_selectedDateVerticalBar:I (light greylist, reflection)
11-05 13:20:45.193 19782 19782 W .example.wiggl: Accessing hidden field Landroid/R$styleable;->CalendarView_dateTextAppearance:I (light greylist, reflection)
11-05 13:20:45.193 19782 19782 W .example.wiggl: Accessing hidden field Landroid/R$styleable;->CalendarView_weekDayTextAppearance:I (light greylist, reflection)
11-05 13:20:45.194 19782 19782 W .example.wiggl: Accessing hidden field Landroid/R$styleable;->CalendarView_firstDayOfWeek:I (light greylist, reflection)
11-05 13:20:45.194 19782 19782 W .example.wiggl: Accessing hidden field Landroid/R$styleable;->CalendarView_focusedMonthDateColor:I (light greylist, reflection)
11-05 13:20:45.194 19782 19782 W .example.wiggl: Accessing hidden field Landroid/R$styleable;->CalendarView_selectedWeekBackgroundColor:I (light greylist, reflection)
11-05 13:20:45.194 19782 19782 W .example.wiggl: Accessing hidden field Landroid/R$styleable;->CalendarView_showWeekNumber:I (light greylist, reflection)
11-05 13:20:45.194 19782 19782 W .example.wiggl: Accessing hidden field Landroid/R$styleable;->CalendarView_shownWeekCount:I (light greylist, reflection)
11-05 13:20:45.194 19782 19782 W .example.wiggl: Accessing hidden field Landroid/R$styleable;->CalendarView_unfocusedMonthDateColor:I (light greylist, reflection)
11-05 13:20:45.194 19782 19782 W .example.wiggl: Accessing hidden field Landroid/R$styleable;->CalendarView_weekNumberColor:I (light greylist, reflection)
11-05 13:20:45.194 19782 19782 W .example.wiggl: Accessing hidden field Landroid/R$styleable;->CalendarView_weekSeparatorLineColor:I (light greylist, reflection)
11-05 13:20:45.200 19782 19782 W .example.wiggl: Accessing hidden field Lcom/android/internal/R$attr;->actionBarStyle:I (light greylist, reflection)
11-05 13:20:45.200 19782 19782 W .example.wiggl: Accessing hidden field Landroid/R$styleable;->ActionBar:[I (light greylist, reflection)
11-05 13:20:45.200 19782 19782 W .example.wiggl: Accessing hidden field Landroid/R$styleable;->ActionBar_background:I (light greylist, reflection)
11-05 13:20:45.201 19782 19782 W .example.wiggl: Accessing hidden field Landroid/R$styleable;->ActionBar_backgroundStacked:I (light greylist, reflection)
11-05 13:20:45.202 19782 19782 W .example.wiggl: Accessing hidden field Landroid/R$styleable;->ActionBar_backgroundSplit:I (light greylist, reflection)
11-05 13:20:45.204 19782 19782 W .example.wiggl: Accessing hidden field Landroid/R$styleable;->ActionBar_divider:I (light greylist, reflection)
11-05 13:20:45.204 19782 19782 W .example.wiggl: Accessing hidden field Landroid/R$styleable;->ActionBar_itemPadding:I (light greylist, reflection)
11-05 13:20:45.213 24379 21440 I Icing : Indexing com.google.android.gms-internal.3p:MobileApplication from com.google.android.gms
11-05 13:20:45.218 24379 21440 I Icing : Indexing done com.google.android.gms-apps
11-05 13:20:45.220 24379 21440 I Icing : Indexing done com.google.android.gms-internal.3p:MobileApplication
11-05 13:20:45.241 19782 19782 W .example.wiggl: Accessing hidden field Landroid/R$styleable;->ImageView:[I (light greylist, reflection)
11-05 13:20:45.247 19782 19782 W .example.wiggl: Accessing hidden field Landroid/R$styleable;->LinearLayout:[I (light greylist, reflection)
11-05 13:20:45.247 19782 19782 W .example.wiggl: Accessing hidden field Landroid/R$styleable;->LinearLayout_divider:I (light greylist, reflection)
11-05 13:20:45.247 19782 19782 W .example.wiggl: Accessing hidden field Landroid/R$styleable;->LinearLayout_showDividers:I (light greylist, reflection)
11-05 13:20:45.247 19782 19782 W .example.wiggl: Accessing hidden field Landroid/R$styleable;->LinearLayout_dividerPadding:I (light greylist, reflection)
11-05 13:20:45.273 1861 1930 D StorageManagerService: getExternalStorageMountMode : 3
11-05 13:20:45.273 1861 1930 D StorageManagerService: getExternalStorageMountMode : 3
11-05 13:20:45.274 1861 1930 D StorageManagerService: getExternalStorageMountMode : final mountMode=3, uid : 1000, packageName : com.samsung.android.stickercenter
11-05 13:20:45.274 1861 1930 I ApplicationPolicy: isApplicationExternalStorageWhitelisted:com.samsung.android.stickercenter user:0
11-05 13:20:45.274 1861 1930 D ApplicationPolicy: isApplicationExternalStorageWhitelisted: DO is not enabled on user 0. Allowed.
11-05 13:20:45.274 1861 1930 D ActivityManager: package com.samsung.android.stickercenter, user - 0 is SDcard whitelisted
11-05 13:20:45.274 1861 1930 I ApplicationPolicy: isApplicationExternalStorageBlacklisted:com.samsung.android.stickercenter user:0
11-05 13:20:45.274 1861 1930 D ApplicationPolicy: isApplicationExternalStorageBlacklisted: DO is not enabled on user 0. Allowed.
11-05 13:20:45.274 1861 1930 I ApplicationPolicy: isApplicationExternalStorageBlacklisted:com.samsung.android.stickercenter user:0
11-05 13:20:45.274 1861 1930 D ApplicationPolicy: isApplicationExternalStorageBlacklisted: DO is not enabled on user 0. Allowed.
11-05 13:20:45.283 19782 19782 D EmergencyMode: [EmergencyManager] android createPackageContext successful
11-05 13:20:45.285 1861 1932 I ActivityManager: Start proc 19832:com.samsung.android.stickercenter/1000 for service com.samsung.android.stickercenter/.StickerCenterService
11-05 13:20:45.290 19832 19832 E Zygote : isWhitelistProcess - Process is Whitelisted
11-05 13:20:45.292 19832 19832 E Zygote : accessInfo : 1
11-05 13:20:45.294 1861 13928 D InputTransport: Input channel constructed: fd=653
11-05 13:20:45.294 1861 13928 D InputTransport: Input channel constructed: fd=657
11-05 13:20:45.296 764 820 I SurfaceFlinger: id=1371 createSurf (5120x5120),2 flag=4, e3d469d org.qtproject.example.wiggly/org.qtproject.qt5.android.bindings.QtActivity#0
11-05 13:20:45.299 1861 13928 D InputTransport: Input channel destroyed: fd=657
11-05 13:20:45.299 19782 19782 D InputTransport: Input channel constructed: fd=65
11-05 13:20:45.299 19782 19782 D ViewRootImpl@71d54d7[QtActivity]: setView = DecorView@da7b0fd[QtActivity] TM=true MM=false
11-05 13:20:45.309 19832 19832 E d.stickercente: Not starting debugger since process cannot load the jdwp agent.
11-05 13:20:45.312 1861 13928 V WindowManager: Relayout Window{e3d469d u0 org.qtproject.example.wiggly/org.qtproject.qt5.android.bindings.QtActivity}: viewVisibility=0 req=1600x2452 {(0,0)(fillxfill) sim={adjust=pan forwardNavigation} ty=BASE_APPLICATION wanim=0x10302f7
11-05 13:20:45.312 1861 13928 V WindowManager: fl=1810100
11-05 13:20:45.312 1861 13928 V WindowManager: pfl=1020000
11-05 13:20:45.312 1861 13928 V WindowManager: vsysui=10 naviIconColor=0}
11-05 13:20:45.314 764 820 I SurfaceFlinger: id=1372 createSurf (1600x2452),1 flag=404, org.qtproject.example.wiggly/org.qtproject.qt5.android.bindings.QtActivity[19782]#0
11-05 13:20:45.317 1861 13928 D WindowManager: makeSurface duration=2 name=org.qtproject.example.wiggly/org.qtproject.qt5.android.bindings.QtActivity[19782]
11-05 13:20:45.317 1861 13928 V WindowManager: Changing focus from null to Window{e3d469d u0 org.qtproject.example.wiggly/org.qtproject.qt5.android.bindings.QtActivity} Callers=com.android.server.wm.WindowManagerService.relayoutWindow:2518 com.android.server.wm.Session.relayoutForTranslate:302 android.view.IWindowSession$Stub.onTransact:518 com.android.server.wm.Session.onTransact:186
11-05 13:20:45.317 1861 13928 D StatusBarManagerService: notifyRequestedSystemKey recent=false home=false
11-05 13:20:45.317 1861 13928 D InputDispatcher: Focus entered window (19782): e3d469d 0
11-05 13:20:45.319 1861 1941 D WindowManager: reportFocusChangedSerialized, focused=true, inTouchMode=true, win=Window{e3d469d u0 org.qtproject.example.wiggly/org.qtproject.qt5.android.bindings.QtActivity}
11-05 13:20:45.319 1861 18843 I ActivityManager: DSS on for com.samsung.android.stickercenter and scale is 1.0
11-05 13:20:45.319 19782 19782 D ViewRootImpl@71d54d7[QtActivity]: Relayout returned: old=[0,0][1600,2452] new=[0,0][1600,2452] result=0x7 surface={true 528198221824} changed=true
11-05 13:20:45.320 19782 19837 I Adreno : QUALCOMM build : 1c7d42c, If23bcb88b5
11-05 13:20:45.320 19782 19837 I Adreno : Build Date : 01/28/19
11-05 13:20:45.320 19782 19837 I Adreno : OpenGL ES Shader Compiler Version: EV031.25.03.01
11-05 13:20:45.320 19782 19837 I Adreno : Local Branch :
11-05 13:20:45.320 19782 19837 I Adreno : Remote Branch : refs/tags/AU_LINUX_ANDROID_LA.UM.7.4.R1.09.00.00.453.036
11-05 13:20:45.320 19782 19837 I Adreno : Remote Branch : NONE
11-05 13:20:45.320 19782 19837 I Adreno : Reconstruct Branch : NOTHING
11-05 13:20:45.320 19782 19837 I Adreno : Build Config : S L 6.0.7 AArch64
11-05 13:20:45.325 19782 19837 I Adreno : PFP: 0x005ff112, ME: 0x005ff066
11-05 13:20:45.329 19782 19837 I ConfigStore: android::hardware::configstore::V1_0::ISurfaceFlingerConfigs::hasWideColorDisplay retrieved: 0
11-05 13:20:45.329 19782 19837 I ConfigStore: android::hardware::configstore::V1_0::ISurfaceFlingerConfigs::hasHDRDisplay retrieved: 0
11-05 13:20:45.330 19782 19837 I OpenGLRenderer: Initialized EGL, version 1.4
11-05 13:20:45.330 19782 19837 D OpenGLRenderer: Swap behavior 2
11-05 13:20:45.338 19782 19837 D OpenGLRenderer: eglCreateWindowSurface = 0x7adfb6cb00, 0x7afb114010
11-05 13:20:45.342 19782 19782 D ViewRootImpl@71d54d7[QtActivity]: MSG_WINDOW_FOCUS_CHANGED 1 1
11-05 13:20:45.342 19782 19782 D InputMethodManager: prepareNavigationBarInfo() DecorView@da7b0fd[QtActivity]
11-05 13:20:45.342 19782 19782 D InputMethodManager: getNavigationBarColor() -855310
11-05 13:20:45.344 19782 19782 D InputMethodManager: prepareNavigationBarInfo() DecorView@da7b0fd[QtActivity]
11-05 13:20:45.344 19782 19782 D InputMethodManager: getNavigationBarColor() -855310
11-05 13:20:45.344 19782 19782 V InputMethodManager: Starting input: tba=org.qtproject.example.wiggly ic=null mNaviBarColor -855310 mIsGetNaviBarColorSuccess true , NavVisible : true , NavTrans : false
11-05 13:20:45.344 19782 19782 D InputMethodManager: startInputInner - Id : 0
11-05 13:20:45.344 19782 19782 I InputMethodManager: startInputInner - mService.startInputOrWindowGainedFocus
11-05 13:20:45.344 1861 13928 D InputMethodManagerService: startInputOrWindowGainedFocus : windowGainedFocus
11-05 13:20:45.345 1861 13928 D InputMethodManagerService: windowGainedFocus: destinationUserId (getCallingUid) = 0
11-05 13:20:45.345 1861 13928 D InputMethodManagerService: windowGainedFocus: currentUserId=0
11-05 13:20:45.345 1861 13928 D InputMethodManagerService: windowGainedFocus: mCurrentFocusedUserId=0
11-05 13:20:45.345 1861 13928 D InputMethodManagerService: windowGainedFocus : lock - currentUserId = 0 destinationUserId = 0
11-05 13:20:45.345 1861 13928 D InputMethodManagerService: windowGainedFocus : mCurrentFocusedUserId - 0 and mSecureKeypadEnabled - false, userSwitched - false
11-05 13:20:45.345 1861 13928 V InputMethodManagerService: windowGainedFocus : reason=WINDOW_FOCUS_GAIN client=android.os.BinderProxy@e77d547 inputContext=null missingMethods= attribute=android.view.inputmethod.EditorInfo@6091712 nm = org.qtproject.example.wiggly controlFlags=#104 softInputMode=#120 windowFlags=#1810100
11-05 13:20:45.345 1861 13928 V InputMethodManagerService: hideCurrentInputLocked : shouldHideSoftInput is false
11-05 13:20:45.345 1861 13928 D InputMethodManagerService: isImeSwitcherDisabledPackage : false
11-05 13:20:45.345 1861 13928 D InputMethodManagerService: DESKTOP MODE! : 2
11-05 13:20:45.345 1861 13928 D InputMethodManagerService: NOT IN KNOX DESKTOP MODE!
11-05 13:20:45.345 1861 13928 D InputMethodManagerService: updateSystemUiLocked 0
11-05 13:20:45.346 1861 13928 D InputMethodManagerService: updateSystemUiLocked(), setImeWindowStatusToType, vis : 0 backDisposition : 0
11-05 13:20:45.346 13491 13491 D InputTransport: Input channel destroyed: fd=89
11-05 13:20:45.346 1861 13928 V InputMethodManagerService: Creating new session for client ClientState{d27ee3 uid 10234 pid 19782}
11-05 13:20:45.346 1861 13928 D InputTransport: Input channel constructed: fd=657
11-05 13:20:45.346 1861 13928 D InputTransport: Input channel constructed: fd=660
11-05 13:20:45.346 1861 13928 D InputTransport: Input channel destroyed: fd=660
11-05 13:20:45.346 14130 14130 D NavigationBar: setImeWindowStatus() imeShown = false, backDisposition = 0, showImeSwitcher = false
11-05 13:20:45.346 13874 13903 D InputTransport: Input channel constructed: fd=86
11-05 13:20:45.348 1861 13928 D InputMethodManagerService: checkDisplayOfStartInputAndUpdateKeyboard display Id 0last 0
11-05 13:20:45.348 1861 13928 D InputMethodManagerService: setCurrentInputInfo - inputContext : null eidtorInfo : android.view.inputmethod.EditorInfo@6091712 missingMethods : 0
11-05 13:20:45.348 1861 13928 D InputTransport: Input channel constructed: fd=660
11-05 13:20:45.348 1861 13928 D InputTransport: Input channel destroyed: fd=660
11-05 13:20:45.348 19782 19800 D InputTransport: Input channel constructed: fd=70
11-05 13:20:45.348 13874 13874 I InputMethodWrapper: call dispatchStartInputWithToken
11-05 13:20:45.348 13874 13874 I InputMethodService: dispatchStartInputWithToken
11-05 13:20:45.349 13874 13874 I SKBD_Performance: [IIManager] [PF_CL][onFinishInput] 172657
11-05 13:20:45.349 13874 13874 D InputMethodService: checkDisplayOfStartInputAndUpdateKeyboard display Id 0last 0
11-05 13:20:45.350 13874 13874 I SKBD : SamsungKeypad [IMI] onStartInput - caller pid : 19782, caller uid : 10234
11-05 13:20:45.363 19832 19832 D [StickerCenter]_StickerCenterService: onCreate start
11-05 13:20:45.363 19832 19832 D [StickerCenter]_StickerCenterService: createDir path /data/overlays/sticker/ / result = -2
11-05 13:20:45.363 19832 19832 D [StickerCenter]_StickerCenterService: createDir path /data/overlays/sticker/0/ / result = -2
11-05 13:20:45.363 19832 19832 D [StickerCenter]_StickerCenterService: onCreate end
11-05 13:20:45.363 19832 19832 D [StickerCenter]_StickerCenterService: onBind
11-05 13:20:45.365 18758 18758 V StickerInstallManager: onServiceConnected
11-05 13:20:45.365 1861 13928 I ActivityManager: Killing 19161:com.android.chrome/u0a95 (adj 906): empty #25
11-05 13:20:45.366 1861 1933 W libprocessgroup: kill(-19161, 9) failed: No such process
11-05 13:20:45.377 1861 1933 I chatty : uid=1000(system) ActivityManager identical 2 lines
11-05 13:20:45.382 1861 1933 W libprocessgroup: kill(-19161, 9) failed: No such process
11-05 13:20:45.386 1094 1094 I Zygote : Process 19161 exited due to signal (9)
11-05 13:20:45.387 1861 13928 V WindowManager: Resize reasons for w=Window{e3d469d u0 org.qtproject.example.wiggly/org.qtproject.qt5.android.bindings.QtActivity}: contentInsetsChanged=false [0,54][0,0] visibleInsetsChanged=false [0,54][0,0] stableInsetsChanged=false [0,54][0,0] outsetsChanged=false [0,0][0,0] surfaceResized=false configChanged=false dragResizingChanged=false reportOrientationChanged=false displayCutoutChanged=false nextForceRelayoutToClient=false
11-05 13:20:45.388 1861 1933 W libprocessgroup: kill(-19161, 9) failed: No such process
11-05 13:20:45.388 1861 1933 I libprocessgroup: Successfully killed process cgroup uid 10095 pid 19161 in 22ms
11-05 13:20:45.389 1861 18843 D WindowManager: finishDrawingWindow: Window{e3d469d u0 org.qtproject.example.wiggly/org.qtproject.qt5.android.bindings.QtActivity} mDrawState=DRAW_PENDING
11-05 13:20:45.389 1861 2558 I WindowManager: commitFinishDrawingLocked: mDrawState=READY_TO_SHOW Surface(name=org.qtproject.example.wiggly/org.qtproject.qt5.android.bindings.QtActivity[19782])/@0x5dd925e
11-05 13:20:45.391 1861 2558 I WindowManager: commitFinishDrawingLocked: mDrawState=READY_TO_SHOW Surface(name=org.qtproject.example.wiggly/org.qtproject.qt5.android.bindings.QtActivity[19782])/@0x5dd925e
11-05 13:20:45.391 1861 2558 I WindowManager: Cancelling animation restarting=false, leash=null, surface=Surface(name=e3d469d org.qtproject.example.wiggly/org.qtproject.qt5.android.bindings.QtActivity)/@0x4a4263f, parent=Surface(name=AppWindowToken{8ccffa1 token=Token{d5a4c08 ActivityRecord{6aafdab u0 org.qtproject.example.wiggly/org.qtproject.qt5.android.bindings.QtActivity t53}}})/@0x56c4198
11-05 13:20:45.391 1861 2558 V WindowManager: performShowLocked: mDrawState=HAS_DRAWN in Window{e3d469d u0 org.qtproject.example.wiggly/org.qtproject.qt5.android.bindings.QtActivity}
11-05 13:20:45.393 19782 19782 D InputMethodManager: prepareNavigationBarInfo() DecorView@da7b0fd[QtActivity]
11-05 13:20:45.393 19782 19782 D InputMethodManager: getNavigationBarColor() -855310
11-05 13:20:45.394 19782 19782 V InputMethodManager: Starting input: tba=org.qtproject.example.wiggly ic=null mNaviBarColor -855310 mIsGetNaviBarColorSuccess true , NavVisible : true , NavTrans : false
11-05 13:20:45.394 19782 19782 D InputMethodManager: startInputInner - Id : 0
11-05 13:20:45.394 19782 19782 D ViewRootImpl@71d54d7[QtActivity]: MSG_RESIZED_REPORT: frame=[0,0][1600,2452] ci=[0,54][0,0] vi=[0,54][0,0] or=1
11-05 13:20:45.395 20645 20712 I WorkerManager: Releasing worker: [searchwidget]/[59]/[com.google.android.apps.gsa.staticplugins.searchwidget.av]
11-05 13:20:45.396 1861 2558 D ViewRootImpl@810ea02[wiggly]: dispatchDetachedFromWindow
11-05 13:20:45.396 1861 1941 I ActivityManager: Displayed org.qtproject.example.wiggly/org.qtproject.qt5.android.bindings.QtActivity: +1s30ms
11-05 13:20:45.396 1861 2558 V WindowManager: Remove Window{60c6f13 u0 Splash Screen org.qtproject.example.wiggly}: mSurfaceController=Surface(name=Splash Screen org.qtproject.example.wiggly)/@0xba7a44e mAnimatingExit=false mRemoveOnExit=false mHasSurface=true surfaceShowing=true isAnimationSet=false app-animation=false mWillReplaceWindow=false inPendingTransaction=false mDisplayFrozen=false callers=com.android.server.wm.WindowState.removeIfPossible:2764 com.android.server.wm.WindowManagerService.removeWindow:1943 com.android.server.wm.Session.remove:268 android.view.ViewRootImpl.dispatchDetachedFromWindow:4570 android.view.ViewRootImpl.doDie:8001 android.view.ViewRootImpl$ViewRootHandler.handleMessage:4992
11-05 13:20:45.396 1861 2558 I WindowManager: Cancelling animation restarting=true, leash=null, surface=Surface(name=60c6f13 Splash Screen org.qtproject.example.wiggly)/@0x6286bf8, parent=Surface(name=AppWindowToken{8ccffa1 token=Token{d5a4c08 ActivityRecord{6aafdab u0 org.qtproject.example.wiggly/org.qtproject.qt5.android.bindings.QtActivity t53}}})/@0x56c4198
11-05 13:20:45.396 1861 2558 I WindowManager: Reparenting to leash, surface=Surface(name=60c6f13 Splash Screen org.qtproject.example.wiggly)/@0x6286bf8
11-05 13:20:45.397 764 820 I SurfaceFlinger: id=1373 createSurf (5120x5120),2 flag=4, Surface(name=60c6f13 Splash Screen org.qtproject.example.wiggly)/@0x6286bf8 - animation-leash#0
11-05 13:20:45.397 1861 1941 D CustomFrequencyManagerService: acquireDVFSLockLocked : type : DVFS_MIN_LIMIT frequency : 1651200 uid : 1000 pid : 1861 pkgName : AMS_RESUME_TAIL@CPU_MIN@27
11-05 13:20:45.397 1861 1941 D ActivityManagerPerformance: AMP_acquire() TAIL
