11-05 13:20:41.968 1861 2557 I PersonaServiceHelper: installStageForKnox(user:-1 installerUid:2000)
11-05 13:20:41.968 1861 2557 D PackageManager: START INSTALL PACKAGE: observer{20000827}
11-05 13:20:41.968 1861 2557 D PackageManager: stagedDir{/data/app/vmdl866111293.tmp}
11-05 13:20:41.968 1861 2557 D PackageManager: stagedCid{null}
11-05 13:20:41.968 1861 2557 D PackageManager: Request from{null}
11-05 13:20:41.968 1861 2557 D PackageManager: VerificationInfo{,originatingUid=-1,installerUid=2000}
11-05 13:20:41.976 1861 1953 D StorageManagerService: getExternalStorageMountMode : 3
11-05 13:20:41.976 1861 1953 D StorageManagerService: getExternalStorageMountMode : 3
11-05 13:20:41.976 1861 1953 D StorageManagerService: getExternalStorageMountMode : final mountMode=3, uid : 10016, packageName : com.android.defcontainer
11-05 13:20:41.977 1861 1953 I ApplicationPolicy: isApplicationExternalStorageWhitelisted:com.android.defcontainer user:0
11-05 13:20:41.977 1861 1953 D ApplicationPolicy: isApplicationExternalStorageWhitelisted: DO is not enabled on user 0. Allowed.
11-05 13:20:41.977 1861 1953 D ActivityManager: package com.android.defcontainer, user - 0 is SDcard whitelisted
11-05 13:20:41.977 1861 1953 I ApplicationPolicy: isApplicationExternalStorageBlacklisted:com.android.defcontainer user:0
11-05 13:20:41.977 1861 1953 D ApplicationPolicy: isApplicationExternalStorageBlacklisted: DO is not enabled on user 0. Allowed.
11-05 13:20:41.977 1861 1953 I ApplicationPolicy: isApplicationExternalStorageBlacklisted:com.android.defcontainer user:0
11-05 13:20:41.977 1861 1953 D ApplicationPolicy: isApplicationExternalStorageBlacklisted: DO is not enabled on user 0. Allowed.
11-05 13:20:41.997 1861 1932 I ActivityManager: Start proc 19633:com.android.defcontainer/u0a16 for service com.android.defcontainer/.DefaultContainerService
11-05 13:20:42.003 19633 19633 E Zygote : isWhitelistProcess - Process is Whitelisted
11-05 13:20:42.004 19633 19633 E Zygote : accessInfo : 1
11-05 13:20:42.031 19633 19633 E id.defcontaine: Not starting debugger since process cannot load the jdwp agent.
11-05 13:20:42.044 1861 14313 I ActivityManager: DSS on for com.android.defcontainer and scale is 1.0
11-05 13:20:42.047 758 758 V APM_AudioPolicyManager: AudioPolicyManager:setRecordSilenced(uid:10016, silenced:0)
11-05 13:20:42.060 1861 12188 D WifiPermissionsUtil: canAccessScanResults: pkgName = android, uid = 1000
11-05 13:20:42.065 19633 19633 I id.defcontaine: The ClassLoaderContext is a special shared library.
11-05 13:20:42.190 1861 1953 D PackageManager: EAS IT Policy org.qtproject.example.wiggly isPackageSignedByPlatform = false
11-05 13:20:42.192 1861 1953 I PackageManager: EAS IT Policy AllowList = ,,
11-05 13:20:42.193 1861 1953 I PackageManager: isAppBlockedByDPM?? = false
11-05 13:20:42.329 758 758 V APM_AudioPolicyManager: AudioPolicyManager:setRecordSilenced(uid:10047, silenced:0)
11-05 13:20:42.330 1861 1953 D PowerManagerService: [api] setDeviceIdleTempWhitelist: appids: [0]10047 (uid: 1000 pid: 1861)
11-05 13:20:42.346 1861 1953 D PackageManager: sendBroadcastAsUser. PACKAGE_INSTALL_STARTED
11-05 13:20:42.346 16780 16780 I Finsky : [2] yqa.a(6): Verification requested, id = 80
11-05 13:20:42.346 1861 1953 I HarmonyEASService: Updating for all 1
11-05 13:20:42.346 1861 1953 D PackageManager: EAS IT Policy org.qtproject.example.wiggly isPackageSignedByPlatform = false
11-05 13:20:42.359 16785 16785 D GOS:GameServiceReceiver: action : com.samsung.android.intent.action.PACKAGE_INSTALL_STARTED
11-05 13:20:42.359 16785 16785 D GOS:GameServiceReceiver: PkgInstallStarted for org.qtproject.example.wiggly UserID : 0
11-05 13:20:42.376 1861 1861 D PackageManager: [VERIFY] onReceive for RequiredVerifier id=10047
11-05 13:20:42.376 16785 16785 D GOS:MainIntentService: onCreate
11-05 13:20:42.377 16785 19648 D GOS:MainIntentService: onHandleIntent. begin
11-05 13:20:42.377 16785 19648 D GOS:MainIntentService: onHandleIntent(). type(PACKAGE_CHANGED) from 2
11-05 13:20:42.377 16785 19648 D GOS:MainIntentService: onHandleIntent(). type(PACKAGE_CHANGED), changeType(INSTALL_STARTED), packageName(org.qtproject.example.wiggly)
11-05 13:20:42.377 16785 19648 D GOS:SystemEventReactor: onPackageInstallStarted(). packageName: org.qtproject.example.wiggly
11-05 13:20:42.377 16785 19648 D GOS:SystemEventReactor: addPkgDataFromServer(), packageName : org.qtproject.example.wiggly
11-05 13:20:42.378 16785 19648 W GOS:PackageUtil: isVrApp(). PackageManager.NameNotFoundException: org.qtproject.example.wiggly
11-05 13:20:42.378 16785 19648 D GOS:RequestHeader: device_name : gts4llte
11-05 13:20:42.378 16785 19648 D GOS:RequestHeader: model_name : SM-T835
11-05 13:20:42.378 16785 19648 D GOS:RequestHeader: version_r : 9
11-05 13:20:42.378 16785 19648 D GOS:RequestHeader: version_i : T835XXU3BSG4
11-05 13:20:42.378 16785 19648 D GOS:RequestHeader: is_test : false
11-05 13:20:42.378 16785 19648 D GOS:RequestHeader: gms_version : 90.009
11-05 13:20:42.381 16785 19648 D GOS:RequestHeader: appVersionNameFull : 2.0.01.0
11-05 13:20:42.381 16785 19648 D GOS:RequestHeader: appVersionCodeFull : 200100000
11-05 13:20:42.382 16785 19648 D GOS:RequestHeader: mcc : 244
11-05 13:20:42.382 16785 19648 D GOS:RequestHeader: mnc : 12
11-05 13:20:42.413 16780 16780 E Finsky : [2] zds.b(2): Package name null is not an installed package
11-05 13:20:42.445 16780 16839 I Finsky : [5168] ysa.a(9): Single user settings service is not running, bind it now
11-05 13:20:42.457 16780 16780 I Finsky : [2] yrz.onServiceConnected(1): Single user settings service is connected
11-05 13:20:42.460 16785 19648 D GOS:RequestHeader: installed_sec_game_family : com.sec.android.app.samsungapps:enabled,com.samsung.android.game.gamehome:enabled,com.samsung.android.game.gametools:disabled
11-05 13:20:42.460 16785 19648 D GOS:DataManager: getUUID(), UUID: 562875d075eb4c60be6044129ee28a20
11-05 13:20:42.460 16785 19648 D GOS:RequestHeader: android_id_md5 (The actual value is UUID. android_id_md5 is just the key name for API header) : 562875d075eb4c60be6044129ee28a20
11-05 13:20:42.461 1861 13736 D AccountManagerService: getUserAccounts0
11-05 13:20:42.461 16785 19648 D GOS:GlobalDAO: LoggingPolicy(). mTestGroupName: null, mMaxSessionInSec: 3600
11-05 13:20:42.462 16785 19648 D GOS:RequestHeader: available_feature_flag : 2216911219956188163
11-05 13:20:42.462 16785 19648 D GOS:RequestHeader: server_feature_flag_policy : NNNNN000NNNNNN0N0NN00NN000NN00NNNN0N0NNN10N1NNNNNN1NNNNN
11-05 13:20:42.462 16785 19648 D GOS:RequestHeader: default_feature_flag : 342277969730895875
11-05 13:20:42.462 16785 19648 D GOS:RequestHeader: enabled_feature_flag : 342277969730895875
11-05 13:20:42.462 16785 19648 D GOS:NetworkConnector: mBaseUrl: https://service.game-mode.net/gamemode/
11-05 13:20:42.462 16785 19648 D GOS:NetworkConnector: mBaseUrlForPost: https://c-api.game-mode.net/v3/
11-05 13:20:42.464 16780 16839 W Settings: Setting install_non_market_apps has moved from android.provider.Settings.Global to android.provider.Settings.Secure, returning read-only value.
11-05 13:20:42.465 16785 19648 D GOS:NetworkConnector: getPkgData(), packageName : org.qtproject.example.wiggly
11-05 13:20:42.470 1176 1290 E Netd : NetworkController: getNetworkForDns originalNetId:0, uid:10193
11-05 13:20:42.470 1176 1290 E EnterpriseController: netId is 0
11-05 13:20:42.470 1176 1290 E Netd : getNetworkForDns: getNetId from enterpriseCtrl is netid 0
11-05 13:20:42.470 1176 1290 E Netd : NetworkController: getNetworkForDns NETID_UNSET case. netId=639, uid=10193
11-05 13:20:42.471 1176 1290 D DnsProxyListener: DNSDBG::dns addrinfo af 2
11-05 13:20:42.510 16785 19648 D NetworkManagementSocketTagger: tagSocket(67) with statsTag=0xffffffff, statsUid=-1
11-05 13:20:42.773 16785 19648 D GOS:NetworkConnector: doDirectly(), Response, responseCode: 200, URL: https://service.game-mode.net/gamemode/v3/packages/?type=install&device_name=gts4llte&package_names=org.qtproject.example.wiggly, response: {"code":"201001","message":"Success","packages":[{"package_name":"org.qtproject.example.wiggly","category_code":"no-package","game_genre":"N/A","device_group":"gts4l","game_oracle_cache":false,"cache":false}]}
11-05 13:20:42.773 16785 19648 D GOS:NetworkConnector: getPkgData(), request: https://service.game-mode.net/gamemode/v3/packages/?type=install&device_name=gts4llte&package_names=org.qtproject.example.wiggly, response: {"code":"201001","message":"Success","packages":[{"package_name":"org.qtproject.example.wiggly","category_code":"no-package","game_genre":"N/A","device_group":"gts4l","game_oracle_cache":false,"cache":false}]}
11-05 13:20:42.773 16785 19648 D GOS:ResponseParser: parsePkgDataList(), response: {"code":"201001","message":"Success","packages":[{"package_name":"org.qtproject.example.wiggly","category_code":"no-package","game_genre":"N/A","device_group":"gts4l","game_oracle_cache":false,"cache":false}]}
11-05 13:20:42.773 16785 19648 D GOS:ResponseParser: code: 201001
11-05 13:20:42.773 16785 19648 D GOS:ResponseParser: message: Success
11-05 13:20:42.773 16785 19648 D GOS:ResponseParser: parsePkgDataList(), pkgArray: [{"package_name":"org.qtproject.example.wiggly","category_code":"no-package","game_genre":"N\/A","device_group":"gts4l","game_oracle_cache":false,"cache":false}]
11-05 13:20:42.773 16785 19648 D GOS:ResponseParser: parsePkgDataJsonObj()
11-05 13:20:42.773 16785 19648 D GOS:ResponseParser: parsePkgDataJsonObj(), packageName: org.qtproject.example.wiggly
11-05 13:20:42.773 16785 19648 D GOS:PackageDAO: getPkgData(), begin
11-05 13:20:42.781 16785 19648 D GOS:ResponseParser: parsePkgDataJsonObj(), serverCategory has been changed. no-package
11-05 13:20:42.781 16785 19648 D GOS:ResponseParser: game_genre: N/A
11-05 13:20:42.782 16785 19648 D GOS:ResponseParser: No value for each_mode_dss
11-05 13:20:42.782 16785 19648 D GOS:ResponseParser: No value for default_dss
11-05 13:20:42.782 16785 19648 D GOS:ResponseParser: No value for each_mode_dfs
11-05 13:20:42.782 16785 19648 D GOS:ResponseParser: No value for default_dfs
11-05 13:20:42.782 16785 19648 D GOS:ResponseParser: No value for feature_flag_inst
11-05 13:20:42.782 16785 19648 D GOS:ResponseParser: No value for aspect_ratio_values
11-05 13:20:42.782 16785 19648 D GOS:ResponseParser: No value for siop_level
11-05 13:20:42.782 16785 19648 D GOS:ResponseParser: No value for default_cpu_level
11-05 13:20:42.782 16785 19648 D GOS:ResponseParser: No value for default_gpu_level
11-05 13:20:42.782 16785 19648 D GOS:ResponseParser: No value for cam_fps
11-05 13:20:42.782 16785 19648 D GOS:ResponseParser: No value for cam_binning
11-05 13:20:42.782 16785 19648 D GOS:ResponseParser: No value for each_mode_target_short_side
11-05 13:20:42.782 16785 19648 D GOS:ResponseParser: No value for default_target_short_side
11-05 13:20:42.782 16785 19648 D GOS:ResponseParser: No value for governor_settings
11-05 13:20:42.782 16785 19648 D GOS:ResponseParser: JSONException. No value for shift_temperature
11-05 13:20:42.782 16785 19648 D GOS:ResponseParser: JSONException. No value for game_sdk
11-05 13:20:42.782 16785 19648 D GOS:ResponseParser: parsePkgDataJsonObj(), pkgName: org.qtproject.example.wiggly, customFeatureFlag: 342277969730895875
11-05 13:20:42.784 16785 19648 D GOS:FeaturePolicyParser: FeaturePolicyParser(), map : {os_sdk_ver=28.0, optimizer_ver=2001.0, manager_ver=90.009, service_ver=10.013}
11-05 13:20:42.784 16785 19648 D GOS:PkgData: PkgData(), pkgName: org.qtproject.example.wiggly
11-05 13:20:42.784 16785 19648 D GOS:PkgData: setCustomFeatureFlag, pkgName: org.qtproject.example.wiggly, old featureFlag: 342277969730895875, new featureFlag: 342277969730895875
11-05 13:20:42.786 16785 19648 D GOS:FeaturePolicyParser: FeaturePolicyParser(), map : {os_sdk_ver=28.0, optimizer_ver=2001.0, manager_ver=90.009, service_ver=10.013}
11-05 13:20:42.786 16785 19648 D GOS:ResponseParser: parsePkgDataJsonObj(), SOS policy : null
11-05 13:20:42.786 16785 19648 D GOS:PackageDAO: updateOrAddPkgData(), begin
11-05 13:20:42.786 16785 19648 D GOS:PackageDAO: setPkgData(), begin
11-05 13:20:42.787 1861 14313 D ConnectivityService: filterNetworkStateForUid() uid: 10047, pid: 16780
11-05 13:20:42.787 1861 14313 D ConnectivityService: isNetworkWithLinkPropertiesBlocked: uid=10047, vpn=DISCONNECTED,false
11-05 13:20:42.787 1861 14313 D ConnectivityService: filterNetworkStateForUid() uid: 10047, pid: 16780, networkInfo: [type: WIFI[], state: CONNECTED/CONNECTED, reason: (unspecified), extra: (none), failover: false, available: true, roaming: false]
11-05 13:20:42.788 16780 16839 I Finsky : [5168] kto.a(2): Task 7 requested foreground
11-05 13:20:42.790 16780 16839 I Finsky : [5168] kto.a(15): Not entering foreground
11-05 13:20:42.797 1861 14313 D ConnectivityService: filterNetworkStateForUid() uid: 10047, pid: 16780
11-05 13:20:42.797 1861 14313 D ConnectivityService: isNetworkWithLinkPropertiesBlocked: uid=10047, vpn=DISCONNECTED,false
11-05 13:20:42.797 1861 14313 D ConnectivityService: filterNetworkStateForUid() uid: 10047, pid: 16780, networkInfo: [type: WIFI[], state: CONNECTED/CONNECTED, reason: (unspecified), extra: (none), failover: false, available: true, roaming: false]
11-05 13:20:42.803 16785 19648 D GOS:PackageDAO: setPkgData(), success: true
11-05 13:20:42.803 16785 19648 D GOS:SystemEventReactor: addPkgDataFromServer(), A package was added : org.qtproject.example.wiggly as no-package
11-05 13:20:42.803 16785 19648 D GOS:PackageDAO: getPkgData(), begin
11-05 13:20:42.810 16785 19648 D GOS:PkgData: PkgData(), pkgName: org.qtproject.example.wiggly
11-05 13:20:42.810 16785 19648 D GOS:PkgData: setCustomFeatureFlag, pkgName: org.qtproject.example.wiggly, old featureFlag: 342277969730895875, new featureFlag: 342277969730895875
11-05 13:20:42.812 16785 16785 D GOS:MainIntentService: onDestroy
11-05 13:20:42.976 16780 16823 I Finsky : [5158] yyk.b(4): Verify: Verification package=org.qtproject.example.wiggly, id=80 response=0
11-05 13:20:43.004 16780 16839 I Finsky : [5168] zds.b(4): PSIC verification started with installer uid: 2000 package name: null, originating uid: -1
11-05 13:20:43.009 16780 16780 I Finsky : [2] yzl.c(7): Verifying id=80, result=1
11-05 13:20:43.013 1861 13736 D PackageManager: [VERIFY] verifyPendingInstall(80, ALLOW), uid=10047
11-05 13:20:43.014 1861 1953 D PackageManager: [VERIFY] PACKAGE_VERIFIED:
11-05 13:20:43.014 1861 1953 D PackageManager: PackageVerificationState{
11-05 13:20:43.014 1861 1953 D PackageManager: verifier packages=com.android.vending(10047),com.samsung.android.sm.devicesecurity(5012),
11-05 13:20:43.014 1861 1953 D PackageManager: intent=Intent { act=android.intent.action.PACKAGE_NEEDS_VERIFICATION dat=file:///data/app/vmdl866111293.tmp typ=application/vnd.android.package-archive flg=0x10000001 cmp=com.android.vending/com.google.android.finsky.verifier.impl.PackageVerificationReceiver (has extras) }
11-05 13:20:43.014 1861 1953 D PackageManager: others=10047, false, false, false, false, false
11-05 13:20:43.014 1861 1953 D PackageManager: }
11-05 13:20:43.014 1861 1953 D PackageManager: [VERIFY] setVerifierResponse {verificationID=10047, uid=10047, code=1}
11-05 13:20:43.014 12573 12573 D io_stats: !@ 8,0 r 559685 27887192 w 9493964 563905828 d 448016 476634624 f 1678138 1884515 iot 26733700 11972407 th 102400 0 0 pt 0 inp 0 0 4837800.350
11-05 13:20:43.014 1861 1953 D PackageManager: [VERIFY] sendOrderedBroadcastToPendingVerifier:
11-05 13:20:43.014 1861 1953 D PackageManager: PackageVerificationState{
11-05 13:20:43.014 1861 1953 D PackageManager: verifier packages=com.samsung.android.sm.devicesecurity(5012),
11-05 13:20:43.014 1861 1953 D PackageManager: intent=Intent { act=android.intent.action.PACKAGE_NEEDS_VERIFICATION dat=file:///data/app/vmdl866111293.tmp typ=application/vnd.android.package-archive flg=0x10000001 cmp=com.android.vending/com.google.android.finsky.verifier.impl.PackageVerificationReceiver (has extras) }
11-05 13:20:43.014 1861 1953 D PackageManager: others=10047, false, false, false, false, false
11-05 13:20:43.014 1861 1953 D PackageManager: }
11-05 13:20:43.025 1861 13736 D PackageManager: [VERIFY] verifyPendingInstall2(80, ALLOW), uid=5012
11-05 13:20:43.026 1861 1953 D PackageManager: [VERIFY] PACKAGE_VERIFIED:
11-05 13:20:43.026 1861 1953 D PackageManager: PackageVerificationState{
11-05 13:20:43.026 1861 1953 D PackageManager: verifier packages=com.samsung.android.sm.devicesecurity(5012),
11-05 13:20:43.026 1861 1953 D PackageManager: intent=Intent { act=com.samsung.android.intent.action.PACKAGE_NEEDS_VERIFICATION2 dat=file:///data/app/vmdl866111293.tmp typ=application/vnd.android.package-archive flg=0x10000001 cmp=com.samsung.android.sm.devicesecurity/.AppVerificationReceiver (has extras) }
11-05 13:20:43.026 1861 1953 D PackageManager: others=10047, false, false, false, false, false
11-05 13:20:43.026 1861 1953 D PackageManager: }
11-05 13:20:43.026 1861 1953 D PackageManager: [VERIFY] setVerifierResponse {verificationID=10047, uid=5012, code=1}
11-05 13:20:43.026 1861 1953 D PackageManager: [VERIFY] packageVerificationCompletion: completed id=80
11-05 13:20:43.026 1861 1861 D PackageManager: [VERIFY] onReceive for RequiredVerifier id=10047
11-05 13:20:43.044 1861 1953 W PackageManager: verifying app can be installed or not
11-05 13:20:43.045 1861 1953 D ApplicationPolicy: isApplicationInstallationEnabled
11-05 13:20:43.045 1861 1953 D ApplicationPolicy: isApplicationInstallationEnabled : Checking PKG WL - false
11-05 13:20:43.045 1861 1953 D ApplicationPolicy: isApplicationInstallationEnabled : Checking PKG BL - true
11-05 13:20:43.045 1861 1953 D ApplicationPolicy: isApplicationInstallationEnabled : Checking PERM BL - true
11-05 13:20:43.045 1861 1953 D ApplicationPolicy: isApplicationInstallationEnabled : Checking SIG BL - true
11-05 13:20:43.045 1861 1953 D ApplicationPolicy: isApplicationInstallationEnabled : Checking PKG WL - false
11-05 13:20:43.045 1861 1953 D ApplicationPolicy: isApplicationInstallationEnabled : Checking PKG BL - true
11-05 13:20:43.045 1861 1953 D ApplicationPolicy: isApplicationInstallationEnabled : Checking PERM BL - true
11-05 13:20:43.045 1861 1953 D ApplicationPolicy: isApplicationInstallationEnabled : Checking SIG BL - true
11-05 13:20:43.045 1861 1953 D ApplicationPolicy: isApplicationInstallationEnabled : Checking PKG WL - false
11-05 13:20:43.045 1861 1953 D ApplicationPolicy: isApplicationInstallationEnabled : Checking PKG BL - true
11-05 13:20:43.045 1861 1953 D ApplicationPolicy: isApplicationInstallationEnabled : Checking PERM BL - true
11-05 13:20:43.045 1861 1953 D ApplicationPolicy: isApplicationInstallationEnabled : Checking SIG BL - true
11-05 13:20:43.045 1861 1953 D ApplicationPolicy: isApplicationInstallationEnabled : enabled true
11-05 13:20:43.045 1861 1953 D RestrictionPolicy: isNewAdminInstallationEnabledInternal : false
11-05 13:20:43.046 1861 1953 I AASAInstall: AASAFirstWoring is changed into FALSE!!!!
11-05 13:20:43.046 1861 1953 I AASAInstall: ship device
11-05 13:20:43.071 1861 12188 D WifiTrafficPoller: TrafficStats TxPkts=1083484 RxPkts=1072640 TxBytes=124967871 RxBytes=884631020 , Foreground uid=10076 pkgName=com.sec.android.app.launcher TxPackets=0 RxPackets=0 TxBytes=0 RxBytes=0
11-05 13:20:43.072 1861 12188 D WifiPermissionsUtil: canAccessScanResults: pkgName = android, uid = 1000
11-05 13:20:43.073 14130 14130 D SecStatusBarWifiView: updateState: WifiIconState(resId=2131232668, visible=true, activityId=2131232674)
11-05 13:20:43.208 19654 19654 I ApkToolkit: Use APK V2 signature. APK: /data/app/vmdl866111293.tmp/base.apk
11-05 13:20:43.208 19654 19654 I ApkToolkit: Found the best signature algorithm ID: 0x103
11-05 13:20:43.227 19654 19654 I ApkToolkit: FiveSignJni starts: 3.
11-05 13:20:43.229 19654 19654 I ApkToolkit: FiveSignOat: Apk case.
11-05 13:20:43.470 19654 19654 I chatty : uid=1000(system) identical 13 lines
11-05 13:20:43.517 19654 19654 I ApkToolkit: FiveSignOat: Apk case.
11-05 13:20:43.538 19654 19654 I ApkToolkit: FiveSignJni finished: 0.
11-05 13:20:43.538 19654 19654 I ApkToolkit: FiveSign starts: zip_fd = 3, fd = 3.
11-05 13:20:43.538 19654 19654 I ApkToolkit: FiveSignOat: Apk case.
11-05 13:20:43.563 19654 19654 I ApkToolkit: FiveSign finished: 0.
11-05 13:20:43.589 1861 1953 W SELinux : SELinux: set fc_digest(/data/app/org.qtproject.example.wiggly-e7GHbfgMyIGW9nA-tbbcpw==)
11-05 13:20:43.592 1861 1953 D PackageManager: EAS IT Policy org.qtproject.example.wiggly isPackageSignedByPlatform = false
11-05 13:20:43.592 1861 1953 D PackageManager: EAS IT Policy destCodeFile /data/app/org.qtproject.example.wiggly-e7GHbfgMyIGW9nA-tbbcpw==
11-05 13:20:43.595 1861 1953 D AASAinstall: there is not AASApackages.xml file
11-05 13:20:43.600 1861 1953 D PackageManager: REQUEST_INSTALL_PACKAGES from the list: com.samsung.android.email.provider :: true
11-05 13:20:43.605 1861 1953 D PackageManager: REQUEST_INSTALL_PACKAGES from the list: com.samsung.android.messaging :: true
11-05 13:20:43.610 1861 1953 D PackageManager: REQUEST_INSTALL_PACKAGES from the list: com.samsung.android.app.simplesharing :: true
11-05 13:20:43.612 1861 1953 D PackageManager: REQUEST_INSTALL_PACKAGES from the list: com.sec.android.app.myfiles :: true
11-05 13:20:43.612 1861 1953 D PackageManager: REQUEST_INSTALL_PACKAGES from the list: com.samsung.android.allshare.service.fileshare :: true
11-05 13:20:43.613 1861 1953 D PackageManager: REQUEST_INSTALL_PACKAGES from the list: com.sec.android.app.sbrowser :: true
11-05 13:20:43.620 1861 1953 D PackageManager: REQUEST_INSTALL_PACKAGES from the list: com.android.bluetooth :: true
11-05 13:20:43.620 1861 1953 D PackageManager: REQUEST_INSTALL_PACKAGES from the list: com.android.captiveportallogin :: true
11-05 13:20:43.760 1861 1953 I PackageManager: enforceEDMPermissionLI
11-05 13:20:43.780 1861 1953 V BackupManagerService: restoreAtInstall pkg=org.qtproject.example.wiggly token=51 restoreSet=0
11-05 13:20:43.781 1861 1953 V BackupManagerService: Finishing install immediately
11-05 13:20:43.788 1861 1953 D PackageManager: result of install: 1{20000827}
11-05 13:20:43.788 1106 2698 E : Couldn't opendir /data/app/vmdl866111293.tmp: No such file or directory
11-05 13:20:43.788 1106 2698 E installd: Failed to delete /data/app/vmdl866111293.tmp: No such file or directory
11-05 13:20:43.807 1861 2586 D AccountManagerService: getUserAccounts0
11-05 13:20:43.808 1861 19665 D KnoxMUMContainerPolicy: mPackageReceiver : action - android.intent.action.PACKAGE_ADDED
11-05 13:20:43.808 1861 2586 D AccountManagerService: getUserAccounts0
11-05 13:20:43.809 1861 2586 D AccountManagerService: getUserAccounts0
11-05 13:20:43.812 12375 12406 D EventHandler_FLP: PACKAGE_ADDED
11-05 13:20:43.812 12375 12406 D PackageInfoManager_FLP: action : ACTION_PACKAGE_ADDED, packageName = org.qtproject.example.wiggly
11-05 13:20:43.813 12486 12486 D CarrierConfigLoader: mHandler: 9 phoneId: 0
11-05 13:20:43.813 1176 1298 E IptablesRestoreController: [iptables debug]iptables-restore execute *filter
11-05 13:20:43.813 1176 1298 E IptablesRestoreController: -A fw_standby -m owner --uid-owner 10234 -j DROP
11-05 13:20:43.813 1176 1298 E IptablesRestoreController: COMMIT
11-05 13:20:43.814 12486 12486 D ImsResolver: maybeAddedImsService, packageName: org.qtproject.example.wiggly
11-05 13:20:43.815 12486 12486 I SmsApplication: getIncomingUserId() : contextUserId = 0, callingUid = 1001
11-05 13:20:43.816 1176 1298 E IptablesRestoreController: [iptables debug]iptables-restore execute done, res : 0
11-05 13:20:43.820 1861 12437 D SecContentProvider: query(), uri = 30 selection = isLocalContactStorageAllowed
11-05 13:20:43.820 1861 12437 D SecContentProvider: called from android.uid.shared:10006
11-05 13:20:43.820 1861 12437 D RestrictionPolicy: isLocalContactStorageAllowed
11-05 13:20:43.820 1861 12437 D RestrictionPolicy: isLocalContactStorageAllowed(0) : true
11-05 13:20:43.821 14446 14532 I SystemBroadcastReceiver: [#CMH#] Received broadcast
11-05 13:20:43.821 14446 14532 I ControllerEventHandler: [#CMH#] onPackageAdded null
11-05 13:20:43.821 14446 14532 I SystemBroadcastReceiver: [#CMH#] onReceive completed
11-05 13:20:43.822 1861 1339 D GameManagerService: identifyGamePackage. org.qtproject.example.wiggly
11-05 13:20:43.822 1861 1339 D GamePkgDataHelper: getGamePkgData(). org.qtproject.example.wiggly
11-05 13:20:43.822 16252 16252 D BeaconManager[9.1.30.0]: BeaconService.PackageReceiver - action:android.intent.action.PACKAGE_ADDED, package:org.qtproject.example.wiggly
11-05 13:20:43.824 14130 14130 D KeyguardUpdateMonitor: received broadcast android.intent.action.PACKAGE_ADDED
11-05 13:20:43.825 14130 14130 D MetaDataParser: updatePackage() org.qtproject.example.wiggly true
11-05 13:20:43.825 14130 14130 D MetaDataParser: removePackage() key = org.qtproject.example.wiggly
11-05 13:20:43.827 16780 16780 I Finsky : [2] qic.a(7): PackageMonitor received: android.intent.action.PACKAGE_ADDED
11-05 13:20:43.828 16780 16780 I Finsky : [2] qje.d(11): Invalidating cached PackageState for org.qtproject.example.wiggly
11-05 13:20:43.829 18799 18837 I [SC]SyncSettingHandler: Handle method by TransactionManager : refreshAddedPackageInfo
11-05 13:20:43.830 16780 16780 I Finsky : [2] aabl.a(10): Do not start WearSupportService due to Wear service optimization
11-05 13:20:43.833 16780 16780 I Finsky : [2] aabl.a(10): Do not start WearSupportService due to Wear service optimization
11-05 13:20:43.835 16780 16780 I Finsky : [2] ukl.a(1): Clearing split related stale data.
11-05 13:20:43.836 1861 12526 D SecContentProvider: query(), uri = 30 selection = isLocalContactStorageAllowed
11-05 13:20:43.836 1861 12526 D SecContentProvider: called from android.uid.shared:10006
11-05 13:20:43.836 1861 12526 D RestrictionPolicy: isLocalContactStorageAllowed
11-05 13:20:43.836 1861 12526 D RestrictionPolicy: isLocalContactStorageAllowed(0) : true
11-05 13:20:43.837 1861 12437 W ActivityManager: Permission Denial: Accessing service ComponentInfo{com.google.android.music/com.google.android.music.dial.DialMediaRouteProviderService} from pid=24379, uid=10031 that is not exported from uid 10161
11-05 13:20:43.843 1861 14313 D SecContentProvider2: query(), uri = 18 selection = isCopyContactToSimAllowed
11-05 13:20:43.844 1861 14313 D SecContentProvider2: isCopyContactToSimAllowed = true
11-05 13:20:43.846 1861 13928 D StorageManagerService: getExternalStorageMountMode : 3
11-05 13:20:43.846 1861 13928 D StorageManagerService: getExternalStorageMountMode : 3
11-05 13:20:43.846 1861 13928 D StorageManagerService: getExternalStorageMountMode : final mountMode=3, uid : 1000, packageName : com.samsung.aasaservice
11-05 13:20:43.846 1861 13928 I ApplicationPolicy: isApplicationExternalStorageWhitelisted:com.samsung.aasaservice user:0
11-05 13:20:43.846 16780 16780 I Finsky : [2] pyv.c(2): Frosting ID looked up on UI thread. Caller should move to a background thread.
11-05 13:20:43.846 1861 13928 D ApplicationPolicy: isApplicationExternalStorageWhitelisted: DO is not enabled on user 0. Allowed.
11-05 13:20:43.846 1861 13928 D ActivityManager: package com.samsung.aasaservice, user - 0 is SDcard whitelisted
11-05 13:20:43.846 1861 13928 I ApplicationPolicy: isApplicationExternalStorageBlacklisted:com.samsung.aasaservice user:0
11-05 13:20:43.846 1861 13928 D ApplicationPolicy: isApplicationExternalStorageBlacklisted: DO is not enabled on user 0. Allowed.
11-05 13:20:43.846 1861 13928 I ApplicationPolicy: isApplicationExternalStorageBlacklisted:com.samsung.aasaservice user:0
11-05 13:20:43.846 1861 13928 D ApplicationPolicy: isApplicationExternalStorageBlacklisted: DO is not enabled on user 0. Allowed.
11-05 13:20:43.848 1861 12526 D SecContentProvider: query(), uri = 30 selection = isLocalContactStorageAllowed
11-05 13:20:43.848 1861 12526 D SecContentProvider: called from android.uid.shared:10006
11-05 13:20:43.848 1861 12526 D RestrictionPolicy: isLocalContactStorageAllowed
11-05 13:20:43.849 1861 12526 D RestrictionPolicy: isLocalContactStorageAllowed(0) : true
11-05 13:20:43.849 1861 12189 D WifiStateMachine: enter getWifiLinkLayerStats
11-05 13:20:43.850 1861 12189 I WifiVendorHal: getWifiLinkLayerStats(l.2989) before calling iface.getLinkLayerStats
11-05 13:20:43.850 12486 12486 E Telephony: PhoneInterfaceManager: [PhoneIntfMgr] getCarrierPackageNamesForIntent: No UICC
11-05 13:20:43.850 12486 12486 D CarrierSvcBindHelper: No carrier app for: 0
11-05 13:20:43.850 12486 12486 I VVM.VvmPkgInstalledRcvr: onReceive() : action android.intent.action.PACKAGE_ADDED packageName :org.qtproject.example.wiggly
11-05 13:20:43.851 16780 19667 I Finsky : [5283] myi.run(2): Cleaning dev-triggered-update data on package install for org.qtproject.example.wiggly.
11-05 13:20:43.852 1861 12437 I Telecom:SamsungTelecomServiceImpl: getCallCapablePhoneAccounts - includeDisabledAccounts : false / callingPackage : com.android.phone
11-05 13:20:43.853 1861 13736 I Telecom:SamsungTelecomServiceImpl: getPhoneAccount - PhoneAccountHandle : ComponentInfo{com.android.phone/com.android.services.telephony.TelephonyConnectionService}, ***, UserHandle{0} / callingPid : 12486 / processName : sts
11-05 13:20:43.853 1861 12437 D SecContentProvider2: query(), uri = 18 selection = isCopyContactToSimAllowed
11-05 13:20:43.855 1861 12437 D SecContentProvider2: isCopyContactToSimAllowed = true
11-05 13:20:43.856 12486 12486 D Telephony: PhoneInterfaceManager: [PhoneIntfMgr] getSubIdForPhoneAccount, Uid : 1001 Pid : 12486 Package name : com.android.phone
11-05 13:20:43.856 12486 12486 D Telephony: PhoneUtils: getPhoneFromIccId - iccId: *
11-05 13:20:43.856 12486 12486 I Telephony:SamsungPhoneUtils: iccSerialNumber: null
11-05 13:20:43.856 12486 12486 I Telephony:SamsungPhoneUtils: getFullIccSerialNumberSubId, return iccSerialNumber for CMC SD device
11-05 13:20:43.856 12486 12486 D Telephony: PhoneUtils: getPhoneFromIccId - phoneIccId: C*C, subId: -2
11-05 13:20:43.856 12486 12486 I Telephony:SamsungCmcUtil: shouldSetDisableVideoCallExtra, isCmcSdDevice : true, isCmcActivated : false
11-05 13:20:43.856 12486 12486 I Telephony:SamsungTelecomAccountRegistry: canSupportSoftPhone: false
11-05 13:20:43.857 12486 12486 E Telephony: PhoneUtils: getPhoneFromIccId - phone is null
11-05 13:20:43.857 12486 12486 W Telephony: PhoneUtils: getSubIdForPhoneAccountHandle - INVALID_SUBSCRIPTION_ID
11-05 13:20:43.857 12486 12486 D Telephony: PhoneInterfaceManager: [PhoneIntfMgr] getSubIdForPhoneAccount, [[X] PhoneAccount: ComponentInfo{com.android.phone/com.android.services.telephony.TelephonyConnectionService}, ***, UserHandle{0} Capabilities: CallProvider MultiUser PlaceEmerg SimSub Audio Routes: BESW Schemes: tel voicemail Extras: Bundle[mParcelledData.dataSize=604] GroupId: ***]
11-05 13:20:43.857 12486 12486 D Telephony: PhoneInterfaceManager: [PhoneIntfMgr] getSubIdForPhoneAccount, getId : *, subId : -1
11-05 13:20:43.857 12486 12486 E VVM.VvmPkgInstalledRcvr: cannot create TelephonyManager from ComponentInfo{com.android.phone/com.android.services.telephony.TelephonyConnectionService}, ***, UserHandle{0}
11-05 13:20:43.857 1861 1929 I AccessibilityManagerService: semIsAccessibilityServiceEnabled()
11-05 13:20:43.858 1861 1929 I AccessibilityManagerService: accesibilityService is null
11-05 13:20:43.858 1861 1929 I AccessibilityManagerService: readMagnifierWindowEnabledSettingLocked: magniferWindowEnabled false, userState.mIsMagniferWindowEnabled false
11-05 13:20:43.858 1861 1929 I AccessibilityManagerService: semIsAccessibilityServiceEnabled()
11-05 13:20:43.859 1861 1929 I AccessibilityManagerService: accesibilityService is null
11-05 13:20:43.859 1861 1929 D EnterpriseDeviceManagerService: Package has changed for user 0
11-05 13:20:43.859 1861 1929 D EnterpriseDeviceManagerService: Admin package name: com.google.android.gms
11-05 13:20:43.859 1861 1929 D EnterpriseDeviceManagerService: Admin package name: com.samsung.android.kgclient
11-05 13:20:43.860 1861 12189 I WifiVendorHal: getWifiLinkLayerStats(l.2989) after calling iface.getLinkLayerStats
11-05 13:20:43.866 19676 19676 E Zygote : isWhitelistProcess - Process is Whitelisted
11-05 13:20:43.867 19676 19676 E Zygote : accessInfo : 1
11-05 13:20:43.874 1861 2630 D InputReader: externalDisplayId 0 W 1600 H 2560
11-05 13:20:43.874 1861 2630 I InputReader: Reconfiguring input devices. changes=0x00000010
11-05 13:20:43.875 1861 1932 I ActivityManager: Start proc 19676:com.samsung.aasaservice/1000 for broadcast com.samsung.aasaservice/.AASAUpdateReceiver
11-05 13:20:43.876 1861 1861 D ApplicationPolicy: packageInstalledForExternalStorage org.qtproject.example.wiggly
11-05 13:20:43.877 1861 1861 D ApplicationPolicy: checkExternalStoragePkg - uid - 1000, key - PackageNameExternalStorageWhiteList, packageName- org.qtproject.example.wiggly
11-05 13:20:43.877 1861 1861 D ApplicationPolicy: checkExternalStoragePkg : Not match found
11-05 13:20:43.877 1861 1861 D ApplicationPolicy: checkExternalStoragePkg - uid - 1000, key - PackageNameExternalStorageBlackList, packageName- org.qtproject.example.wiggly
11-05 13:20:43.877 1861 1861 D ApplicationPolicy: checkExternalStoragePkg - uid - 10031, key - PackageNameExternalStorageWhiteList, packageName- org.qtproject.example.wiggly
11-05 13:20:43.877 1861 1861 D ApplicationPolicy: checkExternalStoragePkg - uid - 10031, key - PackageNameExternalStorageBlackList, packageName- org.qtproject.example.wiggly
11-05 13:20:43.877 1861 1861 D ApplicationPolicy: checkExternalStoragePkg - uid - 10182, key - PackageNameExternalStorageWhiteList, packageName- org.qtproject.example.wiggly
11-05 13:20:43.877 1861 1861 I chatty : uid=1000 system_server identical 4 lines
11-05 13:20:43.877 1861 1861 D ApplicationPolicy: checkExternalStoragePkg - uid - 10182, key - PackageNameExternalStorageBlackList, packageName- org.qtproject.example.wiggly
11-05 13:20:43.877 1861 1861 D ApplicationPolicy: checkExternalStoragePkg : Not match found
11-05 13:20:43.879 1861 1861 E SDAgentPackageStateReceiver: Not going to handle 'org.qtproject.example.wiggly'!
11-05 13:20:43.880 1861 1861 D KnoxMUMContainerPolicy: packageInstalledForSBAExternalStorage org.qtproject.example.wiggly
11-05 13:20:43.881 1861 1861 E LockSettingsStorage: Cannot read file java.io.FileNotFoundException: /data/system/fmmpassword.key: open failed: ENOENT (No such file or directory)
11-05 13:20:43.883 24338 19681 W GCM : Unexpected forwarded intent: Intent { act=android.intent.action.PACKAGE_ADDED dat=package:org.qtproject.example.wiggly flg=0x4000010 cmp=com.google.android.gms/.chimera.PersistentIntentOperationService (has extras) }
11-05 13:20:43.885 1861 19687 V EnterpriseBillingAsyncHandler: packageModificationReceiver - onreceive - start - android.intent.action.PACKAGE_ADDED
11-05 13:20:43.885 1861 19687 V EnterpriseBillingPolicyInternal: packageModification - start - android.intent.action.PACKAGE_ADDED
11-05 13:20:43.885 1861 19687 V EnterpriseBillingPolicyInternal: uID is 10234
11-05 13:20:43.885 1861 19687 V EnterpriseBillingPolicyInternal: Removed Packageuid is0
11-05 13:20:43.885 1861 19687 V EnterpriseBillingPolicyStorage: getProfileForApplication - enter
11-05 13:20:43.886 1861 19687 V EnterpriseBillingPolicyStorage: getProfileForApplication - exit null : containerId = 0
11-05 13:20:43.886 1861 19687 V EnterpriseBillingPolicyInternal: packageModificationReceiver - onreceive - personal application - profile null
11-05 13:20:43.886 1861 12189 I WifiStateMachine: checkScoreBasedQuality - mPreviousScore[0]:87 mPreviousScore[1]:87 mPreviousScore[2]:88 s2Score:88mPrevoiusScoreAverage:87
11-05 13:20:43.886 1861 12526 D AccountManagerService: getUserAccounts0
11-05 13:20:43.887 16780 19674 I Finsky : [5287] myk.run(2): Finished dev-triggered-update cleaning.
11-05 13:20:43.891 1861 13736 D AccountManagerService: getUserAccounts0
11-05 13:20:43.891 24338 19686 W GCM : Unexpected forwarded intent: Intent { act=android.intent.action.PACKAGE_ADDED dat=package:org.qtproject.example.wiggly flg=0x4000010 cmp=com.google.android.gms/.chimera.PersistentIntentOperationService (has extras) }
11-05 13:20:43.892 24379 19696 I Auth : [SupervisedAccountIntentOperation] onHandleIntent(): android.intent.action.PACKAGE_ADDED
11-05 13:20:43.892 24379 19683 I ChromeSync: [Sync,SyncIntentOperation] Handling the intent: Intent { act=android.intent.action.PACKAGE_ADDED dat=package:org.qtproject.example.wiggly flg=0x4000010 cmp=com.google.android.gms/.chimera.GmsIntentOperationService (has extras) }.
11-05 13:20:43.895 24379 19696 I FontsPackageChangeOp: Package org.qtproject.example.wiggly has no metadata
11-05 13:20:43.896 19186 19666 I ProvidersCache: Provider returned no roots. Possibly naughty: com.microsoft.skydrive.content.StorageAccessProvider
11-05 13:20:43.896 19676 19676 E ung.aasaservic: Not starting debugger since process cannot load the jdwp agent.
11-05 13:20:43.901 16780 19672 I Finsky : [5285] pyr.run(16): Wrote row to frosting DB: 662
11-05 13:20:43.916 1861 1929 W SearchableInfo: Invalid searchable metadata for com.samsung.android.messaging/.ui.view.recipientspicker.PickerActivity: Search label must be a resource reference.
11-05 13:20:43.917 1861 12526 I ActivityManager: DSS on for com.samsung.aasaservice and scale is 1.0
11-05 13:20:43.925 1861 1861 I PersonaManagerService::Proxy: newPackage is org.qtproject.example.wiggly
11-05 13:20:43.926 1861 1861 I GameManagerService: PkgInstallationReceiver, onReceive(), begin, action: android.intent.action.PACKAGE_ADDED
11-05 13:20:43.926 1861 12264 D GameManagerService:GosNotifyThread: notifyPackageChangedToGos(), before send intent to GOS. type:2, changeType: 0, packageName:org.qtproject.example.wiggly
11-05 13:20:43.936 16780 16780 I Finsky : [2] yzl.h(6): Verification complete: id=80, package_name=org.qtproject.example.wiggly
11-05 13:20:43.945 16780 19710 I System.out: (HTTPLog)-Static: isSBSettingEnabled false
11-05 13:20:43.945 16780 19710 I System.out: (HTTPLog)-Static: isSBSettingEnabled false
11-05 13:20:43.963 1861 1861 I Telecom:SamsungTelecomServiceImpl: getSystemDialerPackage - callingPid : 1861 / processName : sts
11-05 13:20:43.963 1861 1861 I Telecom:SamsungDefaultDialerManagerAdapter: getDefaultDialerApplication - packageName : com.samsung.android.dialer / userId : 0
11-05 13:20:43.963 1861 1861 I Telecom : DefaultDialerCache: Refreshing default dialer for user 0: now com.samsung.android.dialer: DDC.oR@DnM
11-05 13:20:44.019 19676 19676 I ung.aasaservic: The ClassLoaderContext is a special shared library.
11-05 13:20:44.020 1861 1861 D BridgeProxy: PackageReceiver onReceive()
11-05 13:20:44.022 1861 1929 W SearchableInfo: Invalid searchable metadata for com.google.android.gms/.nearby.sharing.ContactSelectActivity: Search label must be a resource reference.
11-05 13:20:44.025 1861 12264 D GameManagerService:GosNotifyThread: notifyPackageChangedToGos(), after send intent to GOS. ComponentInfo{com.samsung.android.game.gos/com.samsung.android.game.gos.service.MainIntentService}
11-05 13:20:44.025 1861 1861 W Looper : Slow delivery took 205ms main h=android.app.ActivityThread$H c=android.app.-$$Lambda$LoadedApk$ReceiverDispatcher$Args$_BumDX2UKsnxLVrE6UJsJZkotuA@5182d51 m=0
11-05 13:20:44.025 1861 1861 W Looper : Slow system_server main looper delivery took 205ms h=android.app.ActivityThread$H
11-05 13:20:44.025 1861 1861 D RCPManagerService: PackageReceiver onReceive()
11-05 13:20:44.025 1861 1861 D RCPManagerService: App Installed with packageNAme = org.qtproject.example.wiggly
11-05 13:20:44.038 16785 16785 D GOS:MainIntentService: onCreate
11-05 13:20:44.041 16785 19711 D GOS:MainIntentService: onHandleIntent. begin
11-05 13:20:44.041 16785 19711 D GOS:MainIntentService: onHandleIntent(). type(PACKAGE_CHANGED) from 2
11-05 13:20:44.041 16785 19711 D GOS:MainIntentService: onHandleIntent(). type(PACKAGE_CHANGED), changeType(INSTALLED), packageName(org.qtproject.example.wiggly)
11-05 13:20:44.042 16785 19711 D GOS:SystemEventReactor: onPackageInstalled(). packageName: org.qtproject.example.wiggly
11-05 13:20:44.042 16785 19711 D GOS:PackageDAO: getPkgData(), begin
11-05 13:20:44.050 16785 19711 D GOS:PkgData: PkgData(), pkgName: org.qtproject.example.wiggly
11-05 13:20:44.050 16785 19711 D GOS:PkgData: setCustomFeatureFlag, pkgName: org.qtproject.example.wiggly, old featureFlag: 342277969730895875, new featureFlag: 342277969730895875
11-05 13:20:44.051 16785 19711 D GOS:SystemEventReactor: onPackageInstalled(), skip. categorized by 2
11-05 13:20:44.051 16785 19711 D GOS:PackageDAO: getPkgData(), begin
11-05 13:20:44.056 16785 19711 D GOS:PkgData: PkgData(), pkgName: org.qtproject.example.wiggly
11-05 13:20:44.056 16785 19711 D GOS:PkgData: setCustomFeatureFlag, pkgName: org.qtproject.example.wiggly, old featureFlag: 342277969730895875, new featureFlag: 342277969730895875
11-05 13:20:44.057 16785 19711 D GOS:MonitoredAppsDAO: getSubscriberApps(org.qtproject.example.wiggly)
11-05 13:20:44.060 1861 13773 D ConnectivityService: filterNetworkStateForUid() uid: 10047, pid: 16780
11-05 13:20:44.060 1861 13773 D ConnectivityService: isNetworkWithLinkPropertiesBlocked: uid=10047, vpn=DISCONNECTED,false
11-05 13:20:44.060 1861 13773 D ConnectivityService: filterNetworkStateForUid() uid: 10047, pid: 16780, networkInfo: [type: WIFI[], state: CONNECTED/CONNECTED, reason: (unspecified), extra: (none), failover: false, available: true, roaming: false]
11-05 13:20:44.065 19676 19676 D AASAservice-UpdateReceiver: onReceive() : android.intent.action.PACKAGE_ADDED
11-05 13:20:44.065 19676 19676 I AASAservice-IntentThread: Thread is null
11-05 13:20:44.068 1861 13773 D SecContentProvider2: query(), uri = 18 selection = isCopyContactToSimAllowed
11-05 13:20:44.069 1861 1870 I system_server: Background concurrent copying GC freed 175992(9MB) AllocSpace objects, 36(1424KB) LOS objects, 33% free, 46MB/70MB, paused 240us total 274.838ms
11-05 13:20:44.069 1861 13773 D SecContentProvider2: isCopyContactToSimAllowed = true
11-05 13:20:44.070 1861 1861 V BackupManagerConstants: getFullBackupIntervalMilliseconds(...) returns 86400000
11-05 13:20:44.070 1861 1861 D SEP_UNION_SemDeviceInfoManagerService: onReceive : android.intent.action.PACKAGE_ADDED
11-05 13:20:44.070 1861 1937 V MARsPolicyManager: onPackageStatusChange packageName = org.qtproject.example.wiggly, uid = 10234
11-05 13:20:44.070 16780 16780 I Finsky : [2] tbu.a(7): SCH: Jobs in database: 1-1337 3-428 3-429 12-1 24-77777777 26-1414141414
11-05 13:20:44.071 1861 2604 D SamsungAlarmManager: Expired : 4
11-05 13:20:44.071 1861 2604 V SamsungAlarmManager: Sending to uid : 1000 listener=android.app.AlarmManager$ListenerWrapper@a0fa141 alarm=Alarm{c56b98e type 2 when 4846455701 android}
11-05 13:20:44.071 1861 2604 I SamsungAlarmManager: setLocked to kernel - T:2 / 20191105T132709, SetElapsed=4846841450, nowELAPSED=4846455701
11-05 13:20:44.071 1861 2604 I SamsungAlarmManager: setLocked to kernel - T:3 / 20191105T132100, SetElapsed=4846471630, nowELAPSED=4846455701
11-05 13:20:44.074 1861 1861 D SEP_UNION_SemDeviceInfoManagerService: sendIntentAction() action = android.intent.action.PACKAGE_ADDED, tag =
11-05 13:20:44.074 1861 1861 D AccessibilityManagerService: checkUniversalSwitchState start:
11-05 13:20:44.074 1861 1861 I AccessibilityManagerService: semIsAccessibilityServiceEnabled()
11-05 13:20:44.074 1861 1861 I AccessibilityManagerService: accesibilityService is null
11-05 13:20:44.074 1861 1861 D AccessibilityManagerService: checkUniversalSwitchState universalSwitchEnabled:false
11-05 13:20:44.074 1861 1861 D AccessibilityManagerService: updateInputFilter universalSwitchState:false
11-05 13:20:44.074 1861 1861 D AccessibilityManagerService: updateInputFilter userState.mIsUniversalSwitchEnabled:false
11-05 13:20:44.075 19676 19676 I AASAservice-IntentThread: processIntentLocked() : android.intent.action.PACKAGE_ADDED
11-05 13:20:44.075 19676 19676 I AASAservice-UpdateReceiver: end of onReceive()
11-05 13:20:44.075 19676 19716 I AASAservice-IntentThread: doHandleMessage()
11-05 13:20:44.076 1861 12188 D WifiPermissionsUtil: canAccessScanResults: pkgName = android, uid = 1000
11-05 13:20:44.076 14714 14714 D AppListProviderReceiver: onReceive action : action_package_added
11-05 13:20:44.077 14714 14714 D AppListCache: deleteLabel : row = 0
11-05 13:20:44.077 1861 13928 D AccountManagerService: getUserAccounts0
11-05 13:20:44.079 1861 18036 D SecContentProvider2: query(), uri = 18 selection = isCopyContactToSimAllowed
11-05 13:20:44.080 1861 18036 D SecContentProvider2: isCopyContactToSimAllowed = true
11-05 13:20:44.080 16785 16785 D GOS:MainIntentService: onDestroy
11-05 13:20:44.080 19676 19716 E AASAservice-TokenRule: parseToken() : TokenFile is null
11-05 13:20:44.081 19676 19716 D AASAservice-IntentThread: AASAIntentThread() : package = org.qtproject.example.wiggly, uid = -1
11-05 13:20:44.081 19676 19716 D AASAservice-AASABinder: notifyUpdateRestrictList()
11-05 13:20:44.081 14714 14714 D AppListCache: insertLabel()
11-05 13:20:44.081 706 16580 I vendor.qti.bluetooth@1.0-ibs_handler: ProcessIbsCmd: Received IBS_WAKE_IND: 0xFD
11-05 13:20:44.082 706 16580 D vendor.qti.bluetooth@1.0-ibs_handler: SerialClockVote: vote for UART CLK ON
11-05 13:20:44.082 1861 18036 E AASATokenParser: set xml file does not exist
11-05 13:20:44.083 706 16580 D vendor.qti.bluetooth@1.0-wake_lock: Acquire wakelock is acquired
11-05 13:20:44.083 706 16580 I vendor.qti.bluetooth@1.0-ibs_handler: ProcessIbsCmd: Writing IBS_WAKE_ACK
11-05 13:20:44.084 1861 18036 I AASAASKS: no restrict set matched to DATE
11-05 13:20:44.084 1861 14033 D StorageManagerService: getExternalStorageMountMode : 3
11-05 13:20:44.085 19676 19716 I AASAservice-IntentThread: AASAIntentThread() : BLOCK BY PACKAGE
11-05 13:20:44.085 19676 19716 E AASAservice-IntentThread: AASAIntentThread : myrule is null.
11-05 13:20:44.085 1861 14033 D StorageManagerService: getExternalStorageMountMode : 3
11-05 13:20:44.085 1861 14033 D StorageManagerService: getExternalStorageMountMode : final mountMode=3, uid : 1000, packageName : com.samsung.android.bbc.bbcagent
11-05 13:20:44.085 1861 14033 I ApplicationPolicy: isApplicationExternalStorageWhitelisted:com.samsung.android.bbc.bbcagent user:0
11-05 13:20:44.085 1861 14033 D ApplicationPolicy: isApplicationExternalStorageWhitelisted: DO is not enabled on user 0. Allowed.
11-05 13:20:44.085 1861 14033 D ActivityManager: package com.samsung.android.bbc.bbcagent, user - 0 is SDcard whitelisted
11-05 13:20:44.086 16310 16356 D BtGatt.GattService: onScanResult to scannerId: 4- eventType=0x1b, addressType=0, address=14:E, primaryPhy=1, secondaryPhy=0, advertisingSid=0xff, txPower=127, rssi=-83, periodicAdvInt=0x0
11-05 13:20:44.088 19186 19666 I ProvidersCache: Provider returned no roots. Possibly naughty: com.google.android.apps.docs.storage
11-05 13:20:44.089 16252 16302 D ScanRecord: Not a Multi Manu data
11-05 13:20:44.089 16252 16302 I chatty : uid=5006(oem_5006) BleScanWorkHand identical 9 lines
11-05 13:20:44.089 16252 16302 D ScanRecord: Not a Multi Manu data
11-05 13:20:44.090 16310 16356 D BtGatt.GattService: onScanResult to scannerId: 4- eventType=0x10, addressType=1, address=4D:5, primaryPhy=1, secondaryPhy=0, advertisingSid=0xff, txPower=127, rssi=-96, periodicAdvInt=0x0
11-05 13:20:44.092 16252 16302 D ScanRecord: Not a Multi Manu data
11-05 13:20:44.092 16252 16302 I chatty : uid=5006(oem_5006) BleScanWorkHand identical 9 lines
11-05 13:20:44.092 16252 16302 D ScanRecord: Not a Multi Manu data
11-05 13:20:44.093 16310 16356 D BtGatt.GattService: onScanResult to scannerId: 4- eventType=0x1b, addressType=1, address=C9:5, primaryPhy=1, secondaryPhy=0, advertisingSid=0xff, txPower=127, rssi=-64, periodicAdvInt=0x0
11-05 13:20:44.093 16310 16356 D BtGatt.GattService: onScanResult to scannerId: 4- eventType=0x1b, addressType=0, address=90:8, primaryPhy=1, secondaryPhy=0, advertisingSid=0xff, txPower=127, rssi=-80, periodicAdvInt=0x0
11-05 13:20:44.093 1861 14033 I ApplicationPolicy: isApplicationExternalStorageBlacklisted:com.samsung.android.bbc.bbcagent user:0
11-05 13:20:44.094 1861 14033 D ApplicationPolicy: isApplicationExternalStorageBlacklisted: DO is not enabled on user 0. Allowed.
11-05 13:20:44.094 1861 14033 I ApplicationPolicy: isApplicationExternalStorageBlacklisted:com.samsung.android.bbc.bbcagent user:0
11-05 13:20:44.094 1861 14033 D ApplicationPolicy: isApplicationExternalStorageBlacklisted: DO is not enabled on user 0. Allowed.
11-05 13:20:44.094 16252 16302 D ScanRecord: Not a Multi Manu data
11-05 13:20:44.095 16252 16302 I chatty : uid=5006(oem_5006) BleScanWorkHand identical 20 lines
11-05 13:20:44.095 16252 16302 D ScanRecord: Not a Multi Manu data
11-05 13:20:44.096 16780 16780 I Finsky : [2] sxk.a(58): SCH: ConstraintMapping: 24-77777777, -> L: 0ms, D: 62558671ms, C: false, I: true, N: 0
11-05 13:20:44.097 16780 16780 I Finsky : [2] sxk.a(58): SCH: ConstraintMapping: 1-1337, 12-1, -> L: 14818ms, D: 66149756ms, C: false, I: false, N: 1
11-05 13:20:44.097 1861 1929 D UsbProfileGroupSettingsManager: handlePackageAdded()
11-05 13:20:44.097 16780 16780 I Finsky : [2] sxk.a(58): SCH: ConstraintMapping: 3-429, -> L: 0ms, D: 85866010ms, C: false, I: true, N: 2
11-05 13:20:44.097 1861 1929 D UsbProfileGroupSettingsManager: handlePackageAddedLocked()
11-05 13:20:44.097 1861 1929 D UsbProfileGroupSettingsManager: handlePackageAddedLocked()
11-05 13:20:44.098 1861 1929 D MediaSessionService: Received change in packages, intent=Intent { act=android.intent.action.PACKAGE_ADDED dat=package:org.qtproject.example.wiggly flg=0x4000010 (has extras) }
11-05 13:20:44.098 16780 16780 I Finsky : [2] sxk.a(58): SCH: ConstraintMapping: 3-428, -> L: 0ms, D: 85865959ms, C: true, I: true, N: 2
11-05 13:20:44.099 1861 1861 D SamsungAlarmManager: setInexact Listener (T:2/F:0/AC:false) 20191105T133222 - CU:1000/CP:1861
