11-05 13:20:45.397 1861 1941 D CustomFrequencyManagerService: FrequencyrequestList.getNextMaxCPUCoreRequest, index: 2
11-05 13:20:45.398 1861 1941 D CustomFrequencyManagerService: releaseDVFSLockLocked : Getting Lock type frm List : DVFS_MIN_LIMIT frequency : 2361600 uid : 1000 pid : 1861 tag : AMS_APP_SWITCH@CPU_MIN@57
11-05 13:20:45.398 1861 1941 D ActivityManagerPerformance: AMP_release() APP_SWITCH
11-05 13:20:45.399 1861 2558 D WindowManager: makeSurface duration=3 leash=Surface(name=Surface(name=60c6f13 Splash Screen org.qtproject.example.wiggly)/@0x6286bf8 - animation-leash)/@0xe538f36
11-05 13:20:45.399 1861 2558 D SurfaceControl: reparent is called, sc=Surface(name=60c6f13 Splash Screen org.qtproject.example.wiggly)/@0x6286bf8, newParentHandle=android.os.BinderProxy@8fa9e37, transaction=android.view.SurfaceControl$Transaction@4744fa4
11-05 13:20:45.401 764 12784 D Layer : [60c6f13 Splash Screen org.qtproject.example.wiggly#0]::reparent oldParent:[AppWindowToken{8ccffa1 token=Token{d5a4c08 ActivityRecord{6aafdab u0 org.qtproject.example.wiggly/org.qtproject.qt5.android.bindings.QtActivity t53}}}#0], newParent:[Surface(name=60c6f13 Splash Screen org.qtproject.example.wiggly)/@0x6286bf8 - animation-leash#0]
11-05 13:20:45.401 1861 2558 D InputTransport: Input channel destroyed: fd=654
11-05 13:20:45.402 1861 2558 D InputTransport: Input channel destroyed: fd=655
11-05 13:20:45.406 1861 18843 D WindowManager: finishDrawingWindow: Window{e3d469d u0 org.qtproject.example.wiggly/org.qtproject.qt5.android.bindings.QtActivity} mDrawState=HAS_DRAWN
11-05 13:20:45.411 13491 13491 D ViewRootImpl@629549a[LauncherActivity]: stopped(true) old=false
11-05 13:20:45.412 13491 13491 D LauncherStateManagerImpl: resetToHomeStage data : com.android.launcher3.framework.view.base.StageEntry@f86684c
11-05 13:20:45.414 13491 13491 I StageManager: resetToHomeStage : 1 <--- 6 , stack=2
11-05 13:20:45.414 13491 13491 D MainStage: onStagePreEnter - false false
11-05 13:20:45.414 13491 13491 D MainStage: onStagePreEnter - ConfigurationChange UnNeeded
11-05 13:20:45.414 13491 13491 D TrayManager: send changed offset. sender: Overground current: Overground dest: Underground
11-05 13:20:45.415 13491 13491 E ComponentHelper: getVersionCode:android.content.pm.PackageManager$NameNotFoundException: com.samsung.android.themestore
11-05 13:20:45.415 13491 13491 D HomeContainer: setVisibility : 0
11-05 13:20:45.415 13491 13491 D HomeContainer: setAlpha : 1.0 visibility : 0
11-05 13:20:45.415 13491 13491 D HomeContainer: setAlpha : 1.0 visibility : 0
11-05 13:20:45.416 13491 13491 D HotwordClientUtils: setHotWordDetection : call requestHotWordDetection true
11-05 13:20:45.416 13491 13491 D StageManager: start stageTransitionAnim : from com.android.launcher3.infra.stage.OverViewStage@61f2e4e to com.android.launcher3.infra.stage.HomeStage@8731f42
11-05 13:20:45.416 13491 13491 D StageManager: dump stageview info : mode(1), visible(0) , alpha(1.000000)
11-05 13:20:45.416 13491 13491 D StageManager: current stack :
11-05 13:20:45.416 13491 13491 D StageManager: dump stage
11-05 13:20:45.416 13491 13491 D StageManager: com.android.launcher3.infra.stage.HomeStage@8731f42
11-05 13:20:45.416 13491 13491 D StageManager: current stack :
11-05 13:20:45.416 13491 13491 D StageManager: dump stage
11-05 13:20:45.416 13491 13491 D StageManager: com.android.launcher3.infra.stage.HomeStage@8731f42
11-05 13:20:45.416 13491 13491 D PageOverlayMover: updateActivityLifecycleState : 4
11-05 13:20:45.416 13491 13491 D Launcher.AppsStage: onStopActivity
11-05 13:20:45.416 13491 13491 I Notification.Badge: removeNotificationsChangedListener
11-05 13:20:45.417 717 991 I qti_sensors_hal: processReportInd: Accel - X: 0.445 Y: 0.171 Z: 9.770
11-05 13:20:45.418 1861 2574 D SensorService: [SO] 0.445 0.171 9.770
11-05 13:20:45.419 13491 13491 D StageManager: saved stages : inStack [1] , outStack[2]
11-05 13:20:45.420 1861 1861 D AppWidgetServiceImpl: handleNotifyUpdateAppWidget, appWidgetId = 3
11-05 13:20:45.420 20645 17611 I WorkerManager: Releasing worker: [searchwidget]/[59]/[com.google.android.apps.gsa.staticplugins.searchwidget.av]
11-05 13:20:45.422 13491 13491 I LauncherWidgetHostView: reinflateWidgetsIfNecessary, Not required: 2
11-05 13:20:45.422 13491 13491 I LauncherWidgetHostView: reinflateWidgetsIfNecessary, Not required: 3
11-05 13:20:45.422 13491 13491 I LauncherWidgetHostView: reinflateWidgetsIfNecessary, Not required: 4
11-05 13:20:45.422 13491 13491 D Launcher.Utilities: updateSpayHandler launcher activity is paused true
11-05 13:20:45.422 13491 13491 I LauncherWidgetHostView: updateLastOrientation, orientation: 1, activityOrientation: 1, fromRemoteViews: true, widget: ComponentInfo{com.google.android.googlequicksearchbox/com.google.android.googlequicksearchbox.SearchWidgetProvider}
11-05 13:20:45.425 1861 1931 D CodecSolution: isMaxAspectPackageEx: org.qtproject.example.wiggly : false(0)
11-05 13:20:45.430 13491 13844 D SamsungAnalytics201007: [DLC Sender] send result success : 0
11-05 13:20:45.452 764 764 I SurfaceFlinger: Display 0 HWC layers:
11-05 13:20:45.452 764 764 I SurfaceFlinger: type | handle | flag | format | source crop (l,t,r,b) | frame | name
11-05 13:20:45.452 764 764 I SurfaceFlinger: ------------+--------------+------+-----------+----------------------------+---------------------+------
11-05 13:20:45.452 764 764 I SurfaceFlinger: Device | 0x7874ea9780 | 0002 | RGBA_8888 | 0.0 0.0 2452.0 1600.0 | 0 0 2452 1600 | org.qtproject.example.wiggly/org.qtp[...]android.bindings.QtActivity[19782]#0
11-05 13:20:45.452 764 764 I SurfaceFlinger: Device | 0x7872500380 | 0002 | RGBA_8888 | 0.0 0.0 1600.0 2560.0 | 0 0 2560 1600 | Splash Screen org.qtproject.example.wiggly#0
11-05 13:20:45.452 764 764 I SurfaceFlinger: Device | 0x7874e22700 | 0000 | RGBA_8888 | 0.0 0.0 54.0 1600.0 | 0 0 54 1600 | StatusBar[14130]#0
11-05 13:20:45.452 764 764 I SurfaceFlinger: Device | 0x7874e22680 | 0000 | RGBA_8888 | 0.0 0.0 108.0 1600.0 | 2452 0 2560 1600 | NavigationBar[14130]#0
11-05 13:20:45.452 764 764 I SurfaceFlinger:
11-05 13:20:45.470 19782 19782 D SurfaceView: onWindowVisibilityChanged(0) true org.qtproject.qt5.android.QtSurface{518a706 V.E...... ......I. 0,0-0,0 #1} of ViewRootImpl@71d54d7[QtActivity]
11-05 13:20:45.484 1861 18843 V WindowManager: Relayout Window{e3d469d u0 org.qtproject.example.wiggly/org.qtproject.qt5.android.bindings.QtActivity}: viewVisibility=0 req=1600x2452 {(0,0)(fillxfill) sim={adjust=pan} ty=BASE_APPLICATION fmt=TRANSLUCENT wanim=0x10302f7
11-05 13:20:45.484 1861 18843 V WindowManager: fl=1810100
11-05 13:20:45.484 1861 18843 V WindowManager: pfl=1020000
11-05 13:20:45.484 1861 18843 V WindowManager: vsysui=10 naviIconColor=0}
11-05 13:20:45.487 19782 19782 D ViewRootImpl@71d54d7[QtActivity]: Relayout returned: old=[0,0][1600,2452] new=[0,0][1600,2452] result=0x1 surface={true 528198221824} changed=false
11-05 13:20:45.488 1861 19663 I HarmonyEASService: Updating for all 1
11-05 13:20:45.489 764 12784 I SurfaceFlinger: id=1374 createSurf (1600x2398),1 flag=4, SurfaceView - org.qtproject.example.wiggly/org.qtproject.qt5.android.bindings.QtActivity@518a706@0[19782]#0
11-05 13:20:45.490 764 12784 I SurfaceFlinger: id=1375 createSurf (1600x2398),1024 flag=20004, Background for -SurfaceView - org.qtproject.example.wiggly/org.qtproject.qt5.android.bindings.QtActivity@518a706@0[19782]#0
11-05 13:20:45.490 19782 19782 D SurfaceView: hide() Surface(name=SurfaceView - org.qtproject.example.wiggly/org.qtproject.qt5.android.bindings.QtActivity@518a706@0[19782])/@0x30721c7 false true org.qtproject.qt5.android.QtSurface{518a706 V.E...... ......ID 0,0-1600,2398 #1}
11-05 13:20:45.491 764 12784 W ServiceManager: Permission failure: android.permission.ACCESS_SURFACE_FLINGER from uid=10234 pid=19782
11-05 13:20:45.491 764 12784 D PermissionCache: checking android.permission.ACCESS_SURFACE_FLINGER for uid=10234 => denied (236 us)
11-05 13:20:45.498 19782 19782 D SurfaceView: surfaceCreated 1 #8 org.qtproject.qt5.android.QtSurface{518a706 V.E...... ......ID 0,0-1600,2398 #1}
11-05 13:20:45.498 19782 19782 D SurfaceView: surfaceChanged (1600,2398) 1 #8 org.qtproject.qt5.android.QtSurface{518a706 V.E...... ......ID 0,0-1600,2398 #1}
11-05 13:20:45.498 1861 18843 D WindowManager: finishDrawingWindow: Window{e3d469d u0 org.qtproject.example.wiggly/org.qtproject.qt5.android.bindings.QtActivity} mDrawState=HAS_DRAWN
11-05 13:20:45.528 764 764 I SurfaceFlinger: Display 0 HWC layers:
11-05 13:20:45.528 764 764 I SurfaceFlinger: type | handle | flag | format | source crop (l,t,r,b) | frame | name
11-05 13:20:45.528 764 764 I SurfaceFlinger: ------------+--------------+------+-----------+----------------------------+---------------------+------
11-05 13:20:45.528 764 764 I SurfaceFlinger: Device | 0x7874ea9280 | 0000 | RGBA_8888 | 0.0 0.0 1600.0 2398.0 | 54 0 2452 1600 | SurfaceView - org.qtproject.example.[...]ndings.QtActivity@518a706@0[19782]#0
11-05 13:20:45.528 764 764 I SurfaceFlinger: Device | 0x7874ea9780 | 0000 | RGBA_8888 | 0.0 0.0 2452.0 1600.0 | 0 0 2452 1600 | org.qtproject.example.wiggly/org.qtp[...]android.bindings.QtActivity[19782]#0
11-05 13:20:45.528 764 764 I SurfaceFlinger: Device | 0x7872500380 | 0002 | RGBA_8888 | 0.0 0.0 1600.0 2560.0 | 0 0 2560 1600 | Splash Screen org.qtproject.example.wiggly#0
11-05 13:20:45.528 764 764 I SurfaceFlinger: Device | 0x7874e22700 | 0000 | RGBA_8888 | 0.0 0.0 54.0 1600.0 | 0 0 54 1600 | StatusBar[14130]#0
11-05 13:20:45.528 764 764 I SurfaceFlinger: Device | 0x7874e22680 | 0000 | RGBA_8888 | 0.0 0.0 108.0 1600.0 | 2452 0 2560 1600 | NavigationBar[14130]#0
11-05 13:20:45.528 764 764 I SurfaceFlinger:
11-05 13:20:45.556 1861 12404 D MdnieScenarioControlService: packageName : org.qtproject.example.wiggly className : org.qtproject.qt5.android.bindings.QtActivity
11-05 13:20:45.556 1861 12404 V MdnieScenarioControlService: setUIMode from UI function(3)
11-05 13:20:45.581 1861 2558 I WindowManager: reset, Reparenting to original parent, shouldDeferScheduleAnimation=false, destroyLeash=true, surface=Surface(name=60c6f13 Splash Screen org.qtproject.example.wiggly)/@0x6286bf8, parent=Surface(name=AppWindowToken{8ccffa1 token=Token{d5a4c08 ActivityRecord{6aafdab u0 org.qtproject.example.wiggly/org.qtproject.qt5.android.bindings.QtActivity t53}}})/@0x56c4198, parentNativeHandle=android.os.BinderProxy@b78c210, caller=com.android.server.wm.SurfaceAnimator.lambda$getFinishedCallback$0:97 com.android.server.wm.-$$Lambda$SurfaceAnimator$SIBia0mND666K8lMCPsoid8pUTI.run:4 com.android.server.wm.SurfaceAnimator.lambda$getFinishedCallback$1:104 com.android.server.wm.-$$Lambda$SurfaceAnimator$vdRZk66hQVbQCvVXEaQCT1kVmFc.onAnimationFinished:4 com.android.server.wm.LocalAnimationAdapter.lambda$startAnimation$0:74
11-05 13:20:45.581 1861 2558 D SurfaceControl: reparent is called, sc=Surface(name=60c6f13 Splash Screen org.qtproject.example.wiggly)/@0x6286bf8, newParentHandle=android.os.BinderProxy@b78c210, transaction=android.view.SurfaceControl$Transaction@4744fa4
11-05 13:20:45.581 1861 2558 D SurfaceControl: destroy(transaction), animation-leash is destroyed, sc=Surface(name=Surface(name=60c6f13 Splash Screen org.qtproject.example.wiggly)/@0x6286bf8 - animation-leash)/@0xe538f36, transaction=android.view.SurfaceControl$Transaction@4744fa4, caller=com.android.server.wm.SurfaceAnimator.reset:338 com.android.server.wm.SurfaceAnimator.lambda$getFinishedCallback$0:97 com.android.server.wm.-$$Lambda$SurfaceAnimator$SIBia0mND666K8lMCPsoid8pUTI.run:4 com.android.server.wm.SurfaceAnimator.lambda$getFinishedCallback$1:104 com.android.server.wm.-$$Lambda$SurfaceAnimator$vdRZk66hQVbQCvVXEaQCT1kVmFc.onAnimationFinished:4 com.android.server.wm.LocalAnimationAdapter.lambda$startAnimation$0:74 com.android.server.wm.-$$Lambda$LocalAnimationAdapter$X--EomqUvw4qy89IeeTFTH7aCMo.run:4
11-05 13:20:45.581 1861 2558 E WindowManager: win=Window{60c6f13 u0 Splash Screen org.qtproject.example.wiggly EXITING} destroySurfaces: appStopped=false win.mWindowRemovalAllowed=true win.mRemoveOnExit=true win.mViewVisibility=0 caller=com.android.server.wm.AppWindowToken.destroySurfaces:888 com.android.server.wm.AppWindowToken.destroySurfaces:869 com.android.server.wm.WindowState.onExitAnimationDone:5436 com.android.server.wm.WindowStateAnimator.onAnimationFinished:319 com.android.server.wm.WindowState.onAnimationFinished:5858 com.android.server.wm.-$$Lambda$yVRF8YoeNdTa8GR1wDStVsHu8xM.run:2 com.android.server.wm.SurfaceAnimator.lambda$getFinishedCallback$0:100
11-05 13:20:45.581 1861 2558 I WindowManager: Destroying surface Surface(name=Splash Screen org.qtproject.example.wiggly)/@0xba7a44e called by com.android.server.wm.WindowStateAnimator.destroySurface:1883 com.android.server.wm.WindowStateAnimator.destroySurfaceLocked:820 com.android.server.wm.WindowState.destroySurfaceUnchecked:3839 com.android.server.wm.WindowState.destroySurface:3820 com.android.server.wm.AppWindowToken.destroySurfaces:888 com.android.server.wm.AppWindowToken.destroySurfaces:869 com.android.server.wm.WindowState.onExitAnimationDone:5436 com.android.server.wm.WindowStateAnimator.onAnimationFinished:319
11-05 13:20:45.581 764 2644 I SurfaceFlinger: id=1368 Removed Splash Screen org.qtproject.example.wiggly#0 (0/54)
11-05 13:20:45.582 1861 2558 D WindowManager: clearSavedLeashOnCommit, savedLeash=Surface(name=Surface(name=60c6f13 Splash Screen org.qtproject.example.wiggly)/@0x6286bf8 - animation-leash)/@0xe538f36, caller=com.android.server.wm.WindowContainer.removeImmediately:329 com.android.server.wm.WindowState.removeImmediately:2676 com.android.server.wm.WindowState.destroySurface:3823 com.android.server.wm.AppWindowToken.destroySurfaces:888 com.android.server.wm.AppWindowToken.destroySurfaces:869 com.android.server.wm.WindowState.onExitAnimationDone:5436
11-05 13:20:45.583 1861 1931 D WindowManager: setSystemUiVisibility: vis= 0x18, fullscreenVis= 0x0, dockedVis= 0x0, win=Window{e3d469d u0 org.qtproject.example.wiggly/org.qtproject.qt5.android.bindings.QtActivity}
11-05 13:20:45.583 14130 14130 D BarTransitions.SecNavigationBarView: MODE_TRANSPARENT -> MODE_OPAQUE animate=false
11-05 13:20:45.584 14130 14130 D Navbar.ImmersiveControllerAdapter: onSystemUiVisibilityChanged - 24,0
11-05 13:20:45.584 14130 14130 I Navbar.ImmersiveController: handleEvent - VISIBLE, BAR_MODE_CHANGED
11-05 13:20:45.584 14130 14130 D LightBarController: onNavigationVisibilityChanged : vis = 18, nbModeChanged = true navigationBarMode = 0
11-05 13:20:45.585 764 820 W SurfaceFlinger: Attempting to set client state on removed layer: Splash Screen org.qtproject.example.wiggly#0 [s.what : 40]
11-05 13:20:45.585 764 820 D Layer : [60c6f13 Splash Screen org.qtproject.example.wiggly#0]::reparent oldParent:[Surface(name=60c6f13 Splash Screen org.qtproject.example.wiggly)/@0x6286bf8 - animation-leash#0], newParent:[AppWindowToken{8ccffa1 token=Token{d5a4c08 ActivityRecord{6aafdab u0 org.qtproject.example.wiggly/org.qtproject.qt5.android.bindings.QtActivity t53}}}#0]
11-05 13:20:45.585 764 820 W SurfaceFlinger: Attempting to destroy on removed layer: Splash Screen org.qtproject.example.wiggly#0
11-05 13:20:45.585 764 820 I SurfaceFlinger: id=1373 Removed Surface(name=60c6f13 Splash Screen org.qtproject.example.wiggly)/@0x6286bf8 - animation-leash#0 (2/53)
11-05 13:20:45.585 764 820 I SurfaceFlinger: id=1367 Removed 60c6f13 Splash Screen org.qtproject.example.wiggly#0 (1/52)
11-05 13:20:45.586 1861 18843 D SamsungPhoneWindowManager: adjustSystemUiVisibilityLw: vis=0x18
11-05 13:20:45.586 1861 18843 D InputManager-JNI: setSystemUiVisibility dexmode: false changed: true displayid: 0 visibility: 0x18 DD: 0x18 OD: 0x0
11-05 13:20:45.613 764 764 I Layer : id=1368 onRemoved Splash Screen org.qtproject.example.wiggly#0
11-05 13:20:45.613 764 764 I Layer : id=1367 onRemoved 60c6f13 Splash Screen org.qtproject.example.wiggly#0
11-05 13:20:45.614 764 764 I Layer : id=1373 onRemoved Surface(name=60c6f13 Splash Screen org.qtproject.example.wiggly)/@0x6286bf8 - animation-leash#0
11-05 13:20:45.619 764 764 I SurfaceFlinger: Display 0 HWC layers:
11-05 13:20:45.619 764 764 I SurfaceFlinger: type | handle | flag | format | source crop (l,t,r,b) | frame | name
11-05 13:20:45.619 764 764 I SurfaceFlinger: ------------+--------------+------+-----------+----------------------------+---------------------+------
11-05 13:20:45.619 764 764 I SurfaceFlinger: Device | 0x7874ea9280 | 0000 | RGBA_8888 | 0.0 0.0 1600.0 2398.0 | 54 0 2452 1600 | SurfaceView - org.qtproject.example.[...]ndings.QtActivity@518a706@0[19782]#0
11-05 13:20:45.619 764 764 I SurfaceFlinger: Device | 0x7874e22f00 | 0000 | RGBA_8888 | 0.0 0.0 2452.0 1600.0 | 0 0 2452 1600 | org.qtproject.example.wiggly/org.qtp[...]android.bindings.QtActivity[19782]#0
11-05 13:20:45.619 764 764 I SurfaceFlinger: Device | 0x7874e22700 | 0000 | RGBA_8888 | 0.0 0.0 54.0 1600.0 | 0 0 54 1600 | StatusBar[14130]#0
11-05 13:20:45.619 764 764 I SurfaceFlinger: Device | 0x7872500100 | 0000 | RGBA_8888 | 0.0 0.0 108.0 1600.0 | 2452 0 2560 1600 | NavigationBar[14130]#0
11-05 13:20:45.619 764 764 I SurfaceFlinger:
11-05 13:20:45.699 1861 1861 D CustomFrequencyManagerService: releaseDVFSLockLocked : Getting Lock type frm List : DVFS_MIN_LIMIT frequency : 1651200 uid : 1000 pid : 1861 tag : AMS_RESUME_TAIL@CPU_MIN@27
11-05 13:20:45.785 1861 1930 W ProcessCpuTracker: Skipping unknown process pid 19751
11-05 13:20:46.082 1861 12188 D WifiPermissionsUtil: canAccessScanResults: pkgName = android, uid = 1000
11-05 13:20:46.086 14130 14130 D SecStatusBarWifiView: updateState: WifiIconState(resId=2131232668, visible=true, activityId=2131232693)
11-05 13:20:46.386 1861 1861 D Telecom:SamsungPrebindingServiceImpl: handleMessage 0
11-05 13:20:46.386 1861 1861 I Telecom:SamsungPrebindingServiceImpl: isSktTPhoneMode supportTPhone: false
11-05 13:20:46.386 1861 1861 I Telecom:SamsungPrebindingServiceImpl: needToKeepBinding - false - match not found
11-05 13:20:46.575 1861 13368 V BackupManagerConstants: getFullBackupRequiredNetworkType(...) returns 2
11-05 13:20:46.575 1861 13368 V BackupManagerConstants: getFullBackupRequireCharging(...) returns true
11-05 13:20:46.577 1861 13368 D ConnectivityService: Vpn: getActiveNetworkForUidInternal: 1000, false, false, DISCONNECTED
11-05 13:20:46.577 1861 13368 D ConnectivityService: filterNetworkStateForUid() uid: 1000, pid: 1861
11-05 13:20:46.577 1861 13368 D ConnectivityService: filterNetworkStateForUid() uid: 1000, pid: 1861, networkInfo: [type: WIFI[], state: CONNECTED/CONNECTED, reason: (unspecified), extra: (none), failover: false, available: true, roaming: false]
11-05 13:20:46.887 1861 12189 D WifiStateMachine: enter getWifiLinkLayerStats
11-05 13:20:46.888 1861 12189 I WifiVendorHal: getWifiLinkLayerStats(l.2989) before calling iface.getLinkLayerStats
11-05 13:20:46.905 1861 12189 I WifiVendorHal: getWifiLinkLayerStats(l.2989) after calling iface.getLinkLayerStats
11-05 13:20:46.920 1861 12189 I WifiStateMachine: checkScoreBasedQuality - mPreviousScore[0]:87 mPreviousScore[1]:88 mPreviousScore[2]:88 s2Score:88mPrevoiusScoreAverage:87
11-05 13:20:47.125 1861 12188 D WifiTrafficPoller: TrafficStats TxPkts=1083498 RxPkts=1072649 TxBytes=124975438 RxBytes=884632852 , Foreground uid=10234 pkgName=org.qtproject.example.wiggly TxPackets=0 RxPackets=0 TxBytes=0 RxBytes=0
11-05 13:20:47.127 1861 12188 D WifiPermissionsUtil: canAccessScanResults: pkgName = android, uid = 1000
11-05 13:20:47.128 14130 14130 D SecStatusBarWifiView: updateState: WifiIconState(resId=2131232668, visible=true, activityId=2131232674)
11-05 13:20:47.196 706 16580 I vendor.qti.bluetooth@1.0-ibs_handler: ProcessIbsCmd: Received IBS_WAKE_IND: 0xFD
11-05 13:20:47.196 706 16580 D vendor.qti.bluetooth@1.0-ibs_handler: SerialClockVote: vote for UART CLK ON
11-05 13:20:47.199 706 16580 D vendor.qti.bluetooth@1.0-wake_lock: Acquire wakelock is acquired
11-05 13:20:47.200 706 16580 I vendor.qti.bluetooth@1.0-ibs_handler: ProcessIbsCmd: Writing IBS_WAKE_ACK
11-05 13:20:47.210 16310 16356 D BtGatt.GattService: onScanResult to scannerId: 4- eventType=0x10, addressType=1, address=6C:4, primaryPhy=1, secondaryPhy=0, advertisingSid=0xff, txPower=127, rssi=-66, periodicAdvInt=0x0
11-05 13:20:47.212 16252 16302 D ScanRecord: Not a Multi Manu data
11-05 13:20:47.213 16252 16302 I chatty : uid=5006(oem_5006) BleScanWorkHand identical 9 lines
11-05 13:20:47.213 16252 16302 D ScanRecord: Not a Multi Manu data
11-05 13:20:47.216 16310 16356 D BtGatt.GattService: onScanResult to scannerId: 4- eventType=0x1b, addressType=1, address=25:F, primaryPhy=1, secondaryPhy=0, advertisingSid=0xff, txPower=127, rssi=-65, periodicAdvInt=0x0
11-05 13:20:47.218 16252 16302 D ScanRecord: Not a Multi Manu data
11-05 13:20:47.218 16252 16302 I chatty : uid=5006(oem_5006) BleScanWorkHand identical 9 lines
11-05 13:20:47.218 16252 16302 D ScanRecord: Not a Multi Manu data
11-05 13:20:47.222 16310 16356 D BtGatt.GattService: onScanResult to scannerId: 4- eventType=0x10, addressType=1, address=E6:D, primaryPhy=1, secondaryPhy=0, advertisingSid=0xff, txPower=127, rssi=-89, periodicAdvInt=0x0
11-05 13:20:47.224 16252 16302 D ScanRecord: Not a Multi Manu data
11-05 13:20:47.225 16252 16302 I chatty : uid=5006(oem_5006) BleScanWorkHand identical 9 lines
11-05 13:20:47.225 16252 16302 D ScanRecord: Not a Multi Manu data
11-05 13:20:47.226 16310 16356 D BtGatt.GattService: onScanResult to scannerId: 4- eventType=0x1b, addressType=1, address=4C:4, primaryPhy=1, secondaryPhy=0, advertisingSid=0xff, txPower=127, rssi=-70, periodicAdvInt=0x0
11-05 13:20:47.228 16252 16302 D ScanRecord: Not a Multi Manu data
11-05 13:20:47.229 16252 16302 I chatty : uid=5006(oem_5006) BleScanWorkHand identical 9 lines
11-05 13:20:47.229 16252 16302 D ScanRecord: Not a Multi Manu data
11-05 13:20:47.230 16310 16356 D BtGatt.GattService: onScanResult to scannerId: 4- eventType=0x10, addressType=1, address=16:B, primaryPhy=1, secondaryPhy=0, advertisingSid=0xff, txPower=127, rssi=-81, periodicAdvInt=0x0
11-05 13:20:47.232 16252 16302 D ScanRecord: Not a Multi Manu data
11-05 13:20:47.232 16252 16302 I chatty : uid=5006(oem_5006) BleScanWorkHand identical 9 lines
11-05 13:20:47.232 16252 16302 D ScanRecord: Not a Multi Manu data
11-05 13:20:47.234 16310 16356 D BtGatt.GattService: onScanResult to scannerId: 4- eventType=0x10, addressType=1, address=43:9, primaryPhy=1, secondaryPhy=0, advertisingSid=0xff, txPower=127, rssi=-96, periodicAdvInt=0x0
11-05 13:20:47.236 16252 16302 D ScanRecord: Not a Multi Manu data
11-05 13:20:47.236 16252 16302 I chatty : uid=5006(oem_5006) BleScanWorkHand identical 9 lines
11-05 13:20:47.236 16252 16302 D ScanRecord: Not a Multi Manu data
11-05 13:20:47.238 16310 16356 D BtGatt.GattService: onScanResult to scannerId: 4- eventType=0x10, addressType=1, address=40:9, primaryPhy=1, secondaryPhy=0, advertisingSid=0xff, txPower=127, rssi=-97, periodicAdvInt=0x0
11-05 13:20:47.240 16252 16302 D ScanRecord: Not a Multi Manu data
11-05 13:20:47.240 16252 16302 I chatty : uid=5006(oem_5006) BleScanWorkHand identical 9 lines
11-05 13:20:47.240 16252 16302 D ScanRecord: Not a Multi Manu data
11-05 13:20:47.241 16310 16356 D BtGatt.GattService: onScanResult to scannerId: 4- eventType=0x1b, addressType=1, address=37:F, primaryPhy=1, secondaryPhy=0, advertisingSid=0xff, txPower=127, rssi=-57, periodicAdvInt=0x0
11-05 13:20:47.243 16252 16302 D ScanRecord: Not a Multi Manu data
11-05 13:20:47.244 16252 16302 I chatty : uid=5006(oem_5006) BleScanWorkHand identical 9 lines
11-05 13:20:47.244 16252 16302 D ScanRecord: Not a Multi Manu data
11-05 13:20:47.245 16310 16356 D BtGatt.GattService: onScanResult to scannerId: 4- eventType=0x10, addressType=1, address=68:A, primaryPhy=1, secondaryPhy=0, advertisingSid=0xff, txPower=127, rssi=-94, periodicAdvInt=0x0
11-05 13:20:47.246 16252 16302 D ScanRecord: Not a Multi Manu data
11-05 13:20:47.246 16252 16302 I chatty : uid=5006(oem_5006) BleScanWorkHand identical 9 lines
11-05 13:20:47.246 16252 16302 D ScanRecord: Not a Multi Manu data
11-05 13:20:47.249 16310 16356 D BtGatt.GattService: onScanResult to scannerId: 4- eventType=0x10, addressType=1, address=0A:0, primaryPhy=1, secondaryPhy=0, advertisingSid=0xff, txPower=127, rssi=-96, periodicAdvInt=0x0
11-05 13:20:47.249 16310 16356 D BtGatt.GattService: onScanResult to scannerId: 4- eventType=0x1b, addressType=0, address=CC:3, primaryPhy=1, secondaryPhy=0, advertisingSid=0xff, txPower=127, rssi=-85, periodicAdvInt=0x0
11-05 13:20:47.250 16252 16302 D ScanRecord: Not a Multi Manu data
11-05 13:20:47.251 16252 16302 I chatty : uid=5006(oem_5006) BleScanWorkHand identical 20 lines
11-05 13:20:47.251 16252 16302 D ScanRecord: Not a Multi Manu data
11-05 13:20:47.252 16310 16356 D BtGatt.GattService: onScanResult to scannerId: 4- eventType=0x1b, addressType=1, address=66:9, primaryPhy=1, secondaryPhy=0, advertisingSid=0xff, txPower=127, rssi=-95, periodicAdvInt=0x0
11-05 13:20:47.254 16252 16302 D ScanRecord: Not a Multi Manu data
11-05 13:20:47.254 16252 16302 I chatty : uid=5006(oem_5006) BleScanWorkHand identical 9 lines
11-05 13:20:47.254 16252 16302 D ScanRecord: Not a Multi Manu data
11-05 13:20:47.256 16310 16356 D BtGatt.GattService: onScanResult to scannerId: 4- eventType=0x10, addressType=1, address=8D:3, primaryPhy=1, secondaryPhy=0, advertisingSid=0xff, txPower=127, rssi=-94, periodicAdvInt=0x0
11-05 13:20:47.258 16252 16302 D ScanRecord: Not a Multi Manu data
11-05 13:20:47.258 16252 16302 I chatty : uid=5006(oem_5006) BleScanWorkHand identical 9 lines
11-05 13:20:47.258 16252 16302 D ScanRecord: Not a Multi Manu data
11-05 13:20:47.259 16310 16356 D BtGatt.GattService: onScanResult to scannerId: 4- eventType=0x10, addressType=1, address=96:9, primaryPhy=1, secondaryPhy=0, advertisingSid=0xff, txPower=127, rssi=-70, periodicAdvInt=0x0
11-05 13:20:47.260 16252 16302 D ScanRecord: Not a Multi Manu data
11-05 13:20:47.260 16252 16302 I chatty : uid=5006(oem_5006) BleScanWorkHand identical 9 lines
11-05 13:20:47.260 16252 16302 D ScanRecord: Not a Multi Manu data
11-05 13:20:47.268 16310 16356 D BtGatt.GattService: onScanResult to scannerId: 4- eventType=0x10, addressType=1, address=76:B, primaryPhy=1, secondaryPhy=0, advertisingSid=0xff, txPower=127, rssi=-94, periodicAdvInt=0x0
11-05 13:20:47.270 16252 16302 D ScanRecord: Not a Multi Manu data
11-05 13:20:47.270 16252 16302 I chatty : uid=5006(oem_5006) BleScanWorkHand identical 9 lines
11-05 13:20:47.270 16252 16302 D ScanRecord: Not a Multi Manu data
11-05 13:20:47.279 16310 16356 D BtGatt.GattService: onScanResult to scannerId: 4- eventType=0x1b, addressType=1, address=4C:4, primaryPhy=1, secondaryPhy=0, advertisingSid=0xff, txPower=127, rssi=-70, periodicAdvInt=0x0
11-05 13:20:47.280 16310 16356 D BtGatt.GattService: onScanResult to scannerId: 4- eventType=0x1b, addressType=0, address=14:E, primaryPhy=1, secondaryPhy=0, advertisingSid=0xff, txPower=127, rssi=-83, periodicAdvInt=0x0
11-05 13:20:47.281 16252 16302 D ScanRecord: Not a Multi Manu data
11-05 13:20:47.283 16252 16302 I chatty : uid=5006(oem_5006) BleScanWorkHand identical 20 lines
11-05 13:20:47.283 16252 16302 D ScanRecord: Not a Multi Manu data
11-05 13:20:47.283 16310 16356 D BtGatt.GattService: onScanResult to scannerId: 4- eventType=0x10, addressType=1, address=08:5, primaryPhy=1, secondaryPhy=0, advertisingSid=0xff, txPower=127, rssi=-74, periodicAdvInt=0x0
11-05 13:20:47.285 16252 16302 D ScanRecord: Not a Multi Manu data
11-05 13:20:47.285 16252 16302 I chatty : uid=5006(oem_5006) BleScanWorkHand identical 9 lines
11-05 13:20:47.285 16252 16302 D ScanRecord: Not a Multi Manu data
11-05 13:20:47.299 16310 16356 D BtGatt.GattService: onScanResult to scannerId: 4- eventType=0x1b, addressType=1, address=A4:3, primaryPhy=1, secondaryPhy=0, advertisingSid=0xff, txPower=127, rssi=-96, periodicAdvInt=0x0
11-05 13:20:47.300 16252 16302 D ScanRecord: Not a Multi Manu data
11-05 13:20:47.300 16252 16302 I chatty : uid=5006(oem_5006) BleScanWorkHand identical 9 lines
11-05 13:20:47.300 16252 16302 D ScanRecord: Not a Multi Manu data
11-05 13:20:47.307 16310 16356 D BtGatt.GattService: onScanResult to scannerId: 4- eventType=0x1b, addressType=1, address=7B:8, primaryPhy=1, secondaryPhy=0, advertisingSid=0xff, txPower=127, rssi=-80, periodicAdvInt=0x0
11-05 13:20:47.308 16252 16302 D ScanRecord: Not a Multi Manu data
11-05 13:20:47.308 16252 16302 I chatty : uid=5006(oem_5006) BleScanWorkHand identical 9 lines
11-05 13:20:47.308 16252 16302 D ScanRecord: Not a Multi Manu data
11-05 13:20:47.314 16310 16356 D BtGatt.GattService: onScanResult to scannerId: 4- eventType=0x10, addressType=1, address=B1:2, primaryPhy=1, secondaryPhy=0, advertisingSid=0xff, txPower=127, rssi=-85, periodicAdvInt=0x0
11-05 13:20:47.321 16252 16302 D ScanRecord: Not a Multi Manu data
11-05 13:20:47.321 16252 16302 I chatty : uid=5006(oem_5006) BleScanWorkHand identical 9 lines
11-05 13:20:47.321 16252 16302 D ScanRecord: Not a Multi Manu data
11-05 13:20:47.322 16310 16356 D BtGatt.GattService: onScanResult to scannerId: 4- eventType=0x10, addressType=1, address=6C:4, primaryPhy=1, secondaryPhy=0, advertisingSid=0xff, txPower=127, rssi=-67, periodicAdvInt=0x0
11-05 13:20:47.324 16252 16302 D ScanRecord: Not a Multi Manu data
11-05 13:20:47.324 16252 16302 I chatty : uid=5006(oem_5006) BleScanWorkHand identical 9 lines
11-05 13:20:47.324 16252 16302 D ScanRecord: Not a Multi Manu data
11-05 13:20:47.327 16310 16356 D BtGatt.GattService: onScanResult to scannerId: 4- eventType=0x10, addressType=1, address=E6:D, primaryPhy=1, secondaryPhy=0, advertisingSid=0xff, txPower=127, rssi=-89, periodicAdvInt=0x0
11-05 13:20:47.328 16252 16302 D ScanRecord: Not a Multi Manu data
11-05 13:20:47.329 16252 16302 I chatty : uid=5006(oem_5006) BleScanWorkHand identical 9 lines
11-05 13:20:47.329 16252 16302 D ScanRecord: Not a Multi Manu data
11-05 13:20:47.331 16310 16356 D BtGatt.GattService: onScanResult to scannerId: 4- eventType=0x10, addressType=1, address=16:B, primaryPhy=1, secondaryPhy=0, advertisingSid=0xff, txPower=127, rssi=-82, periodicAdvInt=0x0
11-05 13:20:47.332 16252 16302 D ScanRecord: Not a Multi Manu data
11-05 13:20:47.332 16252 16302 I chatty : uid=5006(oem_5006) BleScanWorkHand identical 9 lines
11-05 13:20:47.332 16252 16302 D ScanRecord: Not a Multi Manu data
11-05 13:20:47.334 16310 16356 D BtGatt.GattService: onScanResult to scannerId: 4- eventType=0x1b, addressType=1, address=4C:4, primaryPhy=1, secondaryPhy=0, advertisingSid=0xff, txPower=127, rssi=-70, periodicAdvInt=0x0
11-05 13:20:47.335 16252 16302 D ScanRecord: Not a Multi Manu data
11-05 13:20:47.335 16252 16302 I chatty : uid=5006(oem_5006) BleScanWorkHand identical 9 lines
11-05 13:20:47.335 16252 16302 D ScanRecord: Not a Multi Manu data
11-05 13:20:47.337 16310 16356 D BtGatt.GattService: onScanResult to scannerId: 4- eventType=0x1b, addressType=1, address=8A:0, primaryPhy=1, secondaryPhy=0, advertisingSid=0xff, txPower=127, rssi=-65, periodicAdvInt=0x0
11-05 13:20:47.338 16310 16356 D BtGatt.GattService: onScanResult to scannerId: 4- eventType=0x1b, addressType=0, address=AB:2, primaryPhy=1, secondaryPhy=0, advertisingSid=0xff, txPower=127, rssi=-84, periodicAdvInt=0x0
11-05 13:20:47.338 16310 16356 D BtGatt.GattService: onScanResult to scannerId: 4- eventType=0x1b, addressType=0, address=14:E, primaryPhy=1, secondaryPhy=0, advertisingSid=0xff, txPower=127, rssi=-89, periodicAdvInt=0x0
11-05 13:20:47.338 16252 16302 D ScanRecord: Not a Multi Manu data
11-05 13:20:47.340 16252 16302 I chatty : uid=5006(oem_5006) BleScanWorkHand identical 31 lines
11-05 13:20:47.340 16252 16302 D ScanRecord: Not a Multi Manu data
11-05 13:20:47.341 16310 16356 D BtGatt.GattService: onScanResult to scannerId: 4- eventType=0x10, addressType=1, address=68:A, primaryPhy=1, secondaryPhy=0, advertisingSid=0xff, txPower=127, rssi=-95, periodicAdvInt=0x0
11-05 13:20:47.342 16252 16302 D ScanRecord: Not a Multi Manu data
11-05 13:20:47.342 16252 16302 I chatty : uid=5006(oem_5006) BleScanWorkHand identical 9 lines
11-05 13:20:47.342 16252 16302 D ScanRecord: Not a Multi Manu data
11-05 13:20:47.373 706 16580 I vendor.qti.bluetooth@1.0-ibs_handler: ProcessIbsCmd: Received IBS_SLEEP_IND: 0xFE
11-05 13:20:47.373 706 16580 D vendor.qti.bluetooth@1.0-ibs_handler: SerialClockVote: vote for UART CLK OFF
11-05 13:20:47.524 706 16384 D vendor.qti.bluetooth@1.0-wake_lock: Release wakelock is released
11-05 13:20:47.877 1861 12269 E TaskPersister: File error accessing recents directory (directory doesn't exist?).
11-05 13:20:48.019 12573 12573 D io_stats: !@ 8,0 r 559704 27887268 w 9494272 563920660 d 448042 476636472 f 1678207 1884584 iot 26733980 11972628 th 102400 0 0 pt 0 inp 0 0 4837805.353
11-05 13:20:48.133 1861 12188 D WifiPermissionsUtil: canAccessScanResults: pkgName = android, uid = 1000
11-05 13:20:48.135 14130 14130 D SecStatusBarWifiView: updateState: WifiIconState(resId=2131232668, visible=true, activityId=2131232695)
11-05 13:20:48.151 14547 14722 D ContactsProvider_EventLog: contents_sample_state: [CONTACT contacts(0) data(0) accounts({}) accounts deleted({}) calls([]) countryIso(FI) userId(0) ]
11-05 13:20:48.151 14547 14722 D ContactsProvider_EventLog: contents_sample_state: [ agr({}) ]
11-05 13:20:48.151 14547 14722 D ContactsProvider_EventLog: contents_sample_state: [ actCnt({android.process.acore(14547)=4, com.samsung.android.contacts(14472)=15}) ]
11-05 13:20:48.151 14547 14722 D ContactsProvider_EventLog: contents_sample_state: [PROFILE contacts(0) data(0) accounts({}) ] [SAPROFILE contacts(0) data(0) accounts({}) ]
11-05 13:20:48.151 14547 14722 D ContactsProvider_EventLog: contents_sample_state: [STORAGE Contacts(CE) Profile(CE) SAProfile(CE) CallLog(CE) ]
11-05 13:20:48.540 717 991 I qti_sensors_hal: processReportInd: Light - 23 35
11-05 13:20:48.899 764 764 I SurfaceFlinger: SFWD update time=4837806235110719
11-05 13:20:49.141 1861 12188 D WifiPermissionsUtil: canAccessScanResults: pkgName = android, uid = 1000
11-05 13:20:49.142 758 758 V APM_AudioPolicyManager: getAudioPolicyConfig: audioParam;outDevice
11-05 13:20:49.143 758 758 V APM_AudioPolicyManager: getNewOutputDevice() selected device 0
11-05 13:20:49.143 758 758 V APM_AudioPolicyManager: ### curdevice : 2
11-05 13:20:49.146 14130 14130 D SecStatusBarWifiView: updateState: WifiIconState(resId=2131232668, visible=true, activityId=2131232693)
11-05 13:20:49.921 1861 12189 D WifiStateMachine: enter getWifiLinkLayerStats
11-05 13:20:49.922 1861 12189 I WifiVendorHal: getWifiLinkLayerStats(l.2989) before calling iface.getLinkLayerStats
11-05 13:20:49.936 1861 12189 I WifiVendorHal: getWifiLinkLayerStats(l.2989) after calling iface.getLinkLayerStats
11-05 13:20:49.959 1861 12189 I WifiStateMachine: checkScoreBasedQuality - mPreviousScore[0]:88 mPreviousScore[1]:88 mPreviousScore[2]:88 s2Score:88mPrevoiusScoreAverage:88
11-05 13:20:50.148 1861 12188 D WifiPermissionsUtil: canAccessScanResults: pkgName = android, uid = 1000
11-05 13:20:50.150 14130 14130 D SecStatusBarWifiView: updateState: WifiIconState(resId=2131232668, visible=true, activityId=2131232674)
11-05 13:20:50.349 19832 19847 I d.stickercente: Waiting for a blocking GC ProfileSaver
11-05 13:20:50.357 19832 19847 I d.stickercente: WaitForGcToComplete blocked ProfileSaver on AddRemoveAppImageSpace for 7.239ms
11-05 13:20:50.485 1861 15933 D GameManagerService: identifyGamePackage. org.qtproject.example.wiggly
11-05 13:20:50.485 1861 15933 D GamePkgDataHelper: getGamePkgData(). org.qtproject.example.wiggly
11-05 13:20:51.154 1861 12188 D WifiPermissionsUtil: canAccessScanResults: pkgName = android, uid = 1000
11-05 13:20:51.156 14130 14130 D SecStatusBarWifiView: updateState: WifiIconState(resId=2131232668, visible=true, activityId=2131232693)
11-05 13:20:51.627 1861 14033 D WifiPermissionsUtil: canAccessScanResults: pkgName = com.sec.android.sdhms, uid = 1000
11-05 13:20:52.158 1861 12188 D WifiPermissionsUtil: canAccessScanResults: pkgName = android, uid = 1000 ^C C:\Users\QT\AppData\Local\Android\Sdk\platform-tools>