11-05 13:20:28.753 16310 16356 D BtGatt.GattService: onScanResult to scannerId: 4- eventType=0x1b, addressType=1, address=F5:F, primaryPhy=1, secondaryPhy=0, advertisingSid=0xff, txPower=127, rssi=-84, periodicAdvInt=0x0
11-05 13:20:28.754 16252 16302 D ScanRecord: Not a Multi Manu data
11-05 13:20:28.755 16252 16302 I chatty : uid=5006(oem_5006) BleScanWorkHand identical 9 lines
11-05 13:20:28.755 16252 16302 D ScanRecord: Not a Multi Manu data
11-05 13:20:28.756 16310 16356 D BtGatt.GattService: onScanResult to scannerId: 4- eventType=0x1b, addressType=1, address=66:9, primaryPhy=1, secondaryPhy=0, advertisingSid=0xff, txPower=127, rssi=-95, periodicAdvInt=0x0
11-05 13:20:28.757 16252 16302 D ScanRecord: Not a Multi Manu data
11-05 13:20:28.758 16252 16302 I chatty : uid=5006(oem_5006) BleScanWorkHand identical 9 lines
11-05 13:20:28.758 16252 16302 D ScanRecord: Not a Multi Manu data
11-05 13:20:28.790 706 16580 I vendor.qti.bluetooth@1.0-ibs_handler: ProcessIbsCmd: Received IBS_SLEEP_IND: 0xFE
11-05 13:20:28.790 706 16580 D vendor.qti.bluetooth@1.0-ibs_handler: SerialClockVote: vote for UART CLK OFF
11-05 13:20:28.939 1861 12188 D WifiPermissionsUtil: canAccessScanResults: pkgName = android, uid = 1000
11-05 13:20:28.940 706 16384 D vendor.qti.bluetooth@1.0-wake_lock: Release wakelock is released
11-05 13:20:28.941 14130 14130 D SecStatusBarWifiView: updateState: WifiIconState(resId=2131232668, visible=true, activityId=2131232693)
11-05 13:20:29.050 758 758 V APM_AudioPolicyManager: getAudioPolicyConfig: audioParam;outDevice
11-05 13:20:29.051 758 758 V APM_AudioPolicyManager: getNewOutputDevice() selected device 0
11-05 13:20:29.051 758 758 V APM_AudioPolicyManager: ### curdevice : 2
11-05 13:20:29.466 1861 1944 D PowerManagerService: UserActivityState : 2 -> 4
11-05 13:20:29.467 1861 1944 I PowerManagerService: [PWL] On : 4549811 (4833236992 ms ago)
11-05 13:20:29.467 1861 1944 I PowerManagerService: [PWL] mStayOn: true mWakeLockSummary & WAKE_LOCK_STAY_AWAKE: 0 mUserActivitySummary: 0x4
11-05 13:20:29.566 13491 13491 D DragLayer: DragLayer onMeasure, mIsNaviBarPositionChanged = false, mWillOrientationChange = false
11-05 13:20:29.567 13491 13491 D LauncherWidgetHostView: setResizeScaleResult() 1481/ 379 scaleToResize = 1.0(widget id = 4) 1d5ecf7 0,0-1481,379
11-05 13:20:29.569 13491 13491 D DragLayer: DragLayer dispatchDraw, mIsNaviBarPositionChanged = false, mWillOrientationChange = false
11-05 13:20:29.943 1861 12188 D WifiPermissionsUtil: canAccessScanResults: pkgName = android, uid = 1000
11-05 13:20:30.854 14130 14165 D NetworkController.MobileSignalController(0/-2): onSignalStrengthsChanged signalStrength=SignalStrength: 99 99 -120 -160 -120 -160 -1 99 2147483647 2147483647 2147483647 2147483647 0 2147483647 30 67 -53 0x4 T gsm|lte use_rsrp_and_rssnr_for_lte_level [-128, -118, -108, -98] [-115, -105, -95, -85] level=4
11-05 13:20:30.855 14130 14165 D NetworkController.MobileSignalController(0/-2): getMobileIconGroup(): 0
11-05 13:20:30.947 1861 12188 D WifiPermissionsUtil: canAccessScanResults: pkgName = android, uid = 1000
11-05 13:20:31.582 1861 14313 D WifiPermissionsUtil: canAccessScanResults: pkgName = com.sec.android.sdhms, uid = 1000
11-05 13:20:31.693 1861 12189 D WifiStateMachine: enter getWifiLinkLayerStats
11-05 13:20:31.694 1861 12189 I WifiVendorHal: getWifiLinkLayerStats(l.2989) before calling iface.getLinkLayerStats
11-05 13:20:31.715 1861 12189 I WifiVendorHal: getWifiLinkLayerStats(l.2989) after calling iface.getLinkLayerStats
11-05 13:20:31.740 1861 12189 I WifiStateMachine: checkScoreBasedQuality - mPreviousScore[0]:88 mPreviousScore[1]:88 mPreviousScore[2]:88 s2Score:87mPrevoiusScoreAverage:88
11-05 13:20:31.948 706 16580 I vendor.qti.bluetooth@1.0-ibs_handler: ProcessIbsCmd: Received IBS_WAKE_IND: 0xFD
11-05 13:20:31.948 706 16580 D vendor.qti.bluetooth@1.0-ibs_handler: SerialClockVote: vote for UART CLK ON
11-05 13:20:31.951 706 16580 D vendor.qti.bluetooth@1.0-wake_lock: Acquire wakelock is acquired
11-05 13:20:31.951 706 16580 I vendor.qti.bluetooth@1.0-ibs_handler: ProcessIbsCmd: Writing IBS_WAKE_ACK
11-05 13:20:31.966 16310 16356 D BtGatt.GattService: onScanResult to scannerId: 4- eventType=0x1b, addressType=1, address=8A:0, primaryPhy=1, secondaryPhy=0, advertisingSid=0xff, txPower=127, rssi=-65, periodicAdvInt=0x0
11-05 13:20:31.967 16252 16302 D ScanRecord: Not a Multi Manu data
11-05 13:20:31.967 16252 16302 I chatty : uid=5006(oem_5006) BleScanWorkHand identical 9 lines
11-05 13:20:31.967 16252 16302 D ScanRecord: Not a Multi Manu data
11-05 13:20:31.971 16310 16356 D BtGatt.GattService: onScanResult to scannerId: 4- eventType=0x10, addressType=1, address=EB:6, primaryPhy=1, secondaryPhy=0, advertisingSid=0xff, txPower=127, rssi=-94, periodicAdvInt=0x0
11-05 13:20:31.973 16252 16302 D ScanRecord: Not a Multi Manu data
11-05 13:20:31.973 16252 16302 I chatty : uid=5006(oem_5006) BleScanWorkHand identical 9 lines
11-05 13:20:31.973 16252 16302 D ScanRecord: Not a Multi Manu data
11-05 13:20:31.975 1861 12188 D WifiTrafficPoller: TrafficStats TxPkts=1083445 RxPkts=1072609 TxBytes=124956965 RxBytes=884614526 , Foreground uid=10076 pkgName=com.sec.android.app.launcher TxPackets=0 RxPackets=0 TxBytes=0 RxBytes=0
11-05 13:20:31.976 1861 12188 D WifiPermissionsUtil: canAccessScanResults: pkgName = android, uid = 1000
11-05 13:20:31.977 14130 14130 D SecStatusBarWifiView: updateState: WifiIconState(resId=2131232668, visible=true, activityId=2131232674)
11-05 13:20:31.977 16310 16356 D BtGatt.GattService: onScanResult to scannerId: 4- eventType=0x10, addressType=1, address=E6:D, primaryPhy=1, secondaryPhy=0, advertisingSid=0xff, txPower=127, rssi=-102, periodicAdvInt=0x0
11-05 13:20:31.978 16252 16302 D ScanRecord: Not a Multi Manu data
11-05 13:20:31.979 16252 16302 I chatty : uid=5006(oem_5006) BleScanWorkHand identical 9 lines
11-05 13:20:31.979 16252 16302 D ScanRecord: Not a Multi Manu data
11-05 13:20:31.983 16310 16356 D BtGatt.GattService: onScanResult to scannerId: 4- eventType=0x10, addressType=1, address=EB:B, primaryPhy=1, secondaryPhy=0, advertisingSid=0xff, txPower=127, rssi=-91, periodicAdvInt=0x0
11-05 13:20:31.984 16310 16356 D BtGatt.GattService: onScanResult to scannerId: 4- eventType=0x1b, addressType=0, address=14:E, primaryPhy=1, secondaryPhy=0, advertisingSid=0xff, txPower=127, rssi=-86, periodicAdvInt=0x0
11-05 13:20:31.984 16310 16356 D BtGatt.GattService: onScanResult to scannerId: 4- eventType=0x1b, addressType=0, address=14:E, primaryPhy=1, secondaryPhy=0, advertisingSid=0xff, txPower=127, rssi=-73, periodicAdvInt=0x0
11-05 13:20:31.986 16252 16302 D ScanRecord: Not a Multi Manu data
11-05 13:20:31.988 16252 16302 I chatty : uid=5006(oem_5006) BleScanWorkHand identical 24 lines
11-05 13:20:31.988 16252 16302 D ScanRecord: Not a Multi Manu data
11-05 13:20:31.988 16310 16356 D BtGatt.GattService: onScanResult to scannerId: 4- eventType=0x10, addressType=1, address=C3:7, primaryPhy=1, secondaryPhy=0, advertisingSid=0xff, txPower=127, rssi=-89, periodicAdvInt=0x0
11-05 13:20:31.988 16252 16302 D ScanRecord: Not a Multi Manu data
11-05 13:20:31.989 16252 16302 I chatty : uid=5006(oem_5006) BleScanWorkHand identical 16 lines
11-05 13:20:31.989 16252 16302 D ScanRecord: Not a Multi Manu data
11-05 13:20:31.992 16310 16356 D BtGatt.GattService: onScanResult to scannerId: 4- eventType=0x10, addressType=1, address=D8:0, primaryPhy=1, secondaryPhy=0, advertisingSid=0xff, txPower=127, rssi=-93, periodicAdvInt=0x0
11-05 13:20:31.992 16252 16302 D ScanRecord: Not a Multi Manu data
11-05 13:20:31.993 16252 16302 I chatty : uid=5006(oem_5006) BleScanWorkHand identical 9 lines
11-05 13:20:31.993 16252 16302 D ScanRecord: Not a Multi Manu data
11-05 13:20:31.996 16310 16356 D BtGatt.GattService: onScanResult to scannerId: 4- eventType=0x10, addressType=1, address=16:B, primaryPhy=1, secondaryPhy=0, advertisingSid=0xff, txPower=127, rssi=-95, periodicAdvInt=0x0
11-05 13:20:31.996 16252 16302 D ScanRecord: Not a Multi Manu data
11-05 13:20:31.997 16252 16302 I chatty : uid=5006(oem_5006) BleScanWorkHand identical 9 lines
11-05 13:20:31.997 16252 16302 D ScanRecord: Not a Multi Manu data
11-05 13:20:31.999 16310 16356 D BtGatt.GattService: onScanResult to scannerId: 4- eventType=0x1b, addressType=1, address=64:2, primaryPhy=1, secondaryPhy=0, advertisingSid=0xff, txPower=127, rssi=-76, periodicAdvInt=0x0
11-05 13:20:32.000 16252 16302 D ScanRecord: Not a Multi Manu data
11-05 13:20:32.000 16252 16302 I chatty : uid=5006(oem_5006) BleScanWorkHand identical 9 lines
11-05 13:20:32.000 16252 16302 D ScanRecord: Not a Multi Manu data
11-05 13:20:32.002 16310 16356 D BtGatt.GattService: onScanResult to scannerId: 4- eventType=0x10, addressType=1, address=9B:C, primaryPhy=1, secondaryPhy=0, advertisingSid=0xff, txPower=127, rssi=-89, periodicAdvInt=0x0
11-05 13:20:32.004 16252 16302 D ScanRecord: Not a Multi Manu data
11-05 13:20:32.004 16252 16302 I chatty : uid=5006(oem_5006) BleScanWorkHand identical 9 lines
11-05 13:20:32.004 16252 16302 D ScanRecord: Not a Multi Manu data
11-05 13:20:32.006 16310 16356 D BtGatt.GattService: onScanResult to scannerId: 4- eventType=0x1b, addressType=1, address=E0:B, primaryPhy=1, secondaryPhy=0, advertisingSid=0xff, txPower=127, rssi=-92, periodicAdvInt=0x0
11-05 13:20:32.007 16252 16302 D ScanRecord: Not a Multi Manu data
11-05 13:20:32.007 16252 16302 I chatty : uid=5006(oem_5006) BleScanWorkHand identical 9 lines
11-05 13:20:32.007 16252 16302 D ScanRecord: Not a Multi Manu data
11-05 13:20:32.009 16310 16356 D BtGatt.GattService: onScanResult to scannerId: 4- eventType=0x10, addressType=1, address=D6:2, primaryPhy=1, secondaryPhy=0, advertisingSid=0xff, txPower=127, rssi=-80, periodicAdvInt=0x0
11-05 13:20:32.010 16252 16302 D ScanRecord: Not a Multi Manu data
11-05 13:20:32.010 16252 16302 I chatty : uid=5006(oem_5006) BleScanWorkHand identical 9 lines
11-05 13:20:32.010 16252 16302 D ScanRecord: Not a Multi Manu data
11-05 13:20:32.012 16310 16356 D BtGatt.GattService: onScanResult to scannerId: 4- eventType=0x10, addressType=1, address=58:6, primaryPhy=1, secondaryPhy=0, advertisingSid=0xff, txPower=127, rssi=-96, periodicAdvInt=0x0
11-05 13:20:32.014 16252 16302 D ScanRecord: Not a Multi Manu data
11-05 13:20:32.014 16252 16302 I chatty : uid=5006(oem_5006) BleScanWorkHand identical 9 lines
11-05 13:20:32.014 16252 16302 D ScanRecord: Not a Multi Manu data
11-05 13:20:32.015 16310 16356 D BtGatt.GattService: onScanResult to scannerId: 4- eventType=0x10, addressType=1, address=68:A, primaryPhy=1, secondaryPhy=0, advertisingSid=0xff, txPower=127, rssi=-89, periodicAdvInt=0x0
11-05 13:20:32.017 16252 16302 D ScanRecord: Not a Multi Manu data
11-05 13:20:32.017 16252 16302 I chatty : uid=5006(oem_5006) BleScanWorkHand identical 9 lines
11-05 13:20:32.017 16252 16302 D ScanRecord: Not a Multi Manu data
11-05 13:20:32.018 16310 16356 D BtGatt.GattService: onScanResult to scannerId: 4- eventType=0x1b, addressType=1, address=37:F, primaryPhy=1, secondaryPhy=0, advertisingSid=0xff, txPower=127, rssi=-56, periodicAdvInt=0x0
11-05 13:20:32.020 16252 16302 D ScanRecord: Not a Multi Manu data
11-05 13:20:32.021 16252 16302 I chatty : uid=5006(oem_5006) BleScanWorkHand identical 9 lines
11-05 13:20:32.021 16252 16302 D ScanRecord: Not a Multi Manu data
11-05 13:20:32.024 16310 16356 D BtGatt.GattService: onScanResult to scannerId: 4- eventType=0x10, addressType=1, address=96:9, primaryPhy=1, secondaryPhy=0, advertisingSid=0xff, txPower=127, rssi=-58, periodicAdvInt=0x0
11-05 13:20:32.026 16252 16302 D ScanRecord: Not a Multi Manu data
11-05 13:20:32.026 16252 16302 I chatty : uid=5006(oem_5006) BleScanWorkHand identical 9 lines
11-05 13:20:32.026 16252 16302 D ScanRecord: Not a Multi Manu data
11-05 13:20:32.035 16310 16356 D BtGatt.GattService: onScanResult to scannerId: 4- eventType=0x1b, addressType=1, address=F5:F, primaryPhy=1, secondaryPhy=0, advertisingSid=0xff, txPower=127, rssi=-78, periodicAdvInt=0x0
11-05 13:20:32.036 16252 16302 D ScanRecord: Not a Multi Manu data
11-05 13:20:32.037 16252 16302 I chatty : uid=5006(oem_5006) BleScanWorkHand identical 9 lines
11-05 13:20:32.037 16252 16302 D ScanRecord: Not a Multi Manu data
11-05 13:20:32.044 16310 16356 D BtGatt.GattService: onScanResult to scannerId: 4- eventType=0x10, addressType=1, address=6C:4, primaryPhy=1, secondaryPhy=0, advertisingSid=0xff, txPower=127, rssi=-60, periodicAdvInt=0x0
11-05 13:20:32.046 16252 16302 D ScanRecord: Not a Multi Manu data
11-05 13:20:32.046 16252 16302 I chatty : uid=5006(oem_5006) BleScanWorkHand identical 9 lines
11-05 13:20:32.047 16252 16302 D ScanRecord: Not a Multi Manu data
11-05 13:20:32.057 16310 16356 D BtGatt.GattService: onScanResult to scannerId: 4- eventType=0x10, addressType=1, address=B1:2, primaryPhy=1, secondaryPhy=0, advertisingSid=0xff, txPower=127, rssi=-89, periodicAdvInt=0x0
11-05 13:20:32.058 16252 16302 D ScanRecord: Not a Multi Manu data
11-05 13:20:32.058 16252 16302 I chatty : uid=5006(oem_5006) BleScanWorkHand identical 9 lines
11-05 13:20:32.058 16252 16302 D ScanRecord: Not a Multi Manu data
11-05 13:20:32.067 16310 16356 D BtGatt.GattService: onScanResult to scannerId: 4- eventType=0x10, addressType=1, address=EB:6, primaryPhy=1, secondaryPhy=0, advertisingSid=0xff, txPower=127, rssi=-95, periodicAdvInt=0x0
11-05 13:20:32.068 16252 16302 D ScanRecord: Not a Multi Manu data
11-05 13:20:32.068 16252 16302 I chatty : uid=5006(oem_5006) BleScanWorkHand identical 9 lines
11-05 13:20:32.068 16252 16302 D ScanRecord: Not a Multi Manu data
11-05 13:20:32.075 16310 16356 D BtGatt.GattService: onScanResult to scannerId: 4- eventType=0x10, addressType=1, address=EA:7, primaryPhy=1, secondaryPhy=0, advertisingSid=0xff, txPower=127, rssi=-100, periodicAdvInt=0x0
11-05 13:20:32.076 16252 16302 D ScanRecord: Not a Multi Manu data
11-05 13:20:32.077 16252 16302 I chatty : uid=5006(oem_5006) BleScanWorkHand identical 9 lines
11-05 13:20:32.077 16252 16302 D ScanRecord: Not a Multi Manu data
11-05 13:20:32.083 16310 16356 D BtGatt.GattService: onScanResult to scannerId: 4- eventType=0x10, addressType=1, address=C3:7, primaryPhy=1, secondaryPhy=0, advertisingSid=0xff, txPower=127, rssi=-88, periodicAdvInt=0x0
11-05 13:20:32.084 16252 16302 D ScanRecord: Not a Multi Manu data
11-05 13:20:32.084 16252 16302 I chatty : uid=5006(oem_5006) BleScanWorkHand identical 9 lines
11-05 13:20:32.084 16252 16302 D ScanRecord: Not a Multi Manu data
11-05 13:20:32.087 16310 16356 D BtGatt.GattService: onScanResult to scannerId: 4- eventType=0x10, addressType=1, address=72:3, primaryPhy=1, secondaryPhy=0, advertisingSid=0xff, txPower=127, rssi=-82, periodicAdvInt=0x0
11-05 13:20:32.088 16252 16302 D ScanRecord: Not a Multi Manu data
11-05 13:20:32.088 16252 16302 I chatty : uid=5006(oem_5006) BleScanWorkHand identical 9 lines
11-05 13:20:32.088 16252 16302 D ScanRecord: Not a Multi Manu data
11-05 13:20:32.094 16310 16356 D BtGatt.GattService: onScanResult to scannerId: 4- eventType=0x1b, addressType=1, address=7B:8, primaryPhy=1, secondaryPhy=0, advertisingSid=0xff, txPower=127, rssi=-74, periodicAdvInt=0x0
11-05 13:20:32.096 16252 16302 D ScanRecord: Not a Multi Manu data
11-05 13:20:32.096 16252 16302 I chatty : uid=5006(oem_5006) BleScanWorkHand identical 9 lines
11-05 13:20:32.096 16252 16302 D ScanRecord: Not a Multi Manu data
11-05 13:20:32.102 16310 16356 D BtGatt.GattService: onScanResult to scannerId: 4- eventType=0x10, addressType=1, address=6E:1, primaryPhy=1, secondaryPhy=0, advertisingSid=0xff, txPower=127, rssi=-95, periodicAdvInt=0x0
11-05 13:20:32.103 16252 16302 D ScanRecord: Not a Multi Manu data
11-05 13:20:32.104 16252 16302 I chatty : uid=5006(oem_5006) BleScanWorkHand identical 9 lines
11-05 13:20:32.104 16252 16302 D ScanRecord: Not a Multi Manu data
11-05 13:20:32.127 706 16580 I vendor.qti.bluetooth@1.0-ibs_handler: ProcessIbsCmd: Received IBS_SLEEP_IND: 0xFE
11-05 13:20:32.127 706 16580 D vendor.qti.bluetooth@1.0-ibs_handler: SerialClockVote: vote for UART CLK OFF
11-05 13:20:32.278 706 16384 D vendor.qti.bluetooth@1.0-wake_lock: Release wakelock is released
11-05 13:20:32.823 1861 12211 W DeviceStorageMonitorService: updateBroadcasts(/data) oldLevel:0, newLevel:0, seq:1
11-05 13:20:32.826 1861 12211 W DeviceStorageMonitorService: updateBroadcasts_filenode(/data) fn_oldLevel:0, fn_newLevel:0, seq:1
11-05 13:20:32.980 1861 12188 D WifiPermissionsUtil: canAccessScanResults: pkgName = android, uid = 1000
11-05 13:20:32.983 14130 14130 D SecStatusBarWifiView: updateState: WifiIconState(resId=2131232668, visible=true, activityId=2131232693)
11-05 13:20:33.002 12573 12573 D io_stats: !@ 8,0 r 559685 27887192 w 9493802 563882264 d 448009 476633104 f 1678105 1884480 iot 26733410 11972174 th 102400 0 0 pt 0 inp 0 0 4837790.336
11-05 13:20:33.984 1861 12188 D WifiPermissionsUtil: canAccessScanResults: pkgName = android, uid = 1000
11-05 13:20:34.388 13420 13655 D SDHMS:s : SIOP:: AP:154(228,80) BAT:249(249,0) CHG:254(254,0) USB:0(0,0) WIFI:209(260,50) PA:194(245,50) ATC:0(0,-999) BLK:248(248,0)
11-05 13:20:34.465 19211 19547 I System.out: (HTTPLog)-Static: isSBSettingEnabled false
11-05 13:20:34.466 19211 19547 I System.out: (HTTPLog)-Static: isSBSettingEnabled false
11-05 13:20:34.468 1176 1290 E Netd : NetworkController: getNetworkForDns originalNetId:0, uid:10046
11-05 13:20:34.468 1176 1290 E EnterpriseController: netId is 0
11-05 13:20:34.468 1176 1290 E Netd : getNetworkForDns: getNetId from enterpriseCtrl is netid 0
11-05 13:20:34.468 1176 1290 E Netd : NetworkController: getNetworkForDns NETID_UNSET case. netId=639, uid=10046
11-05 13:20:34.468 1176 1290 D DnsProxyListener: DNSDBG::dns addrinfo af 2
11-05 13:20:34.472 19211 19547 D NetworkManagementSocketTagger: tagSocket(64) with statsTag=0xffffffff, statsUid=-1
11-05 13:20:34.742 1861 12189 D WifiStateMachine: enter getWifiLinkLayerStats
11-05 13:20:34.742 1861 12189 I WifiVendorHal: getWifiLinkLayerStats(l.2989) before calling iface.getLinkLayerStats
11-05 13:20:34.752 1861 12189 I WifiVendorHal: getWifiLinkLayerStats(l.2989) after calling iface.getLinkLayerStats
11-05 13:20:34.765 1861 12189 I WifiStateMachine: checkScoreBasedQuality - mPreviousScore[0]:88 mPreviousScore[1]:88 mPreviousScore[2]:87 s2Score:87mPrevoiusScoreAverage:87
11-05 13:20:34.892 1861 12350 E Watchdog: !@Sync 161159 [2019-11-05 13:20:34.891] FD count : 643
11-05 13:20:34.987 1861 12188 D WifiPermissionsUtil: canAccessScanResults: pkgName = android, uid = 1000
11-05 13:20:34.989 14130 14130 D SecStatusBarWifiView: updateState: WifiIconState(resId=2131232668, visible=true, activityId=2131232674)
11-05 13:20:36.023 1861 12188 D WifiTrafficPoller: TrafficStats TxPkts=1083465 RxPkts=1072624 TxBytes=124962332 RxBytes=884621932 , Foreground uid=10076 pkgName=com.sec.android.app.launcher TxPackets=0 RxPackets=0 TxBytes=0 RxBytes=0
11-05 13:20:36.025 1861 12188 D WifiPermissionsUtil: canAccessScanResults: pkgName = android, uid = 1000
11-05 13:20:36.699 717 991 I qti_sensors_hal: processReportInd: Accel - X: 0.442 Y: 0.172 Z: 9.748
11-05 13:20:36.701 1861 2574 D SensorService: [SO] 0.442 0.172 9.748
11-05 13:20:37.032 1861 12188 D WifiPermissionsUtil: canAccessScanResults: pkgName = android, uid = 1000
11-05 13:20:37.035 14130 14130 D SecStatusBarWifiView: updateState: WifiIconState(resId=2131232668, visible=true, activityId=2131232693)
11-05 13:20:37.768 1861 12189 D WifiStateMachine: enter getWifiLinkLayerStats
11-05 13:20:37.769 1861 12189 I WifiVendorHal: getWifiLinkLayerStats(l.2989) before calling iface.getLinkLayerStats
11-05 13:20:37.796 1861 12189 I WifiVendorHal: getWifiLinkLayerStats(l.2989) after calling iface.getLinkLayerStats
11-05 13:20:37.815 1861 12189 I WifiStateMachine: checkScoreBasedQuality - mPreviousScore[0]:88 mPreviousScore[1]:87 mPreviousScore[2]:87 s2Score:87mPrevoiusScoreAverage:87
11-05 13:20:38.010 12573 12573 D io_stats: !@ 8,0 r 559685 27887192 w 9493827 563884460 d 448011 476634604 f 1678109 1884486 iot 26733460 11972208 th 102400 0 0 pt 0 inp 0 0 4837795.344
11-05 13:20:38.040 1861 12188 D WifiPermissionsUtil: canAccessScanResults: pkgName = android, uid = 1000
11-05 13:20:38.079 706 16580 I vendor.qti.bluetooth@1.0-ibs_handler: ProcessIbsCmd: Received IBS_WAKE_IND: 0xFD
11-05 13:20:38.079 706 16580 D vendor.qti.bluetooth@1.0-ibs_handler: SerialClockVote: vote for UART CLK ON
11-05 13:20:38.084 706 16580 D vendor.qti.bluetooth@1.0-wake_lock: Acquire wakelock is acquired
11-05 13:20:38.084 706 16580 I vendor.qti.bluetooth@1.0-ibs_handler: ProcessIbsCmd: Writing IBS_WAKE_ACK
11-05 13:20:38.089 16310 16356 D BtGatt.GattService: onScanResult to scannerId: 4- eventType=0x1b, addressType=0, address=90:8, primaryPhy=1, secondaryPhy=0, advertisingSid=0xff, txPower=127, rssi=-77, periodicAdvInt=0x0
11-05 13:20:38.097 16252 16302 D ScanRecord: Not a Multi Manu data
11-05 13:20:38.098 16252 16302 I chatty : uid=5006(oem_5006) BleScanWorkHand identical 9 lines
11-05 13:20:38.098 16252 16302 D ScanRecord: Not a Multi Manu data
11-05 13:20:38.106 16310 16356 D BtGatt.GattService: onScanResult to scannerId: 4- eventType=0x10, addressType=1, address=72:3, primaryPhy=1, secondaryPhy=0, advertisingSid=0xff, txPower=127, rssi=-77, periodicAdvInt=0x0
11-05 13:20:38.108 16252 16302 D ScanRecord: Not a Multi Manu data
11-05 13:20:38.108 16252 16302 I chatty : uid=5006(oem_5006) BleScanWorkHand identical 9 lines
11-05 13:20:38.108 16252 16302 D ScanRecord: Not a Multi Manu data
11-05 13:20:38.127 16310 16356 D BtGatt.GattService: onScanResult to scannerId: 4- eventType=0x10, addressType=1, address=08:5, primaryPhy=1, secondaryPhy=0, advertisingSid=0xff, txPower=127, rssi=-74, periodicAdvInt=0x0
11-05 13:20:38.129 16252 16302 D ScanRecord: Not a Multi Manu data
11-05 13:20:38.129 16252 16302 I chatty : uid=5006(oem_5006) BleScanWorkHand identical 9 lines
11-05 13:20:38.129 16252 16302 D ScanRecord: Not a Multi Manu data
11-05 13:20:38.130 16310 16356 D BtGatt.GattService: onScanResult to scannerId: 4- eventType=0x1b, addressType=0, address=14:E, primaryPhy=1, secondaryPhy=0, advertisingSid=0xff, txPower=127, rssi=-83, periodicAdvInt=0x0
11-05 13:20:38.131 16252 16302 D ScanRecord: Not a Multi Manu data
11-05 13:20:38.131 16252 16302 I chatty : uid=5006(oem_5006) BleScanWorkHand identical 9 lines
11-05 13:20:38.131 16252 16302 D ScanRecord: Not a Multi Manu data
11-05 13:20:38.145 16310 16356 D BtGatt.GattService: onScanResult to scannerId: 4- eventType=0x10, addressType=1, address=9B:C, primaryPhy=1, secondaryPhy=0, advertisingSid=0xff, txPower=127, rssi=-94, periodicAdvInt=0x0
11-05 13:20:38.146 16252 16302 D ScanRecord: Not a Multi Manu data
11-05 13:20:38.146 16252 16302 I chatty : uid=5006(oem_5006) BleScanWorkHand identical 9 lines
11-05 13:20:38.146 16252 16302 D ScanRecord: Not a Multi Manu data
11-05 13:20:38.160 16310 16356 D BtGatt.GattService: onScanResult to scannerId: 4- eventType=0x10, addressType=1, address=B1:2, primaryPhy=1, secondaryPhy=0, advertisingSid=0xff, txPower=127, rssi=-83, periodicAdvInt=0x0
11-05 13:20:38.161 16252 16302 D ScanRecord: Not a Multi Manu data
11-05 13:20:38.161 16252 16302 I chatty : uid=5006(oem_5006) BleScanWorkHand identical 9 lines
11-05 13:20:38.161 16252 16302 D ScanRecord: Not a Multi Manu data
11-05 13:20:38.169 16310 16356 D BtGatt.GattService: onScanResult to scannerId: 4- eventType=0x10, addressType=1, address=16:B, primaryPhy=1, secondaryPhy=0, advertisingSid=0xff, txPower=127, rssi=-82, periodicAdvInt=0x0
11-05 13:20:38.171 16252 16302 D ScanRecord: Not a Multi Manu data
11-05 13:20:38.171 16252 16302 I chatty : uid=5006(oem_5006) BleScanWorkHand identical 9 lines
11-05 13:20:38.171 16252 16302 D ScanRecord: Not a Multi Manu data
11-05 13:20:38.173 16310 16356 D BtGatt.GattService: onScanResult to scannerId: 4- eventType=0x10, addressType=1, address=76:B, primaryPhy=1, secondaryPhy=0, advertisingSid=0xff, txPower=127, rssi=-97, periodicAdvInt=0x0
11-05 13:20:38.174 16252 16302 D ScanRecord: Not a Multi Manu data
11-05 13:20:38.175 16252 16302 I chatty : uid=5006(oem_5006) BleScanWorkHand identical 9 lines
11-05 13:20:38.175 16252 16302 D ScanRecord: Not a Multi Manu data
11-05 13:20:38.178 16310 16356 D BtGatt.GattService: onScanResult to scannerId: 4- eventType=0x10, addressType=1, address=95:9, primaryPhy=1, secondaryPhy=0, advertisingSid=0xff, txPower=127, rssi=-94, periodicAdvInt=0x0
11-05 13:20:38.181 16252 16302 D ScanRecord: Not a Multi Manu data
11-05 13:20:38.181 16252 16302 I chatty : uid=5006(oem_5006) BleScanWorkHand identical 9 lines
11-05 13:20:38.181 16252 16302 D ScanRecord: Not a Multi Manu data
11-05 13:20:38.183 16310 16356 D BtGatt.GattService: onScanResult to scannerId: 4- eventType=0x10, addressType=1, address=6C:4, primaryPhy=1, secondaryPhy=0, advertisingSid=0xff, txPower=127, rssi=-64, periodicAdvInt=0x0
11-05 13:20:38.185 16252 16302 D ScanRecord: Not a Multi Manu data
11-05 13:20:38.186 16252 16302 I chatty : uid=5006(oem_5006) BleScanWorkHand identical 9 lines
11-05 13:20:38.186 16252 16302 D ScanRecord: Not a Multi Manu data
11-05 13:20:38.187 16310 16356 D BtGatt.GattService: onScanResult to scannerId: 4- eventType=0x1b, addressType=1, address=94:4, primaryPhy=1, secondaryPhy=0, advertisingSid=0xff, txPower=127, rssi=-58, periodicAdvInt=0x0
11-05 13:20:38.188 16252 16302 D ScanRecord: Not a Multi Manu data
11-05 13:20:38.188 16252 16302 I chatty : uid=5006(oem_5006) BleScanWorkHand identical 9 lines
11-05 13:20:38.188 16252 16302 D ScanRecord: Not a Multi Manu data
11-05 13:20:38.190 16310 16356 D BtGatt.GattService: onScanResult to scannerId: 4- eventType=0x1b, addressType=1, address=CE:F, primaryPhy=1, secondaryPhy=0, advertisingSid=0xff, txPower=127, rssi=-78, periodicAdvInt=0x0
11-05 13:20:38.191 16310 16356 D BtGatt.GattService: onScanResult to scannerId: 4- eventType=0x1b, addressType=0, address=14:E, primaryPhy=1, secondaryPhy=0, advertisingSid=0xff, txPower=127, rssi=-86, periodicAdvInt=0x0
11-05 13:20:38.193 16252 16302 D ScanRecord: Not a Multi Manu data
11-05 13:20:38.194 16252 16302 I chatty : uid=5006(oem_5006) BleScanWorkHand identical 20 lines
11-05 13:20:38.194 16252 16302 D ScanRecord: Not a Multi Manu data
11-05 13:20:38.194 16310 16356 D BtGatt.GattService: onScanResult to scannerId: 4- eventType=0x1b, addressType=1, address=8A:0, primaryPhy=1, secondaryPhy=0, advertisingSid=0xff, txPower=127, rssi=-65, periodicAdvInt=0x0
11-05 13:20:38.195 16252 16302 D ScanRecord: Not a Multi Manu data
11-05 13:20:38.196 16252 16302 I chatty : uid=5006(oem_5006) BleScanWorkHand identical 9 lines
11-05 13:20:38.196 16252 16302 D ScanRecord: Not a Multi Manu data
11-05 13:20:38.198 16310 16356 D BtGatt.GattService: onScanResult to scannerId: 4- eventType=0x10, addressType=1, address=6E:1, primaryPhy=1, secondaryPhy=0, advertisingSid=0xff, txPower=127, rssi=-100, periodicAdvInt=0x0
11-05 13:20:38.199 16252 16302 D ScanRecord: Not a Multi Manu data
11-05 13:20:38.199 16252 16302 I chatty : uid=5006(oem_5006) BleScanWorkHand identical 9 lines
11-05 13:20:38.199 16252 16302 D ScanRecord: Not a Multi Manu data
11-05 13:20:38.202 16310 16356 D BtGatt.GattService: onScanResult to scannerId: 4- eventType=0x1b, addressType=1, address=D3:F, primaryPhy=1, secondaryPhy=0, advertisingSid=0xff, txPower=127, rssi=-86, periodicAdvInt=0x0
11-05 13:20:38.202 16310 16356 D BtGatt.GattService: onScanResult to scannerId: 4- eventType=0x1b, addressType=0, address=14:E, primaryPhy=1, secondaryPhy=0, advertisingSid=0xff, txPower=127, rssi=-83, periodicAdvInt=0x0
11-05 13:20:38.204 16252 16302 D ScanRecord: Not a Multi Manu data
11-05 13:20:38.205 16252 16302 I chatty : uid=5006(oem_5006) BleScanWorkHand identical 20 lines
11-05 13:20:38.205 16252 16302 D ScanRecord: Not a Multi Manu data
11-05 13:20:38.206 16310 16356 D BtGatt.GattService: onScanResult to scannerId: 4- eventType=0x10, addressType=1, address=96:9, primaryPhy=1, secondaryPhy=0, advertisingSid=0xff, txPower=127, rssi=-72, periodicAdvInt=0x0
11-05 13:20:38.207 16252 16302 D ScanRecord: Not a Multi Manu data
11-05 13:20:38.207 16252 16302 I chatty : uid=5006(oem_5006) BleScanWorkHand identical 9 lines
11-05 13:20:38.207 16252 16302 D ScanRecord: Not a Multi Manu data
11-05 13:20:38.209 16310 16356 D BtGatt.GattService: onScanResult to scannerId: 4- eventType=0x1b, addressType=1, address=64:2, primaryPhy=1, secondaryPhy=0, advertisingSid=0xff, txPower=127, rssi=-78, periodicAdvInt=0x0
11-05 13:20:38.210 16252 16302 D ScanRecord: Not a Multi Manu data
11-05 13:20:38.210 16252 16302 I chatty : uid=5006(oem_5006) BleScanWorkHand identical 9 lines
11-05 13:20:38.210 16252 16302 D ScanRecord: Not a Multi Manu data
11-05 13:20:38.212 16310 16356 D BtGatt.GattService: onScanResult to scannerId: 4- eventType=0x10, addressType=1, address=9B:C, primaryPhy=1, secondaryPhy=0, advertisingSid=0xff, txPower=127, rssi=-93, periodicAdvInt=0x0
11-05 13:20:38.213 16252 16302 D ScanRecord: Not a Multi Manu data
11-05 13:20:38.213 16252 16302 I chatty : uid=5006(oem_5006) BleScanWorkHand identical 9 lines
11-05 13:20:38.213 16252 16302 D ScanRecord: Not a Multi Manu data
11-05 13:20:38.216 16310 16356 D BtGatt.GattService: onScanResult to scannerId: 4- eventType=0x10, addressType=1, address=B1:2, primaryPhy=1, secondaryPhy=0, advertisingSid=0xff, txPower=127, rssi=-84, periodicAdvInt=0x0
11-05 13:20:38.217 16252 16302 D ScanRecord: Not a Multi Manu data
11-05 13:20:38.217 16252 16302 I chatty : uid=5006(oem_5006) BleScanWorkHand identical 9 lines
11-05 13:20:38.217 16252 16302 D ScanRecord: Not a Multi Manu data
11-05 13:20:38.219 16310 16356 D BtGatt.GattService: onScanResult to scannerId: 4- eventType=0x10, addressType=1, address=8D:3, primaryPhy=1, secondaryPhy=0, advertisingSid=0xff, txPower=127, rssi=-95, periodicAdvInt=0x0
11-05 13:20:38.221 16252 16302 D ScanRecord: Not a Multi Manu data
11-05 13:20:38.221 16252 16302 I chatty : uid=5006(oem_5006) BleScanWorkHand identical 9 lines
11-05 13:20:38.221 16252 16302 D ScanRecord: Not a Multi Manu data
11-05 13:20:38.222 16310 16356 D BtGatt.GattService: onScanResult to scannerId: 4- eventType=0x1b, addressType=1, address=73:B, primaryPhy=1, secondaryPhy=0, advertisingSid=0xff, txPower=127, rssi=-78, periodicAdvInt=0x0
11-05 13:20:38.223 16252 16302 D ScanRecord: Not a Multi Manu data
11-05 13:20:38.223 16252 16302 I chatty : uid=5006(oem_5006) BleScanWorkHand identical 9 lines
11-05 13:20:38.223 16252 16302 D ScanRecord: Not a Multi Manu data
11-05 13:20:38.225 16310 16356 D BtGatt.GattService: onScanResult to scannerId: 4- eventType=0x1b, addressType=1, address=25:F, primaryPhy=1, secondaryPhy=0, advertisingSid=0xff, txPower=127, rssi=-62, periodicAdvInt=0x0
11-05 13:20:38.226 16252 16302 D ScanRecord: Not a Multi Manu data
11-05 13:20:38.226 16252 16302 I chatty : uid=5006(oem_5006) BleScanWorkHand identical 9 lines
11-05 13:20:38.226 16252 16302 D ScanRecord: Not a Multi Manu data
11-05 13:20:38.261 706 16580 I vendor.qti.bluetooth@1.0-ibs_handler: ProcessIbsCmd: Received IBS_SLEEP_IND: 0xFE
11-05 13:20:38.261 706 16580 D vendor.qti.bluetooth@1.0-ibs_handler: SerialClockVote: vote for UART CLK OFF
11-05 13:20:38.288 717 991 I qti_sensors_hal: processReportInd: Light - 23 35
11-05 13:20:38.412 706 16384 D vendor.qti.bluetooth@1.0-wake_lock: Release wakelock is released
11-05 13:20:39.046 1861 12188 D WifiPermissionsUtil: canAccessScanResults: pkgName = android, uid = 1000
11-05 13:20:39.106 758 758 V APM_AudioPolicyManager: getAudioPolicyConfig: audioParam;outDevice
11-05 13:20:39.107 758 758 V APM_AudioPolicyManager: getNewOutputDevice() selected device 0
11-05 13:20:39.107 758 758 V APM_AudioPolicyManager: ### curdevice : 2
11-05 13:20:39.370 1861 12437 D WifiPermissionsUtil: canAccessScanResults: pkgName = com.google.android.gms, uid = 10031
11-05 13:20:39.431 1861 12437 D ConnectivityService: filterNetworkStateForUid() uid: 10031, pid: 24338
11-05 13:20:39.431 1861 12437 D ConnectivityService: isNetworkWithLinkPropertiesBlocked: uid=10031, vpn=DISCONNECTED,false
11-05 13:20:39.431 1861 12437 D ConnectivityService: filterNetworkStateForUid() uid: 10031, pid: 24338, networkInfo: [type: WIFI[], state: CONNECTED/CONNECTED, reason: (unspecified), extra: (none), failover: false, available: true, roaming: false]
11-05 13:20:40.051 1861 12188 D WifiPermissionsUtil: canAccessScanResults: pkgName = android, uid = 1000
11-05 13:20:40.195 1861 12437 I PersonaServiceHelper: isCallerApprovedToInstall(uid:2000 userHandle:0)
11-05 13:20:40.195 1861 12437 I PersonaServiceHelper: DO is not enabled. no Knox app install enforcement
11-05 13:20:40.195 1861 12437 I PackageInstaller: getting through the check android.content.pm.PackageInstaller$SessionParams@c8d6ca user id 0
11-05 13:20:40.195 1861 12437 I PackageInstaller: UserManager.DISALLOW_NON_MARKET_APP_BY_KNOX : false
11-05 13:20:40.286 1861 12437 D PackageInstaller: InstallLogger: PackageInstallerSession(): createInstallTimeInfo(866111293)
11-05 13:20:40.816 1861 12189 D WifiStateMachine: enter getWifiLinkLayerStats
11-05 13:20:40.817 1861 12189 I WifiVendorHal: getWifiLinkLayerStats(l.2989) before calling iface.getLinkLayerStats
11-05 13:20:40.837 1861 12189 I WifiVendorHal: getWifiLinkLayerStats(l.2989) after calling iface.getLinkLayerStats
11-05 13:20:40.848 1861 12189 I WifiStateMachine: checkScoreBasedQuality - mPreviousScore[0]:87 mPreviousScore[1]:87 mPreviousScore[2]:87 s2Score:88mPrevoiusScoreAverage:87
11-05 13:20:41.057 1861 12188 D WifiPermissionsUtil: canAccessScanResults: pkgName = android, uid = 1000
11-05 13:20:41.330 706 16580 I vendor.qti.bluetooth@1.0-ibs_handler: ProcessIbsCmd: Received IBS_WAKE_IND: 0xFD
11-05 13:20:41.331 706 16580 D vendor.qti.bluetooth@1.0-ibs_handler: SerialClockVote: vote for UART CLK ON
11-05 13:20:41.335 706 16580 D vendor.qti.bluetooth@1.0-wake_lock: Acquire wakelock is acquired
11-05 13:20:41.335 706 16580 I vendor.qti.bluetooth@1.0-ibs_handler: ProcessIbsCmd: Writing IBS_WAKE_ACK
11-05 13:20:41.345 16310 16356 D BtGatt.GattService: onScanResult to scannerId: 4- eventType=0x10, addressType=1, address=68:A, primaryPhy=1, secondaryPhy=0, advertisingSid=0xff, txPower=127, rssi=-89, periodicAdvInt=0x0
11-05 13:20:41.346 16252 16302 D ScanRecord: Not a Multi Manu data
11-05 13:20:41.346 16252 16302 I chatty : uid=5006(oem_5006) BleScanWorkHand identical 9 lines
11-05 13:20:41.346 16252 16302 D ScanRecord: Not a Multi Manu data
11-05 13:20:41.351 16310 16356 D BtGatt.GattService: onScanResult to scannerId: 4- eventType=0x10, addressType=1, address=43:9, primaryPhy=1, secondaryPhy=0, advertisingSid=0xff, txPower=127, rssi=-94, periodicAdvInt=0x0
11-05 13:20:41.352 16252 16302 D ScanRecord: Not a Multi Manu data
11-05 13:20:41.352 16252 16302 I chatty : uid=5006(oem_5006) BleScanWorkHand identical 9 lines
11-05 13:20:41.352 16252 16302 D ScanRecord: Not a Multi Manu data
11-05 13:20:41.357 16310 16356 D BtGatt.GattService: onScanResult to scannerId: 4- eventType=0x10, addressType=1, address=96:9, primaryPhy=1, secondaryPhy=0, advertisingSid=0xff, txPower=127, rssi=-58, periodicAdvInt=0x0
11-05 13:20:41.358 16252 16302 D ScanRecord: Not a Multi Manu data
11-05 13:20:41.358 16252 16302 I chatty : uid=5006(oem_5006) BleScanWorkHand identical 9 lines
11-05 13:20:41.358 16252 16302 D ScanRecord: Not a Multi Manu data
11-05 13:20:41.362 16310 16356 D BtGatt.GattService: onScanResult to scannerId: 4- eventType=0x10, addressType=1, address=EB:6, primaryPhy=1, secondaryPhy=0, advertisingSid=0xff, txPower=127, rssi=-97, periodicAdvInt=0x0
11-05 13:20:41.364 16252 16302 D ScanRecord: Not a Multi Manu data
11-05 13:20:41.364 16252 16302 I chatty : uid=5006(oem_5006) BleScanWorkHand identical 9 lines
11-05 13:20:41.364 16252 16302 D ScanRecord: Not a Multi Manu data
11-05 13:20:41.367 16310 16356 D BtGatt.GattService: onScanResult to scannerId: 4- eventType=0x10, addressType=1, address=B1:2, primaryPhy=1, secondaryPhy=0, advertisingSid=0xff, txPower=127, rssi=-97, periodicAdvInt=0x0
11-05 13:20:41.368 16252 16302 D ScanRecord: Not a Multi Manu data
11-05 13:20:41.368 16252 16302 I chatty : uid=5006(oem_5006) BleScanWorkHand identical 9 lines
11-05 13:20:41.368 16252 16302 D ScanRecord: Not a Multi Manu data
11-05 13:20:41.371 16310 16356 D BtGatt.GattService: onScanResult to scannerId: 4- eventType=0x10, addressType=1, address=B2:E, primaryPhy=1, secondaryPhy=0, advertisingSid=0xff, txPower=127, rssi=-97, periodicAdvInt=0x0
11-05 13:20:41.372 16252 16302 D ScanRecord: Not a Multi Manu data
11-05 13:20:41.372 16252 16302 I chatty : uid=5006(oem_5006) BleScanWorkHand identical 9 lines
11-05 13:20:41.372 16252 16302 D ScanRecord: Not a Multi Manu data
11-05 13:20:41.375 16310 16356 D BtGatt.GattService: onScanResult to scannerId: 4- eventType=0x10, addressType=1, address=55:6, primaryPhy=1, secondaryPhy=0, advertisingSid=0xff, txPower=127, rssi=-100, periodicAdvInt=0x0
11-05 13:20:41.376 16252 16302 D ScanRecord: Not a Multi Manu data
11-05 13:20:41.376 16252 16302 I chatty : uid=5006(oem_5006) BleScanWorkHand identical 9 lines
11-05 13:20:41.376 16252 16302 D ScanRecord: Not a Multi Manu data
11-05 13:20:41.378 16310 16356 D BtGatt.GattService: onScanResult to scannerId: 4- eventType=0x10, addressType=1, address=D6:2, primaryPhy=1, secondaryPhy=0, advertisingSid=0xff, txPower=127, rssi=-81, periodicAdvInt=0x0
11-05 13:20:41.379 16252 16302 D ScanRecord: Not a Multi Manu data
11-05 13:20:41.380 16252 16302 I chatty : uid=5006(oem_5006) BleScanWorkHand identical 9 lines
11-05 13:20:41.380 16252 16302 D ScanRecord: Not a Multi Manu data
11-05 13:20:41.382 16310 16356 D BtGatt.GattService: onScanResult to scannerId: 4- eventType=0x1b, addressType=1, address=37:F, primaryPhy=1, secondaryPhy=0, advertisingSid=0xff, txPower=127, rssi=-56, periodicAdvInt=0x0
11-05 13:20:41.383 16252 16302 D ScanRecord: Not a Multi Manu data
11-05 13:20:41.383 16252 16302 I chatty : uid=5006(oem_5006) BleScanWorkHand identical 9 lines
11-05 13:20:41.383 16252 16302 D ScanRecord: Not a Multi Manu data
11-05 13:20:41.385 16310 16356 D BtGatt.GattService: onScanResult to scannerId: 4- eventType=0x10, addressType=1, address=40:9, primaryPhy=1, secondaryPhy=0, advertisingSid=0xff, txPower=127, rssi=-96, periodicAdvInt=0x0
11-05 13:20:41.389 16310 16356 D BtGatt.GattService: onScanResult to scannerId: 4- eventType=0x10, addressType=1, address=9B:C, primaryPhy=1, secondaryPhy=0, advertisingSid=0xff, txPower=127, rssi=-90, periodicAdvInt=0x0
11-05 13:20:41.389 16310 16356 D BtGatt.GattService: onScanResult to scannerId: 4- eventType=0x1b, addressType=0, address=CC:3, primaryPhy=1, secondaryPhy=0, advertisingSid=0xff, txPower=127, rssi=-81, periodicAdvInt=0x0
11-05 13:20:41.392 16252 16302 D ScanRecord: Not a Multi Manu data
11-05 13:20:41.393 16252 16302 I chatty : uid=5006(oem_5006) BleScanWorkHand identical 31 lines
11-05 13:20:41.393 16252 16302 D ScanRecord: Not a Multi Manu data
11-05 13:20:41.400 16310 16356 D BtGatt.GattService: onScanResult to scannerId: 4- eventType=0x10, addressType=1, address=42:2, primaryPhy=1, secondaryPhy=0, advertisingSid=0xff, txPower=127, rssi=-96, periodicAdvInt=0x0
11-05 13:20:41.401 16252 16302 D ScanRecord: Not a Multi Manu data
11-05 13:20:41.401 16252 16302 I chatty : uid=5006(oem_5006) BleScanWorkHand identical 9 lines
11-05 13:20:41.401 16252 16302 D ScanRecord: Not a Multi Manu data
11-05 13:20:41.403 16310 16356 D BtGatt.GattService: onScanResult to scannerId: 4- eventType=0x10, addressType=1, address=D8:0, primaryPhy=1, secondaryPhy=0, advertisingSid=0xff, txPower=127, rssi=-94, periodicAdvInt=0x0
11-05 13:20:41.404 16252 16302 D ScanRecord: Not a Multi Manu data
11-05 13:20:41.404 16252 16302 I chatty : uid=5006(oem_5006) BleScanWorkHand identical 9 lines
11-05 13:20:41.404 16252 16302 D ScanRecord: Not a Multi Manu data
11-05 13:20:41.407 16310 16356 D BtGatt.GattService: onScanResult to scannerId: 4- eventType=0x10, addressType=1, address=0A:0, primaryPhy=1, secondaryPhy=0, advertisingSid=0xff, txPower=127, rssi=-93, periodicAdvInt=0x0
11-05 13:20:41.408 16252 16302 D ScanRecord: Not a Multi Manu data
11-05 13:20:41.408 16252 16302 I chatty : uid=5006(oem_5006) BleScanWorkHand identical 9 lines
11-05 13:20:41.408 16252 16302 D ScanRecord: Not a Multi Manu data
11-05 13:20:41.410 16310 16356 D BtGatt.GattService: onScanResult to scannerId: 4- eventType=0x10, addressType=1, address=76:B, primaryPhy=1, secondaryPhy=0, advertisingSid=0xff, txPower=127, rssi=-91, periodicAdvInt=0x0
11-05 13:20:41.411 16252 16302 D ScanRecord: Not a Multi Manu data
11-05 13:20:41.411 16252 16302 I chatty : uid=5006(oem_5006) BleScanWorkHand identical 9 lines
11-05 13:20:41.411 16252 16302 D ScanRecord: Not a Multi Manu data
11-05 13:20:41.420 16310 16356 D BtGatt.GattService: onScanResult to scannerId: 4- eventType=0x10, addressType=1, address=E6:D, primaryPhy=1, secondaryPhy=0, advertisingSid=0xff, txPower=127, rssi=-97, periodicAdvInt=0x0
11-05 13:20:41.421 16252 16302 D ScanRecord: Not a Multi Manu data
11-05 13:20:41.421 16252 16302 I chatty : uid=5006(oem_5006) BleScanWorkHand identical 9 lines
11-05 13:20:41.421 16252 16302 D ScanRecord: Not a Multi Manu data
11-05 13:20:41.423 16310 16356 D BtGatt.GattService: onScanResult to scannerId: 4- eventType=0x1b, addressType=1, address=8A:0, primaryPhy=1, secondaryPhy=0, advertisingSid=0xff, txPower=127, rssi=-83, periodicAdvInt=0x0
11-05 13:20:41.425 16252 16302 D ScanRecord: Not a Multi Manu data
11-05 13:20:41.425 16252 16302 I chatty : uid=5006(oem_5006) BleScanWorkHand identical 9 lines
11-05 13:20:41.425 16252 16302 D ScanRecord: Not a Multi Manu data
11-05 13:20:41.427 16310 16356 D BtGatt.GattService: onScanResult to scannerId: 4- eventType=0x10, addressType=1, address=08:5, primaryPhy=1, secondaryPhy=0, advertisingSid=0xff, txPower=127, rssi=-88, periodicAdvInt=0x0
11-05 13:20:41.428 16252 16302 D ScanRecord: Not a Multi Manu data
11-05 13:20:41.429 16252 16302 I chatty : uid=5006(oem_5006) BleScanWorkHand identical 9 lines
11-05 13:20:41.429 16252 16302 D ScanRecord: Not a Multi Manu data
11-05 13:20:41.431 16310 16356 D BtGatt.GattService: onScanResult to scannerId: 4- eventType=0x10, addressType=1, address=F5:8, primaryPhy=1, secondaryPhy=0, advertisingSid=0xff, txPower=127, rssi=-84, periodicAdvInt=0x0
11-05 13:20:41.432 16252 16302 D ScanRecord: Not a Multi Manu data
11-05 13:20:41.432 16252 16302 I chatty : uid=5006(oem_5006) BleScanWorkHand identical 9 lines
11-05 13:20:41.432 16252 16302 D ScanRecord: Not a Multi Manu data
11-05 13:20:41.435 16310 16356 D BtGatt.GattService: onScanResult to scannerId: 4- eventType=0x10, addressType=1, address=68:A, primaryPhy=1, secondaryPhy=0, advertisingSid=0xff, txPower=127, rssi=-87, periodicAdvInt=0x0
11-05 13:20:41.437 16252 16302 D ScanRecord: Not a Multi Manu data
11-05 13:20:41.437 16252 16302 I chatty : uid=5006(oem_5006) BleScanWorkHand identical 9 lines
11-05 13:20:41.437 16252 16302 D ScanRecord: Not a Multi Manu data
11-05 13:20:41.437 16310 16356 D BtGatt.GattService: onScanResult to scannerId: 4- eventType=0x1b, addressType=1, address=35:2, primaryPhy=1, secondaryPhy=0, advertisingSid=0xff, txPower=127, rssi=-80, periodicAdvInt=0x0
11-05 13:20:41.438 16252 16302 D ScanRecord: Not a Multi Manu data
11-05 13:20:41.438 16252 16302 I chatty : uid=5006(oem_5006) BleScanWorkHand identical 9 lines
11-05 13:20:41.438 16252 16302 D ScanRecord: Not a Multi Manu data
11-05 13:20:41.441 16310 16356 D BtGatt.GattService: onScanResult to scannerId: 4- eventType=0x10, addressType=1, address=96:9, primaryPhy=1, secondaryPhy=0, advertisingSid=0xff, txPower=127, rssi=-58, periodicAdvInt=0x0
11-05 13:20:41.442 16252 16302 D ScanRecord: Not a Multi Manu data
11-05 13:20:41.442 16252 16302 I chatty : uid=5006(oem_5006) BleScanWorkHand identical 9 lines
11-05 13:20:41.442 16252 16302 D ScanRecord: Not a Multi Manu data
11-05 13:20:41.445 16310 16356 D BtGatt.GattService: onScanResult to scannerId: 4- eventType=0x10, addressType=1, address=B1:2, primaryPhy=1, secondaryPhy=0, advertisingSid=0xff, txPower=127, rssi=-94, periodicAdvInt=0x0
11-05 13:20:41.446 16252 16302 D ScanRecord: Not a Multi Manu data
11-05 13:20:41.446 16252 16302 I chatty : uid=5006(oem_5006) BleScanWorkHand identical 9 lines
11-05 13:20:41.446 16252 16302 D ScanRecord: Not a Multi Manu data
11-05 13:20:41.449 16310 16356 D BtGatt.GattService: onScanResult to scannerId: 4- eventType=0x10, addressType=1, address=43:9, primaryPhy=1, secondaryPhy=0, advertisingSid=0xff, txPower=127, rssi=-96, periodicAdvInt=0x0
11-05 13:20:41.450 16252 16302 D ScanRecord: Not a Multi Manu data
11-05 13:20:41.451 16252 16302 I chatty : uid=5006(oem_5006) BleScanWorkHand identical 9 lines
11-05 13:20:41.451 16252 16302 D ScanRecord: Not a Multi Manu data
11-05 13:20:41.452 16310 16356 D BtGatt.GattService: onScanResult to scannerId: 4- eventType=0x1b, addressType=1, address=8A:0, primaryPhy=1, secondaryPhy=0, advertisingSid=0xff, txPower=127, rssi=-84, periodicAdvInt=0x0
11-05 13:20:41.453 16252 16302 D ScanRecord: Not a Multi Manu data
11-05 13:20:41.453 16252 16302 I chatty : uid=5006(oem_5006) BleScanWorkHand identical 9 lines
11-05 13:20:41.453 16252 16302 D ScanRecord: Not a Multi Manu data
11-05 13:20:41.456 16310 16356 D BtGatt.GattService: onScanResult to scannerId: 4- eventType=0x10, addressType=1, address=EB:6, primaryPhy=1, secondaryPhy=0, advertisingSid=0xff, txPower=127, rssi=-98, periodicAdvInt=0x0
11-05 13:20:41.457 16252 16302 D ScanRecord: Not a Multi Manu data
11-05 13:20:41.457 16252 16302 I chatty : uid=5006(oem_5006) BleScanWorkHand identical 9 lines
11-05 13:20:41.457 16252 16302 D ScanRecord: Not a Multi Manu data
11-05 13:20:41.459 16310 16356 D BtGatt.GattService: onScanResult to scannerId: 4- eventType=0x1b, addressType=1, address=94:4, primaryPhy=1, secondaryPhy=0, advertisingSid=0xff, txPower=127, rssi=-51, periodicAdvInt=0x0
11-05 13:20:41.459 16252 16302 D ScanRecord: Not a Multi Manu data
11-05 13:20:41.460 16252 16302 I chatty : uid=5006(oem_5006) BleScanWorkHand identical 9 lines
11-05 13:20:41.460 16252 16302 D ScanRecord: Not a Multi Manu data
11-05 13:20:41.462 16310 16356 D BtGatt.GattService: onScanResult to scannerId: 4- eventType=0x10, addressType=1, address=59:F, primaryPhy=1, secondaryPhy=0, advertisingSid=0xff, txPower=127, rssi=-98, periodicAdvInt=0x0
11-05 13:20:41.464 16252 16302 D ScanRecord: Not a Multi Manu data
11-05 13:20:41.464 16252 16302 I chatty : uid=5006(oem_5006) BleScanWorkHand identical 9 lines
11-05 13:20:41.464 16252 16302 D ScanRecord: Not a Multi Manu data
11-05 13:20:41.466 16310 16356 D BtGatt.GattService: onScanResult to scannerId: 4- eventType=0x1b, addressType=1, address=B2:4, primaryPhy=1, secondaryPhy=0, advertisingSid=0xff, txPower=127, rssi=-76, periodicAdvInt=0x0
11-05 13:20:41.468 16252 16302 D ScanRecord: Not a Multi Manu data
11-05 13:20:41.469 16252 16302 I chatty : uid=5006(oem_5006) BleScanWorkHand identical 9 lines
11-05 13:20:41.469 16252 16302 D ScanRecord: Not a Multi Manu data
11-05 13:20:41.471 16310 16356 D BtGatt.GattService: onScanResult to scannerId: 4- eventType=0x1b, addressType=1, address=8A:0, primaryPhy=1, secondaryPhy=0, advertisingSid=0xff, txPower=127, rssi=-84, periodicAdvInt=0x0
11-05 13:20:41.471 16310 16356 D BtGatt.GattService: onScanResult to scannerId: 4- eventType=0x1b, addressType=0, address=AB:2, primaryPhy=1, secondaryPhy=0, advertisingSid=0xff, txPower=127, rssi=-77, periodicAdvInt=0x0
11-05 13:20:41.472 16252 16302 D ScanRecord: Not a Multi Manu data
11-05 13:20:41.473 16252 16302 I chatty : uid=5006(oem_5006) BleScanWorkHand identical 20 lines
11-05 13:20:41.473 16252 16302 D ScanRecord: Not a Multi Manu data
11-05 13:20:41.475 16310 16356 D BtGatt.GattService: onScanResult to scannerId: 4- eventType=0x10, addressType=1, address=98:9, primaryPhy=1, secondaryPhy=0, advertisingSid=0xff, txPower=127, rssi=-97, periodicAdvInt=0x0
11-05 13:20:41.477 16252 16302 D ScanRecord: Not a Multi Manu data
11-05 13:20:41.477 16252 16302 I chatty : uid=5006(oem_5006) BleScanWorkHand identical 9 lines
11-05 13:20:41.477 16252 16302 D ScanRecord: Not a Multi Manu data
11-05 13:20:41.479 16310 16356 D BtGatt.GattService: onScanResult to scannerId: 4- eventType=0x10, addressType=1, address=EB:B, primaryPhy=1, secondaryPhy=0, advertisingSid=0xff, txPower=127, rssi=-90, periodicAdvInt=0x0
11-05 13:20:41.480 16252 16302 D ScanRecord: Not a Multi Manu data
11-05 13:20:41.480 16252 16302 I chatty : uid=5006(oem_5006) BleScanWorkHand identical 9 lines
11-05 13:20:41.480 16252 16302 D ScanRecord: Not a Multi Manu data
11-05 13:20:41.482 16310 16356 D BtGatt.GattService: onScanResult to scannerId: 4- eventType=0x1b, addressType=1, address=25:F, primaryPhy=1, secondaryPhy=0, advertisingSid=0xff, txPower=127, rssi=-62, periodicAdvInt=0x0
11-05 13:20:41.483 16252 16302 D ScanRecord: Not a Multi Manu data
11-05 13:20:41.483 16252 16302 I chatty : uid=5006(oem_5006) BleScanWorkHand identical 9 lines
11-05 13:20:41.483 16252 16302 D ScanRecord: Not a Multi Manu data
11-05 13:20:41.486 16310 16356 D BtGatt.GattService: onScanResult to scannerId: 4- eventType=0x10, addressType=1, address=5B:9, primaryPhy=1, secondaryPhy=0, advertisingSid=0xff, txPower=127, rssi=-94, periodicAdvInt=0x0
11-05 13:20:41.487 16252 16302 D ScanRecord: Not a Multi Manu data
11-05 13:20:41.487 16252 16302 I chatty : uid=5006(oem_5006) BleScanWorkHand identical 9 lines
11-05 13:20:41.487 16252 16302 D ScanRecord: Not a Multi Manu data
11-05 13:20:41.521 706 16580 I vendor.qti.bluetooth@1.0-ibs_handler: ProcessIbsCmd: Received IBS_SLEEP_IND: 0xFE
11-05 13:20:41.521 706 16580 D vendor.qti.bluetooth@1.0-ibs_handler: SerialClockVote: vote for UART CLK OFF
11-05 13:20:41.625 1861 14313 D WifiPermissionsUtil: canAccessScanResults: pkgName = com.sec.android.sdhms, uid = 1000
11-05 13:20:41.672 706 16384 D vendor.qti.bluetooth@1.0-wake_lock: Release wakelock is released
