11-18 16:21:32.088 18744 18744 D AccessibilityManager: AccessibilityManager status: mPackageName = org.ekkescorner.examples.sharex, mOptimizeEnabled = false, mIsEnabled = false, mIsUiAutomationEnabled = false, mIsInterestedPackage =false
11-18 16:21:32.123 18744 18744 I SurfaceFactory: [static] sSurfaceFactory = com.mediatek.view.impl.SurfaceFactoryImpl@81a73eb
11-18 16:21:32.128 393 737 I SurfaceFlinger: EventThread Client Pid (18744) created
11-18 16:21:32.129 393 737 I SurfaceFlinger: EventThread Client Pid (18744) created
11-18 16:21:32.132 18744 18744 D OpenGLRenderer: Dumper init 2 threads <0x996aca00>
11-18 16:21:32.133 18744 18744 D OpenGLRenderer: is running.
11-18 16:21:32.134 393 737 I SurfaceFlinger: EventThread Client Pid (18744) created
11-18 16:21:32.135 18744 18766 D OpenGLRenderer: HWUI GL Pipeline
11-18 16:21:32.137 18744 18744 D ViewRootImpl[QShareActivity]: hardware acceleration = true , fakeHwAccelerated = false, sRendererDisabled = false, forceHwAccelerated = false, sSystemRendererDisabled = false
11-18 16:21:32.139 393 1642 I SurfaceFlinger: [SF client] NEW(0xa8794f50) for (964:system_server)
11-18 16:21:32.130 18744 18744 W examples.sharex: type=1400 audit(0.0:1487): avc: denied { read } for name="u:object_r:graphics_config_prop:s0" dev="tmpfs" ino=8314 scontext=u:r:untrusted_app:s0:c512,c768 tcontext=u:object_r:graphics_config_prop:s0 tclass=file permissive=0
11-18 16:21:32.141 18744 18744 E libc : Access denied finding property "ro.sf.lcd_density"
11-18 16:21:32.142 18744 18744 E InputTransport: ro.sf.lcd_density must be defined as a build property
11-18 16:21:32.142 18744 18744 V PhoneWindow: DecorView setVisiblity: visibility = 0, Parent = ViewRoot{897b106 org.ekkescorner.examples.sharex/org.ekkescorner.examples.sharex.QShareActivity,ident = 0}, this = DecorView@12a63c7[QShareActivity]
11-18 16:21:32.161 393 393 W GuiExt : Cannot find GuiExtService
11-18 16:21:32.161 393 393 I BufferQueueConsumer: [unnamed-393-591](this:0xa5e42000,id:591,api:0,p:-1,c:393) connect(C): consumer=(393:/system/bin/surfaceflinger) controlledByApp=false
11-18 16:21:32.161 393 393 I BufferQueueConsumer: [unnamed-393-591](this:0xa5e42000,id:591,api:0,p:-1,c:393) setConsumerName: unnamed-393-591
11-18 16:21:32.161 393 393 I BufferQueueConsumer: [org.ekkescorner.examples.sharex/org.ekkescorner.examples.sharex.QShareActivity#0](this:0xa5e42000,id:591,api:0,p:-1,c:393) setConsumerName: org.ekkescorner.examples.sharex/org.ekkescorner.examples.sharex.QShareActivity#0
11-18 16:21:32.161 393 393 I BufferQueueConsumer: [org.ekkescorner.examples.sharex/org.ekkescorner.examples.sharex.QShareActivity#0](this:0xa5e42000,id:591,api:0,p:-1,c:393) setDefaultBufferSize: width=720 height=1344
11-18 16:21:32.167 18744 18744 D Surface : Surface::allocateBuffers(this=0x996a4000)
11-18 16:21:32.181 18744 18766 I zygote : android::hardware::configstore::V1_0::ISurfaceFlingerConfigs::hasWideColorDisplay retrieved: 0
11-18 16:21:32.181 18744 18766 I OpenGLRenderer: Initialized EGL, version 1.4
11-18 16:21:32.182 18744 18766 D OpenGLRenderer: Swap behavior 2
11-18 16:21:32.199 18744 18766 D OpenGLRenderer: [init] completed
11-18 16:21:32.199 18744 18766 D HWUIExtension: MTKProgramCache.init: enable enhancement 1
11-18 16:21:32.199 18744 18766 I HWUIExtension: Get disable program binary service property (0)
11-18 16:21:32.199 18744 18766 I HWUIExtension: Initializing program atlas...
11-18 16:21:32.200 18744 18766 I ProgramBinary/Service: ProgramBinaryService client side disable debugging.
11-18 16:21:32.200 18744 18766 I ProgramBinary/Service: ProgramBinaryService client side disable binary content debugging.
11-18 16:21:32.200 18744 18766 D ProgramBinary/Service: BpProgramBinaryService.getReady
11-18 16:21:32.200 18744 18766 D ProgramBinary/Service: zhiyin- 1 BpProgramBinaryService::getReady()
11-18 16:21:32.201 536 18435 D ProgramBinary/Service: zhiyin- ontransact 1 code 1
11-18 16:21:32.201 536 18435 D ProgramBinary/Service: zhiyin- ontransact 2 code 1
11-18 16:21:32.201 536 18435 D ProgramBinary/Service: zhiyin- ontransact 3 code 1
11-18 16:21:32.201 18744 18766 D ProgramBinary/Service: zhiyin- 2 BpProgramBinaryService::getReady()
11-18 16:21:32.201 18744 18766 D ProgramBinary/Service: BpProgramBinaryService.getProgramBinaryData
11-18 16:21:32.201 536 18435 D ProgramBinary/Service: zhiyin- ontransact 1 code 3
11-18 16:21:32.202 18744 18766 I HWUIExtension: Program binary detail: Binary length is 314156, program map length is 104.
11-18 16:21:32.202 18744 18766 I HWUIExtension: Succeeded to mmap program binaries. File descriptor is 59, and path is /dev/ashmem.
11-18 16:21:32.202 18744 18766 I HWUIExtension: No need to use file discriptor anymore, close fd(59).
11-18 16:21:32.202 18744 18766 D HWUIExtension: Dumper init 2 threads <0x91689f60>
11-18 16:21:32.202 18744 18766 D HWUIExtension: is running.
11-18 16:21:32.202 18744 18766 D HWUIExtension: Initializing program cache from 0x0, size = -1
11-18 16:21:32.203 18744 18766 D Surface : Surface::connect(this=0x996a4000,api=1)
11-18 16:21:32.204 393 1642 I BufferQueueProducer: [org.ekkescorner.examples.sharex/org.ekkescorner.examples.sharex.QShareActivity#0](this:0xa5e42000,id:591,api:1,p:18744,c:393) connect(P): api=1 producer=(18744:org.ekkescorner.examples.sharex) producerControlledByApp=true
11-18 16:21:32.217 18744 18766 D GraphicBuffer: register, handle(0x9976d400) (w:720 h:1344 s:736 f:0x1 u:b00)
11-18 16:21:32.222 18744 18766 D HWUIExtension: MTKProgramCache.generateProgram: 1099511627784
11-18 16:21:32.223 18744 18766 D HWUIExtension: createProgram 0x0000010000000008, binary 0x9b681242, length 13246, format 37168 within 1128ns
11-18 16:21:32.230 18744 18766 D HWUIExtension: MTKProgramCache.generateProgram: 0
11-18 16:21:32.231 18744 18766 D HWUIExtension: createProgram 0x0000000000000000, binary 0x9b66b000, length 10736, format 37168 within 361ns
11-18 16:21:32.232 18744 18766 D HWUIExtension: MTKProgramCache.generateProgram: 1
11-18 16:21:32.233 18744 18766 D HWUIExtension: createProgram 0x0000000000000001, binary 0x9b6a6776, length 11505, format 37168 within 511ns
11-18 16:21:32.236 18744 18766 D HWUIExtension: MTKProgramCache.generateProgram: 562949953421313
11-18 16:21:32.237 18744 18766 D HWUIExtension: createProgram 0x0002000000000001, binary 0x9b67331b, length 11505, format 37168 within 528ns
11-18 16:21:32.238 18744 18766 D HWUIExtension: MTKProgramCache.generateProgram: 562984313159687
11-18 16:21:32.241 18744 18766 D HWUIExtension: MTKProgramCache.generateProgram: 562949953421315
11-18 16:21:32.241 18744 18766 D HWUIExtension: createProgram 0x0002000000000003, binary 0x9b67600c, length 11223, format 37168 within 413ns
11-18 16:21:32.252 964 1033 D View : [Warning] assignParent to null: this = DecorView@71f052f[sharex]
11-18 16:21:32.260 1114 1114 E libc : Access denied finding property "ro.sf.lcd_density"
11-18 16:21:32.261 1114 1114 E InputTransport: ro.sf.lcd_density must be defined as a build property
11-18 16:21:32.261 964 995 I ActivityManager: Displayed org.ekkescorner.examples.sharex/.QShareActivity: +332ms
11-18 16:21:32.250 1114 1114 W putmethod.latin: type=1400 audit(0.0:1488): avc: denied { read } for name="u:object_r:graphics_config_prop:s0" dev="tmpfs" ino=8314 scontext=u:r:untrusted_app:s0:c512,c768 tcontext=u:object_r:graphics_config_prop:s0 tclass=file permissive=0
11-18 16:21:32.262 1919 2328 D PowerKeeper.Event: notifyActivityLaunchTime: org.ekkescorner.examples.sharex/.QShareActivity totalTime: 332
11-18 16:21:32.250 964 964 W android.display: type=1400 audit(0.0:1489): avc: denied { write } for name="logd" dev="tmpfs" ino=1472 scontext=u:r:system_server:s0 tcontext=u:object_r:logd_socket:s0 tclass=sock_file permissive=0
11-18 16:21:32.265 1127 1127 D PhoneStatusBar/NavigationBarView: setDisabledFlags back:false home:false recent:false
11-18 16:21:32.267 18744 18766 D GraphicBuffer: register, handle(0x9976d7c0) (w:720 h:1344 s:736 f:0x1 u:b00)
11-18 16:21:32.272 388 407 I vendor.mediatek.hardware.power@1.1-impl: PowerHint hint:8, data:0
11-18 16:21:32.276 964 3153 E PowerHalWrapper: duration: 6000ms
11-18 16:21:32.287 393 393 W Layer : [Splash Screen org.ekkescorner.examples.sharex#0] opaque layer with plane alpha:0.89 cannot be handled by hwcomposer
11-18 16:21:32.302 393 393 W Layer : [Splash Screen org.ekkescorner.examples.sharex#0] opaque layer with plane alpha:0.78 cannot be handled by hwcomposer
11-18 16:21:32.315 1290 1290 D Launcher.Lifecycle: onStop:UserHandle{0},3f0eed5,false
11-18 16:21:32.317 1290 1290 D SearchCardView: onVisibilityChanged: 4
11-18 16:21:32.318 1290 1290 V PhoneWindow: DecorView setVisiblity: visibility = 4, Parent = ViewRoot{3a96aca com.miui.home/com.miui.home.launcher.Launcher,ident = 0}, this = DecorView@6adccb7[Launcher]
11-18 16:21:32.319 393 393 W Layer : [Splash Screen org.ekkescorner.examples.sharex#0] opaque layer with plane alpha:0.67 cannot be handled by hwcomposer
11-18 16:21:32.322 1127 1127 D EventBus: [1127, u0] send(AppTransitionFinishedEvent)
11-18 16:21:32.323 1127 1127 D EventBus: [1127, u0] -> ForcedResizableInfoActivityController [0x9968fc4, P1] onBusEvent(AppTransitionFinishedEvent)
11-18 16:21:32.323 1127 1127 D EventBus: [1127, u0] onBusEvent(AppTransitionFinishedEvent) duration: 33 microseconds, avg: 619
11-18 16:21:32.323 1127 1127 D EventBus: [1127, u0] send(AppTransitionFinishedEvent)
11-18 16:21:32.323 1127 1127 D EventBus: [1127, u0] -> ForcedResizableInfoActivityController [0x9968fc4, P1] onBusEvent(AppTransitionFinishedEvent)
11-18 16:21:32.323 1127 1127 D EventBus: [1127, u0] onBusEvent(AppTransitionFinishedEvent) duration: 16 microseconds, avg: 619
11-18 16:21:32.334 393 393 I BufferQueueConsumer: [com.miui.home/com.miui.home.launcher.Launcher#0](this:0xa5e59000,id:588,api:1,p:-1,c:-1) disconnect(C)
11-18 16:21:32.335 393 393 I BufferQueue: [com.miui.home/com.miui.home.launcher.Launcher#0](this:0xa5e59000,id:588,api:1,p:-1,c:-1) ~BufferQueueCore
11-18 16:21:32.336 393 393 W Layer : [Splash Screen org.ekkescorner.examples.sharex#0] opaque layer with plane alpha:0.56 cannot be handled by hwcomposer
11-18 16:21:32.351 393 393 W Layer : [Splash Screen org.ekkescorner.examples.sharex#0] opaque layer with plane alpha:0.45 cannot be handled by hwcomposer
11-18 16:21:32.360 1783 11543 W System : ClassLoader referenced unknown path: system/framework/mediatek-cta.jar
11-18 16:21:32.360 1783 11543 I System.out: e:java.lang.ClassNotFoundException: com.mediatek.cta.CtaHttp
11-18 16:21:32.364 1783 11543 W System : ClassLoader referenced unknown path: system/framework/mediatek-cta.jar
11-18 16:21:32.365 1783 11543 I System.out: e:java.lang.ClassNotFoundException: com.mediatek.cta.CtaHttp
11-18 16:21:32.368 393 393 W Layer : [Splash Screen org.ekkescorner.examples.sharex#0] opaque layer with plane alpha:0.35 cannot be handled by hwcomposer
11-18 16:21:32.383 393 393 W Layer : [Splash Screen org.ekkescorner.examples.sharex#0] opaque layer with plane alpha:0.23 cannot be handled by hwcomposer
11-18 16:21:32.400 393 393 W Layer : [Splash Screen org.ekkescorner.examples.sharex#0] opaque layer with plane alpha:0.13 cannot be handled by hwcomposer
11-18 16:21:32.416 393 393 W Layer : [Splash Screen org.ekkescorner.examples.sharex#0] opaque layer with plane alpha:0.02 cannot be handled by hwcomposer
11-18 16:21:32.432 964 1033 D Surface : Surface::disconnect(this=0x996da000,api=2)
11-18 16:21:32.433 393 737 I BufferQueueProducer: [Splash Screen org.ekkescorner.examples.sharex#0](this:0xa5bbf000,id:590,api:2,p:964,c:393) disconnect(P): api 2
11-18 16:21:32.433 964 1033 D GraphicBuffer: unregister, handle(0x8e1f2800) (w:720 h:1440 s:736 f:0x1 u:933)
11-18 16:21:32.448 393 393 I BufferQueueConsumer: [Splash Screen org.ekkescorner.examples.sharex#0](this:0xa5bbf000,id:590,api:2,p:-1,c:-1) disconnect(C)
11-18 16:21:32.448 393 393 I BufferQueue: [Splash Screen org.ekkescorner.examples.sharex#0](this:0xa5bbf000,id:590,api:2,p:-1,c:-1) ~BufferQueueCore
11-18 16:21:32.652 964 5004 E TouchFilter: setTouchFilter LOG Enable prameter: 0
11-18 16:21:32.652 964 5004 D EventHub: Event Hub Touch Filter log is disabled
11-18 16:21:32.652 964 5004 D EventHub: Event Hub Touch Filter is enabled
11-18 16:21:32.659 964 5004 W ResourceType: No package identifier when getting name for resource number 0x00000000
11-18 16:21:32.665 964 5004 W ResourceType: No package identifier when getting name for resource number 0x00000000
11-18 16:21:32.677 1757 1763 D GasService: pkg a:[org.ekkescorner.examples.sharex] [D] pid:18744 uid:10517 audio:0,_s:0
11-18 16:21:32.745 393 427 I BufferQueueProducer: [StatusBar#0](this:0xa81dc000,id:4,api:1,p:1127,c:393) queueBuffer: fps=1.03 dur=1936.80 max=992.30 min=944.50
11-18 16:21:33.192 1783 11543 I System.out: Check isMmsSendPdu
11-18 16:21:33.192 1783 11543 W System : ClassLoader referenced unknown path: system/framework/mediatek-cta.jar
11-18 16:21:33.193 1783 11543 I System.out: [OkHttp] sendRequest>>
11-18 16:21:33.193 1783 11543 I System.out: [OkHttp] sendRequest<<
11-18 16:21:33.226 521 623 D connsyslogger: SD_LOG_ROOT is /mnt/sdcard/mtklog/connsyslog/fw.