11-19 17:33:16.151 964 3153 W WindowManager: Attempted to set focus to non-existing app token: Token{8e89abd ActivityRecord{55da8b2 u0 org.ekkescorner.c2g.qtws/org.qtproject.qt5.android.bindings.QtActivity t7076}}
11-20 08:24:24.821 964 1296 W PackageManager: Destroying /data/user_de/999/org.ekkescorner.c2g.qtws due to: com.android.server.pm.PackageManagerException: Package org.ekkescorner.c2g.qtws not installed for user 999
11-20 08:24:25.695 964 1296 W PackageManager: Destroying /data/user/999/org.ekkescorner.c2g.qtws due to: com.android.server.pm.PackageManagerException: Package org.ekkescorner.c2g.qtws not installed for user 999
11-24 11:50:12.362 964 988 W BroadcastQueue: Background execution not allowed: receiving Intent { act=android.intent.action.PACKAGE_ADDED dat=package:org.ekkescorner.examples.sharex flg=0x4000011 (has extras) } to com.lbe.security.miui/com.lbe.security.service.BootReceiver
11-24 11:50:12.417 964 988 W BroadcastQueue: Background execution not allowed: receiving Intent { act=android.intent.action.PACKAGE_ADDED dat=package:org.ekkescorner.examples.sharex flg=0x4000011 (has extras) } to com.android.settings/.search.provider.UpdateReceiver
11-24 11:50:12.417 964 988 W BroadcastQueue: Background execution not allowed: receiving Intent { act=android.intent.action.PACKAGE_ADDED dat=package:org.ekkescorner.examples.sharex flg=0x4000011 (has extras) } to com.android.vending/com.google.android.finsky.packagemanager.impl.PackageMonitorReceiverImpl$RegisteredReceiver
11-24 11:50:12.417 964 988 W BroadcastQueue: Background execution not allowed: receiving Intent { act=android.intent.action.PACKAGE_ADDED dat=package:org.ekkescorner.examples.sharex flg=0x4000011 (has extras) } to com.facebook.appmanager/com.facebook.oxygen.appmanager.common.packages.event.manifest.ManifestPackageEventReceiver
11-24 11:50:12.418 964 988 W BroadcastQueue: Background execution not allowed: receiving Intent { act=android.intent.action.PACKAGE_ADDED dat=package:org.ekkescorner.examples.sharex flg=0x4000011 (has extras) } to com.google.android.gms/.games.chimera.GamesSystemBroadcastReceiverProxy
11-24 11:50:12.418 964 988 W BroadcastQueue: Background execution not allowed: receiving Intent { act=android.intent.action.PACKAGE_ADDED dat=package:org.ekkescorner.examples.sharex flg=0x4000011 (has extras) } to com.google.android.gms/.gass.chimera.PackageChangeBroadcastReceiver
11-24 11:50:12.418 964 988 W BroadcastQueue: Background execution not allowed: receiving Intent { act=android.intent.action.PACKAGE_ADDED dat=package:org.ekkescorner.examples.sharex flg=0x4000011 (has extras) } to com.google.android.gms/.chimera.GmsIntentOperationService$PersistentTrustedReceiver
11-24 11:50:12.423 964 988 W BroadcastQueue: Background execution not allowed: receiving Intent { act=android.intent.action.PACKAGE_ADDED dat=package:org.ekkescorner.examples.sharex flg=0x4000011 (has extras) } to com.google.android.googlequicksearchbox/com.google.android.apps.gsa.googlequicksearchbox.GelStubAppWatcher
11-24 11:50:12.423 964 988 W BroadcastQueue: Background execution not allowed: receiving Intent { act=android.intent.action.PACKAGE_ADDED dat=package:org.ekkescorner.examples.sharex flg=0x4000011 (has extras) } to com.miui.global.packageinstaller/.AppInstalledReceiver
11-24 11:50:12.452 964 988 W BroadcastQueue: Background execution not allowed: receiving Intent { act=android.intent.action.PACKAGE_ADDED dat=package:org.ekkescorner.examples.sharex flg=0x4000011 (has extras) } to com.miui.micloudsync/.push.MicloudPushServiceReceiver
11-24 11:50:12.452 964 988 W BroadcastQueue: Background execution not allowed: receiving Intent { act=android.intent.action.PACKAGE_ADDED dat=package:org.ekkescorner.examples.sharex flg=0x4000011 (has extras) } to com.xiaomi.discover/com.xiaomi.market.data.MyPackageMonitor
11-24 11:50:12.453 964 988 W BroadcastQueue: Background execution not allowed: receiving Intent { act=android.intent.action.PACKAGE_ADDED dat=package:org.ekkescorner.examples.sharex flg=0x4000011 (has extras) } to com.xiaomi.glgm/.data.MyPackageMonitor
11-24 11:50:12.453 964 988 W BroadcastQueue: Background execution not allowed: receiving Intent { act=android.intent.action.PACKAGE_ADDED dat=package:org.ekkescorner.examples.sharex flg=0x4000011 (has extras) } to com.xiaomi.mipicks/com.xiaomi.market.data.MyPackageMonitor
11-24 11:50:12.453 964 988 W BroadcastQueue: Background execution not allowed: receiving Intent { act=android.intent.action.PACKAGE_ADDED dat=package:org.ekkescorner.examples.sharex flg=0x4000011 (has extras) } to com.xiaomi.providers.appindex/.PackageChangeReceiver
11-24 11:50:16.159 964 988 W XSpaceManagerService: update XSpace App: packageName:org.ekkescorner.examples.sharex, user:UserHandle{0}, action:android.intent.action.PACKAGE_ADDED
11-24 11:50:17.695 21539 22141 W PackageParser: Unknown element under : meta-data at /data/app/org.ekkescorner.examples.sharex-L0jCg0VChw7P84bxoyou5Q==/base.apk Binary XML file line #31
11-24 11:50:18.635 964 2116 W WindowManager: Attempted to set focus to non-existing app token: Token{5fa9308 ActivityRecord{4ad3aa1 u0 org.ekkescorner.examples.sharex/.QShareActivity t7437}}
11-24 11:50:19.924 21539 22141 W PackageParser: Unknown element under : meta-data at /data/app/org.ekkescorner.examples.sharex-L0jCg0VChw7P84bxoyou5Q==/base.apk Binary XML file line #31
11-24 11:50:19.964 21539 22141 W PackageParser: Unknown element under : meta-data at /data/app/org.ekkescorner.examples.sharex-L0jCg0VChw7P84bxoyou5Q==/base.apk Binary XML file line #31
11-24 11:50:26.523 964 2125 W WindowManager: Attempted to set focus to non-existing app token: Token{79dc194 ActivityRecord{b9eb43d u0 org.ekkescorner.examples.sharex/.QShareActivity t7438}}
11-24 11:50:31.642 964 3094 W WindowManager: Attempted to set focus to non-existing app token: Token{35ae608 ActivityRecord{1fa91a1 u0 org.ekkescorner.examples.sharex/.QShareActivity t7439}}
11-24 11:50:56.446 964 2125 W WindowManager: Attempted to set focus to non-existing app token: Token{b186d4f ActivityRecord{4ceccdc u0 org.ekkescorner.examples.sharex/.QShareActivity t7440}}
11-24 11:55:26.122 964 1004 W PackageManager: com.android.server.pm.Installer$InstallerException: android.os.ServiceSpecificException: Failed to delete /data/user_de/999/org.ekkescorner.examples.sharex (code 2)
11-24 11:55:26.932 964 988 W BroadcastQueueInjector: Unable to launch app com.vivaldi.browser/10254 for broadcast Intent { act=android.intent.action.PACKAGE_FULLY_REMOVED dat=package:org.ekkescorner.examples.sharex flg=0x5000010 (has extras) }: process is not permitted to auto start
11-24 11:55:27.008 964 988 W BroadcastQueue: Background execution not allowed: receiving Intent { act=android.intent.action.PACKAGE_REMOVED dat=package:org.ekkescorner.examples.sharex flg=0x4000011 (has extras) } to com.lbe.security.miui/com.lbe.security.service.BootReceiver
11-24 11:55:27.052 964 988 W BroadcastQueueInjector: Unable to launch app ru.yandex.yandexnavi/10148 for broadcast Intent { act=android.intent.action.PACKAGE_FULLY_REMOVED dat=package:org.ekkescorner.examples.sharex flg=0x5000010 (has extras) }: process is not permitted to auto start
11-24 11:55:27.054 964 988 W BroadcastQueue: Background execution not allowed: receiving Intent { act=android.intent.action.PACKAGE_REMOVED dat=package:org.ekkescorner.examples.sharex flg=0x4000011 (has extras) } to com.android.settings/.search.provider.UpdateReceiver
11-24 11:55:27.059 964 988 W BroadcastQueue: Background execution not allowed: receiving Intent { act=android.intent.action.PACKAGE_REMOVED dat=package:org.ekkescorner.examples.sharex flg=0x4000011 (has extras) } to com.android.vending/com.google.android.finsky.packagemanager.impl.PackageMonitorReceiverImpl$RegisteredReceiver
11-24 11:55:27.059 964 988 W BroadcastQueue: Background execution not allowed: receiving Intent { act=android.intent.action.PACKAGE_REMOVED dat=package:org.ekkescorner.examples.sharex flg=0x4000011 (has extras) } to com.android.vending/com.google.android.finsky.instantapps.appmanagement.InstantAppRemoveMonitor
11-24 11:55:27.125 964 988 W BroadcastQueue: Background execution not allowed: receiving Intent { act=android.intent.action.PACKAGE_REMOVED dat=package:org.ekkescorner.examples.sharex flg=0x4000011 (has extras) } to com.google.android.gms/.games.chimera.GamesSystemBroadcastReceiverProxy
11-24 11:55:27.139 964 988 W BroadcastQueue: Background execution not allowed: receiving Intent { act=android.intent.action.PACKAGE_REMOVED dat=package:org.ekkescorner.examples.sharex flg=0x4000011 (has extras) } to com.google.android.gms/.chimera.GmsIntentOperationService$PersistentTrustedReceiver
11-24 11:55:27.139 964 988 W BroadcastQueue: Background execution not allowed: receiving Intent { act=android.intent.action.PACKAGE_REMOVED dat=package:org.ekkescorner.examples.sharex flg=0x4000011 (has extras) } to com.google.android.googlequicksearchbox/com.google.android.apps.gsa.googlequicksearchbox.GelStubAppWatcher
11-24 11:55:27.140 964 988 W BroadcastQueue: Background execution not allowed: receiving Intent { act=android.intent.action.PACKAGE_REMOVED dat=package:org.ekkescorner.examples.sharex flg=0x4000011 (has extras) } to com.miui.micloudsync/.push.MicloudPushServiceReceiver
11-24 11:55:27.140 964 988 W BroadcastQueue: Background execution not allowed: receiving Intent { act=android.intent.action.PACKAGE_REMOVED dat=package:org.ekkescorner.examples.sharex flg=0x4000011 (has extras) } to com.xiaomi.discover/com.xiaomi.market.data.MyPackageMonitor
11-24 11:55:27.140 964 988 W BroadcastQueue: Background execution not allowed: receiving Intent { act=android.intent.action.PACKAGE_REMOVED dat=package:org.ekkescorner.examples.sharex flg=0x4000011 (has extras) } to com.xiaomi.glgm/.data.MyPackageMonitor
11-24 11:55:27.142 964 988 W BroadcastQueue: Background execution not allowed: receiving Intent { act=android.intent.action.PACKAGE_REMOVED dat=package:org.ekkescorner.examples.sharex flg=0x4000011 (has extras) } to com.xiaomi.mipicks/com.xiaomi.market.data.MyPackageMonitor
11-24 11:55:27.142 964 988 W BroadcastQueue: Background execution not allowed: receiving Intent { act=android.intent.action.PACKAGE_REMOVED dat=package:org.ekkescorner.examples.sharex flg=0x4000011 (has extras) } to com.xiaomi.providers.appindex/.PackageChangeReceiver
11-24 11:55:27.143 964 988 W BroadcastQueue: Background execution not allowed: receiving Intent { act=android.intent.action.PACKAGE_REMOVED dat=package:org.ekkescorner.examples.sharex flg=0x4000011 (has extras) } to com.xiaomi.xmsf/.pushcontrol.PkgUninstallReceiver
11-24 11:55:27.143 964 988 W BroadcastQueue: Background execution not allowed: receiving Intent { act=android.intent.action.PACKAGE_REMOVED dat=package:org.ekkescorner.examples.sharex flg=0x4000011 (has extras) } to com.xiaomi.xmsf/com.xiaomi.push.service.receivers.PkgUninstallReceiver
11-24 11:55:29.183 964 988 W XSpaceManagerService: update XSpace App: packageName:org.ekkescorner.examples.sharex, user:UserHandle{0}, action:android.intent.action.PACKAGE_REMOVED
11-24 11:56:16.082 1933 23814 D PackageVerifyedRecevier: verify package /data/app/vmdl1699961557.tmp info: PackageInfo{c10697 org.ekkescorner.examples.sharex}
11-24 11:56:16.156 21899 21899 D PackageVerificationReceiver: PackageVerificationReceiver onReceive installingPkgName: org.ekkescorner.examples.sharex
11-24 11:56:22.237 23882 23921 I Finsky : [27522] zox.b(4): Verify: Verification package=org.ekkescorner.examples.sharex, id=28 response=0
11-24 11:56:23.272 964 1004 I PackageManager.DexOptimizer: Running dexopt (dexoptNeeded=1) on: /data/app/org.ekkescorner.examples.sharex-PrNRCFOePLknxGjM1ihqbQ==/base.apk pkg=org.ekkescorner.examples.sharex isa=arm dexoptFlags=boot_complete,public target-filter=quicken oatDir=/data/app/org.ekkescorner.examples.sharex-PrNRCFOePLknxGjM1ihqbQ==/oat sharedLibraries=PCL[]
11-24 11:56:23.416 24074 24074 I dex2oat : /system/bin/dex2oat --input-vdex-fd=-1 --output-vdex-fd=18 --compiler-filter=quicken -j3 --classpath-dir=/data/app/org.ekkescorner.examples.sharex-PrNRCFOePLknxGjM1ihqbQ== --class-loader-context=PCL[]
11-24 11:56:25.045 1933 1933 D AppInstalledReceiver: packageName: org.ekkescorner.examples.sharex
11-24 11:56:25.054 964 988 W BroadcastQueue: Background execution not allowed: receiving Intent { act=android.intent.action.PACKAGE_ADDED dat=package:org.ekkescorner.examples.sharex flg=0x4000011 (has extras) } to com.lbe.security.miui/com.lbe.security.service.BootReceiver
11-24 11:56:25.054 964 988 W BroadcastQueue: Background execution not allowed: receiving Intent { act=android.intent.action.PACKAGE_ADDED dat=package:org.ekkescorner.examples.sharex flg=0x4000011 (has extras) } to com.android.settings/.search.provider.UpdateReceiver
11-24 11:56:25.054 964 988 W BroadcastQueue: Background execution not allowed: receiving Intent { act=android.intent.action.PACKAGE_ADDED dat=package:org.ekkescorner.examples.sharex flg=0x4000011 (has extras) } to com.android.vending/com.google.android.finsky.packagemanager.impl.PackageMonitorReceiverImpl$RegisteredReceiver
11-24 11:56:25.055 964 988 W BroadcastQueue: Background execution not allowed: receiving Intent { act=android.intent.action.PACKAGE_ADDED dat=package:org.ekkescorner.examples.sharex flg=0x4000011 (has extras) } to com.facebook.appmanager/com.facebook.oxygen.appmanager.common.packages.event.manifest.ManifestPackageEventReceiver
11-24 11:56:25.057 964 988 W BroadcastQueue: Background execution not allowed: receiving Intent { act=android.intent.action.PACKAGE_ADDED dat=package:org.ekkescorner.examples.sharex flg=0x4000011 (has extras) } to com.google.android.gms/.games.chimera.GamesSystemBroadcastReceiverProxy
11-24 11:56:25.057 964 988 W BroadcastQueue: Background execution not allowed: receiving Intent { act=android.intent.action.PACKAGE_ADDED dat=package:org.ekkescorner.examples.sharex flg=0x4000011 (has extras) } to com.google.android.gms/.gass.chimera.PackageChangeBroadcastReceiver
11-24 11:56:25.059 964 988 W BroadcastQueue: Background execution not allowed: receiving Intent { act=android.intent.action.PACKAGE_ADDED dat=package:org.ekkescorner.examples.sharex flg=0x4000011 (has extras) } to com.google.android.gms/.chimera.GmsIntentOperationService$PersistentTrustedReceiver
11-24 11:56:25.061 964 988 W BroadcastQueue: Background execution not allowed: receiving Intent { act=android.intent.action.PACKAGE_ADDED dat=package:org.ekkescorner.examples.sharex flg=0x4000011 (has extras) } to com.google.android.googlequicksearchbox/com.google.android.apps.gsa.googlequicksearchbox.GelStubAppWatcher
11-24 11:56:25.067 964 988 W BroadcastQueue: Background execution not allowed: receiving Intent { act=android.intent.action.PACKAGE_ADDED dat=package:org.ekkescorner.examples.sharex flg=0x4000011 (has extras) } to com.miui.global.packageinstaller/.AppInstalledReceiver
11-24 11:56:25.068 964 988 W BroadcastQueue: Background execution not allowed: receiving Intent { act=android.intent.action.PACKAGE_ADDED dat=package:org.ekkescorner.examples.sharex flg=0x4000011 (has extras) } to com.miui.micloudsync/.push.MicloudPushServiceReceiver
11-24 11:56:25.068 964 988 W BroadcastQueue: Background execution not allowed: receiving Intent { act=android.intent.action.PACKAGE_ADDED dat=package:org.ekkescorner.examples.sharex flg=0x4000011 (has extras) } to com.xiaomi.discover/com.xiaomi.market.data.MyPackageMonitor
11-24 11:56:25.069 964 988 W BroadcastQueue: Background execution not allowed: receiving Intent { act=android.intent.action.PACKAGE_ADDED dat=package:org.ekkescorner.examples.sharex flg=0x4000011 (has extras) } to com.xiaomi.glgm/.data.MyPackageMonitor
11-24 11:56:25.071 964 988 W BroadcastQueue: Background execution not allowed: receiving Intent { act=android.intent.action.PACKAGE_ADDED dat=package:org.ekkescorner.examples.sharex flg=0x4000011 (has extras) } to com.xiaomi.mipicks/com.xiaomi.market.data.MyPackageMonitor
11-24 11:56:25.071 964 988 W BroadcastQueue: Background execution not allowed: receiving Intent { act=android.intent.action.PACKAGE_ADDED dat=package:org.ekkescorner.examples.sharex flg=0x4000011 (has extras) } to com.xiaomi.providers.appindex/.PackageChangeReceiver
11-24 11:56:25.084 17309 17309 I WakePathManager: PackageMonitor. onPackageAdded: packageName =org.ekkescorner.examples.sharex
11-24 11:56:25.085 23882 23882 I Finsky : [2] qqe.d(11): Invalidating cached PackageState for org.ekkescorner.examples.sharex
11-24 11:56:25.112 26576 26576 I PackageInstallReceiver: package name = org.ekkescorner.examples.sharex
11-24 11:56:25.262 23882 24129 I Finsky : [27569] neo.run(2): Cleaning dev-triggered-update data on package install for org.ekkescorner.examples.sharex.
11-24 11:56:25.391 1261 1261 D ImsResolver: maybeAddedImsService, packageName: org.ekkescorner.examples.sharex
11-24 11:56:25.409 1802 24121 W GCM : Unexpected forwarded intent: Intent { act=android.intent.action.PACKAGE_ADDED dat=package:org.ekkescorner.examples.sharex flg=0x4000011 cmp=com.google.android.gms/.chimera.PersistentIntentOperationService (has extras) }
11-24 11:56:25.465 1933 1933 I FireWallService: set mobile rule for org.ekkescorner.examples.sharex:0:true
11-24 11:56:25.467 1933 1933 I FireWallService: set wifi rule for org.ekkescorner.examples.sharex:0
11-24 11:56:25.467 2126 23563 I ChromeSync: [Sync,SyncIntentOperation] Handling the intent: Intent { act=android.intent.action.PACKAGE_ADDED dat=package:org.ekkescorner.examples.sharex flg=0x4000011 cmp=com.google.android.gms/.chimera.GmsIntentOperationService (has extras) }.
11-24 11:56:25.470 1933 1933 I GameBoosterService: org.ekkescorner.examples.sharex add onReceive
11-24 11:56:25.487 1802 24121 W GCM : Unexpected forwarded intent: Intent { act=android.intent.action.PACKAGE_ADDED dat=package:org.ekkescorner.examples.sharex flg=0x4000011 cmp=com.google.android.gms/.chimera.PersistentIntentOperationService (has extras) }
11-24 11:56:25.487 2126 24137 I FontsPackageChangeOp: Package org.ekkescorner.examples.sharex has no metadata
11-24 11:56:25.490 1933 1933 D AppCompatStateReceiver: AppCompatStateReceiver package_name=org.ekkescorner.examples.sharex,app_status=0
11-24 11:56:25.527 1933 23814 I GameBoosterService: org.ekkescorner.examples.sharex isGameFromJson false
11-24 11:56:25.538 514 651 I miuiFirewall: packageName : org.ekkescorner.examples.sharex, rule: 0, uid: 10524, type: 0
11-24 11:56:25.542 514 651 I miuiFirewall: packageName : org.ekkescorner.examples.sharex, rule: 0, uid: 10524, type: 1
11-24 11:56:25.548 1933 23814 I GameBoosterService: org.ekkescorner.examples.sharex isGameFromLocal false
11-24 11:56:25.661 1933 24130 D AppCompatStateReceiver: json params=[{"pkg":"org.ekkescorner.examples.sharex","ver":"211001010"}]
11-24 11:56:27.093 23882 23882 I Finsky : [2] zqa.gS(6): Verification complete: id=28, package_name=org.ekkescorner.examples.sharex
11-24 11:56:28.336 23815 24213 W PackageParser: Unknown element under : meta-data at /data/app/org.ekkescorner.examples.sharex-PrNRCFOePLknxGjM1ihqbQ==/base.apk Binary XML file line #31
11-24 11:56:29.824 23815 24213 W PackageParser: Unknown element under : meta-data at /data/app/org.ekkescorner.examples.sharex-PrNRCFOePLknxGjM1ihqbQ==/base.apk Binary XML file line #31
11-24 11:56:29.943 23815 24213 W PackageParser: Unknown element under : meta-data at /data/app/org.ekkescorner.examples.sharex-PrNRCFOePLknxGjM1ihqbQ==/base.apk Binary XML file line #31
11-24 11:56:30.102 964 988 W XSpaceManagerService: update XSpace App: packageName:org.ekkescorner.examples.sharex, user:UserHandle{0}, action:android.intent.action.PACKAGE_ADDED
11-24 11:56:30.115 26576 26576 D Launcher.Model: LauncherAppsCallback onPackageAdded|org.ekkescorner.examples.sharex|UserHandle{0}
11-24 11:56:30.134 26576 26607 D Launcher.Model: Got broadcast:Intent { act=android.intent.action.PACKAGE_ADDED dat=package:org.ekkescorner.examples.sharex (has extras) }
11-24 11:56:30.193 26576 26607 E Launcher.AllAppsList: Can't load postion for packageName: org.ekkescorner.examples.sharex activityName: org.ekkescorner.examples.sharex.QShareActivity
11-24 11:56:30.301 26576 26607 D AutoInstallsParser: isPAIPackageName: org.ekkescorner.examples.sharex
11-24 11:56:30.463 26576 26607 D Launcher.Model: onReceiveBackground, mAllAppsList=add=[(0, ShortcutInfo, id=-1, itemType=0, user=UserHandle{0}, mIconType=0, mTitle=ekkes SHARE Example, mLabel=ekkes SHARE Example, pkgName=org.ekkescorner.examples.sharex, className=org.ekkescorner.examples.sharex.QShareActivity, screenId=-1, container=-1, cellX=-1, cellY=-1, spanX=1, spanY=1, isLandscapePos=false)]
11-24 11:56:30.878 26576 26576 D Launcher: add item to launcher when bind apps added, info=ShortcutInfo, id=-1, itemType=0, user=UserHandle{0}, mIconType=0, mTitle=ekkes SHARE Example, mLabel=ekkes SHARE Example, pkgName=org.ekkescorner.examples.sharex, className=org.ekkescorner.examples.sharex.QShareActivity, screenId=-1, container=-1, cellX=-1, cellY=-1, spanX=1, spanY=1, isLandscapePos=false
11-24 11:56:30.883 26576 26576 D Launcher: addItemToWorkspace, add item into db, item=ShortcutInfo, id=-1, itemType=0, user=UserHandle{0}, mIconType=0, mTitle=ekkes SHARE Example, mLabel=ekkes SHARE Example, pkgName=org.ekkescorner.examples.sharex, className=org.ekkescorner.examples.sharex.QShareActivity, screenId=5, container=-100, cellX=1, cellY=1, spanX=1, spanY=1, isLandscapePos=false
11-24 11:56:30.884 26576 26576 D Launcher.Model: Insert item org.ekkescorner.examples.sharex to database (1, 1) of screen 5
11-24 11:56:30.886 26576 26607 D Launcher.ShortcutInfo: onAddToDatabase, this=ShortcutInfo, id=444, itemType=0, user=UserHandle{0}, mIconType=0, mTitle=ekkes SHARE Example, mLabel=ekkes SHARE Example, pkgName=org.ekkescorner.examples.sharex, className=org.ekkescorner.examples.sharex.QShareActivity, screenId=5, container=-100, cellX=1, cellY=1, spanX=1, spanY=1, isLandscapePos=false
11-24 11:56:31.075 26576 26576 D Launcher.CellLayout: updateCellOccupiedMarks, update, ShortcutInfo, id=444, itemType=0, user=UserHandle{0}, mIconType=0, mTitle=ekkes SHARE Example, mLabel=ekkes SHARE Example, pkgName=org.ekkescorner.examples.sharex, className=org.ekkescorner.examples.sharex.QShareActivity, screenId=5, container=-100, cellX=1, cellY=1, spanX=1, spanY=1, isLandscapePos=false
11-24 11:56:46.346 964 2257 W WindowManager: Attempted to set focus to non-existing app token: Token{9d2c450 ActivityRecord{c6e2649 u0 org.ekkescorner.examples.sharex/.QShareActivity t7444}}
11-24 11:56:46.418 1919 2328 D PowerKeeper.Event: notifyAMProcStart processName: 10524 reason: org.ekkescorner.examples.sharex, pid:0
11-24 11:56:46.447 393 393 I BufferQueueConsumer: [Splash Screen org.ekkescorner.examples.sharex#0](this:0xa5e2d000,id:5278,api:0,p:-1,c:393) setConsumerName: Splash Screen org.ekkescorner.examples.sharex#0
11-24 11:56:46.447 393 393 I BufferQueueConsumer: [Splash Screen org.ekkescorner.examples.sharex#0](this:0xa5e2d000,id:5278,api:0,p:-1,c:393) setDefaultBufferSize: width=720 height=1440
11-24 11:56:46.461 393 428 I BufferQueueProducer: [Splash Screen org.ekkescorner.examples.sharex#0](this:0xa5e2d000,id:5278,api:2,p:964,c:393) connect(P): api=2 producer=(964:system_server) producerControlledByApp=false
11-24 11:56:46.549 1933 2489 D GameBoosterService: onGameStatusChange foreground:ForegroundInfo{mForegroundPackageName='org.ekkescorner.examples.sharex', mForegroundUid=10524, mForegroundPid=24564, mLastForegroundPackageName='com.miui.global.packageinstaller', mLastForegroundUid=10069, mLastForegroundPid=21899, mMultiWindowForegroundPackageName='null', mMultiWindowForegroundUid=-1, mFlags=1}
11-24 11:56:46.561 388 407 I vendor.mediatek.hardware.power@1.1-impl: notifyAppState pack:org.ekkescorner.examples.sharex, act:org.ekkescorner.examples.sharex.QShareActivity, pid:24564, state:1
11-24 11:56:46.567 388 406 I libPerfService: [perfNotifyAppState] foreground:org.ekkescorner.examples.sharex, pid:24564
11-24 11:56:46.762 24564 24564 E Qt : at org.ekkescorner.examples.sharex.QShareActivity.onCreate(QShareActivity.java:61)
11-24 11:56:46.762 24564 24564 D ekkescorner: onCreate QShareActivity
11-24 11:56:46.762 24564 24564 D ekkescorner onCreate : android.intent.action.MAIN
11-24 11:56:46.775 24564 24564 D AccessibilityManager: AccessibilityManager status: mPackageName = org.ekkescorner.examples.sharex, mOptimizeEnabled = false, mIsEnabled = false, mIsUiAutomationEnabled = false, mIsInterestedPackage =false
11-24 11:56:46.847 24564 24564 D OpenGLRenderer: is running.
11-24 11:56:46.861 24564 24564 V PhoneWindow: DecorView setVisiblity: visibility = 0, Parent = ViewRoot{897b106 org.ekkescorner.examples.sharex/org.ekkescorner.examples.sharex.QShareActivity,ident = 0}, this = DecorView@12a63c7[QShareActivity]
11-24 11:56:46.901 393 393 I BufferQueueConsumer: [org.ekkescorner.examples.sharex/org.ekkescorner.examples.sharex.QShareActivity#0](this:0xa5e0b000,id:5279,api:0,p:-1,c:393) setConsumerName: org.ekkescorner.examples.sharex/org.ekkescorner.examples.sharex.QShareActivity#0
11-24 11:56:46.901 393 393 I BufferQueueConsumer: [org.ekkescorner.examples.sharex/org.ekkescorner.examples.sharex.QShareActivity#0](this:0xa5e0b000,id:5279,api:0,p:-1,c:393) setDefaultBufferSize: width=720 height=1344
11-24 11:56:47.092 1757 1763 D GasService: pkg a:[org.ekkescorner.examples.sharex] [D] pid:24564 uid:10524 audio:0,_s:0
11-24 11:56:47.115 24564 24594 D HWUIExtension: is running.
11-24 11:56:47.117 393 1642 I BufferQueueProducer: [org.ekkescorner.examples.sharex/org.ekkescorner.examples.sharex.QShareActivity#0](this:0xa5e0b000,id:5279,api:1,p:24564,c:393) connect(P): api=1 producer=(24564:org.ekkescorner.examples.sharex) producerControlledByApp=true
11-24 11:56:47.280 964 995 I ActivityManager: Displayed org.ekkescorner.examples.sharex/.QShareActivity: +866ms
11-24 11:56:47.281 1919 2328 D PowerKeeper.Event: notifyActivityLaunchTime: org.ekkescorner.examples.sharex/.QShareActivity totalTime: 866
11-24 11:56:47.306 393 393 W Layer : [Splash Screen org.ekkescorner.examples.sharex#0] opaque layer with plane alpha:0.89 cannot be handled by hwcomposer
11-24 11:56:47.322 393 393 W Layer : [Splash Screen org.ekkescorner.examples.sharex#0] opaque layer with plane alpha:0.79 cannot be handled by hwcomposer
11-24 11:56:47.338 393 393 W Layer : [Splash Screen org.ekkescorner.examples.sharex#0] opaque layer with plane alpha:0.67 cannot be handled by hwcomposer
11-24 11:56:47.354 393 393 W Layer : [Splash Screen org.ekkescorner.examples.sharex#0] opaque layer with plane alpha:0.57 cannot be handled by hwcomposer
11-24 11:56:47.370 393 393 W Layer : [Splash Screen org.ekkescorner.examples.sharex#0] opaque layer with plane alpha:0.46 cannot be handled by hwcomposer
11-24 11:56:47.387 393 393 W Layer : [Splash Screen org.ekkescorner.examples.sharex#0] opaque layer with plane alpha:0.35 cannot be handled by hwcomposer
11-24 11:56:47.403 393 393 W Layer : [Splash Screen org.ekkescorner.examples.sharex#0] opaque layer with plane alpha:0.24 cannot be handled by hwcomposer
11-24 11:56:47.419 393 393 W Layer : [Splash Screen org.ekkescorner.examples.sharex#0] opaque layer with plane alpha:0.13 cannot be handled by hwcomposer
11-24 11:56:47.436 393 393 W Layer : [Splash Screen org.ekkescorner.examples.sharex#0] opaque layer with plane alpha:0.03 cannot be handled by hwcomposer
11-24 11:56:47.455 393 427 I BufferQueueProducer: [Splash Screen org.ekkescorner.examples.sharex#0](this:0xa5e2d000,id:5278,api:2,p:964,c:393) disconnect(P): api 2
11-24 11:56:47.468 393 393 I BufferQueueConsumer: [Splash Screen org.ekkescorner.examples.sharex#0](this:0xa5e2d000,id:5278,api:2,p:-1,c:-1) disconnect(C)
11-24 11:56:47.468 393 393 I BufferQueue: [Splash Screen org.ekkescorner.examples.sharex#0](this:0xa5e2d000,id:5278,api:2,p:-1,c:-1) ~BufferQueueCore
11-24 11:56:48.080 24633 24633 D AppActiveReceiver: receive app active broadcast for: org.ekkescorner.examples.sharex, install from: com.google.android.packageinstaller