01-02 13:31:46.834 511 960 I ActivityManager: Start proc 10817:com.ermaksan.android.tekniker/u0a77 for activity com.ermaksan.android.tekniker/org.qtproject.qt5.android.bindings.QtActivity
01-02 13:31:46.841 10817 10817 D houdini : [10817] Initialize library(version: 6.1.2d_x.48748 RELEASE)... successfully.
01-02 13:31:46.935 5178 5193 D OpenGLRenderer: endAllActiveAnimators on 0xb165b500 (RippleDrawable) with handle 0x95deda50
01-02 13:31:46.954 10817 10817 W System : ClassLoader referenced unknown path:
01-02 13:31:46.998 929 929 D wpa_supplicant: wlan0: Control interface command 'SIGNAL_POLL'
01-02 13:31:47.031 511 521 I art : Background partial concurrent mark sweep GC freed 29560(1643KB) AllocSpace objects, 2(40KB) LOS objects, 33% free, 11MB/17MB, paused 2.820ms total 158.160ms
01-02 13:31:47.067 10817 10833 D houdini : [10833] Added shared library /data/app/com.ermaksan.android.tekniker-1/lib/arm/libc++_shared.so for ClassLoader by Native Bridge.
01-02 13:31:47.114 10817 10833 D houdini : [10833] Added shared library /data/app/com.ermaksan.android.tekniker-1/lib/arm/libQt5Core_armeabi-v7a.so for ClassLoader by Native Bridge.
01-02 13:31:47.115 10817 10833 I QtCore : Start
01-02 13:31:47.122 10817 10833 D houdini : [10833] Added shared library /data/app/com.ermaksan.android.tekniker-1/lib/arm/libQt5AndroidExtras_armeabi-v7a.so for ClassLoader by Native Bridge.
01-02 13:31:47.165 10817 10833 D houdini : [10833] Added shared library /data/app/com.ermaksan.android.tekniker-1/lib/arm/libQt5Gui_armeabi-v7a.so for ClassLoader by Native Bridge.
01-02 13:31:47.176 10817 10833 D houdini : [10833] Added shared library /data/app/com.ermaksan.android.tekniker-1/lib/arm/libQt5Network_armeabi-v7a.so for ClassLoader by Native Bridge.
01-02 13:31:47.225 10817 10833 D houdini : [10833] Added shared library /data/app/com.ermaksan.android.tekniker-1/lib/arm/libQt5Multimedia_armeabi-v7a.so for ClassLoader by Native Bridge.
01-02 13:31:47.226 929 929 D wpa_supplicant: wlan0: Control interface command 'DRIVER BTCOEXMODE 1'
01-02 13:31:47.252 10817 10833 D houdini : [10833] Added shared library /data/app/com.ermaksan.android.tekniker-1/lib/arm/libQt5Qml_armeabi-v7a.so for ClassLoader by Native Bridge.
01-02 13:31:47.261 10817 10833 D houdini : [10833] Added shared library /data/app/com.ermaksan.android.tekniker-1/lib/arm/libQt5QmlModels_armeabi-v7a.so for ClassLoader by Native Bridge.
01-02 13:31:47.322 10817 10833 D houdini : [10833] Added shared library /data/app/com.ermaksan.android.tekniker-1/lib/arm/libQt5Quick_armeabi-v7a.so for ClassLoader by Native Bridge.
01-02 13:31:47.322 929 929 D wpa_supplicant: wpa_driver_nl80211_driver_cmd OK len = 0, 2
01-02 13:31:47.323 929 929 D wpa_supplicant: wlan0: Control interface command 'DRIVER SETSUSPENDMODE 0'
01-02 13:31:47.323 929 929 D wpa_supplicant: wpa_driver_nl80211_driver_cmd len = 0, 0
01-02 13:31:47.324 929 929 D wpa_supplicant: wlan0: Control interface command 'SET ps 0'
01-02 13:31:47.324 929 929 D wpa_supplicant: CTRL_IFACE SET 'ps'='0'
01-02 13:31:47.324 929 929 D wpa_supplicant: nl80211: set_p2p_powersave (legacy_ps=0 opp_ps=-1 ctwindow=-1)
01-02 13:31:47.327 10817 10833 D houdini : [10833] Added shared library /data/app/com.ermaksan.android.tekniker-1/lib/arm/libQt5Sql_armeabi-v7a.so for ClassLoader by Native Bridge.
01-02 13:31:47.327 511 1560 D DhcpClient: Unicasting DHCPREQUEST ciaddr=192.168.43.10 request=0.0.0.0 serverid=null to /192.168.43.1:67
01-02 13:31:47.387 10817 10833 D houdini : [10833] Added shared library /data/app/com.ermaksan.android.tekniker-1/lib/arm/libQt5Widgets_armeabi-v7a.so for ClassLoader by Native Bridge.
01-02 13:31:47.394 10817 10833 D houdini : [10833] Added shared library /data/app/com.ermaksan.android.tekniker-1/lib/arm/libQt5Svg_armeabi-v7a.so for ClassLoader by Native Bridge.
01-02 13:31:47.398 10817 10833 D houdini : [10833] Added shared library /data/app/com.ermaksan.android.tekniker-1/lib/arm/libQt5MultimediaQuick_armeabi-v7a.so for ClassLoader by Native Bridge.
01-02 13:31:47.408 10817 10833 D houdini : [10833] Added shared library /data/app/com.ermaksan.android.tekniker-1/lib/arm/libQt5QuickParticles_armeabi-v7a.so for ClassLoader by Native Bridge.
01-02 13:31:47.428 10817 10833 D houdini : [10833] Added shared library /data/app/com.ermaksan.android.tekniker-1/lib/arm/libplugins_platforms_qtforandroid_armeabi-v7a.so for ClassLoader by Native Bridge.
01-02 13:31:47.433 10817 10833 I Qt : qt started
01-02 13:31:47.436 10817 10833 D houdini : [10833] Added shared library /data/app/com.ermaksan.android.tekniker-1/lib/arm/libplugins_bearer_qandroidbearer_armeabi-v7a.so for ClassLoader by Native Bridge.
01-02 13:31:47.443 10817 10833 D houdini : [10833] Added shared library /data/app/com.ermaksan.android.tekniker-1/lib/arm/libplugins_mediaservice_qtmedia_android_armeabi-v7a.so for ClassLoader by Native Bridge.
01-02 13:31:47.677 10817 10822 I art : Do partial code cache collection, code=19KB, data=29KB
01-02 13:31:47.678 10817 10822 I art : After code cache collection, code=19KB, data=29KB
01-02 13:31:47.678 10817 10822 I art : Increasing code cache capacity to 128KB
01-02 13:31:47.681 10817 10822 I art : Compiler allocated 4MB to compile org.json.JSONObject org.qtproject.qt5.android.ExtractStyle.extractTextAppearanceInformations(java.lang.String, java.lang.String, android.util.AttributeSet, int)
01-02 13:31:48.070 511 1566 D DhcpClient: Received packet: 1c:b7:2c:40:13:af ACK: your new IP /192.168.43.10, netmask /255.255.255.0, gateways [/192.168.43.1] DNS servers: /192.168.43.1 , lease time 3600
01-02 13:31:48.070 511 1560 D DhcpClient: Renewed lease: IP address 192.168.43.10/24 Gateway 192.168.43.1 DNS servers: [ 192.168.43.1 ] Domains DHCP server /192.168.43.1 Vendor info ANDROID_METERED lease 3600 seconds
01-02 13:31:48.072 929 929 D wpa_supplicant: wlan0: Control interface command 'SET ps 1'
01-02 13:31:48.072 929 929 D wpa_supplicant: CTRL_IFACE SET 'ps'='1'
01-02 13:31:48.072 929 929 D wpa_supplicant: nl80211: set_p2p_powersave (legacy_ps=1 opp_ps=-1 ctwindow=-1)
01-02 13:31:48.074 511 1560 D DhcpClient: Scheduling renewal in 1799s
01-02 13:31:48.074 511 1560 D DhcpClient: Scheduling rebind in 3149s
01-02 13:31:48.075 511 1560 D DhcpClient: Scheduling expiry in 3599s
01-02 13:31:48.075 929 929 D wpa_supplicant: wlan0: Control interface command 'DRIVER BTCOEXMODE 2'
01-02 13:31:48.078 929 929 D wpa_supplicant: wpa_driver_nl80211_driver_cmd OK len = 0, 2
01-02 13:31:48.079 929 929 D wpa_supplicant: wlan0: Control interface command 'SIGNAL_POLL'
01-02 13:31:48.532 511 658 W ConnectivityExtension: ConnectivityExt jar file not present
01-02 13:31:48.833 10817 10833 D houdini : [10833] Added shared library /data/app/com.ermaksan.android.tekniker-1/lib/arm/libTekniker_armeabi-v7a.so for ClassLoader by Native Bridge.
01-02 13:31:48.945 10817 10866 I OpenGLRenderer: Initialized EGL, version 1.4
01-02 13:31:48.945 10817 10866 D OpenGLRenderer: Swap behavior 1
01-02 13:31:48.946 10817 10866 W OpenGLRenderer: Failed to choose config with EGL_SWAP_BEHAVIOR_PRESERVED, retrying without...
01-02 13:31:48.946 10817 10866 D OpenGLRenderer: Swap behavior 0
01-02 13:31:49.121 511 533 I ActivityManager: Displayed com.ermaksan.android.tekniker/org.qtproject.qt5.android.bindings.QtActivity: +2s305ms
01-02 13:31:49.251 10817 10833 I libTekniker_armeabi-v7a.so: qt.qpa.plugin: Could not load the Qt platform plugin "android" in "" even though it was found.
01-02 13:31:49.253 10817 10833 F libTekniker_armeabi-v7a.so: This application failed to start because no Qt platform plugin could be initialized. Reinstalling the application may fix this problem.
01-02 13:31:49.253 10817 10833 F libTekniker_armeabi-v7a.so:
01-02 13:31:49.253 10817 10833 F libTekniker_armeabi-v7a.so: Available platform plugins are: android.
01-02 13:31:49.253 10817 10833 F libTekniker_armeabi-v7a.so:
01-02 13:31:49.254 184 184 I chatty : uid=0(root) /system/bin/debuggerd expire 4 lines
01-02 13:31:49.743 511 10874 W ActivityManager: Force finishing activity com.ermaksan.android.tekniker/org.qtproject.qt5.android.bindings.QtActivity
01-02 13:31:49.744 511 530 I BootReceiver: Copying /data/tombstones/tombstone_00 to DropBox (SYSTEM_TOMBSTONE)
01-02 13:31:49.760 511 10874 W ActivityManager: Force finishing activity com.ermaksan.android.tekniker/org.qtproject.qt5.android.bindings.QtActivity
01-02 13:31:49.760 511 10874 W ActivityManager: Duplicate finish request for ActivityRecord{b2ef31a u0 com.ermaksan.android.tekniker/org.qtproject.qt5.android.bindings.QtActivity t63 f}
01-02 13:31:49.764 511 648 W InputDispatcher: channel '1aaebb3 com.ermaksan.android.tekniker/org.qtproject.qt5.android.bindings.QtActivity (server)' ~ Consumer closed input channel or an error occurred. events=0x9
01-02 13:31:49.765 511 648 E InputDispatcher: channel '1aaebb3 com.ermaksan.android.tekniker/org.qtproject.qt5.android.bindings.QtActivity (server)' ~ Channel is unrecoverably broken and will be disposed!
01-02 13:31:49.773 511 523 D GraphicsStats: Buffer count: 7
01-02 13:31:49.773 511 953 I WindowManager: WIN DEATH: Window{1aaebb3 u0 com.ermaksan.android.tekniker/org.qtproject.qt5.android.bindings.QtActivity}
01-02 13:31:49.773 511 953 W InputDispatcher: Attempted to unregister already unregistered input channel '1aaebb3 com.ermaksan.android.tekniker/org.qtproject.qt5.android.bindings.QtActivity (server)'
01-02 13:31:49.776 511 634 I ActivityManager: Process com.ermaksan.android.tekniker (pid 10817) has died
01-02 13:31:49.777 511 634 D ActivityManager: cleanUpApplicationRecord -- 10817
01-02 13:31:49.833 232 232 I chatty : uid=0(root) main expire 2 lines
01-02 13:31:49.870 511 2996 I OpenGLRenderer: Initialized EGL, version 1.4
01-02 13:31:49.871 511 2996 D OpenGLRenderer: Swap behavior 1
01-02 13:31:49.871 511 2996 W OpenGLRenderer: Failed to choose config with EGL_SWAP_BEHAVIOR_PRESERVED, retrying without...
01-02 13:31:49.871 511 2996 D OpenGLRenderer: Swap behavior 0