04-23 22:52:37.805: I/AndroidRuntime(16355): readDownloadBoosterConfig: 'false'
04-23 22:52:37.805: W/ProxyAndroidLoggerBackend(15520): Too many Flogger logs received before configuration. Dropping old logs.
04-23 22:52:37.805: W/ProxyAndroidLoggerBackend(15520): Too many Flogger logs received before configuration. Dropping old logs.
04-23 22:52:37.805: W/ProxyAndroidLoggerBackend(15520): Too many Flogger logs received before configuration. Dropping old logs.
04-23 22:52:37.805: W/ProxyAndroidLoggerBackend(15520): Too many Flogger logs received before configuration. Dropping old logs.
04-23 22:52:37.805: W/ProxyAndroidLoggerBackend(15520): Too many Flogger logs received before configuration. Dropping old logs.
04-23 22:52:37.805: W/ProxyAndroidLoggerBackend(15520): Too many Flogger logs received before configuration. Dropping old logs.
04-23 22:52:37.805: W/ProxyAndroidLoggerBackend(15520): Too many Flogger logs received before configuration. Dropping old logs.
04-23 22:52:37.805: W/ProxyAndroidLoggerBackend(15520): Too many Flogger logs received before configuration. Dropping old logs.
04-23 22:52:37.805: W/ProxyAndroidLoggerBackend(15520): Too many Flogger logs received before configuration. Dropping old logs.
04-23 22:52:37.805: W/ProxyAndroidLoggerBackend(15520): Too many Flogger logs received before configuration. Dropping old logs.
04-23 22:52:37.805: W/ProxyAndroidLoggerBackend(15520): Too many Flogger logs received before configuration. Dropping old logs.
04-23 22:52:37.805: W/ProxyAndroidLoggerBackend(15520): Too many Flogger logs received before configuration. Dropping old logs.
04-23 22:52:37.805: W/ProxyAndroidLoggerBackend(15520): Too many Flogger logs received before configuration. Dropping old logs.
04-23 22:52:37.805: W/ProxyAndroidLoggerBackend(15520): Too many Flogger logs received before configuration. Dropping old logs.
04-23 22:52:37.805: W/ProxyAndroidLoggerBackend(15520): Too many Flogger logs received before configuration. Dropping old logs.
04-23 22:52:37.805: W/ProxyAndroidLoggerBackend(15520): Too many Flogger logs received before configuration. Dropping old logs.
04-23 22:52:37.815: W/ProxyAndroidLoggerBackend(15520): Too many Flogger logs received before configuration. Dropping old logs.
04-23 22:52:37.815: W/ProxyAndroidLoggerBackend(15520): Too many Flogger logs received before configuration. Dropping old logs.
04-23 22:52:37.815: W/ProxyAndroidLoggerBackend(15520): Too many Flogger logs received before configuration. Dropping old logs.
04-23 22:52:37.815: W/ProxyAndroidLoggerBackend(15520): Too many Flogger logs received before configuration. Dropping old logs.
04-23 22:52:37.815: W/ProxyAndroidLoggerBackend(15520): Too many Flogger logs received before configuration. Dropping old logs.
04-23 22:52:37.815: W/ProxyAndroidLoggerBackend(15520): Too many Flogger logs received before configuration. Dropping old logs.
04-23 22:52:37.815: W/ProxyAndroidLoggerBackend(15520): Too many Flogger logs received before configuration. Dropping old logs.
04-23 22:52:37.815: W/ProxyAndroidLoggerBackend(15520): Too many Flogger logs received before configuration. Dropping old logs.
04-23 22:52:37.815: W/ProxyAndroidLoggerBackend(15520): Too many Flogger logs received before configuration. Dropping old logs.
04-23 22:52:37.815: W/ProxyAndroidLoggerBackend(15520): Too many Flogger logs received before configuration. Dropping old logs.
04-23 22:52:37.815: W/ProxyAndroidLoggerBackend(15520): Too many Flogger logs received before configuration. Dropping old logs.
04-23 22:52:37.815: W/ProxyAndroidLoggerBackend(15520): Too many Flogger logs received before configuration. Dropping old logs.
04-23 22:52:37.815: W/ProxyAndroidLoggerBackend(15520): Too many Flogger logs received before configuration. Dropping old logs.
04-23 22:52:37.815: W/ProxyAndroidLoggerBackend(15520): Too many Flogger logs received before configuration. Dropping old logs.
04-23 22:52:37.815: W/ProxyAndroidLoggerBackend(15520): Too many Flogger logs received before configuration. Dropping old logs.
04-23 22:52:37.815: W/ProxyAndroidLoggerBackend(15520): Too many Flogger logs received before configuration. Dropping old logs.
04-23 22:52:37.815: W/ProxyAndroidLoggerBackend(15520): Too many Flogger logs received before configuration. Dropping old logs.
04-23 22:52:37.815: W/ProxyAndroidLoggerBackend(15520): Too many Flogger logs received before configuration. Dropping old logs.
04-23 22:52:37.815: W/ProxyAndroidLoggerBackend(15520): Too many Flogger logs received before configuration. Dropping old logs.
04-23 22:52:37.815: W/ProxyAndroidLoggerBackend(15520): Too many Flogger logs received before configuration. Dropping old logs.
04-23 22:52:37.815: W/ProxyAndroidLoggerBackend(15520): Too many Flogger logs received before configuration. Dropping old logs.
04-23 22:52:37.815: W/ProxyAndroidLoggerBackend(15520): Too many Flogger logs received before configuration. Dropping old logs.
04-23 22:52:37.815: W/ProxyAndroidLoggerBackend(15520): Too many Flogger logs received before configuration. Dropping old logs.
04-23 22:52:37.815: W/ProxyAndroidLoggerBackend(15520): Too many Flogger logs received before configuration. Dropping old logs.
04-23 22:52:37.815: W/ProxyAndroidLoggerBackend(15520): Too many Flogger logs received before configuration. Dropping old logs.
04-23 22:52:37.815: W/ProxyAndroidLoggerBackend(15520): Too many Flogger logs received before configuration. Dropping old logs.
04-23 22:52:37.815: W/ProxyAndroidLoggerBackend(15520): Too many Flogger logs received before configuration. Dropping old logs.
04-23 22:52:37.815: W/ProxyAndroidLoggerBackend(15520): Too many Flogger logs received before configuration. Dropping old logs.
04-23 22:52:37.815: W/ProxyAndroidLoggerBackend(15520): Too many Flogger logs received before configuration. Dropping old logs.
04-23 22:52:37.815: W/ProxyAndroidLoggerBackend(15520): Too many Flogger logs received before configuration. Dropping old logs.
04-23 22:52:37.815: W/ProxyAndroidLoggerBackend(15520): Too many Flogger logs received before configuration. Dropping old logs.
04-23 22:52:37.815: W/ProxyAndroidLoggerBackend(15520): Too many Flogger logs received before configuration. Dropping old logs.
04-23 22:52:37.815: W/ProxyAndroidLoggerBackend(15520): Too many Flogger logs received before configuration. Dropping old logs.
04-23 22:52:37.815: W/ProxyAndroidLoggerBackend(15520): Too many Flogger logs received before configuration. Dropping old logs.
04-23 22:52:37.815: W/ProxyAndroidLoggerBackend(15520): Too many Flogger logs received before configuration. Dropping old logs.
04-23 22:52:37.815: W/ProxyAndroidLoggerBackend(15520): Too many Flogger logs received before configuration. Dropping old logs.
04-23 22:52:37.815: W/ProxyAndroidLoggerBackend(15520): Too many Flogger logs received before configuration. Dropping old logs.
04-23 22:52:37.815: W/ProxyAndroidLoggerBackend(15520): Too many Flogger logs received before configuration. Dropping old logs.
04-23 22:52:37.815: W/ProxyAndroidLoggerBackend(15520): Too many Flogger logs received before configuration. Dropping old logs.
04-23 22:52:37.815: W/ProxyAndroidLoggerBackend(15520): Too many Flogger logs received before configuration. Dropping old logs.
04-23 22:52:37.815: W/ProxyAndroidLoggerBackend(15520): Too many Flogger logs received before configuration. Dropping old logs.
04-23 22:52:37.815: W/ProxyAndroidLoggerBackend(15520): Too many Flogger logs received before configuration. Dropping old logs.
04-23 22:52:37.815: W/ProxyAndroidLoggerBackend(15520): Too many Flogger logs received before configuration. Dropping old logs.
04-23 22:52:37.815: W/ProxyAndroidLoggerBackend(15520): Too many Flogger logs received before configuration. Dropping old logs.
04-23 22:52:37.815: W/ProxyAndroidLoggerBackend(15520): Too many Flogger logs received before configuration. Dropping old logs.
04-23 22:52:37.815: W/ProxyAndroidLoggerBackend(15520): Too many Flogger logs received before configuration. Dropping old logs.
04-23 22:52:37.855: I/Auth(15209): [AccountStatusChecker] OnDataChanged check:
04-23 22:52:37.865: I/Auth(15209): [AccountStatusChecker] Canceling for
04-23 22:52:37.885: W/ProxyAndroidLoggerBackend(15520): Too many Flogger logs received before configuration. Dropping old logs.
04-23 22:52:37.945: W/art(16216): Attempt to remove local handle scope entry from IRT, ignoring
04-23 22:52:37.945: W/art(16216): [
04-23 22:52:37.955 16355:16355 I/ ]
04-23 22:52:37.945: W/art(16216): power log dlsym ok
04-23 22:52:37.955: W/System.err(2958): java.lang.SecurityException: WifiService: Neither user 10052 nor current process has android.permission.CHANGE_WIFI_STATE.
04-23 22:52:37.965: W/System.err(2958): at android.app.ContextImpl.enforce(ContextImpl.java:1962)
04-23 22:52:37.965: W/System.err(2958): at android.app.ContextImpl.enforceCallingOrSelfPermission(ContextImpl.java:1991)
04-23 22:52:37.965: W/System.err(2958): at com.android.server.wifi.WifiServiceImpl.enforceChangePermission(WifiServiceImpl.java:784)
04-23 22:52:37.965: W/System.err(2958): at com.android.server.wifi.WifiServiceImpl.getWifiServiceMessenger(WifiServiceImpl.java:1903)
04-23 22:52:37.965: W/System.err(2958): at android.net.wifi.IWifiManager$Stub.onTransact(IWifiManager.java:495)
04-23 22:52:37.965: W/System.err(2958): at com.android.server.wifi.HwWifiService.onTransact(HwWifiService.java:61)
04-23 22:52:37.965: W/System.err(2958): at android.os.Binder.execTransact(Binder.java:446)
04-23 22:52:37.965: E/WifiManager(16216): WifiServiceMessenger == null
04-23 22:52:38.005: E/android_hardware_fm.cpp(16355): register_android_hardware_fm_fmradio
04-23 22:52:38.005: I/android_hardware_fm.cpp(16355): ========64bit long size = 8
04-23 22:52:38.005: E/FM_HAL(16355): [FM_HAL], libname is libhisifm_if
04-23 22:52:38.005: I/fm_hisi(16355): FM::[fm_device_open:4655] fm_device_open
04-23 22:52:38.005: I/fm_hisi(16355): FM::[fm_device_open:4666] find the id:libhisifm_if and begins to open the device
04-23 22:52:38.005: I/fm_hisi(16355): FM::[fm_device_open:4710] device open sucess
04-23 22:52:38.005: E/android_hardware_fm.cpp(16355): register_android_hardware_fm_fmradio, ret is 0
04-23 22:52:38.025: I/art(2958): Explicit concurrent mark sweep GC freed 19205(1165KB) AllocSpace objects, 4(80KB) LOS objects, 33% free, 28MB/42MB, paused 2.669ms total 230.164ms
04-23 22:52:38.025: I/PG Utils(15777): acquire_providerpkg:[com.google.android.gsf] pid:[] maybe timeout , send to PG
04-23 22:52:38.025: I/PG Utils(15520): acquire_providerpkg:[com.google.android.gsf] pid:[] maybe timeout , send to PG
04-23 22:52:38.055: I/GAV2(15980): Thread[GAThread,5,main]: No campaign data found.
04-23 22:52:38.055: I/PG Utils(15520): acquire_providerpkg:[com.google.android.gsf] pid:[] maybe timeout , send to PG
04-23 22:52:38.055: I/installd(2332): free_cache(26738300) avail 9895763968
04-23 22:52:38.065: W/ProxyAndroidLoggerBackend(15520): Too many Flogger logs received before configuration. Dropping old logs.
04-23 22:52:38.065: W/ProxyAndroidLoggerBackend(15520): Too many Flogger logs received before configuration. Dropping old logs.
04-23 22:52:38.105: I/PG Utils(15520): acquire_providerpkg:[com.google.android.gsf] pid:[] maybe timeout , send to PG
04-23 22:52:38.125: W/ProxyAndroidLoggerBackend(15520): Too many Flogger logs received before configuration. Dropping old logs.
04-23 22:52:38.185: W/ContextImpl(15777): Failed to ensure directory: /storage/sdcard1/Android/data/com.google.android.music/cache
04-23 22:52:38.195: I/ActivityManager(2958): filter receiver for action = com.google.android.music.accountchanged
04-23 22:52:38.205: I/GcmRegistrationService(15777): Handling GCM Registration Intent for action: com.google.android.music.GCM_REGISTER
04-23 22:52:38.225: I/PG Utils(15777): acquire_providerpkg:[com.google.android.gsf] pid:[] maybe timeout , send to PG
04-23 22:52:38.235: I/GHttpClientFactory(15777): Using our fixed implementation of GMSCore's GoogleHttpClient
04-23 22:52:38.235: I/GoogleURLConnFactory(15777): Using platform SSLCertificateSocketFactory
04-23 22:52:38.255: I/ActivityManager(2958): filter receiver for action = android.intent.action.DROPBOX_ENTRY_ADDED
04-23 22:52:38.275: W/ProxyAndroidLoggerBackend(15520): Too many Flogger logs received before configuration. Dropping old logs.
04-23 22:52:38.275: W/ProxyAndroidLoggerBackend(15520): Too many Flogger logs received before configuration. Dropping old logs.
04-23 22:52:38.275: W/JavaBinder(15520): BinderProxy is being destroyed but the application did not call unlinkToDeath to unlink all of its death recipients beforehand. Releasing leaked death recipient: akto
04-23 22:52:38.445: E/Babel(16216): Invalid server experiment type 4 for BabelExperiment{id='b84806c8', experimentType=0, defaultBoolean=null, defaultLong=null}
04-23 22:52:38.445: E/Babel(16216): Invalid server experiment type 4 for BabelExperiment{id='2bbedf01', experimentType=0, defaultBoolean=null, defaultLong=null}
04-23 22:52:38.465: W/BabelExperiments(16216): Pre-computing loggable experiments for invalid account -1
04-23 22:52:38.475: I/Babel(16216): BAM created 1
04-23 22:52:38.515: I/ActivityManager(2958): filter receiver for action = com.android.mail.ACTION_NOTIFY_DATASET_CHANGED
04-23 22:52:38.555: I/ActivityManager(2958): filter receiver for action = com.google.android.apps.hangouts.SYNC
04-23 22:52:38.665: I/ActivityManager(2958): filter receiver for action = com.google.android.gm.intent.ACTION_PROVIDER_CREATED
04-23 22:52:38.905: I/PG Utils(15520): acquire_providerpkg:[com.google.android.gsf] pid:[] maybe timeout , send to PG
04-23 22:52:38.915: W/ProxyAndroidLoggerBackend(15520): Too many Flogger logs received before configuration. Dropping old logs.
04-23 22:52:38.925: I/Finsky(15520): [295] rix.a(5): Regular flags synced
04-23 22:52:38.955: I/PG Utils(16333): acquire_providerpkg:[com.google.android.gsf] pid:[] maybe timeout , send to PG
04-23 22:52:38.965: I/Gmail(16333): getAccountsCursor
04-23 22:52:38.985: I/art(16333): Can not find class: Lcom/google/ads/AdRequest;
04-23 22:52:38.985: W/ChimeraUtils(15209): Non Chimera context
04-23 22:52:39.005: W/GAV2(16333): Thread[main,5,main]: Need to call initialize() and be in fallback mode to start dispatch.
04-23 22:52:39.025: I/Finsky(15520): [295] rig.a(6): Writing flags config, size 1.
04-23 22:52:39.025: I/Finsky(15520): [295] rig.a(6): Started writing experiment flags into file [s-hoFvvPKgU99YrQ01V82ECmJDrM7fIwLr7OXIPU1EQ].
04-23 22:52:39.025: I/Finsky(15520): [295] rig.a(21): Finished writing experiment flags into file [s-hoFvvPKgU99YrQ01V82ECmJDrM7fIwLr7OXIPU1EQ].
04-23 22:52:39.035: I/Finsky(15520): [295] ril.b(26): Successfully applied new configurations for package com.google.android.finsky.regular.
04-23 22:52:39.035: I/Finsky(15520): [296] ril.c(1): Triggered update for experiment package com.google.android.finsky.regular.
04-23 22:52:39.045: W/ProxyAndroidLoggerBackend(15520): Too many Flogger logs received before configuration. Dropping old logs.
04-23 22:52:39.155: W/ProxyAndroidLoggerBackend(15520): Too many Flogger logs received before configuration. Dropping old logs.
04-23 22:52:39.155: W/ProxyAndroidLoggerBackend(15520): Too many Flogger logs received before configuration. Dropping old logs.
04-23 22:52:39.195: E/Gmail(16333): Error finding the version of the Email provider.....
04-23 22:52:39.195: E/Gmail(16333): android.content.pm.PackageManager$NameNotFoundException: com.google.android.email
04-23 22:52:39.195: E/Gmail(16333): at android.app.ApplicationPackageManager.getPackageInfo(ApplicationPackageManager.java:120)
04-23 22:52:39.195: E/Gmail(16333): at com.google.android.gm.EmailMigrationService.a(SourceFile:1280)
04-23 22:52:39.195: E/Gmail(16333): at com.google.android.gm.EmailMigrationService.onHandleIntent(SourceFile:219)
04-23 22:52:39.195: E/Gmail(16333): at android.app.IntentService$ServiceHandler.handleMessage(IntentService.java:65)
04-23 22:52:39.195: E/Gmail(16333): at android.os.Handler.dispatchMessage(Handler.java:102)
04-23 22:52:39.195: E/Gmail(16333): at android.os.Looper.loop(Looper.java:135)
04-23 22:52:39.195: E/Gmail(16333): at android.os.HandlerThread.run(HandlerThread.java:61)
04-23 22:52:39.195: W/EmailMigration(16333): We do not support migrating this version of the Email provider.
04-23 22:52:39.195: I/GmailIS(16333): Receive LOGIN_ACCOUNTS_CHANGED intent: Intent { act=android.accounts.LOGIN_ACCOUNTS_CHANGED flg=0x4000010 cmp=com.google.android.gm/.GmailIntentService }
04-23 22:52:39.215: I/Gmail(16333): getAccountsCursor
04-23 22:52:39.235: I/Gmail(16333): System accounts updated.
04-23 22:52:39.265: W/ChimeraUtils(15209): Non Chimera context
04-23 22:52:39.355: I/art(16216): Can not find class: Ljavax/net/ssl/SNIServerName;
04-23 22:52:39.355: I/art(16216): Can not find class: Ljavax/net/ssl/SNIHostName;
04-23 22:52:39.355: I/art(16216): Can not find class: Ljavax/net/ssl/SNIHostName;
04-23 22:52:39.355: I/art(16216): Can not find class: Ljavax/net/ssl/SNIHostName;
04-23 22:52:39.375: W/ProxyAndroidLoggerBackend(15520): Too many Flogger logs received before configuration. Dropping old logs.
04-23 22:52:39.375: I/Finsky(15520): [296] rix.a(5): Regular flags synced
04-23 22:52:39.385: I/Finsky(15520): [296] rig.a(6): Writing flags config, size 1.
04-23 22:52:39.385: I/Finsky(15520): [296] rig.a(6): Started writing experiment flags into file [4dEVOh7DlClE42ly_19Hs7FqnnFOj9O0dm-zzWqGxeo].
04-23 22:52:39.385: I/Finsky(15520): [296] rig.a(21): Finished writing experiment flags into file [4dEVOh7DlClE42ly_19Hs7FqnnFOj9O0dm-zzWqGxeo].
04-23 22:52:39.395: I/Finsky(15520): [296] ril.b(26): Successfully applied new configurations for package com.google.android.finsky.regular.
04-23 22:52:39.395: I/Finsky(15520): [294] ril.c(1): Triggered update for experiment package com.google.android.finsky.stable.
04-23 22:52:39.425: I/art(16216): Can not find class: Lcom/google/android/gms/org/conscrypt/OpenSSLSocketFactoryImpl;
04-23 22:52:39.425: W/System(16216): Could not create com.google.android.gms.org.conscrypt.OpenSSLSocketFactoryImpl with ClassLoader dalvik.system.PathClassLoader[DexPathList[[zip file "/system/framework/com.google.android.media.effects.jar", zip file "/system/app/Hangouts/Hangouts.apk"],nativeLibraryDirectories=[/system/app/Hangouts/lib/arm, /vendor/lib, /system/lib]]]: com.google.android.gms.org.conscrypt.OpenSSLSocketFactoryImpl
04-23 22:52:39.425: I/ProviderInstaller(16216): Installed default security provider GmsCore_OpenSSL
04-23 22:52:39.545: I/appproc(16455): CLASSPATH=/system/framework/pm.jar
04-23 22:52:39.545: I/appproc(16455): Command=app_process /system/bin com.android.commands.pm.Pm install-commit 548179598
04-23 22:52:39.545: I/appproc(16455): app_process:number,4,0
04-23 22:52:39.545: I/AndroidRuntime(16455): readDownloadBoosterConfig: 'false'
04-23 22:52:39.615: I/PG Utils(15520): acquire_providerpkg:[com.google.android.gsf] pid:[] maybe timeout , send to PG
04-23 22:52:39.625: W/ChimeraUtils(15209): Non Chimera context
04-23 22:52:39.635: I/HwSystemManager(3669): HoldService:uid:10007 pid:14505 died
04-23 22:52:39.635: I/HwSystemManager(3669): HoldService:oldVersionKey:10007,14505
04-23 22:52:39.635: I/HwSystemManager(3669): BgPowerManagerService:onProcessDied uid = 10007
04-23 22:52:39.635: E/HsmCoreServiceImpl(2958): onTransact in code is: 102
04-23 22:52:39.635: I/MediaProcessHandler(2958): processOp opType: 1, uid: 10007, pid: 14505
04-23 22:52:39.635: W/MediaProcessHandler(2958): remove target not exist, maybe the UI process: uid: 10007, pid: 14505
04-23 22:52:39.645: I/Gmail(16333): Observing account changes for notifications
04-23 22:52:39.665: I/ActivityManager(2958): filter receiver for action = com.android.mail.ACTION_NOTIFY_DATASET_CHANGED
04-23 22:52:39.665: I/NotifActionUtils(16333): resendNotifications account: null, folder: null
04-23 22:52:39.675: I/Gmail(16333): getAccountsCursor
04-23 22:52:39.675: I/Gmail(16333): [
04-23 22:52:39.695 16455:16455 I/ ]
04-23 22:52:39.675: I/Gmail(16333): power log dlsym ok
04-23 22:52:39.695: W/ChimeraUtils(15209): Non Chimera context
04-23 22:52:39.715: I/Babel(16216): BAM#account updated: 1
04-23 22:52:39.725: I/ActivityManager(2958): filter receiver for action = com.google.android.apps.hangouts.SYNC
04-23 22:52:39.735: W/ProxyAndroidLoggerBackend(15520): Too many Flogger logs received before configuration. Dropping old logs.
04-23 22:52:39.735: I/Finsky(15520): [229] ljt.a(8): Sending Heterodyne sync request for package com.google.android.finsky.stable
04-23 22:52:39.735: W/ProxyAndroidLoggerBackend(15520): Too many Flogger logs received before configuration. Dropping old logs.
04-23 22:52:39.735: I/Babel_StickerModule(16216): Account change update: 1
04-23 22:52:39.735: I/Babel_StickerModule(16216): Sticker update initiated. last:-1 empty:false
04-23 22:52:39.735: E/android_hardware_fm.cpp(16455): register_android_hardware_fm_fmradio
04-23 22:52:39.735: I/android_hardware_fm.cpp(16455): ========64bit long size = 8
04-23 22:52:39.735: E/FM_HAL(16455): [FM_HAL], libname is libhisifm_if
04-23 22:52:39.745: I/fm_hisi(16455): FM::[fm_device_open:4655] fm_device_open
04-23 22:52:39.745: I/fm_hisi(16455): FM::[fm_device_open:4666] find the id:libhisifm_if and begins to open the device
04-23 22:52:39.745: I/fm_hisi(16455): FM::[fm_device_open:4710] device open sucess
04-23 22:52:39.745: E/android_hardware_fm.cpp(16455): register_android_hardware_fm_fmradio, ret is 0
04-23 22:52:39.755: I/NotifUtils(16333): resendNotifications cancelExisting: false, account: null, folder: null
04-23 22:52:39.815: I/art(2958): Can not find class: Lcom/android/server/pm/PackageInstallerService$PackageInstallObserverAdapter;
04-23 22:52:39.865: W/ProxyAndroidLoggerBackend(15520): Too many Flogger logs received before configuration. Dropping old logs.
04-23 22:52:39.865: I/Finsky(15520): [229] ljt.a(3): Received Heterodyne sync response. StatusCode=200
04-23 22:52:39.865: W/ProxyAndroidLoggerBackend(15520): Too many Flogger logs received before configuration. Dropping old logs.
04-23 22:52:39.865: W/ProxyAndroidLoggerBackend(15520): Too many Flogger logs received before configuration. Dropping old logs.
04-23 22:52:39.875: I/HwSystemManager(3669): BgPowerManagerService:onProcessDied uid = 10094
04-23 22:52:39.875: I/HwSystemManager(3669): HoldService:uid:10094 pid:14873 died
04-23 22:52:39.875: I/HwSystemManager(3669): HoldService:oldVersionKey:10094,14873
04-23 22:52:39.875: E/HsmCoreServiceImpl(2958): onTransact in code is: 102
04-23 22:52:39.875: I/MediaProcessHandler(2958): processOp opType: 1, uid: 10094, pid: 14873
04-23 22:52:39.875: W/MediaProcessHandler(2958): remove target not exist, maybe the UI process: uid: 10094, pid: 14873
04-23 22:52:39.885: E/GmsClient(16216): unable to connect to service: com.google.android.gms.playlog.service.START
04-23 22:52:39.885: I/PG Utils(15520): acquire_providerpkg:[com.google.android.gsf] pid:[] maybe timeout , send to PG
04-23 22:52:39.895: I/PG Utils(16216): acquire_providerpkg:[com.google.android.gsf] pid:[] maybe timeout , send to PG
04-23 22:52:39.905: W/ProxyAndroidLoggerBackend(15520): Too many Flogger logs received before configuration. Dropping old logs.
04-23 22:52:39.905: I/Babel(16216): Starting account registration:1-Redacted-54
04-23 22:52:39.905: W/ProxyAndroidLoggerBackend(15520): Too many Flogger logs received before configuration. Dropping old logs.
04-23 22:52:39.905: W/ProxyAndroidLoggerBackend(15520): Too many Flogger logs received before configuration. Dropping old logs.
04-23 22:52:39.925: W/InstanceID/Rpc(15777): Found 10010
04-23 22:52:39.935: W/ProxyAndroidLoggerBackend(15520): Too many Flogger logs received before configuration. Dropping old logs.
04-23 22:52:39.955: I/PG Utils(16216): acquire_providerpkg:[com.google.android.gsf] pid:[] maybe timeout , send to PG
04-23 22:52:39.965: W/ProxyAndroidLoggerBackend(15520): Too many Flogger logs received before configuration. Dropping old logs.
04-23 22:52:39.965: W/ProxyAndroidLoggerBackend(15520): Too many Flogger logs received before configuration. Dropping old logs.
04-23 22:52:39.995: I/PG Utils(16216): acquire_providerpkg:[com.google.android.gsf] pid:[] maybe timeout , send to PG
04-23 22:52:40.025: E/PhoneInterfaceManager(3510): [PhoneIntfMgr] getIccId: No UICC
04-23 22:52:40.025: W/ProxyAndroidLoggerBackend(15520): Too many Flogger logs received before configuration. Dropping old logs.
04-23 22:52:40.025: I/PG Utils(15209): acquire_providerpkg:[com.google.android.gsf] pid:[] maybe timeout , send to PG
04-23 22:52:40.035: I/Finsky(15520): [294] rig.a(6): Writing flags config, size 1.
04-23 22:52:40.035: I/Finsky(15520): [294] rig.a(6): Started writing experiment flags into file [8uKij9Tp4PZyjSvh8NyLyFvuCv94NONrKvkkdzEKIoQ].
04-23 22:52:40.035: I/Finsky(15520): [294] rig.a(21): Finished writing experiment flags into file [8uKij9Tp4PZyjSvh8NyLyFvuCv94NONrKvkkdzEKIoQ].
04-23 22:52:40.035: I/Finsky(15520): [294] ril.b(26): Successfully applied new configurations for package com.google.android.finsky.stable.
04-23 22:52:40.065: I/OAM(2639): [check_file_size:402]/data/hwlogdir/wifi_log/wifi_log_1 log file beyond size=10240Byte, creat new file
04-23 22:52:40.065: I/OAM(2639): [rename_old_file:107]rename_old_file
04-23 22:52:40.095: I/System(15209): core_booster, getBoosterConfig = false
04-23 22:52:40.105: I/System(15209): core_booster, getBoosterConfig = false
04-23 22:52:40.105: I/System(15209): core_booster, getBoosterConfig = false
04-23 22:52:40.105: W/Conscrypt(15209): Could not set socket write timeout: java.net.SocketException: Socket closed
04-23 22:52:40.105: E/art(15209): invalid stream - problem with parameter iterator in /data/app/com.google.android.gms-1/base.apk for method void com.google.android.gms.org.conscrypt.ConscryptFileDescriptorSocket.setSoWriteTimeout(int)
04-23 22:52:40.105: W/Conscrypt(15209): at com.google.android.gms.org.conscrypt.Platform.setSocketWriteTimeout(:com.google.android.gms@200914010@20.09.14 (020400-300565878):2)
04-23 22:52:40.105: W/Conscrypt(15209): at com.google.android.gms.org.conscrypt.ConscryptFileDescriptorSocket.setSoWriteTimeout(:com.google.android.gms@200914010@20.09.14 (020400-300565878))
04-23 22:52:40.135: W/Conscrypt(15209): Could not set socket write timeout: java.net.SocketException: Socket closed
04-23 22:52:40.135: E/art(15209): invalid stream - problem with parameter iterator in /data/app/com.google.android.gms-1/base.apk for method void com.google.android.gms.org.conscrypt.ConscryptFileDescriptorSocket.setSoWriteTimeout(int)
04-23 22:52:40.135: W/Conscrypt(15209): at com.google.android.gms.org.conscrypt.Platform.setSocketWriteTimeout(:com.google.android.gms@200914010@20.09.14 (020400-300565878):2)
04-23 22:52:40.135: W/Conscrypt(15209): at com.google.android.gms.org.conscrypt.ConscryptFileDescriptorSocket.setSoWriteTimeout(:com.google.android.gms@200914010@20.09.14 (020400-300565878))
04-23 22:52:40.235: I/PG Utils(16461): acquire_providerpkg:[com.google.android.gsf] pid:[] maybe timeout , send to PG
04-23 22:52:40.315: I/Auth(15209): [AccountStatusChecker] OnDataChanged check:
04-23 22:52:40.315: I/Auth(15209): [AccountStatusChecker] Canceling for
04-23 22:52:40.405: I/Auth(15209): [AccountStatusChecker] OnDataChanged check:
04-23 22:52:40.405: I/Auth(15209): [AccountStatusChecker] Canceling for
04-23 22:52:40.425: W/InstanceID(15777): token: fzEowgGKM9o:APA91bFo3aA50qX6zAtlASiBIMocEKbzhIkxKbZzpEZr1vWphgLe_HttibKBb5WMYPHBVNK2X8SxUqU-k1sc-SS4IarXLYhf8Sg36YZbmXxlrMN79bt8xCtEFu3jNEJVuHCoTsnEOGAJ
04-23 22:52:40.435: I/MusicGcmRegistration(15777): Received GCM Registration Token: fzEowgGKM9o:APA91bFo3aA50qX6zAtlASiBIMocEKbzhIkxKbZzpEZr1vWphgLe_HttibKBb5WMYPHBVNK2X8SxUqU-k1sc-SS4IarXLYhf8Sg36YZbmXxlrMN79bt8xCtEFu3jNEJVuHCoTsnEOGAJ
04-23 22:52:40.515: E/WifiStateMachine(2958): ConnectedState !CMD_RSSI_POLL 1 0 "wl-ftl-mt03-1-24" 44:48:c1:91:9d:e0 rssi=-51 f=2412 sc=100 link=72 tx=88,8, 0,0, 0,0 rx=183,4 bcn=0 [on:0 tx:0 rx:0 period:3003] from screen [on:0 period:-1430338986] gl u24 rssi=-51 ag=0 hr ticks 0,0,0 ls-=0 [56,56,60,60,65] brc=0 lrc=0
04-23 22:52:40.525: E/WifiStateMachine(2958): L2ConnectedState !CMD_RSSI_POLL 1 0 "wl-ftl-mt03-1-24" 44:48:c1:91:9d:e0 rssi=-51 f=2412 sc=100 link=72 tx=88,8, 0,0, 0,0 rx=183,4 bcn=0 [on:0 tx:0 rx:0 period:1] from screen [on:0 period:-1430338985] gl u24 rssi=-51 ag=0 hr ticks 0,0,0 ls-=0 [56,56,60,60,65] brc=0 lrc=0
04-23 22:52:40.525: E/WifiStateMachine(2958): fetchRssiLinkSpeedAndFrequencyNative rssi=-52 linkspeed=72 SSID="wl-ftl-mt03-1-24"
04-23 22:52:40.525: E/WifiStateMachine(2958): calculateWifiScore freq=2412 speed=72 score=100 highRSSI -> txbadrate=0,00 txgoodrate=76,88 txretriesrate=0,00 rxrate=168,69 userTriggerdPenalty0
04-23 22:52:40.525: E/WifiStateMachine(2958): good link -> stuck count =0
04-23 22:52:40.525: E/WifiStateMachine(2958): badRSSI count0 lowRSSI count0 --> score 60
04-23 22:52:40.525: E/WifiStateMachine(2958): isHighRSSI ---> score=65
04-23 22:52:40.525: I/art(16216): Note: end time exceeds epoch:
04-23 22:52:40.545: E/Babel_CronetHttpRequestSender(16216): Http error response
04-23 22:52:40.545: E/Babel_CronetHttpRequestSender(16216): -globalnotFound
04-23 22:52:40.545: E/Babel_CronetHttpRequestSender(16216): Not Found” Not Found
04-23 22:52:40.545: W/Babel_CronetHttpRequestSender(16216): Cronet HTTP request failed
04-23 22:52:40.545: W/Babel_CronetHttpRequestSender(16216): org.apache.http.client.HttpResponseException: OK
04-23 22:52:40.545: W/Babel_CronetHttpRequestSender(16216): at bwc.b(SourceFile:98)
04-23 22:52:40.545: W/Babel_CronetHttpRequestSender(16216): at org.chromium.net.ChromiumUrlRequest.finish(SourceFile:2501)
04-23 22:52:40.545: E/Babel(16216): GetChatAclSettingsOperation failed for Redacted-17
04-23 22:52:40.545: E/Babel(16216): dar: OK -- null
04-23 22:52:40.545: E/Babel(16216): at cyu.a(SourceFile:299)
04-23 22:52:40.545: E/Babel(16216): at cyu.a(SourceFile:1419)
04-23 22:52:40.545: E/Babel(16216): at ctn.a(SourceFile:492)
04-23 22:52:40.545: E/Babel(16216): at ctn.a(SourceFile:1468)
04-23 22:52:40.545: E/Babel(16216): at csw.a(SourceFile:4416)
04-23 22:52:40.545: E/Babel(16216): at cbv.b(SourceFile:106)
04-23 22:52:40.545: E/Babel(16216): at cbs.d(SourceFile:335)
04-23 22:52:40.545: E/Babel(16216): at cbt.run(SourceFile:81)
04-23 22:52:40.555: I/Babel(16216): Account registration complete:1-Redacted-54
04-23 22:52:40.565: I/Babel(16216): ProcessRegisterDeviceResponse
04-23 22:52:40.565: I/Babel(16216): Perform warm sync in case there are messages missed before the device is registered for account Redacted-54
04-23 22:52:40.565: I/ActivityManager(2958): filter receiver for action = com.google.android.apps.hangouts.SYNC
04-23 22:52:40.595: I/wpa_supplicant(3188): wlan0: HEART-BEAT-ACK: 27
04-23 22:52:40.595: E/WifiMonitor(2958): WifiMonitor:wlan0 cnt=55 dispatchEvent: HEART-BEAT-ACK: 27
04-23 22:52:40.595: E/WifiStateMachine(2958): ConnectedState !what:147506 0 0
04-23 22:52:40.595: E/WifiStateMachine(2958): L2ConnectedState !what:147506 0 0
04-23 22:52:40.595: E/WifiStateMachine(2958): ConnectModeState !what:147506 0 0
04-23 22:52:40.595: E/WifiStateMachine(2958): DriverStartedState !what:147506 0 0
04-23 22:52:40.595: E/WifiStateMachine(2958): SupplicantStartedState !what:147506 0 0
04-23 22:52:40.595: I/System(16216): core_booster, getBoosterConfig = false
04-23 22:52:40.615: I/Babel(16216): connection state changed from UNKNOWN to CONNECTED
04-23 22:52:40.615: E/Babel_CronetHttpRequestSender(16216): Http error response
04-23 22:52:40.615: E/Babel_CronetHttpRequestSender(16216): -globalnotFound
04-23 22:52:40.615: E/Babel_CronetHttpRequestSender(16216): Not Found” Not Found
04-23 22:52:40.615: W/Babel_CronetHttpRequestSender(16216): Cronet HTTP request failed
04-23 22:52:40.615: W/Babel_CronetHttpRequestSender(16216): org.apache.http.client.HttpResponseException: OK
04-23 22:52:40.615: W/Babel_CronetHttpRequestSender(16216): at bwc.b(SourceFile:98)
04-23 22:52:40.615: W/Babel_CronetHttpRequestSender(16216): at org.chromium.net.ChromiumUrlRequest.finish(SourceFile:2501)
04-23 22:52:40.625: E/Babel(16216): GetChatAclSettingsOperation failed for Redacted-17
04-23 22:52:40.625: E/Babel(16216): dar: OK -- null
04-23 22:52:40.625: E/Babel(16216): at cyu.a(SourceFile:299)
04-23 22:52:40.625: E/Babel(16216): at cyu.a(SourceFile:1419)
04-23 22:52:40.625: E/Babel(16216): at ctn.a(SourceFile:492)
04-23 22:52:40.625: E/Babel(16216): at ctn.a(SourceFile:1468)
04-23 22:52:40.625: E/Babel(16216): at csw.a(SourceFile:4416)
04-23 22:52:40.625: E/Babel(16216): at cbv.b(SourceFile:106)
04-23 22:52:40.625: E/Babel(16216): at cbs.d(SourceFile:335)
04-23 22:52:40.625: E/Babel(16216): at cbt.run(SourceFile:81)
04-23 22:52:40.665: I/Auth(15209): [AccountStatusChecker] OnDataChanged check:
04-23 22:52:40.665: I/Auth(15209): [AccountStatusChecker] Canceling for
04-23 22:52:40.695: I/System(15777): core_booster, getBoosterConfig = false
04-23 22:52:40.695: I/System(15777): core_booster, getBoosterConfig = false
04-23 22:52:40.695: I/System(15777): core_booster, getBoosterConfig = false
04-23 22:52:40.695: W/Conscrypt(15777): Could not set socket write timeout: java.net.SocketException: Socket closed
04-23 22:52:40.695: E/art(15777): invalid stream - problem with parameter iterator in /data/app/com.google.android.gms-1/base.apk for method void com.google.android.gms.org.conscrypt.ConscryptFileDescriptorSocket.setSoWriteTimeout(int)
04-23 22:52:40.705: W/Conscrypt(15777): at com.google.android.gms.org.conscrypt.Platform.setSocketWriteTimeout(:com.google.android.gms@200914010@20.09.14 (020400-300565878):2)
04-23 22:52:40.705: W/Conscrypt(15777): at com.google.android.gms.org.conscrypt.ConscryptFileDescriptorSocket.setSoWriteTimeout(:com.google.android.gms@200914010@20.09.14 (020400-300565878))
04-23 22:52:40.705: E/Babel_CronetHttpRequestSender(16216): Http error response
04-23 22:52:40.705: E/Babel_CronetHttpRequestSender(16216): -globalnotFound
04-23 22:52:40.705: E/Babel_CronetHttpRequestSender(16216): Not Found” Not Found
04-23 22:52:40.705: W/Babel_CronetHttpRequestSender(16216): Cronet HTTP request failed
04-23 22:52:40.705: W/Babel_CronetHttpRequestSender(16216): org.apache.http.client.HttpResponseException: OK
04-23 22:52:40.705: W/Babel_CronetHttpRequestSender(16216): at bwc.b(SourceFile:98)
04-23 22:52:40.705: W/Babel_CronetHttpRequestSender(16216): at org.chromium.net.ChromiumUrlRequest.finish(SourceFile:2501)
04-23 22:52:40.715: I/art(16216): Note: end time exceeds epoch:
04-23 22:52:40.725: I/ActivityManager(2958): filter receiver for action = android.intent.action.DROPBOX_ENTRY_ADDED
04-23 22:52:40.735: W/Conscrypt(15777): Could not set socket write timeout: java.net.SocketException: Socket closed
04-23 22:52:40.735: E/art(15777): invalid stream - problem with parameter iterator in /data/app/com.google.android.gms-1/base.apk for method void com.google.android.gms.org.conscrypt.ConscryptFileDescriptorSocket.setSoWriteTimeout(int)
04-23 22:52:40.735: W/Conscrypt(15777): at com.google.android.gms.org.conscrypt.Platform.setSocketWriteTimeout(:com.google.android.gms@200914010@20.09.14 (020400-300565878):2)
04-23 22:52:40.735: W/Conscrypt(15777): at com.google.android.gms.org.conscrypt.ConscryptFileDescriptorSocket.setSoWriteTimeout(:com.google.android.gms@200914010@20.09.14 (020400-300565878))
04-23 22:52:40.765: W/InstanceID/Rpc(16461): Found 10010
04-23 22:52:40.815: I/MusicGcmRegistration(15777): Received GCM Device Group: APA91bEEzqqFzqrdHqC27grl2qLmDNkgDMTfYzmRZRgM2e485kTLfxfxpvlHn_EYS9gGHCZDAr2XAdznEazTX6ZpBCucPYGjVXs5AjF5bqarSva2nEw-ktY
04-23 22:52:40.925: I/Finsky(15520): [221] uxn.a(27): Will not allow first-party apps signed by test keys
04-23 22:52:40.935: I/Finsky(15520): [221] bit.a(11): Received content filters request from com.google.android.videos
04-23 22:52:40.965: W/ChimeraUtils(15209): Non Chimera context
04-23 22:52:41.005: W/System.err(16461): Can't open carrierweekinfo-conf.xml
04-23 22:52:41.015: I/PG Utils(16461): acquire_providerpkg:[com.google.android.gsf] pid:[] maybe timeout , send to PG
04-23 22:52:41.045: W/VideoCapabilities(16461): Unsupported mime video/mpeg
04-23 22:52:41.045: W/VideoCapabilities(16461): Unsupported mime video/mpeg2
04-23 22:52:41.045: W/VideoCapabilities(16461): Unrecognized profile 32768 for video/3gpp
04-23 22:52:41.045: W/VideoCapabilities(16461): Unrecognized profile 32768 for video/3gpp
04-23 22:52:41.045: W/VideoCapabilities(16461): Unrecognized profile 32768 for video/3gpp
04-23 22:52:41.045: W/VideoCapabilities(16461): Unrecognized profile 32768 for video/3gpp
04-23 22:52:41.045: W/VideoCapabilities(16461): Unrecognized profile 32768 for video/3gpp
04-23 22:52:41.045: W/VideoCapabilities(16461): Unrecognized profile 32768 for video/3gpp
04-23 22:52:41.045: W/VideoCapabilities(16461): Unrecognized profile 32768 for video/3gpp
04-23 22:52:41.045: W/VideoCapabilities(16461): Unrecognized profile 32768 for video/3gpp
04-23 22:52:41.045: W/VideoCapabilities(16461): Unrecognized profile/level 0/0 for video/3gpp
04-23 22:52:41.045: W/VideoCapabilities(16461): Unrecognized profile 0 for video/3gpp
04-23 22:52:41.045: W/VideoCapabilities(16461): Unsupported mime video/mp4
04-23 22:52:41.055: I/VideoCapabilities(16461): Unsupported profile 8 for video/mp4v-es
04-23 22:52:41.055: I/VideoCapabilities(16461): Unsupported profile 8 for video/mp4v-es
04-23 22:52:41.055: I/VideoCapabilities(16461): Unsupported profile 8 for video/mp4v-es
04-23 22:52:41.055: I/VideoCapabilities(16461): Unsupported profile 8 for video/mp4v-es
04-23 22:52:41.055: I/VideoCapabilities(16461): Unsupported profile 8 for video/mp4v-es
04-23 22:52:41.055: I/VideoCapabilities(16461): Unsupported profile 8 for video/mp4v-es
04-23 22:52:41.055: I/VideoCapabilities(16461): Unsupported profile 8 for video/mp4v-es
04-23 22:52:41.055: I/VideoCapabilities(16461): Unsupported profile 8 for video/mp4v-es
04-23 22:52:41.055: W/VideoCapabilities(16461): Unrecognized profile/level 32768/2 for video/mp4v-es
04-23 22:52:41.055: W/VideoCapabilities(16461): Unrecognized profile 0 for video/mp4v-es
04-23 22:52:41.055: W/VideoCapabilities(16461): Unsupported mime video/mpeg4
04-23 22:52:41.055: W/VideoCapabilities(16461): Unsupported mime video/x-flv
04-23 22:52:41.055: W/VideoCapabilities(16461): Unsupported mime video/vc1
04-23 22:52:41.055: W/VideoCapabilities(16461): Unsupported mime video/wvc1
04-23 22:52:41.055: W/VideoCapabilities(16461): Unsupported mime video/x-ms-wmv
04-23 22:52:41.055: W/VideoCapabilities(16461): Unsupported mime video/x-ms-wmv3
04-23 22:52:41.065: W/VideoCapabilities(16461): Unsupported mime video/x-pn-realvideo
04-23 22:52:41.065: W/VideoCapabilities(16461): Unsupported mime video/ffmpeg
04-23 22:52:41.065: W/AudioCapabilities(16461): Unsupported mime audio/ffmpeg
04-23 22:52:41.075: I/VideoCapabilities(16461): Unsupported profile 4 for video/mp4v-es
04-23 22:52:41.085: W/MediaCodecUtil(16461): MediaCodecList API didn't list secure decoder for: video/avc. Assuming: OMX.k3.video.decoder.avc.secure
04-23 22:52:41.085: I/art(9488): Explicit concurrent mark sweep GC freed 2867(116KB) AllocSpace objects, 0(0B) LOS objects, 39% free, 13MB/23MB, paused 2.375ms total 37.976ms
04-23 22:52:41.115: I/WVCdm(2581): CdmEngine::QueryStatus
04-23 22:52:41.115: I/WVCdm(2581): Level3 Library Sep 25 2014 17:10:03
04-23 22:52:41.115: W/WVCdm(2581): Could not read /data/mediadrm/IDM1013/ay64.dat2: No such file or directory
04-23 22:52:41.135: W/WVCdm(2581): Could not load liboemcrypto.so. Falling Back to L3. dlopen failed: library "liboemcrypto.so" not found
04-23 22:52:41.135: I/WVCdm(2581): L3 Terminate.
04-23 22:52:41.135: I/PlayMovies(16461): WidevineMediaDrmWrapper.getDefaultSecurityLevel:215 L3
04-23 22:52:41.145: W/System.err(2958): java.lang.SecurityException: WifiService: Neither user 10086 nor current process has android.permission.CHANGE_WIFI_STATE.
04-23 22:52:41.145: W/System.err(2958): at android.app.ContextImpl.enforce(ContextImpl.java:1962)
04-23 22:52:41.145: W/System.err(2958): at android.app.ContextImpl.enforceCallingOrSelfPermission(ContextImpl.java:1991)
04-23 22:52:41.145: W/System.err(2958): at com.android.server.wifi.WifiServiceImpl.enforceChangePermission(WifiServiceImpl.java:784)
04-23 22:52:41.145: W/System.err(2958): at com.android.server.wifi.WifiServiceImpl.getWifiServiceMessenger(WifiServiceImpl.java:1903)
04-23 22:52:41.145: W/System.err(2958): at android.net.wifi.IWifiManager$Stub.onTransact(IWifiManager.java:495)
04-23 22:52:41.145: W/System.err(2958): at com.android.server.wifi.HwWifiService.onTransact(HwWifiService.java:61)
04-23 22:52:41.145: W/System.err(2958): at android.os.Binder.execTransact(Binder.java:446)
04-23 22:52:41.145: E/WifiManager(16461): WifiServiceMessenger == null
04-23 22:52:41.175: W/ContextImpl(16461): Failed to ensure directory: /storage/sdcard1/Android/data/com.google.android.videos/files/Movies
04-23 22:52:41.185: I/PG Utils(16461): acquire_providerpkg:[com.google.android.gsf] pid:[] maybe timeout , send to PG
04-23 22:52:41.185: I/PG Utils(16461): acquire_providerpkg:[com.google.android.gsf] pid:[] maybe timeout , send to PG
04-23 22:52:41.315: I/art(16536): Can not find class: Ljavax/net/ssl/SNIServerName;
04-23 22:52:41.315: I/art(16536): Can not find class: Ljavax/net/ssl/SNIHostName;
04-23 22:52:41.325: I/art(16536): Can not find class: Ljavax/net/ssl/SNIHostName;
04-23 22:52:41.325: I/art(16536): Can not find class: Ljavax/net/ssl/SNIHostName;
04-23 22:52:41.375: I/art(16536): Can not find class: Lcom/google/android/gms/org/conscrypt/OpenSSLSocketFactoryImpl;
04-23 22:52:41.375: W/System(16536): Could not create com.google.android.gms.org.conscrypt.OpenSSLSocketFactoryImpl with ClassLoader dalvik.system.PathClassLoader[DexPathList[[zip file "/system/app/YouTube/YouTube.apk"],nativeLibraryDirectories=[/system/app/YouTube/lib/arm64, /vendor/lib64, /system/lib64]]]: com.google.android.gms.org.conscrypt.OpenSSLSocketFactoryImpl
04-23 22:52:41.375: I/ProviderInstaller(16536): Installed default security provider GmsCore_OpenSSL
04-23 22:52:41.385: W/System.err(2958): java.lang.SecurityException: WifiService: Neither user 10087 nor current process has android.permission.CHANGE_WIFI_STATE.
04-23 22:52:41.385: W/System.err(2958): at android.app.ContextImpl.enforce(ContextImpl.java:1962)
04-23 22:52:41.385: W/System.err(2958): at android.app.ContextImpl.enforceCallingOrSelfPermission(ContextImpl.java:1991)
04-23 22:52:41.385: W/System.err(2958): at com.android.server.wifi.WifiServiceImpl.enforceChangePermission(WifiServiceImpl.java:784)
04-23 22:52:41.385: W/System.err(2958): at com.android.server.wifi.WifiServiceImpl.getWifiServiceMessenger(WifiServiceImpl.java:1903)
04-23 22:52:41.385: W/System.err(2958): at android.net.wifi.IWifiManager$Stub.onTransact(IWifiManager.java:495)
04-23 22:52:41.385: W/System.err(2958): at com.android.server.wifi.HwWifiService.onTransact(HwWifiService.java:61)
04-23 22:52:41.385: W/System.err(2958): at android.os.Binder.execTransact(Binder.java:446)
04-23 22:52:41.385: E/WifiManager(16536): WifiServiceMessenger == null
04-23 22:52:41.415: I/PG Utils(16536): acquire_providerpkg:[com.google.android.gsf] pid:[] maybe timeout , send to PG
04-23 22:52:41.425: I/HwSystemManager(3669): BgPowerManagerService:onProcessDied uid = 10084
04-23 22:52:41.425: I/PG Utils(16536): acquire_providerpkg:[com.google.android.gsf] pid:[] maybe timeout , send to PG
04-23 22:52:41.425: I/HwSystemManager(3669): HoldService:uid:10084 pid:15016 died
04-23 22:52:41.425: I/HwSystemManager(3669): HoldService:oldVersionKey:10084,15016
04-23 22:52:41.425: E/HsmCoreServiceImpl(2958): onTransact in code is: 102
04-23 22:52:41.425: I/MediaProcessHandler(2958): processOp opType: 1, uid: 10084, pid: 15016
04-23 22:52:41.425: W/MediaProcessHandler(2958): remove target not exist, maybe the UI process: uid: 10084, pid: 15016
04-23 22:52:41.545: I/Auth(15209): [AccountStatusChecker] OnDataChanged check:
04-23 22:52:41.555: I/Auth(15209): [AccountStatusChecker] Canceling for
04-23 22:52:41.575: I/System(16461): core_booster, getBoosterConfig = false
04-23 22:52:41.585: I/System(16461): core_booster, getBoosterConfig = false
04-23 22:52:41.665: I/ActivityManager(2958): filter receiver for action = android.intent.action.DROPBOX_ENTRY_ADDED
04-23 22:52:41.675: E/YouTube MDX(16536): Bogus value in shared preferences for key MdxServerSelection value , returning default value.
04-23 22:52:41.755: I/art(16536): Can not find class: Lcom/google/android/gms/dynamite/DynamiteModule$DynamiteLoaderClassLoader;
04-23 22:52:41.755: W/DynamiteModule(16536): Failed to load module via V2: java.lang.ClassNotFoundException: Didn't find class "com.google.android.gms.dynamite.DynamiteModule$DynamiteLoaderClassLoader" on path: DexPathList[[zip file "/system/app/YouTube/YouTube.apk"],nativeLibraryDirectories=[/system/app/YouTube/lib/arm64, /vendor/lib64, /system/lib64]]
04-23 22:52:41.765: I/PG Utils(16536): acquire_providerpkg:[com.google.android.gms] pid:[] maybe timeout , send to PG
04-23 22:52:41.775: I/PG Utils(15209): acquire_providerpkg:[com.google.android.gsf] pid:[] maybe timeout , send to PG
04-23 22:52:41.785: I/DynamiteModule(16536): Considering local module com.google.android.gms.ads.dynamite:0 and remote module com.google.android.gms.ads.dynamite:21400
04-23 22:52:41.785: I/DynamiteModule(16536): Selected remote version of com.google.android.gms.ads.dynamite, version >= 21400
04-23 22:52:41.815: W/ChimeraDebugLogger(16536): Singleton logger instance not set.
04-23 22:52:41.815: I/art(16536): Can not find class: Lcom/google/android/chimeraresources/R$id;
04-23 22:52:41.875: I/art(16536): Can not find class: Lorg/robolectric/Robolectric;
04-23 22:52:41.875: I/art(16536): Can not find class: Lcom/google/protobuf/DescriptorMessageInfoFactory;
04-23 22:52:41.875: I/art(16536): Can not find class: Lcom/google/protobuf/GeneratedMessage;
04-23 22:52:41.875: I/art(16536): Can not find class: Lcom/google/protobuf/UnknownFieldSetSchema;
04-23 22:52:41.875: I/art(16536): Can not find class: Lcom/google/protobuf/UnknownFieldSetSchema;
04-23 22:52:41.885: I/art(16536): Can not find class: Lcom/google/protobuf/NewInstanceSchemaFull;
04-23 22:52:41.885: I/art(16536): Can not find class: Lcom/google/protobuf/ExtensionSchemaFull;
04-23 22:52:41.885: I/art(16536): Can not find class: Lcom/google/protobuf/MapFieldSchemaFull;
04-23 22:52:41.905: I/art(16536): Can not find class: Lcom/google/android/ads/z__/w;
04-23 22:52:41.915: I/art(16536): Can not find class: Lcom/google/android/ads/z__/ab;
04-23 22:52:41.915: I/art(16536): Can not find class: Lcom/google/android/ads/z__/z;
04-23 22:52:41.915: I/art(16536): Can not find class: Lcom/google/android/ads/z__/o;
04-23 22:52:41.915: I/art(16536): Can not find class: Lcom/google/android/ads/z__/n;
04-23 22:52:41.915: I/art(16536): Can not find class: Lcom/google/android/ads/z__/u;
04-23 22:52:41.915: I/art(16536): Can not find class: Lcom/google/android/ads/z__/s;
04-23 22:52:41.915: I/art(16536): Can not find class: Lcom/google/android/ads/z__/v;
04-23 22:52:41.925: I/art(16536): Can not find class: Lcom/google/android/ads/z__/ae;
04-23 22:52:41.925: I/art(16536): Can not find class: Lcom/google/android/ads/z__/p;
04-23 22:52:41.925: I/art(16536): Can not find class: Lcom/google/android/ads/z__/ag;
04-23 22:52:41.925: I/art(16536): Can not find class: Lcom/google/android/ads/z__/ah;
04-23 22:52:41.925: I/art(16536): Can not find class: Lcom/google/android/ads/z__/l;
04-23 22:52:41.925: I/art(16536): Can not find class: Lcom/google/android/ads/z__/af;
04-23 22:52:41.925: I/art(16536): Can not find class: Lcom/google/android/ads/z__/r;
04-23 22:52:41.925: I/art(16536): Can not find class: Lcom/google/android/ads/z__/x;
04-23 22:52:41.925: I/art(16536): Can not find class: Lcom/google/android/ads/z__/ad;
04-23 22:52:41.925: W/ContextImpl(16536): Failed to ensure directory: /storage/sdcard1/Android/data/com.google.android.youtube/cache
04-23 22:52:41.925: I/art(16536): Can not find class: Lcom/google/android/ads/z__/aa;
04-23 22:52:41.925: I/art(16536): Can not find class: Lcom/google/android/ads/z__/k;
04-23 22:52:41.925: I/art(16536): Can not find class: Lcom/google/android/ads/z__/i;
04-23 22:52:41.935: I/art(16536): Can not find class: Lcom/google/android/ads/z__/ai;
04-23 22:52:41.935: I/art(16536): Can not find class: Lcom/google/android/ads/z__/m;
04-23 22:52:41.935: I/art(16536): Can not find class: Lcom/google/android/ads/z__/ac;
04-23 22:52:41.935: I/art(16536): Can not find class: Lcom/google/android/ads/z__/y;
04-23 22:52:41.935: I/art(16536): Can not find class: Lcom/google/android/ads/z__/t;
04-23 22:52:41.945: I/art(16536): Can not find class: Lcom/google/android/ads/z__/d;
04-23 22:52:41.945: I/art(16536): Can not find class: Lcom/google/android/ads/z__/c;
04-23 22:52:41.945: I/art(16536): Can not find class: Lcom/google/android/ads/z__/b;
04-23 22:52:41.945: I/art(16536): Can not find class: Lcom/google/android/ads/z__/e;
04-23 22:52:41.945: I/art(16536): Can not find class: Lcom/google/android/ads/z__/b;
04-23 22:52:41.945: W/System.err(16536): Can't open carrierweekinfo-conf.xml
04-23 22:52:41.955: I/art(16536): Can not find class: Lcom/google/android/ads/z__/g;
04-23 22:52:41.995: I/art(16536): Can not find class: Lcom/google/android/ads/z__/a;
04-23 22:52:42.085: I/System(16536): core_booster, getBoosterConfig = false
04-23 22:52:42.255: I/art(2958): Can not find class: Lcom/android/server/pm/PackageInstallerSession$2;
04-23 22:52:42.415: E/HwCustFwkFactory(16694): anzhen fwk cust use huawei cust factory
04-23 22:52:42.495: W/ContextImpl(16536): Failed to ensure directory: /storage/sdcard1/Android/data/com.google.android.youtube/cache
04-23 22:52:42.505: W/ContextImpl(16536): Failed to ensure directory: /storage/sdcard1/Android/data/com.google.android.youtube/files
