04-23 22:53:06.705: I/AccountTypeManager(18291): AccountManager, account size is: 2
04-23 22:53:06.715: I/AccountTypeManager(18291): Error, not syncable found for type: com.google
04-23 22:53:06.715: I/AccountTypeManager(18291): Loaded meta-data for 5 account types, 1 accounts in 196ms(wall) 44ms(cpu)
04-23 22:53:06.715: I/AccountTypeManager(18291): Adding account type = com.android.contacts.model.account.ExchangeAccountType@c804086 in the cache
04-23 22:53:06.715: I/PeopleDatabaseHelper(15282): cleanUpNonGplusAccounts done.
04-23 22:53:06.715: I/SimFactoryManager(18291): Get SIM state from SIM factory manager: 0,For slotId:0
04-23 22:53:06.715: I/SimFactoryManager(18291): Get SIM state from SIM factory manager: 0,For slotId:1
04-23 22:53:06.715: I/art(15282): Can not find class: Ljava/util/concurrent/atomic/LongAdder;
04-23 22:53:06.725: I/AccountTypeManager(18291): Adding account type = com.android.contacts.model.account.ExternalAccountType@13e87d47 in the cache
04-23 22:53:06.765: I/art(9488): Explicit concurrent mark sweep GC freed 3118(127KB) AllocSpace objects, 0(0B) LOS objects, 40% free, 13MB/23MB, paused 15.508ms total 150.231ms
04-23 22:53:06.765: I/Finsky(15520): [1] toy.a(5): Scheduling wakeup in -80 (absolute: 469494)
04-23 22:53:06.765: I/Auth(15209): [AccountStatusChecker] OnDataChanged check:
04-23 22:53:06.775: I/Auth(15209): [AccountStatusChecker] Canceling for
04-23 22:53:06.795: I/HwSystemManager(18373): PermissionDBAdapter:preInstalledAppsPermissionEmendation no need emendation!
04-23 22:53:06.795: W/ResourceType(18291): For resource 0x7f0806ed, entry index(1773) is beyond type entryCount(13)
04-23 22:53:06.795: W/ResourceType(18291): Failure getting entry for 0x7f0806ed (t=7 e=1773) (error -75)
04-23 22:53:06.795: W/ResourceType(18291): For resource 0x7f0806ed, entry index(1773) is beyond type entryCount(13)
04-23 22:53:06.795: W/ResourceType(18291): Failure getting entry for 0x7f0806ed (t=7 e=1773) (error -75)
04-23 22:53:06.795: I/AccountTypeManager(18291): Adding account type = com.android.contacts.model.account.ExternalAccountType@3c132974 in the cache
04-23 22:53:06.795: I/AccountTypeManager(18291): Adding account type = com.android.contacts.model.account.GoogleAccountType@2e822e9d in the cache
04-23 22:53:06.805: I/HwSystemManager(18373): PermissionDBAdapter:checkDBErrorBecauseofHOTA packageNameDBList size 17
04-23 22:53:06.805: I/HwSystemManager(18373): PermissionDBAdapter:checkDBErrorBecauseofHOTA nameList is0
04-23 22:53:06.805: E/ExternalAccountType(18291): Unsupported attribute readOnly
04-23 22:53:06.805: I/AccountTypeManager(18291): AccountManager, account size is: 2
04-23 22:53:06.805: I/AccountTypeManager(18291): Error, not syncable found for type: com.google
04-23 22:53:06.805: I/AccountTypeManager(18291): Loaded meta-data for 5 account types, 1 accounts in 98ms(wall) 37ms(cpu)
04-23 22:53:06.855: I/MS_RegisterService(15282): RegisterService intent:Intent { act=com.google.android.gms.matchstick.register_intent_google_account_change cat=[targeted_intent_op_prefix:com.google.android.libraries.matchstick.net.SilentRegisterIntentOperation] cmp=com.google.android.gms/.chimera.GmsIntentOperationService } isPeriodic:false
04-23 22:53:06.865: I/Finsky(15520): [1] AlarmEngineService.onStartCommand(1): AlarmManagerEngine onStart
04-23 22:53:06.865: I/Finsky(15520): [1] ttj.a(22): SCH: onAlarmManagerWakeup
04-23 22:53:06.865: I/art(2958): Explicit concurrent mark sweep GC freed 31111(2MB) AllocSpace objects, 8(156KB) LOS objects, 33% free, 28MB/43MB, paused 2.244ms total 321.160ms
04-23 22:53:06.905: I/System(18979): core_booster, getBoosterConfig = false
04-23 22:53:06.905: I/Robo(18652): Platform connected.
04-23 22:53:06.905: I/Icing(15282): Indexing com.google.android.gms-apps from com.google.android.gms
04-23 22:53:06.935: I/Robo(18789): Current launcher package name: com.huawei.android.launcher
04-23 22:53:06.945: I/Robo(18652): Platform identified as pid 18789.
04-23 22:53:06.975: I/Auth(15209): [AccountStatusChecker] OnDataChanged check:
04-23 22:53:06.975: I/Auth(15209): [AccountStatusChecker] Canceling for
04-23 22:53:06.995: I/Robo(18652): SCREENSHOT PER ACTION false
04-23 22:53:06.995: I/HwSystemManager(3669): HoldService:uid:10085 pid:17990 died
04-23 22:53:06.995: I/HwSystemManager(3669): HoldService:oldVersionKey:10085,17990
04-23 22:53:06.995: I/HwSystemManager(3669): BgPowerManagerService:onProcessDied uid = 10085
04-23 22:53:06.995: E/HsmCoreServiceImpl(2958): onTransact in code is: 102
04-23 22:53:06.995: I/MediaProcessHandler(2958): processOp opType: 1, uid: 10085, pid: 17990
04-23 22:53:06.995: W/MediaProcessHandler(2958): remove target not exist, maybe the UI process: uid: 10085, pid: 17990
04-23 22:53:07.005: I/Robo(18652): Crawl guidance file does not exist.
04-23 22:53:07.025: I/Finsky(15520): [1] tqm.a(5): Scheduling fallback in 43199843 (absolute: 43669676)
04-23 22:53:07.065: I/PG Utils(15282): acquire_providerpkg:[com.google.android.gsf] pid:[] maybe timeout , send to PG
04-23 22:53:07.065: I/Finsky(15520): [1] tqm.a(5): Scheduling fallback in 64799963 (absolute: 65269834)
04-23 22:53:07.085: I/Finsky(15520): [1] tqw.a(6): Will halt after 600000
04-23 22:53:07.095: I/HwEmailTag(19030): MailAppProvider->onCreate->begin, consuming 1587707587110ms->-prefixstartupperformance-
04-23 22:53:07.105: I/PG Utils(15209): acquire_providerpkg:[com.google.android.gsf] pid:[] maybe timeout , send to PG
04-23 22:53:07.105: W/System.err(18652): Can't open carrierweekinfo-conf.xml
04-23 22:53:07.115: I/Robo(19008): Creating a message overlay
04-23 22:53:07.115: I/Robo(19008): Creating a touchpoint overlay
04-23 22:53:07.115: I/Robo(19008): OverlayService has been bound.
04-23 22:53:07.115: I/Robo(18789): Connection to OverlayService established.
04-23 22:53:07.125: I/HwEmailTag(19030): MailAppProvider->onCreate->end, consuming 1587707587139ms->-prefixstartupperformance-
04-23 22:53:07.125: I/System(15209): core_booster, getBoosterConfig = false
04-23 22:53:07.135: I/System(15209): core_booster, getBoosterConfig = false
04-23 22:53:07.135: I/System(15209): core_booster, getBoosterConfig = false
04-23 22:53:07.135: W/Conscrypt(15209): Could not set socket write timeout: java.net.SocketException: Socket closed
04-23 22:53:07.135: E/art(15209): invalid stream - problem with parameter iterator in /data/app/com.google.android.gms-1/base.apk for method void com.google.android.gms.org.conscrypt.ConscryptFileDescriptorSocket.setSoWriteTimeout(int)
04-23 22:53:07.145: I/Finsky(15520): [1] tqv.handleMessage(10): SCH: DeviceState: DeviceState{currentTime=1587707587115, isCharging=true, isIdle=false, netAny=true, netNotRoaming=true, netUnmetered=true, batteryPercent=86.0}
04-23 22:53:07.145: W/Conscrypt(15209): at com.google.android.gms.org.conscrypt.Platform.setSocketWriteTimeout(:com.google.android.gms@200914010@20.09.14 (020400-300565878):2)
04-23 22:53:07.145: W/Conscrypt(15209): at com.google.android.gms.org.conscrypt.ConscryptFileDescriptorSocket.setSoWriteTimeout(:com.google.android.gms@200914010@20.09.14 (020400-300565878))
04-23 22:53:07.155: I/art(15282): Can not find class: Lio/grpc/netty/NettyChannelProvider;
04-23 22:53:07.155: I/HwCust(19030): Constructor found for class com.android.email.service.HwCustImapServiceImpl
04-23 22:53:07.155: I/HwCust(19030): Constructor found for class com.android.email.HwCustUtilityImpl
04-23 22:53:07.165: I/HwCust(19030): Constructor found for class com.android.email.provider.HwCustEmailProviderImpl
04-23 22:53:07.165: I/HwCust(19030): Constructor found for class com.android.email.activity.setup.HwCustEmailInviteResponseImpl
04-23 22:53:07.165: W/Conscrypt(15209): Could not set socket write timeout: java.net.SocketException: Socket closed
04-23 22:53:07.175: I/Finsky(15520): [308] ttj.a(7): SCH: Jobs in database: 1-1337 12-1 21-333333333 24-77777777 26-1414141414 29-29
04-23 22:53:07.175: I/HwEmailTag(19030): EmailProvider->onCreate->start. -prefixstartupperformance-
04-23 22:53:07.175: I/HwEmailTag(19030): EmailProvider->onCreate->start. -prefixstartupperformance-
04-23 22:53:07.175: E/art(15209): invalid stream - problem with parameter iterator in /data/app/com.google.android.gms-1/base.apk for method void com.google.android.gms.org.conscrypt.ConscryptFileDescriptorSocket.setSoWriteTimeout(int)
04-23 22:53:07.175: I/HwEmailTag(19030): HwUtils->initStaticVarsAsync
04-23 22:53:07.175: I/HwEmailTag(19030): HwUtils->initStaticVarsAsync
04-23 22:53:07.185: W/Conscrypt(15209): at com.google.android.gms.org.conscrypt.Platform.setSocketWriteTimeout(:com.google.android.gms@200914010@20.09.14 (020400-300565878):2)
04-23 22:53:07.185: W/Conscrypt(15209): at com.google.android.gms.org.conscrypt.ConscryptFileDescriptorSocket.setSoWriteTimeout(:com.google.android.gms@200914010@20.09.14 (020400-300565878))
04-23 22:53:07.185: I/Icing(15282): Indexing done com.google.android.gms-apps
04-23 22:53:07.185: I/PG Utils(15209): acquire_providerpkg:[com.google.android.gsf] pid:[] maybe timeout , send to PG
04-23 22:53:07.195: I/HwCust(19030): Constructor found for class com.android.emailcommon.provider.HwCustPolicyImpl
04-23 22:53:07.205: I/HwEmailTag(19030): EmailContent->init->consuming:18ms->;-prefixstartupperformance-
04-23 22:53:07.205: I/HwEmailTag(19030): EmailProvider->sURIMatcher is initialized
04-23 22:53:07.205: I/HwEmailTag(19030): EmailProvider->INTEGRITY_CHECK_URI != null
04-23 22:53:07.215: I/HwEmailTag(19030): EmailProvider->onCreate->end, consuming 46ms->-prefixstartupperformance-
04-23 22:53:07.215: I/HwEmailTag(19030): EmailProvider->onCreate->end, consuming 46ms->-prefixstartupperformance-
04-23 22:53:07.215: I/HwEmailTag(19030): EmailProvider->resetVisibleLimits->start:1587707587228 ->-prefixstartupperformance-
04-23 22:53:07.215: I/HwEmailTag(19030): EmailProvider->resetVisibleLimits->start:1587707587228 ->-prefixstartupperformance-
04-23 22:53:07.215: I/HwCust(19030): Constructor found for class com.huawei.email.provider.HwCustRecipientDBHelperImpl
04-23 22:53:07.235: I/HwEmailTag(19030): HwUtils->initStaticVarsAsync->run:consuming:49ms; bidiFormatter:android.support.v4.text.BidiFormatter@1551b202;accountsProjSize:42
04-23 22:53:07.235: I/HwEmailTag(19030): HwUtils->initStaticVarsAsync->run:consuming:49ms; bidiFormatter:android.support.v4.text.BidiFormatter@1551b202;accountsProjSize:42
04-23 22:53:07.235: I/HwEmailTag(19030): EmailApplication->onCreate->begin, consuming 67ms->-prefixstartupperformance-
04-23 22:53:07.235: I/HwEmailTag(19030): EmailApplication->triggerPeriodSyncForAllAccountsDelayed->delay start.
04-23 22:53:07.235: I/HwCust(19030): Constructor found for class com.huawei.email.utils.HwCustSignatureHelperImpl
04-23 22:53:07.235: I/HwCust(19030): Constructor found for class com.huawei.email.utils.HwCustSignatureUtilsImpl
04-23 22:53:07.235: I/HwEmailTag(19030): EmailApplication->onCreate->end, consuming 74ms->-prefixstartupperformance-
04-23 22:53:07.245: I/HwEmailTag(19030): BaseWidgetProvider->WidgetProvider->onReceive->action is com.android.mail.ACTION_NOTIFY_DATASET_CHANGED
04-23 22:53:07.245: I/art(15282): Can not find class: Lcom/google/android/gms/dynamite/descriptors/providerinstaller/ModuleDescriptor;
04-23 22:53:07.245: I/Finsky(15520): [1] tqw.a(20): SCH: Running job: 1-1337
04-23 22:53:07.245: I/HwEmailTag(19030): BaseWidgetProvider->WidgetProvider->onReceive->action is com.android.mail.ACTION_NOTIFY_DATASET_CHANGED
04-23 22:53:07.255: I/Finsky(15520): [1] lmo.a(39): Starting Hygiene for reason 2
04-23 22:53:07.275: I/Finsky(15520): [1] lmz.b(7): Probe [B6ClSTtIOx6DQnFl_vyaa9gPns7Fh3cyz1FelTkoEUE] for hygiene pass
04-23 22:53:07.275: I/AppsCleanUp(3441): add top view, pid:19008 count:1
04-23 22:53:07.285: I/Robo(18652): Number of built-in Roboscripts: 24
04-23 22:53:07.285: I/Robo(18652): No contextual Roboscript file found.
04-23 22:53:07.295: W/DynamiteModule(15282): Local module descriptor class for providerinstaller not found.
04-23 22:53:07.295: I/Robo(18652): Robo script file is absent.
04-23 22:53:07.295: W/ProviderHelper(15282): Unknown dynamite feature providerinstaller
04-23 22:53:07.295: I/HwEmailTag(19030): DBHelper->onOpen-> EmailProvider.db
04-23 22:53:07.295: I/DynamiteModule(15282): Considering local module providerinstaller:0 and remote module providerinstaller:0
04-23 22:53:07.295: W/ProviderInstaller(15282): Failed to load providerinstaller module: No acceptable module found. Local version is 0 and remote version is 0.
04-23 22:53:07.305: I/AppsCleanUp(3441): add top view, pid:19008 count:2
04-23 22:53:07.315: I/HwEmailTag(19030): EmailProvider->getDatabase->-prefixstartupperformance-database, consuming = 103ms.
04-23 22:53:07.315: I/art(15282): Can not find class: Lio/grpc/override/ContextStorageOverride;
04-23 22:53:07.315: I/art(15282): Can not find class: Lio/perfmark/impl/SecretPerfMarkImpl$PerfMarkImpl;
04-23 22:53:07.325: I/Robo(18652): Received 0 Robo script actions.
04-23 22:53:07.325: I/HwEmailTag(19030): DBHelper->onOpen-> EmailProvider.db
04-23 22:53:07.335: I/Robo(18652): Depth First Search Crawler Strategy Employed.
04-23 22:53:07.335: I/Robo(18652): Depth First Search Crawler Strategy Employed.
04-23 22:53:07.335: I/Robo(18652): Experiment enableCaCrawlExploration: false
04-23 22:53:07.335: I/Robo(18652): Atlantis: Exploration disabled before deeplink open.
04-23 22:53:07.335: I/Robo(18652): Experiment enableCaCrawlContextualRoboScripts: false
04-23 22:53:07.335: I/Robo(18652): Experiment enableCaCrawlActionController: false
04-23 22:53:07.335: I/Robo(18652): Experiment hostGuidedCrawlMode: false
04-23 22:53:07.355: W/Robo(18652): Current package [INITIAL_SCREEN_PACKAGE_NAME] is out of whitelisted packages
04-23 22:53:07.355: I/Robo(18652): New Screen: Optional.of(ScreenNode {Id=0, PackageName=INITIAL_SCREEN_PACKAGE_NAME, ActivityName=Optional.absent()})
04-23 22:53:07.365: I/Robo(18652): Starting platform heartbeat.
04-23 22:53:07.375: I/Robo(18652): No starting intents specified. Launching with default launcher intent.
04-23 22:53:07.375: I/Robo(18652): Starting crawl for intent Launcher activity.
04-23 22:53:07.375: I/Finsky(15520): [1] tqv.handleMessage(63): SCH: RunningQueue size: 1, PendingQueue size: 3
04-23 22:53:07.375: I/Finsky(15520): [1] tqv.handleMessage(66): SCH: Running queue: 1-1337
04-23 22:53:07.385: I/Robo(18789): Starting platform heartbeat'er for 360 seconds.
04-23 22:53:07.385: I/HwSystemManager(3669): HoldService:uid:10035 pid:18188 died
04-23 22:53:07.385: I/HwSystemManager(3669): HoldService:oldVersionKey:10035,18188
04-23 22:53:07.385: I/HwSystemManager(3669): BgPowerManagerService:onProcessDied uid = 10035
04-23 22:53:07.385: E/HsmCoreServiceImpl(2958): onTransact in code is: 102
04-23 22:53:07.385: I/MediaProcessHandler(2958): processOp opType: 1, uid: 10035, pid: 18188
04-23 22:53:07.385: W/MediaProcessHandler(2958): remove target not exist, maybe the UI process: uid: 10035, pid: 18188
04-23 22:53:07.415: W/System.err(15209): java.lang.NullPointerException: Attempt to invoke virtual method 'java.lang.String java.lang.String.toLowerCase(java.util.Locale)' on a null object reference
04-23 22:53:07.415: W/System.err(15209): at auza.a(:com.google.android.gms@200914010@20.09.14 (020400-300565878):7)
04-23 22:53:07.415: W/System.err(15209): at auza.a(:com.google.android.gms@200914010@20.09.14 (020400-300565878):4)
04-23 22:53:07.415: W/System.err(15209): at auza.a(:com.google.android.gms@200914010@20.09.14 (020400-300565878):40)
04-23 22:53:07.415: W/System.err(15209): at auyh.a(:com.google.android.gms@200914010@20.09.14 (020400-300565878):28)
04-23 22:53:07.415: W/System.err(15209): at auyh.a(:com.google.android.gms@200914010@20.09.14 (020400-300565878):156)
04-23 22:53:07.415: W/System.err(15209): at ckr.onTransact(:com.google.android.gms@200914010@20.09.14 (020400-300565878):6)
04-23 22:53:07.415: W/System.err(15209): at android.os.Binder.transact(Binder.java:380)
04-23 22:53:07.415: W/System.err(15209): at zzg.onTransact(:com.google.android.gms@200914010@20.09.14 (020400-300565878):26)
04-23 22:53:07.415: W/System.err(15209): at android.os.Binder.execTransact(Binder.java:446)
04-23 22:53:07.415: W/ChimeraUtils(15209): Non Chimera context
04-23 22:53:07.425: I/ActivityManager(2958): filter receiver for action = com.android.mail.ACTION_NOTIFY_DATASET_CHANGED
04-23 22:53:07.425: I/System(15282): core_booster, getBoosterConfig = false
04-23 22:53:07.435: I/ActivityManager(2958): filter receiver for action = com.android.mail.ACTION_NOTIFY_DATASET_CHANGED
04-23 22:53:07.445: I/System(15282): core_booster, getBoosterConfig = false
04-23 22:53:07.445: I/System(15282): core_booster, getBoosterConfig = false
04-23 22:53:07.445: W/Conscrypt(15282): Could not set socket write timeout: java.net.SocketException: Socket closed
04-23 22:53:07.445: E/art(15282): invalid stream - problem with parameter iterator in /data/app/com.google.android.gms-1/base.apk for method void com.google.android.gms.org.conscrypt.ConscryptFileDescriptorSocket.setSoWriteTimeout(int)
04-23 22:53:07.445: W/Conscrypt(15282): at com.google.android.gms.org.conscrypt.Platform.setSocketWriteTimeout(:com.google.android.gms@200914010@20.09.14 (020400-300565878):2)
04-23 22:53:07.445: W/Conscrypt(15282): at com.google.android.gms.org.conscrypt.ConscryptFileDescriptorSocket.setSoWriteTimeout(:com.google.android.gms@200914010@20.09.14 (020400-300565878))
04-23 22:53:07.445: E/WifiStateMachine(2958): ConnectedState !CMD_START_SCAN -2 -2 ic=20 proc(ms):1 dur:280 rssi=-50 f=2412 sc=100 link=72 tx=24,5, 0,0, 0,0 rx=102,9 fiv=20000 [on:0 tx:0 rx:0 period:2844] from screen [on:0 period:-1430312057]
04-23 22:53:07.445: E/WifiStateMachine(2958): L2ConnectedState !CMD_START_SCAN -2 -2 ic=20 proc(ms):2 dur:280 rssi=-50 f=2412 sc=100 link=72 tx=24,5, 0,0, 0,0 rx=102,9 fiv=20000 [on:0 tx:0 rx:0 period:0] from screen [on:0 period:-1430312057]
04-23 22:53:07.445: E/WifiStateMachine(2958): WifiStateMachine CMD_START_SCAN source -2 txSuccessRate=24,51 rxSuccessRate=102,85 targetRoamBSSID=44:48:c1:91:9d:e0 RSSI=-50
04-23 22:53:07.445: E/WifiStateMachine(2958): WifiStateMachine CMD_START_SCAN with age=1587707587464 interval=20000 maxinterval=300000
04-23 22:53:07.445: E/WifiStateMachine(2958): WifiStateMachine CMD_START_SCAN try full band scan age=1587707587464 interval=20000 maxinterval=300000
04-23 22:53:07.445: E/WifiStateMachine(2958): WifiStateMachine CMD_START_SCAN prevent full band scan due to pkt rate
04-23 22:53:07.445: E/WifiStateMachine(2958): WifiStateMachine CMD_START_SCAN source -2 ...and ignore scans tx=24,51 rx=102,85
04-23 22:53:07.485: I/Robo(18652): Performing LaunchAction {net.rpdev.opentodolist} .
04-23 22:53:07.505: I/Wear_Controller(15209): Wear requires a companion app to be installed.
04-23 22:53:07.505: I/WearableService(15209): onCreate: Wearable Services not starting. Wear is not available on this device.
04-23 22:53:07.525: I/Robo(18789): UiAutomator: launching app
04-23 22:53:07.545: W/WearableService(15209): onGetService: Wear is not available on this device.
04-23 22:53:07.555: W/WearableService(15209): onGetService: Wear is not available on this device.
04-23 22:53:07.555: I/art(2958): Can not find class: Lhuawei/com/android/server/util/UserBehaviourRecord;
04-23 22:53:07.555: I/PG Utils(15282): acquire_providerpkg:[com.google.android.gsf] pid:[] maybe timeout , send to PG
04-23 22:53:07.555: I/System(15282): core_booster, getBoosterConfig = false
04-23 22:53:07.555: I/art(2958): Can not find class: Lhuawei/com/android/server/util/UserBehaviourRecord$1;
04-23 22:53:07.555: I/art(2958): Can not find class: Lhuawei/com/android/server/util/ReportTool;
04-23 22:53:07.565: I/art(2958): Can not find class: Lcom/huawei/report/ReporterInterface;
04-23 22:53:07.565: I/System(15282): core_booster, getBoosterConfig = false
04-23 22:53:07.565: I/System(15282): core_booster, getBoosterConfig = false
04-23 22:53:07.565: E/ReportTools(2958): Can't find sReporterClazz
04-23 22:53:07.575: I/art(2958): Can not find class: Lhuawei/com/android/server/util/UserBehaviourRecord$UploadThread;
04-23 22:53:07.575: I/art(2958): Can not find class: Lhuawei/com/android/server/util/AppInfo;
04-23 22:53:07.585: I/art(2958): Can not find class: Lcom/android/server/am/TaskPersister$TaskWriteQueueItem;
04-23 22:53:07.585: I/art(2958): Can not find class: Lcom/android/server/am/TaskPersister$WriteQueueItem;
04-23 22:53:07.585: I/HwEmailTag(19030): EmailProvider->initBuildCache->start->1587707587603->-prefixstartupperformance-
04-23 22:53:07.585: I/HwEmailTag(19030): EmailProvider->buildCache->end, consuming:2ms;
04-23 22:53:07.585: I/HwEmailTag(19030): EmailProvider->initBuildCache->start->1587707587603; consuming:2->-prefixstartupperformance-
04-23 22:53:07.595: I/HwEmailTag(19030): EmailProvider->resetVisibleLimits->getDatabase, consuming:377ms;-prefixstartupperformance-
04-23 22:53:07.595: I/HwEmailTag(19030): EmailProvider->startupperformance->resetVisibleLimits->no account, return directly.
04-23 22:53:07.595: I/HwEmailTag(19030): EmailProvider->uiAccounts->start:1587707587605
04-23 22:53:07.595: W/art(15282): Verification of void byol.() took 193.510ms
04-23 22:53:07.595: I/Auth(15209): [AccountStatusChecker] OnDataChanged check:
04-23 22:53:07.605: I/HwEmailTag(19030): EmailProvider->uiAccounts->start:1587707587605;end,consuming:11
04-23 22:53:07.605: I/HwEmailTag(19030): EmailProvider->query->1587707587227;end;;consuming:390ms;
04-23 22:53:07.605: I/HwEmailTag(19030): DBHelper->onOpen-> EmailProvider.db
04-23 22:53:07.605: E/WifiStateMachine(2958): ConnectedState !CMD_RSSI_POLL 1 0 "wl-ftl-mt03-1-24" 44:48:c1:91:9d:e0 rssi=-50 f=2412 sc=100 link=72 tx=24,5, 0,0, 0,0 rx=102,9 bcn=0 [on:0 tx:0 rx:0 period:155] from screen [on:0 period:-1430311901] gl u24 rssi=-50 ag=0 hr ticks 0,0,0 ls-=0 [56,56,60,60,65] brc=0 lrc=0
04-23 22:53:07.605: E/WifiStateMachine(2958): L2ConnectedState !CMD_RSSI_POLL 1 0 "wl-ftl-mt03-1-24" 44:48:c1:91:9d:e0 rssi=-50 f=2412 sc=100 link=72 tx=24,5, 0,0, 0,0 rx=102,9 bcn=0 [on:0 tx:0 rx:0 period:1] from screen [on:0 period:-1430311900] gl u24 rssi=-50 ag=0 hr ticks 0,0,0 ls-=0 [56,56,60,60,65] brc=0 lrc=0
04-23 22:53:07.605: I/art(2958): Can not find class: Lcom/android/server/am/TaskPersister$ImageWriteQueueItem;
04-23 22:53:07.605: W/Conscrypt(15282): Could not set socket write timeout: java.net.SocketException: Socket closed
04-23 22:53:07.605: E/art(15282): invalid stream - problem with parameter iterator in /data/app/com.google.android.gms-1/base.apk for method void com.google.android.gms.org.conscrypt.ConscryptFileDescriptorSocket.setSoWriteTimeout(int)
04-23 22:53:07.605: W/Conscrypt(15282): at com.google.android.gms.org.conscrypt.Platform.setSocketWriteTimeout(:com.google.android.gms@200914010@20.09.14 (020400-300565878):2)
04-23 22:53:07.605: W/Conscrypt(15282): at com.google.android.gms.org.conscrypt.ConscryptFileDescriptorSocket.setSoWriteTimeout(:com.google.android.gms@200914010@20.09.14 (020400-300565878))
04-23 22:53:07.605: E/WifiStateMachine(2958): fetchRssiLinkSpeedAndFrequencyNative rssi=-53 linkspeed=72 SSID="wl-ftl-mt03-1-24"
04-23 22:53:07.605: E/WifiStateMachine(2958): calculateWifiScore freq=2412 speed=72 score=100 highRSSI -> txbadrate=0,00 txgoodrate=54,26 txretriesrate=0,00 rxrate=125,43 userTriggerdPenalty0
04-23 22:53:07.605: E/WifiStateMachine(2958): good link -> stuck count =0
04-23 22:53:07.605: E/WifiStateMachine(2958): badRSSI count0 lowRSSI count0 --> score 60
04-23 22:53:07.605: E/WifiStateMachine(2958): isHighRSSI ---> score=65
04-23 22:53:07.615: E/GmsUtils(15777): Failed to connect to Google API client: ConnectionResult{statusCode=API_UNAVAILABLE, resolution=null, message=null}
04-23 22:53:07.615: I/HwEmailTag(19030): EmailProvider->getDatabase->-prefixstartupperformance-database, consuming = 18ms.
04-23 22:53:07.615: E/GmsUtils(15777): Failed to connect to Google API client: ConnectionResult{statusCode=API_UNAVAILABLE, resolution=null, message=null}
04-23 22:53:07.615: I/ActivityManager(2958): filter receiver for action = android.intent.action.DROPBOX_ENTRY_ADDED
04-23 22:53:07.625: I/HwEmailTag(19030): DBHelper->onOpen-> EmailProvider.db
04-23 22:53:07.625: I/ActivityManager(2958): filter receiver for action = com.android.mail.ACTION_NOTIFY_DATASET_CHANGED
04-23 22:53:07.655: W/aujo(15209): Empty content. Thus might mean that the settings are not synced down.
04-23 22:53:07.665: I/Auth(15209): [AccountStatusChecker] OnDataChanged check:
04-23 22:53:07.675: I/Auth(15209): [AccountStatusChecker] Canceling for
04-23 22:53:07.685: I/Auth(15209): [AccountStatusChecker] Canceling for
04-23 22:53:07.695: I/HwEmailTag(19030): EmailProvider->resetVisibleLimits->getDatabase, consuming:478ms;-prefixstartupperformance-
04-23 22:53:07.695: I/HwEmailTag(19030): EmailProvider->startupperformance->resetVisibleLimits->no account, return directly.
04-23 22:53:07.715: I/constellation(15282): [event_manager] Starting session. sessionId: c29c78ac-843b-4fdd-bcea-c72ae2d85b89 from trigger: 4
04-23 22:53:07.745: I/PG Utils(15209): acquire_providerpkg:[com.google.android.gsf] pid:[] maybe timeout , send to PG
04-23 22:53:07.745: I/HwSystemManager(3669): AppLockService:applock password not initial or function is closed
04-23 22:53:07.755: I/HwSystemManager(3669): AppManager:getNetAppInfoFromDB cursor lenth = 1
04-23 22:53:07.825: I/HwSystemManager(3669): AppLockService:applock password not initial or function is closed
04-23 22:53:07.835: I/HwSystemManager(3669): AppManager:getNetAppInfoFromDB cursor lenth = 1
04-23 22:53:07.835: I/PG Utils(15282): acquire_providerpkg:[com.google.android.gsf] pid:[] maybe timeout , send to PG
04-23 22:53:07.845: I/PG Utils(15282): acquire_providerpkg:[com.google.android.gsf] pid:[] maybe timeout , send to PG
04-23 22:53:07.855: W/PGApi_client(3441): recv actoionId = 10000, action = com.huawei.pgmng.PGAction@6f3b3b0 actionId =10000 pkg =net.rpdev.opentodolist extend1 =0 extend2 = flag =3 type =1
04-23 22:53:07.855: W/PGMiddleWare jhh(3441): in handleAction method, action = 10000
04-23 22:53:07.855: W/PGMiddleWare jhh(3441): in handleAction, invoke client = com.huawei.pgmng.middleware.AudioEffectLowPowerImpl@21cbee7c, action = com.huawei.pgmng.PGAction@6f3b3b0 actionId =10000 pkg =net.rpdev.opentodolist extend1 =0 extend2 = flag =3 type =1
04-23 22:53:07.855: I/AudioEffectLowPowerImpl jhh(3441): jhh handle default mActionId = 10000, action = com.huawei.pgmng.PGAction@6f3b3b0 actionId =10000 pkg =net.rpdev.opentodolist extend1 =0 extend2 = flag =3 type =1
04-23 22:53:07.855: W/AudioEffectLowPowerImpl jhh(3441): enter into DEFAULT_FRONT Scene.
04-23 22:53:07.855: W/AudioEffectLowPowerImpl jhh(3441): m2DGameFront = false, m3DGameFront = false, mMediaPerceptible = false, mMusicPerceptible = false
04-23 22:53:07.855: W/AudioEffectLowPowerImpl jhh(3441): mAudioActive = false, mMusicPerceptible = false
04-23 22:53:07.855: W/AudioEffectLowPowerImpl jhh(3441): return for smartPAOn and mLowAudioEffectEnable both = false
04-23 22:53:07.885: I/ActivityManager(2958): filter receiver for action = com.google.android.gms.gcm.ACTION_SCHEDULE
04-23 22:53:07.905: I/PG Utils(15209): acquire_providerpkg:[com.google.android.gsf] pid:[] maybe timeout , send to PG
04-23 22:53:07.935: W/ac(18789): Skipping null root node for window: AccessibilityWindowInfo[id=3, type=TYPE_APPLICATION, layer=21010, bounds=Rect(0, 0 - 720, 1280), focused=true, active=true, hasParent=false, hasChildren=false]
04-23 22:53:07.955: W/e(18789): Node returned null child: android.view.accessibility.AccessibilityNodeInfo@80009d8e; boundsInParent: Rect(0, 0 - 720, 1022); boundsInScreen: Rect(0, 162 - 720, 1184); packageName: com.google.android.apps.mtaas.backdrop; className: android.widget.LinearLayout; text: null; error: null; maxTextLength: -1; contentDescription: null; viewIdResName: null; checkable: false; checked: false; focusable: false; focused: false; selected: false; clickable: false; longClickable: false; enabled: true; password: false; scrollable: false; actions: [AccessibilityAction: ACTION_SELECT - null, AccessibilityAction: ACTION_CLEAR_SELECTION - null, AccessibilityAction: ACTION_ACCESSIBILITY_FOCUS - null]
04-23 22:53:07.955: W/e(18789): Skipping null child (0 of 2)
04-23 22:53:07.975: I/PG Utils(15209): acquire_providerpkg:[com.google.android.gsf] pid:[] maybe timeout , send to PG
04-23 22:53:07.985: I/Finsky(15520): [265] iml.a(19): Token already exists - returning!
04-23 22:53:07.985: I/Finsky(15520): [265] ljw.a(1): Request device config token was successful when fetching experiments.
04-23 22:53:08.005: I/PG Utils(15282): acquire_providerpkg:[com.google.android.gsf] pid:[] maybe timeout , send to PG
04-23 22:53:08.055: I/UpdateIcingCorporaServi(17085): Updating corpora: APPS=androidx.test.tools.crawler, CONTACTS=MAYBE
04-23 22:53:08.055: W/SurfaceFlinger(2312): couldn't log to binary event log: overflow.
04-23 22:53:08.055: W/e(18789): Node returned null child: android.view.accessibility.AccessibilityNodeInfo@80009d8e; boundsInParent: Rect(0, 0 - 720, 1022); boundsInScreen: Rect(0, 162 - 720, 1184); packageName: com.google.android.apps.mtaas.backdrop; className: android.widget.LinearLayout; text: null; error: null; maxTextLength: -1; contentDescription: null; viewIdResName: null; checkable: false; checked: false; focusable: false; focused: false; selected: false; clickable: false; longClickable: false; enabled: true; password: false; scrollable: false; actions: [AccessibilityAction: ACTION_SELECT - null, AccessibilityAction: ACTION_CLEAR_SELECTION - null, AccessibilityAction: ACTION_ACCESSIBILITY_FOCUS - null]
04-23 22:53:08.055: W/e(18789): Skipping null child (0 of 2)
04-23 22:53:08.065: W/e(18789): Skipping null child (1 of 2)
04-23 22:53:08.065: W/ChimeraUtils(15209): Non Chimera context
04-23 22:53:08.095: I/UpdateIcingCorporaServi(17085): UpdateCorporaTask done [took 49 ms] updated apps [took 49 ms]
04-23 22:53:08.115: I/QtCore(19123): Start
04-23 22:53:08.125: W/ProxyAndroidLoggerBackend(15520): Too many Flogger logs received before configuration. Dropping old logs.
04-23 22:53:08.125: I/Finsky(15520): [229] ljt.a(8): Sending Heterodyne sync request for package com.android.vending
04-23 22:53:08.125: W/ProxyAndroidLoggerBackend(15520): Too many Flogger logs received before configuration. Dropping old logs.
04-23 22:53:08.145: I/PushLogSC2559(18567): [main-1]action is android.intent.action.PACKAGE_ADDED(ds/null:-1)
04-23 22:53:08.155: I/PushLogSC2559(18567): [main-1]run push selfshow(ds/null:-1)
04-23 22:53:08.185: I/PushLogSC2559(18567): [Thread-276-276]framework push exist, use framework push first(ds/null:-1)
04-23 22:53:08.205: I/PushLogAC2559(18678): [main-1]action is android.intent.action.PACKAGE_ADDED(pushagent/null:-1)
04-23 22:53:08.215: I/PG Utils(15282): acquire_providerpkg:[com.google.android.gsf] pid:[] maybe timeout , send to PG
04-23 22:53:08.215: W/ProxyAndroidLoggerBackend(15520): Too many Flogger logs received before configuration. Dropping old logs.
04-23 22:53:08.225: I/PushLogAC2559(18678): [main-1]run push selfshow(pushagent/null:-1)
04-23 22:53:08.225: I/Finsky(15520): [229] ljt.a(3): Received Heterodyne sync response. StatusCode=200
04-23 22:53:08.225: W/ProxyAndroidLoggerBackend(15520): Too many Flogger logs received before configuration. Dropping old logs.
04-23 22:53:08.235: W/ProxyAndroidLoggerBackend(15520): Too many Flogger logs received before configuration. Dropping old logs.
04-23 22:53:08.235: I/ChromeSync(15282): [Sync,SyncAdapter] Successfully synced in 844 milliseconds with request: qwi{account=, eventType=500, waitForInitialization=false, zipitVersionInfo=null}.
04-23 22:53:08.245: W/ProxyAndroidLoggerBackend(15520): Too many Flogger logs received before configuration. Dropping old logs.
04-23 22:53:08.245: W/ProxyAndroidLoggerBackend(15520): Too many Flogger logs received before configuration. Dropping old logs.
04-23 22:53:08.255: I/PushLogAC2559(18678): [Thread-1074-1074]framework push exist, use framework push first(pushagent/null:-1)
04-23 22:53:08.265: W/ProxyAndroidLoggerBackend(15520): Too many Flogger logs received before configuration. Dropping old logs.
04-23 22:53:08.265: W/ProxyAndroidLoggerBackend(15520): Too many Flogger logs received before configuration. Dropping old logs.
04-23 22:53:08.265: I/HwSystemManager(3669): NotificationManagerReceiver:onReceive action = android.intent.action.PACKAGE_ADDED
04-23 22:53:08.265: I/HwSystemManager(3669): NotificationManagerReceiver:onReceive, send action to background
04-23 22:53:08.265: W/ProxyAndroidLoggerBackend(15520): Too many Flogger logs received before configuration. Dropping old logs.
04-23 22:53:08.265: W/ProxyAndroidLoggerBackend(15520): Too many Flogger logs received before configuration. Dropping old logs.
04-23 22:53:08.275: W/ProxyAndroidLoggerBackend(15520): Too many Flogger logs received before configuration. Dropping old logs.
04-23 22:53:08.275: W/ProxyAndroidLoggerBackend(15520): Too many Flogger logs received before configuration. Dropping old logs.
04-23 22:53:08.275: W/ProxyAndroidLoggerBackend(15520): Too many Flogger logs received before configuration. Dropping old logs.
04-23 22:53:08.275: W/ProxyAndroidLoggerBackend(15520): Too many Flogger logs received before configuration. Dropping old logs.
04-23 22:53:08.275: W/ProxyAndroidLoggerBackend(15520): Too many Flogger logs received before configuration. Dropping old logs.
04-23 22:53:08.275: W/ProxyAndroidLoggerBackend(15520): Too many Flogger logs received before configuration. Dropping old logs.
04-23 22:53:08.275: W/ProxyAndroidLoggerBackend(15520): Too many Flogger logs received before configuration. Dropping old logs.
04-23 22:53:08.275: W/ProxyAndroidLoggerBackend(15520): Too many Flogger logs received before configuration. Dropping old logs.
04-23 22:53:08.285: W/ProxyAndroidLoggerBackend(15520): Too many Flogger logs received before configuration. Dropping old logs.
04-23 22:53:08.285: I/HwSystemManager(3669): HsmIntentService:created. this:com.huawei.systemmanager.util.content.HsmIntentService_bg@170e6af4
04-23 22:53:08.285: I/HwSystemManager(3669): HsmIntentService:started for intent:Intent { act=android.intent.action.PACKAGE_ADDED dat=package:androidx.test.tools.crawler flg=0x4000010 cmp=com.huawei.systemmanager/com.huawei.notificationmanager.receiver.Receiver (has extras) }, action:android.intent.action.PACKAGE_ADDED, class:com.huawei.notificationmanager.receiver.Receiver
04-23 22:53:08.285: I/HwSystemManager(3669): HsmIntentService:invoked com.huawei.notificationmanager.receiver.Receiver
04-23 22:53:08.285: W/ProxyAndroidLoggerBackend(15520): Too many Flogger logs received before configuration. Dropping old logs.
04-23 22:53:08.285: I/HwSystemManager(3669): NmCenterDefValueXmlHelper:mCachedConfigs = null, init.
04-23 22:53:08.285: I/HwSystemManager(3669): NmCenterDefValueXmlHelper:getConfigs: Starts
04-23 22:53:08.285: W/ProxyAndroidLoggerBackend(15520): Too many Flogger logs received before configuration. Dropping old logs.
04-23 22:53:08.285: I/HwSystemManager(3669): NmCenterDefValueXmlHelper:getConfigs: Ends. Count = 33
04-23 22:53:08.285: I/HwSystemManager(3669): NotificationDBAdapter:initNewApp: add to db:androidx.test.tools.crawler, default:null
04-23 22:53:08.285: W/ProxyAndroidLoggerBackend(15520): Too many Flogger logs received before configuration. Dropping old logs.
04-23 22:53:08.285: W/ProxyAndroidLoggerBackend(15520): Too many Flogger logs received before configuration. Dropping old logs.
04-23 22:53:08.295: I/HwSystemManager(18373): AppInstallationReceiver:AppInstallationReceiver onReceive action = android.intent.action.PACKAGE_ADDED
04-23 22:53:08.295: W/ProxyAndroidLoggerBackend(15520): Too many Flogger logs received before configuration. Dropping old logs.
04-23 22:53:08.295: W/ProxyAndroidLoggerBackend(15520): Too many Flogger logs received before configuration. Dropping old logs.
04-23 22:53:08.295: I/HwSystemManager(18373): HsmIntentService:created. this:com.huawei.systemmanager.util.content.HsmIntentService_ui@8d85adc
04-23 22:53:08.295: I/HwSystemManager(18373): HsmIntentService:started for intent:Intent { act=android.intent.action.PACKAGE_ADDED dat=package:androidx.test.tools.crawler flg=0x4000010 cmp=com.huawei.systemmanager/com.huawei.permissionmanager.ui.AppInstallationReceiver (has extras) }, action:android.intent.action.PACKAGE_ADDED, class:com.huawei.permissionmanager.ui.AppInstallationReceiver
04-23 22:53:08.295: W/ProxyAndroidLoggerBackend(15520): Too many Flogger logs received before configuration. Dropping old logs.
04-23 22:53:08.295: I/HwSystemManager(18373): HsmIntentService:invoked com.huawei.permissionmanager.ui.AppInstallationReceiver
04-23 22:53:08.305: W/ProxyAndroidLoggerBackend(15520): Too many Flogger logs received before configuration. Dropping old logs.
04-23 22:53:08.305: W/ProxyAndroidLoggerBackend(15520): Too many Flogger logs received before configuration. Dropping old logs.
04-23 22:53:08.305: I/HwSystemManager(18373): HsmIntentService:started for intent:Intent { act=android.intent.action.PACKAGE_ADDED dat=package:androidx.test.tools.crawler flg=0x4000010 cmp=com.huawei.systemmanager/.optimize.OptimizeReceiver (has extras) }, action:android.intent.action.PACKAGE_ADDED, class:com.huawei.systemmanager.optimize.OptimizeReceiver
04-23 22:53:08.305: W/ProxyAndroidLoggerBackend(15520): Too many Flogger logs received before configuration. Dropping old logs.
04-23 22:53:08.305: I/HwSystemManager(18373): CommonFunctionUtil:compareCode = 0
04-23 22:53:08.305: I/HwSystemManager(3669): HsmIntentService:task completed for intent:Intent { act=android.intent.action.PACKAGE_ADDED dat=package:androidx.test.tools.crawler flg=0x4000010 cmp=com.huawei.systemmanager/com.huawei.notificationmanager.receiver.Receiver (has extras) }, action:android.intent.action.PACKAGE_ADDED
04-23 22:53:08.305: I/HwSystemManager(3669): HsmIntentService:in thread:Thread[HsmIntentServiceTask #2,5,main], current active tasksize:1, queue size:0
04-23 22:53:08.305: I/HwSystemManager(3669): HsmIntentService:last work complete! lets stop service.
04-23 22:53:08.305: I/HwSystemManager(3669): NotificationDBProvider:call: method = notification_list_query
04-23 22:53:08.305: I/HwSystemManager(3669): NotificationDBProvider:query starts, uri = content://com.huawei.systemmanager.NotificationDBProvider/notificationCfg
04-23 22:53:08.305: I/HwSystemManager(3669): NotificationDBProvider:query starts, matchCode = 1
04-23 22:53:08.305: I/HwSystemManager(3669): NotificationDBProvider:query starts, uri = content://com.huawei.systemmanager.NotificationDBProvider/notificationCfg
04-23 22:53:08.305: I/HwSystemManager(3669): NotificationDBProvider:query starts, matchCode = 1
04-23 22:53:08.305: W/ProxyAndroidLoggerBackend(15520): Too many Flogger logs received before configuration. Dropping old logs.
04-23 22:53:08.315: W/ProxyAndroidLoggerBackend(15520): Too many Flogger logs received before configuration. Dropping old logs.
04-23 22:53:08.315: I/HwSystemManager(3669): AppCleanUpService:onStartCommand() in!
04-23 22:53:08.315: W/ProxyAndroidLoggerBackend(15520): Too many Flogger logs received before configuration. Dropping old logs.
04-23 22:53:08.315: I/HwSystemManager(3669): AppCleanUpService:onStartCommand() out!
04-23 22:53:08.315: E/HwSystemManager(3669): AppCleanUpService:msg is 0
04-23 22:53:08.315: I/HwSystemManager(18373): HsmIntentService:invoked com.huawei.systemmanager.optimize.OptimizeReceiver
04-23 22:53:08.315: I/HwSystemManager(18373): OptimizeReceiver:OptimizeReceiver received action:android.intent.action.PACKAGE_ADDED
04-23 22:53:08.315: I/HwSystemManager(18373): OverseaCfgHelper:permissionStatus is 0
04-23 22:53:08.315: I/HwSystemManager(18373): HsmIntentService:task completed for intent:Intent { act=android.intent.action.PACKAGE_ADDED dat=package:androidx.test.tools.crawler flg=0x4000010 cmp=com.huawei.systemmanager/.optimize.OptimizeReceiver (has extras) }, action:android.intent.action.PACKAGE_ADDED
04-23 22:53:08.315: I/HwSystemManager(18373): ProtectAppControl:handleMessage:6
04-23 22:53:08.315: I/HwSystemManager(18373): ProtectAppControl:begin install app inner:androidx.test.tools.crawler
04-23 22:53:08.315: I/HwSystemManager(18373): HsmIntentService:in thread:Thread[HsmIntentServiceTask #5,5,main], current active tasksize:2, queue size:0
04-23 22:53:08.315: W/art(15282): Suspending all threads took: 5.043ms
04-23 22:53:08.315: I/HwSystemManager(3669): NotificationDBProvider:call: method = notification_list_query
04-23 22:53:08.315: I/HwSystemManager(3669): NotificationDBProvider:query starts, uri = content://com.huawei.systemmanager.NotificationDBProvider/notificationCfg
04-23 22:53:08.315: I/HwSystemManager(3669): NotificationDBProvider:query starts, matchCode = 1
04-23 22:53:08.315: W/ProxyAndroidLoggerBackend(15520): Too many Flogger logs received before configuration. Dropping old logs.
04-23 22:53:08.315: W/ProxyAndroidLoggerBackend(15520): Too many Flogger logs received before configuration. Dropping old logs.
04-23 22:53:08.315: W/ProxyAndroidLoggerBackend(15520): Too many Flogger logs received before configuration. Dropping old logs.
04-23 22:53:08.315: W/ProxyAndroidLoggerBackend(15520): Too many Flogger logs received before configuration. Dropping old logs.
04-23 22:53:08.315: W/ProxyAndroidLoggerBackend(15520): Too many Flogger logs received before configuration. Dropping old logs.
04-23 22:53:08.315: W/ProxyAndroidLoggerBackend(15520): Too many Flogger logs received before configuration. Dropping old logs.
04-23 22:53:08.315: W/ProxyAndroidLoggerBackend(15520): Too many Flogger logs received before configuration. Dropping old logs.
04-23 22:53:08.315: W/ProxyAndroidLoggerBackend(15520): Too many Flogger logs received before configuration. Dropping old logs.
04-23 22:53:08.315: W/ProxyAndroidLoggerBackend(15520): Too many Flogger logs received before configuration. Dropping old logs.
04-23 22:53:08.325: I/Qt(19123): qt started
04-23 22:53:08.325: W/ProxyAndroidLoggerBackend(15520): Too many Flogger logs received before configuration. Dropping old logs.
04-23 22:53:08.335: W/ProxyAndroidLoggerBackend(15520): Too many Flogger logs received before configuration. Dropping old logs.
04-23 22:53:08.335: I/HwSystemManager(18373): HsmIntentService:started for intent:Intent { act=android.intent.action.PACKAGE_ADDED dat=package:androidx.test.tools.crawler flg=0x4000010 cmp=com.huawei.systemmanager/.power.receiver.BootBroadcastReceiver (has extras) }, action:android.intent.action.PACKAGE_ADDED, class:com.huawei.systemmanager.power.receiver.BootBroadcastReceiver
04-23 22:53:08.335: I/HwSystemManager(18373): NetAppListPrepareReceiver:NetAppListPrepareReceiver: onReceive(), action = android.intent.action.PACKAGE_ADDED
04-23 22:53:08.335: I/PhoneStatusBar(3174): notification pkg =com.android.settings
04-23 22:53:08.335: I/PhoneStatusBar(3174): notification provisioned=true, score =10, [score > HIDE_ICONS_BELOW_SCORE] =true, showNotificationEvenIfUnprovisioned = false
04-23 22:53:08.335: I/PhoneStatusBar(3174): notification pkg =androidx.test.tools.crawler
04-23 22:53:08.335: I/PhoneStatusBar(3174): notification provisioned=true, score =0, [score > HIDE_ICONS_BELOW_SCORE] =true, showNotificationEvenIfUnprovisioned = false
04-23 22:53:08.335: I/PhoneStatusBar(3174): notification pkg =com.google.android.apps.mtaas.backdrop
04-23 22:53:08.335: I/PhoneStatusBar(3174): notification provisioned=true, score =0, [score > HIDE_ICONS_BELOW_SCORE] =true, showNotificationEvenIfUnprovisioned = false
04-23 22:53:08.335: I/PhoneStatusBar(3174): notification pkg =com.android.server.telecom
04-23 22:53:08.335: I/PhoneStatusBar(3174): notification provisioned=true, score =0, [score > HIDE_ICONS_BELOW_SCORE] =true, showNotificationEvenIfUnprovisioned = false
04-23 22:53:08.335: I/art(15282): Explicit concurrent mark sweep GC freed 61145(3MB) AllocSpace objects, 15(296KB) LOS objects, 32% free, 32MB/48MB, paused 9.041ms total 264.500ms
04-23 22:53:08.335: I/PhoneStatusBar(3174): notification pkg =android
04-23 22:53:08.335: I/PhoneStatusBar(3174): notification provisioned=true, score =-10, [score > HIDE_ICONS_BELOW_SCORE] =true, showNotificationEvenIfUnprovisioned = false
04-23 22:53:08.335: W/ProxyAndroidLoggerBackend(15520): Too many Flogger logs received before configuration. Dropping old logs.
04-23 22:53:08.335: W/ProxyAndroidLoggerBackend(15520): Too many Flogger logs received before configuration. Dropping old logs.
04-23 22:53:08.335: W/ProxyAndroidLoggerBackend(15520): Too many Flogger logs received before configuration. Dropping old logs.
04-23 22:53:08.335: W/ProxyAndroidLoggerBackend(15520): Too many Flogger logs received before configuration. Dropping old logs.
04-23 22:53:08.335: W/ProxyAndroidLoggerBackend(15520): Too many Flogger logs received before configuration. Dropping old logs.
04-23 22:53:08.335: W/ProxyAndroidLoggerBackend(15520): Too many Flogger logs received before configuration. Dropping old logs.
04-23 22:53:08.335: W/ProxyAndroidLoggerBackend(15520): Too many Flogger logs received before configuration. Dropping old logs.
04-23 22:53:08.335: W/ProxyAndroidLoggerBackend(15520): Too many Flogger logs received before configuration. Dropping old logs.
04-23 22:53:08.335: W/ProxyAndroidLoggerBackend(15520): Too many Flogger logs received before configuration. Dropping old logs.
04-23 22:53:08.345: I/HwSystemManager(18373): HsmIntentService:invoked com.huawei.systemmanager.power.receiver.BootBroadcastReceiver
04-23 22:53:08.345: W/HwSystemManager(18373): BootBroadcastReceiver:No handler exist for registered action:android.intent.action.PACKAGE_ADDED
04-23 22:53:08.345: I/HwSystemManager(18373): HsmIntentService:task completed for intent:Intent { act=android.intent.action.PACKAGE_ADDED dat=package:androidx.test.tools.crawler flg=0x4000010 cmp=com.huawei.systemmanager/.power.receiver.BootBroadcastReceiver (has extras) }, action:android.intent.action.PACKAGE_ADDED
04-23 22:53:08.345: I/HwSystemManager(18373): HsmIntentService:in thread:Thread[HsmIntentServiceTask #6,5,main], current active tasksize:2, queue size:0
04-23 22:53:08.345: W/ProxyAndroidLoggerBackend(15520): Too many Flogger logs received before configuration. Dropping old logs.
04-23 22:53:08.345: W/ProxyAndroidLoggerBackend(15520): Too many Flogger logs received before configuration. Dropping old logs.
04-23 22:53:08.345: W/ProxyAndroidLoggerBackend(15520): Too many Flogger logs received before configuration. Dropping old logs.
04-23 22:53:08.345: W/ProxyAndroidLoggerBackend(15520): Too many Flogger logs received before configuration. Dropping old logs.
04-23 22:53:08.345: W/ProxyAndroidLoggerBackend(15520): Too many Flogger logs received before configuration. Dropping old logs.
04-23 22:53:08.345: W/ProxyAndroidLoggerBackend(15520): Too many Flogger logs received before configuration. Dropping old logs.
04-23 22:53:08.345: W/ProxyAndroidLoggerBackend(15520): Too many Flogger logs received before configuration. Dropping old logs.
04-23 22:53:08.345: W/ProxyAndroidLoggerBackend(15520): Too many Flogger logs received before configuration. Dropping old logs.
04-23 22:53:08.345: W/ProxyAndroidLoggerBackend(15520): Too many Flogger logs received before configuration. Dropping old logs.
04-23 22:53:08.355: W/ProxyAndroidLoggerBackend(15520): Too many Flogger logs received before configuration. Dropping old logs.
04-23 22:53:08.355: W/ProxyAndroidLoggerBackend(15520): Too many Flogger logs received before configuration. Dropping old logs.
04-23 22:53:08.355: W/ProxyAndroidLoggerBackend(15520): Too many Flogger logs received before configuration. Dropping old logs.
04-23 22:53:08.355: I/HwSystemManager(3669): OptimizeProvider:delete androidx.test.tools.crawler
04-23 22:53:08.355: I/HwSystemManager(18373): PowerGenieDbHelper:delete protect app:androidx.test.tools.crawler
04-23 22:53:08.355: W/ProxyAndroidLoggerBackend(15520): Too many Flogger logs received before configuration. Dropping old logs.
04-23 22:53:08.355: I/HwSystemManager(18373): anf:packageCanAccessInternet androidx.test.tools.crawlerhas INTERNET permission
04-23 22:53:08.355: W/ProxyAndroidLoggerBackend(15520): Too many Flogger logs received before configuration. Dropping old logs.
04-23 22:53:08.355: I/HwSystemManager(18373): anf:packageCanAccessInternet component enable
04-23 22:53:08.355: W/ProxyAndroidLoggerBackend(15520): Too many Flogger logs received before configuration. Dropping old logs.
04-23 22:53:08.355: I/HwSystemManager(18373): AppManager:insert to db: name = androidx.test.tools.crawler uid = 10108 app type = false
04-23 22:53:08.365: W/ProxyAndroidLoggerBackend(15520): Too many Flogger logs received before configuration. Dropping old logs.
04-23 22:53:08.365: W/ProxyAndroidLoggerBackend(15520): Too many Flogger logs received before configuration. Dropping old logs.
04-23 22:53:08.365: W/ProxyAndroidLoggerBackend(15520): Too many Flogger logs received before configuration. Dropping old logs.
04-23 22:53:08.365: W/ProxyAndroidLoggerBackend(15520): Too many Flogger logs received before configuration. Dropping old logs.
04-23 22:53:08.365: W/ProxyAndroidLoggerBackend(15520): Too many Flogger logs received before configuration. Dropping old logs.
04-23 22:53:08.365: I/HwSystemManager(18373): HsmPackageManager:get all installed packages, flag:0, size:152
04-23 22:53:08.365: E/HwSystemManager(18373): PermissionDBAdapter:appcationsList size:152
04-23 22:53:08.375: W/ProxyAndroidLoggerBackend(15520): Too many Flogger logs received before configuration. Dropping old logs.
04-23 22:53:08.375: W/ProxyAndroidLoggerBackend(15520): Too many Flogger logs received before configuration. Dropping old logs.
04-23 22:53:08.375: W/ProxyAndroidLoggerBackend(15520): Too many Flogger logs received before configuration. Dropping old logs.
04-23 22:53:08.385: W/ProxyAndroidLoggerBackend(15520): Too many Flogger logs received before configuration. Dropping old logs.
