04-23 22:54:05.075: I/PG Utils(15282): acquire_providerpkg:[com.android.providers.media] pid:[] maybe timeout , send to PG
04-23 22:54:05.085: E/HwSystemManager(3669): TrafficNotifyOverMarkForDay:notifyTafficOverMarkForDay: imsi is null.
04-23 22:54:05.085: I/HwSystemManager(3669): TrafficAnalyseManager:mDataServiceStatusCard1 : false mDataServiceStatusCard2 : false
04-23 22:54:05.085: E/HwSystemManager(3669): getSimCardType:/getSimCardInfo: imsi is null
04-23 22:54:05.095: E/HwSystemManager(3669): getSimCardType:/getSimCardInfo: imsi is null
04-23 22:54:05.095: E/HwSystemManager(3669): getSimCardType:/getPhoneSimCardInfo: boths card not recongnized
04-23 22:54:05.095: W/HwSystemManager(3669): TrafficAnalyseManager:initCardStatus: preferredCardInfo is null.
04-23 22:54:05.095: E/HwSystemManager(3669): TrafficNotifyOverMarkForMonth:notifyTafficOverMarkForMonth: imsi is null.
04-23 22:54:05.095: I/HwSystemManager(3669): TrafficAnalyseManager:mDataServiceStatusCard1 : false mDataServiceStatusCard2 : false
04-23 22:54:05.095: E/HwSystemManager(3669): getSimCardType:/getSimCardInfo: imsi is null
04-23 22:54:05.095: E/HwSystemManager(3669): getSimCardType:/getSimCardInfo: imsi is null
04-23 22:54:05.095: E/HwSystemManager(3669): getSimCardType:/getPhoneSimCardInfo: boths card not recongnized
04-23 22:54:05.095: W/HwSystemManager(3669): TrafficAnalyseManager:initCardStatus: preferredCardInfo is null.
04-23 22:54:05.095: E/HwSystemManager(3669): TrafficNotifyExcessForMonth:notifyTafficExcessForMonth: imsi is null.
04-23 22:54:05.125: I/PG Utils(15282): acquire_providerpkg:[com.android.providers.media] pid:[] maybe timeout , send to PG
04-23 22:54:05.135: E/Minikin(22481): addFont failed to create font /system/fonts/DroidSansChineseslim.ttf
04-23 22:54:05.135: W/GalleryUtils(22481): the font DroidSanChineseSlim is not exist!
04-23 22:54:05.175: I/UpdateIcingCorporaServi(17085): Updating corpora: APPS=androidx.test.tools.crawler, CONTACTS=MAYBE
04-23 22:54:05.185: I/art(2958): Explicit concurrent mark sweep GC freed 48168(3MB) AllocSpace objects, 16(288KB) LOS objects, 33% free, 29MB/44MB, paused 2.318ms total 313.772ms
04-23 22:54:05.195: W/art(22449): No such thread id for suspend: 15
04-23 22:54:05.205: I/UpdateIcingCorporaServi(17085): UpdateCorporaTask done [took 29 ms] updated apps [took 29 ms]
04-23 22:54:05.215: I/PG Utils(15282): acquire_providerpkg:[com.google.android.gsf] pid:[] maybe timeout , send to PG
04-23 22:54:05.225: I/PG Utils(15282): acquire_providerpkg:[com.google.android.gsf] pid:[] maybe timeout , send to PG
04-23 22:54:05.235: I/ActivityManager(2958): filter receiver for action = com.google.android.gms.gcm.ACTION_SCHEDULE
04-23 22:54:05.265: I/PG Utils(15282): acquire_providerpkg:[com.google.android.gsf] pid:[] maybe timeout , send to PG
04-23 22:54:05.315: I/PG Utils(15209): acquire_providerpkg:[com.google.android.gsf] pid:[] maybe timeout , send to PG
04-23 22:54:05.335: I/Icing(15282): Indexing com.google.android.gms-internal.3p:MusicRecording from com.google.android.gms
04-23 22:54:05.365: E/SQLiteLog(15282): (1) no such table: MusicRecording_com.google.android.gms_seq_table
04-23 22:54:05.365: E/Icing(15282): Cursor call threw an exception: no such table: MusicRecording_com.google.android.gms_seq_table(Sqlite code 1): , while compiling: SELECT * FROM [MusicRecording_com.google.android.gms_seq_table] WHERE seqno>0 AND tag IS NULL ORDER BY seqno LIMIT 20,(OS error - 2:No such file or directory)
04-23 22:54:05.365: I/Icing(15282): Indexing done com.google.android.gms-internal.3p:MusicRecording
04-23 22:54:05.365: E/Icing(15282): Aborting indexing of corpus internal.3p:MusicRecording
04-23 22:54:05.375: I/Icing(15282): Indexing com.google.android.gms-internal.3p:MusicRecording from com.google.android.gms using seqno 0
04-23 22:54:05.395: I/Icing(15282): Indexing com.google.android.gms-internal.3p:MusicRecording from com.google.android.gms using seqno 0
04-23 22:54:05.625: I/GAv4(22552): Google Analytics 7.8.95 is starting up. To enable debug logging on a device run:
04-23 22:54:05.625: I/GAv4(22552): adb shell setprop log.tag.GAv4 DEBUG
04-23 22:54:05.625: I/GAv4(22552): adb logcat -s GAv4
04-23 22:54:05.655: W/GAv4(22552): AnalyticsReceiver is not registered or is disabled. Register the receiver for reliable dispatching on non-Google Play devices. See http://goo.gl/8Rd3yj for instructions.
04-23 22:54:05.665: I/appproc(22580): CLASSPATH=/system/framework/pm.jar
04-23 22:54:05.665: I/appproc(22580): Command=app_process /system/bin com.android.commands.pm.Pm uninstall net.rpdev.opentodolist
04-23 22:54:05.665: I/appproc(22580): app_process:number,4,0
04-23 22:54:05.665: I/AndroidRuntime(22580): readDownloadBoosterConfig: 'false'
04-23 22:54:05.675: W/GAv4(22552): CampaignTrackingReceiver is not registered, not exported or is disabled. Installation campaign tracking is not possible. See http://goo.gl/8Rd3yj for instructions.
04-23 22:54:05.675: W/GAv4(22552): AnalyticsService not registered in the app manifest. Hits might not be delivered reliably. See http://goo.gl/8Rd3yj for instructions.
04-23 22:54:05.685: W/AnalyticsTrackerProxyImpl(22552): Analytics setup for ID UA-21125203-2, app name Google Drive, version 2.3.357.23.44
04-23 22:54:05.685: W/AnalyticsTrackerProxyImpl(22552): [
04-23 22:54:05.805 22580:22580 I/ ]
04-23 22:54:05.685: W/AnalyticsTrackerProxyImpl(22552): power log dlsym ok
04-23 22:54:05.825: E/WifiStateMachine(2958): ConnectedState !CMD_OBTAINING_IP_ADDRESS_WATCHDOG_TIMER 2 0
04-23 22:54:05.825: E/WifiStateMachine(2958): L2ConnectedState !CMD_OBTAINING_IP_ADDRESS_WATCHDOG_TIMER 2 0
04-23 22:54:05.835: E/WifiStateMachine(2958): ConnectModeState !CMD_OBTAINING_IP_ADDRESS_WATCHDOG_TIMER 2 0
04-23 22:54:05.835: E/WifiStateMachine(2958): DriverStartedState !CMD_OBTAINING_IP_ADDRESS_WATCHDOG_TIMER 2 0
04-23 22:54:05.835: E/WifiStateMachine(2958): SupplicantStartedState !CMD_OBTAINING_IP_ADDRESS_WATCHDOG_TIMER 2 0
04-23 22:54:05.835: E/WifiStateMachine(2958): DefaultState !CMD_OBTAINING_IP_ADDRESS_WATCHDOG_TIMER 2 0
04-23 22:54:05.855: E/android_hardware_fm.cpp(22580): register_android_hardware_fm_fmradio
04-23 22:54:05.855: I/android_hardware_fm.cpp(22580): ========64bit long size = 8
04-23 22:54:05.855: E/FM_HAL(22580): [FM_HAL], libname is libhisifm_if
04-23 22:54:05.855: I/fm_hisi(22580): FM::[fm_device_open:4655] fm_device_open
04-23 22:54:05.855: I/fm_hisi(22580): FM::[fm_device_open:4666] find the id:libhisifm_if and begins to open the device
04-23 22:54:05.855: I/fm_hisi(22580): FM::[fm_device_open:4710] device open sucess
04-23 22:54:05.855: E/android_hardware_fm.cpp(22580): register_android_hardware_fm_fmradio, ret is 0
04-23 22:54:05.995: W/ChimeraUtils(15209): Non Chimera context
04-23 22:54:06.035: E/HsmCoreServiceImpl(2958): onTransact in code is: 102
04-23 22:54:06.035: I/MediaProcessHandler(2958): processOp opType: 1, uid: 10051, pid: 20167
04-23 22:54:06.035: W/MediaProcessHandler(2958): remove target not exist, maybe the UI process: uid: 10051, pid: 20167
04-23 22:54:06.035: I/HwSystemManager(3669): HoldService:uid:10051 pid:20167 died
04-23 22:54:06.035: I/HwSystemManager(3669): HoldService:oldVersionKey:10051,20167
04-23 22:54:06.035: I/HwSystemManager(3669): BgPowerManagerService:onProcessDied uid = 10051
04-23 22:54:06.045: I/ActivityManager(2958): filter receiver for action = android.intent.action.PACKAGE_REMOVED
04-23 22:54:06.045: I/ActivityManager(2958): filter receiver for action = android.intent.action.PACKAGE_FULLY_REMOVED
04-23 22:54:06.055: I/ActivityManager(2958): filter receiver for action = android.intent.action.UID_REMOVED
04-23 22:54:06.055: I/HwLauncher(3555): Model onReceive intent=Intent { act=android.intent.action.PACKAGE_REMOVED dat=package:net.rpdev.opentodolist flg=0x4000010 (has extras) }
04-23 22:54:06.055: I/HwLauncher(3555): Model replacing = false package = net.rpdev.opentodolist
04-23 22:54:06.055: I/HwLauncher(3555): Model ACTION_PACKAGE_REMOVED replacing = false
04-23 22:54:06.055: I/HwLauncher(3555): MutilSelectedIconsonPreHandleUpdatedTask : mIsInMutilSelectMode = false task = 3 packages = [net.rpdev.opentodolist]
04-23 22:54:06.055: I/HwLauncher(3555): SimpleLauncherModeaction= android.intent.action.PACKAGE_REMOVEDpackageName = net.rpdev.opentodolist
04-23 22:54:06.055: I/HwSystemManager(3669): HsmPackageManager:Receive intent:Intent { act=android.intent.action.PACKAGE_REMOVED dat=package:net.rpdev.opentodolist flg=0x4000010 (has extras) }
04-23 22:54:06.055: I/HwLauncher(3555): SimpleLauncherModedeleteBadgeItemFromDBByPkg packageName=net.rpdev.opentodolist
04-23 22:54:06.055: I/HwSystemManager(3669): HsmPackageManager:replacing:false
04-23 22:54:06.055: I/HwSystemManager(3669): HsmPackageManager:pkgName:net.rpdev.opentodolist
04-23 22:54:06.055: I/HwSystemManager(3669): HsmPackageManager:doAppRemoved, remove:net.rpdev.opentodolist
04-23 22:54:06.055: I/HwSystemManager(3669): ww:deleteLockData:net.rpdev.opentodolist
04-23 22:54:06.055: I/GeofencerStateMachine(15209): removeGeofences: removeRequest=RemoveGeofencingRequest[REMOVE_ALL packageName=net.rpdev.opentodolist]
04-23 22:54:06.055: I/HwLauncher(3555): Launcher.LauncherProvider only HwLauncher can use LauncherProvider's delete method to delete badge table item
04-23 22:54:06.055: I/HwLauncher(3555): SimpleAllAppsList add packageName into uninstalledSDApps
04-23 22:54:06.055: I/HwLauncher(3555): SimpleLauncherModeuninstalledSDApps size > 0
04-23 22:54:06.055: W/HwLauncher(3555): SimpleLauncherModeNobody to tell about the new app. Launcher is probably loading.
04-23 22:54:06.055: I/HwLauncher(3555): SimpleLauncherModeOP_REMOVE callback is null, delete simpleUI database record
04-23 22:54:06.065: I/HwLauncher(3555): Model mAllAppsList.removePackage net.rpdev.opentodolist
04-23 22:54:06.065: E/HideAppsPagedView(3555): removeItems begin
04-23 22:54:06.065: E/HideAppsPagedView(3555): ShortcutInfo(title=OpenTodoList)
04-23 22:54:06.065: E/HideAppsPagedView(3555): removeItems end
04-23 22:54:06.065: I/HwLauncher(3555): Workspace removeItems info = ShortcutInfo(title=OpenTodoList) isNeedDelete = true
04-23 22:54:06.075: I/art(6292): Can not find class: Ldalvik/system/Zygote;
04-23 22:54:06.075: I/InputReader(2958): Reconfiguring input devices. changes=0x00000010
04-23 22:54:06.075: I/AccountTypeManager(20052): Adding account type = com.android.contacts.model.account.ExchangeAccountType@167852c3 in the cache
04-23 22:54:06.075: I/SimFactoryManager(20052): Get SIM state from SIM factory manager: 0,For slotId:0
04-23 22:54:06.075: I/SimFactoryManager(20052): Get SIM state from SIM factory manager: 0,For slotId:1
04-23 22:54:06.085: W/System.err(3555): android.content.pm.PackageManager$NameNotFoundException: net.rpdev.opentodolist
04-23 22:54:06.085: W/System.err(3555): at android.app.ApplicationPackageManager.getApplicationInfo(ApplicationPackageManager.java:287)
04-23 22:54:06.085: W/System.err(3555): at com.huawei.android.launcher.ShortcutInfo.isAppUninstallable(ShortcutInfo.java:347)
04-23 22:54:06.085: W/System.err(3555): at com.huawei.android.launcher.Workspace$10.run(Workspace.java:6784)
04-23 22:54:06.085: W/System.err(3555): at android.os.Handler.handleCallback(Handler.java:739)
04-23 22:54:06.085: W/System.err(3555): at android.os.Handler.dispatchMessage(Handler.java:95)
04-23 22:54:06.085: W/System.err(3555): at android.os.Looper.loop(Looper.java:135)
04-23 22:54:06.085: W/System.err(3555): at android.app.ActivityThread.main(ActivityThread.java:5538)
04-23 22:54:06.085: W/System.err(3555): at java.lang.reflect.Method.invoke(Native Method)
04-23 22:54:06.085: W/System.err(3555): at java.lang.reflect.Method.invoke(Method.java:372)
04-23 22:54:06.085: W/System.err(3555): at com.android.internal.os.ZygoteInit$MethodAndArgsCaller.run(ZygoteInit.java:960)
04-23 22:54:06.085: W/System.err(3555): at com.android.internal.os.ZygoteInit.main(ZygoteInit.java:755)
04-23 22:54:06.085: I/AccountTypeManager(20052): Adding account type = com.android.contacts.model.account.ExternalAccountType@44d740 in the cache
04-23 22:54:06.085: I/HwSystemManager(3669): aor:Network Stats Updated
04-23 22:54:06.085: I/HwSystemManager(3669): aoi:onNetworkStatsUpdated
04-23 22:54:06.095: I/HwSystemManager(3669): TrafficAnalyseManager:mDataServiceStatusCard1 : false mDataServiceStatusCard2 : false
04-23 22:54:06.095: W/System.err(3555): java.lang.NullPointerException: null receiver
04-23 22:54:06.095: W/System.err(3555): at java.lang.reflect.Field.get(Native Method)
04-23 22:54:06.095: W/System.err(3555): at java.lang.reflect.Field.get(Field.java:279)
04-23 22:54:06.095: W/System.err(3555): at com.huawei.android.launcher.ShortcutInfo.isAppUninstallable(ShortcutInfo.java:372)
04-23 22:54:06.095: W/System.err(3555): at com.huawei.android.launcher.Workspace$10.run(Workspace.java:6784)
04-23 22:54:06.095: W/System.err(3555): at android.os.Handler.handleCallback(Handler.java:739)
04-23 22:54:06.095: W/System.err(3555): at android.os.Handler.dispatchMessage(Handler.java:95)
04-23 22:54:06.095: W/System.err(3555): at android.os.Looper.loop(Looper.java:135)
04-23 22:54:06.095: W/System.err(3555): at android.app.ActivityThread.main(ActivityThread.java:5538)
04-23 22:54:06.095: W/System.err(3555): at java.lang.reflect.Method.invoke(Native Method)
04-23 22:54:06.095: W/System.err(3555): at java.lang.reflect.Method.invoke(Method.java:372)
04-23 22:54:06.095: W/System.err(3555): at com.android.internal.os.ZygoteInit$MethodAndArgsCaller.run(ZygoteInit.java:960)
04-23 22:54:06.095: W/System.err(3555): at com.android.internal.os.ZygoteInit.main(ZygoteInit.java:755)
04-23 22:54:06.105: E/HwSystemManager(3669): getSimCardType:/getSimCardInfo: imsi is null
04-23 22:54:06.105: E/HwSystemManager(3669): getSimCardType:/getSimCardInfo: imsi is null
04-23 22:54:06.105: E/HwSystemManager(3669): getSimCardType:/getPhoneSimCardInfo: boths card not recongnized
04-23 22:54:06.105: W/HwSystemManager(3669): TrafficAnalyseManager:initCardStatus: preferredCardInfo is null.
04-23 22:54:06.115: E/HwSystemManager(3669): TrafficNotifyOverMarkForDay:notifyTafficOverMarkForDay: imsi is null.
04-23 22:54:06.115: I/HwSystemManager(3669): TrafficAnalyseManager:mDataServiceStatusCard1 : false mDataServiceStatusCard2 : false
04-23 22:54:06.125: E/HwSystemManager(3669): getSimCardType:/getSimCardInfo: imsi is null
04-23 22:54:06.135: E/HwSystemManager(3669): getSimCardType:/getSimCardInfo: imsi is null
04-23 22:54:06.135: E/HwSystemManager(3669): getSimCardType:/getPhoneSimCardInfo: boths card not recongnized
04-23 22:54:06.135: W/HwSystemManager(3669): TrafficAnalyseManager:initCardStatus: preferredCardInfo is null.
04-23 22:54:06.135: E/HwSystemManager(3669): TrafficNotifyOverMarkForMonth:notifyTafficOverMarkForMonth: imsi is null.
04-23 22:54:06.135: I/HwSystemManager(3669): TrafficAnalyseManager:mDataServiceStatusCard1 : false mDataServiceStatusCard2 : false
04-23 22:54:06.135: I/HwLauncher(3555): CellLayout rearrangeAfterRmItem isAutoAlign = false
04-23 22:54:06.145: I/HwLauncher(3555): Launcher Deferring update until onResume
04-23 22:54:06.145: E/HwSystemManager(3669): getSimCardType:/getSimCardInfo: imsi is null
04-23 22:54:06.145: E/HwSystemManager(3669): getSimCardType:/getSimCardInfo: imsi is null
04-23 22:54:06.145: E/HwSystemManager(3669): getSimCardType:/getPhoneSimCardInfo: boths card not recongnized
04-23 22:54:06.145: W/HwSystemManager(3669): TrafficAnalyseManager:initCardStatus: preferredCardInfo is null.
04-23 22:54:06.145: E/HwSystemManager(3669): TrafficNotifyExcessForMonth:notifyTafficExcessForMonth: imsi is null.
04-23 22:54:06.155: W/System.err(2958): android.content.pm.PackageManager$NameNotFoundException: net.rpdev.opentodolist
04-23 22:54:06.155: W/System.err(2958): at android.app.ApplicationPackageManager.getApplicationInfo(ApplicationPackageManager.java:287)
04-23 22:54:06.155: W/System.err(2958): at com.android.server.SmartHeartBeat$HeartBeatHandler.updatePackageMessage(SmartHeartBeat.java:872)
04-23 22:54:06.155: W/System.err(2958): at com.android.server.SmartHeartBeat$HeartBeatHandler.handleMessage(SmartHeartBeat.java:606)
04-23 22:54:06.155: W/System.err(2958): at android.os.Handler.dispatchMessage(Handler.java:102)
04-23 22:54:06.155: W/System.err(2958): at android.os.Looper.loop(Looper.java:135)
04-23 22:54:06.155: W/System.err(2958): at android.os.HandlerThread.run(HandlerThread.java:61)
04-23 22:54:06.175: W/ResourceType(20052): For resource 0x7f0806ed, entry index(1773) is beyond type entryCount(13)
04-23 22:54:06.175: W/ResourceType(20052): Failure getting entry for 0x7f0806ed (t=7 e=1773) (error -75)
04-23 22:54:06.175: W/ResourceType(20052): For resource 0x7f0806ed, entry index(1773) is beyond type entryCount(13)
04-23 22:54:06.175: W/ResourceType(20052): Failure getting entry for 0x7f0806ed (t=7 e=1773) (error -75)
04-23 22:54:06.175: I/AccountTypeManager(20052): Adding account type = com.android.contacts.model.account.ExternalAccountType@12655679 in the cache
04-23 22:54:06.175: I/AccountTypeManager(20052): Adding account type = com.android.contacts.model.account.GoogleAccountType@1014dfbe in the cache
04-23 22:54:06.185: E/ExternalAccountType(20052): Unsupported attribute readOnly
04-23 22:54:06.185: I/AccountTypeManager(20052): AccountManager, account size is: 2
04-23 22:54:06.185: I/AccountTypeManager(20052): Error, not syncable found for type: com.google
04-23 22:54:06.185: I/AccountTypeManager(20052): Loaded meta-data for 5 account types, 1 accounts in 132ms(wall) 35ms(cpu)
04-23 22:54:06.275: W/System.err(2958): java.lang.NullPointerException: Attempt to invoke virtual method 'int com.huawei.lcagent.client.LogCollectManager.getUserType()' on a null object reference
04-23 22:54:06.275: W/System.err(2958): at huawei.com.android.server.util.ReportTool.getUserType(ReportTool.java:86)
04-23 22:54:06.275: W/System.err(2958): at huawei.com.android.server.util.ReportTool.isBetaUser(ReportTool.java:73)
04-23 22:54:06.275: W/System.err(2958): at huawei.com.android.server.util.ReportTool.report(ReportTool.java:58)
04-23 22:54:06.275: W/System.err(2958): at huawei.com.android.server.util.UserBehaviourRecord.appExitRecord(UserBehaviourRecord.java:65)
04-23 22:54:06.275: W/System.err(2958): at com.android.server.am.ActivityManagerService.cleanUpRemovedTaskLocked(ActivityManagerService.java:9041)
04-23 22:54:06.275: W/System.err(2958): at com.android.server.am.ActivityManagerService.removeTaskByIdLocked(ActivityManagerService.java:9097)
04-23 22:54:06.275: W/System.err(2958): at com.android.server.am.ActivityManagerService.access$1000(ActivityManagerService.java:293)
04-23 22:54:06.275: W/System.err(2958): at com.android.server.am.ActivityManagerService$3.onPackageRemoved(ActivityManagerService.java:2234)
04-23 22:54:06.275: W/System.err(2958): at com.android.internal.content.PackageMonitor.onReceive(PackageMonitor.java:341)
04-23 22:54:06.275: W/System.err(2958): at android.app.LoadedApk$ReceiverDispatcher$Args.run(LoadedApk.java:899)
04-23 22:54:06.275: W/System.err(2958): at android.os.Handler.handleCallback(Handler.java:739)
04-23 22:54:06.275: W/System.err(2958): at android.os.Handler.dispatchMessage(Handler.java:95)
04-23 22:54:06.275: W/System.err(2958): at android.os.Looper.loop(Looper.java:135)
04-23 22:54:06.275: W/System.err(2958): at com.android.server.SystemServer.run(SystemServer.java:324)
04-23 22:54:06.275: W/System.err(2958): at com.android.server.SystemServer.main(SystemServer.java:212)
04-23 22:54:06.275: W/System.err(2958): at java.lang.reflect.Method.invoke(Native Method)
04-23 22:54:06.275: W/System.err(2958): at java.lang.reflect.Method.invoke(Method.java:372)
04-23 22:54:06.275: W/System.err(2958): at com.android.internal.os.ZygoteInit$MethodAndArgsCaller.run(ZygoteInit.java:960)
04-23 22:54:06.275: W/System.err(2958): at com.android.internal.os.ZygoteInit.main(ZygoteInit.java:755)
04-23 22:54:06.275: E/ReportTools(2958): This is not beta user build
04-23 22:54:06.285: I/HwSystemManager(3669): HoldService:uid:10030 pid:19368 died
04-23 22:54:06.285: I/HwSystemManager(3669): HoldService:oldVersionKey:10030,19368
04-23 22:54:06.285: I/HwSystemManager(3669): BgPowerManagerService:onProcessDied uid = 10030
04-23 22:54:06.285: E/HsmCoreServiceImpl(2958): onTransact in code is: 102
04-23 22:54:06.285: I/MediaProcessHandler(2958): processOp opType: 1, uid: 10030, pid: 19368
04-23 22:54:06.285: W/MediaProcessHandler(2958): remove target not exist, maybe the UI process: uid: 10030, pid: 19368
04-23 22:54:06.305: I/art(22552): Can not find class: Ljavax/net/ssl/SNIServerName;
04-23 22:54:06.305: I/art(22552): Can not find class: Ljavax/net/ssl/SNIHostName;
04-23 22:54:06.315: I/art(22552): Can not find class: Ljavax/net/ssl/SNIHostName;
04-23 22:54:06.315: I/art(22552): Can not find class: Ljavax/net/ssl/SNIHostName;
04-23 22:54:06.325: E/hisync.STUtils(22645): java.lang.IllegalArgumentException: input.length=0; inputOffset=16; inputLen=-16
04-23 22:54:06.325: E/hisync.STUtils(22645): at javax.crypto.Cipher.checkInputOffsetAndCount(Cipher.java:1038)
04-23 22:54:06.325: E/hisync.STUtils(22645): at javax.crypto.Cipher.doFinal(Cipher.java:1374)
04-23 22:54:06.325: E/hisync.STUtils(22645): at com.huawei.android.hicloud.b.a.a(Aes128Cbc.java:264)
04-23 22:54:06.325: E/hisync.STUtils(22645): at com.huawei.android.hicloud.b.a.b(Aes128Cbc.java:131)
04-23 22:54:06.325: E/hisync.STUtils(22645): at com.huawei.android.hicloud.b.m.c(STUtils.java:103)
04-23 22:54:06.325: E/hisync.STUtils(22645): at com.huawei.android.hicloud.common.account.a.b(AccountInfo.java:164)
04-23 22:54:06.325: E/hisync.STUtils(22645): at com.huawei.android.hicloud.common.account.a.a(AccountInfo.java:118)
04-23 22:54:06.325: E/hisync.STUtils(22645): at com.huawei.android.hicloud.HicloudApplication.onCreate(HicloudApplication.java:55)
04-23 22:54:06.325: E/hisync.STUtils(22645): at android.app.Instrumentation.callApplicationOnCreate(Instrumentation.java:1013)
04-23 22:54:06.325: E/hisync.STUtils(22645): at android.app.ActivityThread.handleBindApplication(ActivityThread.java:4793)
04-23 22:54:06.325: E/hisync.STUtils(22645): at android.app.ActivityThread.access$1900(ActivityThread.java:152)
04-23 22:54:06.325: E/hisync.STUtils(22645): at android.app.ActivityThread$H.handleMessage(ActivityThread.java:1402)
04-23 22:54:06.325: E/hisync.STUtils(22645): at android.os.Handler.dispatchMessage(Handler.java:102)
04-23 22:54:06.325: E/hisync.STUtils(22645): at android.os.Looper.loop(Looper.java:135)
04-23 22:54:06.325: E/hisync.STUtils(22645): at android.app.ActivityThread.main(ActivityThread.java:5538)
04-23 22:54:06.325: E/hisync.STUtils(22645): at java.lang.reflect.Method.invoke(Native Method)
04-23 22:54:06.325: E/hisync.STUtils(22645): at java.lang.reflect.Method.invoke(Method.java:372)
04-23 22:54:06.325: E/hisync.STUtils(22645): at com.android.internal.os.ZygoteInit$MethodAndArgsCaller.run(ZygoteInit.java:960)
04-23 22:54:06.325: E/hisync.STUtils(22645): at com.android.internal.os.ZygoteInit.main(ZygoteInit.java:755)
04-23 22:54:06.325: E/hisync.STUtils(22645): java.lang.IllegalArgumentException: input.length=0; inputOffset=16; inputLen=-16
04-23 22:54:06.325: E/hisync.STUtils(22645): at javax.crypto.Cipher.checkInputOffsetAndCount(Cipher.java:1038)
04-23 22:54:06.325: E/hisync.STUtils(22645): at javax.crypto.Cipher.doFinal(Cipher.java:1374)
04-23 22:54:06.325: E/hisync.STUtils(22645): at com.huawei.android.hicloud.b.a.a(Aes128Cbc.java:264)
04-23 22:54:06.325: E/hisync.STUtils(22645): at com.huawei.android.hicloud.b.a.b(Aes128Cbc.java:131)
04-23 22:54:06.325: E/hisync.STUtils(22645): at com.huawei.android.hicloud.b.m.c(STUtils.java:103)
04-23 22:54:06.325: E/hisync.STUtils(22645): at com.huawei.android.hicloud.common.account.a.b(AccountInfo.java:165)
04-23 22:54:06.325: E/hisync.STUtils(22645): at com.huawei.android.hicloud.common.account.a.a(AccountInfo.java:118)
04-23 22:54:06.325: E/hisync.STUtils(22645): at com.huawei.android.hicloud.HicloudApplication.onCreate(HicloudApplication.java:55)
04-23 22:54:06.325: E/hisync.STUtils(22645): at android.app.Instrumentation.callApplicationOnCreate(Instrumentation.java:1013)
04-23 22:54:06.325: E/hisync.STUtils(22645): at android.app.ActivityThread.handleBindApplication(ActivityThread.java:4793)
04-23 22:54:06.325: E/hisync.STUtils(22645): at android.app.ActivityThread.access$1900(ActivityThread.java:152)
04-23 22:54:06.325: E/hisync.STUtils(22645): at android.app.ActivityThread$H.handleMessage(ActivityThread.java:1402)
04-23 22:54:06.325: E/hisync.STUtils(22645): at android.os.Handler.dispatchMessage(Handler.java:102)
04-23 22:54:06.325: E/hisync.STUtils(22645): at android.os.Looper.loop(Looper.java:135)
04-23 22:54:06.325: E/hisync.STUtils(22645): at android.app.ActivityThread.main(ActivityThread.java:5538)
04-23 22:54:06.325: E/hisync.STUtils(22645): at java.lang.reflect.Method.invoke(Native Method)
04-23 22:54:06.325: E/hisync.STUtils(22645): at java.lang.reflect.Method.invoke(Method.java:372)
04-23 22:54:06.325: E/hisync.STUtils(22645): at com.android.internal.os.ZygoteInit$MethodAndArgsCaller.run(ZygoteInit.java:960)
04-23 22:54:06.325: E/hisync.STUtils(22645): at com.android.internal.os.ZygoteInit.main(ZygoteInit.java:755)
04-23 22:54:06.355: I/art(22552): Can not find class: Lcom/google/android/gms/org/conscrypt/OpenSSLSocketFactoryImpl;
04-23 22:54:06.365: W/System(22552): Could not create com.google.android.gms.org.conscrypt.OpenSSLSocketFactoryImpl with ClassLoader dalvik.system.PathClassLoader[DexPathList[[zip file "/system/app/Drive/Drive.apk"],nativeLibraryDirectories=[/system/app/Drive/lib/arm64, /vendor/lib64, /system/lib64]]]: com.google.android.gms.org.conscrypt.OpenSSLSocketFactoryImpl
04-23 22:54:06.365: I/ProviderInstaller(22552): Installed default security provider GmsCore_OpenSSL
04-23 22:54:06.385: I/art(2341): Explicit concurrent mark sweep GC freed 709(30KB) AllocSpace objects, 0(0B) LOS objects, 55% free, 12MB/28MB, paused 405us total 24.670ms
04-23 22:54:06.395: I/art(2958): Explicit concurrent mark sweep GC freed 24837(1793KB) AllocSpace objects, 4(80KB) LOS objects, 33% free, 29MB/43MB, paused 3.385ms total 342.484ms
04-23 22:54:06.415: I/art(2341): Explicit concurrent mark sweep GC freed 5(160B) AllocSpace objects, 0(0B) LOS objects, 55% free, 12MB/28MB, paused 428us total 21.172ms
04-23 22:54:06.435: I/art(2341): Explicit concurrent mark sweep GC freed 5(160B) AllocSpace objects, 0(0B) LOS objects, 55% free, 12MB/28MB, paused 390us total 20.565ms
04-23 22:54:06.475: W/art(22580): No such thread id for suspend: 15
04-23 22:54:06.485: I/HwSystemManager(3669): HoldService:uid:10008 pid:20742 died
04-23 22:54:06.485: I/HwSystemManager(3669): HoldService:oldVersionKey:10008,20742
04-23 22:54:06.485: I/HwSystemManager(3669): BgPowerManagerService:onProcessDied uid = 10008
04-23 22:54:06.485: E/HsmCoreServiceImpl(2958): onTransact in code is: 102
04-23 22:54:06.485: I/MediaProcessHandler(2958): processOp opType: 1, uid: 10008, pid: 20742
04-23 22:54:06.485: W/MediaProcessHandler(2958): remove target not exist, maybe the UI process: uid: 10008, pid: 20742
04-23 22:54:06.505: E/hisync.STUtils(22678): java.lang.IllegalArgumentException: input.length=0; inputOffset=16; inputLen=-16
04-23 22:54:06.505: E/hisync.STUtils(22678): at javax.crypto.Cipher.checkInputOffsetAndCount(Cipher.java:1038)
04-23 22:54:06.505: E/hisync.STUtils(22678): at javax.crypto.Cipher.doFinal(Cipher.java:1374)
04-23 22:54:06.505: E/hisync.STUtils(22678): at com.huawei.android.hicloud.b.a.a(Aes128Cbc.java:264)
04-23 22:54:06.505: E/hisync.STUtils(22678): at com.huawei.android.hicloud.b.a.b(Aes128Cbc.java:131)
04-23 22:54:06.505: E/hisync.STUtils(22678): at com.huawei.android.hicloud.b.m.c(STUtils.java:103)
04-23 22:54:06.505: E/hisync.STUtils(22678): at com.huawei.android.hicloud.common.account.a.b(AccountInfo.java:164)
04-23 22:54:06.505: E/hisync.STUtils(22678): at com.huawei.android.hicloud.common.account.a.a(AccountInfo.java:118)
04-23 22:54:06.505: E/hisync.STUtils(22678): at com.huawei.android.hicloud.HicloudApplication.onCreate(HicloudApplication.java:55)
04-23 22:54:06.505: E/hisync.STUtils(22678): at android.app.Instrumentation.callApplicationOnCreate(Instrumentation.java:1013)
04-23 22:54:06.505: E/hisync.STUtils(22678): at android.app.ActivityThread.handleBindApplication(ActivityThread.java:4793)
04-23 22:54:06.505: E/hisync.STUtils(22678): at android.app.ActivityThread.access$1900(ActivityThread.java:152)
04-23 22:54:06.505: E/hisync.STUtils(22678): at android.app.ActivityThread$H.handleMessage(ActivityThread.java:1402)
04-23 22:54:06.505: E/hisync.STUtils(22678): at android.os.Handler.dispatchMessage(Handler.java:102)
04-23 22:54:06.505: E/hisync.STUtils(22678): at android.os.Looper.loop(Looper.java:135)
04-23 22:54:06.505: E/hisync.STUtils(22678): at android.app.ActivityThread.main(ActivityThread.java:5538)
04-23 22:54:06.505: E/hisync.STUtils(22678): at java.lang.reflect.Method.invoke(Native Method)
04-23 22:54:06.505: E/hisync.STUtils(22678): at java.lang.reflect.Method.invoke(Method.java:372)
04-23 22:54:06.505: E/hisync.STUtils(22678): at com.android.internal.os.ZygoteInit$MethodAndArgsCaller.run(ZygoteInit.java:960)
04-23 22:54:06.505: E/hisync.STUtils(22678): at com.android.internal.os.ZygoteInit.main(ZygoteInit.java:755)
04-23 22:54:06.505: E/hisync.STUtils(22678): java.lang.IllegalArgumentException: input.length=0; inputOffset=16; inputLen=-16
04-23 22:54:06.505: E/hisync.STUtils(22678): at javax.crypto.Cipher.checkInputOffsetAndCount(Cipher.java:1038)
04-23 22:54:06.505: E/hisync.STUtils(22678): at javax.crypto.Cipher.doFinal(Cipher.java:1374)
04-23 22:54:06.505: E/hisync.STUtils(22678): at com.huawei.android.hicloud.b.a.a(Aes128Cbc.java:264)
04-23 22:54:06.505: E/hisync.STUtils(22678): at com.huawei.android.hicloud.b.a.b(Aes128Cbc.java:131)
04-23 22:54:06.505: E/hisync.STUtils(22678): at com.huawei.android.hicloud.b.m.c(STUtils.java:103)
04-23 22:54:06.505: E/hisync.STUtils(22678): at com.huawei.android.hicloud.common.account.a.b(AccountInfo.java:165)
04-23 22:54:06.505: E/hisync.STUtils(22678): at com.huawei.android.hicloud.common.account.a.a(AccountInfo.java:118)
04-23 22:54:06.505: E/hisync.STUtils(22678): at com.huawei.android.hicloud.HicloudApplication.onCreate(HicloudApplication.java:55)
04-23 22:54:06.505: E/hisync.STUtils(22678): at android.app.Instrumentation.callApplicationOnCreate(Instrumentation.java:1013)
04-23 22:54:06.505: E/hisync.STUtils(22678): at android.app.ActivityThread.handleBindApplication(ActivityThread.java:4793)
04-23 22:54:06.505: E/hisync.STUtils(22678): at android.app.ActivityThread.access$1900(ActivityThread.java:152)
04-23 22:54:06.505: E/hisync.STUtils(22678): at android.app.ActivityThread$H.handleMessage(ActivityThread.java:1402)
04-23 22:54:06.505: E/hisync.STUtils(22678): at android.os.Handler.dispatchMessage(Handler.java:102)
04-23 22:54:06.505: E/hisync.STUtils(22678): at android.os.Looper.loop(Looper.java:135)
04-23 22:54:06.505: E/hisync.STUtils(22678): at android.app.ActivityThread.main(ActivityThread.java:5538)
04-23 22:54:06.505: E/hisync.STUtils(22678): at java.lang.reflect.Method.invoke(Native Method)
04-23 22:54:06.505: E/hisync.STUtils(22678): at java.lang.reflect.Method.invoke(Method.java:372)
04-23 22:54:06.505: E/hisync.STUtils(22678): at com.android.internal.os.ZygoteInit$MethodAndArgsCaller.run(ZygoteInit.java:960)
04-23 22:54:06.505: E/hisync.STUtils(22678): at com.android.internal.os.ZygoteInit.main(ZygoteInit.java:755)
04-23 22:54:06.515: I/PushLogSC2559(22678): [main-1]action is android.intent.action.PACKAGE_REMOVED(ds/null:-1)
04-23 22:54:06.525: I/PushLogSC2559(22678): [Thread-315-315]framework push exist, use framework push first(ds/null:-1)
04-23 22:54:06.705: I/HwSystemManager(3669): BgPowerManagerService:onProcessDied uid = 10037
04-23 22:54:06.705: I/HwSystemManager(3669): HoldService:uid:10037 pid:20789 died
04-23 22:54:06.705: I/HwSystemManager(3669): HoldService:oldVersionKey:10037,20789
04-23 22:54:06.705: E/HsmCoreServiceImpl(2958): onTransact in code is: 102
04-23 22:54:06.705: I/MediaProcessHandler(2958): processOp opType: 1, uid: 10037, pid: 20789
04-23 22:54:06.705: W/MediaProcessHandler(2958): remove target not exist, maybe the UI process: uid: 10037, pid: 20789
04-23 22:54:06.725: I/PushLogAC2559(22718): [main-1]action is android.intent.action.PACKAGE_REMOVED(pushagent/null:-1)
04-23 22:54:06.735: I/PushLogAC2559(22718): [Thread-1203-1203]framework push exist, use framework push first(pushagent/null:-1)
04-23 22:54:06.885: I/HwSystemManager(3669): HoldService:uid:10052 pid:20509 died
04-23 22:54:06.885: I/HwSystemManager(3669): BgPowerManagerService:onProcessDied uid = 10052
04-23 22:54:06.885: I/HwSystemManager(3669): HoldService:oldVersionKey:10052,20509
04-23 22:54:06.885: E/HsmCoreServiceImpl(2958): onTransact in code is: 102
04-23 22:54:06.885: I/MediaProcessHandler(2958): processOp opType: 1, uid: 10052, pid: 20509
04-23 22:54:06.885: W/MediaProcessHandler(2958): remove target not exist, maybe the UI process: uid: 10052, pid: 20509
04-23 22:54:06.915: I/appproc(22743): CLASSPATH=/system/framework/am.jar
04-23 22:54:06.915: I/appproc(22743): Command=app_process /system/bin com.android.commands.am.Am instrument -w -e action logout -e name BHQ3QDR2DV7LNO2GDHQHTICBLU-01@cloudtestlabaccounts.com -e type com.google com.google.android.apps.mtaas.loginutil/.LoginUtil
04-23 22:54:06.915: I/appproc(22743): app_process:number,14,0
04-23 22:54:06.925: I/AndroidRuntime(22743): readDownloadBoosterConfig: 'false'
04-23 22:54:06.935: I/HwSystemManager(3669): NotificationManagerReceiver:onReceive action = android.intent.action.PACKAGE_REMOVED
04-23 22:54:06.935: I/HwSystemManager(3669): NotificationManagerReceiver:onReceive, send action to background
04-23 22:54:06.945: I/HwSystemManager(3669): HsmIntentService:created. this:com.huawei.systemmanager.util.content.HsmIntentService_bg@3f2695bf
04-23 22:54:06.945: I/HwSystemManager(3669): HsmIntentService:started for intent:Intent { act=android.intent.action.PACKAGE_REMOVED dat=package:androidx.test.tools.crawler flg=0x4000010 cmp=com.huawei.systemmanager/com.huawei.notificationmanager.receiver.Receiver (has extras) }, action:android.intent.action.PACKAGE_REMOVED, class:com.huawei.notificationmanager.receiver.Receiver
04-23 22:54:06.945: I/HwSystemManager(3669): HsmIntentService:invoked com.huawei.notificationmanager.receiver.Receiver
04-23 22:54:06.945: I/HwSystemManager(20204): AppInstallationReceiver:AppInstallationReceiver onReceive action = android.intent.action.PACKAGE_REMOVED
04-23 22:54:06.945: I/HwSystemManager(20204): ProcPolicy:begin get procName.
04-23 22:54:06.945: I/HwSystemManager(20204): ProcPolicy:this proc is:com.huawei.systemmanager
04-23 22:54:06.945: I/HwSystemManager(20204): ProcPolicy:end get procName.
04-23 22:54:06.955: I/HwSystemManager(20204): HsmIntentService:created. this:com.huawei.systemmanager.util.content.HsmIntentService_ui@321e9fb2
04-23 22:54:06.955: I/HwSystemManager(20204): HsmIntentService:started for intent:Intent { act=android.intent.action.PACKAGE_REMOVED dat=package:androidx.test.tools.crawler flg=0x4000010 cmp=com.huawei.systemmanager/com.huawei.permissionmanager.ui.AppInstallationReceiver (has extras) }, action:android.intent.action.PACKAGE_REMOVED, class:com.huawei.permissionmanager.ui.AppInstallationReceiver
04-23 22:54:06.965: I/HwSystemManager(20204): HsmIntentService:invoked com.huawei.permissionmanager.ui.AppInstallationReceiver
04-23 22:54:06.965: I/HwSystemManager(20204): HsmIntentService:started for intent:Intent { act=android.intent.action.PACKAGE_REMOVED dat=package:androidx.test.tools.crawler flg=0x4000010 cmp=com.huawei.systemmanager/.optimize.OptimizeReceiver (has extras) }, action:android.intent.action.PACKAGE_REMOVED, class:com.huawei.systemmanager.optimize.OptimizeReceiver
04-23 22:54:06.965: I/HwSystemManager(20204): HsmIntentService:invoked com.huawei.systemmanager.optimize.OptimizeReceiver
04-23 22:54:06.965: I/HwSystemManager(20204): OptimizeReceiver:OptimizeReceiver received action:android.intent.action.PACKAGE_REMOVED
04-23 22:54:06.965: I/HwSystemManager(20204): HsmPackageManager:begin to scan apks.
04-23 22:54:06.975: I/HwSystemManager(20204): ComBroadcastReceiver:ComBroadcastReceiver action = android.intent.action.PACKAGE_REMOVED
04-23 22:54:06.975: I/HwCust(20204): Constructor found for class com.huawei.systemmanager.optimize.process.HwCustProtectAppControlImpl
04-23 22:54:06.975: I/HwSystemManager(3669): AppCleanUpService:onStartCommand() in!
04-23 22:54:06.975: I/HwSystemManager(3669): AppCleanUpService:onStartCommand() out!
04-23 22:54:06.975: E/HwSystemManager(3669): AppCleanUpService:msg is 1
04-23 22:54:06.985: I/HwSystemManager(20204): HsmIntentService:started for intent:Intent { act=android.intent.action.PACKAGE_REMOVED dat=package:androidx.test.tools.crawler flg=0x4000010 cmp=com.huawei.systemmanager/.power.receiver.BootBroadcastReceiver (has extras) }, action:android.intent.action.PACKAGE_REMOVED, class:com.huawei.systemmanager.power.receiver.BootBroadcastReceiver
04-23 22:54:06.985: I/HwSystemManager(20204): HsmIntentService:invoked com.huawei.systemmanager.power.receiver.BootBroadcastReceiver
04-23 22:54:06.985: W/HwSystemManager(20204): BootBroadcastReceiver:No handler exist for registered action:android.intent.action.PACKAGE_REMOVED
04-23 22:54:06.985: I/HwSystemManager(20204): HsmIntentService:task completed for intent:Intent { act=android.intent.action.PACKAGE_REMOVED dat=package:androidx.test.tools.crawler flg=0x4000010 cmp=com.huawei.systemmanager/.power.receiver.BootBroadcastReceiver (has extras) }, action:android.intent.action.PACKAGE_REMOVED
04-23 22:54:06.985: I/HwSystemManager(20204): HsmIntentService:in thread:Thread[HsmIntentServiceTask #3,5,main], current active tasksize:3, queue size:0
04-23 22:54:06.985: I/HwSystemManager(20204): NetAppListPrepareReceiver:NetAppListPrepareReceiver: onReceive(), action = android.intent.action.PACKAGE_REMOVED
04-23 22:54:06.985: I/HwSystemManager(20204): NetAppListPrepareReceiver:package removed: package:androidx.test.tools.crawler
04-23 22:54:06.985: I/HwSystemManager(20204): NetAppListPrepareReceiver:replacing?:false
04-23 22:54:07.045: I/HwSystemManager(20204): HsmPackageManager:end to scan apks. size:150 + 0
04-23 22:54:07.045: I/HwSystemManager(20204): HsmPackageManager:init locale:de_DE
04-23 22:54:07.045: I/HwSystemManager(20204): PermissionDBAdapter:DBAdapter created!
04-23 22:54:07.045: I/HwSystemManager(20204): [
04-23 22:54:07.065 22743:22743 I/ ]
04-23 22:54:07.045: I/HwSystemManager(20204): power log dlsym ok
04-23 22:54:07.085: I/HwSystemManager(20204): PermissionDbHelper: DBHelper Create Database! : SQLiteDatabase: /data/data/com.huawei.systemmanager/databases/permission.db
04-23 22:54:07.085: I/HwSystemManager(20204): HsmPackageManager:get all installed packages, flag:0, size:150
04-23 22:54:07.085: E/HwSystemManager(20204): PermissionDBAdapter:appcationsList size:150
04-23 22:54:07.095: I/HwSystemManager(20204): ProtectAppControl:handleMessage:7
04-23 22:54:07.095: I/HwSystemManager(20204): OverseaCfgHelper:permissionStatus is 0
04-23 22:54:07.095: I/HwSystemManager(3669): NotificationDBProvider:query starts, uri = content://com.huawei.systemmanager.NotificationDBProvider/notificationCfg
04-23 22:54:07.095: I/HwSystemManager(3669): NotificationDBProvider:query starts, matchCode = 1
04-23 22:54:07.095: I/HwSystemManager(20204): HsmIntentService:task completed for intent:Intent { act=android.intent.action.PACKAGE_REMOVED dat=package:androidx.test.tools.crawler flg=0x4000010 cmp=com.huawei.systemmanager/.optimize.OptimizeReceiver (has extras) }, action:android.intent.action.PACKAGE_REMOVED
04-23 22:54:07.095: I/HwSystemManager(20204): HsmIntentService:in thread:Thread[HsmIntentServiceTask #2,5,main], current active tasksize:2, queue size:0
04-23 22:54:07.095: I/HwSystemManager(3669): NotificationDBProvider:call: method = notification_list_query
04-23 22:54:07.095: I/HwSystemManager(3669): NotificationDBProvider:query starts, uri = content://com.huawei.systemmanager.NotificationDBProvider/notificationCfg
04-23 22:54:07.095: I/HwSystemManager(3669): NotificationDBProvider:query starts, matchCode = 1
04-23 22:54:07.095: I/HwSystemManager(3669): OptimizeProvider:delete androidx.test.tools.crawler
04-23 22:54:07.105: I/HwSystemManager(3669): HsmIntentService:task completed for intent:Intent { act=android.intent.action.PACKAGE_REMOVED dat=package:androidx.test.tools.crawler flg=0x4000010 cmp=com.huawei.systemmanager/com.huawei.notificationmanager.receiver.Receiver (has extras) }, action:android.intent.action.PACKAGE_REMOVED
04-23 22:54:07.105: I/HwSystemManager(3669): HsmIntentService:in thread:Thread[HsmIntentServiceTask #3,5,main], current active tasksize:1, queue size:0
04-23 22:54:07.105: I/HwSystemManager(3669): HsmIntentService:last work complete! lets stop service.
04-23 22:54:07.105: I/HwSystemManager(20204): PowerGenieDbHelper:delete protect app:androidx.test.tools.crawler
04-23 22:54:07.105: I/HwSystemManager(3669): NotificationDBProvider:call: method = notification_list_query
04-23 22:54:07.105: I/HwSystemManager(3669): NotificationDBProvider:query starts, uri = content://com.huawei.systemmanager.NotificationDBProvider/notificationCfg
04-23 22:54:07.105: I/HwSystemManager(3669): NotificationDBProvider:query starts, matchCode = 1
04-23 22:54:07.105: I/PhoneStatusBar(3174): notification pkg =com.android.settings
04-23 22:54:07.105: I/PhoneStatusBar(3174): notification provisioned=true, score =10, [score > HIDE_ICONS_BELOW_SCORE] =true, showNotificationEvenIfUnprovisioned = false
04-23 22:54:07.105: I/PhoneStatusBar(3174): notification pkg =com.google.android.apps.mtaas.backdrop
04-23 22:54:07.105: I/PhoneStatusBar(3174): notification provisioned=true, score =0, [score > HIDE_ICONS_BELOW_SCORE] =true, showNotificationEvenIfUnprovisioned = false
04-23 22:54:07.105: I/PhoneStatusBar(3174): notification pkg =com.android.server.telecom
04-23 22:54:07.105: I/PhoneStatusBar(3174): notification provisioned=true, score =0, [score > HIDE_ICONS_BELOW_SCORE] =true, showNotificationEvenIfUnprovisioned = false
04-23 22:54:07.105: I/PhoneStatusBar(3174): notification pkg =android
04-23 22:54:07.105: I/PhoneStatusBar(3174): notification provisioned=true, score =-10, [score > HIDE_ICONS_BELOW_SCORE] =true, showNotificationEvenIfUnprovisioned = false
04-23 22:54:07.115: E/android_hardware_fm.cpp(22743): register_android_hardware_fm_fmradio
04-23 22:54:07.115: I/android_hardware_fm.cpp(22743): ========64bit long size = 8
04-23 22:54:07.115: E/FM_HAL(22743): [FM_HAL], libname is libhisifm_if
04-23 22:54:07.115: I/fm_hisi(22743): FM::[fm_device_open:4655] fm_device_open
04-23 22:54:07.115: I/fm_hisi(22743): FM::[fm_device_open:4666] find the id:libhisifm_if and begins to open the device
04-23 22:54:07.115: I/fm_hisi(22743): FM::[fm_device_open:4710] device open sucess
04-23 22:54:07.115: E/android_hardware_fm.cpp(22743): register_android_hardware_fm_fmradio, ret is 0
04-23 22:54:07.125: I/HwSystemManager(3669): ProtectAppService:send unprotect list broadcast,unprotect list:[com.android.calculator2, com.android.hwmirror, com.zinio.android.settings, com.android.email, com.android.providers.downloads, com.android.musicvis, com.android.exchange, com.huawei.android.thememanager, com.android.browser, com.google.android.apps.mtaas.loginutil, com.google.android.apps.mtaas.tools, com.google.android.apps.auth.test.support, android.support.test.services, androidx.test.services, com.android.tradefed.utils.wifi, com.google.android.apps.mtaas.deviceadmin, com.google.android.apps.mtaas.updateutil, com.google.android.apps.mtaas.backdrop, android.support.test.orchestrator, androidx.test.orchestrator, androidx.test.tools.crawler.stubapp, com.google.android.apps.mtaas.testloop, com.google.android.gms.policy_test_support, com.google.android.gmscore.testing.testsupport, net.rpdev.opentodolist]
04-23 22:54:07.125: I/HwSystemManager(20204): abu:parseRule result: {common=[Rule DefaultMonitorListRule post: match[1], mismatch[2], Rule DefaultAllowListRule post: match[0], mismatch[2], Rule UnRemovableAppRule post: match[0], mismatch[2], Rule AlwaysMatchRule post: match[1], mismatch[2]]}
04-23 22:54:07.125: I/HwSystemManager(20204): abu:parseRule result: {common=[Rule DefaultMonitorListRule post: match[1], mismatch[2], Rule DefaultAllowListRule post: match[0], mismatch[2], Rule UnRemovableAppRule post: match[0], mismatch[2], Rule AlwaysMatchRule post: match[1], mismatch[2]], permission=[Rule PermissionMonitorListRule post: match[1], mismatch[2], Rule DefaultMonitorListRule post: match[1], mismatch[2], Rule PermissionNotMonitorListRule post: match[0], mismatch[2], Rule DefaultAllowListRule post: match[0], mismatch[2], Rule UnRemovableAppRule post: match[0], mismatch[2], Rule AlwaysMatchRule post: match[1], mismatch[2]]}
04-23 22:54:07.125: I/HwSystemManager(20204): abu:parseRule result: {common=[Rule DefaultMonitorListRule post: match[1], mismatch[2], Rule DefaultAllowListRule post: match[0], mismatch[2], Rule UnRemovableAppRule post: match[0], mismatch[2], Rule AlwaysMatchRule post: match[1], mismatch[2]], bootstart=[Rule BootstartMonitorListRule post: match[1], mismatch[2], Rule DefaultMonitorListRule post: match[1], mismatch[2], Rule BootstartNotMonitorListRule post: match[0], mismatch[2], Rule DefaultAllowListRule post: match[0], mismatch[2], Rule UnRemovableAppRule post: match[0], mismatch[2], Rule AlwaysMatchRule post: match[1], mismatch[2]], permission=[Rule PermissionMonitorListRule post: match[1], mismatch[2], Rule DefaultMonitorListRule post: match[1], mismatch[2], Rule PermissionNotMonitorListRule post: match[0], mismatch[2], Rule DefaultAllowListRule post: match[0], mismatch[2], Rule UnRemovableAppRule post: match[0], mismatch[2], Rule AlwaysMatchRule post: match[1], mismatch[2]]}
04-23 22:54:07.125: I/HwSystemManager(20204): abu:parseRule result: {common=[Rule DefaultMonitorListRule post: match[1], mismatch[2], Rule DefaultAllowListRule post: match[0], mismatch[2], Rule UnRemovableAppRule post: match[0], mismatch[2], Rule AlwaysMatchRule post: match[1], mismatch[2]], bootstart=[Rule BootstartMonitorListRule post: match[1], mismatch[2], Rule DefaultMonitorListRule post: match[1], mismatch[2], Rule BootstartNotMonitorListRule post: match[0], mismatch[2], Rule DefaultAllowListRule post: match[0], mismatch[2], Rule UnRemovableAppRule post: match[0], mismatch[2], Rule AlwaysMatchRule post: match[1], mismatch[2]], permission=[Rule PermissionMonitorListRule post: match[1], mismatch[2], Rule DefaultMonitorListRule post: match[1], mismatch[2], Rule PermissionNotMonitorListRule post: match[0], mismatch[2], Rule DefaultAllowListRule post: match[0], mismatch[2], Rule UnRemovableAppRule post: match[0], mismatch[2], Rule AlwaysMatchRule post: match[1], mismatch[2]], notification=[Rule NotificationMonitorListRule post: match[1], mismatch[2], Rule DefaultMonitorListRule post: match[1], mismatch[2], Rule NotificationNotMonitorListRule post: match[0], mismatch[2], Rule DefaultAllowListRule post: match[0], mismatch[2], Rule UnRemovableAppRule post: match[0], mismatch[2], Rule AlwaysMatchRule post: match[1], mismatch[2]]}
04-23 22:54:07.125: I/HwSystemManager(20204): abu:parseRule result: {common=[Rule DefaultMonitorListRule post: match[1], mismatch[2], Rule DefaultAllowListRule post: match[0], mismatch[2], Rule UnRemovableAppRule post: match[0], mismatch[2], Rule AlwaysMatchRule post: match[1], mismatch[2]], dropzone=[Rule DropzoneMonitorListRule post: match[1], mismatch[2], Rule DefaultMonitorListRule post: match[1], mismatch[2], Rule DropzoneNotMonitorListRule post: match[0], mismatch[2], Rule DefaultAllowListRule post: match[0], mismatch[2], Rule UnRemovableAppRule post: match[0], mismatch[2], Rule AlwaysMatchRule post: match[1], mismatch[2]], notification=[Rule NotificationMonitorListRule post: match[1], mismatch[2], Rule DefaultMonitorListRule post: match[1], mismatch[2], Rule NotificationNotMonitorListRule post: match[0], mismatch[2], Rule DefaultAllowListRule post: match[0], mismatch[2], Rule UnRemovableAppRule post: match[0], mismatch[2], Rule AlwaysMatchRule post: match[1], mismatch[2]], bootstart=[Rule BootstartMonitorListRule post: match[1], mismatch[2], Rule DefaultMonitorListRule post: match[1], mismatch[2], Rule BootstartNotMonitorListRule post: match[0], mismatch[2], Rule DefaultAllowListRule post: match[0], mismatch[2], Rule UnRemovableAppRule post: match[0], mismatch[2], Rule AlwaysMatchRule post: match[1], mismatch[2]], permission=[Rule PermissionMonitorListRule post: match[1], mismatch[2], Rule DefaultMonitorListRule post: match[1], mismatch[2], Rule PermissionNotMonitorListRule post: match[0], mismatch[2], Rule DefaultAllowListRule post: match[0], mismatch[2], Rule UnRemovableAppRule post: match[0], mismatch[2], Rule AlwaysMatchRule post: match[1], mismatch[2]]}
