04-23 22:53:15.625: I/ActivityManager(2958): filter receiver for action = com.google.android.gms.phenotype.UPDATE
04-23 22:53:15.625: I/ActivityManager(2958): filter receiver for action = com.google.android.gms.gcm.ACTION_SCHEDULE
04-23 22:53:15.635: I/ActivityManager(2958): filter receiver for action = com.google.android.gms.gcm.ACTION_SCHEDULE
04-23 22:53:15.645: I/ActivityManager(2958): filter receiver for action = com.google.android.gms.gcm.ACTION_SCHEDULE
04-23 22:53:15.655: I/System(15520): core_booster, getBoosterConfig = false
04-23 22:53:15.655: I/art(9488): Explicit concurrent mark sweep GC freed 3046(120KB) AllocSpace objects, 0(0B) LOS objects, 40% free, 13MB/23MB, paused 691us total 39.777ms
04-23 22:53:15.665: I/art(15282): Can not find class: Lorg/chromium/net/impl/NativeCronetProvider;
04-23 22:53:15.665: I/amym(15209): updateFromConfigurations using legacy put method [CONTEXT service_id=204 ]
04-23 22:53:15.675: I/DynamiteModule(15282): Considering local module com.google.android.gms.cronet_dynamite:0 and remote module com.google.android.gms.cronet_dynamite:1311
04-23 22:53:15.675: I/DynamiteModule(15282): Selected remote version of com.google.android.gms.cronet_dynamite, version >= 1311
04-23 22:53:15.675: I/PG Utils(15209): acquire_providerpkg:[com.google.android.gsf] pid:[] maybe timeout , send to PG
04-23 22:53:15.685: I/PG Utils(15209): acquire_providerpkg:[com.google.android.gsf] pid:[] maybe timeout , send to PG
04-23 22:53:15.685: I/PG Utils(15209): acquire_providerpkg:[com.google.android.gsf] pid:[] maybe timeout , send to PG
04-23 22:53:15.695: I/ChmraDebugLogger(15282): [71] Cronetdynamite
04-23 22:53:15.715: E/art(15209): invalid stream - problem with parameter iterator in /data/data/com.google.android.gms/code_cache/secondary-dexes/base.apk.classes2.zip for method void fca.c(java.lang.String, java.lang.String, java.lang.Object[])
04-23 22:53:15.715: I/Finsky(15520): [322] aajc.a(5): Cleaning the verify apps datastore
04-23 22:53:15.715: W/NetRec(15209): [1014] ConfigChangedIntentOperation.onHandleIntent: Device does not support scoring, exiting
04-23 22:53:15.715: I/Auth(15209): [AuthManaged,PasswordComplexityHelperImpl] Updating password complexity components state.
04-23 22:53:15.715: I/Auth(15209): [AuthManaged,PasswordComplexityHelperImpl] Disabling com.google.android.gms.auth.managed.admin.DeviceAdminReceiver
04-23 22:53:15.715: I/ActivityManager(2958): filter receiver for action = com.google.android.gms.phenotype.UPDATE
04-23 22:53:15.725: I/Auth(15209): [AuthManaged,PasswordComplexityHelperImpl] Disabling com.google.android.gms.auth.managed.ui.SetNewPasswordActivity
04-23 22:53:15.735: W/aujo(15209): Empty content. Thus might mean that the settings are not synced down.
04-23 22:53:15.735: I/System(15520): core_booster, getBoosterConfig = false
04-23 22:53:15.735: I/System(15520): core_booster, getBoosterConfig = false
04-23 22:53:15.745: I/art(15282): Can not find class: Lcom/google/android/chimeraresources/R$id;
04-23 22:53:15.755: W/Settings(15520): Setting install_non_market_apps has moved from android.provider.Settings.Global to android.provider.Settings.Secure, returning read-only value.
04-23 22:53:15.765: I/Finsky(15520): [1] ily.a(1): Accounts synced successfully.
04-23 22:53:15.775: I/Finsky(15520): [1] tsg.a(16): SCH: jobFinished: 10-6. TimeElapsed: 790ms.
04-23 22:53:15.775: I/Finsky(15520): [1] tqw.a(37): SCH: Job 10-6 finished. Not rescheduling.
04-23 22:53:15.775: I/Finsky(15520): [1] tqw.a(20): SCH: Running job: 10-14
04-23 22:53:15.775: I/ActivityManager(2958): filter receiver for action = com.google.android.gms.phenotype.UPDATE
04-23 22:53:15.775: I/Finsky(15520): [1] tqv.handleMessage(63): SCH: RunningQueue size: 4, PendingQueue size: 36
04-23 22:53:15.775: I/Finsky(15520): [1] tqv.handleMessage(66): SCH: Running queue: 10-1 10-8 10-12 10-14
04-23 22:53:15.775: I/Finsky(15520): [320] InstantAppsEnabledStatusSyncHygieneJob.a(5): Instant App status sync triggered from migrated hygiene.
04-23 22:53:15.775: W/Settings(15520): Setting download_manager_max_bytes_over_mobile has moved from android.provider.Settings.Secure to android.provider.Settings.Global.
04-23 22:53:15.795: I/PG Utils(15209): acquire_providerpkg:[com.google.android.gsf] pid:[] maybe timeout , send to PG
04-23 22:53:15.805: I/art(15520): Can not find class: Landroid/app/job/JobServiceEngine;
04-23 22:53:15.805: I/art(15520): Rejecting re-init on previously-failed class java.lang.Class
04-23 22:53:15.805: I/art(15520): Can not find class: Lhg;
04-23 22:53:15.815: I/Finsky(15520): [243] tsg.a(16): SCH: jobFinished: 10-1. TimeElapsed: 900ms.
04-23 22:53:15.815: I/Finsky(15520): [1] tqw.a(37): SCH: Job 10-1 finished. Not rescheduling.
04-23 22:53:15.815: I/art(15520): Rejecting re-init on previously-failed class java.lang.Class
04-23 22:53:15.815: I/art(15520): Rejecting re-init on previously-failed class java.lang.Class
04-23 22:53:15.815: I/art(15520): Rejecting re-init on previously-failed class java.lang.Class
04-23 22:53:15.815: I/art(15520): Rejecting re-init on previously-failed class java.lang.Class
04-23 22:53:15.815: I/Finsky(15520): [1] tqw.a(20): SCH: Running job: 10-15
04-23 22:53:15.815: I/Finsky(15520): [1] tqv.handleMessage(63): SCH: RunningQueue size: 4, PendingQueue size: 35
04-23 22:53:15.815: I/Finsky(15520): [1] tqv.handleMessage(66): SCH: Running queue: 10-8 10-12 10-14 10-15
04-23 22:53:15.825: I/Finsky(15520): [320] InstantAppsEnabledStatusSyncHygieneJob.a(9): Enqueue status sync job.
04-23 22:53:15.825: I/MultiDex(19838): VM with version 2.1.0 has multidex support
04-23 22:53:15.825: I/MultiDex(19838): Installing application
04-23 22:53:15.825: I/MultiDex(19838): MultiDexExtractor(/data/app/com.google.android.gms-1/base.apk, /data/data/com.google.android.gms/code_cache/secondary-dexes)
04-23 22:53:15.835: I/MultiDex(19838): Blocking on lock /data/data/com.google.android.gms/code_cache/secondary-dexes/MultiDex.lock
04-23 22:53:15.835: I/MultiDex(19838): /data/data/com.google.android.gms/code_cache/secondary-dexes/MultiDex.lock locked
04-23 22:53:15.835: I/MultiDex(19838): MultiDexExtractor.load(/data/app/com.google.android.gms-1/base.apk, false, )
04-23 22:53:15.835: I/Finsky(15520): [322] aajc.a(50): Finished cleaning the verify apps datastore
04-23 22:53:15.835: I/MultiDex(19838): loading existing secondary dex files
04-23 22:53:15.835: I/MultiDex(19838): load found 6 secondary dex files
04-23 22:53:15.845: I/Finsky(15520): [320] tsg.a(16): SCH: jobFinished: 10-14. TimeElapsed: 70ms.
04-23 22:53:15.845: I/MultiDex(19838): install done
04-23 22:53:15.845: I/Finsky(15520): [1] tqw.a(37): SCH: Job 10-14 finished. Not rescheduling.
04-23 22:53:15.845: I/Finsky(15520): [1] tqw.a(20): SCH: Running job: 10-16
04-23 22:53:15.845: I/Finsky(15520): [1] tqv.handleMessage(63): SCH: RunningQueue size: 4, PendingQueue size: 34
04-23 22:53:15.845: I/Finsky(15520): [1] tqv.handleMessage(66): SCH: Running queue: 10-8 10-12 10-15 10-16
04-23 22:53:15.855: I/Finsky(15520): [320] tsg.a(16): SCH: jobFinished: 10-16. TimeElapsed: 3ms.
04-23 22:53:15.855: I/ActivityManager(2958): filter receiver for action = android.intent.action.DROPBOX_ENTRY_ADDED
04-23 22:53:15.855: I/Finsky(15520): [1] tqw.a(37): SCH: Job 10-16 finished. Not rescheduling.
04-23 22:53:15.855: I/Finsky(15520): [1] tqw.a(20): SCH: Running job: 10-18
04-23 22:53:15.865: I/Finsky(15520): [1] tqv.handleMessage(63): SCH: RunningQueue size: 4, PendingQueue size: 33
04-23 22:53:15.865: I/Finsky(15520): [1] tqv.handleMessage(66): SCH: Running queue: 10-8 10-12 10-15 10-18
04-23 22:53:15.875: I/art(19753): Can not find class: Landroid/os/LocaleList;
04-23 22:53:15.875: I/Finsky(15520): [318] tsg.a(16): SCH: jobFinished: 10-15. TimeElapsed: 63ms.
04-23 22:53:15.875: I/Finsky(15520): [1] tqw.a(37): SCH: Job 10-15 finished. Not rescheduling.
04-23 22:53:15.885: I/Finsky(15520): [1] tqw.a(20): SCH: Running job: 10-20
04-23 22:53:15.885: I/ActivityManager(2958): filter receiver for action = com.google.android.gms.phenotype.UPDATE
04-23 22:53:15.885: I/Finsky(15520): [1] tsg.a(16): SCH: jobFinished: 10-20. TimeElapsed: 3ms.
04-23 22:53:15.885: I/PG Utils(19753): acquire_providerpkg:[com.google.android.gsf] pid:[] maybe timeout , send to PG
04-23 22:53:15.885: I/Finsky(15520): [1] tqv.handleMessage(63): SCH: RunningQueue size: 4, PendingQueue size: 32
04-23 22:53:15.885: I/Finsky(15520): [1] tqv.handleMessage(66): SCH: Running queue: 10-8 10-12 10-18 10-20
04-23 22:53:15.885: I/Finsky(15520): [1] tqw.a(37): SCH: Job 10-20 finished. Not rescheduling.
04-23 22:53:15.895: I/cr_CronetLibraryLoader(15282): Cronet version: 78.0.3904.96, arch: aarch64
04-23 22:53:15.895: I/art(15282): Can not find class: Lorg/chromium/net/impl/NativeCronetProvider;
04-23 22:53:15.895: I/Finsky(15520): [1] tqw.a(20): SCH: Running job: 10-22
04-23 22:53:15.895: E/cgao(15282): *~*~*~ Channel {0} was not shutdown properly!!! ~*~*~*
04-23 22:53:15.895: E/cgao(15282): Make sure to call shutdown()/shutdownNow() and wait until awaitTermination() returns true.
04-23 22:53:15.895: E/cgao(15282): *~*~*~ Channel {0} was not shutdown properly!!! ~*~*~*
04-23 22:53:15.895: E/cgao(15282): Make sure to call shutdown()/shutdownNow() and wait until awaitTermination() returns true.
04-23 22:53:15.905: I/Finsky(15520): [1] tqv.handleMessage(63): SCH: RunningQueue size: 4, PendingQueue size: 31
04-23 22:53:15.905: I/Finsky(15520): [1] tqv.handleMessage(66): SCH: Running queue: 10-8 10-12 10-18 10-22
04-23 22:53:15.915: I/ActivityManager(2958): filter receiver for action = com.google.android.gms.phenotype.COMMITTED
04-23 22:53:15.915: E/art(15209): invalid stream - problem with parameter iterator in /data/data/com.google.android.gms/code_cache/secondary-dexes/base.apk.classes2.zip for method void fca.c(java.lang.String, java.lang.String, java.lang.Object[])
04-23 22:53:15.915: W/NetRec(15209): [1001] ConfigChangedIntentOperation.onHandleIntent: Device does not support scoring, exiting
04-23 22:53:15.925: I/Finsky(15520): [318] tsg.a(16): SCH: jobFinished: 10-22. TimeElapsed: 25ms.
04-23 22:53:15.925: I/Finsky(15520): [1] tqw.a(37): SCH: Job 10-22 finished. Not rescheduling.
04-23 22:53:15.925: I/Finsky(15520): [1] tqw.a(20): SCH: Running job: 10-24
04-23 22:53:15.925: W/Finsky(15520): [318] tsg.a(11): SCH: jobFinished already called for: 10-22. Not finishing again.
04-23 22:53:15.935: I/Auth(15209): [AuthManaged,PasswordComplexityHelperImpl] Updating password complexity components state.
04-23 22:53:15.935: I/Auth(15209): [AuthManaged,PasswordComplexityHelperImpl] Disabling com.google.android.gms.auth.managed.admin.DeviceAdminReceiver
04-23 22:53:15.935: I/Auth(15209): [AuthManaged,PasswordComplexityHelperImpl] Disabling com.google.android.gms.auth.managed.ui.SetNewPasswordActivity
04-23 22:53:15.945: I/Finsky(15520): [1] tsg.a(16): SCH: jobFinished: 10-24. TimeElapsed: 21ms.
04-23 22:53:15.945: I/Finsky(15520): [1] tqv.handleMessage(63): SCH: RunningQueue size: 4, PendingQueue size: 30
04-23 22:53:15.945: I/Finsky(15520): [1] tqv.handleMessage(66): SCH: Running queue: 10-8 10-12 10-18 10-24
04-23 22:53:15.945: I/Finsky(15520): [1] tqw.a(37): SCH: Job 10-24 finished. Not rescheduling.
04-23 22:53:15.945: I/Finsky(15520): [1] tqw.a(20): SCH: Running job: 10-25
04-23 22:53:15.955: I/Finsky(15520): [1] tqv.handleMessage(63): SCH: RunningQueue size: 4, PendingQueue size: 29
04-23 22:53:15.955: I/Finsky(15520): [1] tqv.handleMessage(66): SCH: Running queue: 10-8 10-12 10-18 10-25
04-23 22:53:15.975: I/art(19838): Can not find class: Lcom/google/android/gms/dynamite/descriptors/providerinstaller/ModuleDescriptor;
04-23 22:53:15.975: W/DynamiteModule(19838): Local module descriptor class for providerinstaller not found.
04-23 22:53:15.985: I/Finsky:instant_app_inst(19753): [299] EnabledStatusSyncService.a(3): Running status sync job.
04-23 22:53:15.985: I/ActivityManager(2958): filter receiver for action = com.google.android.gms.phenotype.UPDATE
04-23 22:53:16.015: W/PlayCommon(15520): [257] akrb.a(1): No account for auth token provided
04-23 22:53:16.025: I/PlayCommon(15520): [257] akrb.c(169): Connecting to server: https://play.googleapis.com/play/log?format=raw&proto_v2=true
04-23 22:53:16.035: I/Finsky(15520): [318] tsg.a(16): SCH: jobFinished: 10-25. TimeElapsed: 86ms.
04-23 22:53:16.035: I/Finsky(15520): [1] tqw.a(37): SCH: Job 10-25 finished. Not rescheduling.
04-23 22:53:16.035: I/Finsky(15520): [1] tqw.a(20): SCH: Running job: 10-26
04-23 22:53:16.035: I/Finsky(15520): [1] tqv.handleMessage(63): SCH: RunningQueue size: 4, PendingQueue size: 28
04-23 22:53:16.035: I/Finsky(15520): [1] tqv.handleMessage(66): SCH: Running queue: 10-8 10-12 10-18 10-26
04-23 22:53:16.035: I/Finsky(15520): [318] tsg.a(16): SCH: jobFinished: 10-26. TimeElapsed: 2ms.
04-23 22:53:16.035: I/Finsky(15520): [1] tqw.a(37): SCH: Job 10-26 finished. Not rescheduling.
04-23 22:53:16.045: I/Finsky(15520): [1] tqw.a(20): SCH: Running job: 10-27
04-23 22:53:16.045: I/Finsky(15520): [1] tqv.handleMessage(63): SCH: RunningQueue size: 4, PendingQueue size: 27
04-23 22:53:16.045: I/Finsky(15520): [1] tqv.handleMessage(66): SCH: Running queue: 10-8 10-12 10-18 10-27
04-23 22:53:16.045: I/Finsky(15520): [318] tsg.a(16): SCH: jobFinished: 10-27. TimeElapsed: 3ms.
04-23 22:53:16.045: I/Finsky(15520): [1] tqw.a(37): SCH: Job 10-27 finished. Not rescheduling.
04-23 22:53:16.045: I/Finsky(15520): [1] tqw.a(20): SCH: Running job: 10-28
04-23 22:53:16.055: E/StrictMode(19456): A resource was acquired at attached stack trace but never released. See java.io.Closeable for information on avoiding resource leaks.
04-23 22:53:16.055: E/StrictMode(19456): java.lang.Throwable: Explicit termination method 'close' not called
04-23 22:53:16.055: E/StrictMode(19456): at dalvik.system.CloseGuard.open(CloseGuard.java:184)
04-23 22:53:16.055: E/StrictMode(19456): at java.io.RandomAccessFile.(RandomAccessFile.java:127)
04-23 22:53:16.055: E/StrictMode(19456): at com.google.android.apps.gmm.map.internal.d.ap.a(PG:2681)
04-23 22:53:16.055: E/StrictMode(19456): at com.google.android.apps.gmm.map.internal.d.ap.a(PG:714)
04-23 22:53:16.055: E/StrictMode(19456): at com.google.android.apps.gmm.map.internal.d.am.(PG:114)
04-23 22:53:16.055: E/StrictMode(19456): at com.google.android.apps.gmm.map.internal.d.bf.e(PG:3146)
04-23 22:53:16.055: E/StrictMode(19456): at com.google.android.apps.gmm.map.m.y.a(PG:6266)
04-23 22:53:16.055: E/StrictMode(19456): at com.google.android.apps.gmm.shared.f.a.a(PG:48)
04-23 22:53:16.055: E/StrictMode(19456): at com.google.android.apps.gmm.map.m.z.run(PG:462)
04-23 22:53:16.055: E/StrictMode(19456): at com.google.android.apps.gmm.shared.i.a.s.run(PG:29)
04-23 22:53:16.055: E/StrictMode(19456): at java.util.concurrent.ThreadPoolExecutor.runWorker(ThreadPoolExecutor.java:1112)
04-23 22:53:16.055: E/StrictMode(19456): at java.util.concurrent.ThreadPoolExecutor$Worker.run(ThreadPoolExecutor.java:587)
04-23 22:53:16.055: E/StrictMode(19456): at com.google.android.apps.gmm.shared.i.a.k.run(PG:192)
04-23 22:53:16.055: E/StrictMode(19456): at java.lang.Thread.run(Thread.java:831)
04-23 22:53:16.055: I/Finsky(15520): [1] tsg.a(16): SCH: jobFinished: 10-28. TimeElapsed: 5ms.
04-23 22:53:16.055: I/Finsky(15520): [1] tqv.handleMessage(63): SCH: RunningQueue size: 4, PendingQueue size: 26
04-23 22:53:16.055: I/Finsky(15520): [1] tqv.handleMessage(66): SCH: Running queue: 10-8 10-12 10-18 10-28
04-23 22:53:16.055: I/Finsky(15520): [1] tqw.a(37): SCH: Job 10-28 finished. Not rescheduling.
04-23 22:53:16.055: I/Finsky(15520): [1] tqw.a(20): SCH: Running job: 10-29
04-23 22:53:16.055: I/Finsky(15520): [1] tqv.handleMessage(63): SCH: RunningQueue size: 4, PendingQueue size: 25
04-23 22:53:16.055: I/Finsky(15520): [1] tqv.handleMessage(66): SCH: Running queue: 10-8 10-12 10-18 10-29
04-23 22:53:16.055: I/Finsky(15520): [318] tsg.a(16): SCH: jobFinished: 10-29. TimeElapsed: 2ms.
04-23 22:53:16.055: I/Finsky(15520): [1] tqw.a(37): SCH: Job 10-29 finished. Not rescheduling.
04-23 22:53:16.065: I/Finsky(15520): [1] tqw.a(20): SCH: Running job: 10-30
04-23 22:53:16.065: I/Finsky(15520): [1] tqv.handleMessage(63): SCH: RunningQueue size: 4, PendingQueue size: 24
04-23 22:53:16.065: I/Finsky(15520): [1] tqv.handleMessage(66): SCH: Running queue: 10-8 10-12 10-18 10-30
04-23 22:53:16.075: I/Finsky(15520): [318] tsg.a(16): SCH: jobFinished: 10-30. TimeElapsed: 10ms.
04-23 22:53:16.075: I/Finsky(15520): [1] tqw.a(37): SCH: Job 10-30 finished. Not rescheduling.
04-23 22:53:16.075: I/Finsky(15520): [1] tqw.a(20): SCH: Running job: 10-31
04-23 22:53:16.085: I/Finsky(15520): [1] tqv.handleMessage(63): SCH: RunningQueue size: 4, PendingQueue size: 23
04-23 22:53:16.085: I/Finsky(15520): [1] tqv.handleMessage(66): SCH: Running queue: 10-8 10-12 10-18 10-31
04-23 22:53:16.095: I/Finsky(15520): [318] tsg.a(16): SCH: jobFinished: 10-31. TimeElapsed: 16ms.
04-23 22:53:16.095: I/Finsky(15520): [1] tqw.a(37): SCH: Job 10-31 finished. Not rescheduling.
04-23 22:53:16.105: W/art(19753): Verification of boolean akrb.c() took 175.351ms
04-23 22:53:16.105: W/Finsky(15520): [1] dzj.b(3): Attempting to inject rollback service before Android Q
04-23 22:53:16.105: I/art(15520): Can not find class: Landroid/app/admin/FreezePeriod;
04-23 22:53:16.105: I/art(15520): Can not find class: Ljava/time/MonthDay;
04-23 22:53:16.115: I/PlayCommon(15520): [257] akrb.c(199): Successfully uploaded logs.
04-23 22:53:16.125: I/art(15520): Can not find class: Landroid/app/admin/SystemUpdatePolicy;
04-23 22:53:16.125: I/art(15520): Can not find class: Landroid/app/admin/SystemUpdatePolicy;
04-23 22:53:16.175: I/Finsky(15520): [1] tqw.a(20): SCH: Running job: 10-33
04-23 22:53:16.175: I/Finsky(15520): [1] tsg.a(16): SCH: jobFinished: 10-33. TimeElapsed: 3ms.
04-23 22:53:16.175: I/Finsky(15520): [1] tqv.handleMessage(63): SCH: RunningQueue size: 4, PendingQueue size: 22
04-23 22:53:16.175: I/Finsky(15520): [1] tqv.handleMessage(66): SCH: Running queue: 10-8 10-12 10-18 10-33
04-23 22:53:16.175: I/Finsky(15520): [1] tqw.a(37): SCH: Job 10-33 finished. Not rescheduling.
04-23 22:53:16.175: I/Finsky(15520): [1] aaji.a(7): Done verifying installed packages
04-23 22:53:16.185: I/Finsky(15520): [1] tqw.a(20): SCH: Running job: 10-35
04-23 22:53:16.185: I/Finsky(15520): [1] tsg.a(16): SCH: jobFinished: 10-35. TimeElapsed: 2ms.
04-23 22:53:16.185: I/Finsky(15520): [1] tqv.handleMessage(63): SCH: RunningQueue size: 4, PendingQueue size: 21
04-23 22:53:16.185: I/Finsky(15520): [1] tqv.handleMessage(66): SCH: Running queue: 10-8 10-12 10-18 10-35
04-23 22:53:16.185: I/Finsky(15520): [1] tqw.a(37): SCH: Job 10-35 finished. Not rescheduling.
04-23 22:53:16.195: I/Finsky(15520): [1] tqw.a(20): SCH: Running job: 10-37
04-23 22:53:16.195: I/Finsky(15520): [1] tqv.handleMessage(63): SCH: RunningQueue size: 4, PendingQueue size: 20
04-23 22:53:16.195: I/Finsky(15520): [1] tqv.handleMessage(66): SCH: Running queue: 10-8 10-12 10-18 10-37
04-23 22:53:16.215: I/Finsky(15520): [320] tsg.a(16): SCH: jobFinished: 10-18. TimeElapsed: 353ms.
04-23 22:53:16.215: I/Finsky(15520): [1] tqw.a(37): SCH: Job 10-18 finished. Not rescheduling.
04-23 22:53:16.215: I/Finsky(15520): [1] tqw.a(20): SCH: Running job: 10-39
04-23 22:53:16.215: I/Finsky(15520): [1] tqv.handleMessage(63): SCH: RunningQueue size: 4, PendingQueue size: 19
04-23 22:53:16.215: I/Finsky(15520): [1] tqv.handleMessage(66): SCH: Running queue: 10-8 10-12 10-37 10-39
04-23 22:53:16.215: I/Finsky(15520): [320] DevTriggeredUpdateHygieneJob.a(4): Running dev-triggered-update hygiene
04-23 22:53:16.225: I/art(2958): Explicit concurrent mark sweep GC freed 24087(1225KB) AllocSpace objects, 1(20KB) LOS objects, 33% free, 29MB/43MB, paused 2.250ms total 250.631ms
04-23 22:53:16.235: W/ProviderHelper(19838): Unknown dynamite feature providerinstaller
04-23 22:53:16.235: I/PG Utils(15282): acquire_providerpkg:[com.google.android.gsf] pid:[] maybe timeout , send to PG
04-23 22:53:16.235: I/PG Utils(19753): acquire_providerpkg:[com.google.android.gsf] pid:[] maybe timeout , send to PG
04-23 22:53:16.245: I/Finsky(15520): [320] DevTriggeredUpdateHygieneJob.a(9): Removed 0 uncompleted downloaded updates.
04-23 22:53:16.245: I/PG Utils(15209): acquire_providerpkg:[com.google.android.gsf] pid:[] maybe timeout , send to PG
04-23 22:53:16.255: I/ActivityManager(2958): filter receiver for action = com.google.android.gms.phenotype.COMMITTED
04-23 22:53:16.255: E/art(15209): invalid stream - problem with parameter iterator in /data/data/com.google.android.gms/code_cache/secondary-dexes/base.apk.classes2.zip for method void fca.c(java.lang.String, java.lang.String, java.lang.Object[])
04-23 22:53:16.255: W/NetRec(15209): [1001] ConfigChangedIntentOperation.onHandleIntent: Device does not support scoring, exiting
04-23 22:53:16.265: I/Auth(15209): [AuthManaged,PasswordComplexityHelperImpl] Updating password complexity components state.
04-23 22:53:16.265: I/Auth(15209): [AuthManaged,PasswordComplexityHelperImpl] Disabling com.google.android.gms.auth.managed.admin.DeviceAdminReceiver
04-23 22:53:16.265: I/Finsky(15520): [320] DevTriggeredUpdateHygieneJob.a(17): Removed obsolete update files.
04-23 22:53:16.265: I/Auth(15209): [AuthManaged,PasswordComplexityHelperImpl] Disabling com.google.android.gms.auth.managed.ui.SetNewPasswordActivity
04-23 22:53:16.265: I/DynamiteModule(19838): Considering local module providerinstaller:0 and remote module providerinstaller:0
04-23 22:53:16.265: W/ProviderInstaller(19838): Failed to load providerinstaller module: No acceptable module found. Local version is 0 and remote version is 0.
04-23 22:53:16.275: I/ActivityManager(2958): filter receiver for action = android.intent.action.PACKAGE_CHANGED
04-23 22:53:16.275: I/Finsky(15520): [320] DevTriggeredUpdateHygieneJob.a(21): Reset 0 obsolete 'installing' bits.
04-23 22:53:16.275: I/HwLauncher(3555): Model onReceive intent=Intent { act=android.intent.action.PACKAGE_CHANGED dat=package:com.android.vending flg=0x4000010 (has extras) }
04-23 22:53:16.275: I/HwLauncher(3555): Model replacing = false package = com.android.vending
04-23 22:53:16.285: I/HwSystemManager(3669): HsmPackageManager:Receive intent:Intent { act=android.intent.action.PACKAGE_CHANGED dat=package:com.android.vending flg=0x4000010 (has extras) }
04-23 22:53:16.285: I/HwSystemManager(3669): HsmPackageManager:replacing:false
04-23 22:53:16.285: I/HwSystemManager(3669): HsmPackageManager:pkgName:com.android.vending
04-23 22:53:16.285: I/HwSystemManager(18373): HsmPackageManager:Receive intent:Intent { act=android.intent.action.PACKAGE_CHANGED dat=package:com.android.vending flg=0x4000010 (has extras) }
04-23 22:53:16.285: I/HwSystemManager(18373): HsmPackageManager:replacing:false
04-23 22:53:16.285: I/HwSystemManager(18373): HsmPackageManager:pkgName:com.android.vending
04-23 22:53:16.285: I/HwSystemManager(3669): HsmPackageManager:doAppChanged, put com.android.vending, path:/data/app/com.android.vending-1
04-23 22:53:16.285: I/HwLauncher(3555): MutilSelectedIconsonPreHandleUpdatedTask : mIsInMutilSelectMode = false task = 2 packages = [com.android.vending]
04-23 22:53:16.285: I/HwLauncher(3555): SimpleLauncherModeaction= android.intent.action.PACKAGE_CHANGEDpackageName = com.android.vending
04-23 22:53:16.285: I/HwLauncher(3555): Model mAllAppsList.updatePackage com.android.vending
04-23 22:53:16.285: I/HwSystemManager(18373): HsmPackageManager:doAppChanged, put com.android.vending, path:/data/app/com.android.vending-1
04-23 22:53:16.285: I/HwLauncher(3555): AllIdleAppsList updatePackage : package[com.android.vending] matched activity's size is 1 and data List size is 49
04-23 22:53:16.285: I/HwLauncher(3555): Launcher.Utilities createIconBitmap classname = null, sourceWidth = 114, sourceHeight = 114
04-23 22:53:16.285: I/HwLauncher(3555): Launcher.IconCache, cacheLocked end Utilities.createIconBitmap entry.title = Play Store
04-23 22:53:16.285: I/HwLauncher(3555): Model shortcutInfo.title = Play Store
04-23 22:53:16.295: I/HwLauncher(3555): SimpleLauncherModemAllAppsList.updatePackage com.android.vending
04-23 22:53:16.295: I/HwLauncher(3555): Workspace updateShortcuts apps.size() 1
04-23 22:53:16.295: I/HwLauncher(3555): Launcher.Folder childCount: 9
04-23 22:53:16.295: I/HwLauncher(3555): Launcher.Folder updateFolderShortcuts shortcutInfo = Play Store
04-23 22:53:16.295: I/InputReader(2958): Reconfiguring input devices. changes=0x00000010
04-23 22:53:16.295: I/Finsky(15520): [320] DevTriggeredUpdateHygieneJob.a(38): Finished completion of 0 out of 0 dev-triggered updates. Successful: 0. Failed: 0.
04-23 22:53:16.305: I/HwLauncher(3555): SimpleAllAppsList updatePackage : package[com.android.vending] matched activity's size is 1 and data List size is 0
04-23 22:53:16.305: I/HwLauncher(3555): Launcher.Folder childCount: 3
04-23 22:53:16.305: E/HideAppsPagedView(3555): syncPages mCurrentPage = 0
04-23 22:53:16.305: I/HwLauncher(3555): SimpleAllAppsList findAndUpdateInfoInDB : found 0 shortcutInfo for package[com.android.vending] in db
04-23 22:53:16.305: I/HwLauncher(3555): SimpleAllAppsList updatePackage do not add new SimpleApplicationInfo,It's in normal now. package = com.android.vending
04-23 22:53:16.305: W/HwLauncher(3555): SimpleLauncherModeNobody to tell about the new app. Launcher is probably loading.
04-23 22:53:16.315: W/ChimeraUtils(15209): Non Chimera context
04-23 22:53:16.315: I/ActivityManager(2958): filter receiver for action = com.google.android.gms.phenotype.UPDATE
04-23 22:53:16.315: E/HideAppsPagedView(3555): syncAppsPageItems page = 0 mNumAppsPages = 1 mCurrentPage = 0
04-23 22:53:16.315: E/HideAppsPagedView(3555): createAddIcon count = 0
04-23 22:53:16.325: I/Finsky:instant_app_inst(19753): [299] EnabledStatusSyncService.a(8): Instant App enabled status=false
04-23 22:53:16.325: I/Finsky:instant_app_inst(19753): [299] nyz.b(3): Supervisor not found.
04-23 22:53:16.325: I/HwLauncher(3555): FPSMonitor snapToPage whichPage = 0 delta = 0 duration = 550
04-23 22:53:16.325: I/HwLauncher(3555): Launcher Deferring update until onResume
04-23 22:53:16.335: I/Finsky(15520): [320] tsg.a(16): SCH: jobFinished: 10-39. TimeElapsed: 94ms.
04-23 22:53:16.335: I/Finsky(15520): [1] tqw.a(37): SCH: Job 10-39 finished. Not rescheduling.
04-23 22:53:16.335: I/Finsky(15520): [1] tqw.a(20): SCH: Running job: 10-40
04-23 22:53:16.335: I/Finsky(15520): [1] tqv.handleMessage(63): SCH: RunningQueue size: 4, PendingQueue size: 18
04-23 22:53:16.335: I/Finsky(15520): [1] tqv.handleMessage(66): SCH: Running queue: 10-8 10-12 10-37 10-40
04-23 22:53:16.345: I/Finsky:instant_app_inst(19753): [299] EnabledStatusSyncService.a(20): EnableInstantAppsBreakdown=# amby@9200796a
04-23 22:53:16.345: I/Finsky(15520): [320] tsg.a(16): SCH: jobFinished: 10-40. TimeElapsed: 5ms.
04-23 22:53:16.345: I/PG Utils(15282): acquire_providerpkg:[com.google.android.gsf] pid:[] maybe timeout , send to PG
04-23 22:53:16.345: I/PG Utils(15282): acquire_providerpkg:[com.google.android.gsf] pid:[] maybe timeout , send to PG
04-23 22:53:16.345: I/Finsky(15520): [1] tqw.a(37): SCH: Job 10-40 finished. Not rescheduling.
04-23 22:53:16.345: I/Finsky(15520): [1] tqw.a(20): SCH: Running job: 10-41
04-23 22:53:16.355: I/Finsky(15520): [1] tqv.handleMessage(63): SCH: RunningQueue size: 4, PendingQueue size: 17
04-23 22:53:16.355: I/Finsky(15520): [1] tqv.handleMessage(66): SCH: Running queue: 10-8 10-12 10-37 10-41
04-23 22:53:16.355: I/Finsky:instant_app_inst(19753): [299] nzi.a(12): GmsCore device enabled query successful
04-23 22:53:16.355: I/Finsky(15520): [320] InstantAppsArchivePrefetchHygieneJob.a(3): Instant Apps archive prefetch triggered from hygiene.
04-23 22:53:16.375: E/Finsky(15520): [322] zse.a(4): No installation state for package com.google.android.marvin.talkback
04-23 22:53:16.375: E/Finsky(15520): [322] zsf.run(3): Could not update ApkInfoData row
04-23 22:53:16.375: E/Finsky(15520): [322] zse.a(4): No installation state for package com.android.noisefield
04-23 22:53:16.375: E/Finsky(15520): [322] zsf.run(3): Could not update ApkInfoData row
04-23 22:53:16.375: E/Finsky(15520): [322] zse.a(4): No installation state for package com.android.exchange
04-23 22:53:16.375: E/Finsky(15520): [322] zsf.run(3): Could not update ApkInfoData row
04-23 22:53:16.385: E/Finsky(15520): [322] zse.a(4): No installation state for package com.android.documentsui
04-23 22:53:16.385: E/Finsky(15520): [322] zsf.run(3): Could not update ApkInfoData row
04-23 22:53:16.395: I/Finsky(15520): [320] tsg.a(16): SCH: jobFinished: 10-41. TimeElapsed: 42ms.
04-23 22:53:16.395: I/Finsky(15520): [1] tqw.a(37): SCH: Job 10-41 finished. Not rescheduling.
04-23 22:53:16.395: I/Finsky(15520): [1] tqw.a(20): SCH: Running job: 10-42
04-23 22:53:16.395: I/Finsky(15520): [1] tsg.a(16): SCH: jobFinished: 10-42. TimeElapsed: 2ms.
04-23 22:53:16.395: I/Finsky(15520): [1] tqv.handleMessage(63): SCH: RunningQueue size: 4, PendingQueue size: 16
04-23 22:53:16.395: I/Finsky(15520): [1] tqv.handleMessage(66): SCH: Running queue: 10-8 10-12 10-37 10-42
04-23 22:53:16.395: I/Finsky(15520): [1] tqw.a(37): SCH: Job 10-42 finished. Not rescheduling.
04-23 22:53:16.405: I/Finsky(15520): [1] tqw.a(20): SCH: Running job: 10-44
04-23 22:53:16.405: E/Finsky(15520): [322] zse.a(4): No installation state for package com.huawei.android.FloatTasks
04-23 22:53:16.405: E/Finsky(15520): [322] zsf.run(3): Could not update ApkInfoData row
04-23 22:53:16.405: I/ActivityManager(2958): filter receiver for action = com.google.android.gms.phenotype.UPDATE
04-23 22:53:16.405: E/Finsky(15520): [322] zse.a(4): No installation state for package com.android.mms.service
04-23 22:53:16.405: E/Finsky(15520): [322] zsf.run(3): Could not update ApkInfoData row
04-23 22:53:16.405: I/Finsky(15520): [318] tsg.a(16): SCH: jobFinished: 10-37. TimeElapsed: 218ms.
04-23 22:53:16.415: I/Finsky(15520): [1] tqv.handleMessage(63): SCH: RunningQueue size: 4, PendingQueue size: 15
04-23 22:53:16.415: I/Finsky(15520): [1] tqv.handleMessage(66): SCH: Running queue: 10-8 10-12 10-37 10-44
04-23 22:53:16.425: I/PG Utils(15209): acquire_providerpkg:[com.google.android.gsf] pid:[] maybe timeout , send to PG
04-23 22:53:16.435: I/Finsky(15520): [1] tqw.a(37): SCH: Job 10-37 finished. Not rescheduling.
04-23 22:53:16.435: I/Finsky(15520): [1] tqw.a(20): SCH: Running job: 10-47
04-23 22:53:16.435: I/Finsky(15520): [1] tsg.a(16): SCH: jobFinished: 10-47. TimeElapsed: 2ms.
04-23 22:53:16.435: I/Finsky(15520): [1] tqv.handleMessage(63): SCH: RunningQueue size: 4, PendingQueue size: 14
04-23 22:53:16.435: I/art(19838): Can not find class: Ljavax/net/ssl/SNIServerName;
04-23 22:53:16.435: I/Finsky(15520): [1] tqv.handleMessage(66): SCH: Running queue: 10-8 10-12 10-44 10-47
04-23 22:53:16.435: I/art(19838): Can not find class: Ljavax/net/ssl/SNIHostName;
04-23 22:53:16.445: I/art(19838): Can not find class: Ljavax/net/ssl/SNIHostName;
04-23 22:53:16.445: I/art(19838): Can not find class: Ljavax/net/ssl/SNIHostName;
04-23 22:53:16.445: I/Finsky(15520): [1] tqw.a(37): SCH: Job 10-47 finished. Not rescheduling.
04-23 22:53:16.445: I/Finsky(15520): [1] tqw.a(20): SCH: Running job: 10-48
04-23 22:53:16.445: I/Finsky(15520): [1] tqv.handleMessage(63): SCH: RunningQueue size: 4, PendingQueue size: 13
04-23 22:53:16.445: I/Finsky(15520): [320] AppPreloadHygieneJob.a(4): Instant App hint preload cleanup triggered from hygiene.
04-23 22:53:16.445: I/Finsky(15520): [1] tqv.handleMessage(66): SCH: Running queue: 10-8 10-12 10-44 10-48
04-23 22:53:16.465: I/CameraHalInterface(2581): Found a matching camera info for ID 0
04-23 22:53:16.475: I/Finsky(15520): [320] tsg.a(16): SCH: jobFinished: 10-48. TimeElapsed: 27ms.
04-23 22:53:16.475: I/OcrModelUpStIntentOp(15282): Updating ocr activity enabled=true (phenotypeFlag=true, lowRamDevice=false, prereqCheck=true)
04-23 22:53:16.475: I/Finsky(15520): [1] tqw.a(37): SCH: Job 10-48 finished. Not rescheduling.
04-23 22:53:16.475: I/Finsky(15520): [1] tqw.a(20): SCH: Running job: 10-49
04-23 22:53:16.475: I/Finsky(15520): [1] tqv.handleMessage(63): SCH: RunningQueue size: 4, PendingQueue size: 12
04-23 22:53:16.475: I/Finsky(15520): [1] tqv.handleMessage(66): SCH: Running queue: 10-8 10-12 10-44 10-49
04-23 22:53:16.475: I/Finsky(15520): [318] LateSimNotificationHygieneJob.a(4): PAI late SIM : don't try in hygiene because not triggerable
04-23 22:53:16.475: I/Finsky(15520): [318] tsg.a(16): SCH: jobFinished: 10-49. TimeElapsed: 5ms.
04-23 22:53:16.485: I/Finsky(15520): [1] tqw.a(37): SCH: Job 10-49 finished. Not rescheduling.
04-23 22:53:16.485: I/Finsky(15520): [1] tqw.a(20): SCH: Running job: 10-50
04-23 22:53:16.485: I/ActivityManager(2958): filter receiver for action = com.google.android.gms.phenotype.UPDATE
04-23 22:53:16.485: I/art(19838): Can not find class: Lcom/google/android/gms/org/conscrypt/OpenSSLSocketFactoryImpl;
04-23 22:53:16.485: W/System(19838): Could not create com.google.android.gms.org.conscrypt.OpenSSLSocketFactoryImpl with ClassLoader android.app.LoadedApk$WarningContextClassLoader@1b122c17: com.google.android.gms.org.conscrypt.OpenSSLSocketFactoryImpl
04-23 22:53:16.485: I/Finsky(15520): [1] tsg.a(16): SCH: jobFinished: 10-50. TimeElapsed: 5ms.
04-23 22:53:16.485: I/ProviderInstaller(19838): Installed default security provider GmsCore_OpenSSL
04-23 22:53:16.485: I/OcrModelUpStIntentOp(15282): Downloading text recognizer
04-23 22:53:16.495: I/Finsky(15520): [1] tqv.handleMessage(63): SCH: RunningQueue size: 4, PendingQueue size: 11
04-23 22:53:16.495: I/Finsky(15520): [1] tqv.handleMessage(66): SCH: Running queue: 10-8 10-12 10-44 10-50
04-23 22:53:16.495: I/Finsky(15520): [1] tqw.a(37): SCH: Job 10-50 finished. Not rescheduling.
04-23 22:53:16.495: I/Finsky(15520): [1] tqw.a(20): SCH: Running job: 10-54
04-23 22:53:16.505: I/ActivityManager(2958): filter receiver for action = com.google.android.gms.vision.DEPENDENCY
04-23 22:53:16.505: I/PlayCommon(15520): [281] akrb.c(169): Connecting to server: https://play.googleapis.com/play/log?format=raw&proto_v2=true
04-23 22:53:16.505: I/Finsky(15520): [1] tqv.handleMessage(63): SCH: RunningQueue size: 4, PendingQueue size: 10
04-23 22:53:16.515: I/Finsky(15520): [1] tqv.handleMessage(66): SCH: Running queue: 10-8 10-12 10-44 10-54
04-23 22:53:16.515: I/ActivityManager(2958): filter receiver for action = android.intent.action.DROPBOX_ENTRY_ADDED
04-23 22:53:16.515: I/Finsky(15520): [320] tsg.a(16): SCH: jobFinished: 10-54. TimeElapsed: 23ms.
04-23 22:53:16.525: I/Finsky(15520): [1] tqw.a(37): SCH: Job 10-54 finished. Not rescheduling.
04-23 22:53:16.525: W/ContextImpl(19753): Failed to ensure directory: /storage/sdcard1/Android/data/com.android.vending/files
04-23 22:53:16.525: I/Finsky(15520): [1] tqw.a(20): SCH: Running job: 10-55
04-23 22:53:16.525: I/Finsky(15520): [1] tqv.handleMessage(63): SCH: RunningQueue size: 4, PendingQueue size: 9
04-23 22:53:16.525: I/Finsky(15520): [1] tqv.handleMessage(66): SCH: Running queue: 10-8 10-12 10-44 10-55
04-23 22:53:16.525: I/ActivityManager(2958): filter receiver for action = com.google.android.gms.phenotype.UPDATE
04-23 22:53:16.535: I/ActivityManager(2958): filter receiver for action = com.google.android.gms.phenotype.COMMITTED
04-23 22:53:16.545: I/PG Utils(15209): acquire_providerpkg:[com.google.android.gsf] pid:[] maybe timeout , send to PG
04-23 22:53:16.545: E/art(15209): invalid stream - problem with parameter iterator in /data/data/com.google.android.gms/code_cache/secondary-dexes/base.apk.classes2.zip for method void fca.c(java.lang.String, java.lang.String, java.lang.Object[])
04-23 22:53:16.545: W/NetRec(15209): [997] ConfigChangedIntentOperation.onHandleIntent: Device does not support scoring, exiting
04-23 22:53:16.545: I/Auth(15209): [AuthManaged,PasswordComplexityHelperImpl] Updating password complexity components state.
04-23 22:53:16.545: I/Auth(15209): [AuthManaged,PasswordComplexityHelperImpl] Disabling com.google.android.gms.auth.managed.admin.DeviceAdminReceiver
04-23 22:53:16.545: I/Auth(15209): [AuthManaged,PasswordComplexityHelperImpl] Disabling com.google.android.gms.auth.managed.ui.SetNewPasswordActivity
04-23 22:53:16.575: I/ActivityManager(2958): filter receiver for action = com.google.android.gms.phenotype.UPDATE
04-23 22:53:16.575: I/PlayCommon(15520): [281] akrb.c(199): Successfully uploaded logs.
04-23 22:53:16.585: I/Finsky(15520): [317] tsg.a(16): SCH: jobFinished: 10-12. TimeElapsed: 990ms.
04-23 22:53:16.585: I/art(9488): Explicit concurrent mark sweep GC freed 2977(118KB) AllocSpace objects, 0(0B) LOS objects, 40% free, 13MB/23MB, paused 820us total 33.925ms
04-23 22:53:16.585: I/PG Utils(15209): acquire_providerpkg:[com.google.android.gsf] pid:[] maybe timeout , send to PG
04-23 22:53:16.585: I/Finsky(15520): [1] tqw.a(37): SCH: Job 10-12 finished. Not rescheduling.
04-23 22:53:16.595: I/Finsky(15520): [1] tqw.a(20): SCH: Running job: 10-57
04-23 22:53:16.595: I/Finsky(15520): [1] tqv.handleMessage(63): SCH: RunningQueue size: 4, PendingQueue size: 8
04-23 22:53:16.595: I/Finsky(15520): [1] tqv.handleMessage(66): SCH: Running queue: 10-8 10-44 10-55 10-57
04-23 22:53:16.615: I/Safeboot(19838): Checking safeboot...
04-23 22:53:16.615: I/Safeboot(19838): Not entering safeboot; wrong process.
04-23 22:53:16.625: I/ActivityManager(2958): filter receiver for action = com.google.android.gms.phenotype.UPDATE
04-23 22:53:16.625: I/PG Utils(15209): acquire_providerpkg:[com.google.android.gsf] pid:[] maybe timeout , send to PG
04-23 22:53:16.645: I/cr_CronetUrlRequestContext(15282): destroyNativeStreamLocked org.chromium.net.impl.CronetBidirectionalStream@57c389c
04-23 22:53:16.645: I/Finsky(15520): [318] tsg.a(16): SCH: jobFinished: 10-55. TimeElapsed: 118ms.
04-23 22:53:16.645: I/Finsky(15520): [1] tqw.a(37): SCH: Job 10-55 finished. Not rescheduling.
04-23 22:53:16.645: E/WifiStateMachine(2958): ConnectedState !CMD_RSSI_POLL 1 0 "wl-ftl-mt03-1-24" 44:48:c1:91:9d:e0 rssi=-53 f=2412 sc=100 link=72 tx=133,8, 0,0, 0,0 rx=205,6 bcn=0 [on:0 tx:0 rx:0 period:3004] from screen [on:0 period:-1430302861] gl u24 rssi=-53 ag=0 hr ticks 0,0,0 ls-=0 [56,56,60,60,65] brc=0 lrc=0
04-23 22:53:16.645: I/Finsky(15520): [1] tqw.a(20): SCH: Running job: 10-59
04-23 22:53:16.645: E/WifiStateMachine(2958): L2ConnectedState !CMD_RSSI_POLL 1 0 "wl-ftl-mt03-1-24" 44:48:c1:91:9d:e0 rssi=-53 f=2412 sc=100 link=72 tx=133,8, 0,0, 0,0 rx=205,6 bcn=0 [on:0 tx:0 rx:0 period:2] from screen [on:0 period:-1430302859] gl u24 rssi=-53 ag=0 hr ticks 0,0,0 ls-=0 [56,56,60,60,65] brc=0 lrc=0
04-23 22:53:16.645: I/art(15520): Can not find class: Landroid/hardware/biometrics/BiometricManager;
04-23 22:53:16.645: E/WifiStateMachine(2958): fetchRssiLinkSpeedAndFrequencyNative rssi=-52 linkspeed=72 SSID="wl-ftl-mt03-1-24"
04-23 22:53:16.645: I/art(15520): Can not find class: Landroid/security/keystore/KeyGenParameterSpec$Builder;
04-23 22:53:16.645: E/WifiStateMachine(2958): calculateWifiScore freq=2412 speed=72 score=100 highRSSI -> txbadrate=0,00 txgoodrate=104,91 txretriesrate=0,00 rxrate=179,30 userTriggerdPenalty0
04-23 22:53:16.645: E/WifiStateMachine(2958): good link -> stuck count =0
04-23 22:53:16.645: E/WifiStateMachine(2958): badRSSI count0 lowRSSI count0 --> score 60
04-23 22:53:16.645: E/WifiStateMachine(2958): isHighRSSI ---> score=65
04-23 22:53:16.645: I/art(15520): Can not find class: Landroid/hardware/biometrics/BiometricManager;
04-23 22:53:16.655: I/art(15520): Can not find class: Landroid/hardware/fingerprint/FingerprintManager;
04-23 22:53:16.655: I/art(15520): Can not find class: Landroid/hardware/fingerprint/FingerprintManager;
04-23 22:53:16.655: I/ActivityManager(2958): filter receiver for action = com.google.android.gms.phenotype.UPDATE
04-23 22:53:16.655: I/art(15520): Can not find class: Landroid/hardware/fingerprint/FingerprintManager;
04-23 22:53:16.665: I/Finsky(15520): [1] tqv.handleMessage(63): SCH: RunningQueue size: 4, PendingQueue size: 7
04-23 22:53:16.665: I/Finsky(15520): [1] tqv.handleMessage(66): SCH: Running queue: 10-8 10-44 10-57 10-59
04-23 22:53:16.675: I/PG Utils(15209): acquire_providerpkg:[com.google.android.gsf] pid:[] maybe timeout , send to PG
04-23 22:53:16.685: I/FacsCacheGmsModule(15209): Received 'writeDeviceLevelSettings' request from package 'com.google.android.gms'...
04-23 22:53:16.695: I/ActivityManager(2958): filter receiver for action = com.google.android.gms.phenotype.COMMITTED
04-23 22:53:16.695: I/FacsCacheGmsModule(15209): Operation 'writeDeviceLevelSettings' dispatched!
04-23 22:53:16.695: I/FacsCacheGmsModule(15209): Executing operation 'WriteDeviceLevelSettingsOperation'...
04-23 22:53:16.695: E/art(15209): invalid stream - problem with parameter iterator in /data/data/com.google.android.gms/code_cache/secondary-dexes/base.apk.classes2.zip for method void fca.c(java.lang.String, java.lang.String, java.lang.Object[])
04-23 22:53:16.695: W/NetRec(15209): [997] ConfigChangedIntentOperation.onHandleIntent: Device does not support scoring, exiting
04-23 22:53:16.695: I/Auth(15209): [AuthManaged,PasswordComplexityHelperImpl] Updating password complexity components state.
04-23 22:53:16.695: I/Auth(15209): [AuthManaged,PasswordComplexityHelperImpl] Disabling com.google.android.gms.auth.managed.admin.DeviceAdminReceiver
04-23 22:53:16.695: I/Auth(15209): [AuthManaged,PasswordComplexityHelperImpl] Disabling com.google.android.gms.auth.managed.ui.SetNewPasswordActivity
04-23 22:53:16.705: I/ActivityManager(2958): filter receiver for action = com.google.android.gms.phenotype.UPDATE
04-23 22:53:16.725: I/ActivityManager(2958): filter receiver for action = com.google.android.gms.udc.action.SETTING_CHANGED
04-23 22:53:16.725: I/ActivityManager(2958): filter receiver for action = com.google.android.gms.phenotype.UPDATE
04-23 22:53:16.735: I/ActivityManager(2958): filter receiver for action = com.google.android.gms.udc.action.SETTING_CHANGED
04-23 22:53:16.735: I/FacsCacheGmsModule(15209): Operation 'WriteDeviceLevelSettingsOperation' successful!
04-23 22:53:16.745: I/ActivityManager(2958): filter receiver for action = com.google.android.gms.phenotype.UPDATE
04-23 22:53:16.745: I/PG Utils(15282): acquire_providerpkg:[com.google.android.gsf] pid:[] maybe timeout , send to PG
04-23 22:53:16.745: I/ActivityManager(2958): filter receiver for action = com.google.android.gms.phenotype.UPDATE
04-23 22:53:16.755: I/Finsky(15520): [317] tsg.a(16): SCH: jobFinished: 10-59. TimeElapsed: 108ms.
04-23 22:53:16.755: I/Finsky(15520): [1] tqw.a(37): SCH: Job 10-59 finished. Not rescheduling.
04-23 22:53:16.755: I/Finsky(15520): [1] tqw.a(20): SCH: Running job: 10-60
04-23 22:53:16.755: I/Finsky(15520): [1] tsg.a(16): SCH: jobFinished: 10-60. TimeElapsed: 2ms.
04-23 22:53:16.755: I/Finsky(15520): [1] tqv.handleMessage(63): SCH: RunningQueue size: 4, PendingQueue size: 6
04-23 22:53:16.765: I/Finsky(15520): [1] tqv.handleMessage(66): SCH: Running queue: 10-8 10-44 10-57 10-60
04-23 22:53:16.765: I/Finsky(15520): [1] tqw.a(37): SCH: Job 10-60 finished. Not rescheduling.
04-23 22:53:16.765: I/Finsky(15520): [1] tqw.a(20): SCH: Running job: 10-61
04-23 22:53:16.765: I/Finsky(15520): [1] tqv.handleMessage(63): SCH: RunningQueue size: 4, PendingQueue size: 5
04-23 22:53:16.765: I/Finsky(15520): [1] tqv.handleMessage(66): SCH: Running queue: 10-8 10-44 10-57 10-61
04-23 22:53:16.775: I/Finsky(15520): [221] bit.a(11): Received content filters request from com.android.vending
04-23 22:53:16.775: I/PG Utils(15209): acquire_providerpkg:[com.google.android.gsf] pid:[] maybe timeout , send to PG
04-23 22:53:16.795: W/aujo(15209): Empty content. Thus might mean that the settings are not synced down.
04-23 22:53:16.795: W/ChimeraUtils(15209): Non Chimera context
04-23 22:53:16.805: I/ActivityManager(2958): filter receiver for action = com.google.android.gms.phenotype.UPDATE
04-23 22:53:16.805: I/PG Utils(15282): acquire_providerpkg:[com.google.android.gsf] pid:[] maybe timeout , send to PG
04-23 22:53:16.815: W/NativeLibraryUtils(19838): Failed to open lock file
04-23 22:53:16.815: W/NativeLibraryUtils(19838): java.io.FileNotFoundException: /data/data/com.google.android.gms/cache/.lib.lock: open failed: EACCES (Permission denied)
04-23 22:53:16.815: W/NativeLibraryUtils(19838): at libcore.io.IoBridge.open(IoBridge.java:463)
04-23 22:53:16.815: W/NativeLibraryUtils(19838): at java.io.RandomAccessFile.(RandomAccessFile.java:117)
04-23 22:53:16.815: W/NativeLibraryUtils(19838): at sse.d(:com.google.android.gms@200914010@20.09.14 (020400-300565878):5)
04-23 22:53:16.815: W/NativeLibraryUtils(19838): at rpw.run(:com.google.android.gms@200914010@20.09.14 (020400-300565878):0)
04-23 22:53:16.815: W/NativeLibraryUtils(19838): Caused by: android.system.ErrnoException: open failed: EACCES (Permission denied)
04-23 22:53:16.815: W/NativeLibraryUtils(19838): at libcore.io.Posix.open(Native Method)
04-23 22:53:16.815: W/NativeLibraryUtils(19838): at libcore.io.BlockGuardOs.open(BlockGuardOs.java:186)
04-23 22:53:16.815: W/NativeLibraryUtils(19838): at libcore.io.IoBridge.open(IoBridge.java:449)
04-23 22:53:16.815: W/NativeLibraryUtils(19838): ... 3 more
04-23 22:53:16.815: I/Finsky:instant_app_inst(19753): [308] AppPreloadHygieneService.a(1): AppPreloadHygieneService disabled
04-23 22:53:16.865: I/ActivityManager(2958): filter receiver for action = com.google.android.gms.phenotype.UPDATE
04-23 22:53:16.875: I/ActivityManager(2958): filter receiver for action = com.google.android.gms.phenotype.COMMITTED
04-23 22:53:16.875: I/Isotope(19753): UID: [10025] PID: [19753] DiskSpacePrefetchPolicy : space available : 9338 MB
04-23 22:53:16.875: E/art(15209): invalid stream - problem with parameter iterator in /data/data/com.google.android.gms/code_cache/secondary-dexes/base.apk.classes2.zip for method void fca.c(java.lang.String, java.lang.String, java.lang.Object[])
04-23 22:53:16.875: W/NetRec(15209): [1023] ConfigChangedIntentOperation.onHandleIntent: Device does not support scoring, exiting
04-23 22:53:16.875: I/Auth(15209): [AuthManaged,PasswordComplexityHelperImpl] Updating password complexity components state.
04-23 22:53:16.875: I/Auth(15209): [AuthManaged,PasswordComplexityHelperImpl] Disabling com.google.android.gms.auth.managed.admin.DeviceAdminReceiver
04-23 22:53:16.875: I/Auth(15209): [AuthManaged,PasswordComplexityHelperImpl] Disabling com.google.android.gms.auth.managed.ui.SetNewPasswordActivity
04-23 22:53:16.915: W/bcpc(19838): Primes not initialized, returning default (no-op) Primes instance which will ignore all calls. Please call Primes.initialize(...) before using any Primes API.
04-23 22:53:16.925: I/art(19838): Can not find class: Lcom/google/protobuf/DescriptorMessageInfoFactory;
04-23 22:53:16.925: I/OAM(2639): [check_file_size:402]/data/hwlogdir/wifi_log/wifi_log_1 log file beyond size=10240Byte, creat new file
04-23 22:53:16.925: I/OAM(2639): [rename_old_file:107]rename_old_file
04-23 22:53:16.935: I/Finsky(15520): [263] bit.a(11): Received content filters request from com.android.vending
04-23 22:53:16.935: I/ActivityManager(2958): filter receiver for action = com.google.android.gms.phenotype.COMMITTED
04-23 22:53:16.935: E/art(15209): invalid stream - problem with parameter iterator in /data/data/com.google.android.gms/code_cache/secondary-dexes/base.apk.classes2.zip for method void fca.c(java.lang.String, java.lang.String, java.lang.Object[])
04-23 22:53:16.935: W/NetRec(15209): [997] ConfigChangedIntentOperation.onHandleIntent: Device does not support scoring, exiting
04-23 22:53:16.935: I/Auth(15209): [AuthManaged,PasswordComplexityHelperImpl] Updating password complexity components state.
04-23 22:53:16.935: I/Auth(15209): [AuthManaged,PasswordComplexityHelperImpl] Disabling com.google.android.gms.auth.managed.admin.DeviceAdminReceiver
04-23 22:53:16.945: I/Auth(15209): [AuthManaged,PasswordComplexityHelperImpl] Disabling com.google.android.gms.auth.managed.ui.SetNewPasswordActivity
04-23 22:53:16.955: I/art(19838): Can not find class: Lcom/google/protobuf/GeneratedMessage;
04-23 22:53:16.955: I/art(19838): Can not find class: Lcom/google/protobuf/UnknownFieldSetSchema;
04-23 22:53:16.955: I/art(19838): Can not find class: Lcom/google/protobuf/UnknownFieldSetSchema;
04-23 22:53:16.975: I/art(19838): Can not find class: Lcom/google/protobuf/NewInstanceSchemaFull;
04-23 22:53:16.975: I/art(19838): Can not find class: Lcom/google/protobuf/ExtensionSchemaFull;
04-23 22:53:16.975: I/art(19838): Can not find class: Lcom/google/protobuf/MapFieldSchemaFull;
04-23 22:53:16.975: I/art(19838): Can not find class: Lorg/robolectric/Robolectric;
04-23 22:53:16.995: I/PG Utils(15520): acquire_providerpkg:[com.google.android.gsf] pid:[] maybe timeout , send to PG
04-23 22:53:17.035: I/ActivityManager(2958): filter receiver for action = com.google.android.gms.phenotype.COMMITTED
04-23 22:53:17.045: E/art(15209): invalid stream - problem with parameter iterator in /data/data/com.google.android.gms/code_cache/secondary-dexes/base.apk.classes2.zip for method void fca.c(java.lang.String, java.lang.String, java.lang.Object[])
04-23 22:53:17.045: W/NetRec(15209): [1023] ConfigChangedIntentOperation.onHandleIntent: Device does not support scoring, exiting
04-23 22:53:17.045: I/Auth(15209): [AuthManaged,PasswordComplexityHelperImpl] Updating password complexity components state.
04-23 22:53:17.045: I/Auth(15209): [AuthManaged,PasswordComplexityHelperImpl] Disabling com.google.android.gms.auth.managed.admin.DeviceAdminReceiver
04-23 22:53:17.045: I/Auth(15209): [AuthManaged,PasswordComplexityHelperImpl] Disabling com.google.android.gms.auth.managed.ui.SetNewPasswordActivity
04-23 22:53:17.065: I/art(15520): Can not find class: Lio/grpc/util/SecretRoundRobinLoadBalancerProvider$Provider;
04-23 22:53:17.075: I/art(15520): Can not find class: Lio/grpc/internal/JndiResourceResolverFactory;
