04-23 22:53:24.025: W/NetRec(15209): [1001] ConfigChangedIntentOperation.onHandleIntent: Device does not support scoring, exiting
04-23 22:53:24.025: I/Auth(15209): [AuthManaged,PasswordComplexityHelperImpl] Updating password complexity components state.
04-23 22:53:24.025: I/Auth(15209): [AuthManaged,PasswordComplexityHelperImpl] Disabling com.google.android.gms.auth.managed.admin.DeviceAdminReceiver
04-23 22:53:24.025: I/Auth(15209): [AuthManaged,PasswordComplexityHelperImpl] Disabling com.google.android.gms.auth.managed.ui.SetNewPasswordActivity
04-23 22:53:24.035: I/MdiSyncModule(15282): flag handling is skipping irrelevant intent.
04-23 22:53:24.035: I/PTCommittedOperation(15209): Receive new configuration for com.google.android.gms.places
04-23 22:53:24.045: W/ModuleInitIntentOp(15282): Dropping unexpected action com.google.android.gms.phenotype.COMMITTED
04-23 22:53:24.045: I/PTCommittedOperation(15209): Receive new configuration for com.google.android.gms.signin
04-23 22:53:24.045: I/SystemUpdate(15282): [Installation,ReceiverIntentOperation] Received intent: Intent { act=com.google.android.gms.phenotype.COMMITTED flg=0x10 pkg=com.google.android.gms cmp=com.google.android.gms/.chimera.GmsIntentOperationService (has extras) }.
04-23 22:53:24.055: I/PTCommittedOperation(15209): Receive new configuration for com.google.android.gms.auth.proximity
04-23 22:53:24.065: I/ActivityManager(2958): filter receiver for action = com.google.android.gms.gcm.ACTION_SCHEDULE
04-23 22:53:24.065: I/ActivityManager(2958): filter receiver for action = com.google.android.gms.gcm.ACTION_SCHEDULE
04-23 22:53:24.075: I/ActivityManager(2958): filter receiver for action = com.google.android.gms.gcm.ACTION_SCHEDULE
04-23 22:53:24.095: W/ChimeraUtils(15282): Non Chimera context
04-23 22:53:24.095: W/ChimeraUtils(15282): Non Chimera context
04-23 22:53:24.115: I/ActivityManager(2958): filter receiver for action = com.google.android.gms.phenotype.COMMITTED
04-23 22:53:24.185: E/art(15209): invalid stream - problem with parameter iterator in /data/data/com.google.android.gms/code_cache/secondary-dexes/base.apk.classes2.zip for method void fca.c(java.lang.String, java.lang.String, java.lang.Object[])
04-23 22:53:24.185: W/NetRec(15209): [1001] ConfigChangedIntentOperation.onHandleIntent: Device does not support scoring, exiting
04-23 22:53:24.185: I/Auth(15209): [AuthManaged,PasswordComplexityHelperImpl] Updating password complexity components state.
04-23 22:53:24.185: I/Auth(15209): [AuthManaged,PasswordComplexityHelperImpl] Disabling com.google.android.gms.auth.managed.admin.DeviceAdminReceiver
04-23 22:53:24.195: I/Auth(15209): [AuthManaged,PasswordComplexityHelperImpl] Disabling com.google.android.gms.auth.managed.ui.SetNewPasswordActivity
04-23 22:53:24.195: I/PTCommittedOperation(15209): Receive new configuration for com.google.android.gms.update
04-23 22:53:24.205: I/MdiSyncModule(15282): flag handling is skipping irrelevant intent.
04-23 22:53:24.205: W/ModuleInitIntentOp(15282): Dropping unexpected action com.google.android.gms.phenotype.COMMITTED
04-23 22:53:24.215: I/PG Utils(15209): acquire_providerpkg:[com.google.android.gsf] pid:[] maybe timeout , send to PG
04-23 22:53:24.275: I/ActivityManager(2958): filter receiver for action = com.google.android.gms.phenotype.COMMITTED
04-23 22:53:24.335: E/art(15209): invalid stream - problem with parameter iterator in /data/data/com.google.android.gms/code_cache/secondary-dexes/base.apk.classes2.zip for method void fca.c(java.lang.String, java.lang.String, java.lang.Object[])
04-23 22:53:24.335: W/NetRec(15209): [997] ConfigChangedIntentOperation.onHandleIntent: Device does not support scoring, exiting
04-23 22:53:24.335: I/PTCommittedOperation(15209): Receive new configuration for com.google.android.gms.auth_authzen
04-23 22:53:24.335: I/Auth(15209): [AuthManaged,PasswordComplexityHelperImpl] Updating password complexity components state.
04-23 22:53:24.335: I/Auth(15209): [AuthManaged,PasswordComplexityHelperImpl] Disabling com.google.android.gms.auth.managed.admin.DeviceAdminReceiver
04-23 22:53:24.335: I/Auth(15209): [AuthManaged,PasswordComplexityHelperImpl] Disabling com.google.android.gms.auth.managed.ui.SetNewPasswordActivity
04-23 22:53:24.345: I/MdiSyncModule(15282): flag handling is skipping irrelevant intent.
04-23 22:53:24.345: W/ModuleInitIntentOp(15282): Dropping unexpected action com.google.android.gms.phenotype.COMMITTED
04-23 22:53:24.355: I/PG Utils(15209): acquire_providerpkg:[com.google.android.gsf] pid:[] maybe timeout , send to PG
04-23 22:53:24.385: I/ActivityManager(2958): filter receiver for action = com.google.android.gms.phenotype.COMMITTED
04-23 22:53:24.395: E/art(15209): invalid stream - problem with parameter iterator in /data/data/com.google.android.gms/code_cache/secondary-dexes/base.apk.classes2.zip for method void fca.c(java.lang.String, java.lang.String, java.lang.Object[])
04-23 22:53:24.395: W/NetRec(15209): [1001] ConfigChangedIntentOperation.onHandleIntent: Device does not support scoring, exiting
04-23 22:53:24.395: I/Auth(15209): [AuthManaged,PasswordComplexityHelperImpl] Updating password complexity components state.
04-23 22:53:24.395: I/Auth(15209): [AuthManaged,PasswordComplexityHelperImpl] Disabling com.google.android.gms.auth.managed.admin.DeviceAdminReceiver
04-23 22:53:24.395: I/PTCommittedOperation(15209): Receive new configuration for com.google.android.gms.vision
04-23 22:53:24.395: I/Auth(15209): [AuthManaged,PasswordComplexityHelperImpl] Disabling com.google.android.gms.auth.managed.ui.SetNewPasswordActivity
04-23 22:53:24.405: I/MdiSyncModule(15282): flag handling is skipping irrelevant intent.
04-23 22:53:24.405: W/ModuleInitIntentOp(15282): Dropping unexpected action com.google.android.gms.phenotype.COMMITTED
04-23 22:53:24.455: I/ActivityManager(2958): filter receiver for action = com.google.android.gms.phenotype.COMMITTED
04-23 22:53:24.465: I/ActivityManager(2958): filter receiver for action = com.google.android.gms.gcm.ACTION_SCHEDULE
04-23 22:53:24.465: I/ActivityManager(2958): filter receiver for action = com.google.android.gms.gcm.ACTION_SCHEDULE
04-23 22:53:24.525: E/art(15209): invalid stream - problem with parameter iterator in /data/data/com.google.android.gms/code_cache/secondary-dexes/base.apk.classes2.zip for method void fca.c(java.lang.String, java.lang.String, java.lang.Object[])
04-23 22:53:24.525: W/NetRec(15209): [1025] ConfigChangedIntentOperation.onHandleIntent: Device does not support scoring, exiting
04-23 22:53:24.525: I/PTCommittedOperation(15209): Receive new configuration for com.google.android.gms.wallet
04-23 22:53:24.525: I/Auth(15209): [AuthManaged,PasswordComplexityHelperImpl] Updating password complexity components state.
04-23 22:53:24.525: I/Auth(15209): [AuthManaged,PasswordComplexityHelperImpl] Disabling com.google.android.gms.auth.managed.admin.DeviceAdminReceiver
04-23 22:53:24.525: I/Auth(15209): [AuthManaged,PasswordComplexityHelperImpl] Disabling com.google.android.gms.auth.managed.ui.SetNewPasswordActivity
04-23 22:53:24.535: I/MdiSyncModule(15282): flag handling is skipping irrelevant intent.
04-23 22:53:24.535: W/ModuleInitIntentOp(15282): Dropping unexpected action com.google.android.gms.phenotype.COMMITTED
04-23 22:53:24.565: I/ActivityManager(2958): filter receiver for action = com.google.android.gms.phenotype.COMMITTED
04-23 22:53:24.565: E/art(15209): invalid stream - problem with parameter iterator in /data/data/com.google.android.gms/code_cache/secondary-dexes/base.apk.classes2.zip for method void fca.c(java.lang.String, java.lang.String, java.lang.Object[])
04-23 22:53:24.565: W/NetRec(15209): [1025] ConfigChangedIntentOperation.onHandleIntent: Device does not support scoring, exiting
04-23 22:53:24.565: I/Auth(15209): [AuthManaged,PasswordComplexityHelperImpl] Updating password complexity components state.
04-23 22:53:24.565: I/Auth(15209): [AuthManaged,PasswordComplexityHelperImpl] Disabling com.google.android.gms.auth.managed.admin.DeviceAdminReceiver
04-23 22:53:24.575: I/Auth(15209): [AuthManaged,PasswordComplexityHelperImpl] Disabling com.google.android.gms.auth.managed.ui.SetNewPasswordActivity
04-23 22:53:24.575: I/PTCommittedOperation(15209): Receive new configuration for com.google.android.gms.tron.metrics
04-23 22:53:24.585: I/Finsky(15520): [308] ttj.a(7): SCH: Jobs in database: 1-1337 12-1 19-9999 24-77777777 26-1414141414 31-305419896 34-1 34-2
04-23 22:53:24.595: I/Finsky(15520): [1] tqw.a(20): SCH: Running job: 31-305419896
04-23 22:53:24.595: I/MdiSyncModule(15282): flag handling is skipping irrelevant intent.
04-23 22:53:24.605: I/Finsky(15520): [1] tqw.a(20): SCH: Running job: 34-2
04-23 22:53:24.605: W/ModuleInitIntentOp(15282): Dropping unexpected action com.google.android.gms.phenotype.COMMITTED
04-23 22:53:24.605: I/Finsky(15520): [1] tqv.handleMessage(63): SCH: RunningQueue size: 2, PendingQueue size: 0
04-23 22:53:24.605: I/Finsky(15520): [1] tqv.handleMessage(66): SCH: Running queue: 31-305419896 34-2
04-23 22:53:24.625: W/wpa_supplicant(3188): STA MODE: Open wlan cmd SUCCEESS
04-23 22:53:24.625: I/wpa_supplicant(3188): set current WIFI status to BT!
04-23 22:53:24.625: I/wpa_supplicant(3188): wlan0: CTRL-EVENT-SCAN-STARTED
04-23 22:53:24.625: E/WifiMonitor(2958): WifiMonitor:wlan0 cnt=61 dispatchEvent: CTRL-EVENT-SCAN-STARTED
04-23 22:53:24.625: E/WifiMonitor(2958): handleEvent 14 CTRL-EVENT-SCAN-STARTED
04-23 22:53:24.625: E/WifiMonitor(2958): handleEvent unknown: 14 CTRL-EVENT-SCAN-STARTED
04-23 22:53:24.695: I/Finsky(15520): [233] opo.(3): Item store provider started.
04-23 22:53:24.695: I/Finsky(15520): [233] opo.a(3): Created new item store.
04-23 22:53:24.705: I/PTCommittedOperation(15209): Receive new configuration for com.google.android.gms.wearable
04-23 22:53:24.705: I/ActivityManager(2958): filter receiver for action = com.google.android.gms.phenotype.COMMITTED
04-23 22:53:24.715: E/art(15209): invalid stream - problem with parameter iterator in /data/data/com.google.android.gms/code_cache/secondary-dexes/base.apk.classes2.zip for method void fca.c(java.lang.String, java.lang.String, java.lang.Object[])
04-23 22:53:24.715: W/NetRec(15209): [1023] ConfigChangedIntentOperation.onHandleIntent: Device does not support scoring, exiting
04-23 22:53:24.715: I/Auth(15209): [AuthManaged,PasswordComplexityHelperImpl] Updating password complexity components state.
04-23 22:53:24.715: I/Auth(15209): [AuthManaged,PasswordComplexityHelperImpl] Disabling com.google.android.gms.auth.managed.admin.DeviceAdminReceiver
04-23 22:53:24.715: I/Auth(15209): [AuthManaged,PasswordComplexityHelperImpl] Disabling com.google.android.gms.auth.managed.ui.SetNewPasswordActivity
04-23 22:53:24.725: I/MdiSyncModule(15282): flag handling is skipping irrelevant intent.
04-23 22:53:24.725: W/ModuleInitIntentOp(15282): Dropping unexpected action com.google.android.gms.phenotype.COMMITTED
04-23 22:53:24.735: W/ChimeraUtils(15209): Non Chimera context
04-23 22:53:24.795: I/MdiSyncModule(15282): flag handling is skipping irrelevant intent.
04-23 22:53:24.795: E/Finsky(15520): [242] ios.a(3): Error while refreshing device settings: network time: 181, HTTP status code: na, exception com.android.volley.NoConnectionError: org.chromium.net.impl.NetworkExceptionImpl: Exception in CronetUrlRequest: net::ERR_ADDRESS_UNREACHABLE, ErrorCode=9, InternalErrorCode=-109, Retryable=false. Retrying.
04-23 22:53:24.795: E/Finsky(15520): network time: 181, HTTP status code: na, exception com.android.volley.NoConnectionError: org.chromium.net.impl.NetworkExceptionImpl: Exception in CronetUrlRequest: net::ERR_ADDRESS_UNREACHABLE, ErrorCode=9, InternalErrorCode=-109, Retryable=false
04-23 22:53:24.795: E/Finsky(15520): at qaj.a(PG)
04-23 22:53:24.795: E/Finsky(15520): at bka.b(PG:3)
04-23 22:53:24.795: E/Finsky(15520): at drq.b(PG:6)
04-23 22:53:24.795: E/Finsky(15520): at bjs.run(PG:4)
04-23 22:53:24.795: E/Finsky(15520): at android.os.Handler.handleCallback(Handler.java:739)
04-23 22:53:24.795: E/Finsky(15520): at android.os.Handler.dispatchMessage(Handler.java:95)
04-23 22:53:24.795: E/Finsky(15520): at android.os.Looper.loop(Looper.java:135)
04-23 22:53:24.795: E/Finsky(15520): at android.app.ActivityThread.main(ActivityThread.java:5538)
04-23 22:53:24.795: E/Finsky(15520): at java.lang.reflect.Method.invoke(Native Method)
04-23 22:53:24.795: E/Finsky(15520): at java.lang.reflect.Method.invoke(Method.java:372)
04-23 22:53:24.795: E/Finsky(15520): at com.android.internal.os.ZygoteInit$MethodAndArgsCaller.run(ZygoteInit.java:960)
04-23 22:53:24.795: E/Finsky(15520): at com.android.internal.os.ZygoteInit.main(ZygoteInit.java:755)
04-23 22:53:24.795: I/Finsky(15520): [242] tsg.a(16): SCH: jobFinished: 31-305419896. TimeElapsed: 201ms.
04-23 22:53:24.795: I/Finsky(15520): [1] tqw.a(41): SCH: Job 31-305419896 finished. Rescheduling.
04-23 22:53:24.795: I/Finsky(15520): [1] tqv.handleMessage(63): SCH: RunningQueue size: 1, PendingQueue size: 0
04-23 22:53:24.795: W/ModuleInitIntentOp(15282): Dropping unexpected action com.google.android.gms.phenotype.COMMITTED
04-23 22:53:24.795: I/Finsky(15520): [1] tqv.handleMessage(66): SCH: Running queue: 34-2
04-23 22:53:24.795: I/PTCommittedOperation(15209): Receive new configuration for com.google.android.gms.walletp2p.v2
04-23 22:53:24.805: E/Finsky(15520): [238] ioz.a(7): Error getting device settings.
04-23 22:53:24.805: E/Finsky(15520): network time: 181, HTTP status code: na, exception com.android.volley.NoConnectionError: org.chromium.net.impl.NetworkExceptionImpl: Exception in CronetUrlRequest: net::ERR_ADDRESS_UNREACHABLE, ErrorCode=9, InternalErrorCode=-109, Retryable=false
04-23 22:53:24.805: E/Finsky(15520): at qaj.a(PG)
04-23 22:53:24.805: E/Finsky(15520): at bka.b(PG:3)
04-23 22:53:24.805: E/Finsky(15520): at drq.b(PG:6)
04-23 22:53:24.805: E/Finsky(15520): at bjs.run(PG:4)
04-23 22:53:24.805: E/Finsky(15520): at android.os.Handler.handleCallback(Handler.java:739)
04-23 22:53:24.805: E/Finsky(15520): at android.os.Handler.dispatchMessage(Handler.java:95)
04-23 22:53:24.805: E/Finsky(15520): at android.os.Looper.loop(Looper.java:135)
04-23 22:53:24.805: E/Finsky(15520): at android.app.ActivityThread.main(ActivityThread.java:5538)
04-23 22:53:24.805: E/Finsky(15520): at java.lang.reflect.Method.invoke(Native Method)
04-23 22:53:24.805: E/Finsky(15520): at java.lang.reflect.Method.invoke(Method.java:372)
04-23 22:53:24.805: E/Finsky(15520): at com.android.internal.os.ZygoteInit$MethodAndArgsCaller.run(ZygoteInit.java:960)
04-23 22:53:24.805: E/Finsky(15520): at com.android.internal.os.ZygoteInit.main(ZygoteInit.java:755)
04-23 22:53:24.805: E/Finsky(15520): [1] lcg.a(2): BulkPrefetch request failed: network time: 102, HTTP status code: na, exception com.android.volley.NoConnectionError: org.chromium.net.impl.NetworkExceptionImpl: Exception in CronetUrlRequest: net::ERR_ADDRESS_UNREACHABLE, ErrorCode=9, InternalErrorCode=-109, Retryable=false
04-23 22:53:24.805: E/Finsky(15520): [1] lde.a(4): Entries in batch 0 fetch failed: network time: 102, HTTP status code: na, exception com.android.volley.NoConnectionError: org.chromium.net.impl.NetworkExceptionImpl: Exception in CronetUrlRequest: net::ERR_ADDRESS_UNREACHABLE, ErrorCode=9, InternalErrorCode=-109, Retryable=false
04-23 22:53:24.815: I/PG Utils(15282): acquire_providerpkg:[com.google.android.gsf] pid:[] maybe timeout , send to PG
04-23 22:53:24.825: I/Finsky(15520): [1] tsg.a(16): SCH: jobFinished: 34-2. TimeElapsed: 214ms.
04-23 22:53:24.825: I/Finsky(15520): [1] tqw.a(41): SCH: Job 34-2 finished. Rescheduling.
04-23 22:53:24.825: I/Finsky(15520): [1] tqv.handleMessage(63): SCH: RunningQueue size: 0, PendingQueue size: 0
04-23 22:53:24.825: I/Finsky(15520): [1] tqv.handleMessage(29): Executor finished
04-23 22:53:24.855: I/Finsky(15520): [1] ttj.a(7): SCH: Jobs in database: 1-1337 12-1 19-9999 24-77777777 26-1414141414 31-305419896 34-1 34-2
04-23 22:53:24.925: I/art(15209): Background sticky concurrent mark sweep GC freed 266604(13MB) AllocSpace objects, 45(1332KB) LOS objects, 18% free, 35MB/43MB, paused 1.737ms total 146.632ms
04-23 22:53:24.955: I/PG Utils(15282): acquire_providerpkg:[com.google.android.gsf] pid:[] maybe timeout , send to PG
04-23 22:53:24.965: I/Finsky(15520): [1] toy.a(5): Scheduling wakeup in 1568650 (absolute: 2056426)
04-23 22:53:25.025: I/ActivityManager(2958): filter receiver for action = com.google.android.gms.phenotype.COMMITTED
04-23 22:53:25.025: I/HwSystemManager(3669): BgPowerManagerService:onProcessDied uid = 10085
04-23 22:53:25.025: I/HwSystemManager(3669): HoldService:uid:10085 pid:19456 died
04-23 22:53:25.025: I/HwSystemManager(3669): HoldService:oldVersionKey:10085,19456
04-23 22:53:25.025: E/HsmCoreServiceImpl(2958): onTransact in code is: 102
04-23 22:53:25.025: I/MediaProcessHandler(2958): processOp opType: 1, uid: 10085, pid: 19456
04-23 22:53:25.025: W/MediaProcessHandler(2958): remove target not exist, maybe the UI process: uid: 10085, pid: 19456
04-23 22:53:25.045: I/PG Utils(15282): acquire_providerpkg:[com.google.android.gsf] pid:[] maybe timeout , send to PG
04-23 22:53:25.055: I/PG Utils(15282): acquire_providerpkg:[com.google.android.gsf] pid:[] maybe timeout , send to PG
04-23 22:53:25.055: I/PG Utils(15282): acquire_providerpkg:[com.google.android.gsf] pid:[] maybe timeout , send to PG
04-23 22:53:25.065: I/PG Utils(15282): acquire_providerpkg:[com.google.android.gsf] pid:[] maybe timeout , send to PG
04-23 22:53:25.075: I/PG Utils(15282): acquire_providerpkg:[com.google.android.gsf] pid:[] maybe timeout , send to PG
04-23 22:53:25.085: I/PG Utils(15282): acquire_providerpkg:[com.google.android.gsf] pid:[] maybe timeout , send to PG
04-23 22:53:25.095: I/PG Utils(15282): acquire_providerpkg:[com.google.android.gsf] pid:[] maybe timeout , send to PG
04-23 22:53:25.135: E/art(15209): invalid stream - problem with parameter iterator in /data/data/com.google.android.gms/code_cache/secondary-dexes/base.apk.classes2.zip for method void fca.c(java.lang.String, java.lang.String, java.lang.Object[])
04-23 22:53:25.135: W/NetRec(15209): [1014] ConfigChangedIntentOperation.onHandleIntent: Device does not support scoring, exiting
04-23 22:53:25.135: I/PTCommittedOperation(15209): Receive new configuration for com.google.android.gms.people
04-23 22:53:25.145: I/Auth(15209): [AuthManaged,PasswordComplexityHelperImpl] Updating password complexity components state.
04-23 22:53:25.145: I/Auth(15209): [AuthManaged,PasswordComplexityHelperImpl] Disabling com.google.android.gms.auth.managed.admin.DeviceAdminReceiver
04-23 22:53:25.145: I/Auth(15209): [AuthManaged,PasswordComplexityHelperImpl] Disabling com.google.android.gms.auth.managed.ui.SetNewPasswordActivity
04-23 22:53:25.195: I/ActivityManager(2958): filter receiver for action = com.google.android.gms.phenotype.COMMITTED
04-23 22:53:25.245: I/wpa_supplicant(3188): set current WIFI status to BT!
04-23 22:53:25.245: E/WifiMonitor(2958): WifiMonitor:wlan0 cnt=62 dispatchEvent: CTRL-EVENT-SCAN-RESULTS
04-23 22:53:25.245: E/WifiMonitor(2958): handleEvent 4 CTRL-EVENT-SCAN-RESULTS
04-23 22:53:25.255: E/WifiStateMachine(2958): DisconnectedState !SCAN_RESULTS_EVENT 0 0 found=1 known=1 got=1 bcn=0
04-23 22:53:25.255: E/WifiStateMachine(2958): ConnectModeState !SCAN_RESULTS_EVENT 0 0 found=1 known=1 got=1 bcn=0
04-23 22:53:25.255: E/WifiStateMachine(2958): DriverStartedState !SCAN_RESULTS_EVENT 0 0 found=1 known=1 got=1 bcn=0
04-23 22:53:25.255: E/WifiStateMachine(2958): SupplicantStartedState !SCAN_RESULTS_EVENT 0 0 found=1 known=1 got=1 bcn=0
04-23 22:53:25.255: E/WifiStateMachine(2958): [1.587.707.605.267 ms] noteScanEnd no scan source
04-23 22:53:25.255: E/WifiStateMachine(2958): wifi setScanResults statecom.android.server.wifi.WifiStateMachine$DisconnectedState@5d2b19f sup_state=SCANNING debouncing=false
04-23 22:53:25.255: E/WifiAutoJoinController(2958): wl-ftl-mt03-1-24 44:48:c1:91:9d:e0 rssi=-52 cap [WPA2-PSK-CCMP][ESS] is not scored
04-23 22:53:25.255: E/WifiAutoJoinController(2958): ageScanResultsOut delay 40000 size 1 now 1587707605268
04-23 22:53:25.255: E/WifiAutoJoinController(2958): newSupplicantResults size=1 known=1 true
04-23 22:53:25.255: E/WifiAutoJoinController(2958): attemptAutoJoin() status=wpa_state=SCANNING
04-23 22:53:25.255: E/WifiAutoJoinController(2958): p2p_device_address=a4:ca:a0:74:74:55
04-23 22:53:25.255: E/WifiAutoJoinController(2958): address=a4:ca:a0:74:74:55
04-23 22:53:25.255: E/WifiAutoJoinController(2958): uuid=3cc43158-c182-52d6-bf40-bf51e1495a44 split=4
04-23 22:53:25.255: E/WifiAutoJoinController(2958): attemptAutoJoin() num recent config 1 last="wl-ftl-mt03-1-24"WPA_PSK ---> suppNetId=-1
04-23 22:53:25.255: E/WifiAutoJoinController(2958): attemptAutoJoin good candidate seen, bumped hard -> status=0 "wl-ftl-mt03-1-24"WPA_PSK rssi=(-52,-127) num=(1,0)
04-23 22:53:25.255: E/WifiAutoJoinController(2958): attemptAutoJoin trying id=0 "wl-ftl-mt03-1-24"WPA_PSK status=0
04-23 22:53:25.255: E/WifiAutoJoinController(2958): look up all configurations network done, candidate = "wl-ftl-mt03-1-24"
04-23 22:53:25.255: E/WifiAutoJoinController(2958): attemptAutoJoin networkSwitching candidate "wl-ftl-mt03-1-24"WPA_PSK linked=false : delta=1000
04-23 22:53:25.255: E/WifiStateMachine(2958): WifiStateMachine shouldSwitchNetwork txSuccessRate=0,00 rxSuccessRate=0,00 delta 1000 -> 1000
04-23 22:53:25.255: E/WifiAutoJoinController(2958): AutoJoin auto connect with netId 0 to "wl-ftl-mt03-1-24"WPA_PSK
04-23 22:53:25.255: E/WifiAutoJoinController(2958): Done attemptAutoJoin status=3
04-23 22:53:25.255: I/ActivityManager(2958): filter receiver for action = android.net.wifi.SCAN_RESULTS
04-23 22:53:25.255: I/System.out(3533): BitString length 17
04-23 22:53:25.255: I/System.out(3533): MAC Address44:48:c1:91:9d:e0
04-23 22:53:25.265: E/WifiStateMachine(2958): DisconnectedState !CMD_AUTO_CONNECT 0 3 "wl-ftl-mt03-1-24"WPA_PSK [1 ,-52 ;0 ,-127] any roam=0 rt=488072
04-23 22:53:25.265: E/WifiStateMachine(2958): ConnectModeState !CMD_AUTO_CONNECT 0 3 "wl-ftl-mt03-1-24"WPA_PSK [1 ,-52 ;0 ,-127] any roam=0 rt=488076
04-23 22:53:25.265: E/WifiStateMachine(2958): CMD_AUTO_CONNECT sup state ScanState my state DisconnectedState nid=0 roam=3
04-23 22:53:25.275: E/PhoneInterfaceManager(3510): [PhoneIntfMgr] getIccId: No UICC
04-23 22:53:25.275: I/art(2958): Can not find class: Lcom/huawei/android/server/wifi/HwCustWifiConfigStoreImpl;
04-23 22:53:25.275: E/WifiStateMachine(2958): CMD_AUTO_CONNECT will save config -> "wl-ftl-mt03-1-24" nid=0
04-23 22:53:25.275: I/SUPL20_LocMan(3533): Phone type:GSM
04-23 22:53:25.275: I/SUPL20_LocMan(3533): NULL Value received for network operator
04-23 22:53:25.275: I/SUPL20_LocMan(3533): cellInfo NetworkType:NOT RETERIVE,21
04-23 22:53:25.285: I/SUPL20_SPIMESLP-SENDING(3533): m_bPacket.length 119
04-23 22:53:25.285: I/SUPL20_SPIMESLP-SENDING(3533): bBrokenPipe = false
04-23 22:53:25.285: I/HwSystemManager(3669): BgPowerManagerService:BgPowerManagerSerivce plugged =2 currentThreshold = 8 mRawLevel = 86mLastRawLevel86
04-23 22:53:25.285: I/HwSystemManager(3669): BgPowerManagerService: mTimes = 121193 firstTime = 366900 firstmBatteryCapacity =1800
04-23 22:53:25.285: I/PG Utils(15209): acquire_providerpkg:[com.google.android.gsf] pid:[] maybe timeout , send to PG
04-23 22:53:25.295: E/art(15209): invalid stream - problem with parameter iterator in /data/data/com.google.android.gms/code_cache/secondary-dexes/base.apk.classes2.zip for method void fca.c(java.lang.String, java.lang.String, java.lang.Object[])
04-23 22:53:25.295: W/NetRec(15209): [997] ConfigChangedIntentOperation.onHandleIntent: Device does not support scoring, exiting
04-23 22:53:25.295: I/Auth(15209): [AuthManaged,PasswordComplexityHelperImpl] Updating password complexity components state.
04-23 22:53:25.295: I/Auth(15209): [AuthManaged,PasswordComplexityHelperImpl] Disabling com.google.android.gms.auth.managed.admin.DeviceAdminReceiver
04-23 22:53:25.295: I/Auth(15209): [AuthManaged,PasswordComplexityHelperImpl] Disabling com.google.android.gms.auth.managed.ui.SetNewPasswordActivity
04-23 22:53:25.315: E/WifiConfigStore(2958): Setting BSSID for "wl-ftl-mt03-1-24"WPA_PSK to 44:48:c1:91:9d:e0
04-23 22:53:25.315: W/cgam(15282): [{0}] Failed to resolve name. status={1}
04-23 22:53:25.315: E/WifiConfigStore(2958): will read network variables netId=0
04-23 22:53:25.315: W/cgam(15282): [{0}] Failed to resolve name. status={1}
04-23 22:53:25.345: I/ActivityManager(2958): filter receiver for action = com.google.android.gms.phenotype.COMMITTED
04-23 22:53:25.345: E/art(15209): invalid stream - problem with parameter iterator in /data/data/com.google.android.gms/code_cache/secondary-dexes/base.apk.classes2.zip for method void fca.c(java.lang.String, java.lang.String, java.lang.Object[])
04-23 22:53:25.345: W/NetRec(15209): [1002] ConfigChangedIntentOperation.onHandleIntent: Device does not support scoring, exiting
04-23 22:53:25.345: I/Auth(15209): [AuthManaged,PasswordComplexityHelperImpl] Updating password complexity components state.
04-23 22:53:25.345: I/Auth(15209): [AuthManaged,PasswordComplexityHelperImpl] Disabling com.google.android.gms.auth.managed.admin.DeviceAdminReceiver
04-23 22:53:25.345: I/Auth(15209): [AuthManaged,PasswordComplexityHelperImpl] Disabling com.google.android.gms.auth.managed.ui.SetNewPasswordActivity
04-23 22:53:25.345: E/WifiStateMachine(2958): CMD_AUTO_CONNECT did save config -> nid=0
04-23 22:53:25.345: E/WifiNative:(2958): [488.158.354 us] enableNetwork nid=0 disableOthers=false stack:logDbg - enableNetwork - enableNetworkWithoutBroadcast - processMessage - processMsg
04-23 22:53:25.355: E/WifiConfigStore(2958): will read network variables netId=0
04-23 22:53:25.375: E/WifiNative:(2958): [488.185.322 us] enableNetwork nid=0 disableOthers=true stack:logDbg - enableNetwork - enableNetworkWithoutBroadcast - selectNetwork - processMessage
04-23 22:53:25.375: E/WifiMonitor(2958): WifiMonitor:wlan0 cnt=63 dispatchEvent: Trying to associate with 44:48:c1:91:9d:e0 (SSID='wl-ftl-mt03-1-24' freq=2412 MHz)
04-23 22:53:25.375: I/wpa_supplicant(3188): Trying to associate with 44:**:**:**:9d:e0 (SSID='wl-ftl-mt03-1-24' freq=2412 MHz)
04-23 22:53:25.375: W/wpa_supplicant(3188): check_associate_result func start
04-23 22:53:25.375: E/WifiNative:(2958): [488.188.444 us] RECONNECT stack:logDbg - reconnect - processMessage - processMsg - handleMessage
04-23 22:53:25.375: E/WifiMonitor(2958): WifiMonitor:wlan0 cnt=64 dispatchEvent: CTRL-EVENT-STATE-CHANGE id=0 state=5 BSSID=00:00:00:00:00:00 SSID=wl-ftl-mt03-1-24
04-23 22:53:25.385: I/wpa_supplicant(3188): set current WIFI status to BT!
04-23 22:53:25.385: E/WifiConfigStore(2958): setLastSelectedConfiguration -1
04-23 22:53:25.385: E/WifiStateMachine(2958): DisconnectedState !CMD_TARGET_BSSID 63 0 BSSID=44:48:c1:91:9d:e0 Target=44:48:c1:91:9d:e0 roam=3 rt=488196
04-23 22:53:25.385: E/WifiStateMachine(2958): ConnectModeState !CMD_TARGET_BSSID 63 0 BSSID=44:48:c1:91:9d:e0 Target=44:48:c1:91:9d:e0 roam=3 rt=488197
04-23 22:53:25.385: E/WifiStateMachine(2958): DriverStartedState !CMD_TARGET_BSSID 63 0 BSSID=44:48:c1:91:9d:e0 Target=44:48:c1:91:9d:e0 roam=3 rt=488197
04-23 22:53:25.385: E/WifiStateMachine(2958): SupplicantStartedState !CMD_TARGET_BSSID 63 0 BSSID=44:48:c1:91:9d:e0 Target=44:48:c1:91:9d:e0 roam=3 rt=488197
04-23 22:53:25.385: E/WifiStateMachine(2958): DisconnectedState !SUPPLICANT_STATE_CHANGE_EVENT 64 0 rt=488198 SSID: wl-ftl-mt03-1-24 BSSID: 00:00:00:00:00:00 nid: 0 state: ASSOCIATING
04-23 22:53:25.385: E/WifiStateMachine(2958): SUPPLICANT_STATE_CHANGE_EVENT state=ASSOCIATING -> state= CONNECTING debouncing=false
04-23 22:53:25.385: I/ActivityManager(2958): filter receiver for action = android.net.wifi.STATE_CHANGE
04-23 22:53:25.385: I/ActivityManager(2958): filter receiver for action = android.net.wifi.STATE_CHANGE
04-23 22:53:25.395: E/WifiStateMachine(2958): ConnectModeState !SUPPLICANT_STATE_CHANGE_EVENT 64 0 rt=488200 SSID: wl-ftl-mt03-1-24 BSSID: 00:00:00:00:00:00 nid: 0 state: ASSOCIATING
04-23 22:53:25.395: I/ActivityManager(2958): filter receiver for action = android.net.wifi.supplicant.STATE_CHANGE
04-23 22:53:25.405: I/ActivityManager(2958): filter receiver for action = com.google.android.gms.phenotype.COMMITTED
04-23 22:53:25.405: I/NetworkSpeedManagerEx(3174): receive:android.net.wifi.STATE_CHANGE
04-23 22:53:25.405: I/NetworkSpeedManagerEx(3174): wifiManager = android.net.wifi.WifiManager@f8df045
04-23 22:53:25.405: I/NetworkSpeedManagerEx(3174): mIsNetworkSpeedEnabled = false, mIsAirplaneMode = false, mIsWifiConnected = false, mIsHasIccCard = false, mIsDataSwitchEnabled = true
04-23 22:53:25.405: I/NetworkSpeedManagerEx(3174): stop
04-23 22:53:25.405: E/art(15209): invalid stream - problem with parameter iterator in /data/data/com.google.android.gms/code_cache/secondary-dexes/base.apk.classes2.zip for method void fca.c(java.lang.String, java.lang.String, java.lang.Object[])
04-23 22:53:25.405: W/NetRec(15209): [1001] ConfigChangedIntentOperation.onHandleIntent: Device does not support scoring, exiting
04-23 22:53:25.405: I/Auth(15209): [AuthManaged,PasswordComplexityHelperImpl] Updating password complexity components state.
04-23 22:53:25.405: I/Auth(15209): [AuthManaged,PasswordComplexityHelperImpl] Disabling com.google.android.gms.auth.managed.admin.DeviceAdminReceiver
04-23 22:53:25.405: I/Auth(15209): [AuthManaged,PasswordComplexityHelperImpl] Disabling com.google.android.gms.auth.managed.ui.SetNewPasswordActivity
04-23 22:53:25.415: I/NetworkSpeedManagerEx(3174): receive:android.net.wifi.STATE_CHANGE
04-23 22:53:25.415: I/NetworkSpeedManagerEx(3174): wifiManager = android.net.wifi.WifiManager@f8df045
04-23 22:53:25.415: I/NetworkSpeedManagerEx(3174): mIsNetworkSpeedEnabled = false, mIsAirplaneMode = false, mIsWifiConnected = false, mIsHasIccCard = false, mIsDataSwitchEnabled = true
04-23 22:53:25.415: I/NetworkSpeedManagerEx(3174): stop
04-23 22:53:25.415: I/WifiTracker(3174): STATE =1
04-23 22:53:25.415: I/WifiTracker(3174): STATE =1
04-23 22:53:25.515: I/ActivityManager(2958): filter receiver for action = com.google.android.gms.phenotype.COMMITTED
04-23 22:53:25.525: E/art(15209): invalid stream - problem with parameter iterator in /data/data/com.google.android.gms/code_cache/secondary-dexes/base.apk.classes2.zip for method void fca.c(java.lang.String, java.lang.String, java.lang.Object[])
04-23 22:53:25.525: W/NetRec(15209): [1014] ConfigChangedIntentOperation.onHandleIntent: Device does not support scoring, exiting
04-23 22:53:25.525: I/Auth(15209): [AuthManaged,PasswordComplexityHelperImpl] Updating password complexity components state.
04-23 22:53:25.525: I/Auth(15209): [AuthManaged,PasswordComplexityHelperImpl] Disabling com.google.android.gms.auth.managed.admin.DeviceAdminReceiver
04-23 22:53:25.525: I/Auth(15209): [AuthManaged,PasswordComplexityHelperImpl] Disabling com.google.android.gms.auth.managed.ui.SetNewPasswordActivity
04-23 22:53:25.565: I/Finsky(15520): [224] jxw.run(3): Stats for Executor: BlockingExecutor jzt@3d331b4[Running, pool size = 2, active threads = 0, queued tasks = 0, completed tasks = 33]
04-23 22:53:25.565: I/Finsky(15520): [224] jxw.run(3): Stats for Executor: LightweightExecutor jzt@1f4931dd[Running, pool size = 4, active threads = 0, queued tasks = 0, completed tasks = 96]
04-23 22:53:25.585: I/ActivityManager(2958): filter receiver for action = com.google.android.gms.phenotype.COMMITTED
04-23 22:53:25.585: E/art(15209): invalid stream - problem with parameter iterator in /data/data/com.google.android.gms/code_cache/secondary-dexes/base.apk.classes2.zip for method void fca.c(java.lang.String, java.lang.String, java.lang.Object[])
04-23 22:53:25.585: W/NetRec(15209): [1014] ConfigChangedIntentOperation.onHandleIntent: Device does not support scoring, exiting
04-23 22:53:25.585: I/Auth(15209): [AuthManaged,PasswordComplexityHelperImpl] Updating password complexity components state.
04-23 22:53:25.585: I/Auth(15209): [AuthManaged,PasswordComplexityHelperImpl] Disabling com.google.android.gms.auth.managed.admin.DeviceAdminReceiver
04-23 22:53:25.585: W/cgam(15282): [{0}] Failed to resolve name. status={1}
04-23 22:53:25.585: I/Auth(15209): [AuthManaged,PasswordComplexityHelperImpl] Disabling com.google.android.gms.auth.managed.ui.SetNewPasswordActivity
04-23 22:53:25.645: I/ActivityManager(2958): filter receiver for action = com.google.android.gms.phenotype.COMMITTED
04-23 22:53:25.645: E/art(15209): invalid stream - problem with parameter iterator in /data/data/com.google.android.gms/code_cache/secondary-dexes/base.apk.classes2.zip for method void fca.c(java.lang.String, java.lang.String, java.lang.Object[])
04-23 22:53:25.655: W/NetRec(15209): [1002] ConfigChangedIntentOperation.onHandleIntent: Device does not support scoring, exiting
04-23 22:53:25.655: I/Auth(15209): [AuthManaged,PasswordComplexityHelperImpl] Updating password complexity components state.
04-23 22:53:25.655: I/Auth(15209): [AuthManaged,PasswordComplexityHelperImpl] Disabling com.google.android.gms.auth.managed.admin.DeviceAdminReceiver
04-23 22:53:25.665: I/Auth(15209): [AuthManaged,PasswordComplexityHelperImpl] Disabling com.google.android.gms.auth.managed.ui.SetNewPasswordActivity
04-23 22:53:25.665: I/wpa_supplicant(3188): wlan0: HEART-BEAT-ACK: 30
04-23 22:53:25.665: E/WifiMonitor(2958): WifiMonitor:wlan0 cnt=65 dispatchEvent: HEART-BEAT-ACK: 30
04-23 22:53:25.665: E/WifiStateMachine(2958): DisconnectedState !what:147506 0 0
04-23 22:53:25.665: E/WifiStateMachine(2958): ConnectModeState !what:147506 0 0
04-23 22:53:25.665: E/WifiStateMachine(2958): DriverStartedState !what:147506 0 0
04-23 22:53:25.665: E/WifiStateMachine(2958): SupplicantStartedState !what:147506 0 0
04-23 22:53:25.665: E/WifiStateMachine(2958): DisconnectedState !CMD_RSSI_POLL 1 0 "wl-ftl-mt03-1-24" 00:00:00:00:00:00 rssi=-127 f=-1 sc=0 link=-1 tx=0,0, 0,0, 0,0 rx=0,0 bcn=0 [on:0 tx:0 rx:0 period:1809] from screen [on:0 period:-1430293838] gl u24 rssi=-127 ag=0 br lr ticks 1,0,0 ls-=0 [56,56,60,58,58] brc=1 lrc=0
04-23 22:53:25.665: E/WifiStateMachine(2958): ConnectModeState !CMD_RSSI_POLL 1 0 "wl-ftl-mt03-1-24" 00:00:00:00:00:00 rssi=-127 f=-1 sc=0 link=-1 tx=0,0, 0,0, 0,0 rx=0,0 bcn=0 [on:0 tx:0 rx:0 period:1] from screen [on:0 period:-1430293837] gl u24 rssi=-127 ag=0 br lr ticks 1,0,0 ls-=0 [56,56,60,58,58] brc=1 lrc=0
04-23 22:53:25.665: E/WifiStateMachine(2958): DriverStartedState !CMD_RSSI_POLL 1 0 "wl-ftl-mt03-1-24" 00:00:00:00:00:00 rssi=-127 f=-1 sc=0 link=-1 tx=0,0, 0,0, 0,0 rx=0,0 bcn=0 [on:0 tx:0 rx:0 period:1] from screen [on:0 period:-1430293836] gl u24 rssi=-127 ag=0 br lr ticks 1,0,0 ls-=0 [56,56,60,58,58] brc=1 lrc=0
04-23 22:53:25.665: E/WifiStateMachine(2958): SupplicantStartedState !CMD_RSSI_POLL 1 0 "wl-ftl-mt03-1-24" 00:00:00:00:00:00 rssi=-127 f=-1 sc=0 link=-1 tx=0,0, 0,0, 0,0 rx=0,0 bcn=0 [on:0 tx:0 rx:0 period:1] from screen [on:0 period:-1430293835] gl u24 rssi=-127 ag=0 br lr ticks 1,0,0 ls-=0 [56,56,60,58,58] brc=1 lrc=0
04-23 22:53:25.675: E/WifiStateMachine(2958): DefaultState !CMD_RSSI_POLL 1 0 "wl-ftl-mt03-1-24" 00:00:00:00:00:00 rssi=-127 f=-1 sc=0 link=-1 tx=0,0, 0,0, 0,0 rx=0,0 bcn=0 [on:0 tx:0 rx:0 period:1] from screen [on:0 period:-1430293834] gl u24 rssi=-127 ag=0 br lr ticks 1,0,0 ls-=0 [56,56,60,58,58] brc=1 lrc=0
04-23 22:53:25.695: I/ActivityManager(2958): filter receiver for action = com.google.android.gms.phenotype.COMMITTED
04-23 22:53:25.695: E/art(15209): invalid stream - problem with parameter iterator in /data/data/com.google.android.gms/code_cache/secondary-dexes/base.apk.classes2.zip for method void fca.c(java.lang.String, java.lang.String, java.lang.Object[])
04-23 22:53:25.695: W/NetRec(15209): [997] ConfigChangedIntentOperation.onHandleIntent: Device does not support scoring, exiting
04-23 22:53:25.695: I/Auth(15209): [AuthManaged,PasswordComplexityHelperImpl] Updating password complexity components state.
04-23 22:53:25.695: I/Auth(15209): [AuthManaged,PasswordComplexityHelperImpl] Disabling com.google.android.gms.auth.managed.admin.DeviceAdminReceiver
04-23 22:53:25.695: I/Auth(15209): [AuthManaged,PasswordComplexityHelperImpl] Disabling com.google.android.gms.auth.managed.ui.SetNewPasswordActivity
04-23 22:53:25.735: W/wpa_supplicant(3188): check_associate_result func start
04-23 22:53:25.735: I/wpa_supplicant(3188): wlan0: Associated with 44:48:c1:91:9d:e0
04-23 22:53:25.735: E/WifiMonitor(2958): WifiMonitor:wlan0 cnt=66 dispatchEvent: CTRL-EVENT-STATE-CHANGE id=0 state=6 BSSID=00:00:00:00:00:00 SSID=wl-ftl-mt03-1-24
04-23 22:53:25.735: E/WifiMonitor(2958): WifiMonitor:wlan0 cnt=67 dispatchEvent: Associated with 44:48:c1:91:9d:e0
04-23 22:53:25.735: E/WifiStateMachine(2958): DisconnectedState !SUPPLICANT_STATE_CHANGE_EVENT 66 0 rt=488545 SSID: wl-ftl-mt03-1-24 BSSID: 00:00:00:00:00:00 nid: 0 state: ASSOCIATED
04-23 22:53:25.735: E/WifiStateMachine(2958): SUPPLICANT_STATE_CHANGE_EVENT state=ASSOCIATED -> state= CONNECTING debouncing=false
04-23 22:53:25.735: I/ActivityManager(2958): filter receiver for action = android.net.wifi.STATE_CHANGE
04-23 22:53:25.735: E/WifiStateMachine(2958): ConnectModeState !SUPPLICANT_STATE_CHANGE_EVENT 66 0 rt=488547 SSID: wl-ftl-mt03-1-24 BSSID: 00:00:00:00:00:00 nid: 0 state: ASSOCIATED
04-23 22:53:25.745: W/wpa_supplicant(3188): check_associate_result func start
04-23 22:53:25.745: E/WifiStateMachine(2958): fetchRssiLinkSpeedAndFrequencyNative rssi=-52 linkspeed=72 SSID="wl-ftl-mt03-1-24"
04-23 22:53:25.745: E/WifiMonitor(2958): WifiMonitor:wlan0 cnt=68 dispatchEvent: CTRL-EVENT-STATE-CHANGE id=0 state=7 BSSID=44:48:c1:91:9d:e0 SSID=wl-ftl-mt03-1-24
04-23 22:53:25.745: E/WifiStateMachine(2958): DisconnectedState !CMD_ASSOCIATED_BSSID 67 0 BSSID=44:48:c1:91:9d:e0 Target=44:48:c1:91:9d:e0 roam=3 rt=488555
04-23 22:53:25.745: E/WifiStateMachine(2958): ConnectModeState !CMD_ASSOCIATED_BSSID 67 0 BSSID=44:48:c1:91:9d:e0 Target=44:48:c1:91:9d:e0 roam=3 rt=488555
04-23 22:53:25.745: E/WifiStateMachine(2958): DriverStartedState !CMD_ASSOCIATED_BSSID 67 0 BSSID=44:48:c1:91:9d:e0 Target=44:48:c1:91:9d:e0 roam=3 rt=488556
04-23 22:53:25.745: E/WifiStateMachine(2958): SupplicantStartedState !CMD_ASSOCIATED_BSSID 67 0 BSSID=44:48:c1:91:9d:e0 Target=44:48:c1:91:9d:e0 roam=3 rt=488556
04-23 22:53:25.745: E/WifiStateMachine(2958): DefaultState !CMD_ASSOCIATED_BSSID 67 0 BSSID=44:48:c1:91:9d:e0 Target=44:48:c1:91:9d:e0 roam=3 rt=488556
04-23 22:53:25.745: I/ActivityManager(2958): filter receiver for action = android.net.wifi.supplicant.STATE_CHANGE
04-23 22:53:25.745: E/WifiStateMachine(2958): DisconnectedState !SUPPLICANT_STATE_CHANGE_EVENT 68 0 rt=488558 SSID: wl-ftl-mt03-1-24 BSSID: 44:48:c1:91:9d:e0 nid: 0 state: FOUR_WAY_HANDSHAKE
04-23 22:53:25.745: E/WifiStateMachine(2958): SUPPLICANT_STATE_CHANGE_EVENT state=FOUR_WAY_HANDSHAKE -> state= AUTHENTICATING debouncing=false
04-23 22:53:25.745: I/NetworkSpeedManagerEx(3174): receive:android.net.wifi.STATE_CHANGE
04-23 22:53:25.745: I/NetworkSpeedManagerEx(3174): wifiManager = android.net.wifi.WifiManager@f8df045
04-23 22:53:25.745: I/ActivityManager(2958): filter receiver for action = android.net.wifi.STATE_CHANGE
04-23 22:53:25.755: E/WifiStateMachine(2958): ConnectModeState !SUPPLICANT_STATE_CHANGE_EVENT 68 0 rt=488559 SSID: wl-ftl-mt03-1-24 BSSID: 44:48:c1:91:9d:e0 nid: 0 state: FOUR_WAY_HANDSHAKE
04-23 22:53:25.755: W/wpa_supplicant(3188): check_associate_result func start
04-23 22:53:25.755: I/NetworkSpeedManagerEx(3174): mIsNetworkSpeedEnabled = false, mIsAirplaneMode = false, mIsWifiConnected = false, mIsHasIccCard = false, mIsDataSwitchEnabled = true
04-23 22:53:25.755: I/NetworkSpeedManagerEx(3174): stop
04-23 22:53:25.755: W/wpa_supplicant(3188): check_associate_result func start
04-23 22:53:25.755: I/ActivityManager(2958): filter receiver for action = android.net.wifi.supplicant.STATE_CHANGE
04-23 22:53:25.755: E/WifiMonitor(2958): WifiMonitor:wlan0 cnt=69 dispatchEvent: CTRL-EVENT-STATE-CHANGE id=0 state=8 BSSID=44:48:c1:91:9d:e0 SSID=wl-ftl-mt03-1-24
04-23 22:53:25.755: E/WifiStateMachine(2958): DisconnectedState !SUPPLICANT_STATE_CHANGE_EVENT 69 0 rt=488567 SSID: wl-ftl-mt03-1-24 BSSID: 44:48:c1:91:9d:e0 nid: 0 state: GROUP_HANDSHAKE
04-23 22:53:25.755: I/ActivityManager(2958): filter receiver for action = com.google.android.gms.phenotype.COMMITTED
04-23 22:53:25.755: W/ArpVerifier(2958): ignore msg MSG_CHECK_WIFI_STATE, msg token = 5, expected token = 7
04-23 22:53:25.765: I/WifiTracker(3174): STATE =1
04-23 22:53:25.765: E/art(15209): invalid stream - problem with parameter iterator in /data/data/com.google.android.gms/code_cache/secondary-dexes/base.apk.classes2.zip for method void fca.c(java.lang.String, java.lang.String, java.lang.Object[])
04-23 22:53:25.765: W/NetRec(15209): [1014] ConfigChangedIntentOperation.onHandleIntent: Device does not support scoring, exiting
04-23 22:53:25.765: E/WifiStateMachine(2958): SUPPLICANT_STATE_CHANGE_EVENT state=GROUP_HANDSHAKE -> state= AUTHENTICATING debouncing=false
04-23 22:53:25.765: I/Auth(15209): [AuthManaged,PasswordComplexityHelperImpl] Updating password complexity components state.
04-23 22:53:25.765: I/Auth(15209): [AuthManaged,PasswordComplexityHelperImpl] Disabling com.google.android.gms.auth.managed.admin.DeviceAdminReceiver
04-23 22:53:25.765: E/WifiMonitor(2958): WifiMonitor:wlan0 cnt=70 dispatchEvent: WPA: Key negotiation completed with 44:48:c1:91:9d:e0 [PTK=CCMP GTK=CCMP]
04-23 22:53:25.765: W/WifiMonitor(2958): couldn't identify event type - WPA: Key negotiation completed with 44:48:c1:91:9d:e0 [PTK=CCMP GTK=CCMP]
04-23 22:53:25.765: I/wpa_supplicant(3188): WPA: Key negotiation completed with 44:**:**:**:9d:e0 [PTK=CCMP GTK=CCMP]
04-23 22:53:25.765: I/wpa_supplicant(3188): set current WIFI status to BT!
04-23 22:53:25.765: I/wpa_supplicant(3188): set current WIFI status to BT!
04-23 22:53:25.765: I/Auth(15209): [AuthManaged,PasswordComplexityHelperImpl] Disabling com.google.android.gms.auth.managed.ui.SetNewPasswordActivity
04-23 22:53:25.765: E/WifiMonitor(2958): WifiMonitor:wlan0 cnt=71 dispatchEvent: CTRL-EVENT-CONNECTED - Connection to 44:48:c1:91:9d:e0 completed (auth) [id=0 id_str=]
04-23 22:53:25.765: E/WifiMonitor(2958): handleEvent 1 Connection to 44:48:c1:91:9d:e0 completed (auth) [id=0 id_str=]
04-23 22:53:25.765: E/WifiStateMachine(2958): ConnectModeState !SUPPLICANT_STATE_CHANGE_EVENT 69 0 rt=488578 SSID: wl-ftl-mt03-1-24 BSSID: 44:48:c1:91:9d:e0 nid: 0 state: GROUP_HANDSHAKE
04-23 22:53:25.765: I/wpa_supplicant(3188): CTRL-EVENT-CONNECTED - Connection to 44:**:**:**:9d:e0 completed (auth) [id=0 id_str=]
04-23 22:53:25.765: E/WifiStateMachine(2958): DisconnectedState !NETWORK_CONNECTION_EVENT 0 0 null nid=-1 rt=488579
04-23 22:53:25.775: W/wpa_supplicant(3188): check_associate_result func start
04-23 22:53:25.775: E/WifiStateMachine(2958): ConnectModeState !NETWORK_CONNECTION_EVENT 0 0 null nid=-1 rt=488581
04-23 22:53:25.775: E/WifiMonitor(2958): WifiMonitor:wlan0 cnt=72 dispatchEvent: CTRL-EVENT-STATE-CHANGE id=0 state=9 BSSID=44:48:c1:91:9d:e0 SSID=wl-ftl-mt03-1-24
04-23 22:53:25.775: I/NetworkSpeedManagerEx(3174): receive:android.net.wifi.STATE_CHANGE
04-23 22:53:25.775: I/NetworkSpeedManagerEx(3174): wifiManager = android.net.wifi.WifiManager@f8df045
04-23 22:53:25.775: I/ActivityManager(2958): filter receiver for action = android.net.wifi.STATE_CHANGE
04-23 22:53:25.775: W/System.err(2958): java.lang.NullPointerException: Attempt to invoke virtual method 'int com.huawei.lcagent.client.LogCollectManager.getUserType()' on a null object reference
04-23 22:53:25.775: I/NetworkSpeedManagerEx(3174): mIsNetworkSpeedEnabled = false, mIsAirplaneMode = false, mIsWifiConnected = false, mIsHasIccCard = false, mIsDataSwitchEnabled = true
04-23 22:53:25.775: I/NetworkSpeedManagerEx(3174): stop
04-23 22:53:25.775: W/System.err(2958): at com.huawei.android.server.wifi.ReportTool.getUserType(ReportTool.java:86)
04-23 22:53:25.775: W/System.err(2958): at com.huawei.android.server.wifi.ReportTool.isBetaUser(ReportTool.java:73)
04-23 22:53:25.775: W/System.err(2958): at com.huawei.android.server.wifi.ReportTool.report(ReportTool.java:58)
04-23 22:53:25.775: W/System.err(2958): at com.huawei.android.server.wifi.DataUploader.e(DataUploader.java:57)
04-23 22:53:25.775: W/System.err(2958): at com.android.server.wifi.WifiStateMachine$ConnectModeState.processMessage(WifiStateMachine.java:7299)
04-23 22:53:25.775: W/System.err(2958): at com.android.internal.util.StateMachine$SmHandler.processMsg(StateMachine.java:966)
04-23 22:53:25.775: W/System.err(2958): at com.android.internal.util.StateMachine$SmHandler.handleMessage(StateMachine.java:789)
04-23 22:53:25.775: W/System.err(2958): at android.os.Handler.dispatchMessage(Handler.java:102)
04-23 22:53:25.775: W/System.err(2958): at android.os.Looper.loop(Looper.java:135)
04-23 22:53:25.775: W/System.err(2958): at android.os.HandlerThread.run(HandlerThread.java:61)
04-23 22:53:25.775: E/ReportTools(2958): This is not beta user build
04-23 22:53:25.775: I/ActivityManager(2958): filter receiver for action = android.net.wifi.STATE_CHANGE
04-23 22:53:25.775: E/WifiStateMachine(2958): setScanAlarm false period 0 initial delay 0
04-23 22:53:25.785: I/WiFi_PRO(2958): obtaining wifi is conencted
04-23 22:53:25.785: I/ActivityManager(2958): filter receiver for action = android.net.wifi.STATE_CHANGE
04-23 22:53:25.785: I/WifiTracker(3174): STATE =1
04-23 22:53:25.785: I/WiFi_PRO(2958): obtaining wifi is conencted
04-23 22:53:25.795: E/WifiStateMachine(2958): L2ConnectedState 44:48:c1:91:9d:e0 config "wl-ftl-mt03-1-24"WPA_PSK config.bssid 44:48:c1:91:9d:e0
04-23 22:53:25.795: E/WifiStateMachine(2958): L2ConnectedState "wl-ftl-mt03-1-24" nid=0
04-23 22:53:25.795: E/WifiConfigStore(2958): saveWifiConfigBSSID Setting BSSID for "wl-ftl-mt03-1-24"WPA_PSK to any
04-23 22:53:25.795: I/NetworkSpeedManagerEx(3174): receive:android.net.wifi.STATE_CHANGE
04-23 22:53:25.795: I/NetworkSpeedManagerEx(3174): wifiManager = android.net.wifi.WifiManager@f8df045
04-23 22:53:25.795: I/NetworkSpeedManagerEx(3174): mIsNetworkSpeedEnabled = false, mIsAirplaneMode = false, mIsWifiConnected = false, mIsHasIccCard = false, mIsDataSwitchEnabled = true
04-23 22:53:25.795: I/NetworkSpeedManagerEx(3174): stop
04-23 22:53:25.805: I/NetworkSpeedManagerEx(3174): receive:android.net.wifi.STATE_CHANGE
04-23 22:53:25.805: I/NetworkSpeedManagerEx(3174): wifiManager = android.net.wifi.WifiManager@f8df045
04-23 22:53:25.805: I/NetworkSpeedManagerEx(3174): mIsNetworkSpeedEnabled = false, mIsAirplaneMode = false, mIsWifiConnected = false, mIsHasIccCard = false, mIsDataSwitchEnabled = true
04-23 22:53:25.805: I/NetworkSpeedManagerEx(3174): stop
04-23 22:53:25.805: E/WifiStateMachine(2958): ObtainingIpAddress 44:48:c1:91:9d:e0 config "wl-ftl-mt03-1-24"WPA_PSK config.bssid any
04-23 22:53:25.805: E/WifiStateMachine(2958): ObtainingIpAddress "wl-ftl-mt03-1-24" nid=0
04-23 22:53:25.805: E/WifiConfigStore(2958): saveWifiConfigBSSID Setting BSSID for "wl-ftl-mt03-1-24"WPA_PSK to any
04-23 22:53:25.815: I/NetworkSpeedManagerEx(3174): receive:android.net.wifi.STATE_CHANGE
04-23 22:53:25.815: I/NetworkSpeedManagerEx(3174): wifiManager = android.net.wifi.WifiManager@f8df045
04-23 22:53:25.815: I/NetworkSpeedManagerEx(3174): mIsNetworkSpeedEnabled = false, mIsAirplaneMode = false, mIsWifiConnected = false, mIsHasIccCard = false, mIsDataSwitchEnabled = true
04-23 22:53:25.815: I/NetworkSpeedManagerEx(3174): stop
04-23 22:53:25.815: I/WifiTracker(3174): STATE =1
04-23 22:53:25.825: I/WifiTracker(3174): STATE =1
04-23 22:53:25.825: E/WifiStateMachine(2958): Start Dhcp Watchdog 2
04-23 22:53:25.825: I/ActivityManager(2958): filter receiver for action = android.net.wifi.supplicant.STATE_CHANGE
04-23 22:53:25.835: E/WifiStateMachine(2958): ObtainingIpState !SUPPLICANT_STATE_CHANGE_EVENT 72 0 rt=488640 SSID: wl-ftl-mt03-1-24 BSSID: 44:48:c1:91:9d:e0 nid: 0 state: COMPLETED
04-23 22:53:25.835: E/WifiStateMachine(2958): L2ConnectedState !SUPPLICANT_STATE_CHANGE_EVENT 72 0 rt=488641 SSID: wl-ftl-mt03-1-24 BSSID: 44:48:c1:91:9d:e0 nid: 0 state: COMPLETED
04-23 22:53:25.835: E/WifiStateMachine(2958): ConnectModeState !SUPPLICANT_STATE_CHANGE_EVENT 72 0 rt=488641 SSID: wl-ftl-mt03-1-24 BSSID: 44:48:c1:91:9d:e0 nid: 0 state: COMPLETED
04-23 22:53:25.835: E/WifiStateMachine(2958): ObtainingIpState !CMD_RSSI_POLL 2 0 "wl-ftl-mt03-1-24" 44:48:c1:91:9d:e0 rssi=-52 f=2412 sc=0 link=72 tx=0,0, 0,0, 0,0 rx=0,0 bcn=0 [on:0 tx:0 rx:0 period:161] from screen [on:0 period:-1430293672] gl u24 rssi=-127 ag=0 br lr ticks 1,0,0 ls-=0 [56,56,60,58,58] brc=1 lrc=0
04-23 22:53:25.835: E/WifiStateMachine(2958): L2ConnectedState !CMD_RSSI_POLL 2 0 "wl-ftl-mt03-1-24" 44:48:c1:91:9d:e0 rssi=-52 f=2412 sc=0 link=72 tx=0,0, 0,0, 0,0 rx=0,0 bcn=0 [on:0 tx:0 rx:0 period:1] from screen [on:0 period:-1430293671] gl u24 rssi=-127 ag=0 br lr ticks 1,0,0 ls-=0 [56,56,60,58,58] brc=1 lrc=0
04-23 22:53:25.835: E/WifiStateMachine(2958): fetchRssiLinkSpeedAndFrequencyNative rssi=-52 linkspeed=72 SSID="wl-ftl-mt03-1-24"
04-23 22:53:25.835: E/WifiStateMachine(2958): calculateWifiScore freq=2412 speed=72 score=0 highRSSI -> txbadrate=0,00 txgoodrate=3106,00 txretriesrate=0,00 rxrate=13005,50 userTriggerdPenalty0
04-23 22:53:25.835: E/WifiStateMachine(2958): good link -> stuck count =0
04-23 22:53:25.835: E/WifiStateMachine(2958): badRSSI count0 lowRSSI count0 --> score 60
04-23 22:53:25.835: E/WifiStateMachine(2958): isHighRSSI ---> score=65
04-23 22:53:25.835: E/WifiStateMachine(2958): calculateWifiScore() report new score 100
04-23 22:53:25.835: E/WifiStateMachine(2958): ObtainingIpState !CMD_UPDATE_LINKPROPERTIES 0 0
04-23 22:53:25.835: E/WifiStateMachine(2958): L2ConnectedState !CMD_UPDATE_LINKPROPERTIES 0 0
04-23 22:53:25.835: E/WifiStateMachine(2958): ConnectModeState !CMD_UPDATE_LINKPROPERTIES 0 0
