04-23 22:53:08.385: W/ProxyAndroidLoggerBackend(15520): Too many Flogger logs received before configuration. Dropping old logs.
04-23 22:53:08.385: W/ProxyAndroidLoggerBackend(15520): Too many Flogger logs received before configuration. Dropping old logs.
04-23 22:53:08.385: W/ProxyAndroidLoggerBackend(15520): Too many Flogger logs received before configuration. Dropping old logs.
04-23 22:53:08.385: W/ProxyAndroidLoggerBackend(15520): Too many Flogger logs received before configuration. Dropping old logs.
04-23 22:53:08.385: W/ProxyAndroidLoggerBackend(15520): Too many Flogger logs received before configuration. Dropping old logs.
04-23 22:53:08.385: W/ProxyAndroidLoggerBackend(15520): Too many Flogger logs received before configuration. Dropping old logs.
04-23 22:53:08.385: I/YhdsEngine(18373): [EngineIntentService] Received: com.dianxinos.optimizer.engine.action.PKG_CHANGE
04-23 22:53:08.385: I/HwSystemManager(18373): DX-Optimizer:[PackageChangeReceiver] Received: android.intent.action.PACKAGE_ADDED, data: package:androidx.test.tools.crawler, replacing: false
04-23 22:53:08.385: W/ProxyAndroidLoggerBackend(15520): Too many Flogger logs received before configuration. Dropping old logs.
04-23 22:53:08.385: I/HwSystemManager(3669): HsmIntentService:destroyed. this:com.huawei.systemmanager.util.content.HsmIntentService_bg@170e6af4
04-23 22:53:08.385: W/ProxyAndroidLoggerBackend(15520): Too many Flogger logs received before configuration. Dropping old logs.
04-23 22:53:08.395: W/ProxyAndroidLoggerBackend(15520): Too many Flogger logs received before configuration. Dropping old logs.
04-23 22:53:08.395: W/ProxyAndroidLoggerBackend(15520): Too many Flogger logs received before configuration. Dropping old logs.
04-23 22:53:08.395: W/ProxyAndroidLoggerBackend(15520): Too many Flogger logs received before configuration. Dropping old logs.
04-23 22:53:08.395: W/ProxyAndroidLoggerBackend(15520): Too many Flogger logs received before configuration. Dropping old logs.
04-23 22:53:08.395: W/ProxyAndroidLoggerBackend(15520): Too many Flogger logs received before configuration. Dropping old logs.
04-23 22:53:08.395: W/ProxyAndroidLoggerBackend(15520): Too many Flogger logs received before configuration. Dropping old logs.
04-23 22:53:08.395: W/ProxyAndroidLoggerBackend(15520): Too many Flogger logs received before configuration. Dropping old logs.
04-23 22:53:08.395: W/ProxyAndroidLoggerBackend(15520): Too many Flogger logs received before configuration. Dropping old logs.
04-23 22:53:08.395: W/ProxyAndroidLoggerBackend(15520): Too many Flogger logs received before configuration. Dropping old logs.
04-23 22:53:08.405: W/ProxyAndroidLoggerBackend(15520): Too many Flogger logs received before configuration. Dropping old logs.
04-23 22:53:08.405: W/ProxyAndroidLoggerBackend(15520): Too many Flogger logs received before configuration. Dropping old logs.
04-23 22:53:08.405: W/ProxyAndroidLoggerBackend(15520): Too many Flogger logs received before configuration. Dropping old logs.
04-23 22:53:08.405: W/ProxyAndroidLoggerBackend(15520): Too many Flogger logs received before configuration. Dropping old logs.
04-23 22:53:08.405: W/ProxyAndroidLoggerBackend(15520): Too many Flogger logs received before configuration. Dropping old logs.
04-23 22:53:08.405: W/ProxyAndroidLoggerBackend(15520): Too many Flogger logs received before configuration. Dropping old logs.
04-23 22:53:08.405: W/ProxyAndroidLoggerBackend(15520): Too many Flogger logs received before configuration. Dropping old logs.
04-23 22:53:08.405: W/ProxyAndroidLoggerBackend(15520): Too many Flogger logs received before configuration. Dropping old logs.
04-23 22:53:08.405: W/ProxyAndroidLoggerBackend(15520): Too many Flogger logs received before configuration. Dropping old logs.
04-23 22:53:08.405: W/ProxyAndroidLoggerBackend(15520): Too many Flogger logs received before configuration. Dropping old logs.
04-23 22:53:08.405: I/HwSystemManager(18373): DX-Optimizer:[CommonIntentService] Received: com.dianxinos.optimizer.action.PKG_CHANGE
04-23 22:53:08.405: W/ProxyAndroidLoggerBackend(15520): Too many Flogger logs received before configuration. Dropping old logs.
04-23 22:53:08.405: I/HwSystemManager(18373): AppChangeReceiver:AppChangeReceiver: onReceive(), action = android.intent.action.PACKAGE_ADDED
04-23 22:53:08.415: I/HwSystemManager(3669): ProtectAppService:send unprotect list broadcast,unprotect list:[com.android.calculator2, com.android.hwmirror, com.zinio.android.settings, com.android.email, com.android.providers.downloads, com.android.musicvis, com.android.exchange, com.huawei.android.thememanager, com.android.browser, com.google.android.apps.mtaas.loginutil, com.google.android.apps.mtaas.tools, com.google.android.apps.auth.test.support, android.support.test.services, androidx.test.services, com.android.tradefed.utils.wifi, com.google.android.apps.mtaas.deviceadmin, com.google.android.apps.mtaas.updateutil, com.google.android.apps.mtaas.backdrop, android.support.test.orchestrator, androidx.test.orchestrator, androidx.test.tools.crawler.stubapp, com.google.android.apps.mtaas.testloop, com.google.android.gms.policy_test_support, com.google.android.gmscore.testing.testsupport, net.rpdev.opentodolist, androidx.test.tools.crawler]
04-23 22:53:08.415: W/ProxyAndroidLoggerBackend(15520): Too many Flogger logs received before configuration. Dropping old logs.
04-23 22:53:08.415: W/ProxyAndroidLoggerBackend(15520): Too many Flogger logs received before configuration. Dropping old logs.
04-23 22:53:08.415: W/ProxyAndroidLoggerBackend(15520): Too many Flogger logs received before configuration. Dropping old logs.
04-23 22:53:08.415: W/ProxyAndroidLoggerBackend(15520): Too many Flogger logs received before configuration. Dropping old logs.
04-23 22:53:08.415: W/ProxyAndroidLoggerBackend(15520): Too many Flogger logs received before configuration. Dropping old logs.
04-23 22:53:08.415: W/ProxyAndroidLoggerBackend(15520): Too many Flogger logs received before configuration. Dropping old logs.
04-23 22:53:08.415: W/ProxyAndroidLoggerBackend(15520): Too many Flogger logs received before configuration. Dropping old logs.
04-23 22:53:08.415: I/HwSystemManager(18373): AddViewAppManager:msg:0
04-23 22:53:08.425: W/ProxyAndroidLoggerBackend(15520): Too many Flogger logs received before configuration. Dropping old logs.
04-23 22:53:08.425: W/ProxyAndroidLoggerBackend(15520): Too many Flogger logs received before configuration. Dropping old logs.
04-23 22:53:08.425: W/ProxyAndroidLoggerBackend(15520): Too many Flogger logs received before configuration. Dropping old logs.
04-23 22:53:08.425: W/ProxyAndroidLoggerBackend(15520): Too many Flogger logs received before configuration. Dropping old logs.
04-23 22:53:08.425: W/ProxyAndroidLoggerBackend(15520): Too many Flogger logs received before configuration. Dropping old logs.
04-23 22:53:08.425: W/ProxyAndroidLoggerBackend(15520): Too many Flogger logs received before configuration. Dropping old logs.
04-23 22:53:08.425: W/ProxyAndroidLoggerBackend(15520): Too many Flogger logs received before configuration. Dropping old logs.
04-23 22:53:08.425: W/ProxyAndroidLoggerBackend(15520): Too many Flogger logs received before configuration. Dropping old logs.
04-23 22:53:08.435: W/ProxyAndroidLoggerBackend(15520): Too many Flogger logs received before configuration. Dropping old logs.
04-23 22:53:08.435: W/ProxyAndroidLoggerBackend(15520): Too many Flogger logs received before configuration. Dropping old logs.
04-23 22:53:08.435: W/ProxyAndroidLoggerBackend(15520): Too many Flogger logs received before configuration. Dropping old logs.
04-23 22:53:08.435: W/ProxyAndroidLoggerBackend(15520): Too many Flogger logs received before configuration. Dropping old logs.
04-23 22:53:08.435: W/ProxyAndroidLoggerBackend(15520): Too many Flogger logs received before configuration. Dropping old logs.
04-23 22:53:08.435: I/HwSystemManager(3669): TipsLifecycle:removeTipRecord androidx.test.tools.crawler, addview
04-23 22:53:08.435: W/ProxyAndroidLoggerBackend(15520): Too many Flogger logs received before configuration. Dropping old logs.
04-23 22:53:08.435: W/ProxyAndroidLoggerBackend(15520): Too many Flogger logs received before configuration. Dropping old logs.
04-23 22:53:08.435: W/ProxyAndroidLoggerBackend(15520): Too many Flogger logs received before configuration. Dropping old logs.
04-23 22:53:08.435: W/ProxyAndroidLoggerBackend(15520): Too many Flogger logs received before configuration. Dropping old logs.
04-23 22:53:08.435: W/ProxyAndroidLoggerBackend(15520): Too many Flogger logs received before configuration. Dropping old logs.
04-23 22:53:08.435: W/ProxyAndroidLoggerBackend(15520): Too many Flogger logs received before configuration. Dropping old logs.
04-23 22:53:08.435: W/ProxyAndroidLoggerBackend(15520): Too many Flogger logs received before configuration. Dropping old logs.
04-23 22:53:08.435: W/ProxyAndroidLoggerBackend(15520): Too many Flogger logs received before configuration. Dropping old logs.
04-23 22:53:08.435: W/ProxyAndroidLoggerBackend(15520): Too many Flogger logs received before configuration. Dropping old logs.
04-23 22:53:08.435: W/ProxyAndroidLoggerBackend(15520): Too many Flogger logs received before configuration. Dropping old logs.
04-23 22:53:08.435: W/ProxyAndroidLoggerBackend(15520): Too many Flogger logs received before configuration. Dropping old logs.
04-23 22:53:08.445: W/ProxyAndroidLoggerBackend(15520): Too many Flogger logs received before configuration. Dropping old logs.
04-23 22:53:08.445: W/ProxyAndroidLoggerBackend(15520): Too many Flogger logs received before configuration. Dropping old logs.
04-23 22:53:08.445: W/ProxyAndroidLoggerBackend(15520): Too many Flogger logs received before configuration. Dropping old logs.
04-23 22:53:08.445: W/ProxyAndroidLoggerBackend(15520): Too many Flogger logs received before configuration. Dropping old logs.
04-23 22:53:08.445: W/ProxyAndroidLoggerBackend(15520): Too many Flogger logs received before configuration. Dropping old logs.
04-23 22:53:08.445: W/ProxyAndroidLoggerBackend(15520): Too many Flogger logs received before configuration. Dropping old logs.
04-23 22:53:08.445: W/ProxyAndroidLoggerBackend(15520): Too many Flogger logs received before configuration. Dropping old logs.
04-23 22:53:08.445: W/ProxyAndroidLoggerBackend(15520): Too many Flogger logs received before configuration. Dropping old logs.
04-23 22:53:08.445: W/ProxyAndroidLoggerBackend(15520): Too many Flogger logs received before configuration. Dropping old logs.
04-23 22:53:08.445: W/ProxyAndroidLoggerBackend(15520): Too many Flogger logs received before configuration. Dropping old logs.
04-23 22:53:08.445: W/ProxyAndroidLoggerBackend(15520): Too many Flogger logs received before configuration. Dropping old logs.
04-23 22:53:08.445: W/ProxyAndroidLoggerBackend(15520): Too many Flogger logs received before configuration. Dropping old logs.
04-23 22:53:08.445: W/ProxyAndroidLoggerBackend(15520): Too many Flogger logs received before configuration. Dropping old logs.
04-23 22:53:08.445: W/ProxyAndroidLoggerBackend(15520): Too many Flogger logs received before configuration. Dropping old logs.
04-23 22:53:08.445: I/PG Utils(15282): acquire_providerpkg:[com.google.android.gsf] pid:[] maybe timeout , send to PG
04-23 22:53:08.445: W/ProxyAndroidLoggerBackend(15520): Too many Flogger logs received before configuration. Dropping old logs.
04-23 22:53:08.445: W/ProxyAndroidLoggerBackend(15520): Too many Flogger logs received before configuration. Dropping old logs.
04-23 22:53:08.445: E/PhoneInterfaceManager(3510): [PhoneIntfMgr] getIccId: No UICC
04-23 22:53:08.445: W/ProxyAndroidLoggerBackend(15520): Too many Flogger logs received before configuration. Dropping old logs.
04-23 22:53:08.445: W/ProxyAndroidLoggerBackend(15520): Too many Flogger logs received before configuration. Dropping old logs.
04-23 22:53:08.445: W/ProxyAndroidLoggerBackend(15520): Too many Flogger logs received before configuration. Dropping old logs.
04-23 22:53:08.445: W/ProxyAndroidLoggerBackend(15520): Too many Flogger logs received before configuration. Dropping old logs.
04-23 22:53:08.445: W/ProxyAndroidLoggerBackend(15520): Too many Flogger logs received before configuration. Dropping old logs.
04-23 22:53:08.445: W/ProxyAndroidLoggerBackend(15520): Too many Flogger logs received before configuration. Dropping old logs.
04-23 22:53:08.445: W/ProxyAndroidLoggerBackend(15520): Too many Flogger logs received before configuration. Dropping old logs.
04-23 22:53:08.445: W/ProxyAndroidLoggerBackend(15520): Too many Flogger logs received before configuration. Dropping old logs.
04-23 22:53:08.445: W/ProxyAndroidLoggerBackend(15520): Too many Flogger logs received before configuration. Dropping old logs.
04-23 22:53:08.445: W/ProxyAndroidLoggerBackend(15520): Too many Flogger logs received before configuration. Dropping old logs.
04-23 22:53:08.445: W/ProxyAndroidLoggerBackend(15520): Too many Flogger logs received before configuration. Dropping old logs.
04-23 22:53:08.445: W/ProxyAndroidLoggerBackend(15520): Too many Flogger logs received before configuration. Dropping old logs.
04-23 22:53:08.445: W/ProxyAndroidLoggerBackend(15520): Too many Flogger logs received before configuration. Dropping old logs.
04-23 22:53:08.445: W/ProxyAndroidLoggerBackend(15520): Too many Flogger logs received before configuration. Dropping old logs.
04-23 22:53:08.445: W/ProxyAndroidLoggerBackend(15520): Too many Flogger logs received before configuration. Dropping old logs.
04-23 22:53:08.445: W/ProxyAndroidLoggerBackend(15520): Too many Flogger logs received before configuration. Dropping old logs.
04-23 22:53:08.445: W/ProxyAndroidLoggerBackend(15520): Too many Flogger logs received before configuration. Dropping old logs.
04-23 22:53:08.445: W/ProxyAndroidLoggerBackend(15520): Too many Flogger logs received before configuration. Dropping old logs.
04-23 22:53:08.445: W/ProxyAndroidLoggerBackend(15520): Too many Flogger logs received before configuration. Dropping old logs.
04-23 22:53:08.445: W/ProxyAndroidLoggerBackend(15520): Too many Flogger logs received before configuration. Dropping old logs.
04-23 22:53:08.445: W/ProxyAndroidLoggerBackend(15520): Too many Flogger logs received before configuration. Dropping old logs.
04-23 22:53:08.445: W/ProxyAndroidLoggerBackend(15520): Too many Flogger logs received before configuration. Dropping old logs.
04-23 22:53:08.445: W/ProxyAndroidLoggerBackend(15520): Too many Flogger logs received before configuration. Dropping old logs.
04-23 22:53:08.445: W/ProxyAndroidLoggerBackend(15520): Too many Flogger logs received before configuration. Dropping old logs.
04-23 22:53:08.445: W/ProxyAndroidLoggerBackend(15520): Too many Flogger logs received before configuration. Dropping old logs.
04-23 22:53:08.445: W/ProxyAndroidLoggerBackend(15520): Too many Flogger logs received before configuration. Dropping old logs.
04-23 22:53:08.445: W/ProxyAndroidLoggerBackend(15520): Too many Flogger logs received before configuration. Dropping old logs.
04-23 22:53:08.445: W/ProxyAndroidLoggerBackend(15520): Too many Flogger logs received before configuration. Dropping old logs.
04-23 22:53:08.445: W/ProxyAndroidLoggerBackend(15520): Too many Flogger logs received before configuration. Dropping old logs.
04-23 22:53:08.445: W/ProxyAndroidLoggerBackend(15520): Too many Flogger logs received before configuration. Dropping old logs.
04-23 22:53:08.445: W/ProxyAndroidLoggerBackend(15520): Too many Flogger logs received before configuration. Dropping old logs.
04-23 22:53:08.445: W/ProxyAndroidLoggerBackend(15520): Too many Flogger logs received before configuration. Dropping old logs.
04-23 22:53:08.445: W/ProxyAndroidLoggerBackend(15520): Too many Flogger logs received before configuration. Dropping old logs.
04-23 22:53:08.445: W/ProxyAndroidLoggerBackend(15520): Too many Flogger logs received before configuration. Dropping old logs.
04-23 22:53:08.445: W/ProxyAndroidLoggerBackend(15520): Too many Flogger logs received before configuration. Dropping old logs.
04-23 22:53:08.445: W/ProxyAndroidLoggerBackend(15520): Too many Flogger logs received before configuration. Dropping old logs.
04-23 22:53:08.445: W/ProxyAndroidLoggerBackend(15520): Too many Flogger logs received before configuration. Dropping old logs.
04-23 22:53:08.445: W/ProxyAndroidLoggerBackend(15520): Too many Flogger logs received before configuration. Dropping old logs.
04-23 22:53:08.445: W/ProxyAndroidLoggerBackend(15520): Too many Flogger logs received before configuration. Dropping old logs.
04-23 22:53:08.445: W/ProxyAndroidLoggerBackend(15520): Too many Flogger logs received before configuration. Dropping old logs.
04-23 22:53:08.445: W/ProxyAndroidLoggerBackend(15520): Too many Flogger logs received before configuration. Dropping old logs.
04-23 22:53:08.445: W/ProxyAndroidLoggerBackend(15520): Too many Flogger logs received before configuration. Dropping old logs.
04-23 22:53:08.445: W/ProxyAndroidLoggerBackend(15520): Too many Flogger logs received before configuration. Dropping old logs.
04-23 22:53:08.445: W/ProxyAndroidLoggerBackend(15520): Too many Flogger logs received before configuration. Dropping old logs.
04-23 22:53:08.445: W/ProxyAndroidLoggerBackend(15520): Too many Flogger logs received before configuration. Dropping old logs.
04-23 22:53:08.445: W/ProxyAndroidLoggerBackend(15520): Too many Flogger logs received before configuration. Dropping old logs.
04-23 22:53:08.445: W/ProxyAndroidLoggerBackend(15520): Too many Flogger logs received before configuration. Dropping old logs.
04-23 22:53:08.445: W/ProxyAndroidLoggerBackend(15520): Too many Flogger logs received before configuration. Dropping old logs.
04-23 22:53:08.445: W/ProxyAndroidLoggerBackend(15520): Too many Flogger logs received before configuration. Dropping old logs.
04-23 22:53:08.445: W/ProxyAndroidLoggerBackend(15520): Too many Flogger logs received before configuration. Dropping old logs.
04-23 22:53:08.445: W/ProxyAndroidLoggerBackend(15520): Too many Flogger logs received before configuration. Dropping old logs.
04-23 22:53:08.445: W/ProxyAndroidLoggerBackend(15520): Too many Flogger logs received before configuration. Dropping old logs.
04-23 22:53:08.445: W/ProxyAndroidLoggerBackend(15520): Too many Flogger logs received before configuration. Dropping old logs.
04-23 22:53:08.455: W/ProxyAndroidLoggerBackend(15520): Too many Flogger logs received before configuration. Dropping old logs.
04-23 22:53:08.455: W/ProxyAndroidLoggerBackend(15520): Too many Flogger logs received before configuration. Dropping old logs.
04-23 22:53:08.455: W/ProxyAndroidLoggerBackend(15520): Too many Flogger logs received before configuration. Dropping old logs.
04-23 22:53:08.455: W/ProxyAndroidLoggerBackend(15520): Too many Flogger logs received before configuration. Dropping old logs.
04-23 22:53:08.455: W/ProxyAndroidLoggerBackend(15520): Too many Flogger logs received before configuration. Dropping old logs.
04-23 22:53:08.455: W/ProxyAndroidLoggerBackend(15520): Too many Flogger logs received before configuration. Dropping old logs.
04-23 22:53:08.455: W/ProxyAndroidLoggerBackend(15520): Too many Flogger logs received before configuration. Dropping old logs.
04-23 22:53:08.455: W/ProxyAndroidLoggerBackend(15520): Too many Flogger logs received before configuration. Dropping old logs.
04-23 22:53:08.455: W/ProxyAndroidLoggerBackend(15520): Too many Flogger logs received before configuration. Dropping old logs.
04-23 22:53:08.455: W/ProxyAndroidLoggerBackend(15520): Too many Flogger logs received before configuration. Dropping old logs.
04-23 22:53:08.455: W/ProxyAndroidLoggerBackend(15520): Too many Flogger logs received before configuration. Dropping old logs.
04-23 22:53:08.455: W/ProxyAndroidLoggerBackend(15520): Too many Flogger logs received before configuration. Dropping old logs.
04-23 22:53:08.455: W/ProxyAndroidLoggerBackend(15520): Too many Flogger logs received before configuration. Dropping old logs.
04-23 22:53:08.455: W/ProxyAndroidLoggerBackend(15520): Too many Flogger logs received before configuration. Dropping old logs.
04-23 22:53:08.455: W/ProxyAndroidLoggerBackend(15520): Too many Flogger logs received before configuration. Dropping old logs.
04-23 22:53:08.455: W/ProxyAndroidLoggerBackend(15520): Too many Flogger logs received before configuration. Dropping old logs.
04-23 22:53:08.455: W/ProxyAndroidLoggerBackend(15520): Too many Flogger logs received before configuration. Dropping old logs.
04-23 22:53:08.455: W/ProxyAndroidLoggerBackend(15520): Too many Flogger logs received before configuration. Dropping old logs.
04-23 22:53:08.455: W/ProxyAndroidLoggerBackend(15520): Too many Flogger logs received before configuration. Dropping old logs.
04-23 22:53:08.455: W/ProxyAndroidLoggerBackend(15520): Too many Flogger logs received before configuration. Dropping old logs.
04-23 22:53:08.455: W/ProxyAndroidLoggerBackend(15520): Too many Flogger logs received before configuration. Dropping old logs.
04-23 22:53:08.455: W/ProxyAndroidLoggerBackend(15520): Too many Flogger logs received before configuration. Dropping old logs.
04-23 22:53:08.455: W/ProxyAndroidLoggerBackend(15520): Too many Flogger logs received before configuration. Dropping old logs.
04-23 22:53:08.455: W/ProxyAndroidLoggerBackend(15520): Too many Flogger logs received before configuration. Dropping old logs.
04-23 22:53:08.455: W/ProxyAndroidLoggerBackend(15520): Too many Flogger logs received before configuration. Dropping old logs.
04-23 22:53:08.455: W/ProxyAndroidLoggerBackend(15520): Too many Flogger logs received before configuration. Dropping old logs.
04-23 22:53:08.455: W/ProxyAndroidLoggerBackend(15520): Too many Flogger logs received before configuration. Dropping old logs.
04-23 22:53:08.455: W/ProxyAndroidLoggerBackend(15520): Too many Flogger logs received before configuration. Dropping old logs.
04-23 22:53:08.455: W/ProxyAndroidLoggerBackend(15520): Too many Flogger logs received before configuration. Dropping old logs.
04-23 22:53:08.455: W/ProxyAndroidLoggerBackend(15520): Too many Flogger logs received before configuration. Dropping old logs.
04-23 22:53:08.455: W/ProxyAndroidLoggerBackend(15520): Too many Flogger logs received before configuration. Dropping old logs.
04-23 22:53:08.455: W/ProxyAndroidLoggerBackend(15520): Too many Flogger logs received before configuration. Dropping old logs.
04-23 22:53:08.455: W/ProxyAndroidLoggerBackend(15520): Too many Flogger logs received before configuration. Dropping old logs.
04-23 22:53:08.455: W/ProxyAndroidLoggerBackend(15520): Too many Flogger logs received before configuration. Dropping old logs.
04-23 22:53:08.455: W/ProxyAndroidLoggerBackend(15520): Too many Flogger logs received before configuration. Dropping old logs.
04-23 22:53:08.455: W/ProxyAndroidLoggerBackend(15520): Too many Flogger logs received before configuration. Dropping old logs.
04-23 22:53:08.455: W/ProxyAndroidLoggerBackend(15520): Too many Flogger logs received before configuration. Dropping old logs.
04-23 22:53:08.455: W/ProxyAndroidLoggerBackend(15520): Too many Flogger logs received before configuration. Dropping old logs.
04-23 22:53:08.455: W/ProxyAndroidLoggerBackend(15520): Too many Flogger logs received before configuration. Dropping old logs.
04-23 22:53:08.455: W/ProxyAndroidLoggerBackend(15520): Too many Flogger logs received before configuration. Dropping old logs.
04-23 22:53:08.455: W/ProxyAndroidLoggerBackend(15520): Too many Flogger logs received before configuration. Dropping old logs.
04-23 22:53:08.455: W/ProxyAndroidLoggerBackend(15520): Too many Flogger logs received before configuration. Dropping old logs.
04-23 22:53:08.455: W/ProxyAndroidLoggerBackend(15520): Too many Flogger logs received before configuration. Dropping old logs.
04-23 22:53:08.455: W/ProxyAndroidLoggerBackend(15520): Too many Flogger logs received before configuration. Dropping old logs.
04-23 22:53:08.455: W/ProxyAndroidLoggerBackend(15520): Too many Flogger logs received before configuration. Dropping old logs.
04-23 22:53:08.455: W/ProxyAndroidLoggerBackend(15520): Too many Flogger logs received before configuration. Dropping old logs.
04-23 22:53:08.455: W/ProxyAndroidLoggerBackend(15520): Too many Flogger logs received before configuration. Dropping old logs.
04-23 22:53:08.455: W/ProxyAndroidLoggerBackend(15520): Too many Flogger logs received before configuration. Dropping old logs.
04-23 22:53:08.455: W/ProxyAndroidLoggerBackend(15520): Too many Flogger logs received before configuration. Dropping old logs.
04-23 22:53:08.455: W/ProxyAndroidLoggerBackend(15520): Too many Flogger logs received before configuration. Dropping old logs.
04-23 22:53:08.455: W/ProxyAndroidLoggerBackend(15520): Too many Flogger logs received before configuration. Dropping old logs.
04-23 22:53:08.455: W/ProxyAndroidLoggerBackend(15520): Too many Flogger logs received before configuration. Dropping old logs.
04-23 22:53:08.455: W/ProxyAndroidLoggerBackend(15520): Too many Flogger logs received before configuration. Dropping old logs.
04-23 22:53:08.455: W/ProxyAndroidLoggerBackend(15520): Too many Flogger logs received before configuration. Dropping old logs.
04-23 22:53:08.455: W/ProxyAndroidLoggerBackend(15520): Too many Flogger logs received before configuration. Dropping old logs.
04-23 22:53:08.455: W/ProxyAndroidLoggerBackend(15520): Too many Flogger logs received before configuration. Dropping old logs.
04-23 22:53:08.455: W/ProxyAndroidLoggerBackend(15520): Too many Flogger logs received before configuration. Dropping old logs.
04-23 22:53:08.455: W/ProxyAndroidLoggerBackend(15520): Too many Flogger logs received before configuration. Dropping old logs.
04-23 22:53:08.455: W/ProxyAndroidLoggerBackend(15520): Too many Flogger logs received before configuration. Dropping old logs.
04-23 22:53:08.465: W/ProxyAndroidLoggerBackend(15520): Too many Flogger logs received before configuration. Dropping old logs.
04-23 22:53:08.465: W/ProxyAndroidLoggerBackend(15520): Too many Flogger logs received before configuration. Dropping old logs.
04-23 22:53:08.465: W/ProxyAndroidLoggerBackend(15520): Too many Flogger logs received before configuration. Dropping old logs.
04-23 22:53:08.465: W/ProxyAndroidLoggerBackend(15520): Too many Flogger logs received before configuration. Dropping old logs.
04-23 22:53:08.465: W/ProxyAndroidLoggerBackend(15520): Too many Flogger logs received before configuration. Dropping old logs.
04-23 22:53:08.465: W/ProxyAndroidLoggerBackend(15520): Too many Flogger logs received before configuration. Dropping old logs.
04-23 22:53:08.465: W/ProxyAndroidLoggerBackend(15520): Too many Flogger logs received before configuration. Dropping old logs.
04-23 22:53:08.465: W/ProxyAndroidLoggerBackend(15520): Too many Flogger logs received before configuration. Dropping old logs.
04-23 22:53:08.465: W/ProxyAndroidLoggerBackend(15520): Too many Flogger logs received before configuration. Dropping old logs.
04-23 22:53:08.465: W/ProxyAndroidLoggerBackend(15520): Too many Flogger logs received before configuration. Dropping old logs.
04-23 22:53:08.465: W/ProxyAndroidLoggerBackend(15520): Too many Flogger logs received before configuration. Dropping old logs.
04-23 22:53:08.465: W/ProxyAndroidLoggerBackend(15520): Too many Flogger logs received before configuration. Dropping old logs.
04-23 22:53:08.465: W/ProxyAndroidLoggerBackend(15520): Too many Flogger logs received before configuration. Dropping old logs.
04-23 22:53:08.465: W/ProxyAndroidLoggerBackend(15520): Too many Flogger logs received before configuration. Dropping old logs.
04-23 22:53:08.465: W/ProxyAndroidLoggerBackend(15520): Too many Flogger logs received before configuration. Dropping old logs.
04-23 22:53:08.465: W/ProxyAndroidLoggerBackend(15520): Too many Flogger logs received before configuration. Dropping old logs.
04-23 22:53:08.465: W/ProxyAndroidLoggerBackend(15520): Too many Flogger logs received before configuration. Dropping old logs.
04-23 22:53:08.465: W/ProxyAndroidLoggerBackend(15520): Too many Flogger logs received before configuration. Dropping old logs.
04-23 22:53:08.465: W/ProxyAndroidLoggerBackend(15520): Too many Flogger logs received before configuration. Dropping old logs.
04-23 22:53:08.465: W/ProxyAndroidLoggerBackend(15520): Too many Flogger logs received before configuration. Dropping old logs.
04-23 22:53:08.465: W/ProxyAndroidLoggerBackend(15520): Too many Flogger logs received before configuration. Dropping old logs.
04-23 22:53:08.465: W/ProxyAndroidLoggerBackend(15520): Too many Flogger logs received before configuration. Dropping old logs.
04-23 22:53:08.465: W/ProxyAndroidLoggerBackend(15520): Too many Flogger logs received before configuration. Dropping old logs.
04-23 22:53:08.465: W/ProxyAndroidLoggerBackend(15520): Too many Flogger logs received before configuration. Dropping old logs.
04-23 22:53:08.465: W/ProxyAndroidLoggerBackend(15520): Too many Flogger logs received before configuration. Dropping old logs.
04-23 22:53:08.465: W/ProxyAndroidLoggerBackend(15520): Too many Flogger logs received before configuration. Dropping old logs.
04-23 22:53:08.465: W/ProxyAndroidLoggerBackend(15520): Too many Flogger logs received before configuration. Dropping old logs.
04-23 22:53:08.465: W/ProxyAndroidLoggerBackend(15520): Too many Flogger logs received before configuration. Dropping old logs.
04-23 22:53:08.465: W/ProxyAndroidLoggerBackend(15520): Too many Flogger logs received before configuration. Dropping old logs.
04-23 22:53:08.465: W/ProxyAndroidLoggerBackend(15520): Too many Flogger logs received before configuration. Dropping old logs.
04-23 22:53:08.465: W/ProxyAndroidLoggerBackend(15520): Too many Flogger logs received before configuration. Dropping old logs.
04-23 22:53:08.465: W/ProxyAndroidLoggerBackend(15520): Too many Flogger logs received before configuration. Dropping old logs.
04-23 22:53:08.465: W/ProxyAndroidLoggerBackend(15520): Too many Flogger logs received before configuration. Dropping old logs.
04-23 22:53:08.465: W/ProxyAndroidLoggerBackend(15520): Too many Flogger logs received before configuration. Dropping old logs.
04-23 22:53:08.465: W/ProxyAndroidLoggerBackend(15520): Too many Flogger logs received before configuration. Dropping old logs.
04-23 22:53:08.465: W/ProxyAndroidLoggerBackend(15520): Too many Flogger logs received before configuration. Dropping old logs.
04-23 22:53:08.465: W/ProxyAndroidLoggerBackend(15520): Too many Flogger logs received before configuration. Dropping old logs.
04-23 22:53:08.465: W/ProxyAndroidLoggerBackend(15520): Too many Flogger logs received before configuration. Dropping old logs.
04-23 22:53:08.465: W/ProxyAndroidLoggerBackend(15520): Too many Flogger logs received before configuration. Dropping old logs.
04-23 22:53:08.465: W/ProxyAndroidLoggerBackend(15520): Too many Flogger logs received before configuration. Dropping old logs.
04-23 22:53:08.465: W/ProxyAndroidLoggerBackend(15520): Too many Flogger logs received before configuration. Dropping old logs.
04-23 22:53:08.465: W/ProxyAndroidLoggerBackend(15520): Too many Flogger logs received before configuration. Dropping old logs.
04-23 22:53:08.465: W/ProxyAndroidLoggerBackend(15520): Too many Flogger logs received before configuration. Dropping old logs.
04-23 22:53:08.465: W/ProxyAndroidLoggerBackend(15520): Too many Flogger logs received before configuration. Dropping old logs.
04-23 22:53:08.465: W/ProxyAndroidLoggerBackend(15520): Too many Flogger logs received before configuration. Dropping old logs.
04-23 22:53:08.465: W/ProxyAndroidLoggerBackend(15520): Too many Flogger logs received before configuration. Dropping old logs.
04-23 22:53:08.465: W/ProxyAndroidLoggerBackend(15520): Too many Flogger logs received before configuration. Dropping old logs.
04-23 22:53:08.465: W/ProxyAndroidLoggerBackend(15520): Too many Flogger logs received before configuration. Dropping old logs.
04-23 22:53:08.465: W/ProxyAndroidLoggerBackend(15520): Too many Flogger logs received before configuration. Dropping old logs.
04-23 22:53:08.465: W/ProxyAndroidLoggerBackend(15520): Too many Flogger logs received before configuration. Dropping old logs.
04-23 22:53:08.465: W/ProxyAndroidLoggerBackend(15520): Too many Flogger logs received before configuration. Dropping old logs.
04-23 22:53:08.465: W/ProxyAndroidLoggerBackend(15520): Too many Flogger logs received before configuration. Dropping old logs.
04-23 22:53:08.475: W/ProxyAndroidLoggerBackend(15520): Too many Flogger logs received before configuration. Dropping old logs.
04-23 22:53:08.475: W/ProxyAndroidLoggerBackend(15520): Too many Flogger logs received before configuration. Dropping old logs.
04-23 22:53:08.475: W/ProxyAndroidLoggerBackend(15520): Too many Flogger logs received before configuration. Dropping old logs.
04-23 22:53:08.475: W/ProxyAndroidLoggerBackend(15520): Too many Flogger logs received before configuration. Dropping old logs.
04-23 22:53:08.475: W/ProxyAndroidLoggerBackend(15520): Too many Flogger logs received before configuration. Dropping old logs.
04-23 22:53:08.475: W/ProxyAndroidLoggerBackend(15520): Too many Flogger logs received before configuration. Dropping old logs.
04-23 22:53:08.475: W/ProxyAndroidLoggerBackend(15520): Too many Flogger logs received before configuration. Dropping old logs.
04-23 22:53:08.475: W/ProxyAndroidLoggerBackend(15520): Too many Flogger logs received before configuration. Dropping old logs.
04-23 22:53:08.475: W/ProxyAndroidLoggerBackend(15520): Too many Flogger logs received before configuration. Dropping old logs.
04-23 22:53:08.475: W/ProxyAndroidLoggerBackend(15520): Too many Flogger logs received before configuration. Dropping old logs.
04-23 22:53:08.475: W/ProxyAndroidLoggerBackend(15520): Too many Flogger logs received before configuration. Dropping old logs.
04-23 22:53:08.475: W/ProxyAndroidLoggerBackend(15520): Too many Flogger logs received before configuration. Dropping old logs.
04-23 22:53:08.475: W/ProxyAndroidLoggerBackend(15520): Too many Flogger logs received before configuration. Dropping old logs.
04-23 22:53:08.475: W/ProxyAndroidLoggerBackend(15520): Too many Flogger logs received before configuration. Dropping old logs.
04-23 22:53:08.475: W/ProxyAndroidLoggerBackend(15520): Too many Flogger logs received before configuration. Dropping old logs.
04-23 22:53:08.475: W/ProxyAndroidLoggerBackend(15520): Too many Flogger logs received before configuration. Dropping old logs.
04-23 22:53:08.475: W/ProxyAndroidLoggerBackend(15520): Too many Flogger logs received before configuration. Dropping old logs.
04-23 22:53:08.475: W/ProxyAndroidLoggerBackend(15520): Too many Flogger logs received before configuration. Dropping old logs.
04-23 22:53:08.475: W/ProxyAndroidLoggerBackend(15520): Too many Flogger logs received before configuration. Dropping old logs.
04-23 22:53:08.475: W/ProxyAndroidLoggerBackend(15520): Too many Flogger logs received before configuration. Dropping old logs.
04-23 22:53:08.475: W/ProxyAndroidLoggerBackend(15520): Too many Flogger logs received before configuration. Dropping old logs.
04-23 22:53:08.475: W/ProxyAndroidLoggerBackend(15520): Too many Flogger logs received before configuration. Dropping old logs.
04-23 22:53:08.475: W/ProxyAndroidLoggerBackend(15520): Too many Flogger logs received before configuration. Dropping old logs.
04-23 22:53:08.475: W/ProxyAndroidLoggerBackend(15520): Too many Flogger logs received before configuration. Dropping old logs.
04-23 22:53:08.475: W/ProxyAndroidLoggerBackend(15520): Too many Flogger logs received before configuration. Dropping old logs.
04-23 22:53:08.475: W/ProxyAndroidLoggerBackend(15520): Too many Flogger logs received before configuration. Dropping old logs.
04-23 22:53:08.475: W/ProxyAndroidLoggerBackend(15520): Too many Flogger logs received before configuration. Dropping old logs.
04-23 22:53:08.475: W/ProxyAndroidLoggerBackend(15520): Too many Flogger logs received before configuration. Dropping old logs.
04-23 22:53:08.475: W/ProxyAndroidLoggerBackend(15520): Too many Flogger logs received before configuration. Dropping old logs.
04-23 22:53:08.475: W/ProxyAndroidLoggerBackend(15520): Too many Flogger logs received before configuration. Dropping old logs.
04-23 22:53:08.475: W/ProxyAndroidLoggerBackend(15520): Too many Flogger logs received before configuration. Dropping old logs.
04-23 22:53:08.475: W/ProxyAndroidLoggerBackend(15520): Too many Flogger logs received before configuration. Dropping old logs.
04-23 22:53:08.475: W/ProxyAndroidLoggerBackend(15520): Too many Flogger logs received before configuration. Dropping old logs.
04-23 22:53:08.475: W/ProxyAndroidLoggerBackend(15520): Too many Flogger logs received before configuration. Dropping old logs.
04-23 22:53:08.475: W/ProxyAndroidLoggerBackend(15520): Too many Flogger logs received before configuration. Dropping old logs.
04-23 22:53:08.475: W/ProxyAndroidLoggerBackend(15520): Too many Flogger logs received before configuration. Dropping old logs.
04-23 22:53:08.475: W/ProxyAndroidLoggerBackend(15520): Too many Flogger logs received before configuration. Dropping old logs.
04-23 22:53:08.475: W/ProxyAndroidLoggerBackend(15520): Too many Flogger logs received before configuration. Dropping old logs.
04-23 22:53:08.475: W/ProxyAndroidLoggerBackend(15520): Too many Flogger logs received before configuration. Dropping old logs.
04-23 22:53:08.475: W/ProxyAndroidLoggerBackend(15520): Too many Flogger logs received before configuration. Dropping old logs.
04-23 22:53:08.475: W/ProxyAndroidLoggerBackend(15520): Too many Flogger logs received before configuration. Dropping old logs.
04-23 22:53:08.475: W/ProxyAndroidLoggerBackend(15520): Too many Flogger logs received before configuration. Dropping old logs.
04-23 22:53:08.475: W/ProxyAndroidLoggerBackend(15520): Too many Flogger logs received before configuration. Dropping old logs.
04-23 22:53:08.475: W/ProxyAndroidLoggerBackend(15520): Too many Flogger logs received before configuration. Dropping old logs.
04-23 22:53:08.475: W/ProxyAndroidLoggerBackend(15520): Too many Flogger logs received before configuration. Dropping old logs.
04-23 22:53:08.475: W/ProxyAndroidLoggerBackend(15520): Too many Flogger logs received before configuration. Dropping old logs.
04-23 22:53:08.475: W/ProxyAndroidLoggerBackend(15520): Too many Flogger logs received before configuration. Dropping old logs.
04-23 22:53:08.475: W/ProxyAndroidLoggerBackend(15520): Too many Flogger logs received before configuration. Dropping old logs.
04-23 22:53:08.475: W/ProxyAndroidLoggerBackend(15520): Too many Flogger logs received before configuration. Dropping old logs.
04-23 22:53:08.475: W/ProxyAndroidLoggerBackend(15520): Too many Flogger logs received before configuration. Dropping old logs.
04-23 22:53:08.475: W/ProxyAndroidLoggerBackend(15520): Too many Flogger logs received before configuration. Dropping old logs.
04-23 22:53:08.475: W/ProxyAndroidLoggerBackend(15520): Too many Flogger logs received before configuration. Dropping old logs.
04-23 22:53:08.475: W/ProxyAndroidLoggerBackend(15520): Too many Flogger logs received before configuration. Dropping old logs.
04-23 22:53:08.475: W/ProxyAndroidLoggerBackend(15520): Too many Flogger logs received before configuration. Dropping old logs.
04-23 22:53:08.475: W/ProxyAndroidLoggerBackend(15520): Too many Flogger logs received before configuration. Dropping old logs.
04-23 22:53:08.475: W/ProxyAndroidLoggerBackend(15520): Too many Flogger logs received before configuration. Dropping old logs.
04-23 22:53:08.475: W/ProxyAndroidLoggerBackend(15520): Too many Flogger logs received before configuration. Dropping old logs.
04-23 22:53:08.475: W/ProxyAndroidLoggerBackend(15520): Too many Flogger logs received before configuration. Dropping old logs.
04-23 22:53:08.475: W/ProxyAndroidLoggerBackend(15520): Too many Flogger logs received before configuration. Dropping old logs.
04-23 22:53:08.475: W/ProxyAndroidLoggerBackend(15520): Too many Flogger logs received before configuration. Dropping old logs.
04-23 22:53:08.475: W/ProxyAndroidLoggerBackend(15520): Too many Flogger logs received before configuration. Dropping old logs.
04-23 22:53:08.485: W/ProxyAndroidLoggerBackend(15520): Too many Flogger logs received before configuration. Dropping old logs.
04-23 22:53:08.495: W/ProxyAndroidLoggerBackend(15520): Too many Flogger logs received before configuration. Dropping old logs.
04-23 22:53:08.495: W/ProxyAndroidLoggerBackend(15520): Too many Flogger logs received before configuration. Dropping old logs.
04-23 22:53:08.495: W/ProxyAndroidLoggerBackend(15520): Too many Flogger logs received before configuration. Dropping old logs.
04-23 22:53:08.495: W/ProxyAndroidLoggerBackend(15520): Too many Flogger logs received before configuration. Dropping old logs.
04-23 22:53:08.495: W/ProxyAndroidLoggerBackend(15520): Too many Flogger logs received before configuration. Dropping old logs.
04-23 22:53:08.495: W/ProxyAndroidLoggerBackend(15520): Too many Flogger logs received before configuration. Dropping old logs.
04-23 22:53:08.495: W/ProxyAndroidLoggerBackend(15520): Too many Flogger logs received before configuration. Dropping old logs.
04-23 22:53:08.495: W/ProxyAndroidLoggerBackend(15520): Too many Flogger logs received before configuration. Dropping old logs.
04-23 22:53:08.495: W/ProxyAndroidLoggerBackend(15520): Too many Flogger logs received before configuration. Dropping old logs.
04-23 22:53:08.495: W/ProxyAndroidLoggerBackend(15520): Too many Flogger logs received before configuration. Dropping old logs.
04-23 22:53:08.495: W/ProxyAndroidLoggerBackend(15520): Too many Flogger logs received before configuration. Dropping old logs.
04-23 22:53:08.495: W/ProxyAndroidLoggerBackend(15520): Too many Flogger logs received before configuration. Dropping old logs.
04-23 22:53:08.495: W/ProxyAndroidLoggerBackend(15520): Too many Flogger logs received before configuration. Dropping old logs.
04-23 22:53:08.495: W/ProxyAndroidLoggerBackend(15520): Too many Flogger logs received before configuration. Dropping old logs.
04-23 22:53:08.495: W/ProxyAndroidLoggerBackend(15520): Too many Flogger logs received before configuration. Dropping old logs.
04-23 22:53:08.495: W/ProxyAndroidLoggerBackend(15520): Too many Flogger logs received before configuration. Dropping old logs.
04-23 22:53:08.495: W/ProxyAndroidLoggerBackend(15520): Too many Flogger logs received before configuration. Dropping old logs.
04-23 22:53:08.495: W/ProxyAndroidLoggerBackend(15520): Too many Flogger logs received before configuration. Dropping old logs.
04-23 22:53:08.495: W/ProxyAndroidLoggerBackend(15520): Too many Flogger logs received before configuration. Dropping old logs.
04-23 22:53:08.495: W/ProxyAndroidLoggerBackend(15520): Too many Flogger logs received before configuration. Dropping old logs.
04-23 22:53:08.495: W/ProxyAndroidLoggerBackend(15520): Too many Flogger logs received before configuration. Dropping old logs.
04-23 22:53:08.495: W/ProxyAndroidLoggerBackend(15520): Too many Flogger logs received before configuration. Dropping old logs.
04-23 22:53:08.495: W/ProxyAndroidLoggerBackend(15520): Too many Flogger logs received before configuration. Dropping old logs.
04-23 22:53:08.495: W/ProxyAndroidLoggerBackend(15520): Too many Flogger logs received before configuration. Dropping old logs.
04-23 22:53:08.495: W/ProxyAndroidLoggerBackend(15520): Too many Flogger logs received before configuration. Dropping old logs.
04-23 22:53:08.495: W/ProxyAndroidLoggerBackend(15520): Too many Flogger logs received before configuration. Dropping old logs.
04-23 22:53:08.495: W/ProxyAndroidLoggerBackend(15520): Too many Flogger logs received before configuration. Dropping old logs.
04-23 22:53:08.495: W/ProxyAndroidLoggerBackend(15520): Too many Flogger logs received before configuration. Dropping old logs.
04-23 22:53:08.495: W/ProxyAndroidLoggerBackend(15520): Too many Flogger logs received before configuration. Dropping old logs.
04-23 22:53:08.495: W/ProxyAndroidLoggerBackend(15520): Too many Flogger logs received before configuration. Dropping old logs.
04-23 22:53:08.495: W/ProxyAndroidLoggerBackend(15520): Too many Flogger logs received before configuration. Dropping old logs.
04-23 22:53:08.495: W/ProxyAndroidLoggerBackend(15520): Too many Flogger logs received before configuration. Dropping old logs.
04-23 22:53:08.495: W/ProxyAndroidLoggerBackend(15520): Too many Flogger logs received before configuration. Dropping old logs.
04-23 22:53:08.495: W/ProxyAndroidLoggerBackend(15520): Too many Flogger logs received before configuration. Dropping old logs.
04-23 22:53:08.495: W/ProxyAndroidLoggerBackend(15520): Too many Flogger logs received before configuration. Dropping old logs.
04-23 22:53:08.495: W/ProxyAndroidLoggerBackend(15520): Too many Flogger logs received before configuration. Dropping old logs.
04-23 22:53:08.495: W/ProxyAndroidLoggerBackend(15520): Too many Flogger logs received before configuration. Dropping old logs.
04-23 22:53:08.495: W/ProxyAndroidLoggerBackend(15520): Too many Flogger logs received before configuration. Dropping old logs.
04-23 22:53:08.495: W/ProxyAndroidLoggerBackend(15520): Too many Flogger logs received before configuration. Dropping old logs.
04-23 22:53:08.495: W/ProxyAndroidLoggerBackend(15520): Too many Flogger logs received before configuration. Dropping old logs.
04-23 22:53:08.495: W/ProxyAndroidLoggerBackend(15520): Too many Flogger logs received before configuration. Dropping old logs.
04-23 22:53:08.495: W/ProxyAndroidLoggerBackend(15520): Too many Flogger logs received before configuration. Dropping old logs.
04-23 22:53:08.495: W/ProxyAndroidLoggerBackend(15520): Too many Flogger logs received before configuration. Dropping old logs.
04-23 22:53:08.495: W/ProxyAndroidLoggerBackend(15520): Too many Flogger logs received before configuration. Dropping old logs.
04-23 22:53:08.495: W/ProxyAndroidLoggerBackend(15520): Too many Flogger logs received before configuration. Dropping old logs.
04-23 22:53:08.495: W/ProxyAndroidLoggerBackend(15520): Too many Flogger logs received before configuration. Dropping old logs.
04-23 22:53:08.495: W/ProxyAndroidLoggerBackend(15520): Too many Flogger logs received before configuration. Dropping old logs.
04-23 22:53:08.495: W/ProxyAndroidLoggerBackend(15520): Too many Flogger logs received before configuration. Dropping old logs.
04-23 22:53:08.495: W/ProxyAndroidLoggerBackend(15520): Too many Flogger logs received before configuration. Dropping old logs.
04-23 22:53:08.495: W/ProxyAndroidLoggerBackend(15520): Too many Flogger logs received before configuration. Dropping old logs.
04-23 22:53:08.495: W/ProxyAndroidLoggerBackend(15520): Too many Flogger logs received before configuration. Dropping old logs.
04-23 22:53:08.495: W/ProxyAndroidLoggerBackend(15520): Too many Flogger logs received before configuration. Dropping old logs.
04-23 22:53:08.495: W/ProxyAndroidLoggerBackend(15520): Too many Flogger logs received before configuration. Dropping old logs.
04-23 22:53:08.495: W/ProxyAndroidLoggerBackend(15520): Too many Flogger logs received before configuration. Dropping old logs.
04-23 22:53:08.495: W/ProxyAndroidLoggerBackend(15520): Too many Flogger logs received before configuration. Dropping old logs.
04-23 22:53:08.495: W/ProxyAndroidLoggerBackend(15520): Too many Flogger logs received before configuration. Dropping old logs.
04-23 22:53:08.495: W/ProxyAndroidLoggerBackend(15520): Too many Flogger logs received before configuration. Dropping old logs.
04-23 22:53:08.495: W/ProxyAndroidLoggerBackend(15520): Too many Flogger logs received before configuration. Dropping old logs.
04-23 22:53:08.495: W/ProxyAndroidLoggerBackend(15520): Too many Flogger logs received before configuration. Dropping old logs.
04-23 22:53:08.495: W/ProxyAndroidLoggerBackend(15520): Too many Flogger logs received before configuration. Dropping old logs.
04-23 22:53:08.495: W/ProxyAndroidLoggerBackend(15520): Too many Flogger logs received before configuration. Dropping old logs.
04-23 22:53:08.495: W/ProxyAndroidLoggerBackend(15520): Too many Flogger logs received before configuration. Dropping old logs.
04-23 22:53:08.495: W/ProxyAndroidLoggerBackend(15520): Too many Flogger logs received before configuration. Dropping old logs.
04-23 22:53:08.495: W/ProxyAndroidLoggerBackend(15520): Too many Flogger logs received before configuration. Dropping old logs.
04-23 22:53:08.495: W/ProxyAndroidLoggerBackend(15520): Too many Flogger logs received before configuration. Dropping old logs.
04-23 22:53:08.495: W/ProxyAndroidLoggerBackend(15520): Too many Flogger logs received before configuration. Dropping old logs.
04-23 22:53:08.495: W/ProxyAndroidLoggerBackend(15520): Too many Flogger logs received before configuration. Dropping old logs.
04-23 22:53:08.495: W/ProxyAndroidLoggerBackend(15520): Too many Flogger logs received before configuration. Dropping old logs.
04-23 22:53:08.495: W/ProxyAndroidLoggerBackend(15520): Too many Flogger logs received before configuration. Dropping old logs.
04-23 22:53:08.495: W/ProxyAndroidLoggerBackend(15520): Too many Flogger logs received before configuration. Dropping old logs.
04-23 22:53:08.495: W/ProxyAndroidLoggerBackend(15520): Too many Flogger logs received before configuration. Dropping old logs.
04-23 22:53:08.495: W/ProxyAndroidLoggerBackend(15520): Too many Flogger logs received before configuration. Dropping old logs.
04-23 22:53:08.505: W/ProxyAndroidLoggerBackend(15520): Too many Flogger logs received before configuration. Dropping old logs.
