04-23 22:51:56.865: I/HwSystemManager(6704): OptimizeReceiver:OptimizeReceiver received action:android.intent.action.PACKAGE_ADDED
04-23 22:51:56.865: I/HwSystemManager(6704): OverseaCfgHelper:permissionStatus is 0
04-23 22:51:56.865: I/HwSystemManager(6704): HsmIntentService:task completed for intent:Intent { act=android.intent.action.PACKAGE_ADDED dat=package:com.google.android.gmscore.testing.testsupport flg=0x4000010 cmp=com.huawei.systemmanager/.optimize.OptimizeReceiver (has extras) }, action:android.intent.action.PACKAGE_ADDED
04-23 22:51:56.865: I/HwSystemManager(6704): HsmIntentService:in thread:Thread[HsmIntentServiceTask #8,5,main], current active tasksize:2, queue size:0
04-23 22:51:56.865: I/HwSystemManager(6704): ProtectAppControl:handleMessage:6
04-23 22:51:56.865: I/HwSystemManager(6704): ProtectAppControl:begin install app inner:com.google.android.gmscore.testing.testsupport
04-23 22:51:56.865: I/HwSystemManager(6704): CommonFunctionUtil:compareCode = 0
04-23 22:51:56.865: W/HwSystemManager(6704): ProtectAppControl:can't get app's request permissions : com.google.android.gmscore.testing.testsupport
04-23 22:51:56.875: I/HwSystemManager(3669): AppCleanUpService:onStartCommand() in!
04-23 22:51:56.875: I/HwSystemManager(3669): AppCleanUpService:onStartCommand() out!
04-23 22:51:56.875: E/HwSystemManager(3669): AppCleanUpService:msg is 0
04-23 22:51:56.875: I/HwSystemManager(6704): HsmIntentService:started for intent:Intent { act=android.intent.action.PACKAGE_ADDED dat=package:com.google.android.gmscore.testing.testsupport flg=0x4000010 cmp=com.huawei.systemmanager/.power.receiver.BootBroadcastReceiver (has extras) }, action:android.intent.action.PACKAGE_ADDED, class:com.huawei.systemmanager.power.receiver.BootBroadcastReceiver
04-23 22:51:56.875: I/HwSystemManager(6704): HsmIntentService:invoked com.huawei.systemmanager.power.receiver.BootBroadcastReceiver
04-23 22:51:56.875: W/HwSystemManager(6704): BootBroadcastReceiver:No handler exist for registered action:android.intent.action.PACKAGE_ADDED
04-23 22:51:56.875: I/HwSystemManager(6704): HsmIntentService:task completed for intent:Intent { act=android.intent.action.PACKAGE_ADDED dat=package:com.google.android.gmscore.testing.testsupport flg=0x4000010 cmp=com.huawei.systemmanager/.power.receiver.BootBroadcastReceiver (has extras) }, action:android.intent.action.PACKAGE_ADDED
04-23 22:51:56.875: I/HwSystemManager(6704): HsmIntentService:in thread:Thread[HsmIntentServiceTask #11,5,main], current active tasksize:2, queue size:0
04-23 22:51:56.875: I/HwSystemManager(6704): NetAppListPrepareReceiver:NetAppListPrepareReceiver: onReceive(), action = android.intent.action.PACKAGE_ADDED
04-23 22:51:56.895: I/HwSystemManager(3669): NotificationDBProvider:query starts, uri = content://com.huawei.systemmanager.NotificationDBProvider/notificationCfg
04-23 22:51:56.895: I/HwSystemManager(3669): NotificationDBProvider:query starts, matchCode = 1
04-23 22:51:56.895: I/HwSystemManager(3669): HsmIntentService:task completed for intent:Intent { act=android.intent.action.PACKAGE_ADDED dat=package:com.google.android.gmscore.testing.testsupport flg=0x4000010 cmp=com.huawei.systemmanager/com.huawei.notificationmanager.receiver.Receiver (has extras) }, action:android.intent.action.PACKAGE_ADDED
04-23 22:51:56.895: I/HwSystemManager(3669): HsmIntentService:in thread:Thread[HsmIntentServiceTask #11,5,main], current active tasksize:1, queue size:0
04-23 22:51:56.895: I/HwSystemManager(3669): HsmIntentService:last work complete! lets stop service.
04-23 22:51:56.895: I/HwSystemManager(3669): NotificationDBProvider:call: method = notification_list_query
04-23 22:51:56.895: I/HwSystemManager(3669): NotificationDBProvider:query starts, uri = content://com.huawei.systemmanager.NotificationDBProvider/notificationCfg
04-23 22:51:56.895: I/HwSystemManager(3669): NotificationDBProvider:query starts, matchCode = 1
04-23 22:51:56.895: I/HwSystemManager(3669): OptimizeProvider:delete com.google.android.gmscore.testing.testsupport
04-23 22:51:56.895: I/HwSystemManager(3669): NotificationDBProvider:call: method = notification_list_query
04-23 22:51:56.895: I/HwSystemManager(6704): PowerGenieDbHelper:delete protect app:com.google.android.gmscore.testing.testsupport
04-23 22:51:56.895: I/HwSystemManager(3669): NotificationDBProvider:query starts, uri = content://com.huawei.systemmanager.NotificationDBProvider/notificationCfg
04-23 22:51:56.895: I/HwSystemManager(3669): NotificationDBProvider:query starts, matchCode = 1
04-23 22:51:56.905: I/PhoneStatusBar(3174): notification pkg =com.android.settings
04-23 22:51:56.905: I/PhoneStatusBar(3174): notification provisioned=true, score =10, [score > HIDE_ICONS_BELOW_SCORE] =true, showNotificationEvenIfUnprovisioned = false
04-23 22:51:56.905: I/PhoneStatusBar(3174): notification pkg =com.android.server.telecom
04-23 22:51:56.905: I/PhoneStatusBar(3174): notification provisioned=true, score =0, [score > HIDE_ICONS_BELOW_SCORE] =true, showNotificationEvenIfUnprovisioned = false
04-23 22:51:56.905: I/PhoneStatusBar(3174): notification pkg =android
04-23 22:51:56.905: I/PhoneStatusBar(3174): notification provisioned=true, score =-10, [score > HIDE_ICONS_BELOW_SCORE] =true, showNotificationEvenIfUnprovisioned = false
04-23 22:51:56.905: I/YhdsEngine(6704): [EngineIntentService] Received: com.dianxinos.optimizer.engine.action.PKG_CHANGE
04-23 22:51:56.905: I/HwSystemManager(6704): DX-Optimizer:[PackageChangeReceiver] Received: android.intent.action.PACKAGE_ADDED, data: package:com.google.android.gmscore.testing.testsupport, replacing: false
04-23 22:51:56.915: E/Thermal-daemon(2347): [charger_ic] temp_new :34 temp_old :33
04-23 22:51:56.915: I/HwSystemManager(6704): HsmPackageManager:get all installed packages, flag:0, size:150
04-23 22:51:56.915: E/HwSystemManager(6704): PermissionDBAdapter:appcationsList size:150
04-23 22:51:56.915: I/HwSystemManager(3669): ProtectAppService:send unprotect list broadcast,unprotect list:[com.android.calculator2, com.android.hwmirror, com.zinio.android.settings, com.android.email, com.android.providers.downloads, com.android.musicvis, com.android.exchange, com.huawei.android.thememanager, com.android.browser, com.google.android.apps.mtaas.loginutil, com.google.android.apps.mtaas.tools, com.google.android.apps.auth.test.support, android.support.test.services, androidx.test.services, com.android.tradefed.utils.wifi, com.google.android.apps.mtaas.deviceadmin, com.google.android.apps.mtaas.updateutil, com.google.android.apps.mtaas.backdrop, android.support.test.orchestrator, androidx.test.orchestrator, androidx.test.tools.crawler.stubapp, com.google.android.apps.mtaas.testloop, com.google.android.gms.policy_test_support, com.google.android.gmscore.testing.testsupport]
04-23 22:51:56.915: I/HwSystemManager(6704): AppChangeReceiver:AppChangeReceiver: onReceive(), action = android.intent.action.PACKAGE_ADDED
04-23 22:51:56.915: I/HwSystemManager(6704): DX-Optimizer:[CommonIntentService] Received: com.dianxinos.optimizer.action.PKG_CHANGE
04-23 22:51:56.925: W/HwSystemManager(6704): AddViewAppManager:Current installed app not apply system_alert_window or applicationInfo null!
04-23 22:51:56.945: I/HwSystemManager(3669): HsmIntentService:destroyed. this:com.huawei.systemmanager.util.content.HsmIntentService_bg@16448a73
04-23 22:51:56.995: W/GCM(9989): Unexpected forwarded intent: Intent { act=android.intent.action.PACKAGE_ADDED dat=package:com.google.android.gmscore.testing.testsupport flg=0x4000010 cmp=com.google.android.gms/.chimera.PersistentIntentOperationService (has extras) }
04-23 22:51:56.995: I/Finsky(10712): [1] qvg.a(21): PackageMonitor - Received: android.intent.action.PACKAGE_ADDED, [Cfp7IzF5TvVG3xiSuASXeJDeHWm6HS2AulwLaqmOV14]
04-23 22:51:56.995: I/Finsky(10712): [1] qwj.d(11): Invalidating cached PackageState for com.google.android.gmscore.testing.testsupport
04-23 22:51:57.005: W/GCM(9989): Unexpected forwarded intent: Intent { act=android.intent.action.PACKAGE_ADDED dat=package:com.google.android.gmscore.testing.testsupport flg=0x4000010 cmp=com.google.android.gms/.chimera.PersistentIntentOperationService (has extras) }
04-23 22:51:57.005: I/Finsky(10712): [1] abny.a(10): Do not start WearSupportService due to Wear service optimization
04-23 22:51:57.005: I/Finsky(10712): [1] abny.a(10): Do not start WearSupportService due to Wear service optimization
04-23 22:51:57.005: I/Auth(12759): [SupervisedAccountIntentOperation] onHandleIntent(): android.intent.action.PACKAGE_ADDED
04-23 22:51:57.005: I/Finsky(10712): [280] epm.a(-1): Asset module storage cleared for package com.google.android.gmscore.testing.testsupport.
04-23 22:51:57.005: I/ChromeSync(12759): [Sync,SyncIntentOperation] Handling the intent: Intent { act=android.intent.action.PACKAGE_ADDED dat=package:com.google.android.gmscore.testing.testsupport flg=0x4000010 cmp=com.google.android.gms/.chimera.GmsIntentOperationService (has extras) }.
04-23 22:51:57.005: I/Finsky(10712): [1] vef.a(1): Clearing split related stale data.
04-23 22:51:57.025: I/Finsky(10712): [1] kzs.c(2): Frosting ID looked up on UI thread. Caller should move to a background thread.
04-23 22:51:57.045: I/Finsky(10712): [283] kzo.run(-1): Wrote row to frosting DB: 157
04-23 22:51:57.055: I/ChromeSync(12759): [Persistence,AffiliationManager] One of affiliation or grouping data for android://7qg--Vdm54zxKo8avkCXCD_7ToNk-gSGsIINmMu_krBTT9yKXmXa5m1MzFNMIqP92nwcLB8-pgfDA4TXFVsmSw==@com.google.android.gmscore.testing.testsupport/ was not found. Marking affiliation data as stale...
04-23 22:51:57.095: I/art(2958): Explicit concurrent mark sweep GC freed 44363(2MB) AllocSpace objects, 9(180KB) LOS objects, 33% free, 28MB/42MB, paused 2.330ms total 367.786ms
04-23 22:51:57.105: I/PG Utils(12759): acquire_providerpkg:[com.google.android.gsf] pid:[] maybe timeout , send to PG
04-23 22:51:57.145: I/HwSystemManager(6704): PermissionDBAdapter:DBAdapter refreshAllCachedData!
04-23 22:51:57.145: I/HwSystemManager(6704): HsmIntentService:task completed for intent:Intent { act=android.intent.action.PACKAGE_ADDED dat=package:com.google.android.gmscore.testing.testsupport flg=0x4000010 cmp=com.huawei.systemmanager/com.huawei.permissionmanager.ui.AppInstallationReceiver (has extras) }, action:android.intent.action.PACKAGE_ADDED
04-23 22:51:57.145: I/HwSystemManager(6704): HsmIntentService:in thread:Thread[HsmIntentServiceTask #7,5,main], current active tasksize:1, queue size:0
04-23 22:51:57.145: I/HwSystemManager(6704): HsmIntentService:last work complete! lets stop service.
04-23 22:51:57.195: I/HwSystemManager(6704): HsmIntentService:destroyed. this:com.huawei.systemmanager.util.content.HsmIntentService_ui@34dcf525
04-23 22:51:57.415: E/Thermal-daemon(2347): [ap] temp_new :35 temp_old :33
04-23 22:51:57.555: I/appproc(13767): CLASSPATH=/system/framework/am.jar
04-23 22:51:57.555: I/appproc(13767): Command=app_process /system/bin com.android.commands.am.Am startservice --user 0 -a com.google.android.gmscore.testing.testsupport.CommandService -n com.google.android.gmscore.testing.testsupport/.CommandService --es COMMAND PACKAGE --es FLAG_PACKAGE Eglnc2VydmljZXMaLAooZmluc2t5LnBsYXlfc2VydmljZXNfYXV0b191cGRhdGVfZW5hYmxlZBgAGjUKMWZpbnNreS5zZXR1cF93aXphcmRfYWRkaXRpb25hbF9hY2NvdW50X3ZwYV9lbmFibGUYABoxCi1maW5za3kuZGFpbHlfaHlnaWVuZV9zY2hlZHVsZV91bmF1dGhlbnRpY2F0ZWQYABpACipmaW5za3kuYmFja2dyb3VuZF9zcGxpdF9pbnN0YWxsc19ibGFja2xpc3QSEmNvbS5hbmRyb2lkLmNocm9tZSj4AQ
04-23 22:51:57.555: I/appproc(13767): app_process:number,15,0
04-23 22:51:57.565: I/AndroidRuntime(13767): readDownloadBoosterConfig: 'false'
04-23 22:51:57.565: I/AndroidRuntime(13767): [
04-23 22:51:57.705 13767:13767 I/ ]
04-23 22:51:57.565: I/AndroidRuntime(13767): power log dlsym ok
04-23 22:51:57.745: E/android_hardware_fm.cpp(13767): register_android_hardware_fm_fmradio
04-23 22:51:57.745: I/android_hardware_fm.cpp(13767): ========64bit long size = 8
04-23 22:51:57.745: E/FM_HAL(13767): [FM_HAL], libname is libhisifm_if
04-23 22:51:57.745: I/fm_hisi(13767): FM::[fm_device_open:4655] fm_device_open
04-23 22:51:57.745: I/fm_hisi(13767): FM::[fm_device_open:4666] find the id:libhisifm_if and begins to open the device
04-23 22:51:57.745: I/fm_hisi(13767): FM::[fm_device_open:4710] device open sucess
04-23 22:51:57.745: E/android_hardware_fm.cpp(13767): register_android_hardware_fm_fmradio, ret is 0
04-23 22:51:57.855: I/art(2340): Explicit concurrent mark sweep GC freed 706(30KB) AllocSpace objects, 0(0B) LOS objects, 55% free, 12MB/28MB, paused 297us total 23.783ms
04-23 22:51:57.875: I/art(2340): Explicit concurrent mark sweep GC freed 5(160B) AllocSpace objects, 0(0B) LOS objects, 55% free, 12MB/28MB, paused 195us total 23.393ms
04-23 22:51:57.875: I/TSDRIVER(13787): CommandService onHandleIntent()
04-23 22:51:57.875: I/TSDRIVER(13787): Got command: PACKAGE
04-23 22:51:57.895: I/TSDRIVER(13787): flag package: Eglnc2VydmljZXMaLAooZmluc2t5LnBsYXlfc2VydmljZXNfYXV0b191cGRhdGVfZW5hYmxlZBgAGjUKMWZpbnNreS5zZXR1cF93aXphcmRfYWRkaXRpb25hbF9hY2NvdW50X3ZwYV9lbmFibGUYABoxCi1maW5za3kuZGFpbHlfaHlnaWVuZV9zY2hlZHVsZV91bmF1dGhlbnRpY2F0ZWQYABpACipmaW5za3kuYmFja2dyb3VuZF9zcGxpdF9pbnN0YWxsc19ibGFja2xpc3QSEmNvbS5hbmRyb2lkLmNocm9tZSj4AQ
04-23 22:51:57.895: I/art(2340): Explicit concurrent mark sweep GC freed 5(160B) AllocSpace objects, 0(0B) LOS objects, 55% free, 12MB/28MB, paused 204us total 22.875ms
04-23 22:51:57.905: I/art(13787): Can not find class: Lcom/google/protobuf/Extension;
04-23 22:51:57.905: I/art(13787): Can not find class: Lcom/google/protobuf/ExtensionRegistry;
04-23 22:51:57.905: I/art(13787): Can not find class: Lcom/google/android/gms/R$string;
04-23 22:51:57.905: I/TSDRIVER(13787): flag package: gservices
04-23 22:51:57.915: E/GooglePlayServicesUtil(13787): The Google Play services resources were not found. Check your project configuration to ensure that the resources are included.
04-23 22:51:57.945: I/PG Utils(12759): acquire_providerpkg:[com.google.android.gsf] pid:[] maybe timeout , send to PG
04-23 22:51:57.955: W/aji(12759): Primes not initialized, returning default (no-op) Primes instance which will ignore all calls. Please call Primes.initialize(...) before using any Primes API.
04-23 22:51:57.965: I/art(12759): Can not find class: Landroid/app/NotificationChannel;
04-23 22:51:57.975: I/art(12759): Can not find class: Landroid/app/NotificationChannel;
04-23 22:51:57.995: I/art(12759): Can not find class: Ldalvik/system/DelegateLastClassLoader;
04-23 22:51:57.995: I/art(12759): Can not find class: Lcom/google/android/gms/dynamite/descriptors/com/google/android/gms/googlecertificates/ModuleDescriptor;
04-23 22:51:57.995: W/DynamiteModule(12759): Local module descriptor class for com.google.android.gms.googlecertificates not found.
04-23 22:51:57.995: I/DynamiteModule(12759): Considering local module com.google.android.gms.googlecertificates:0 and remote module com.google.android.gms.googlecertificates:4
04-23 22:51:57.995: I/DynamiteModule(12759): Selected remote version of com.google.android.gms.googlecertificates, version >= 4
04-23 22:51:57.995: I/ChmraDebugLogger(12759): [71] Googlecertificates
04-23 22:51:58.005: I/art(12759): Can not find class: Lcom/google/android/chimeraresources/R$id;
04-23 22:51:58.025: E/bastetd(2373): [BastetDevice ] indModemReset# Modem reset happened!
04-23 22:51:58.025: E/bastetd(2373): [Dspp ] handleModemReset# Modem reset
04-23 22:51:58.035: I/PG Utils(12759): acquire_providerpkg:[com.google.android.gsf] pid:[] maybe timeout , send to PG
04-23 22:51:58.035: I/LogCollectManager(2958): start to bind to Log Collect service
04-23 22:51:58.055: E/PROTOCOL_LOG(2958): header.length = 184
04-23 22:51:58.055: I/LogCollectManager(2958): start to bind to Log Collect service
04-23 22:51:58.055: I/LogCollectManager(2958): start to bind to Log Collect service
04-23 22:51:58.055: I/LogCollectManager(2958): start to bind to Log Collect service
04-23 22:51:58.065: I/LogCollectManager(2958): start to bind to Log Collect service
04-23 22:51:58.075: E/PROTOCOL_LOG(2958): header.length = 184
04-23 22:51:58.075: I/LogCollectManager(2958): start to bind to Log Collect service
04-23 22:51:58.075: I/LogCollectManager(2958): start to bind to Log Collect service
04-23 22:51:58.075: I/OAM(2639): [check_file_size:402]/data/hwlogdir/wifi_log/wifi_log_1 log file beyond size=10240Byte, creat new file
04-23 22:51:58.075: I/OAM(2639): [rename_old_file:107]rename_old_file
04-23 22:51:58.075: I/LogCollectManager(2958): start to bind to Log Collect service
04-23 22:51:58.085: E/WifiStateMachine(2958): ConnectedState !CMD_START_SCAN -2 -2 ic=18 proc(ms):1 dur:280 rssi=-50 f=2412 sc=100 link=72 tx=0.2, 0.0, 0.0 rx=86.6 fiv=20000 [on:0 tx:0 rx:0 period:2700] from screen [on:0 period:-1430381422]
04-23 22:51:58.085: E/WifiStateMachine(2958): L2ConnectedState !CMD_START_SCAN -2 -2 ic=18 proc(ms):2 dur:280 rssi=-50 f=2412 sc=100 link=72 tx=0.2, 0.0, 0.0 rx=86.6 fiv=20000 [on:0 tx:0 rx:0 period:1] from screen [on:0 period:-1430381421]
04-23 22:51:58.085: E/WifiStateMachine(2958): WifiStateMachine CMD_START_SCAN source -2 txSuccessRate=0.24 rxSuccessRate=86.60 targetRoamBSSID=44:48:c1:91:9d:e0 RSSI=-50
04-23 22:51:58.085: E/WifiStateMachine(2958): WifiStateMachine CMD_START_SCAN with age=1587707518100 interval=20000 maxinterval=300000
04-23 22:51:58.085: E/WifiStateMachine(2958): WifiStateMachine CMD_START_SCAN try full band scan age=1587707518100 interval=20000 maxinterval=300000
04-23 22:51:58.085: E/WifiStateMachine(2958): WifiStateMachine CMD_START_SCAN prevent full band scan due to pkt rate
04-23 22:51:58.085: E/WifiStateMachine(2958): WifiStateMachine CMD_START_SCAN source -2 ...and ignore scans tx=0.24 rx=86.60
04-23 22:51:58.095: I/Icing(12759): Indexing com.google.android.gms-apps from com.google.android.gms
04-23 22:51:58.105: I/Icing(12759): Indexing done com.google.android.gms-apps
04-23 22:51:58.135: I/PG Utils(12759): acquire_providerpkg:[com.google.android.gsf] pid:[] maybe timeout , send to PG
04-23 22:51:58.145: I/PG Utils(12759): acquire_providerpkg:[com.google.android.gsf] pid:[] maybe timeout , send to PG
04-23 22:51:58.145: I/HwSystemManager(6704): PermissionDBAdapter:preInstalledAppsPermissionEmendation no need emendation!
04-23 22:51:58.145: I/HwSystemManager(6704): PermissionDBAdapter:checkDBErrorBecauseofHOTA packageNameDBList size 16
04-23 22:51:58.145: I/HwSystemManager(6704): PermissionDBAdapter:checkDBErrorBecauseofHOTA nameList is0
04-23 22:51:58.145: I/TestSupport(12759): Activated: 1587625200000@1587707511990
04-23 22:51:58.145: I/TestSupport(12759): Boot time: 1587707117206
04-23 22:51:58.155: I/TestSupport(12759): Passing package and signature checks: com.google.android.gmscore.testing.testsupport
04-23 22:51:58.175: I/PG Utils(12759): acquire_providerpkg:[com.google.android.gsf] pid:[] maybe timeout , send to PG
04-23 22:51:58.195: I/PG Utils(12759): acquire_providerpkg:[com.google.android.gsf] pid:[] maybe timeout , send to PG
04-23 22:51:58.205: I/TestSupport(12759): SetOverrideOperation: finsky.play_services_auto_update_enabled = false
04-23 22:51:58.215: I/PG Utils(12759): acquire_providerpkg:[com.google.android.gsf] pid:[] maybe timeout , send to PG
04-23 22:51:58.225: I/PG Utils(12759): acquire_providerpkg:[com.google.android.gsf] pid:[] maybe timeout , send to PG
04-23 22:51:58.385: E/WifiStateMachine(2958): ConnectedState !CMD_RSSI_POLL 1 0 "wl-ftl-mt03-1-24" 44:48:c1:91:9d:e0 rssi=-50 f=2412 sc=100 link=72 tx=0.2, 0.0, 0.0 rx=86.6 bcn=0 [on:0 tx:0 rx:0 period:298] from screen [on:0 period:-1430381122] gl u24 rssi=-50 ag=0 hr ticks 0,0,0 ls-=0 [56,56,56,56,61] brc=0 lrc=0
04-23 22:51:58.385: E/WifiStateMachine(2958): L2ConnectedState !CMD_RSSI_POLL 1 0 "wl-ftl-mt03-1-24" 44:48:c1:91:9d:e0 rssi=-50 f=2412 sc=100 link=72 tx=0.2, 0.0, 0.0 rx=86.6 bcn=0 [on:0 tx:0 rx:0 period:1] from screen [on:0 period:-1430381121] gl u24 rssi=-50 ag=0 hr ticks 0,0,0 ls-=0 [56,56,56,56,61] brc=0 lrc=0
04-23 22:51:58.385: E/WifiStateMachine(2958): fetchRssiLinkSpeedAndFrequencyNative rssi=-51 linkspeed=72 SSID="wl-ftl-mt03-1-24"
04-23 22:51:58.385: E/WifiStateMachine(2958): calculateWifiScore freq=2412 speed=72 score=100 highRSSI -> txbadrate=0.00 txgoodrate=0.62 txretriesrate=0.00 rxrate=88.80 userTriggerdPenalty0
04-23 22:51:58.385: E/WifiStateMachine(2958): good link -> stuck count =0
04-23 22:51:58.385: E/WifiStateMachine(2958): badRSSI count0 lowRSSI count0 --> score 56
04-23 22:51:58.385: E/WifiStateMachine(2958): isHighRSSI ---> score=61
04-23 22:51:58.465: I/GservicesProvider(9488): override update completed
04-23 22:51:58.465: I/PG Utils(9989): acquire_providerpkg:[com.google.android.gsf] pid:[] maybe timeout , send to PG
04-23 22:51:58.465: I/PG Utils(12616): acquire_providerpkg:[com.google.android.gsf] pid:[] maybe timeout , send to PG
04-23 22:51:58.465: I/ActivityManager(2958): filter receiver for action = com.google.gservices.intent.action.GSERVICES_CHANGED
04-23 22:51:58.475: I/PG Utils(12759): acquire_providerpkg:[com.google.android.gsf] pid:[] maybe timeout , send to PG
04-23 22:51:58.485: I/TestSupport(12759): GServices override confirmed: finsky.play_services_auto_update_enabled=false
04-23 22:51:58.485: I/PG Utils(12759): acquire_providerpkg:[com.google.android.gsf] pid:[] maybe timeout , send to PG
04-23 22:51:58.495: I/PG Utils(12759): acquire_providerpkg:[com.google.android.gsf] pid:[] maybe timeout , send to PG
04-23 22:51:58.515: I/art(9488): Explicit concurrent mark sweep GC freed 14015(744KB) AllocSpace objects, 2(72KB) LOS objects, 40% free, 13MB/22MB, paused 1.266ms total 48.085ms
04-23 22:51:58.575: I/PG Utils(11706): acquire_providerpkg:[com.google.android.gsf] pid:[] maybe timeout , send to PG
04-23 22:51:58.575: I/PG Utils(11706): acquire_providerpkg:[com.google.android.gsf] pid:[] maybe timeout , send to PG
04-23 22:51:58.575: I/PG Utils(11706): acquire_providerpkg:[com.google.android.gsf] pid:[] maybe timeout , send to PG
04-23 22:51:58.575: I/PG Utils(11706): acquire_providerpkg:[com.google.android.gsf] pid:[] maybe timeout , send to PG
04-23 22:51:58.575: I/GservicesUpdateTask(8762): Updating Gservices keys
04-23 22:51:58.585: I/PG Utils(8762): acquire_providerpkg:[com.google.android.gsf] pid:[] maybe timeout , send to PG
04-23 22:51:58.605: I/PG Utils(8762): acquire_providerpkg:[com.google.android.gsf] pid:[] maybe timeout , send to PG
04-23 22:51:58.615: I/PG Utils(11706): acquire_providerpkg:[com.google.android.gsf] pid:[] maybe timeout , send to PG
04-23 22:51:58.615: I/PG Utils(9989): acquire_providerpkg:[com.google.android.gsf] pid:[] maybe timeout , send to PG
04-23 22:51:58.615: I/TestSupport(12759): SetOverrideOperation: finsky.setup_wizard_additional_account_vpa_enable = false
04-23 22:51:58.615: I/PG Utils(12759): acquire_providerpkg:[com.google.android.gsf] pid:[] maybe timeout , send to PG
04-23 22:51:58.625: I/PG Utils(11706): acquire_providerpkg:[com.google.android.gsf] pid:[] maybe timeout , send to PG
04-23 22:51:58.635: I/PG Utils(8762): acquire_providerpkg:[com.google.android.gsf] pid:[] maybe timeout , send to PG
04-23 22:51:58.645: I/PG Utils(9989): acquire_providerpkg:[com.google.android.gsf] pid:[] maybe timeout , send to PG
04-23 22:51:58.645: I/PG Utils(12759): acquire_providerpkg:[com.google.android.gsf] pid:[] maybe timeout , send to PG
04-23 22:51:58.645: I/PG Utils(8762): acquire_providerpkg:[com.google.android.gsf] pid:[] maybe timeout , send to PG
04-23 22:51:58.655: I/PG Utils(9989): acquire_providerpkg:[com.google.android.gsf] pid:[] maybe timeout , send to PG
04-23 22:51:58.665: I/PG Utils(9989): acquire_providerpkg:[com.google.android.gsf] pid:[] maybe timeout , send to PG
04-23 22:51:58.685: I/PG Utils(9989): acquire_providerpkg:[com.google.android.gsf] pid:[] maybe timeout , send to PG
04-23 22:51:58.685: E/UpdateRequestReceiver(13822): Received malformed URL while handling Gservices.CHANGED_ACTION
04-23 22:51:58.695: I/PG Utils(9989): acquire_providerpkg:[com.google.android.gsf] pid:[] maybe timeout , send to PG
04-23 22:51:58.705: E/UpdateRequestReceiver(13822): Received malformed URL while handling Gservices.CHANGED_ACTION
04-23 22:51:58.705: I/PG Utils(9989): acquire_providerpkg:[com.google.android.gsf] pid:[] maybe timeout , send to PG
04-23 22:51:58.715: E/UpdateRequestReceiver(13822): Received malformed URL while handling Gservices.CHANGED_ACTION
04-23 22:51:58.725: I/PG Utils(9989): acquire_providerpkg:[com.google.android.gsf] pid:[] maybe timeout , send to PG
04-23 22:51:58.725: E/UpdateRequestReceiver(13822): Received malformed URL while handling Gservices.CHANGED_ACTION
04-23 22:51:58.755: I/PG Utils(9989): acquire_providerpkg:[com.google.android.gsf] pid:[] maybe timeout , send to PG
04-23 22:51:58.785: I/PG Utils(9989): acquire_providerpkg:[com.google.android.gsf] pid:[] maybe timeout , send to PG
04-23 22:51:58.805: I/GeofencerStateMachine(9989): sendQueryLocationOptIn
04-23 22:51:58.805: I/PG Utils(9989): acquire_providerpkg:[com.google.android.gsf] pid:[] maybe timeout , send to PG
04-23 22:51:58.815: I/PG Utils(9989): acquire_providerpkg:[com.google.android.gsf] pid:[] maybe timeout , send to PG
04-23 22:51:58.855: I/PG Utils(9989): acquire_providerpkg:[com.google.android.gsf] pid:[] maybe timeout , send to PG
04-23 22:51:58.865: I/GeofencerStateMachine(9989): sendQueryLocationOptIn
04-23 22:51:58.865: E/art(9989): invalid stream - problem with parameter iterator in /data/data/com.google.android.gms/code_cache/secondary-dexes/base.apk.classes2.zip for method void fca.c(java.lang.String, java.lang.String, java.lang.Object[])
04-23 22:51:58.865: W/NetRec(9989): [861] ConfigChangedIntentOperation.onHandleIntent: Device does not support scoring, exiting
04-23 22:51:58.865: I/Herrevad(9989): [865] abif.a: updateListenState
04-23 22:51:58.885: I/GeofencerStateMachine(9989): sendQueryLocationOptIn
04-23 22:51:58.895: I/Auth(9989): [AuthManaged,PasswordComplexityHelperImpl] Updating password complexity components state.
04-23 22:51:58.895: I/Auth(9989): [AuthManaged,PasswordComplexityHelperImpl] Disabling com.google.android.gms.auth.managed.admin.DeviceAdminReceiver
04-23 22:51:58.905: I/Auth(9989): [AuthManaged,PasswordComplexityHelperImpl] Disabling com.google.android.gms.auth.managed.ui.SetNewPasswordActivity
04-23 22:51:58.905: I/PG Utils(11706): acquire_providerpkg:[com.google.android.gsf] pid:[] maybe timeout , send to PG
04-23 22:51:58.945: I/GmsModuleFndr(12759): Beginning GMS chimera module scan
04-23 22:51:58.955: I/GeofencerStateMachine(9989): sendQueryLocationOptIn
04-23 22:51:58.955: I/PG Utils(11706): acquire_providerpkg:[com.google.android.gsf] pid:[] maybe timeout , send to PG
04-23 22:51:58.965: I/ModuleSetMgr(12759): Computing pending module set with APKs: [[AdsFdrDynamite.integ:21460000006], [VisionOcr.optional:200914000400], [AdsFdrDynamite.integ:21001000000], [Cronetdynamite:200914020400], [Dynamiteloader:200914020000], [Dynamitemodulesa:200914020000], [Dynamitemodulesc:200914020000], [Googlecertificates:200914020000], [Mapsdynamite:200914020000], [Measurementdynamite:200914020000]]
04-23 22:51:58.995: I/GeofencerStateMachine(9989): sendQueryLocationOptIn
04-23 22:51:58.995: I/PG Utils(11706): acquire_providerpkg:[com.google.android.gsf] pid:[] maybe timeout , send to PG
04-23 22:51:59.005: I/ModuleSetMgr(12759): Pending container module APKs: [[VisionOcr.optional:200914000400]]
04-23 22:51:59.005: I/ModuleSetMgr(12759): Pending non-container module APKs: [[AdsFdrDynamite.integ:21460000006]]
04-23 22:51:59.025: I/GeofencerStateMachine(9989): sendQueryLocationOptIn
04-23 22:51:59.045: I/PG Utils(11706): acquire_providerpkg:[com.google.android.gsf] pid:[] maybe timeout , send to PG
04-23 22:51:59.075: W/ChimeraUtils(12759): Non Chimera context
04-23 22:51:59.095: I/GservicesProvider(9488): override update completed
04-23 22:51:59.095: I/PG Utils(12616): acquire_providerpkg:[com.google.android.gsf] pid:[] maybe timeout , send to PG
04-23 22:51:59.095: I/ActivityManager(2958): filter receiver for action = com.google.gservices.intent.action.GSERVICES_CHANGED
04-23 22:51:59.125: I/PG Utils(11706): acquire_providerpkg:[com.google.android.gsf] pid:[] maybe timeout , send to PG
04-23 22:51:59.135: E/UpdateRequestReceiver(13822): Received malformed URL while handling Gservices.CHANGED_ACTION
04-23 22:51:59.145: I/GservicesUpdateTask(8762): Updating Gservices keys
04-23 22:51:59.145: E/UpdateRequestReceiver(13822): Received malformed URL while handling Gservices.CHANGED_ACTION
04-23 22:51:59.145: I/PG Utils(8762): acquire_providerpkg:[com.google.android.gsf] pid:[] maybe timeout , send to PG
04-23 22:51:59.155: E/UpdateRequestReceiver(13822): Received malformed URL while handling Gservices.CHANGED_ACTION
04-23 22:51:59.155: E/UpdateRequestReceiver(13822): Received malformed URL while handling Gservices.CHANGED_ACTION
04-23 22:51:59.155: I/art(9488): Explicit concurrent mark sweep GC freed 15526(809KB) AllocSpace objects, 2(72KB) LOS objects, 40% free, 13MB/22MB, paused 992us total 61.915ms
04-23 22:51:59.165: I/TestSupport(12759): GServices override confirmed: finsky.setup_wizard_additional_account_vpa_enable=false
04-23 22:51:59.185: I/PG Utils(8762): acquire_providerpkg:[com.google.android.gsf] pid:[] maybe timeout , send to PG
04-23 22:51:59.205: I/PG Utils(11706): acquire_providerpkg:[com.google.android.gsf] pid:[] maybe timeout , send to PG
04-23 22:51:59.215: I/ActivityManager(2958): filter receiver for action = com.google.android.gms.gcm.ACTION_SCHEDULE
04-23 22:51:59.215: I/TestSupport(12759): SetOverrideOperation: finsky.daily_hygiene_schedule_unauthenticated = false
04-23 22:51:59.225: I/PG Utils(8762): acquire_providerpkg:[com.google.android.gsf] pid:[] maybe timeout , send to PG
04-23 22:51:59.235: I/PG Utils(12759): acquire_providerpkg:[com.google.android.gsf] pid:[] maybe timeout , send to PG
04-23 22:51:59.245: I/PG Utils(12759): acquire_providerpkg:[com.google.android.gsf] pid:[] maybe timeout , send to PG
04-23 22:51:59.255: I/PG Utils(8762): acquire_providerpkg:[com.google.android.gsf] pid:[] maybe timeout , send to PG
04-23 22:51:59.305: I/art(12759): DexFile_isDexOptNeeded failed to open oat file '/data/dalvik-cache/arm64/data@data@com.google.android.gms@app_chimera@m@00000008@dl-VisionOcr.optional_200914000400.apk@classes.dex' for file location '/data/data/com.google.android.gms/app_chimera/m/00000008/dl-VisionOcr.optional_200914000400.apk': Failed to open oat filename for reading: No such file or directory
04-23 22:51:59.305: I/art(12759): DexFile_isDexOptNeeded failed to open oat file '/data/dalvik-cache/arm64/data@data@com.google.android.gms@app_chimera@m@00000009@dl-AdsFdrDynamite.integ_21460000006.apk@classes.dex' for file location '/data/data/com.google.android.gms/app_chimera/m/00000009/dl-AdsFdrDynamite.integ_21460000006.apk': Failed to open oat filename for reading: No such file or directory
04-23 22:51:59.305: I/art(9989): Explicit concurrent mark sweep GC freed 112054(5MB) AllocSpace objects, 28(716KB) LOS objects, 32% free, 33MB/49MB, paused 2.415ms total 380.300ms
04-23 22:51:59.315: I/art(12759): DexFile_isDexOptNeeded failed to open oat file '/data/dalvik-cache/arm64/data@data@com.google.android.gms@app_chimera@m@00000005@GoogleCertificates.apk@classes.dex' for file location '/data/data/com.google.android.gms/app_chimera/m/00000005/GoogleCertificates.apk': Failed to open oat filename for reading: No such file or directory
04-23 22:51:59.315: I/PG Utils(9989): acquire_providerpkg:[com.google.android.gsf] pid:[] maybe timeout , send to PG
04-23 22:51:59.315: I/PG Utils(11706): acquire_providerpkg:[com.google.android.gsf] pid:[] maybe timeout , send to PG
04-23 22:51:59.315: I/art(12759): DexFile_isDexOptNeeded failed to open oat file '/data/dalvik-cache/arm64/data@data@com.google.android.gms@app_chimera@m@00000000@AdsDynamite.apk@classes.dex' for file location '/data/data/com.google.android.gms/app_chimera/m/00000000/AdsDynamite.apk': Failed to open oat filename for reading: No such file or directory
04-23 22:51:59.325: I/GeofencerStateMachine(9989): sendQueryLocationOptIn
04-23 22:51:59.325: I/GeofencerStateMachine(9989): sendQueryLocationOptIn
04-23 22:51:59.325: I/GeofencerStateMachine(9989): sendQueryLocationOptIn
04-23 22:51:59.325: I/GeofencerStateMachine(9989): sendQueryLocationOptIn
04-23 22:51:59.335: I/art(12759): DexFile_isDexOptNeeded failed to open oat file '/data/dalvik-cache/arm64/data@data@com.google.android.gms@app_chimera@m@00000002@DynamiteLoader.apk@classes.dex' for file location '/data/data/com.google.android.gms/app_chimera/m/00000002/DynamiteLoader.apk': Failed to open oat filename for reading: No such file or directory
04-23 22:51:59.335: I/art(12759): DexFile_isDexOptNeeded failed to open oat file '/data/dalvik-cache/arm64/data@data@com.google.android.gms@app_chimera@m@00000003@DynamiteModulesA.apk@classes.dex' for file location '/data/data/com.google.android.gms/app_chimera/m/00000003/DynamiteModulesA.apk': Failed to open oat filename for reading: No such file or directory
04-23 22:51:59.335: I/art(12759): DexFile_isDexOptNeeded failed to open oat file '/data/dalvik-cache/arm64/data@data@com.google.android.gms@app_chimera@m@00000007@MeasurementDynamite.apk@classes.dex' for file location '/data/data/com.google.android.gms/app_chimera/m/00000007/MeasurementDynamite.apk': Failed to open oat filename for reading: No such file or directory
04-23 22:51:59.345: I/art(12759): DexFile_isDexOptNeeded failed to open oat file '/data/dalvik-cache/arm64/data@data@com.google.android.gms@app_chimera@m@00000001@CronetDynamite.apk@classes.dex' for file location '/data/data/com.google.android.gms/app_chimera/m/00000001/CronetDynamite.apk': Failed to open oat filename for reading: No such file or directory
04-23 22:51:59.345: I/art(12759): DexFile_isDexOptNeeded failed to open oat file '/data/dalvik-cache/arm64/data@data@com.google.android.gms@app_chimera@m@00000004@DynamiteModulesC.apk@classes.dex' for file location '/data/data/com.google.android.gms/app_chimera/m/00000004/DynamiteModulesC.apk': Failed to open oat filename for reading: No such file or directory
04-23 22:51:59.355: I/art(12759): DexFile_isDexOptNeeded failed to open oat file '/data/dalvik-cache/arm64/data@data@com.google.android.gms@app_chimera@m@00000006@MapsDynamite.apk@classes.dex' for file location '/data/data/com.google.android.gms/app_chimera/m/00000006/MapsDynamite.apk': Failed to open oat filename for reading: No such file or directory
04-23 22:51:59.365: I/GCoreUlr(9989): WorldUpdater received intent Intent { act=com.google.android.location.reporting.ACTION_UPDATE_WORLD cmp=com.google.android.gms/com.google.android.location.reporting.service.DispatchingService (has extras) } with receiverAction com.google.gservices.intent.action.GSERVICES_CHANGED
04-23 22:51:59.375: I/PG Utils(11706): acquire_providerpkg:[com.google.android.gsf] pid:[] maybe timeout , send to PG
04-23 22:51:59.395: I/GeofencerStateMachine(9989): sendQueryLocationOptIn
04-23 22:51:59.405: I/ChromeSync(12759): [Sync,SyncIntentOperation] Handling the intent: Intent { act=com.google.gservices.intent.action.GSERVICES_CHANGED flg=0x10 cmp=com.google.android.gms/.chimera.GmsIntentOperationService$PersistentInternalReceiver }.
04-23 22:51:59.415: I/PG Utils(9989): acquire_providerpkg:[com.google.android.gsf] pid:[] maybe timeout , send to PG
04-23 22:51:59.415: I/GeofencerStateMachine(9989): sendQueryLocationOptIn
04-23 22:51:59.415: I/GCoreUlr(9989): WorldUpdater:com.google.gservices.intent.action.GSERVICES_CHANGED: Ensuring that reporting is stopped because of reasons: (no Google accounts)
04-23 22:51:59.425: I/PG Utils(11706): acquire_providerpkg:[com.google.android.gsf] pid:[] maybe timeout , send to PG
04-23 22:51:59.435: I/GCoreUlr(9989): Unbound from all signal providers.
04-23 22:51:59.465: I/GCoreUlr(9989): DispatchingService ignoring Intent { act=android.net.wifi.WIFI_STATE_CHANGED flg=0x4000010 (has extras) } because ULR inactive
04-23 22:51:59.475: I/GmsModuleFndr(12759): Beginning GMS chimera module scan
04-23 22:51:59.475: I/PG Utils(9989): acquire_providerpkg:[com.google.android.gsf] pid:[] maybe timeout , send to PG
04-23 22:51:59.475: I/GCoreUlr(9989): Unbound from all signal providers.
04-23 22:51:59.475: I/GCoreUlr(9989): Stopping handler for UlrDispSvcFast
04-23 22:51:59.485: I/GeofencerStateMachine(9989): sendQueryLocationOptIn
04-23 22:51:59.495: I/art(9488): Explicit concurrent mark sweep GC freed 6898(323KB) AllocSpace objects, 1(24KB) LOS objects, 40% free, 14MB/23MB, paused 7.309ms total 67.343ms
04-23 22:51:59.495: I/ModuleSetMgr(12759): Computing pending module set with APKs: [[AdsFdrDynamite.integ:21460000006], [VisionOcr.optional:200914000400], [AdsFdrDynamite.integ:21001000000], [Cronetdynamite:200914020400], [Dynamiteloader:200914020000], [Dynamitemodulesa:200914020000], [Dynamitemodulesc:200914020000], [Googlecertificates:200914020000], [Mapsdynamite:200914020000], [Measurementdynamite:200914020000]]
04-23 22:51:59.515: I/ActivityManager(2958): filter receiver for action = com.google.android.gms.gcm.ACTION_SCHEDULE
04-23 22:51:59.525: I/DynamiteModule(12759): Considering local module com.google.android.gms.flags:3 and remote module com.google.android.gms.flags:3
04-23 22:51:59.525: I/DynamiteModule(12759): Selected local version of com.google.android.gms.flags
04-23 22:51:59.575: I/GeofencerStateMachine(9989): sendQueryLocationOptIn
04-23 22:51:59.575: I/PG Utils(9989): acquire_providerpkg:[com.google.android.gsf] pid:[] maybe timeout , send to PG
04-23 22:51:59.575: E/art(9989): invalid stream - problem with parameter iterator in /data/data/com.google.android.gms/code_cache/secondary-dexes/base.apk.classes2.zip for method void fca.c(java.lang.String, java.lang.String, java.lang.Object[])
04-23 22:51:59.585: W/NetRec(9989): [865] ConfigChangedIntentOperation.onHandleIntent: Device does not support scoring, exiting
04-23 22:51:59.585: I/Herrevad(9989): [864] abif.a: updateListenState
04-23 22:51:59.595: I/Auth(9989): [AuthManaged,PasswordComplexityHelperImpl] Updating password complexity components state.
04-23 22:51:59.595: I/Auth(9989): [AuthManaged,PasswordComplexityHelperImpl] Disabling com.google.android.gms.auth.managed.admin.DeviceAdminReceiver
04-23 22:51:59.595: I/Auth(9989): [AuthManaged,PasswordComplexityHelperImpl] Disabling com.google.android.gms.auth.managed.ui.SetNewPasswordActivity
04-23 22:51:59.605: I/ActivityManager(2958): filter receiver for action = com.google.android.gms.gcm.ACTION_SCHEDULE
04-23 22:51:59.615: I/ModuleSetMgr(12759): Pending container module APKs: [[VisionOcr.optional:200914000400]]
04-23 22:51:59.615: I/ModuleSetMgr(12759): Pending non-container module APKs: [[AdsFdrDynamite.integ:21460000006]]
04-23 22:51:59.625: I/PG Utils(9989): acquire_providerpkg:[com.google.android.gsf] pid:[] maybe timeout , send to PG
04-23 22:51:59.625: I/PG Utils(9989): acquire_providerpkg:[com.google.android.gsf] pid:[] maybe timeout , send to PG
04-23 22:51:59.635: I/ActivityManager(2958): filter receiver for action = com.google.android.gms.gcm.ACTION_SCHEDULE
04-23 22:51:59.655: I/GservicesProvider(9488): override update completed
04-23 22:51:59.655: I/ActivityManager(2958): filter receiver for action = com.google.gservices.intent.action.GSERVICES_CHANGED
04-23 22:51:59.655: I/PG Utils(12616): acquire_providerpkg:[com.google.android.gsf] pid:[] maybe timeout , send to PG
04-23 22:51:59.665: I/TestSupport(12759): GServices override confirmed: finsky.daily_hygiene_schedule_unauthenticated=false
04-23 22:51:59.675: I/MobileDataHub(12759): Scheduling periodic tasks
04-23 22:51:59.705: I/PG Utils(11706): acquire_providerpkg:[com.google.android.gsf] pid:[] maybe timeout , send to PG
04-23 22:51:59.715: I/PG Utils(11706): acquire_providerpkg:[com.google.android.gsf] pid:[] maybe timeout , send to PG
04-23 22:51:59.735: I/art(9488): Explicit concurrent mark sweep GC freed 12179(629KB) AllocSpace objects, 1(48KB) LOS objects, 40% free, 13MB/22MB, paused 1.504ms total 39.410ms
04-23 22:51:59.755: I/TestSupport(12759): SetOverrideOperation: finsky.background_split_installs_blacklist = com.android.chrome
04-23 22:51:59.765: I/GservicesUpdateTask(8762): Updating Gservices keys
04-23 22:51:59.765: E/UpdateRequestReceiver(13822): Received malformed URL while handling Gservices.CHANGED_ACTION
04-23 22:51:59.775: I/PG Utils(8762): acquire_providerpkg:[com.google.android.gsf] pid:[] maybe timeout , send to PG
04-23 22:51:59.775: E/UpdateRequestReceiver(13822): Received malformed URL while handling Gservices.CHANGED_ACTION
04-23 22:51:59.775: I/PG Utils(9989): acquire_providerpkg:[com.google.android.gsf] pid:[] maybe timeout , send to PG
04-23 22:51:59.775: E/UpdateRequestReceiver(13822): Received malformed URL while handling Gservices.CHANGED_ACTION
04-23 22:51:59.785: E/UpdateRequestReceiver(13822): Received malformed URL while handling Gservices.CHANGED_ACTION
04-23 22:51:59.785: I/PG Utils(11706): acquire_providerpkg:[com.google.android.gsf] pid:[] maybe timeout , send to PG
04-23 22:51:59.785: I/art(12759): Explicit concurrent mark sweep GC freed 35767(2MB) AllocSpace objects, 8(460KB) LOS objects, 34% free, 30MB/46MB, paused 8.933ms total 230.845ms
04-23 22:51:59.825: I/PG Utils(8762): acquire_providerpkg:[com.google.android.gsf] pid:[] maybe timeout , send to PG
04-23 22:51:59.835: I/PG Utils(9989): acquire_providerpkg:[com.google.android.gsf] pid:[] maybe timeout , send to PG
04-23 22:51:59.855: I/PG Utils(8762): acquire_providerpkg:[com.google.android.gsf] pid:[] maybe timeout , send to PG
04-23 22:51:59.865: I/GeofencerStateMachine(9989): sendQueryLocationOptIn
04-23 22:51:59.895: I/PG Utils(11706): acquire_providerpkg:[com.google.android.gsf] pid:[] maybe timeout , send to PG
04-23 22:51:59.915: I/PG Utils(11706): acquire_providerpkg:[com.google.android.gsf] pid:[] maybe timeout , send to PG
04-23 22:51:59.955: I/PG Utils(11706): acquire_providerpkg:[com.google.android.gsf] pid:[] maybe timeout , send to PG
04-23 22:51:59.975: I/PG Utils(11706): acquire_providerpkg:[com.google.android.gsf] pid:[] maybe timeout , send to PG
04-23 22:51:59.995: I/PG Utils(11706): acquire_providerpkg:[com.google.android.gsf] pid:[] maybe timeout , send to PG
04-23 22:52:00.045: I/art(2958): Explicit concurrent mark sweep GC freed 31592(1798KB) AllocSpace objects, 0(0B) LOS objects, 33% free, 28MB/42MB, paused 2.350ms total 247.490ms
04-23 22:52:00.055: I/HwLauncher(3555): Model onReceive intent=Intent { act=android.intent.action.TIME_TICK flg=0x50000014 (has extras) }
04-23 22:52:00.055: I/TimeManager(3174): receiver action = android.intent.action.TIME_TICK
04-23 22:52:00.055: I/TimeManager(3174): send message delay millis = 60931 ms
04-23 22:52:00.055: I/TimeManager(3174): hand message 1
04-23 22:52:00.055: I/TimeManager(3174): notify time change. size = 2
04-23 22:52:00.055: I/TimeLayout(3174): time = 10:52 PM
04-23 22:52:00.055: I/TimeLayout(3174): updateDate date = 4/23/2020
04-23 22:52:00.065: I/GeofencerStateMachine(9989): sendQueryLocationOptIn
04-23 22:52:00.065: I/GeofencerStateMachine(9989): sendQueryLocationOptIn
04-23 22:52:00.065: I/TimeLayout(3174): weekDay = Thursday
04-23 22:52:00.075: I/GeofencerStateMachine(9989): sendQueryLocationOptIn
04-23 22:52:00.075: I/GeofencerStateMachine(9989): sendQueryLocationOptIn
04-23 22:52:00.085: I/GeofencerStateMachine(9989): sendQueryLocationOptIn
04-23 22:52:00.085: I/GeofencerStateMachine(9989): sendQueryLocationOptIn
04-23 22:52:00.095: I/GCoreUlr(9989): WorldUpdater received intent Intent { act=com.google.android.location.reporting.ACTION_UPDATE_WORLD cmp=com.google.android.gms/com.google.android.location.reporting.service.DispatchingService (has extras) } with receiverAction com.google.gservices.intent.action.GSERVICES_CHANGED
04-23 22:52:00.135: I/HwLauncher(3555): CalenderDynamicUpdater date changed!!!!!!
04-23 22:52:00.135: I/HwLauncher(3555): CalenderDynamicUpdater date changed end
04-23 22:52:00.135: I/HwLauncher(3555): ClockDynamicUpdater date changed!!!!!!
04-23 22:52:00.135: I/HwLauncher(3555): ClockDynamicUpdater date changed end
04-23 22:52:00.145: I/HwLauncher(3555): DynamicIconData , getDrawableForDynamic begin, pkg = com.android.deskclock, picName = deskclock_bg
04-23 22:52:00.145: I/HwLauncher(3555): DynamicIconData , getDrawableForDynamic end, pkg = com.android.deskclock, picName = deskclock_bg
04-23 22:52:00.145: I/HwLauncher(3555): DynamicIconData , getDrawableForDynamic begin, pkg = com.android.deskclock, picName = deskclock_bg
04-23 22:52:00.145: I/HwLauncher(3555): DynamicIconData , getDrawableForDynamic end, pkg = com.android.deskclock, picName = deskclock_bg
04-23 22:52:00.155: E/art(9989): invalid stream - problem with parameter iterator in /data/data/com.google.android.gms/code_cache/secondary-dexes/base.apk.classes2.zip for method void fca.c(java.lang.String, java.lang.String, java.lang.Object[])
04-23 22:52:00.155: W/NetRec(9989): [868] ConfigChangedIntentOperation.onHandleIntent: Device does not support scoring, exiting
04-23 22:52:00.155: I/Herrevad(9989): [861] abif.a: updateListenState
04-23 22:52:00.165: I/HwLauncher(3555): Launcher.Utilities createIconBitmap classname = null, sourceWidth = 114, sourceHeight = 114
04-23 22:52:00.165: I/HwLauncher(3555): ClockDynamicUpdater clock update folder at ClockDynamicUpdater
04-23 22:52:00.175: I/HwLauncher(3555): DynamicUpdater updateBitmap end and send update message
04-23 22:52:00.175: I/HwLauncher(3555): DynamicUpdater call updateFolder
04-23 22:52:00.195: I/art(9488): Explicit concurrent mark sweep GC freed 15112(781KB) AllocSpace objects, 2(72KB) LOS objects, 39% free, 13MB/23MB, paused 1.685ms total 201.321ms
04-23 22:52:00.235: I/MS_RegisterService(12759): Tachyon host: instantmessaging-pa.googleapis.com, Tachyon port: 443
04-23 22:52:00.245: I/Auth(9989): [AuthManaged,PasswordComplexityHelperImpl] Updating password complexity components state.
04-23 22:52:00.245: I/Auth(9989): [AuthManaged,PasswordComplexityHelperImpl] Disabling com.google.android.gms.auth.managed.admin.DeviceAdminReceiver
04-23 22:52:00.245: I/Auth(9989): [AuthManaged,PasswordComplexityHelperImpl] Disabling com.google.android.gms.auth.managed.ui.SetNewPasswordActivity
04-23 22:52:00.255: I/PG Utils(9989): acquire_providerpkg:[com.google.android.gsf] pid:[] maybe timeout , send to PG
04-23 22:52:00.255: I/PG Utils(9989): acquire_providerpkg:[com.google.android.gsf] pid:[] maybe timeout , send to PG
04-23 22:52:00.265: I/GCoreUlr(9989): WorldUpdater:com.google.gservices.intent.action.GSERVICES_CHANGED: Ensuring that reporting is stopped because of reasons: (no Google accounts)
04-23 22:52:00.295: I/GservicesProvider(9488): override update completed
04-23 22:52:00.295: I/PG Utils(12616): acquire_providerpkg:[com.google.android.gsf] pid:[] maybe timeout , send to PG
04-23 22:52:00.295: I/ActivityManager(2958): filter receiver for action = com.google.gservices.intent.action.GSERVICES_CHANGED
04-23 22:52:00.315: I/TestSupport(12759): GServices override confirmed: finsky.background_split_installs_blacklist=com.android.chrome
04-23 22:52:00.315: I/TSDRIVER(13787): Handled command: PACKAGE
04-23 22:52:00.325: I/PG Utils(11706): acquire_providerpkg:[com.google.android.gsf] pid:[] maybe timeout , send to PG
04-23 22:52:00.325: I/PG Utils(11706): acquire_providerpkg:[com.google.android.gsf] pid:[] maybe timeout , send to PG
04-23 22:52:00.335: I/MdiSyncModule(12759): flag handling is skipping irrelevant intent.
04-23 22:52:00.345: I/ActivityManager(2958): filter receiver for action = com.google.android.gms.gcm.ACTION_SCHEDULE
04-23 22:52:00.355: I/GservicesUpdateTask(8762): Updating Gservices keys
04-23 22:52:00.355: E/UpdateRequestReceiver(13822): Received malformed URL while handling Gservices.CHANGED_ACTION
04-23 22:52:00.355: I/PG Utils(8762): acquire_providerpkg:[com.google.android.gsf] pid:[] maybe timeout , send to PG
04-23 22:52:00.365: E/UpdateRequestReceiver(13822): Received malformed URL while handling Gservices.CHANGED_ACTION
04-23 22:52:00.365: E/UpdateRequestReceiver(13822): Received malformed URL while handling Gservices.CHANGED_ACTION
04-23 22:52:00.375: E/UpdateRequestReceiver(13822): Received malformed URL while handling Gservices.CHANGED_ACTION
04-23 22:52:00.375: I/PG Utils(11706): acquire_providerpkg:[com.google.android.gsf] pid:[] maybe timeout , send to PG
04-23 22:52:00.385: I/PG Utils(8762): acquire_providerpkg:[com.google.android.gsf] pid:[] maybe timeout , send to PG
04-23 22:52:00.395: I/PG Utils(8762): acquire_providerpkg:[com.google.android.gsf] pid:[] maybe timeout , send to PG
04-23 22:52:00.395: I/MS_Utils(12759): version of com.google.android.apps.maps = 914018223
04-23 22:52:00.405: I/PG Utils(12759): acquire_providerpkg:[com.google.android.gsf] pid:[] maybe timeout , send to PG
04-23 22:52:00.405: I/PG Utils(8762): acquire_providerpkg:[com.google.android.gsf] pid:[] maybe timeout , send to PG
04-23 22:52:00.405: I/PG Utils(12759): acquire_providerpkg:[com.google.android.gsf] pid:[] maybe timeout , send to PG
04-23 22:52:00.415: I/PG Utils(12759): acquire_providerpkg:[com.google.android.gsf] pid:[] maybe timeout , send to PG
04-23 22:52:00.415: I/PG Utils(11706): acquire_providerpkg:[com.google.android.gsf] pid:[] maybe timeout , send to PG
04-23 22:52:00.435: I/PG Utils(11706): acquire_providerpkg:[com.google.android.gsf] pid:[] maybe timeout , send to PG
04-23 22:52:00.465: I/PG Utils(11706): acquire_providerpkg:[com.google.android.gsf] pid:[] maybe timeout , send to PG
04-23 22:52:00.465: I/art(9488): Explicit concurrent mark sweep GC freed 4441(187KB) AllocSpace objects, 0(0B) LOS objects, 40% free, 13MB/22MB, paused 699us total 31.055ms
04-23 22:52:00.485: I/PG Utils(12759): acquire_providerpkg:[com.google.android.gsf] pid:[] maybe timeout , send to PG
04-23 22:52:00.485: I/PG Utils(11706): acquire_providerpkg:[com.google.android.gsf] pid:[] maybe timeout , send to PG
