04-23 22:52:16.075: E/AuthService(14873): at cw.a(PG:178)
04-23 22:52:16.075: E/AuthService(14873): at cw.a(PG:26)
04-23 22:52:16.075: E/AuthService(14873): at l.onTransact(PG:8)
04-23 22:52:16.075: E/AuthService(14873): at android.os.Binder.execTransact(Binder.java:446)
04-23 22:52:16.075: E/AuthService(14873): Caused by: android.os.DeadObjectException
04-23 22:52:16.075: E/AuthService(14873): at android.os.BinderProxy.transactNative(Native Method)
04-23 22:52:16.075: E/AuthService(14873): at android.os.BinderProxy.transact(Binder.java:496)
04-23 22:52:16.075: E/AuthService(14873): at bl.a(Unknown Source)
04-23 22:52:16.075: E/AuthService(14873): at az.a(Unknown Source)
04-23 22:52:16.075: E/AuthService(14873): ... 12 more
04-23 22:52:16.075: I/AuthService(14873): [AccountService] Execution time for add account with authorization code, options: Bundle[{}] is 3110 ms.
04-23 22:52:16.085: W/System.err(15092): Can't open carrierweekinfo-conf.xml
04-23 22:52:16.095: I/HwSystemManager(3669): HoldService:uid:10010 pid:9989 died
04-23 22:52:16.095: I/HwSystemManager(3669): HoldService:oldVersionKey:10010,9989
04-23 22:52:16.095: I/HwSystemManager(3669): HoldService:uid:10010 pid:12759 died
04-23 22:52:16.095: I/HwSystemManager(3669): HoldService:oldVersionKey:10010,12759
04-23 22:52:16.095: I/HwSystemManager(3669): BgPowerManagerService:onProcessDied uid = 10010
04-23 22:52:16.095: E/HsmCoreServiceImpl(2958): onTransact in code is: 102
04-23 22:52:16.095: I/MediaProcessHandler(2958): processOp opType: 1, uid: 10010, pid: 9989
04-23 22:52:16.095: W/MediaProcessHandler(2958): remove target not exist, maybe the UI process: uid: 10010, pid: 9989
04-23 22:52:16.095: I/HwSystemManager(3669): BgPowerManagerService:onProcessDied uid = 10010
04-23 22:52:16.095: I/HwSystemManager(3669): BgPowerManagerService:onProcessDied uid = 10010
04-23 22:52:16.095: E/HsmCoreServiceImpl(2958): onTransact in code is: 102
04-23 22:52:16.095: I/MediaProcessHandler(2958): processOp opType: 1, uid: 10010, pid: 12759
04-23 22:52:16.095: W/MediaProcessHandler(2958): remove target not exist, maybe the UI process: uid: 10010, pid: 12759
04-23 22:52:16.095: I/HwSystemManager(3669): HoldService:uid:10010 pid:13970 died
04-23 22:52:16.095: I/HwSystemManager(3669): HoldService:oldVersionKey:10010,13970
04-23 22:52:16.105: E/HsmCoreServiceImpl(2958): onTransact in code is: 102
04-23 22:52:16.105: I/MediaProcessHandler(2958): processOp opType: 1, uid: 10010, pid: 13970
04-23 22:52:16.105: W/MediaProcessHandler(2958): remove target not exist, maybe the UI process: uid: 10010, pid: 13970
04-23 22:52:16.215: I/Finsky(15092): [1] ecg.bj(7): Process created at version: 18.9.11-all [0] [PR] 295870256
04-23 22:52:16.215: I/HwSystemManager(3669): BgPowerManagerService:onProcessDied uid = 10002
04-23 22:52:16.215: I/HwSystemManager(3669): HoldService:uid:10002 pid:13568 died
04-23 22:52:16.215: I/HwSystemManager(3669): HoldService:oldVersionKey:10002,13568
04-23 22:52:16.215: E/HsmCoreServiceImpl(2958): onTransact in code is: 102
04-23 22:52:16.215: I/MediaProcessHandler(2958): processOp opType: 1, uid: 10002, pid: 13568
04-23 22:52:16.215: W/MediaProcessHandler(2958): remove target not exist, maybe the UI process: uid: 10002, pid: 13568
04-23 22:52:16.355: W/Finsky.LemonNotifier(15092): Language: de in 309 ms
04-23 22:52:16.375: I/PG Utils(15092): acquire_providerpkg:[com.google.android.gsf] pid:[] maybe timeout , send to PG
04-23 22:52:16.425: E/WifiStateMachine(2958): ConnectedState !CMD_RSSI_POLL 1 0 "wl-ftl-mt03-1-24" 44:48:c1:91:9d:e0 rssi=-53 f=2412 sc=100 link=72 tx=25,5, 0,0, 0,0 rx=110,0 bcn=0 [on:0 tx:0 rx:0 period:3003] from screen [on:0 period:-1430363079] gl u24 rssi=-53 ag=0 hr ticks 0,0,0 ls-=0 [56,56,60,60,65] brc=0 lrc=0
04-23 22:52:16.425: E/WifiStateMachine(2958): L2ConnectedState !CMD_RSSI_POLL 1 0 "wl-ftl-mt03-1-24" 44:48:c1:91:9d:e0 rssi=-53 f=2412 sc=100 link=72 tx=25,5, 0,0, 0,0 rx=110,0 bcn=0 [on:0 tx:0 rx:0 period:0] from screen [on:0 period:-1430363079] gl u24 rssi=-53 ag=0 hr ticks 0,0,0 ls-=0 [56,56,60,60,65] brc=0 lrc=0
04-23 22:52:16.425: E/WifiStateMachine(2958): fetchRssiLinkSpeedAndFrequencyNative rssi=-52 linkspeed=72 SSID="wl-ftl-mt03-1-24"
04-23 22:52:16.425: E/WifiStateMachine(2958): calculateWifiScore freq=2412 speed=72 score=100 highRSSI -> txbadrate=0,00 txgoodrate=36,76 txretriesrate=0,00 rxrate=125,50 userTriggerdPenalty0
04-23 22:52:16.425: E/WifiStateMachine(2958): good link -> stuck count =0
04-23 22:52:16.425: E/WifiStateMachine(2958): badRSSI count0 lowRSSI count0 --> score 60
04-23 22:52:16.425: E/WifiStateMachine(2958): isHighRSSI ---> score=65
04-23 22:52:16.565: I/Finsky(15092): [224] rig.a(37): Started reading experiment flags from file [0tGUNCGIkbk4o6-fQ335kUYSKwVj4lusnHT-A5Dsy08].
04-23 22:52:16.565: I/art(15092): Can not find class: Lorg/robolectric/Robolectric;
04-23 22:52:16.565: I/art(15092): Can not find class: Lcom/google/protobuf/DescriptorMessageInfoFactory;
04-23 22:52:16.565: I/art(15092): Can not find class: Lcom/google/protobuf/GeneratedMessage;
04-23 22:52:16.565: I/art(15092): Can not find class: Lcom/google/protobuf/UnknownFieldSetSchema;
04-23 22:52:16.565: I/art(15092): Can not find class: Lcom/google/protobuf/UnknownFieldSetSchema;
04-23 22:52:16.565: I/art(15092): Can not find class: Lcom/google/protobuf/NewInstanceSchemaFull;
04-23 22:52:16.565: I/art(15092): Can not find class: Lcom/google/protobuf/ExtensionSchemaFull;
04-23 22:52:16.575: I/art(15092): Can not find class: Lcom/google/protobuf/MapFieldSchemaFull;
04-23 22:52:16.585: I/Finsky(15092): [224] rig.a(48): Finished reading experiment flags from file [0tGUNCGIkbk4o6-fQ335kUYSKwVj4lusnHT-A5Dsy08].
04-23 22:52:16.595: I/Finsky(15092): [224] rig.a(37): Started reading experiment flags from file [Se-xCc4LzNyh3UrKMIU2sUf-PUKz4oQEbpKZDMuaFno].
04-23 22:52:16.595: I/Finsky(15092): [224] rig.a(48): Finished reading experiment flags from file [Se-xCc4LzNyh3UrKMIU2sUf-PUKz4oQEbpKZDMuaFno].
04-23 22:52:16.665: I/Finsky(15092): [1] ttj.(21): Resetting scheduler db
04-23 22:52:16.685: I/Finsky(15092): [221] ecg.U(6): Not a unicorn account
04-23 22:52:16.695: I/art(15092): Can not find class: Lcom/google/android/gms/net/PlayServicesCronetProvider;
04-23 22:52:16.695: I/art(15092): Can not find class: Lcom/google/android/gms/net/GmsCoreCronetProvider;
04-23 22:52:16.705: I/akcb(15092): SslGuard completed installation.
04-23 22:52:16.725: I/cr_CronetLibraryLoader(15092): Cronet version: 81.0.4040.6, arch: armv7l
04-23 22:52:16.735: W/Finsky(15092): [220] dri.a(23): For unauth, use getDfeApiNonAuthenticated() instead!
04-23 22:52:16.735: I/Finsky(15092): [221] xud.a(2): Disable SystemUpdateActivity, because Android is lower than Q
04-23 22:52:16.765: I/Finsky(15092): [229] xuc.run(4): Set SystemUpdateActivity enabled state to 2
04-23 22:52:16.765: W/Settings(15092): Setting download_manager_max_bytes_over_mobile has moved from android.provider.Settings.Secure to android.provider.Settings.Global.
04-23 22:52:16.765: I/Finsky(15092): [221] pyp.a(5): SettingNotFoundException, fall through to G.downloadBytesOverMobileMaximum
04-23 22:52:16.775: W/Settings(15092): Setting download_manager_recommended_max_bytes_over_mobile has moved from android.provider.Settings.Secure to android.provider.Settings.Global.
04-23 22:52:16.775: I/Finsky(15092): [221] pyp.a(9): SettingNotFoundException, fall through to G.downloadBytesOverMobileRecommended
04-23 22:52:16.775: I/Finsky(15092): [223] ozs.c(4): Enqueuing libraries load for 0
04-23 22:52:16.775: W/System.err(2958): java.lang.SecurityException: WifiService: Neither user 10025 nor current process has android.permission.CHANGE_WIFI_STATE.
04-23 22:52:16.775: I/Finsky(15092): [234] ozs.a(25): Starting libraries load for 0
04-23 22:52:16.775: W/System.err(2958): at android.app.ContextImpl.enforce(ContextImpl.java:1962)
04-23 22:52:16.775: W/System.err(2958): at android.app.ContextImpl.enforceCallingOrSelfPermission(ContextImpl.java:1991)
04-23 22:52:16.775: W/System.err(2958): at com.android.server.wifi.WifiServiceImpl.enforceChangePermission(WifiServiceImpl.java:784)
04-23 22:52:16.775: W/System.err(2958): at com.android.server.wifi.WifiServiceImpl.getWifiServiceMessenger(WifiServiceImpl.java:1903)
04-23 22:52:16.775: W/System.err(2958): at android.net.wifi.IWifiManager$Stub.onTransact(IWifiManager.java:495)
04-23 22:52:16.775: W/System.err(2958): at com.android.server.wifi.HwWifiService.onTransact(HwWifiService.java:61)
04-23 22:52:16.775: W/System.err(2958): at android.os.Binder.execTransact(Binder.java:446)
04-23 22:52:16.775: E/WifiManager(15092): WifiServiceMessenger == null
04-23 22:52:16.795: I/Finsky(15092): [221] aaep.l(4): Setup app restrictions monitor
04-23 22:52:16.795: I/Finsky(15092): [221] aagm.a(4): Device wide unknown source restriction is changed.
04-23 22:52:16.805: I/ActivityManager(2958): filter receiver for action = com.google.android.finsky.action.UPDATE_SETTINGS_ACTION
04-23 22:52:16.825: I/Finsky(15092): [234] ozs.a(47): Finished loading 0 libraries.
04-23 22:52:16.855: I/art(15092): Can not find class: Landroid/view/View$OnContextClickListener;
04-23 22:52:16.855: I/art(15092): Rejecting re-init on previously-failed class java.lang.Class
04-23 22:52:16.855: I/art(15092): Can not find class: Lrvr;
04-23 22:52:16.855: I/art(15092): Rejecting re-init on previously-failed class java.lang.Class
04-23 22:52:16.905: I/art(15092): Can not find class: Landroid/os/LocaleList;
04-23 22:52:16.935: I/art(15092): Can not find class: Landroid/hardware/biometrics/BiometricManager;
04-23 22:52:16.935: I/art(15092): Can not find class: Landroid/security/keystore/KeyGenParameterSpec$Builder;
04-23 22:52:16.935: I/art(15092): Can not find class: Landroid/hardware/biometrics/BiometricManager;
04-23 22:52:16.935: I/art(15092): Can not find class: Landroid/hardware/fingerprint/FingerprintManager;
04-23 22:52:16.945: I/art(15092): Can not find class: Landroid/hardware/fingerprint/FingerprintManager;
04-23 22:52:16.945: I/art(15092): Can not find class: Landroid/hardware/fingerprint/FingerprintManager;
04-23 22:52:16.955: I/Finsky(15092): [1] LocaleChangedReceiver.a(9): Clear all Billing acquire cache.
04-23 22:52:16.965: I/Finsky(15092): [1] LocaleChangedReceiver.a(10): Entering LocaleChangedReceiver.
04-23 22:52:16.965: I/Finsky(15092): [229] fkw.a(7): Commerce cache was cleared.
04-23 22:52:16.965: I/art(15092): Can not find class: Landroid/os/LocaleList;
04-23 22:52:16.965: I/Finsky(15092): [1] ksa.a(9): Task 9 requested foreground
04-23 22:52:16.965: I/Finsky(15092): [1] ksa.a(19): Entering foreground
04-23 22:52:16.965: I/Finsky(15092): [1] abge.a(9): Clearing cache.
04-23 22:52:17.105: I/art(15092): Can not find class: Landroid/app/BroadcastOptions;
04-23 22:52:17.115: I/PG Utils(15092): acquire_providerpkg:[com.google.android.gsf] pid:[] maybe timeout , send to PG
04-23 22:52:17.135: I/Finsky(15092): [1] mra.(12): Installer: Setting Parallelism[DEFAULT]
04-23 22:52:17.135: I/Finsky(15092): [1] mni.a(18): Installer: Attempting to start installer
04-23 22:52:17.155: I/HwSystemManager(3669): ContactsObserverHelper:onContactsChanged: Start to handle contacts change message
04-23 22:52:17.155: I/HwSystemManager(3669): bbe:onPreContactsChange: Starts
04-23 22:52:17.165: I/HwSystemManager(3669): ContactsObserver:onPreContactsChange: Starts
04-23 22:52:17.165: I/HwSystemManager(3669): ContactsObserver:loadLocalContacts: No contacts
04-23 22:52:17.165: I/Finsky(15092): [1] mio.(8): Not checking if recovering from paused session because experiment is off
04-23 22:52:17.165: I/PG Utils(3669): acquire_providerpkg:[com.android.providers.contacts] pid:[] maybe timeout , send to PG
04-23 22:52:17.205: I/art(15209): Can not find class: Ladvf;
04-23 22:52:17.205: I/art(15209): Can not find class: Ladvf;
04-23 22:52:17.215: I/art(15209): Can not find class: Ladvv;
04-23 22:52:17.365: I/art(2958): Explicit concurrent mark sweep GC freed 23465(1398KB) AllocSpace objects, 2(40KB) LOS objects, 33% free, 27MB/41MB, paused 2.002ms total 181.736ms
04-23 22:52:17.375: I/PG Utils(15209): acquire_providerpkg:[com.google.android.gsf] pid:[] maybe timeout , send to PG
04-23 22:52:17.375: I/Finsky(15092): [1] ksg.onServiceConnected(2): ForegroundServiceConnection connected for task 9
04-23 22:52:17.375: I/HwSystemManager(3669): ContactsObserverHelper:applyContactsUpdate: Starts
04-23 22:52:17.375: I/HwSystemManager(3669): bbe:onContactsChange: Starts
04-23 22:52:17.375: I/HwSystemManager(3669): ContactsObserverHelper:applyContactsUpdate: Ends
04-23 22:52:17.385: I/System(15092): core_booster, getBoosterConfig = false
04-23 22:52:17.435: W/Finsky(15092): [1] qci.a(38): Unable to check the existence of the notification on pre-M devices
04-23 22:52:17.445: I/MultiDex(15209): VM with version 2.1.0 has multidex support
04-23 22:52:17.445: I/MultiDex(15209): Installing application
04-23 22:52:17.445: I/MultiDex(15209): MultiDexExtractor(/data/app/com.google.android.gms-1/base.apk, /data/data/com.google.android.gms/code_cache/secondary-dexes)
04-23 22:52:17.445: I/MultiDex(15209): Blocking on lock /data/data/com.google.android.gms/code_cache/secondary-dexes/MultiDex.lock
04-23 22:52:17.445: I/MultiDex(15209): /data/data/com.google.android.gms/code_cache/secondary-dexes/MultiDex.lock locked
04-23 22:52:17.445: I/MultiDex(15209): MultiDexExtractor.load(/data/app/com.google.android.gms-1/base.apk, false, )
04-23 22:52:17.445: I/art(15092): Can not find class: Ljavax/net/ssl/SNIServerName;
04-23 22:52:17.445: I/art(15092): Can not find class: Ljavax/net/ssl/SNIHostName;
04-23 22:52:17.445: I/art(15092): Can not find class: Ljavax/net/ssl/SNIHostName;
04-23 22:52:17.445: I/art(15092): Can not find class: Ljavax/net/ssl/SNIHostName;
04-23 22:52:17.445: I/MultiDex(15209): loading existing secondary dex files
04-23 22:52:17.455: I/art(15092): Can not find class: Ljavax/net/ssl/ExtendedSSLSession;
04-23 22:52:17.455: I/MultiDex(15209): load found 6 secondary dex files
04-23 22:52:17.455: I/art(15092): Rejecting re-init on previously-failed class java.lang.Class
04-23 22:52:17.455: I/art(15092): Can not find class: Lorg/conscrypt/Java7ExtendedSSLSession;
04-23 22:52:17.455: I/art(15092): Rejecting re-init on previously-failed class java.lang.Class
04-23 22:52:17.455: I/art(15092): Rejecting re-init on previously-failed class java.lang.Class
04-23 22:52:17.455: I/art(15092): Can not find class: Lorg/conscrypt/Java8ExtendedSSLSession;
04-23 22:52:17.455: I/art(15092): Rejecting re-init on previously-failed class java.lang.Class
04-23 22:52:17.455: I/MultiDex(15209): install done
04-23 22:52:17.475: I/art(2958): Can not find class: Lcom/android/server/am/ServiceRecord$1;
04-23 22:52:17.485: I/Finsky(15092): [1] qdh.a(2): Showing notification: [ID=NOTIFICATION_FOREGROUND_TASK_USER_LANGUAGE_CHANGE, Tag=null, Title=, Message=Nach zusätzlichen Sprachinhalten wird gesucht…, returnCode=-1, uiElementType=960]
04-23 22:52:17.485: I/Finsky(15092): [1] zjw.run(3): Checking for new language splits.
04-23 22:52:17.485: I/Finsky(15092): [1] zkk.a(4): Updating language store, changed to [de_DE]
04-23 22:52:17.485: I/OpenSSLInstaller(15092): Installed default security provider OpenSSLProvider
04-23 22:52:17.495: I/System(15092): core_booster, getBoosterConfig = false
04-23 22:52:17.495: I/Finsky(15092): [260] zkc.a(3): Existing languages: []
04-23 22:52:17.495: I/Finsky(15092): [1] mni.a(236): Installer kick - no action, not running yet
04-23 22:52:17.505: I/System(15092): core_booster, getBoosterConfig = false
04-23 22:52:17.515: I/PG Utils(15092): acquire_providerpkg:[com.android.providers.downloads] pid:[] maybe timeout , send to PG
04-23 22:52:17.515: I/art(3174): Can not find class: Lhuawei/android/view/FrameLayout;
04-23 22:52:17.525: I/art(3174): Can not find class: Lhuawei/android/widget/FrameLayout;
04-23 22:52:17.525: I/art(3174): Can not find class: Lhuawei/android/view/ImageView;
04-23 22:52:17.525: I/art(3174): Can not find class: Lhuawei/android/widget/ImageView;
04-23 22:52:17.535: I/art(3174): Can not find class: Lhuawei/android/view/LinearLayout;
04-23 22:52:17.535: I/art(3174): Can not find class: Lhuawei/android/widget/LinearLayout;
04-23 22:52:17.535: I/art(3174): Can not find class: Lhuawei/android/view/TextView;
04-23 22:52:17.535: I/art(3174): Can not find class: Lhuawei/android/widget/TextView;
04-23 22:52:17.535: I/art(3174): Can not find class: Lhuawei/android/view/ViewStub;
04-23 22:52:17.535: I/art(3174): Can not find class: Lhuawei/android/widget/ViewStub;
04-23 22:52:17.535: I/art(3174): Can not find class: Landroid/widget/ViewStub;
04-23 22:52:17.535: I/art(3174): Can not find class: Landroid/webkit/ViewStub;
04-23 22:52:17.535: I/art(3174): Can not find class: Landroid/app/ViewStub;
04-23 22:52:17.545: I/Finsky(15092): [280] mmj.run(2): Installer: Installer starting.
04-23 22:52:17.545: I/Finsky(15092): [280] mmj.run(4): Installer: Installer started.
04-23 22:52:17.545: I/Finsky(15092): [1] mni.a(243): Installer: found apps to install. isMultiUserMode=false, apps=[]
04-23 22:52:17.545: I/Finsky(15092): [260] zkf.a(2): Language change to [de_DE], of which [de_DE] are new, removed [].
04-23 22:52:17.555: I/Finsky(15092): [238] zir.run(2): Checking for language splits...
04-23 22:52:17.555: I/art(3174): Can not find class: Lhuawei/android/view/FrameLayout;
04-23 22:52:17.565: I/art(3174): Can not find class: Lhuawei/android/widget/FrameLayout;
04-23 22:52:17.565: I/art(3174): Can not find class: Lhuawei/android/view/ImageView;
04-23 22:52:17.565: I/art(3174): Can not find class: Lhuawei/android/widget/ImageView;
04-23 22:52:17.565: I/art(3174): Can not find class: Lhuawei/android/view/LinearLayout;
04-23 22:52:17.565: I/art(3174): Can not find class: Lhuawei/android/widget/LinearLayout;
04-23 22:52:17.575: I/art(3174): Can not find class: Lhuawei/android/view/TextView;
04-23 22:52:17.575: I/art(3174): Can not find class: Lhuawei/android/widget/TextView;
04-23 22:52:17.575: I/art(3174): Can not find class: Lhuawei/android/view/ViewStub;
04-23 22:52:17.575: I/art(3174): Can not find class: Lhuawei/android/widget/ViewStub;
04-23 22:52:17.575: I/art(3174): Can not find class: Landroid/widget/ViewStub;
04-23 22:52:17.575: I/art(3174): Can not find class: Landroid/webkit/ViewStub;
04-23 22:52:17.575: I/art(3174): Can not find class: Landroid/app/ViewStub;
04-23 22:52:17.585: I/art(3174): Can not find class: Lhuawei/android/view/ProgressBar;
04-23 22:52:17.585: I/art(3174): Can not find class: Lhuawei/android/widget/ProgressBar;
04-23 22:52:17.585: I/art(15209): Can not find class: Lcom/google/android/gms/dynamite/descriptors/providerinstaller/ModuleDescriptor;
04-23 22:52:17.585: W/DynamiteModule(15209): Local module descriptor class for providerinstaller not found.
04-23 22:52:17.615: W/ProviderHelper(15209): Unknown dynamite feature providerinstaller
04-23 22:52:17.625: I/Finsky(15092): [1] ttj.a(7): SCH: Jobs in database: 1-1337 12-1 21-333333333 24-77777777 26-1414141414 29-29
04-23 22:52:17.635: I/DynamiteModule(15209): Considering local module providerinstaller:0 and remote module providerinstaller:0
04-23 22:52:17.635: W/ProviderInstaller(15209): Failed to load providerinstaller module: No acceptable module found. Local version is 0 and remote version is 0.
04-23 22:52:17.635: I/Finsky(15092): [1] toy.a(5): Scheduling wakeup in 59010 (absolute: 479459)
04-23 22:52:17.665: I/PhoneStatusBar(3174): notification pkg =com.android.settings
04-23 22:52:17.665: I/PhoneStatusBar(3174): notification provisioned=true, score =10, [score > HIDE_ICONS_BELOW_SCORE] =true, showNotificationEvenIfUnprovisioned = false
04-23 22:52:17.665: I/PhoneStatusBar(3174): notification pkg =com.google.android.apps.mtaas.backdrop
04-23 22:52:17.665: I/PhoneStatusBar(3174): notification provisioned=true, score =0, [score > HIDE_ICONS_BELOW_SCORE] =true, showNotificationEvenIfUnprovisioned = false
04-23 22:52:17.665: I/PhoneStatusBar(3174): notification pkg =com.android.server.telecom
04-23 22:52:17.665: I/PhoneStatusBar(3174): notification provisioned=true, score =0, [score > HIDE_ICONS_BELOW_SCORE] =true, showNotificationEvenIfUnprovisioned = false
04-23 22:52:17.665: I/PhoneStatusBar(3174): notification pkg =android
04-23 22:52:17.665: I/PhoneStatusBar(3174): notification provisioned=true, score =-10, [score > HIDE_ICONS_BELOW_SCORE] =true, showNotificationEvenIfUnprovisioned = false
04-23 22:52:17.665: I/PhoneStatusBar(3174): notification pkg =com.android.vending
04-23 22:52:17.665: I/PhoneStatusBar(3174): notification provisioned=true, score =-10, [score > HIDE_ICONS_BELOW_SCORE] =true, showNotificationEvenIfUnprovisioned = false
04-23 22:52:17.685: I/Finsky(15092): [1] vdt.a(25): Connecting InstallListener to SplitInstallService broadcaster...
04-23 22:52:17.735: I/art(15209): Can not find class: Ljavax/net/ssl/SNIServerName;
04-23 22:52:17.745: I/art(15209): Can not find class: Ljavax/net/ssl/SNIHostName;
04-23 22:52:17.745: I/art(15209): Can not find class: Ljavax/net/ssl/SNIHostName;
04-23 22:52:17.745: I/art(15209): Can not find class: Ljavax/net/ssl/SNIHostName;
04-23 22:52:17.745: I/HwSystemManager(3669): HoldService:uid:10106 pid:13787 died
04-23 22:52:17.745: I/HwSystemManager(3669): HoldService:oldVersionKey:10106,13787
04-23 22:52:17.745: I/HwSystemManager(3669): BgPowerManagerService:onProcessDied uid = 10106
04-23 22:52:17.745: E/HsmCoreServiceImpl(2958): onTransact in code is: 102
04-23 22:52:17.745: I/MediaProcessHandler(2958): processOp opType: 1, uid: 10106, pid: 13787
04-23 22:52:17.745: W/MediaProcessHandler(2958): remove target not exist, maybe the UI process: uid: 10106, pid: 13787
04-23 22:52:17.795: I/art(15209): Can not find class: Lcom/google/android/gms/org/conscrypt/OpenSSLSocketFactoryImpl;
04-23 22:52:17.805: W/System(15209): Could not create com.google.android.gms.org.conscrypt.OpenSSLSocketFactoryImpl with ClassLoader android.app.LoadedApk$WarningContextClassLoader@11fda97a: com.google.android.gms.org.conscrypt.OpenSSLSocketFactoryImpl
04-23 22:52:17.805: I/ProviderInstaller(15209): Installed default security provider GmsCore_OpenSSL
04-23 22:52:17.825: I/Safeboot(15209): Checking safeboot...
04-23 22:52:17.895: W/Finsky(15092): [238] dri.a(23): For unauth, use getDfeApiNonAuthenticated() instead!
04-23 22:52:17.895: I/Finsky(15092): [238] dri.a(26): getDfeApiOrNonauthenticated is returning unauth api
04-23 22:52:17.915: I/PG Utils(15092): acquire_providerpkg:[com.google.android.gsf] pid:[] maybe timeout , send to PG
04-23 22:52:17.925: I/art(15092): Background sticky concurrent mark sweep GC freed 51163(2MB) AllocSpace objects, 24(407KB) LOS objects, 12% free, 23MB/27MB, paused 9.966ms total 87.586ms
04-23 22:52:17.935: I/PG Utils(15092): acquire_providerpkg:[com.google.android.gsf] pid:[] maybe timeout , send to PG
04-23 22:52:17.955: I/art(15092): Can not find class: Landroid/app/NotificationChannel;
04-23 22:52:17.975: I/PG Utils(15092): acquire_providerpkg:[com.google.android.gsf] pid:[] maybe timeout , send to PG
04-23 22:52:17.995: I/art(9488): Explicit concurrent mark sweep GC freed 2976(121KB) AllocSpace objects, 0(0B) LOS objects, 40% free, 13MB/22MB, paused 536us total 33.639ms
04-23 22:52:18.005: I/Safeboot Condition(15209): No need to enter Safeboot.
04-23 22:52:18.085: E/WifiStateMachine(2958): ConnectedState !CMD_START_SCAN -2 -2 ic=19 proc(ms):3 dur:280 rssi=-52 f=2412 sc=100 link=72 tx=36,8, 0,0, 0,0 rx=125,5 fiv=20000 [on:0 tx:0 rx:0 period:1656] from screen [on:0 period:-1430361420]
04-23 22:52:18.095: E/WifiStateMachine(2958): L2ConnectedState !CMD_START_SCAN -2 -2 ic=19 proc(ms):4 dur:280 rssi=-52 f=2412 sc=100 link=72 tx=36,8, 0,0, 0,0 rx=125,5 fiv=20000 [on:0 tx:0 rx:0 period:1] from screen [on:0 period:-1430361419]
04-23 22:52:18.095: E/WifiStateMachine(2958): WifiStateMachine CMD_START_SCAN source -2 txSuccessRate=36,76 rxSuccessRate=125,50 targetRoamBSSID=44:48:c1:91:9d:e0 RSSI=-52
04-23 22:52:18.095: E/WifiStateMachine(2958): WifiStateMachine CMD_START_SCAN with age=1587707538107 interval=20000 maxinterval=300000
04-23 22:52:18.095: E/WifiStateMachine(2958): WifiStateMachine CMD_START_SCAN try full band scan age=1587707538107 interval=20000 maxinterval=300000
04-23 22:52:18.095: E/WifiStateMachine(2958): WifiStateMachine CMD_START_SCAN prevent full band scan due to pkt rate
04-23 22:52:18.095: E/WifiStateMachine(2958): WifiStateMachine CMD_START_SCAN source -2 ...and ignore scans tx=36,76 rx=125,50
04-23 22:52:18.155: I/art(15282): Can not find class: Ladvf;
04-23 22:52:18.165: I/art(15282): Can not find class: Ladvf;
04-23 22:52:18.165: I/art(15282): Can not find class: Ladvv;
04-23 22:52:18.165: W/NativeLibraryUtils(15209): Failed to open lock file
04-23 22:52:18.165: W/NativeLibraryUtils(15209): java.io.FileNotFoundException: /data/data/com.google.android.gms/cache/.lib.lock: open failed: EACCES (Permission denied)
04-23 22:52:18.165: W/NativeLibraryUtils(15209): at libcore.io.IoBridge.open(IoBridge.java:463)
04-23 22:52:18.165: W/NativeLibraryUtils(15209): at java.io.RandomAccessFile.(RandomAccessFile.java:117)
04-23 22:52:18.165: W/NativeLibraryUtils(15209): at sse.d(:com.google.android.gms@200914010@20.09.14 (020400-300565878):5)
04-23 22:52:18.165: W/NativeLibraryUtils(15209): at rpw.run(:com.google.android.gms@200914010@20.09.14 (020400-300565878):0)
04-23 22:52:18.165: W/NativeLibraryUtils(15209): Caused by: android.system.ErrnoException: open failed: EACCES (Permission denied)
04-23 22:52:18.165: W/NativeLibraryUtils(15209): at libcore.io.Posix.open(Native Method)
04-23 22:52:18.165: W/NativeLibraryUtils(15209): at libcore.io.BlockGuardOs.open(BlockGuardOs.java:186)
04-23 22:52:18.165: W/NativeLibraryUtils(15209): at libcore.io.IoBridge.open(IoBridge.java:449)
04-23 22:52:18.165: W/NativeLibraryUtils(15209): ... 3 more
04-23 22:52:18.225: I/PG Utils(15282): acquire_providerpkg:[com.google.android.gsf] pid:[] maybe timeout , send to PG
04-23 22:52:18.235: W/bcpc(15209): Primes not initialized, returning default (no-op) Primes instance which will ignore all calls. Please call Primes.initialize(...) before using any Primes API.
04-23 22:52:18.235: I/art(15209): Can not find class: Lcom/google/protobuf/DescriptorMessageInfoFactory;
04-23 22:52:18.245: I/art(15209): Can not find class: Lcom/google/protobuf/GeneratedMessage;
04-23 22:52:18.245: I/art(15209): Can not find class: Lcom/google/protobuf/UnknownFieldSetSchema;
04-23 22:52:18.245: I/art(15209): Can not find class: Lcom/google/protobuf/UnknownFieldSetSchema;
04-23 22:52:18.245: I/art(15209): Can not find class: Lcom/google/protobuf/NewInstanceSchemaFull;
04-23 22:52:18.245: I/art(15209): Can not find class: Lcom/google/protobuf/ExtensionSchemaFull;
04-23 22:52:18.245: I/art(15209): Can not find class: Lcom/google/protobuf/MapFieldSchemaFull;
04-23 22:52:18.255: I/art(15209): Can not find class: Lorg/robolectric/Robolectric;
04-23 22:52:18.285: I/MultiDex(15282): VM with version 2.1.0 has multidex support
04-23 22:52:18.285: I/MultiDex(15282): Installing application
04-23 22:52:18.285: I/MultiDex(15282): MultiDexExtractor(/data/app/com.google.android.gms-1/base.apk, /data/data/com.google.android.gms/code_cache/secondary-dexes)
04-23 22:52:18.285: I/MultiDex(15282): Blocking on lock /data/data/com.google.android.gms/code_cache/secondary-dexes/MultiDex.lock
04-23 22:52:18.285: I/MultiDex(15282): /data/data/com.google.android.gms/code_cache/secondary-dexes/MultiDex.lock locked
04-23 22:52:18.285: I/MultiDex(15282): MultiDexExtractor.load(/data/app/com.google.android.gms-1/base.apk, false, )
04-23 22:52:18.285: I/MultiDex(15282): loading existing secondary dex files
04-23 22:52:18.295: I/MultiDex(15282): load found 6 secondary dex files
04-23 22:52:18.305: I/MultiDex(15282): install done
04-23 22:52:18.345: I/NearbyDiscovery(15209): DiscoveryService created [CONTEXT service_id=49 ]
04-23 22:52:18.355: W/ContextImpl(15282): Failed to ensure directory: /storage/sdcard1/Android/data/com.google.android.gms/files
04-23 22:52:18.385: I/DynamiteModule(15209): Considering local module com.google.android.gms.googlecertificates:4 and remote module com.google.android.gms.googlecertificates:4
04-23 22:52:18.385: I/DynamiteModule(15209): Selected local version of com.google.android.gms.googlecertificates
04-23 22:52:18.395: I/art(15282): Can not find class: Lcom/google/android/gms/dynamite/descriptors/providerinstaller/ModuleDescriptor;
04-23 22:52:18.395: W/DynamiteModule(15282): Local module descriptor class for providerinstaller not found.
04-23 22:52:18.405: W/ProviderHelper(15282): Unknown dynamite feature providerinstaller
04-23 22:52:18.415: I/DynamiteModule(15282): Considering local module providerinstaller:0 and remote module providerinstaller:0
04-23 22:52:18.415: W/ProviderInstaller(15282): Failed to load providerinstaller module: No acceptable module found. Local version is 0 and remote version is 0.
04-23 22:52:18.425: E/SQLiteLog(15209): (283) recovered 98 frames from WAL file /data/data/com.google.android.gms/databases/phenotype.db-wal
04-23 22:52:18.505: I/art(15282): Can not find class: Ljavax/net/ssl/SNIServerName;
04-23 22:52:18.505: I/art(15282): Can not find class: Ljavax/net/ssl/SNIHostName;
04-23 22:52:18.515: I/art(15282): Can not find class: Ljavax/net/ssl/SNIHostName;
04-23 22:52:18.515: I/art(15282): Can not find class: Ljavax/net/ssl/SNIHostName;
04-23 22:52:18.535: I/amtz(15209): onUpgrade 22 to 23 [CONTEXT service_id=51 ]
04-23 22:52:18.535: I/amtz(15209): Add configTier to Packages [CONTEXT service_id=51 ]
04-23 22:52:18.545: E/SQLiteLog(15209): (1) no such column: configTier
04-23 22:52:18.565: I/art(15282): Can not find class: Lcom/google/android/gms/org/conscrypt/OpenSSLSocketFactoryImpl;
04-23 22:52:18.565: W/System(15282): Could not create com.google.android.gms.org.conscrypt.OpenSSLSocketFactoryImpl with ClassLoader android.app.LoadedApk$WarningContextClassLoader@18161e15: com.google.android.gms.org.conscrypt.OpenSSLSocketFactoryImpl
04-23 22:52:18.565: I/ProviderInstaller(15282): Installed default security provider GmsCore_OpenSSL
04-23 22:52:18.575: I/Safeboot(15282): Checking safeboot...
04-23 22:52:18.585: I/Safeboot(15282): Not entering safeboot; wrong process.
04-23 22:52:18.705: W/ChimeraUtils(15209): Non Chimera context
04-23 22:52:18.715: W/NativeLibraryUtils(15282): Failed to open lock file
04-23 22:52:18.715: W/NativeLibraryUtils(15282): java.io.FileNotFoundException: /data/data/com.google.android.gms/cache/.lib.lock: open failed: EACCES (Permission denied)
04-23 22:52:18.715: W/NativeLibraryUtils(15282): at libcore.io.IoBridge.open(IoBridge.java:463)
04-23 22:52:18.715: W/NativeLibraryUtils(15282): at java.io.RandomAccessFile.(RandomAccessFile.java:117)
04-23 22:52:18.715: W/NativeLibraryUtils(15282): at sse.d(:com.google.android.gms@200914010@20.09.14 (020400-300565878):5)
04-23 22:52:18.715: W/NativeLibraryUtils(15282): at rpw.run(:com.google.android.gms@200914010@20.09.14 (020400-300565878):0)
04-23 22:52:18.715: W/NativeLibraryUtils(15282): Caused by: android.system.ErrnoException: open failed: EACCES (Permission denied)
04-23 22:52:18.715: W/NativeLibraryUtils(15282): at libcore.io.Posix.open(Native Method)
04-23 22:52:18.715: W/NativeLibraryUtils(15282): at libcore.io.BlockGuardOs.open(BlockGuardOs.java:186)
04-23 22:52:18.715: W/NativeLibraryUtils(15282): at libcore.io.IoBridge.open(IoBridge.java:449)
04-23 22:52:18.715: W/NativeLibraryUtils(15282): ... 3 more
04-23 22:52:18.795: W/bcpc(15282): Primes not initialized, returning default (no-op) Primes instance which will ignore all calls. Please call Primes.initialize(...) before using any Primes API.
04-23 22:52:18.795: I/art(15282): Can not find class: Lcom/google/protobuf/DescriptorMessageInfoFactory;
04-23 22:52:18.805: I/art(15282): Can not find class: Lcom/google/protobuf/GeneratedMessage;
04-23 22:52:18.805: I/art(15282): Can not find class: Lcom/google/protobuf/UnknownFieldSetSchema;
04-23 22:52:18.805: I/art(15282): Can not find class: Lcom/google/protobuf/UnknownFieldSetSchema;
04-23 22:52:18.805: I/art(15282): Can not find class: Lcom/google/protobuf/NewInstanceSchemaFull;
04-23 22:52:18.805: I/art(15282): Can not find class: Lcom/google/protobuf/ExtensionSchemaFull;
04-23 22:52:18.805: I/art(15282): Can not find class: Lcom/google/protobuf/MapFieldSchemaFull;
04-23 22:52:18.815: I/art(15282): Can not find class: Lorg/robolectric/Robolectric;
04-23 22:52:18.915: I/NearbyDiscovery(15209): Show notifications: 0 total, no changes since last shown, no-op. [CONTEXT service_id=49 ]
04-23 22:52:18.935: I/Finsky(15092): [245] iml.c(2): Account name null when calculating account hash
04-23 22:52:18.955: I/LocaleChangeIO(15209): Requesting GmsCore restart due to change in locale assets
04-23 22:52:18.955: I/OAM(2639): [check_file_size:402]/data/hwlogdir/wifi_log/wifi_log_1 log file beyond size=10240Byte, creat new file
04-23 22:52:18.955: I/OAM(2639): [rename_old_file:107]rename_old_file
04-23 22:52:18.985: I/art(15092): Can not find class: Landroid/security/NetworkSecurityPolicy;
04-23 22:52:19.025: I/LocaleChangeIO(15209): Requesting GmsCore restart due to change in locale assets
04-23 22:52:19.045: I/GAv4-SVC(15282): Google Analytics 200.9.14 is starting up.
04-23 22:52:19.105: I/ActivityManager(2958): filter receiver for action = com.google.android.gms.gcm.ACTION_SCHEDULE
04-23 22:52:19.135: I/ActivityManager(2958): filter receiver for action = com.google.android.gms.gcm.ACTION_SCHEDULE
04-23 22:52:19.145: I/ActivityManager(2958): filter receiver for action = com.google.android.gms.gcm.ACTION_SCHEDULE
04-23 22:52:19.155: I/ActivityManager(2958): filter receiver for action = com.google.android.gms.gcm.ACTION_SCHEDULE
04-23 22:52:19.255: I/Finsky(15092): [1] ziy.eU(2): BulkDetails response obtained.
04-23 22:52:19.255: I/Finsky(15092): [1] zjg.a(4): No new splits to download.
04-23 22:52:19.255: I/Finsky(15092): [1] ksa.a(24): Releasing connection from task 9
04-23 22:52:19.265: I/Finsky(15092): [1] ksg.a(4): Deactivating task 9. Timeout: false, Connected: true, Released: false
04-23 22:52:19.265: I/art(2958): Can not find class: Lcom/android/server/am/ServiceRecord$2;
04-23 22:52:19.275: I/Finsky(15092): [1] ForegroundCoordinatorService.onUnbind(-1): Tearing down ForegroundCoordinatorService
04-23 22:52:19.275: I/PhoneStatusBar(3174): notification pkg =com.android.settings
04-23 22:52:19.275: I/PhoneStatusBar(3174): notification provisioned=true, score =10, [score > HIDE_ICONS_BELOW_SCORE] =true, showNotificationEvenIfUnprovisioned = false
04-23 22:52:19.275: I/PhoneStatusBar(3174): notification pkg =com.google.android.apps.mtaas.backdrop
04-23 22:52:19.275: I/PhoneStatusBar(3174): notification provisioned=true, score =0, [score > HIDE_ICONS_BELOW_SCORE] =true, showNotificationEvenIfUnprovisioned = false
04-23 22:52:19.275: I/PhoneStatusBar(3174): notification pkg =com.android.server.telecom
04-23 22:52:19.275: I/PhoneStatusBar(3174): notification provisioned=true, score =0, [score > HIDE_ICONS_BELOW_SCORE] =true, showNotificationEvenIfUnprovisioned = false
04-23 22:52:19.275: I/PhoneStatusBar(3174): notification pkg =android
04-23 22:52:19.275: I/PhoneStatusBar(3174): notification provisioned=true, score =-10, [score > HIDE_ICONS_BELOW_SCORE] =true, showNotificationEvenIfUnprovisioned = false
04-23 22:52:19.275: I/Finsky(15092): [1] abge.a(6): Exiting following cache clear.
04-23 22:52:19.275: I/Finsky(15092): [1] eey.run(7): Exit with reason: 375, called from : java.lang.Throwable
04-23 22:52:19.275: I/Finsky(15092): at eey.run(PG:2)
04-23 22:52:19.275: I/Finsky(15092): at android.os.Handler.handleCallback(Handler.java:739)
04-23 22:52:19.275: I/Finsky(15092): at android.os.Handler.dispatchMessage(Handler.java:95)
04-23 22:52:19.275: I/Finsky(15092): at android.os.Looper.loop(Looper.java:135)
04-23 22:52:19.275: I/Finsky(15092): at android.app.ActivityThread.main(ActivityThread.java:5538)
04-23 22:52:19.275: I/Finsky(15092): at java.lang.reflect.Method.invoke(Native Method)
04-23 22:52:19.275: I/Finsky(15092): at java.lang.reflect.Method.invoke(Method.java:372)
04-23 22:52:19.275: I/Finsky(15092): at com.android.internal.os.ZygoteInit$MethodAndArgsCaller.run(ZygoteInit.java:960)
04-23 22:52:19.275: I/Finsky(15092): at com.android.internal.os.ZygoteInit.main(ZygoteInit.java:755)
04-23 22:52:19.285: I/art(15092): System.exit called, status: 0
04-23 22:52:19.285: I/AndroidRuntime(15092): VM exiting with result code 0, cleanup skipped.
04-23 22:52:19.315: W/ChimeraUtils(15282): Non Chimera context
04-23 22:52:19.325: I/art(15209): Background sticky concurrent mark sweep GC freed 85806(5MB) AllocSpace objects, 43(1356KB) LOS objects, 22% free, 22MB/28MB, paused 2.795ms total 184.476ms
04-23 22:52:19.375: I/LocationManagerService(2958): remove 14180a1e
04-23 22:52:19.405: I/HwSystemManager(3669): HoldService:uid:10025 pid:15092 died
04-23 22:52:19.405: I/HwSystemManager(3669): HoldService:oldVersionKey:10025,15092
04-23 22:52:19.405: I/HwSystemManager(3669): HoldService:uid:10003 pid:9033 died
04-23 22:52:19.405: I/HwSystemManager(3669): HoldService:oldVersionKey:10003,9033
04-23 22:52:19.405: I/HwSystemManager(3669): BgPowerManagerService:onProcessDied uid = 10025
04-23 22:52:19.405: I/HwSystemManager(3669): BgPowerManagerService:onProcessDied uid = 10003
04-23 22:52:19.405: E/HsmCoreServiceImpl(2958): onTransact in code is: 102
04-23 22:52:19.405: I/MediaProcessHandler(2958): processOp opType: 1, uid: 10025, pid: 15092
04-23 22:52:19.405: W/MediaProcessHandler(2958): remove target not exist, maybe the UI process: uid: 10025, pid: 15092
04-23 22:52:19.405: E/HsmCoreServiceImpl(2958): onTransact in code is: 102
04-23 22:52:19.405: I/MediaProcessHandler(2958): processOp opType: 1, uid: 10003, pid: 9033
04-23 22:52:19.405: W/MediaProcessHandler(2958): remove target not exist, maybe the UI process: uid: 10003, pid: 9033
04-23 22:52:19.415: I/Icing(15282): Using regular flags by method 2
04-23 22:52:19.435: E/WifiStateMachine(2958): ConnectedState !CMD_RSSI_POLL 1 0 "wl-ftl-mt03-1-24" 44:48:c1:91:9d:e0 rssi=-52 f=2412 sc=100 link=72 tx=36,8, 0,0, 0,0 rx=125,5 bcn=0 [on:0 tx:0 rx:0 period:1339] from screen [on:0 period:-1430360074] gl u24 rssi=-52 ag=0 hr ticks 0,0,0 ls-=0 [56,56,60,60,65] brc=0 lrc=0
04-23 22:52:19.435: E/WifiStateMachine(2958): L2ConnectedState !CMD_RSSI_POLL 1 0 "wl-ftl-mt03-1-24" 44:48:c1:91:9d:e0 rssi=-52 f=2412 sc=100 link=72 tx=36,8, 0,0, 0,0 rx=125,5 bcn=0 [on:0 tx:0 rx:0 period:1] from screen [on:0 period:-1430360073] gl u24 rssi=-52 ag=0 hr ticks 0,0,0 ls-=0 [56,56,60,60,65] brc=0 lrc=0
04-23 22:52:19.435: E/WifiStateMachine(2958): fetchRssiLinkSpeedAndFrequencyNative rssi=-52 linkspeed=72 SSID="wl-ftl-mt03-1-24"
04-23 22:52:19.435: E/WifiStateMachine(2958): calculateWifiScore freq=2412 speed=72 score=100 highRSSI -> txbadrate=0,00 txgoodrate=49,38 txretriesrate=0,00 rxrate=125,25 userTriggerdPenalty0
04-23 22:52:19.435: E/WifiStateMachine(2958): good link -> stuck count =0
04-23 22:52:19.435: E/WifiStateMachine(2958): badRSSI count0 lowRSSI count0 --> score 60
04-23 22:52:19.435: E/WifiStateMachine(2958): isHighRSSI ---> score=65
04-23 22:52:19.465: I/art(15282): Can not find class: Landroid/content/pm/PackageManager$OnPermissionsChangedListener;
04-23 22:52:19.465: I/art(15282): Rejecting re-init on previously-failed class java.lang.Class
04-23 22:52:19.465: I/art(15282): Can not find class: Lsfv;
04-23 22:52:19.465: I/art(15282): Rejecting re-init on previously-failed class java.lang.Class
04-23 22:52:19.465: I/DynamiteModule(15282): Considering local module com.google.android.gms.googlecertificates:4 and remote module com.google.android.gms.googlecertificates:4
04-23 22:52:19.465: I/DynamiteModule(15282): Selected local version of com.google.android.gms.googlecertificates
04-23 22:52:19.515: I/art(9488): Explicit concurrent mark sweep GC freed 2983(123KB) AllocSpace objects, 0(0B) LOS objects, 39% free, 13MB/22MB, paused 646us total 32.972ms
04-23 22:52:19.545: I/GmscoreIpa(15282): Using regular flags by method 2
04-23 22:52:19.585: W/ProviderHelper(15209): Unknown dynamite feature providerinstaller
04-23 22:52:19.585: I/DynamiteModule(15209): Considering local module providerinstaller:0 and remote module providerinstaller:0
04-23 22:52:19.585: E/SQLiteLog(15282): (283) recovered 25 frames from WAL file /data/data/com.google.android.gms/databases/pluscontacts.db-wal
04-23 22:52:19.585: I/DynamiteModule(15209): Considering local module providerinstaller:0 and remote module providerinstaller:0
04-23 22:52:19.595: I/System(15209): core_booster, getBoosterConfig = false
04-23 22:52:19.595: I/System(15209): core_booster, getBoosterConfig = false
04-23 22:52:19.605: I/qtaguid(15209): Failed write_ctrl(t -1 3458768941931823104 -1) res=-1 errno=9
04-23 22:52:19.605: I/qtaguid(15209): Tagging socket -1 with tag 3000040700000000(805307399) for uid -1 failed errno=-9
04-23 22:52:19.605: I/NetworkManagementSocketTagger(15209): tagSocketFd(-1, 805307399, -1) failed with errno-9
04-23 22:52:19.615: I/PG Utils(15282): acquire_providerpkg:[com.android.providers.contacts] pid:[] maybe timeout , send to PG
04-23 22:52:19.635: W/System.err(15209): Can't open carrierweekinfo-conf.xml
04-23 22:52:19.655: I/art(15209): Can not find class: Landroid/security/keystore/recovery/InternalRecoveryServiceException;
04-23 22:52:19.745: I/ActivityManager(2958): filter receiver for action = com.google.android.gms.location.persistent.REGISTER
04-23 22:52:19.755: I/ActivityManager(2958): filter receiver for action = android.intent.action.DROPBOX_ENTRY_ADDED
04-23 22:52:19.775: I/Icing(15282): Storage manager: low false usage 1.69MB avail 9.25GB capacity 10.51GB
04-23 22:52:19.805: W/ContextImpl(15282): Failed to ensure directory: /storage/sdcard1/Android/data/com.google.android.gms/files
04-23 22:52:19.815: I/PG Utils(14902): acquire_providerpkg:[com.google.android.gsf] pid:[] maybe timeout , send to PG
04-23 22:52:19.815: W/ContextImpl(15282): Failed to ensure directory: /storage/sdcard1/Android/data/com.google.android.gms/files
04-23 22:52:19.915: I/PG Utils(14902): acquire_providerpkg:[com.google.android.gsf] pid:[] maybe timeout , send to PG
04-23 22:52:19.915: I/PG Utils(14902): acquire_providerpkg:[com.google.android.gsf] pid:[] maybe timeout , send to PG
04-23 22:52:19.935: E/NearbyDiscovery(15209): DiscoveryNearbyMessagesManager failed to background unsubscribe [CONTEXT service_id=49 ]
04-23 22:52:19.935: E/NearbyDiscovery(15209): java.util.concurrent.TimeoutException: Timed out waiting for Task
04-23 22:52:19.935: E/NearbyDiscovery(15209): at atit.a(:com.google.android.gms@200914010@20.09.14 (020400-300565878):22)
04-23 22:52:19.935: E/NearbyDiscovery(15209): at ahlf.b(:com.google.android.gms@200914010@20.09.14 (020400-300565878):5)
04-23 22:52:19.935: E/NearbyDiscovery(15209): at ahkw.run(:com.google.android.gms@200914010@20.09.14 (020400-300565878):3)
04-23 22:52:19.935: E/NearbyDiscovery(15209): at bsxl.handleMessage(:com.google.android.gms@200914010@20.09.14 (020400-300565878):6)
04-23 22:52:19.935: E/NearbyDiscovery(15209): at android.os.Handler.dispatchMessage(Handler.java:102)
04-23 22:52:19.935: E/NearbyDiscovery(15209): at adtq.a(:com.google.android.gms@200914010@20.09.14 (020400-300565878):2)
04-23 22:52:19.935: E/NearbyDiscovery(15209): at adtq.dispatchMessage(:com.google.android.gms@200914010@20.09.14 (020400-300565878):14)
04-23 22:52:19.935: E/NearbyDiscovery(15209): at android.os.Looper.loop(Looper.java:135)
04-23 22:52:19.935: E/NearbyDiscovery(15209): at android.os.HandlerThread.run(HandlerThread.java:61)
04-23 22:52:19.935: I/NearbyDiscovery(15209): Show notifications: 0 total, no changes since last shown, no-op. [CONTEXT service_id=49 ]
04-23 22:52:19.945: I/System(14902): core_booster, getBoosterConfig = false
04-23 22:52:19.965: I/System(14902): core_booster, getBoosterConfig = false
04-23 22:52:19.975: I/art(15282): Background sticky concurrent mark sweep GC freed 113700(7MB) AllocSpace objects, 27(540KB) LOS objects, 15% free, 24MB/28MB, paused 4.079ms total 274.204ms
04-23 22:52:19.975: I/art(15282): WaitForGcToComplete blocked for 262.580ms for cause Explicit
04-23 22:52:19.975: I/NearbyDiscovery(15209): FastPair: HeadsetPieceImage, grant permission files:0 [CONTEXT service_id=49 ]
04-23 22:52:19.975: I/System(14902): core_booster, getBoosterConfig = false
04-23 22:52:19.995: I/NetworkScheduler(15209): Using standalone scheduling engine
04-23 22:52:20.005: W/ResourceType(2958): No package identifier when getting name for resource number 0x00000000
04-23 22:52:20.005: W/HwPackageManagerService(2958): packageName com.google.android.apps.mtaas.testloop: ResourcesPackageName not found !
04-23 22:52:20.015: I/NearbyDiscovery(15209): FastPairEventStream: Initialize event stream [CONTEXT service_id=49 ]
04-23 22:52:20.025: I/ActivityManager(2958): filter receiver for action = com.google.android.gcm.CONNECTED
04-23 22:52:20.035: I/art(2958): Explicit concurrent mark sweep GC freed 24557(1363KB) AllocSpace objects, 0(0B) LOS objects, 33% free, 28MB/42MB, paused 2.301ms total 206.055ms
04-23 22:52:20.055: I/PG Utils(15209): acquire_providerpkg:[com.google.android.gsf] pid:[] maybe timeout , send to PG
04-23 22:52:20.065: I/ActivityManager(2958): filter receiver for action = android.intent.action.DROPBOX_ENTRY_ADDED
04-23 22:52:20.095: W/native(15282): model-utils.cc:23 No CRC32, most likely an old model; skip CRC32 check
04-23 22:52:20.105: I/native(15282): permission-checker.cc:74 Creating PermissionChecker based on ACL with config_version 1 having 9 permissions defined.
04-23 22:52:20.105: W/native(15282): words-map.cc:30 INVALID_ARGUMENT: Empty URI
04-23 22:52:20.105: W/native(15282): words-map.cc:34 WordsMap was not properly initialized
04-23 22:52:20.105: I/art(15282): Explicit concurrent mark sweep GC freed 45363(2MB) AllocSpace objects, 1(20KB) LOS objects, 39% free, 23MB/38MB, paused 4.659ms total 129.975ms
04-23 22:52:20.115: E/SQLiteLog(15209): (1) no such column: required_idleness_state
04-23 22:52:20.115: E/SQLiteLog(15209): (1) no such column: preferred_idleness_state
04-23 22:52:20.115: E/SQLiteLog(15209): (1) no such column: service_kind
04-23 22:52:20.155: I/art(15209): Can not find class: Landroid/content/pm/PackageManager$OnPermissionsChangedListener;
04-23 22:52:20.155: I/art(15209): Rejecting re-init on previously-failed class java.lang.Class
04-23 22:52:20.165: I/art(15209): Can not find class: Lsfv;
04-23 22:52:20.165: I/art(15209): Rejecting re-init on previously-failed class java.lang.Class
04-23 22:52:20.175: W/ContextImpl(15209): Failed to ensure directory: /storage/sdcard1/Android/data/com.google.android.gms/files
04-23 22:52:20.205: I/PeopleDatabaseHelper(15282): Updating DB locale: en_US -> de_DE
04-23 22:52:20.215: I/art(14902): Can not find class: Lcom/google/ccc/abuse/droidguard/DroidGuard;
04-23 22:52:20.215: I/art(15209): Can not find class: Landroid/app/AlarmManager$OnAlarmListener;
04-23 22:52:20.225: I/art(15209): Rejecting re-init on previously-failed class java.lang.Class
04-23 22:52:20.225: I/art(15209): Can not find class: Lska;
04-23 22:52:20.225: I/art(15209): Rejecting re-init on previously-failed class java.lang.Class
04-23 22:52:20.225: I/art(15209): Rejecting re-init on previously-failed class java.lang.Class
04-23 22:52:20.225: I/art(15209): Rejecting re-init on previously-failed class java.lang.Class
04-23 22:52:20.245: I/art(14902): Can not find class: Lcom/google/ccc/abuse/droidguard/DroidGuard$RuntimeEnvironment;
04-23 22:52:20.255: I/PeopleSearchIndexManage(15282): Marking for index update.
04-23 22:52:20.255: W/ChimeraUtils(15282): Non Chimera context
04-23 22:52:20.285: I/Icing(15282): updateResources: need to parse abtu{com.google.android.gms}
04-23 22:52:20.305: I/art(9488): Explicit concurrent mark sweep GC freed 2623(105KB) AllocSpace objects, 0(0B) LOS objects, 39% free, 13MB/22MB, paused 726us total 46.660ms
04-23 22:52:20.395: I/art(15282): Can not find class: Lcom/google/android/gms/dynamite/descriptors/providerinstaller/ModuleDescriptor;
04-23 22:52:20.395: W/DynamiteModule(15282): Local module descriptor class for providerinstaller not found.
04-23 22:52:20.395: W/ProviderHelper(15282): Unknown dynamite feature providerinstaller
04-23 22:52:20.395: I/DynamiteModule(15282): Considering local module providerinstaller:0 and remote module providerinstaller:0
04-23 22:52:20.405: W/ProviderInstaller(15282): Failed to load providerinstaller module: No acceptable module found. Local version is 0 and remote version is 0.
04-23 22:52:20.435: I/art(14902): Can not find class: Lcom/google/ccc/abuse/droidguard/droidguasso/Droidguasso;
04-23 22:52:20.445: I/art(14902): Can not find class: Lcom/google/ccc/abuse/droidguard/droidguasso/DroidguassoException;
04-23 22:52:20.445: I/art(14902): Can not find class: Lcom/google/ccc/abuse/droidguard/droidguasso/SimpleColorBlendingScene;
04-23 22:52:20.455: I/PG Utils(15282): acquire_providerpkg:[com.android.providers.contacts] pid:[] maybe timeout , send to PG
04-23 22:52:20.465: I/PeopleDatabaseHelper(15282): cleanUpNonGplusAccounts done.
04-23 22:52:20.465: I/art(14902): Can not find class: Lcom/google/ccc/abuse/droidguard/droidguasso/Scene;
04-23 22:52:20.465: I/art(14902): Can not find class: Lcom/google/ccc/abuse/droidguard/droidguasso/ShaderHardScene;
04-23 22:52:20.465: I/PeopleSearchIndexManage(15282): Index version changed from 0
04-23 22:52:20.475: I/art(14902): Can not find class: Lcom/google/ccc/abuse/droidguard/droidguasso/Droidguasso$1;
04-23 22:52:20.475: I/art(14902): Can not find class: Lcom/google/ccc/abuse/droidguard/droidguasso/EglConfiguratorFactory;
04-23 22:52:20.475: I/art(14902): Can not find class: Lcom/google/ccc/abuse/droidguard/droidguasso/Gles20Wrapper;
04-23 22:52:20.485: I/PG Utils(15282): acquire_providerpkg:[com.android.providers.contacts] pid:[] maybe timeout , send to PG
