04-23 22:53:25.835: E/WifiStateMachine(2958): DriverStartedState !CMD_UPDATE_LINKPROPERTIES 0 0
04-23 22:53:25.835: E/WifiStateMachine(2958): SupplicantStartedState !CMD_UPDATE_LINKPROPERTIES 0 0
04-23 22:53:25.835: E/WifiStateMachine(2958): DefaultState !CMD_UPDATE_LINKPROPERTIES 0 0
04-23 22:53:25.835: E/WifiStateMachine(2958): updateLinkProperties nid: 0 state: CONNECTING reason: CMD_UPDATE_LINKPROPERTIES
04-23 22:53:25.845: E/WifiStateMachine(2958): ObtainingIpState !CMD_PRE_DHCP_ACTION 0 0 txpkts=6212,0,0
04-23 22:53:25.845: I/WifiTracker(3174): STATE =1
04-23 22:53:25.845: E/WifiStateMachine(2958): L2ConnectedState !CMD_PRE_DHCP_ACTION 0 0 txpkts=6212,0,0
04-23 22:53:25.845: I/wpa_supplicant(3188): set current WIFI status to BT!
04-23 22:53:25.845: E/native(2958): do suspend false
04-23 22:53:25.845: E/WifiStateMachine(2958): Unexpected BatchedScanResults :OK
04-23 22:53:25.855: E/WifiStateMachine(2958): noteBatchedScanstop()
04-23 22:53:25.855: I/ActivityManager(2958): filter receiver for action = com.google.android.gms.phenotype.COMMITTED
04-23 22:53:25.855: I/ActivityManager(2958): filter receiver for action = android.net.wifi.supplicant.STATE_CHANGE
04-23 22:53:25.855: E/art(15209): invalid stream - problem with parameter iterator in /data/data/com.google.android.gms/code_cache/secondary-dexes/base.apk.classes2.zip for method void fca.c(java.lang.String, java.lang.String, java.lang.Object[])
04-23 22:53:25.855: W/NetRec(15209): [1001] ConfigChangedIntentOperation.onHandleIntent: Device does not support scoring, exiting
04-23 22:53:25.855: I/Auth(15209): [AuthManaged,PasswordComplexityHelperImpl] Updating password complexity components state.
04-23 22:53:25.855: I/Auth(15209): [AuthManaged,PasswordComplexityHelperImpl] Disabling com.google.android.gms.auth.managed.admin.DeviceAdminReceiver
04-23 22:53:25.855: I/Auth(15209): [AuthManaged,PasswordComplexityHelperImpl] Disabling com.google.android.gms.auth.managed.ui.SetNewPasswordActivity
04-23 22:53:25.895: I/ActivityManager(2958): filter receiver for action = com.google.android.gms.phenotype.COMMITTED
04-23 22:53:25.895: I/ActivityManager(2958): filter receiver for action = android.net.conn.CONNECTIVITY_CHANGE
04-23 22:53:25.895: E/art(15209): invalid stream - problem with parameter iterator in /data/data/com.google.android.gms/code_cache/secondary-dexes/base.apk.classes2.zip for method void fca.c(java.lang.String, java.lang.String, java.lang.Object[])
04-23 22:53:25.895: W/NetRec(15209): [1014] ConfigChangedIntentOperation.onHandleIntent: Device does not support scoring, exiting
04-23 22:53:25.895: I/Auth(15209): [AuthManaged,PasswordComplexityHelperImpl] Updating password complexity components state.
04-23 22:53:25.895: I/Auth(15209): [AuthManaged,PasswordComplexityHelperImpl] Disabling com.google.android.gms.auth.managed.admin.DeviceAdminReceiver
04-23 22:53:25.895: I/SUPL20_SCM(3533): Network connection true
04-23 22:53:25.895: I/ActivityManager(2958): filter receiver for action = android.net.conn.CONNECTIVITY_CHANGE
04-23 22:53:25.905: I/SUPL20_SPIMESLP-SENDING(3533): m_bPacket.length 8
04-23 22:53:25.905: I/SUPL20_SPIMESLP-SENDING(3533): bBrokenPipe = false
04-23 22:53:25.905: I/FTLNetworkMonitor(14712): Network Info: null
04-23 22:53:25.905: I/Auth(15209): [AuthManaged,PasswordComplexityHelperImpl] Disabling com.google.android.gms.auth.managed.ui.SetNewPasswordActivity
04-23 22:53:25.905: I/SUPL20_SCM(3533): Network connection true
04-23 22:53:25.915: I/SUPL20_SPIMESLP-SENDING(3533): m_bPacket.length 8
04-23 22:53:25.915: I/SUPL20_SPIMESLP-SENDING(3533): bBrokenPipe = false
04-23 22:53:25.915: I/FTLNetworkMonitor(14712): Network Info: null
04-23 22:53:25.945: I/PG Utils(15209): acquire_providerpkg:[com.google.android.gsf] pid:[] maybe timeout , send to PG
04-23 22:53:25.965: I/PG Utils(15777): acquire_providerpkg:[com.google.android.gsf] pid:[] maybe timeout , send to PG
04-23 22:53:25.965: I/PushLog2551(6292): [ReceiverDispatcher-393]could not read meta-data from AndroidManifest.xml.(android/CommFun.java:845)
04-23 22:53:25.965: I/PushLog2551(6292): [ReceiverDispatcher-393]TRS is invalid, so need to query TRS(android/ConnectMgrProcessor.java:206)
04-23 22:53:25.975: I/DevicePlayback(15777): Got network change: mobile=falsewifi=false
04-23 22:53:25.975: I/DevicePlayback(15777): Disabling Woodstock in 200000ms
04-23 22:53:25.985: I/PushLog2551(6292): [ReceiverDispatcher-393]lastnetWorkType:1 curNetWorkType:-1(android/ConnectMgrProcessor.java:271)
04-23 22:53:25.995: I/PushLog2551(6292): [ReceiverDispatcher-393]no network, use no network heartbeat(android/PushHeartBeat.java:124)
04-23 22:53:26.005: I/PG Utils(15777): acquire_providerpkg:[com.google.android.gsf] pid:[] maybe timeout , send to PG
04-23 22:53:26.015: I/DevicePlayback(15777): Got network change: mobile=falsewifi=false
04-23 22:53:26.015: I/Finsky(15520): [224] jxw.run(3): Stats for Executor: bgExecutor jzt@d49c152[Running, pool size = 4, active threads = 0, queued tasks = 0, completed tasks = 245]
04-23 22:53:26.015: I/DevicePlayback(15777): Disabling Woodstock in 200000ms
04-23 22:53:26.045: I/ActivityManager(2958): filter receiver for action = com.google.android.gms.phenotype.COMMITTED
04-23 22:53:26.045: E/art(15209): invalid stream - problem with parameter iterator in /data/data/com.google.android.gms/code_cache/secondary-dexes/base.apk.classes2.zip for method void fca.c(java.lang.String, java.lang.String, java.lang.Object[])
04-23 22:53:26.045: W/NetRec(15209): [1023] ConfigChangedIntentOperation.onHandleIntent: Device does not support scoring, exiting
04-23 22:53:26.055: I/Auth(15209): [AuthManaged,PasswordComplexityHelperImpl] Updating password complexity components state.
04-23 22:53:26.055: I/Auth(15209): [AuthManaged,PasswordComplexityHelperImpl] Disabling com.google.android.gms.auth.managed.admin.DeviceAdminReceiver
04-23 22:53:26.055: I/Auth(15209): [AuthManaged,PasswordComplexityHelperImpl] Disabling com.google.android.gms.auth.managed.ui.SetNewPasswordActivity
04-23 22:53:26.055: I/PushLog2551(6292): [ReceiverDispatcher-393]could not read meta-data from AndroidManifest.xml.(android/CommFun.java:845)
04-23 22:53:26.055: I/PushLog2551(6292): [ReceiverDispatcher-393]TRS is invalid, so need to query TRS(android/ConnectMgrProcessor.java:206)
04-23 22:53:26.065: I/art(3510): Explicit concurrent mark sweep GC freed 98000(5MB) AllocSpace objects, 0(0B) LOS objects, 39% free, 15MB/25MB, paused 1.600ms total 140.989ms
04-23 22:53:26.075: I/DHCPCD(20582): version 5.5.6 starting
04-23 22:53:26.075: I/PushLog2551(6292): [ReceiverDispatcher-393]lastnetWorkType:-1 curNetWorkType:-1(android/ConnectMgrProcessor.java:271)
04-23 22:53:26.075: I/DevicePlayback(15777): Got network change: mobile=falsewifi=false
04-23 22:53:26.075: I/DevicePlayback(15777): Disabling Woodstock in 200000ms
04-23 22:53:26.075: I/DevicePlayback(15777): Got network change: mobile=falsewifi=false
04-23 22:53:26.075: I/DevicePlayback(15777): Disabling Woodstock in 200000ms
04-23 22:53:26.075: I/PushLog2551(6292): [ReceiverDispatcher-393]no network, use no network heartbeat(android/PushHeartBeat.java:124)
04-23 22:53:26.085: E/TEST-APN(3510): query for APN: check-permission succ
04-23 22:53:26.085: E/TEST-APN(3510): Telephony query SQL: SELECT apn FROM carriers WHERE (_id = -1)
04-23 22:53:26.095: E/GpsLocationProvider(2958): No APN found to select.
04-23 22:53:26.095: W/GNSS_ADAPTER(2958): This function not used.
04-23 22:53:26.095: W/GNSS_ADAPTER(2958): This function not used.
04-23 22:53:26.095: E/TEST-APN(3510): query for APN: check-permission succ
04-23 22:53:26.095: E/TEST-APN(3510): Telephony query SQL: SELECT apn FROM carriers WHERE (_id = -1)
04-23 22:53:26.105: E/GpsLocationProvider(2958): No APN found to select.
04-23 22:53:26.105: W/GNSS_ADAPTER(2958): This function not used.
04-23 22:53:26.105: W/GNSS_ADAPTER(2958): This function not used.
04-23 22:53:26.125: W/DHCPCD(20582): hw_parse_xidfile
04-23 22:53:26.125: I/DHCPCD(20582): wlan0: dhcp start reboot
04-23 22:53:26.125: I/DHCPCD(20582): wlan0: rebinding lease of 10.12.63.107
04-23 22:53:26.185: I/DHCPCD(20582): wlan0: dhcp ack, acknowledged 10.12.63.107 from 10.10.100.105
04-23 22:53:26.195: I/PG Utils(20509): acquire_providerpkg:[com.google.android.gsf] pid:[] maybe timeout , send to PG
04-23 22:53:26.205: I/ActivityManager(2958): filter receiver for action = com.google.android.gms.phenotype.COMMITTED
04-23 22:53:26.215: E/art(15209): invalid stream - problem with parameter iterator in /data/data/com.google.android.gms/code_cache/secondary-dexes/base.apk.classes2.zip for method void fca.c(java.lang.String, java.lang.String, java.lang.Object[])
04-23 22:53:26.215: W/NetRec(15209): [1023] ConfigChangedIntentOperation.onHandleIntent: Device does not support scoring, exiting
04-23 22:53:26.215: I/Auth(15209): [AuthManaged,PasswordComplexityHelperImpl] Updating password complexity components state.
04-23 22:53:26.215: I/Auth(15209): [AuthManaged,PasswordComplexityHelperImpl] Disabling com.google.android.gms.auth.managed.admin.DeviceAdminReceiver
04-23 22:53:26.225: I/Auth(15209): [AuthManaged,PasswordComplexityHelperImpl] Disabling com.google.android.gms.auth.managed.ui.SetNewPasswordActivity
04-23 22:53:26.245: I/Babel_SMS(20509): MmsConfig: mnc/mcc: 0/0
04-23 22:53:26.245: I/Babel_SMS(20509): MmsConfig.loadMmsSettings
04-23 22:53:26.245: I/Babel_SMS(20509): MmsConfig.loadDeviceMmsSettings from API: mUserAgent=Android-Mms/2.0, mUaProfUrl=http://www.google.com/oha/rdf/ua-profile-kila.xml
04-23 22:53:26.245: I/Babel_SMS(20509): MmsConfig.loadFromDatabase
04-23 22:53:26.255: W/System.err(20509): Can't open carrierweekinfo-conf.xml
04-23 22:53:26.265: E/Babel_SMS(20509): canonicalizeMccMnc: invalid mccmnc
04-23 22:53:26.265: I/Babel_SMS(20509): MmsConfig.loadFromResources
04-23 22:53:26.265: E/Babel_SMS(20509): canonicalizeMccMnc: invalid mccmnc nullnull
04-23 22:53:26.265: I/Babel_SMS(20509): MmsConfig.loadMmsSettings: mUserAgent=Android-Mms/2.0, mUaProfUrl=http://www.google.com/oha/rdf/ua-profile-kila.xml
04-23 22:53:26.325: I/DHCPCD(20582): wlan0: checking for 10.12.63.107
04-23 22:53:26.335: I/ActivityManager(2958): filter receiver for action = com.google.android.gms.phenotype.COMMITTED
04-23 22:53:26.335: E/art(15209): invalid stream - problem with parameter iterator in /data/data/com.google.android.gms/code_cache/secondary-dexes/base.apk.classes2.zip for method void fca.c(java.lang.String, java.lang.String, java.lang.Object[])
04-23 22:53:26.335: W/NetRec(15209): [1014] ConfigChangedIntentOperation.onHandleIntent: Device does not support scoring, exiting
04-23 22:53:26.335: I/Auth(15209): [AuthManaged,PasswordComplexityHelperImpl] Updating password complexity components state.
04-23 22:53:26.335: I/Auth(15209): [AuthManaged,PasswordComplexityHelperImpl] Disabling com.google.android.gms.auth.managed.admin.DeviceAdminReceiver
04-23 22:53:26.335: I/Auth(15209): [AuthManaged,PasswordComplexityHelperImpl] Disabling com.google.android.gms.auth.managed.ui.SetNewPasswordActivity
04-23 22:53:26.355: W/Settings(20509): Setting airplane_mode_on has moved from android.provider.Settings.System to android.provider.Settings.Global, returning read-only value.
04-23 22:53:26.365: I/Babel_Crash(20509): startup - clean
04-23 22:53:26.375: I/ActivityManager(2958): filter receiver for action = com.google.android.gms.phenotype.COMMITTED
04-23 22:53:26.375: E/art(15209): invalid stream - problem with parameter iterator in /data/data/com.google.android.gms/code_cache/secondary-dexes/base.apk.classes2.zip for method void fca.c(java.lang.String, java.lang.String, java.lang.Object[])
04-23 22:53:26.375: W/NetRec(15209): [1023] ConfigChangedIntentOperation.onHandleIntent: Device does not support scoring, exiting
04-23 22:53:26.375: I/Auth(15209): [AuthManaged,PasswordComplexityHelperImpl] Updating password complexity components state.
04-23 22:53:26.375: I/Auth(15209): [AuthManaged,PasswordComplexityHelperImpl] Disabling com.google.android.gms.auth.managed.admin.DeviceAdminReceiver
04-23 22:53:26.375: I/Auth(15209): [AuthManaged,PasswordComplexityHelperImpl] Disabling com.google.android.gms.auth.managed.ui.SetNewPasswordActivity
04-23 22:53:26.475: I/PTCommittedOperation(15209): Receive new configuration for com.google.android.gms.phonesky_recovery
04-23 22:53:26.475: I/MdiSyncModule(15282): flag handling is skipping irrelevant intent.
04-23 22:53:26.475: I/PhoneskyRecoveryLogs(15282): Experiments updated. Start recovery checks.
04-23 22:53:26.475: W/ChimeraUtils(15282): Non Chimera context
04-23 22:53:26.475: W/ModuleInitIntentOp(15282): Dropping unexpected action com.google.android.gms.phenotype.COMMITTED
04-23 22:53:26.505: I/ActivityManager(2958): filter receiver for action = com.google.android.gms.phenotype.COMMITTED
04-23 22:53:26.535: W/VideoCapabilities(20509): Unsupported mime video/mpeg
04-23 22:53:26.535: W/VideoCapabilities(20509): Unsupported mime video/mpeg2
04-23 22:53:26.535: W/VideoCapabilities(20509): Unrecognized profile 32768 for video/3gpp
04-23 22:53:26.535: W/VideoCapabilities(20509): Unrecognized profile 32768 for video/3gpp
04-23 22:53:26.535: W/VideoCapabilities(20509): Unrecognized profile 32768 for video/3gpp
04-23 22:53:26.535: W/VideoCapabilities(20509): Unrecognized profile 32768 for video/3gpp
04-23 22:53:26.535: W/VideoCapabilities(20509): Unrecognized profile 32768 for video/3gpp
04-23 22:53:26.535: W/VideoCapabilities(20509): Unrecognized profile 32768 for video/3gpp
04-23 22:53:26.535: W/VideoCapabilities(20509): Unrecognized profile 32768 for video/3gpp
04-23 22:53:26.535: W/VideoCapabilities(20509): Unrecognized profile 32768 for video/3gpp
04-23 22:53:26.535: W/VideoCapabilities(20509): Unrecognized profile/level 0/0 for video/3gpp
04-23 22:53:26.535: W/VideoCapabilities(20509): Unrecognized profile 0 for video/3gpp
04-23 22:53:26.535: W/VideoCapabilities(20509): Unsupported mime video/mp4
04-23 22:53:26.535: I/VideoCapabilities(20509): Unsupported profile 8 for video/mp4v-es
04-23 22:53:26.535: I/VideoCapabilities(20509): Unsupported profile 8 for video/mp4v-es
04-23 22:53:26.535: I/VideoCapabilities(20509): Unsupported profile 8 for video/mp4v-es
04-23 22:53:26.535: I/VideoCapabilities(20509): Unsupported profile 8 for video/mp4v-es
04-23 22:53:26.535: I/VideoCapabilities(20509): Unsupported profile 8 for video/mp4v-es
04-23 22:53:26.535: I/VideoCapabilities(20509): Unsupported profile 8 for video/mp4v-es
04-23 22:53:26.535: I/VideoCapabilities(20509): Unsupported profile 8 for video/mp4v-es
04-23 22:53:26.535: I/VideoCapabilities(20509): Unsupported profile 8 for video/mp4v-es
04-23 22:53:26.535: W/VideoCapabilities(20509): Unrecognized profile/level 32768/2 for video/mp4v-es
04-23 22:53:26.535: W/VideoCapabilities(20509): Unrecognized profile 0 for video/mp4v-es
04-23 22:53:26.535: W/VideoCapabilities(20509): Unsupported mime video/mpeg4
04-23 22:53:26.545: W/VideoCapabilities(20509): Unsupported mime video/x-flv
04-23 22:53:26.545: I/MdiSyncModule(15282): flag handling is skipping irrelevant intent.
04-23 22:53:26.545: W/VideoCapabilities(20509): Unsupported mime video/vc1
04-23 22:53:26.545: W/VideoCapabilities(20509): Unsupported mime video/wvc1
04-23 22:53:26.555: W/ModuleInitIntentOp(15282): Dropping unexpected action com.google.android.gms.phenotype.COMMITTED
04-23 22:53:26.555: W/VideoCapabilities(20509): Unsupported mime video/x-ms-wmv
04-23 22:53:26.565: W/VideoCapabilities(20509): Unsupported mime video/x-ms-wmv3
04-23 22:53:26.565: I/PG Utils(15282): acquire_providerpkg:[com.google.android.gsf] pid:[] maybe timeout , send to PG
04-23 22:53:26.565: W/VideoCapabilities(20509): Unsupported mime video/x-pn-realvideo
04-23 22:53:26.565: W/VideoCapabilities(20509): Unsupported mime video/ffmpeg
04-23 22:53:26.575: W/AudioCapabilities(20509): Unsupported mime audio/ffmpeg
04-23 22:53:26.575: I/PG Utils(15282): acquire_providerpkg:[com.google.android.gsf] pid:[] maybe timeout , send to PG
04-23 22:53:26.595: I/VideoCapabilities(20509): Unsupported profile 4 for video/mp4v-es
04-23 22:53:26.595: I/PG Utils(15282): acquire_providerpkg:[com.google.android.gsf] pid:[] maybe timeout , send to PG
04-23 22:53:26.595: I/Auth(15209): [AuthManaged,PasswordComplexityHelperImpl] Updating password complexity components state.
04-23 22:53:26.605: I/Auth(15209): [AuthManaged,PasswordComplexityHelperImpl] Disabling com.google.android.gms.auth.managed.admin.DeviceAdminReceiver
04-23 22:53:26.605: E/art(15209): invalid stream - problem with parameter iterator in /data/data/com.google.android.gms/code_cache/secondary-dexes/base.apk.classes2.zip for method void fca.c(java.lang.String, java.lang.String, java.lang.Object[])
04-23 22:53:26.605: W/NetRec(15209): [1023] ConfigChangedIntentOperation.onHandleIntent: Device does not support scoring, exiting
04-23 22:53:26.605: I/PG Utils(15282): acquire_providerpkg:[com.google.android.gsf] pid:[] maybe timeout , send to PG
04-23 22:53:26.605: I/Auth(15209): [AuthManaged,PasswordComplexityHelperImpl] Disabling com.google.android.gms.auth.managed.ui.SetNewPasswordActivity
04-23 22:53:26.605: I/PTCommittedOperation(15209): Receive new configuration for com.google.android.gms.icing.mdd
04-23 22:53:26.725: I/vclib(20509): onServiceConnected
04-23 22:53:26.735: I/PG Utils(15282): acquire_providerpkg:[com.google.android.gsf] pid:[] maybe timeout , send to PG
04-23 22:53:26.735: I/HwSystemManager(3669): HoldService:uid:10008 pid:19030 died
04-23 22:53:26.735: I/HwSystemManager(3669): HoldService:oldVersionKey:10008,19030
04-23 22:53:26.735: I/HwSystemManager(3669): BgPowerManagerService:onProcessDied uid = 10008
04-23 22:53:26.735: E/HsmCoreServiceImpl(2958): onTransact in code is: 102
04-23 22:53:26.735: I/MediaProcessHandler(2958): processOp opType: 1, uid: 10008, pid: 19030
04-23 22:53:26.735: W/MediaProcessHandler(2958): remove target not exist, maybe the UI process: uid: 10008, pid: 19030
04-23 22:53:26.745: I/PG Utils(15282): acquire_providerpkg:[com.google.android.gsf] pid:[] maybe timeout , send to PG
04-23 22:53:26.745: I/PG Utils(15282): acquire_providerpkg:[com.google.android.gsf] pid:[] maybe timeout , send to PG
04-23 22:53:26.755: I/PG Utils(15282): acquire_providerpkg:[com.google.android.gsf] pid:[] maybe timeout , send to PG
04-23 22:53:26.765: I/MdiSyncModule(15282): flag handling is skipping irrelevant intent.
04-23 22:53:26.775: I/MobileDataHub(15282): Scheduling periodic tasks
04-23 22:53:26.785: W/ModuleInitIntentOp(15282): Dropping unexpected action com.google.android.gms.phenotype.COMMITTED
04-23 22:53:26.785: I/PTCommittedOperation(15209): Receive new configuration for com.google.android.gms.icing.mdh
04-23 22:53:26.785: I/PG Utils(15282): acquire_providerpkg:[com.google.android.gsf] pid:[] maybe timeout , send to PG
04-23 22:53:26.805: I/ActivityManager(2958): filter receiver for action = com.google.android.gms.gcm.ACTION_SCHEDULE
04-23 22:53:26.815: I/MdiSyncModule(15282): flag handling is skipping irrelevant intent.
04-23 22:53:26.815: W/ModuleInitIntentOp(15282): Dropping unexpected action com.google.android.gms.phenotype.COMMITTED
04-23 22:53:26.835: I/ActivityManager(2958): filter receiver for action = com.google.android.gms.phenotype.COMMITTED
04-23 22:53:26.875: E/art(15209): invalid stream - problem with parameter iterator in /data/data/com.google.android.gms/code_cache/secondary-dexes/base.apk.classes2.zip for method void fca.c(java.lang.String, java.lang.String, java.lang.Object[])
04-23 22:53:26.875: W/NetRec(15209): [1022] ConfigChangedIntentOperation.onHandleIntent: Device does not support scoring, exiting
04-23 22:53:26.885: I/PTCommittedOperation(15209): Receive new configuration for com.google.android.gms.herrevad
04-23 22:53:26.895: I/DHCPCD(20582): wlan0: leased 10.12.63.107 for 3269 seconds
04-23 22:53:26.895: E/WifiStateMachine(2958): ObtainingIpState !CMD_UPDATE_LINKPROPERTIES 0 0
04-23 22:53:26.895: E/WifiStateMachine(2958): L2ConnectedState !CMD_UPDATE_LINKPROPERTIES 0 0
04-23 22:53:26.895: E/WifiStateMachine(2958): ConnectModeState !CMD_UPDATE_LINKPROPERTIES 0 0
04-23 22:53:26.895: E/WifiStateMachine(2958): DriverStartedState !CMD_UPDATE_LINKPROPERTIES 0 0
04-23 22:53:26.895: E/WifiStateMachine(2958): SupplicantStartedState !CMD_UPDATE_LINKPROPERTIES 0 0
04-23 22:53:26.895: E/WifiStateMachine(2958): DefaultState !CMD_UPDATE_LINKPROPERTIES 0 0
04-23 22:53:26.895: E/WifiStateMachine(2958): updateLinkProperties nid: 0 state: CONNECTING reason: CMD_UPDATE_LINKPROPERTIES v4
04-23 22:53:26.895: I/MdiSyncModule(15282): flag handling is skipping irrelevant intent.
04-23 22:53:26.895: I/Auth(15209): [AuthManaged,PasswordComplexityHelperImpl] Updating password complexity components state.
04-23 22:53:26.895: I/Auth(15209): [AuthManaged,PasswordComplexityHelperImpl] Disabling com.google.android.gms.auth.managed.admin.DeviceAdminReceiver
04-23 22:53:26.895: I/Auth(15209): [AuthManaged,PasswordComplexityHelperImpl] Disabling com.google.android.gms.auth.managed.ui.SetNewPasswordActivity
04-23 22:53:26.905: I/Herrevad(15209): [1014] abif.a: updateListenState
04-23 22:53:26.905: W/ModuleInitIntentOp(15282): Dropping unexpected action com.google.android.gms.phenotype.COMMITTED
04-23 22:53:26.915: I/ActivityManager(2958): filter receiver for action = android.intent.action.PACKAGE_CHANGED
04-23 22:53:26.915: I/HwLauncher(3555): Model onReceive intent=Intent { act=android.intent.action.PACKAGE_CHANGED dat=package:com.android.vending flg=0x4000010 (has extras) }
04-23 22:53:26.915: I/HwLauncher(3555): Model replacing = false package = com.android.vending
04-23 22:53:26.915: I/HwSystemManager(3669): HsmPackageManager:Receive intent:Intent { act=android.intent.action.PACKAGE_CHANGED dat=package:com.android.vending flg=0x4000010 (has extras) }
04-23 22:53:26.915: I/HwSystemManager(3669): HsmPackageManager:replacing:false
04-23 22:53:26.915: I/HwLauncher(3555): MutilSelectedIconsonPreHandleUpdatedTask : mIsInMutilSelectMode = false task = 2 packages = [com.android.vending]
04-23 22:53:26.915: I/HwSystemManager(3669): HsmPackageManager:pkgName:com.android.vending
04-23 22:53:26.915: I/HwLauncher(3555): SimpleLauncherModeaction= android.intent.action.PACKAGE_CHANGEDpackageName = com.android.vending
04-23 22:53:26.915: I/HwLauncher(3555): Model mAllAppsList.updatePackage com.android.vending
04-23 22:53:26.915: I/HwSystemManager(3669): HsmPackageManager:doAppChanged, put com.android.vending, path:/data/app/com.android.vending-1
04-23 22:53:26.915: I/AccountTypeManager(20052): Adding account type = com.android.contacts.model.account.ExchangeAccountType@169a5962 in the cache
04-23 22:53:26.925: I/HwLauncher(3555): AllIdleAppsList updatePackage : package[com.android.vending] matched activity's size is 1 and data List size is 49
04-23 22:53:26.925: I/HwLauncher(3555): Launcher.Utilities createIconBitmap classname = null, sourceWidth = 114, sourceHeight = 114
04-23 22:53:26.925: I/HwLauncher(3555): Launcher.IconCache, cacheLocked end Utilities.createIconBitmap entry.title = Play Store
04-23 22:53:26.925: I/InputReader(2958): Reconfiguring input devices. changes=0x00000010
04-23 22:53:26.925: I/HwLauncher(3555): Model shortcutInfo.title = Play Store
04-23 22:53:26.925: I/HwLauncher(3555): SimpleLauncherModemAllAppsList.updatePackage com.android.vending
04-23 22:53:26.925: I/HwLauncher(3555): Workspace updateShortcuts apps.size() 1
04-23 22:53:26.925: I/HwLauncher(3555): Launcher.Folder childCount: 9
04-23 22:53:26.925: I/HwLauncher(3555): Launcher.Folder updateFolderShortcuts shortcutInfo = Play Store
04-23 22:53:26.925: I/SimFactoryManager(20052): Get SIM state from SIM factory manager: 0,For slotId:0
04-23 22:53:26.925: I/HwLauncher(3555): Launcher.Folder childCount: 3
04-23 22:53:26.925: E/HideAppsPagedView(3555): syncPages mCurrentPage = 0
04-23 22:53:26.935: I/SimFactoryManager(20052): Get SIM state from SIM factory manager: 0,For slotId:1
04-23 22:53:26.935: I/HwLauncher(3555): SimpleAllAppsList updatePackage : package[com.android.vending] matched activity's size is 1 and data List size is 0
04-23 22:53:26.935: I/AccountTypeManager(20052): Adding account type = com.android.contacts.model.account.ExternalAccountType@2ac01af3 in the cache
04-23 22:53:26.935: E/HideAppsPagedView(3555): syncAppsPageItems page = 0 mNumAppsPages = 1 mCurrentPage = 0
04-23 22:53:26.935: E/HideAppsPagedView(3555): createAddIcon count = 0
04-23 22:53:26.945: I/HwLauncher(3555): FPSMonitor snapToPage whichPage = 0 delta = 0 duration = 550
04-23 22:53:26.945: I/HwLauncher(3555): SimpleAllAppsList findAndUpdateInfoInDB : found 0 shortcutInfo for package[com.android.vending] in db
04-23 22:53:26.945: I/HwLauncher(3555): SimpleAllAppsList updatePackage do not add new SimpleApplicationInfo,It's in normal now. package = com.android.vending
04-23 22:53:26.945: W/HwLauncher(3555): SimpleLauncherModeNobody to tell about the new app. Launcher is probably loading.
04-23 22:53:26.945: I/PTCommittedOperation(15209): Receive new configuration for com.google.android.gms.firebase.auth
04-23 22:53:26.965: I/MdiSyncModule(15282): flag handling is skipping irrelevant intent.
04-23 22:53:26.965: I/HwLauncher(3555): Launcher Deferring update until onResume
04-23 22:53:26.975: W/ModuleInitIntentOp(15282): Dropping unexpected action com.google.android.gms.phenotype.COMMITTED
04-23 22:53:27.025: W/ResourceType(20052): For resource 0x7f0806ed, entry index(1773) is beyond type entryCount(13)
04-23 22:53:27.025: W/ResourceType(20052): Failure getting entry for 0x7f0806ed (t=7 e=1773) (error -75)
04-23 22:53:27.025: W/ResourceType(20052): For resource 0x7f0806ed, entry index(1773) is beyond type entryCount(13)
04-23 22:53:27.025: W/ResourceType(20052): Failure getting entry for 0x7f0806ed (t=7 e=1773) (error -75)
04-23 22:53:27.025: I/AccountTypeManager(20052): Adding account type = com.android.contacts.model.account.ExternalAccountType@20a35229 in the cache
04-23 22:53:27.025: I/AccountTypeManager(20052): Adding account type = com.android.contacts.model.account.GoogleAccountType@1d48a9ae in the cache
04-23 22:53:27.035: E/ExternalAccountType(20052): Unsupported attribute readOnly
04-23 22:53:27.045: I/AccountTypeManager(20052): AccountManager, account size is: 2
04-23 22:53:27.045: I/AccountTypeManager(20052): Error, not syncable found for type: com.google
04-23 22:53:27.045: I/AccountTypeManager(20052): Loaded meta-data for 5 account types, 1 accounts in 132ms(wall) 51ms(cpu)
04-23 22:53:27.075: I/PTCommittedOperation(15209): Receive new configuration for com.google.android.gms.ads
04-23 22:53:27.085: I/MdiSyncModule(15282): flag handling is skipping irrelevant intent.
04-23 22:53:27.095: W/ModuleInitIntentOp(15282): Dropping unexpected action com.google.android.gms.phenotype.COMMITTED
04-23 22:53:27.095: I/ActivityManager(2958): filter receiver for action = com.google.android.gms.phenotype.COMMITTED
04-23 22:53:27.105: E/art(15209): invalid stream - problem with parameter iterator in /data/data/com.google.android.gms/code_cache/secondary-dexes/base.apk.classes2.zip for method void fca.c(java.lang.String, java.lang.String, java.lang.Object[])
04-23 22:53:27.105: W/NetRec(15209): [1022] ConfigChangedIntentOperation.onHandleIntent: Device does not support scoring, exiting
04-23 22:53:27.105: I/Auth(15209): [AuthManaged,PasswordComplexityHelperImpl] Updating password complexity components state.
04-23 22:53:27.105: I/Auth(15209): [AuthManaged,PasswordComplexityHelperImpl] Disabling com.google.android.gms.auth.managed.admin.DeviceAdminReceiver
04-23 22:53:27.105: I/Auth(15209): [AuthManaged,PasswordComplexityHelperImpl] Disabling com.google.android.gms.auth.managed.ui.SetNewPasswordActivity
04-23 22:53:27.115: I/PTCommittedOperation(15209): Receive new configuration for com.google.android.gms.car
04-23 22:53:27.125: E/WifiStateMachine(2958): ObtainingIpState !CMD_UPDATE_LINKPROPERTIES 0 0 v4
04-23 22:53:27.125: E/WifiStateMachine(2958): L2ConnectedState !CMD_UPDATE_LINKPROPERTIES 0 0 v4
04-23 22:53:27.125: E/WifiStateMachine(2958): ConnectModeState !CMD_UPDATE_LINKPROPERTIES 0 0 v4
04-23 22:53:27.125: E/WifiStateMachine(2958): DriverStartedState !CMD_UPDATE_LINKPROPERTIES 0 0 v4
04-23 22:53:27.125: E/WifiStateMachine(2958): SupplicantStartedState !CMD_UPDATE_LINKPROPERTIES 0 0 v4
04-23 22:53:27.125: E/WifiStateMachine(2958): DefaultState !CMD_UPDATE_LINKPROPERTIES 0 0 v4
04-23 22:53:27.125: E/WifiStateMachine(2958): updateLinkProperties nid: 0 state: CONNECTING reason: CMD_UPDATE_LINKPROPERTIES v4
04-23 22:53:27.165: I/MdiSyncModule(15282): flag handling is skipping irrelevant intent.
04-23 22:53:27.175: W/ModuleInitIntentOp(15282): Dropping unexpected action com.google.android.gms.phenotype.COMMITTED
04-23 22:53:27.195: I/MdiSyncModule(15282): flag handling is skipping irrelevant intent.
04-23 22:53:27.195: W/ModuleInitIntentOp(15282): Dropping unexpected action com.google.android.gms.phenotype.COMMITTED
04-23 22:53:27.225: I/ActivityManager(2958): filter receiver for action = com.google.android.gms.phenotype.COMMITTED
04-23 22:53:27.255: E/WifiStateMachine(2958): ObtainingIpState !CMD_POST_DHCP_ACTION 1 0 OK v4
04-23 22:53:27.255: E/WifiStateMachine(2958): L2ConnectedState !CMD_POST_DHCP_ACTION 1 0 OK v4
04-23 22:53:27.265: I/wpa_supplicant(3188): set current WIFI status to BT!
04-23 22:53:27.265: E/WifiStateMachine(2958): wifistatemachine handleIPv4Success
04-23 22:53:27.265: E/WifiStateMachine(2958): link address 10.12.63.107/18
04-23 22:53:27.265: E/WifiStateMachine(2958): updateLinkProperties nid: 0 state: CONNECTING reason: DHCP_SUCCESS v4 v4r v4dns isprov
04-23 22:53:27.265: E/WifiStateMachine(2958): updateWifiIp StateMachine 10.12.63.107
04-23 22:53:27.265: E/WifiStateMachine(2958): ObtainingIpState !CMD_IP_CONFIGURATION_SUCCESSFUL 0 0
04-23 22:53:27.265: E/WifiStateMachine(2958): L2ConnectedState !CMD_IP_CONFIGURATION_SUCCESSFUL 0 0
04-23 22:53:27.265: I/ActivityManager(2958): filter receiver for action = android.net.wifi.STATE_CHANGE
04-23 22:53:27.275: I/ActivityManager(2958): filter receiver for action = android.net.wifi.STATE_CHANGE
04-23 22:53:27.285: I/ActivityManager(2958): filter receiver for action = com.google.android.gms.gcm.ACTION_SCHEDULE
04-23 22:53:27.285: I/ActivityManager(2958): filter receiver for action = android.net.wifi.STATE_CHANGE
04-23 22:53:27.285: I/ActivityManager(2958): filter receiver for action = android.net.wifi.STATE_CHANGE
04-23 22:53:27.285: E/WifiStateMachine(2958): updateDefaultRouteMacAddress found Ipv4 default :10.12.0.1
04-23 22:53:27.285: E/WifiStateMachine(2958): Did not find remoteAddress {10.12.0.1} in /proc/net/arp
04-23 22:53:27.295: I/NetworkSpeedManagerEx(3174): receive:android.net.wifi.STATE_CHANGE
04-23 22:53:27.305: I/NetworkSpeedManagerEx(3174): wifiManager = android.net.wifi.WifiManager@f8df045
04-23 22:53:27.305: I/NetworkSpeedManagerEx(3174): mIsNetworkSpeedEnabled = false, mIsAirplaneMode = false, mIsWifiConnected = true, mIsHasIccCard = false, mIsDataSwitchEnabled = true
04-23 22:53:27.305: I/NetworkSpeedManagerEx(3174): stop
04-23 22:53:27.305: I/ActivityManager(2958): filter receiver for action = com.google.android.gms.gcm.ACTION_SCHEDULE
04-23 22:53:27.315: I/NetworkSpeedManagerEx(3174): receive:android.net.wifi.STATE_CHANGE
04-23 22:53:27.315: I/NetworkSpeedManagerEx(3174): wifiManager = android.net.wifi.WifiManager@f8df045
04-23 22:53:27.315: I/NetworkSpeedManagerEx(3174): mIsNetworkSpeedEnabled = false, mIsAirplaneMode = false, mIsWifiConnected = true, mIsHasIccCard = false, mIsDataSwitchEnabled = true
04-23 22:53:27.315: I/NetworkSpeedManagerEx(3174): stop
04-23 22:53:27.315: I/ActivityManager(2958): filter receiver for action = com.google.android.gms.gcm.ACTION_SCHEDULE
04-23 22:53:27.325: I/WifiTracker(3174): STATE =1
04-23 22:53:27.335: I/ActivityManager(2958): filter receiver for action = com.google.android.gms.gcm.ACTION_SCHEDULE
04-23 22:53:27.335: I/System(2958): core_booster, getBoosterConfig = false
04-23 22:53:27.335: I/HwSystemManager(3669): aor:Network Stats Updated
04-23 22:53:27.335: I/HwSystemManager(3669): aoi:onNetworkStatsUpdated
04-23 22:53:27.335: I/HwSystemManager(3669): TrafficAnalyseManager:mDataServiceStatusCard1 : false mDataServiceStatusCard2 : false
04-23 22:53:27.345: I/ActivityManager(2958): filter receiver for action = com.google.android.gms.gcm.ACTION_SCHEDULE
04-23 22:53:27.345: I/NetworkSpeedManagerEx(3174): receive:android.net.wifi.STATE_CHANGE
04-23 22:53:27.345: I/NetworkSpeedManagerEx(3174): wifiManager = android.net.wifi.WifiManager@f8df045
04-23 22:53:27.345: I/ActivityManager(2958): filter receiver for action = com.google.android.gms.gcm.ACTION_SCHEDULE
04-23 22:53:27.345: E/HwSystemManager(3669): getSimCardType:/getSimCardInfo: imsi is null
04-23 22:53:27.345: I/NetworkSpeedManagerEx(3174): mIsNetworkSpeedEnabled = false, mIsAirplaneMode = false, mIsWifiConnected = true, mIsHasIccCard = false, mIsDataSwitchEnabled = true
04-23 22:53:27.345: I/NetworkSpeedManagerEx(3174): stop
04-23 22:53:27.355: I/ActivityManager(2958): filter receiver for action = com.google.android.gms.gcm.ACTION_SCHEDULE
04-23 22:53:27.355: E/HwSystemManager(3669): getSimCardType:/getSimCardInfo: imsi is null
04-23 22:53:27.355: E/HwSystemManager(3669): getSimCardType:/getPhoneSimCardInfo: boths card not recongnized
04-23 22:53:27.355: W/HwSystemManager(3669): TrafficAnalyseManager:initCardStatus: preferredCardInfo is null.
04-23 22:53:27.355: E/HwSystemManager(3669): TrafficNotifyOverMarkForDay:notifyTafficOverMarkForDay: imsi is null.
04-23 22:53:27.355: I/HwSystemManager(3669): TrafficAnalyseManager:mDataServiceStatusCard1 : false mDataServiceStatusCard2 : false
04-23 22:53:27.365: I/MdiSyncModule(15282): flag handling is skipping irrelevant intent.
04-23 22:53:27.365: W/ModuleInitIntentOp(15282): Dropping unexpected action com.google.android.gms.phenotype.COMMITTED
04-23 22:53:27.365: E/art(15209): invalid stream - problem with parameter iterator in /data/data/com.google.android.gms/code_cache/secondary-dexes/base.apk.classes2.zip for method void fca.c(java.lang.String, java.lang.String, java.lang.Object[])
04-23 22:53:27.365: W/NetRec(15209): [997] ConfigChangedIntentOperation.onHandleIntent: Device does not support scoring, exiting
04-23 22:53:27.365: I/PTCommittedOperation(15209): Receive new configuration for com.google.android.gms.gcm
04-23 22:53:27.375: E/HwSystemManager(3669): getSimCardType:/getSimCardInfo: imsi is null
04-23 22:53:27.375: I/Auth(15209): [AuthManaged,PasswordComplexityHelperImpl] Updating password complexity components state.
04-23 22:53:27.375: I/Auth(15209): [AuthManaged,PasswordComplexityHelperImpl] Disabling com.google.android.gms.auth.managed.admin.DeviceAdminReceiver
04-23 22:53:27.375: I/PTCommittedOperation(15209): Receive new configuration for com.google.android.gms.ipa
04-23 22:53:27.375: I/Auth(15209): [AuthManaged,PasswordComplexityHelperImpl] Disabling com.google.android.gms.auth.managed.ui.SetNewPasswordActivity
04-23 22:53:27.385: I/NetworkSpeedManagerEx(3174): receive:android.net.wifi.STATE_CHANGE
04-23 22:53:27.385: I/NetworkSpeedManagerEx(3174): wifiManager = android.net.wifi.WifiManager@f8df045
04-23 22:53:27.385: I/NetworkSpeedManagerEx(3174): mIsNetworkSpeedEnabled = false, mIsAirplaneMode = false, mIsWifiConnected = true, mIsHasIccCard = false, mIsDataSwitchEnabled = true
04-23 22:53:27.385: I/NetworkSpeedManagerEx(3174): stop
04-23 22:53:27.385: E/HwSystemManager(3669): getSimCardType:/getSimCardInfo: imsi is null
04-23 22:53:27.385: E/HwSystemManager(3669): getSimCardType:/getPhoneSimCardInfo: boths card not recongnized
04-23 22:53:27.385: W/HwSystemManager(3669): TrafficAnalyseManager:initCardStatus: preferredCardInfo is null.
04-23 22:53:27.395: E/HwSystemManager(3669): TrafficNotifyOverMarkForMonth:notifyTafficOverMarkForMonth: imsi is null.
04-23 22:53:27.395: I/HwSystemManager(3669): TrafficAnalyseManager:mDataServiceStatusCard1 : false mDataServiceStatusCard2 : false
04-23 22:53:27.395: I/WifiTracker(3174): STATE =1
04-23 22:53:27.395: I/PTCommittedOperation(15209): Receive new configuration for com.google.android.gms.ocr
04-23 22:53:27.395: I/CameraHalInterface(2581): Found a matching camera info for ID 0
04-23 22:53:27.405: I/OcrModelUpStIntentOp(15282): Updating ocr activity enabled=true (phenotypeFlag=true, lowRamDevice=false, prereqCheck=true)
04-23 22:53:27.405: I/OcrModelUpStIntentOp(15282): Downloading text recognizer
04-23 22:53:27.405: I/ActivityManager(2958): filter receiver for action = com.google.android.gms.vision.DEPENDENCY
04-23 22:53:27.415: I/MdiSyncModule(15282): flag handling is skipping irrelevant intent.
04-23 22:53:27.415: E/HwSystemManager(3669): getSimCardType:/getSimCardInfo: imsi is null
04-23 22:53:27.415: I/WifiTracker(3174): STATE =1
04-23 22:53:27.425: W/ModuleInitIntentOp(15282): Dropping unexpected action com.google.android.gms.phenotype.COMMITTED
04-23 22:53:27.425: E/HwSystemManager(3669): getSimCardType:/getSimCardInfo: imsi is null
04-23 22:53:27.425: E/HwSystemManager(3669): getSimCardType:/getPhoneSimCardInfo: boths card not recongnized
04-23 22:53:27.425: W/HwSystemManager(3669): TrafficAnalyseManager:initCardStatus: preferredCardInfo is null.
04-23 22:53:27.425: E/HwSystemManager(3669): TrafficNotifyExcessForMonth:notifyTafficExcessForMonth: imsi is null.
04-23 22:53:27.435: W/PayUpdateIntentOperatio(15282): Dropping unexpected action: com.google.android.gms.phenotype.COMMITTED [CONTEXT service_id=198 ]
04-23 22:53:27.435: I/GeofencerStateMachine(15209): sendWifiConnectivityChanged: connectivity=true
04-23 22:53:27.445: I/WifiTracker(3174): STATE =1
04-23 22:53:27.475: I/ActivityManager(2958): filter receiver for action = com.google.android.gms.phenotype.COMMITTED
04-23 22:53:27.485: E/art(15209): invalid stream - problem with parameter iterator in /data/data/com.google.android.gms/code_cache/secondary-dexes/base.apk.classes2.zip for method void fca.c(java.lang.String, java.lang.String, java.lang.Object[])
04-23 22:53:27.485: W/NetRec(15209): [1031] ConfigChangedIntentOperation.onHandleIntent: Device does not support scoring, exiting
04-23 22:53:27.485: I/Auth(15209): [AuthManaged,PasswordComplexityHelperImpl] Updating password complexity components state.
04-23 22:53:27.495: I/Auth(15209): [AuthManaged,PasswordComplexityHelperImpl] Disabling com.google.android.gms.auth.managed.admin.DeviceAdminReceiver
04-23 22:53:27.495: I/Auth(15209): [AuthManaged,PasswordComplexityHelperImpl] Disabling com.google.android.gms.auth.managed.ui.SetNewPasswordActivity
04-23 22:53:27.525: I/ActivityManager(2958): filter receiver for action = com.google.android.gms.phenotype.COMMITTED
04-23 22:53:27.525: E/art(15209): invalid stream - problem with parameter iterator in /data/data/com.google.android.gms/code_cache/secondary-dexes/base.apk.classes2.zip for method void fca.c(java.lang.String, java.lang.String, java.lang.Object[])
04-23 22:53:27.525: W/NetRec(15209): [997] ConfigChangedIntentOperation.onHandleIntent: Device does not support scoring, exiting
04-23 22:53:27.525: I/Auth(15209): [AuthManaged,PasswordComplexityHelperImpl] Updating password complexity components state.
04-23 22:53:27.525: I/Auth(15209): [AuthManaged,PasswordComplexityHelperImpl] Disabling com.google.android.gms.auth.managed.admin.DeviceAdminReceiver
04-23 22:53:27.525: I/Auth(15209): [AuthManaged,PasswordComplexityHelperImpl] Disabling com.google.android.gms.auth.managed.ui.SetNewPasswordActivity
04-23 22:53:27.565: I/OAM(2639): [check_file_size:402]/data/hwlogdir/wifi_log/wifi_log_1 log file beyond size=10240Byte, creat new file
04-23 22:53:27.565: I/OAM(2639): [rename_old_file:107]rename_old_file
04-23 22:53:27.625: I/art(2958): Explicit concurrent mark sweep GC freed 96189(5MB) AllocSpace objects, 3(60KB) LOS objects, 33% free, 29MB/44MB, paused 2.201ms total 229.205ms
04-23 22:53:27.635: I/PTCommittedOperation(15209): Receive new configuration for com.google.android.gms.pay
04-23 22:53:27.665: I/ActivityManager(2958): filter receiver for action = com.google.android.gms.phenotype.COMMITTED
04-23 22:53:27.735: E/art(15209): invalid stream - problem with parameter iterator in /data/data/com.google.android.gms/code_cache/secondary-dexes/base.apk.classes2.zip for method void fca.c(java.lang.String, java.lang.String, java.lang.Object[])
04-23 22:53:27.735: W/NetRec(15209): [1025] ConfigChangedIntentOperation.onHandleIntent: Device does not support scoring, exiting
04-23 22:53:27.735: I/Auth(15209): [AuthManaged,PasswordComplexityHelperImpl] Updating password complexity components state.
04-23 22:53:27.735: I/Auth(15209): [AuthManaged,PasswordComplexityHelperImpl] Disabling com.google.android.gms.auth.managed.admin.DeviceAdminReceiver
04-23 22:53:27.735: I/Auth(15209): [AuthManaged,PasswordComplexityHelperImpl] Disabling com.google.android.gms.auth.managed.ui.SetNewPasswordActivity
04-23 22:53:27.745: I/MdiSyncModule(15282): flag handling is skipping irrelevant intent.
04-23 22:53:27.745: W/ModuleInitIntentOp(15282): Dropping unexpected action com.google.android.gms.phenotype.COMMITTED
04-23 22:53:27.765: I/PTCommittedOperation(15209): Receive new configuration for com.google.android.gms.rcs
04-23 22:53:27.775: I/ActivityManager(2958): filter receiver for action = com.google.android.gms.phenotype.COMMITTED
04-23 22:53:27.775: I/MdiSyncModule(15282): flag handling is skipping irrelevant intent.
04-23 22:53:27.785: W/ModuleInitIntentOp(15282): Dropping unexpected action com.google.android.gms.phenotype.COMMITTED
04-23 22:53:27.795: I/PG Utils(15282): acquire_providerpkg:[com.google.android.gsf] pid:[] maybe timeout , send to PG
04-23 22:53:27.805: I/ActivityManager(2958): filter receiver for action = com.google.android.gms.gcm.ACTION_SCHEDULE
04-23 22:53:27.845: I/PTCommittedOperation(15209): Receive new configuration for com.google.android.gms.udc
04-23 22:53:27.845: E/art(15209): invalid stream - problem with parameter iterator in /data/data/com.google.android.gms/code_cache/secondary-dexes/base.apk.classes2.zip for method void fca.c(java.lang.String, java.lang.String, java.lang.Object[])
04-23 22:53:27.845: W/NetRec(15209): [1022] ConfigChangedIntentOperation.onHandleIntent: Device does not support scoring, exiting
04-23 22:53:27.855: I/Auth(15209): [AuthManaged,PasswordComplexityHelperImpl] Updating password complexity components state.
04-23 22:53:27.855: I/Auth(15209): [AuthManaged,PasswordComplexityHelperImpl] Disabling com.google.android.gms.auth.managed.admin.DeviceAdminReceiver
04-23 22:53:27.855: I/Auth(15209): [AuthManaged,PasswordComplexityHelperImpl] Disabling com.google.android.gms.auth.managed.ui.SetNewPasswordActivity
04-23 22:53:27.855: I/MdiSyncModule(15282): flag handling is skipping irrelevant intent.
04-23 22:53:27.865: W/ModuleInitIntentOp(15282): Dropping unexpected action com.google.android.gms.phenotype.COMMITTED
04-23 22:53:27.885: I/PTCommittedOperation(15209): Receive new configuration for com.google.android.gms.ulr
04-23 22:53:27.895: I/ActivityManager(2958): filter receiver for action = com.google.android.gms.phenotype.COMMITTED
04-23 22:53:27.895: I/MdiSyncModule(15282): flag handling is skipping irrelevant intent.
04-23 22:53:27.905: W/ModuleInitIntentOp(15282): Dropping unexpected action com.google.android.gms.phenotype.COMMITTED
04-23 22:53:27.955: E/art(15209): invalid stream - problem with parameter iterator in /data/data/com.google.android.gms/code_cache/secondary-dexes/base.apk.classes2.zip for method void fca.c(java.lang.String, java.lang.String, java.lang.Object[])
04-23 22:53:27.955: W/NetRec(15209): [1031] ConfigChangedIntentOperation.onHandleIntent: Device does not support scoring, exiting
04-23 22:53:27.965: I/Auth(15209): [AuthManaged,PasswordComplexityHelperImpl] Updating password complexity components state.
04-23 22:53:27.965: I/Auth(15209): [AuthManaged,PasswordComplexityHelperImpl] Disabling com.google.android.gms.auth.managed.admin.DeviceAdminReceiver
04-23 22:53:27.965: I/Auth(15209): [AuthManaged,PasswordComplexityHelperImpl] Disabling com.google.android.gms.auth.managed.ui.SetNewPasswordActivity
04-23 22:53:27.965: I/PTCommittedOperation(15209): Receive new configuration for com.google.android.gms.appinvite
04-23 22:53:27.995: I/MdiSyncModule(15282): flag handling is skipping irrelevant intent.
04-23 22:53:28.005: W/ModuleInitIntentOp(15282): Dropping unexpected action com.google.android.gms.phenotype.COMMITTED
04-23 22:53:28.045: I/PTCommittedOperation(15209): Receive new configuration for com.google.android.gms.setupservices
04-23 22:53:28.055: I/art(15209): Background sticky concurrent mark sweep GC freed 104865(5MB) AllocSpace objects, 28(604KB) LOS objects, 12% free, 38MB/43MB, paused 2.678ms total 115.149ms
04-23 22:53:28.065: I/MdiSyncModule(15282): flag handling is skipping irrelevant intent.
04-23 22:53:28.075: W/ModuleInitIntentOp(15282): Dropping unexpected action com.google.android.gms.phenotype.COMMITTED
04-23 22:53:28.095: I/GCoreUlr(15209): WorldUpdater received intent Intent { act=com.google.android.location.reporting.ACTION_UPDATE_WORLD cmp=com.google.android.gms/com.google.android.location.reporting.service.DispatchingService (has extras) } with receiverAction com.google.gservices.intent.action.GSERVICES_CHANGED
04-23 22:53:28.095: I/ActivityManager(2958): filter receiver for action = com.google.android.gms.phenotype.COMMITTED
04-23 22:53:28.145: E/art(15209): invalid stream - problem with parameter iterator in /data/data/com.google.android.gms/code_cache/secondary-dexes/base.apk.classes2.zip for method void fca.c(java.lang.String, java.lang.String, java.lang.Object[])
04-23 22:53:28.145: W/NetRec(15209): [997] ConfigChangedIntentOperation.onHandleIntent: Device does not support scoring, exiting
04-23 22:53:28.145: I/PTCommittedOperation(15209): Receive new configuration for com.google.android.gms.usagereporting
04-23 22:53:28.145: I/Auth(15209): [AuthManaged,PasswordComplexityHelperImpl] Updating password complexity components state.
04-23 22:53:28.145: I/Auth(15209): [AuthManaged,PasswordComplexityHelperImpl] Disabling com.google.android.gms.auth.managed.admin.DeviceAdminReceiver
04-23 22:53:28.145: I/Auth(15209): [AuthManaged,PasswordComplexityHelperImpl] Disabling com.google.android.gms.auth.managed.ui.SetNewPasswordActivity
04-23 22:53:28.155: I/GCoreUlr(15209): WorldUpdater:com.google.gservices.intent.action.GSERVICES_CHANGED: Ensuring that reporting is stopped because of reasons: {account#-15#=[InactiveReason{mIdentifier=6, mName='ReportingNotEnabled'}, InactiveReason{mIdentifier=14, mName='HistoryNotEnabled'}]}
04-23 22:53:28.165: I/MdiSyncModule(15282): flag handling is skipping irrelevant intent.
04-23 22:53:28.165: W/ModuleInitIntentOp(15282): Dropping unexpected action com.google.android.gms.phenotype.COMMITTED
04-23 22:53:28.175: I/GCoreUlr(15209): Unbound from all signal providers.
04-23 22:53:28.195: I/GCoreUlr(15209): DispatchingService ignoring Intent { act=android.net.wifi.WIFI_STATE_CHANGED flg=0x4000010 (has extras) } because ULR inactive
04-23 22:53:28.195: I/System(15282): core_booster, getBoosterConfig = false
04-23 22:53:28.195: I/System(15282): core_booster, getBoosterConfig = false
04-23 22:53:28.205: I/System(15282): core_booster, getBoosterConfig = false
04-23 22:53:28.205: I/System(15282): core_booster, getBoosterConfig = false
04-23 22:53:28.205: I/System(15282): core_booster, getBoosterConfig = false
04-23 22:53:28.205: I/System(15282): core_booster, getBoosterConfig = false
04-23 22:53:28.205: W/Conscrypt(15282): Could not set socket write timeout: java.net.SocketException: Socket closed
04-23 22:53:28.205: W/Conscrypt(15282): Could not set socket write timeout: java.net.SocketException: Socket closed
04-23 22:53:28.205: E/art(15282): invalid stream - problem with parameter iterator in /data/app/com.google.android.gms-1/base.apk for method void com.google.android.gms.org.conscrypt.ConscryptFileDescriptorSocket.setSoWriteTimeout(int)
04-23 22:53:28.205: E/art(15282): invalid stream - problem with parameter iterator in /data/app/com.google.android.gms-1/base.apk for method void com.google.android.gms.org.conscrypt.ConscryptFileDescriptorSocket.setSoWriteTimeout(int)
04-23 22:53:28.205: W/Conscrypt(15282): at com.google.android.gms.org.conscrypt.Platform.setSocketWriteTimeout(:com.google.android.gms@200914010@20.09.14 (020400-300565878):2)
04-23 22:53:28.205: W/Conscrypt(15282): at com.google.android.gms.org.conscrypt.Platform.setSocketWriteTimeout(:com.google.android.gms@200914010@20.09.14 (020400-300565878):2)
04-23 22:53:28.205: W/Conscrypt(15282): at com.google.android.gms.org.conscrypt.ConscryptFileDescriptorSocket.setSoWriteTimeout(:com.google.android.gms@200914010@20.09.14 (020400-300565878))
04-23 22:53:28.205: W/Conscrypt(15282): at com.google.android.gms.org.conscrypt.ConscryptFileDescriptorSocket.setSoWriteTimeout(:com.google.android.gms@200914010@20.09.14 (020400-300565878))
04-23 22:53:28.215: W/Conscrypt(15282): Could not set socket write timeout: java.net.SocketException: Socket closed
04-23 22:53:28.215: W/Conscrypt(15282): Could not set socket write timeout: java.net.SocketException: Socket closed
04-23 22:53:28.225: E/art(15282): invalid stream - problem with parameter iterator in /data/app/com.google.android.gms-1/base.apk for method void com.google.android.gms.org.conscrypt.ConscryptFileDescriptorSocket.setSoWriteTimeout(int)
04-23 22:53:28.225: E/art(15282): invalid stream - problem with parameter iterator in /data/app/com.google.android.gms-1/base.apk for method void com.google.android.gms.org.conscrypt.ConscryptFileDescriptorSocket.setSoWriteTimeout(int)
04-23 22:53:28.225: W/Conscrypt(15282): at com.google.android.gms.org.conscrypt.Platform.setSocketWriteTimeout(:com.google.android.gms@200914010@20.09.14 (020400-300565878):2)
04-23 22:53:28.225: W/Conscrypt(15282): at com.google.android.gms.org.conscrypt.Platform.setSocketWriteTimeout(:com.google.android.gms@200914010@20.09.14 (020400-300565878):2)
