04-23 22:51:47.495: I/appproc(13548): CLASSPATH=/system/framework/pm.jar
04-23 22:51:47.495: I/appproc(13548): Command=app_process /system/bin com.android.commands.pm.Pm install -r -d -f -t /data/local/tmp/com.google.android.gms.policy_test_support.apk
04-23 22:51:47.495: I/appproc(13548): app_process:number,8,0
04-23 22:51:47.505: I/AndroidRuntime(13548): readDownloadBoosterConfig: 'false'
04-23 22:51:47.505: I/AndroidRuntime(13548): [
04-23 22:51:47.635 13548:13548 I/ ]
04-23 22:51:47.505: I/AndroidRuntime(13548): power log dlsym ok
04-23 22:51:47.685: E/android_hardware_fm.cpp(13548): register_android_hardware_fm_fmradio
04-23 22:51:47.685: I/android_hardware_fm.cpp(13548): ========64bit long size = 8
04-23 22:51:47.685: E/FM_HAL(13548): [FM_HAL], libname is libhisifm_if
04-23 22:51:47.685: I/fm_hisi(13548): FM::[fm_device_open:4655] fm_device_open
04-23 22:51:47.685: I/fm_hisi(13548): FM::[fm_device_open:4666] find the id:libhisifm_if and begins to open the device
04-23 22:51:47.685: I/fm_hisi(13548): FM::[fm_device_open:4710] device open sucess
04-23 22:51:47.685: E/android_hardware_fm.cpp(13548): register_android_hardware_fm_fmradio, ret is 0
04-23 22:51:47.735: I/HwSystemManager(3669): ahr:onReceive action is com.huawei.android.action.GET_INSTALLER_PACKAGE_INFO
04-23 22:51:47.735: I/HwSystemManager(3669): ahr:get count = 3
04-23 22:51:47.845: E/HwCustFwkFactory(13568): anzhen fwk cust use huawei cust factory
04-23 22:51:48.155: I/HwPackageManagerService(2958): start loadForceNotDexApps file. mHaveLoadedNeverDexoptApkList false
04-23 22:51:48.155: I/HwPackageManagerService(2958): needed dexopt deferred pkg :com.google.android.gms.policy_test_support
04-23 22:51:48.155: I/HwPackageManagerService(2958): start loadAppsList file. mHaveLoadedDexoptInBootUpApkList false
04-23 22:51:48.155: I/HwPackageManagerService(2958): needed dexopt deferred pkg :com.google.android.gms.policy_test_support
04-23 22:51:48.175: I/HwPackageManagerService(2958): forceNotDex: isOdexCase true, mSystemReady true, mDexOptTotalTime 77730, isFirstBoot false, hasOtaUpdate false
04-23 22:51:48.175: I/HwPackageManagerService(2958): forceNotDex = false: isOdexCase true, mSystemReady true
04-23 22:51:48.175: I/PackageManager(2958): Running dexopt on: /data/app/com.google.android.gms.policy_test_support-1/base.apk pkg=com.google.android.gms.policy_test_support isa=arm64 vmSafeMode=false
04-23 22:51:48.205: I/dex2oat(13590): /system/bin/dex2oat --zip-fd=11 --zip-location=/data/app/com.google.android.gms.policy_test_support-1/base.apk --oat-fd=12 --oat-location=/data/dalvik-cache/arm64/data@app@com.google.android.gms.policy_test_support-1@base.apk@classes.dex --instruction-set=arm64 --instruction-set-features=default --runtime-arg -Xms64m --runtime-arg -Xmx512m
04-23 22:51:49.355: E/WifiStateMachine(2958): ConnectedState !CMD_RSSI_POLL 1 0 "wl-ftl-mt03-1-24" 44:48:c1:91:9d:e0 rssi=-51 f=2412 sc=100 link=72 tx=1.9, 0.0, 0.0 rx=98.8 bcn=0 [on:0 tx:0 rx:0 period:3004] from screen [on:0 period:-1430390147] gl u24 rssi=-51 ag=0 hr ticks 0,0,0 ls-=0 [56,56,56,56,61] brc=0 lrc=0
04-23 22:51:49.355: E/WifiStateMachine(2958): L2ConnectedState !CMD_RSSI_POLL 1 0 "wl-ftl-mt03-1-24" 44:48:c1:91:9d:e0 rssi=-51 f=2412 sc=100 link=72 tx=1.9, 0.0, 0.0 rx=98.8 bcn=0 [on:0 tx:0 rx:0 period:1] from screen [on:0 period:-1430390146] gl u24 rssi=-51 ag=0 hr ticks 0,0,0 ls-=0 [56,56,56,56,61] brc=0 lrc=0
04-23 22:51:49.365: E/WifiStateMachine(2958): fetchRssiLinkSpeedAndFrequencyNative rssi=-51 linkspeed=72 SSID="wl-ftl-mt03-1-24"
04-23 22:51:49.365: E/WifiStateMachine(2958): calculateWifiScore freq=2412 speed=72 score=100 highRSSI -> txbadrate=0.00 txgoodrate=0.96 txretriesrate=0.00 rxrate=102.41 userTriggerdPenalty0
04-23 22:51:49.365: E/WifiStateMachine(2958): good link -> stuck count =0
04-23 22:51:49.365: E/WifiStateMachine(2958): badRSSI count0 lowRSSI count0 --> score 56
04-23 22:51:49.365: E/WifiStateMachine(2958): isHighRSSI ---> score=61
04-23 22:51:50.085: I/dex2oat(13590): dex2oat took 1.888s (threads: 8)
04-23 22:51:50.295: I/ActivityManager(2958): filter receiver for action = android.intent.action.PACKAGE_ADDED
04-23 22:51:50.295: W/Settings(2958): Setting install_non_market_apps has moved from android.provider.Settings.Global to android.provider.Settings.Secure, returning read-only value.
04-23 22:51:50.295: I/HwLauncher(3555): Model onReceive intent=Intent { act=android.intent.action.PACKAGE_ADDED dat=package:com.google.android.gms.policy_test_support flg=0x4000010 (has extras) }
04-23 22:51:50.295: I/HwLauncher(3555): Model replacing = false package = com.google.android.gms.policy_test_support
04-23 22:51:50.295: I/HwLauncher(3555): MutilSelectedIconsonPreHandleUpdatedTask : mIsInMutilSelectMode = false task = 1 packages = [com.google.android.gms.policy_test_support]
04-23 22:51:50.295: I/HwLauncher(3555): SimpleLauncherModeaction= android.intent.action.PACKAGE_ADDEDpackageName = com.google.android.gms.policy_test_support
04-23 22:51:50.295: W/HwLauncher(3555): SimpleLauncherMode onReceive : It's normal Launcher now, do not handle add packages
04-23 22:51:50.305: I/HwSystemManager(3669): HsmPackageManager:Receive intent:Intent { act=android.intent.action.PACKAGE_ADDED dat=package:com.google.android.gms.policy_test_support flg=0x4000010 (has extras) }
04-23 22:51:50.305: I/HwSystemManager(3669): HsmPackageManager:replacing:false
04-23 22:51:50.305: I/HwSystemManager(3669): HsmPackageManager:pkgName:com.google.android.gms.policy_test_support
04-23 22:51:50.305: I/HwLauncher(3555): Model mAllAppsList.addPackage com.google.android.gms.policy_test_support
04-23 22:51:50.305: I/HwSystemManager(6704): HsmPackageManager:Receive intent:Intent { act=android.intent.action.PACKAGE_ADDED dat=package:com.google.android.gms.policy_test_support flg=0x4000010 (has extras) }
04-23 22:51:50.305: I/HwSystemManager(6704): HsmPackageManager:replacing:false
04-23 22:51:50.305: I/HwSystemManager(6704): HsmPackageManager:pkgName:com.google.android.gms.policy_test_support
04-23 22:51:50.305: I/HwSystemManager(3669): HsmPackageManager:doAppInstalled, installed: com.google.android.gms.policy_test_support
04-23 22:51:50.305: I/HwSystemManager(3669): HomeCategoryRule:match is not HOME apk: com.google.android.gms.policy_test_support
04-23 22:51:50.305: I/HwSystemManager(3669): yw:needFilterOut result:false
04-23 22:51:50.305: I/HwSystemManager(3669): ww:replaceLockStatus:com.google.android.gms.policy_test_support, 0
04-23 22:51:50.305: I/art(6292): Can not find class: Ldalvik/system/Zygote;
04-23 22:51:50.305: I/HwSystemManager(6704): HsmPackageManager:doAppInstalled, installed: com.google.android.gms.policy_test_support
04-23 22:51:50.305: I/AccountTypeManager(9033): Adding account type = com.android.contacts.model.account.ExchangeAccountType@31b6603a in the cache
04-23 22:51:50.315: I/SimFactoryManager(9033): Get SIM state from SIM factory manager: 0,For slotId:0
04-23 22:51:50.315: I/InputReader(2958): Reconfiguring input devices. changes=0x00000010
04-23 22:51:50.315: I/SimFactoryManager(9033): Get SIM state from SIM factory manager: 0,For slotId:1
04-23 22:51:50.325: I/AccountTypeManager(9033): Adding account type = com.android.contacts.model.account.ExternalAccountType@22d4d4eb in the cache
04-23 22:51:50.365: I/UpdateIcingCorporaServi(8762): Updating corpora: APPS=com.google.android.gms.policy_test_support, CONTACTS=MAYBE
04-23 22:51:50.385: I/PushLogSC2559(11808): [main-1]action is android.intent.action.PACKAGE_ADDED(ds/null:-1)
04-23 22:51:50.385: I/HwSystemManager(3669): ahr:onReceive action is com.huawei.android.action.GET_PACKAGE_INSTALLATION_INFO
04-23 22:51:50.395: I/PushLogSC2559(11808): [main-1]run push selfshow(ds/null:-1)
04-23 22:51:50.395: I/UpdateIcingCorporaServi(8762): UpdateCorporaTask done [took 35 ms] updated apps [took 35 ms]
04-23 22:51:50.405: I/PushLogSC2559(11808): [Thread-196-196]framework push exist, use framework push first(ds/null:-1)
04-23 22:51:50.415: I/PushLogAC2559(11874): [main-1]action is android.intent.action.PACKAGE_ADDED(pushagent/null:-1)
04-23 22:51:50.415: W/ResourceType(9033): For resource 0x7f0806ed, entry index(1773) is beyond type entryCount(13)
04-23 22:51:50.415: W/ResourceType(9033): Failure getting entry for 0x7f0806ed (t=7 e=1773) (error -75)
04-23 22:51:50.415: W/ResourceType(9033): For resource 0x7f0806ed, entry index(1773) is beyond type entryCount(13)
04-23 22:51:50.415: W/ResourceType(9033): Failure getting entry for 0x7f0806ed (t=7 e=1773) (error -75)
04-23 22:51:50.415: I/AccountTypeManager(9033): Adding account type = com.android.contacts.model.account.ExternalAccountType@6407248 in the cache
04-23 22:51:50.415: I/AccountTypeManager(9033): Adding account type = com.android.contacts.model.account.GoogleAccountType@37f2c8e1 in the cache
04-23 22:51:50.415: I/PushLogAC2559(11874): [main-1]run push selfshow(pushagent/null:-1)
04-23 22:51:50.425: E/ExternalAccountType(9033): Unsupported attribute readOnly
04-23 22:51:50.425: I/AccountTypeManager(9033): AccountManager, account size is: 1
04-23 22:51:50.425: I/PushLogAC2559(11874): [Thread-729-729]framework push exist, use framework push first(pushagent/null:-1)
04-23 22:51:50.435: I/AccountTypeManager(9033): Loaded meta-data for 5 account types, 1 accounts in 127ms(wall) 39ms(cpu)
04-23 22:51:50.435: I/HwSystemManager(3669): NotificationManagerReceiver:onReceive action = android.intent.action.PACKAGE_ADDED
04-23 22:51:50.435: I/HwSystemManager(3669): NotificationManagerReceiver:onReceive, send action to background
04-23 22:51:50.435: I/HwSystemManager(3669): HsmIntentService:created. this:com.huawei.systemmanager.util.content.HsmIntentService_bg@14e548c4
04-23 22:51:50.435: I/HwSystemManager(3669): HsmIntentService:started for intent:Intent { act=android.intent.action.PACKAGE_ADDED dat=package:com.google.android.gms.policy_test_support flg=0x4000010 cmp=com.huawei.systemmanager/com.huawei.notificationmanager.receiver.Receiver (has extras) }, action:android.intent.action.PACKAGE_ADDED, class:com.huawei.notificationmanager.receiver.Receiver
04-23 22:51:50.435: I/HwSystemManager(3669): HsmIntentService:invoked com.huawei.notificationmanager.receiver.Receiver
04-23 22:51:50.435: I/HwSystemManager(3669): NmCenterDefValueXmlHelper:mCachedConfigs = null, init.
04-23 22:51:50.435: I/HwSystemManager(3669): NmCenterDefValueXmlHelper:getConfigs: Starts
04-23 22:51:50.445: I/HwSystemManager(6704): AppInstallationReceiver:AppInstallationReceiver onReceive action = android.intent.action.PACKAGE_ADDED
04-23 22:51:50.445: I/HwSystemManager(3669): NmCenterDefValueXmlHelper:getConfigs: Ends. Count = 33
04-23 22:51:50.445: I/HwSystemManager(3669): NotificationDBAdapter:initNewApp: add to db:com.google.android.gms.policy_test_support, default:null
04-23 22:51:50.445: I/HwSystemManager(6704): HsmIntentService:created. this:com.huawei.systemmanager.util.content.HsmIntentService_ui@1cfb856d
04-23 22:51:50.445: I/HwSystemManager(6704): HsmIntentService:started for intent:Intent { act=android.intent.action.PACKAGE_ADDED dat=package:com.google.android.gms.policy_test_support flg=0x4000010 cmp=com.huawei.systemmanager/com.huawei.permissionmanager.ui.AppInstallationReceiver (has extras) }, action:android.intent.action.PACKAGE_ADDED, class:com.huawei.permissionmanager.ui.AppInstallationReceiver
04-23 22:51:50.445: I/HwSystemManager(6704): HsmIntentService:invoked com.huawei.permissionmanager.ui.AppInstallationReceiver
04-23 22:51:50.455: I/HwSystemManager(6704): HsmIntentService:started for intent:Intent { act=android.intent.action.PACKAGE_ADDED dat=package:com.google.android.gms.policy_test_support flg=0x4000010 cmp=com.huawei.systemmanager/.optimize.OptimizeReceiver (has extras) }, action:android.intent.action.PACKAGE_ADDED, class:com.huawei.systemmanager.optimize.OptimizeReceiver
04-23 22:51:50.455: I/HwSystemManager(6704): HsmIntentService:invoked com.huawei.systemmanager.optimize.OptimizeReceiver
04-23 22:51:50.455: I/HwSystemManager(6704): OptimizeReceiver:OptimizeReceiver received action:android.intent.action.PACKAGE_ADDED
04-23 22:51:50.455: I/HwSystemManager(6704): OverseaCfgHelper:permissionStatus is 0
04-23 22:51:50.455: I/HwSystemManager(6704): ProtectAppControl:handleMessage:6
04-23 22:51:50.455: I/HwSystemManager(6704): ProtectAppControl:begin install app inner:com.google.android.gms.policy_test_support
04-23 22:51:50.455: I/HwSystemManager(6704): HsmIntentService:task completed for intent:Intent { act=android.intent.action.PACKAGE_ADDED dat=package:com.google.android.gms.policy_test_support flg=0x4000010 cmp=com.huawei.systemmanager/.optimize.OptimizeReceiver (has extras) }, action:android.intent.action.PACKAGE_ADDED
04-23 22:51:50.455: I/HwSystemManager(6704): CommonFunctionUtil:compareCode = 0
04-23 22:51:50.455: W/HwSystemManager(6704): ProtectAppControl:can't get app's request permissions : com.google.android.gms.policy_test_support
04-23 22:51:50.455: I/HwSystemManager(6704): HsmIntentService:in thread:Thread[HsmIntentServiceTask #5,5,main], current active tasksize:2, queue size:0
04-23 22:51:50.465: I/HwSystemManager(3669): AppCleanUpService:onStartCommand() in!
04-23 22:51:50.465: I/HwSystemManager(3669): AppCleanUpService:onStartCommand() out!
04-23 22:51:50.465: E/HwSystemManager(3669): AppCleanUpService:msg is 0
04-23 22:51:50.465: I/HwSystemManager(6704): HsmIntentService:started for intent:Intent { act=android.intent.action.PACKAGE_ADDED dat=package:com.google.android.gms.policy_test_support flg=0x4000010 cmp=com.huawei.systemmanager/.power.receiver.BootBroadcastReceiver (has extras) }, action:android.intent.action.PACKAGE_ADDED, class:com.huawei.systemmanager.power.receiver.BootBroadcastReceiver
04-23 22:51:50.465: I/HwSystemManager(6704): HsmIntentService:invoked com.huawei.systemmanager.power.receiver.BootBroadcastReceiver
04-23 22:51:50.465: W/HwSystemManager(6704): BootBroadcastReceiver:No handler exist for registered action:android.intent.action.PACKAGE_ADDED
04-23 22:51:50.465: I/HwSystemManager(6704): HsmIntentService:task completed for intent:Intent { act=android.intent.action.PACKAGE_ADDED dat=package:com.google.android.gms.policy_test_support flg=0x4000010 cmp=com.huawei.systemmanager/.power.receiver.BootBroadcastReceiver (has extras) }, action:android.intent.action.PACKAGE_ADDED
04-23 22:51:50.465: I/HwSystemManager(6704): HsmIntentService:in thread:Thread[HsmIntentServiceTask #2,5,main], current active tasksize:2, queue size:0
04-23 22:51:50.475: I/HwSystemManager(6704): NetAppListPrepareReceiver:NetAppListPrepareReceiver: onReceive(), action = android.intent.action.PACKAGE_ADDED
04-23 22:51:50.475: I/HwSystemManager(3669): OptimizeProvider:delete com.google.android.gms.policy_test_support
04-23 22:51:50.475: I/HwSystemManager(6704): PowerGenieDbHelper:delete protect app:com.google.android.gms.policy_test_support
04-23 22:51:50.485: I/HwSystemManager(3669): NotificationDBProvider:query starts, uri = content://com.huawei.systemmanager.NotificationDBProvider/notificationCfg
04-23 22:51:50.485: I/HwSystemManager(3669): NotificationDBProvider:query starts, matchCode = 1
04-23 22:51:50.485: I/HwSystemManager(3669): HsmIntentService:task completed for intent:Intent { act=android.intent.action.PACKAGE_ADDED dat=package:com.google.android.gms.policy_test_support flg=0x4000010 cmp=com.huawei.systemmanager/com.huawei.notificationmanager.receiver.Receiver (has extras) }, action:android.intent.action.PACKAGE_ADDED
04-23 22:51:50.485: I/HwSystemManager(3669): HsmIntentService:in thread:Thread[HsmIntentServiceTask #10,5,main], current active tasksize:1, queue size:0
04-23 22:51:50.485: I/HwSystemManager(3669): HsmIntentService:last work complete! lets stop service.
04-23 22:51:50.485: I/HwSystemManager(3669): NotificationDBProvider:call: method = notification_list_query
04-23 22:51:50.485: I/HwSystemManager(3669): NotificationDBProvider:query starts, uri = content://com.huawei.systemmanager.NotificationDBProvider/notificationCfg
04-23 22:51:50.485: I/HwSystemManager(3669): NotificationDBProvider:query starts, matchCode = 1
04-23 22:51:50.485: I/HwSystemManager(3669): NotificationDBProvider:call: method = notification_list_query
04-23 22:51:50.485: I/HwSystemManager(3669): NotificationDBProvider:query starts, uri = content://com.huawei.systemmanager.NotificationDBProvider/notificationCfg
04-23 22:51:50.485: I/HwSystemManager(3669): NotificationDBProvider:query starts, matchCode = 1
04-23 22:51:50.495: I/PhoneStatusBar(3174): notification pkg =com.android.settings
04-23 22:51:50.495: I/PhoneStatusBar(3174): notification provisioned=true, score =10, [score > HIDE_ICONS_BELOW_SCORE] =true, showNotificationEvenIfUnprovisioned = false
04-23 22:51:50.495: I/PhoneStatusBar(3174): notification pkg =com.android.server.telecom
04-23 22:51:50.495: I/PhoneStatusBar(3174): notification provisioned=true, score =0, [score > HIDE_ICONS_BELOW_SCORE] =true, showNotificationEvenIfUnprovisioned = false
04-23 22:51:50.495: I/PhoneStatusBar(3174): notification pkg =android
04-23 22:51:50.495: I/PhoneStatusBar(3174): notification provisioned=true, score =-10, [score > HIDE_ICONS_BELOW_SCORE] =true, showNotificationEvenIfUnprovisioned = false
04-23 22:51:50.495: I/YhdsEngine(6704): [EngineIntentService] Received: com.dianxinos.optimizer.engine.action.PKG_CHANGE
04-23 22:51:50.495: I/HwSystemManager(6704): DX-Optimizer:[PackageChangeReceiver] Received: android.intent.action.PACKAGE_ADDED, data: package:com.google.android.gms.policy_test_support, replacing: false
04-23 22:51:50.505: I/HwSystemManager(6704): AppChangeReceiver:AppChangeReceiver: onReceive(), action = android.intent.action.PACKAGE_ADDED
04-23 22:51:50.505: I/HwSystemManager(6704): DX-Optimizer:[CommonIntentService] Received: com.dianxinos.optimizer.action.PKG_CHANGE
04-23 22:51:50.505: W/HwSystemManager(6704): AddViewAppManager:Current installed app not apply system_alert_window or applicationInfo null!
04-23 22:51:50.515: I/HwSystemManager(6704): HsmPackageManager:get all installed packages, flag:0, size:149
04-23 22:51:50.515: E/HwSystemManager(6704): PermissionDBAdapter:appcationsList size:149
04-23 22:51:50.525: I/HwSystemManager(3669): ProtectAppService:send unprotect list broadcast,unprotect list:[com.android.calculator2, com.android.hwmirror, com.zinio.android.settings, com.android.email, com.android.providers.downloads, com.android.musicvis, com.android.exchange, com.huawei.android.thememanager, com.android.browser, com.google.android.apps.mtaas.loginutil, com.google.android.apps.mtaas.tools, com.google.android.apps.auth.test.support, android.support.test.services, androidx.test.services, com.android.tradefed.utils.wifi, com.google.android.apps.mtaas.deviceadmin, com.google.android.apps.mtaas.updateutil, com.google.android.apps.mtaas.backdrop, android.support.test.orchestrator, androidx.test.orchestrator, androidx.test.tools.crawler.stubapp, com.google.android.apps.mtaas.testloop, com.google.android.gms.policy_test_support]
04-23 22:51:50.535: I/HwSystemManager(3669): HsmIntentService:destroyed. this:com.huawei.systemmanager.util.content.HsmIntentService_bg@14e548c4
04-23 22:51:50.565: I/ChmraDebugLogger(12759): [71] null
04-23 22:51:50.575: I/art(12759): Can not find class: Lcom/google/android/chimeraresources/R$id;
04-23 22:51:50.625: I/PG Utils(12759): acquire_providerpkg:[com.google.android.gsf] pid:[] maybe timeout , send to PG
04-23 22:51:50.635: I/art(2958): Explicit concurrent mark sweep GC freed 91514(5MB) AllocSpace objects, 25(924KB) LOS objects, 33% free, 28MB/42MB, paused 2.435ms total 325.395ms
04-23 22:51:50.665: I/HwSystemManager(6704): PermissionDBAdapter:DBAdapter refreshAllCachedData!
04-23 22:51:50.675: I/HwSystemManager(6704): HsmIntentService:task completed for intent:Intent { act=android.intent.action.PACKAGE_ADDED dat=package:com.google.android.gms.policy_test_support flg=0x4000010 cmp=com.huawei.systemmanager/com.huawei.permissionmanager.ui.AppInstallationReceiver (has extras) }, action:android.intent.action.PACKAGE_ADDED
04-23 22:51:50.675: I/HwSystemManager(6704): HsmIntentService:in thread:Thread[HsmIntentServiceTask #4,5,main], current active tasksize:1, queue size:0
04-23 22:51:50.675: I/HwSystemManager(6704): HsmIntentService:last work complete! lets stop service.
04-23 22:51:50.705: I/art(12759): Can not find class: Lcom/google/protobuf/DescriptorMessageInfoFactory;
04-23 22:51:50.715: I/art(12759): Can not find class: Lcom/google/protobuf/GeneratedMessage;
04-23 22:51:50.715: I/art(12759): Can not find class: Lcom/google/protobuf/UnknownFieldSetSchema;
04-23 22:51:50.715: I/art(12759): Can not find class: Lcom/google/protobuf/UnknownFieldSetSchema;
04-23 22:51:50.715: I/art(12759): Can not find class: Lcom/google/protobuf/NewInstanceSchemaFull;
04-23 22:51:50.725: I/art(12759): Can not find class: Lcom/google/protobuf/ExtensionSchemaFull;
04-23 22:51:50.725: I/art(12759): Can not find class: Lcom/google/protobuf/MapFieldSchemaFull;
04-23 22:51:50.725: I/HwSystemManager(6704): HsmIntentService:destroyed. this:com.huawei.systemmanager.util.content.HsmIntentService_ui@1cfb856d
04-23 22:51:50.725: I/art(12759): Can not find class: Lorg/robolectric/Robolectric;
04-23 22:51:50.775: I/art(12759): Can not find class: Landroid/app/NotificationChannel;
04-23 22:51:50.815: I/art(12759): Can not find class: Lcom/google/protobuf/Extension;
04-23 22:51:50.815: I/art(12759): Can not find class: Lcom/google/protobuf/ExtensionRegistry;
04-23 22:51:50.885: I/PG Utils(12759): acquire_providerpkg:[com.google.android.gsf] pid:[] maybe timeout , send to PG
04-23 22:51:50.925: I/Finsky(10712): [1] qvg.a(21): PackageMonitor - Received: android.intent.action.PACKAGE_ADDED, [TAsD3pqu7qg-JZYPvpWmQGEwsDQ0NnuVQpcaQGQjJQU]
04-23 22:51:50.925: I/Finsky(10712): [1] qwj.d(11): Invalidating cached PackageState for com.google.android.gms.policy_test_support
04-23 22:51:50.925: I/Finsky(10712): [1] abny.a(10): Do not start WearSupportService due to Wear service optimization
04-23 22:51:50.925: I/PG Utils(12759): acquire_providerpkg:[com.google.android.gsf] pid:[] maybe timeout , send to PG
04-23 22:51:50.935: I/Finsky(10712): [1] abny.a(10): Do not start WearSupportService due to Wear service optimization
04-23 22:51:50.935: I/Finsky(10712): [1] vef.a(1): Clearing split related stale data.
04-23 22:51:50.935: W/GCM(9989): Unexpected forwarded intent: Intent { act=android.intent.action.PACKAGE_ADDED dat=package:com.google.android.gms.policy_test_support flg=0x4000010 cmp=com.google.android.gms/.chimera.PersistentIntentOperationService (has extras) }
04-23 22:51:50.945: I/GmsModuleFndr(12759): Beginning GMS chimera module scan
04-23 22:51:50.945: I/Finsky(10712): [280] epm.a(-1): Asset module storage cleared for package com.google.android.gms.policy_test_support.
04-23 22:51:50.945: W/GCM(9989): Unexpected forwarded intent: Intent { act=android.intent.action.PACKAGE_ADDED dat=package:com.google.android.gms.policy_test_support flg=0x4000010 cmp=com.google.android.gms/.chimera.PersistentIntentOperationService (has extras) }
04-23 22:51:50.955: I/PG Utils(12759): acquire_providerpkg:[com.google.android.gsf] pid:[] maybe timeout , send to PG
04-23 22:51:50.955: I/Finsky(10712): [1] kzs.c(2): Frosting ID looked up on UI thread. Caller should move to a background thread.
04-23 22:51:50.955: I/ModuleSetMgr(12759): Computing pending module set with APKs: [[AdsFdrDynamite.integ:21460000006], [VisionOcr.optional:200914000400], [AdsFdrDynamite.integ:21001000000], [Cronetdynamite:200914020400], [Dynamiteloader:200914020000], [Dynamitemodulesa:200914020000], [Dynamitemodulesc:200914020000], [Googlecertificates:200914020000], [Mapsdynamite:200914020000], [Measurementdynamite:200914020000]]
04-23 22:51:50.975: I/Finsky(10712): [283] kzo.run(-1): Wrote row to frosting DB: 156
04-23 22:51:50.985: I/ModuleSetMgr(12759): Pending container module APKs: [[VisionOcr.optional:200914000400]]
04-23 22:51:50.985: I/ModuleSetMgr(12759): Pending non-container module APKs: [[AdsFdrDynamite.integ:21460000006]]
04-23 22:51:50.995: I/PG Utils(12759): acquire_providerpkg:[com.google.android.gsf] pid:[] maybe timeout , send to PG
04-23 22:51:51.025: E/GmsRequestQueue(12759): Tried to stop global GMSCore RequestQueue. This is likely unintended, so ignoring.
04-23 22:51:51.065: I/PG Utils(12759): acquire_providerpkg:[com.google.android.gsf] pid:[] maybe timeout , send to PG
04-23 22:51:51.075: I/PG Utils(12759): acquire_providerpkg:[com.google.android.gsf] pid:[] maybe timeout , send to PG
04-23 22:51:51.095: I/PG Utils(12759): acquire_providerpkg:[com.google.android.gsf] pid:[] maybe timeout , send to PG
04-23 22:51:51.095: E/GmsClient(12759): unable to connect to service: com.google.android.gms.auth.key.retrieval.service.START on com.google.android.gms
04-23 22:51:51.175: I/PG Utils(12759): acquire_providerpkg:[com.google.android.gsf] pid:[] maybe timeout , send to PG
04-23 22:51:51.305: I/PG Utils(12759): acquire_providerpkg:[com.google.android.gsf] pid:[] maybe timeout , send to PG
04-23 22:51:51.375: I/art(12759): Can not find class: Landroid/graphics/drawable/AdaptiveIconDrawable;
04-23 22:51:51.405: I/appproc(13663): CLASSPATH=/system/framework/pm.jar
04-23 22:51:51.405: I/appproc(13663): Command=app_process /system/bin com.android.commands.pm.Pm install -r -d -f -t /data/local/tmp/com.google.android.gmscore.testing.testsupport.apk
04-23 22:51:51.405: I/appproc(13663): app_process:number,8,0
04-23 22:51:51.415: I/PG Utils(12759): acquire_providerpkg:[com.google.android.gsf] pid:[] maybe timeout , send to PG
04-23 22:51:51.415: I/AndroidRuntime(13663): readDownloadBoosterConfig: 'false'
04-23 22:51:51.425: I/PG Utils(12759): acquire_providerpkg:[com.google.android.gsf] pid:[] maybe timeout , send to PG
04-23 22:51:51.465: I/ChimeraCfgMgr(12759): Updating module config: ads_fdr:214605020006,container:2009149020400+vision.ocr -> ads_fdr:214605020006,container:2009149020400+vision.ocr
04-23 22:51:51.465: E/DowngradeHelper(12759): isModuleDowngradeRequired false
04-23 22:51:51.465: E/ConfigFileUtils(12759): Failed to read config file: /data/data/com.google.android.gms/app_chimera/current_modules_init.pb: open failed: ENOENT (No such file or directory)
04-23 22:51:51.465: I/PG Utils(12759): acquire_providerpkg:[com.google.android.gsf] pid:[] maybe timeout , send to PG
04-23 22:51:51.465: I/PG Utils(12759): [
04-23 22:51:51.545 13663:13663 I/ ]
04-23 22:51:51.465: I/PG Utils(12759): power log dlsym ok
04-23 22:51:51.555: I/ActivityManager(2958): filter receiver for action = com.google.android.chimera.MODULE_CONFIGURATION_CHANGED
04-23 22:51:51.595: E/android_hardware_fm.cpp(13663): register_android_hardware_fm_fmradio
04-23 22:51:51.595: I/android_hardware_fm.cpp(13663): ========64bit long size = 8
04-23 22:51:51.595: E/FM_HAL(13663): [FM_HAL], libname is libhisifm_if
04-23 22:51:51.595: I/fm_hisi(13663): FM::[fm_device_open:4655] fm_device_open
04-23 22:51:51.595: I/fm_hisi(13663): FM::[fm_device_open:4666] find the id:libhisifm_if and begins to open the device
04-23 22:51:51.595: I/fm_hisi(13663): FM::[fm_device_open:4710] device open sucess
04-23 22:51:51.595: E/android_hardware_fm.cpp(13663): register_android_hardware_fm_fmradio, ret is 0
04-23 22:51:51.645: I/HwSystemManager(3669): ahr:onReceive action is com.huawei.android.action.GET_INSTALLER_PACKAGE_INFO
04-23 22:51:51.645: I/HwSystemManager(3669): ahr:get count = 3
04-23 22:51:51.675: I/HwSystemManager(6704): PermissionDBAdapter:preInstalledAppsPermissionEmendation no need emendation!
04-23 22:51:51.675: I/HwSystemManager(6704): PermissionDBAdapter:checkDBErrorBecauseofHOTA packageNameDBList size 15
04-23 22:51:51.675: I/HwSystemManager(6704): PermissionDBAdapter:checkDBErrorBecauseofHOTA nameList is0
04-23 22:51:51.705: I/ChimeraCfgMgr(12759): Sending com.google.android.chimera.IntentOperation.NEW_MODULE Intents: 1,false,true
04-23 22:51:51.715: I/ChmraDebugLogger(12759): [46] ads_fdr:214605020006,container:2009149020400+vision.ocr
04-23 22:51:51.725: I/ChmraDebugLogger(12759): [71] null
04-23 22:51:51.735: I/Auth(12759): [SupervisedAccountIntentOperation] onHandleIntent(): android.intent.action.PACKAGE_ADDED
04-23 22:51:51.735: I/ChromeSync(12759): [Sync,SyncIntentOperation] Handling the intent: Intent { act=android.intent.action.PACKAGE_ADDED dat=package:com.google.android.gms.policy_test_support flg=0x4000010 cmp=com.google.android.gms/.chimera.GmsIntentOperationService (has extras) }.
04-23 22:51:51.745: I/PG Utils(12759): acquire_providerpkg:[com.google.android.gsf] pid:[] maybe timeout , send to PG
04-23 22:51:51.745: I/art(12759): Can not find class: Lcom/google/android/chimeraresources/R$id;
04-23 22:51:51.795: I/HwPackageManagerService(2958): start loadForceNotDexApps file. mHaveLoadedNeverDexoptApkList false
04-23 22:51:51.795: I/HwPackageManagerService(2958): needed dexopt deferred pkg :com.google.android.gmscore.testing.testsupport
04-23 22:51:51.795: I/HwPackageManagerService(2958): start loadAppsList file. mHaveLoadedDexoptInBootUpApkList false
04-23 22:51:51.795: I/HwPackageManagerService(2958): needed dexopt deferred pkg :com.google.android.gmscore.testing.testsupport
04-23 22:51:51.805: I/HwPackageManagerService(2958): forceNotDex: isOdexCase true, mSystemReady true, mDexOptTotalTime 79655, isFirstBoot false, hasOtaUpdate false
04-23 22:51:51.805: I/HwPackageManagerService(2958): forceNotDex = false: isOdexCase true, mSystemReady true
04-23 22:51:51.805: I/PackageManager(2958): Running dexopt on: /data/app/com.google.android.gmscore.testing.testsupport-1/base.apk pkg=com.google.android.gmscore.testing.testsupport isa=arm64 vmSafeMode=false
04-23 22:51:51.805: I/ChromeSync(12759): [Persistence,AffiliationManager] One of affiliation or grouping data for android://JQGPsg9dd2HvcQ3NOvpIBkUqO05p1z872yyCqMPGKyYTrXaagXb_cTSR6Tw7zvKHuN1SL7HTpLIIpZ7kfHKqVA==@com.google.android.gms.policy_test_support/ was not found. Marking affiliation data as stale...
04-23 22:51:51.835: I/dex2oat(13684): /system/bin/dex2oat --zip-fd=11 --zip-location=/data/app/com.google.android.gmscore.testing.testsupport-1/base.apk --oat-fd=12 --oat-location=/data/dalvik-cache/arm64/data@app@com.google.android.gmscore.testing.testsupport-1@base.apk@classes.dex --instruction-set=arm64 --instruction-set-features=default --runtime-arg -Xms64m --runtime-arg -Xmx512m
04-23 22:51:51.875: I/art(12759): Can not find class: Lcom/google/protobuf/DescriptorMessageInfoFactory;
04-23 22:51:51.885: I/art(12759): Can not find class: Lcom/google/protobuf/GeneratedMessage;
04-23 22:51:51.895: I/art(12759): Can not find class: Lcom/google/protobuf/UnknownFieldSetSchema;
04-23 22:51:51.895: I/art(12759): Can not find class: Lcom/google/protobuf/UnknownFieldSetSchema;
04-23 22:51:51.895: I/art(12759): Can not find class: Lcom/google/protobuf/NewInstanceSchemaFull;
04-23 22:51:51.905: I/art(12759): Can not find class: Lcom/google/protobuf/ExtensionSchemaFull;
04-23 22:51:51.905: I/PG Utils(12759): acquire_providerpkg:[com.google.android.gsf] pid:[] maybe timeout , send to PG
04-23 22:51:51.905: I/art(12759): Can not find class: Lcom/google/protobuf/MapFieldSchemaFull;
04-23 22:51:51.915: I/art(12759): Can not find class: Lorg/robolectric/Robolectric;
04-23 22:51:51.925: I/Icing(12759): IndexChimeraService.getServiceInterface callingPackage=com.google.android.gms componentName=AppsCorpus serviceId=36
04-23 22:51:51.965: I/PG Utils(12759): acquire_providerpkg:[com.google.android.gsf] pid:[] maybe timeout , send to PG
04-23 22:51:51.995: I/TestSupport(12759): Activate: 1587625200000@1587707511990
04-23 22:51:51.995: I/TestSupport(12759): Boot time: 1587707117206
04-23 22:51:52.005: I/art(12759): DexFile_isDexOptNeeded failed to open oat file '/data/dalvik-cache/arm64/data@data@com.google.android.gms@app_chimera@m@00000008@dl-VisionOcr.optional_200914000400.apk@classes.dex' for file location '/data/data/com.google.android.gms/app_chimera/m/00000008/dl-VisionOcr.optional_200914000400.apk': Failed to open oat filename for reading: No such file or directory
04-23 22:51:52.005: I/PG Utils(12759): acquire_providerpkg:[com.google.android.gsf] pid:[] maybe timeout , send to PG
04-23 22:51:52.015: I/art(12759): DexFile_isDexOptNeeded failed to open oat file '/data/dalvik-cache/arm64/data@data@com.google.android.gms@app_chimera@m@00000009@dl-AdsFdrDynamite.integ_21460000006.apk@classes.dex' for file location '/data/data/com.google.android.gms/app_chimera/m/00000009/dl-AdsFdrDynamite.integ_21460000006.apk': Failed to open oat filename for reading: No such file or directory
04-23 22:51:52.015: I/PG Utils(12759): acquire_providerpkg:[com.google.android.gsf] pid:[] maybe timeout , send to PG
04-23 22:51:52.015: I/art(12759): DexFile_isDexOptNeeded failed to open oat file '/data/dalvik-cache/arm64/data@data@com.google.android.gms@app_chimera@m@00000005@GoogleCertificates.apk@classes.dex' for file location '/data/data/com.google.android.gms/app_chimera/m/00000005/GoogleCertificates.apk': Failed to open oat filename for reading: No such file or directory
04-23 22:51:52.035: I/art(12759): DexFile_isDexOptNeeded failed to open oat file '/data/dalvik-cache/arm64/data@data@com.google.android.gms@app_chimera@m@00000000@AdsDynamite.apk@classes.dex' for file location '/data/data/com.google.android.gms/app_chimera/m/00000000/AdsDynamite.apk': Failed to open oat filename for reading: No such file or directory
04-23 22:51:52.035: W/Icing(12759): No valid account for uploading user actions
04-23 22:51:52.045: I/art(12759): DexFile_isDexOptNeeded failed to open oat file '/data/dalvik-cache/arm64/data@data@com.google.android.gms@app_chimera@m@00000002@DynamiteLoader.apk@classes.dex' for file location '/data/data/com.google.android.gms/app_chimera/m/00000002/DynamiteLoader.apk': Failed to open oat filename for reading: No such file or directory
04-23 22:51:52.045: I/art(12759): DexFile_isDexOptNeeded failed to open oat file '/data/dalvik-cache/arm64/data@data@com.google.android.gms@app_chimera@m@00000003@DynamiteModulesA.apk@classes.dex' for file location '/data/data/com.google.android.gms/app_chimera/m/00000003/DynamiteModulesA.apk': Failed to open oat filename for reading: No such file or directory
04-23 22:51:52.045: I/art(12759): DexFile_isDexOptNeeded failed to open oat file '/data/dalvik-cache/arm64/data@data@com.google.android.gms@app_chimera@m@00000007@MeasurementDynamite.apk@classes.dex' for file location '/data/data/com.google.android.gms/app_chimera/m/00000007/MeasurementDynamite.apk': Failed to open oat filename for reading: No such file or directory
04-23 22:51:52.045: I/TestSupport(12759): Updated: /data/data/com.google.android.gms/app_testsupport/.startup
04-23 22:51:52.045: I/art(12759): DexFile_isDexOptNeeded failed to open oat file '/data/dalvik-cache/arm64/data@data@com.google.android.gms@app_chimera@m@00000001@CronetDynamite.apk@classes.dex' for file location '/data/data/com.google.android.gms/app_chimera/m/00000001/CronetDynamite.apk': Failed to open oat filename for reading: No such file or directory
04-23 22:51:52.045: I/art(12759): DexFile_isDexOptNeeded failed to open oat file '/data/dalvik-cache/arm64/data@data@com.google.android.gms@app_chimera@m@00000004@DynamiteModulesC.apk@classes.dex' for file location '/data/data/com.google.android.gms/app_chimera/m/00000004/DynamiteModulesC.apk': Failed to open oat filename for reading: No such file or directory
04-23 22:51:52.055: I/art(12759): DexFile_isDexOptNeeded failed to open oat file '/data/dalvik-cache/arm64/data@data@com.google.android.gms@app_chimera@m@00000006@MapsDynamite.apk@classes.dex' for file location '/data/data/com.google.android.gms/app_chimera/m/00000006/MapsDynamite.apk': Failed to open oat filename for reading: No such file or directory
04-23 22:51:52.055: I/GmsModuleFndr(12759): Beginning GMS chimera module scan
04-23 22:51:52.065: I/ChimeraCfgMgr(12759): Received com.google.android.chimera.IntentOperation.NEW_MODULE(1/0): 1,false
04-23 22:51:52.075: E/PhenotypeRegOp(12759): Attempting to overwrite config package for com.google.android.gms.car
04-23 22:51:52.075: I/ModuleSetMgr(12759): Computing pending module set with APKs: [[AdsFdrDynamite.integ:21460000006], [VisionOcr.optional:200914000400], [AdsFdrDynamite.integ:21001000000], [Cronetdynamite:200914020400], [Dynamiteloader:200914020000], [Dynamitemodulesa:200914020000], [Dynamitemodulesc:200914020000], [Googlecertificates:200914020000], [Mapsdynamite:200914020000], [Measurementdynamite:200914020000]]
04-23 22:51:52.095: I/ModuleSetMgr(12759): Pending container module APKs: [[VisionOcr.optional:200914000400]]
04-23 22:51:52.095: I/Icing(12759): Usage reports ok 0, Failed Usage reports 0, indexed 0, rejected 0
04-23 22:51:52.095: I/ModuleSetMgr(12759): Pending non-container module APKs: [[AdsFdrDynamite.integ:21460000006]]
04-23 22:51:52.105: I/Icing(12759): IndexChimeraService.getServiceInterface callingPackage=com.google.android.gms componentName=null serviceId=36
04-23 22:51:52.105: E/PhenotypeRegOp(12759): Attempting to overwrite config package for com.google.android.gms.mobile_data_plan
04-23 22:51:52.115: E/PhenotypeRegOp(12759): Attempting to overwrite config package for com.google.android.gms.signin
04-23 22:51:52.115: W/Icing(12759): No valid account for uploading user actions
04-23 22:51:52.115: E/PhenotypeRegOp(12759): Attempting to overwrite config package for com.google.android.gms.udc
04-23 22:51:52.115: E/PhenotypeRegOp(12759): Attempting to overwrite config package for com.google.android.gms.mdisync
04-23 22:51:52.115: I/Icing(12759): Usage reports ok 0, Failed Usage reports 0, indexed 0, rejected 0
04-23 22:51:52.125: I/Icing(12759): IndexChimeraService.getServiceInterface callingPackage=com.google.android.gms componentName=null serviceId=30
04-23 22:51:52.145: W/Icing(12759): No valid account for uploading user actions
04-23 22:51:52.155: I/Icing(12759): Usage reports ok 0, Failed Usage reports 0, indexed 0, rejected 0
04-23 22:51:52.175: I/PG Utils(9989): acquire_providerpkg:[com.google.android.gsf] pid:[] maybe timeout , send to PG
04-23 22:51:52.315: I/PG Utils(9989): acquire_providerpkg:[com.google.android.gsf] pid:[] maybe timeout , send to PG
04-23 22:51:52.365: E/WifiStateMachine(2958): ConnectedState !CMD_RSSI_POLL 1 0 "wl-ftl-mt03-1-24" 44:48:c1:91:9d:e0 rssi=-51 f=2412 sc=100 link=72 tx=1.0, 0.0, 0.0 rx=102.4 bcn=0 [on:0 tx:0 rx:0 period:3004] from screen [on:0 period:-1430387138] gl u24 rssi=-51 ag=0 hr ticks 0,0,0 ls-=0 [56,56,56,56,61] brc=0 lrc=0
04-23 22:51:52.365: E/WifiStateMachine(2958): L2ConnectedState !CMD_RSSI_POLL 1 0 "wl-ftl-mt03-1-24" 44:48:c1:91:9d:e0 rssi=-51 f=2412 sc=100 link=72 tx=1.0, 0.0, 0.0 rx=102.4 bcn=0 [on:0 tx:0 rx:0 period:1] from screen [on:0 period:-1430387137] gl u24 rssi=-51 ag=0 hr ticks 0,0,0 ls-=0 [56,56,56,56,61] brc=0 lrc=0
04-23 22:51:52.365: E/WifiStateMachine(2958): fetchRssiLinkSpeedAndFrequencyNative rssi=-51 linkspeed=72 SSID="wl-ftl-mt03-1-24"
04-23 22:51:52.375: E/WifiStateMachine(2958): calculateWifiScore freq=2412 speed=72 score=100 highRSSI -> txbadrate=0.00 txgoodrate=0.48 txretriesrate=0.00 rxrate=83.20 userTriggerdPenalty0
04-23 22:51:52.375: E/WifiStateMachine(2958): good link -> stuck count =0
04-23 22:51:52.375: E/WifiStateMachine(2958): badRSSI count0 lowRSSI count0 --> score 56
04-23 22:51:52.375: E/WifiStateMachine(2958): isHighRSSI ---> score=61
04-23 22:51:52.505: I/amwn(9989): Scheduling Phenotype for a PhenotypeSyncImmediately(6, com.google.android.gms.testsupport) one off with window [1, 2] in seconds [CONTEXT service_id=51 ]
04-23 22:51:52.505: I/ActivityManager(2958): filter receiver for action = com.google.android.gms.gcm.ACTION_SCHEDULE
04-23 22:51:53.095: I/Icing(12759): Indexing com.google.android.gms-apps from com.google.android.gms
04-23 22:51:53.115: I/Icing(12759): Indexing done com.google.android.gms-apps
04-23 22:51:55.045: I/HwSystemManager(3669): BgPowerManagerService:BgPowerManagerSerivce plugged =2 currentThreshold = 8 mRawLevel = 86mLastRawLevel86
04-23 22:51:55.045: I/HwSystemManager(3669): BgPowerManagerService: mTimes = 30952 firstTime = 366900 firstmBatteryCapacity =1800
04-23 22:51:55.375: E/WifiStateMachine(2958): ConnectedState !CMD_RSSI_POLL 1 0 "wl-ftl-mt03-1-24" 44:48:c1:91:9d:e0 rssi=-51 f=2412 sc=100 link=72 tx=0.5, 0.0, 0.0 rx=83.2 bcn=0 [on:0 tx:0 rx:0 period:3003] from screen [on:0 period:-1430384130] gl u24 rssi=-51 ag=0 hr ticks 0,0,0 ls-=0 [56,56,56,56,61] brc=0 lrc=0
04-23 22:51:55.375: E/WifiStateMachine(2958): L2ConnectedState !CMD_RSSI_POLL 1 0 "wl-ftl-mt03-1-24" 44:48:c1:91:9d:e0 rssi=-51 f=2412 sc=100 link=72 tx=0.5, 0.0, 0.0 rx=83.2 bcn=0 [on:0 tx:0 rx:0 period:2] from screen [on:0 period:-1430384128] gl u24 rssi=-51 ag=0 hr ticks 0,0,0 ls-=0 [56,56,56,56,61] brc=0 lrc=0
04-23 22:51:55.375: E/WifiStateMachine(2958): fetchRssiLinkSpeedAndFrequencyNative rssi=-50 linkspeed=72 SSID="wl-ftl-mt03-1-24"
04-23 22:51:55.375: E/WifiStateMachine(2958): calculateWifiScore freq=2412 speed=72 score=100 highRSSI -> txbadrate=0.00 txgoodrate=0.24 txretriesrate=0.00 rxrate=86.60 userTriggerdPenalty0
04-23 22:51:55.375: E/WifiStateMachine(2958): good link -> stuck count =0
04-23 22:51:55.385: E/WifiStateMachine(2958): badRSSI count0 lowRSSI count0 --> score 56
04-23 22:51:55.385: E/WifiStateMachine(2958): isHighRSSI ---> score=61
04-23 22:51:55.565: I/wpa_supplicant(3188): wlan0: HEART-BEAT-ACK: 24
04-23 22:51:55.565: E/WifiMonitor(2958): WifiMonitor:wlan0 cnt=52 dispatchEvent: HEART-BEAT-ACK: 24
04-23 22:51:55.565: E/WifiStateMachine(2958): ConnectedState !what:147506 0 0
04-23 22:51:55.565: E/WifiStateMachine(2958): L2ConnectedState !what:147506 0 0
04-23 22:51:55.565: E/WifiStateMachine(2958): ConnectModeState !what:147506 0 0
04-23 22:51:55.565: E/WifiStateMachine(2958): DriverStartedState !what:147506 0 0
04-23 22:51:55.565: E/WifiStateMachine(2958): SupplicantStartedState !what:147506 0 0
04-23 22:51:56.485: I/dex2oat(13684): dex2oat took 4.654s (threads: 8)
04-23 22:51:56.695: I/ActivityManager(2958): filter receiver for action = android.intent.action.PACKAGE_ADDED
04-23 22:51:56.695: W/Settings(2958): Setting install_non_market_apps has moved from android.provider.Settings.Global to android.provider.Settings.Secure, returning read-only value.
04-23 22:51:56.695: I/HwLauncher(3555): Model onReceive intent=Intent { act=android.intent.action.PACKAGE_ADDED dat=package:com.google.android.gmscore.testing.testsupport flg=0x4000010 (has extras) }
04-23 22:51:56.695: I/HwLauncher(3555): Model replacing = false package = com.google.android.gmscore.testing.testsupport
04-23 22:51:56.695: I/HwLauncher(3555): MutilSelectedIconsonPreHandleUpdatedTask : mIsInMutilSelectMode = false task = 1 packages = [com.google.android.gmscore.testing.testsupport]
04-23 22:51:56.695: I/HwLauncher(3555): SimpleLauncherModeaction= android.intent.action.PACKAGE_ADDEDpackageName = com.google.android.gmscore.testing.testsupport
04-23 22:51:56.695: W/HwLauncher(3555): SimpleLauncherMode onReceive : It's normal Launcher now, do not handle add packages
04-23 22:51:56.695: I/HwLauncher(3555): Model mAllAppsList.addPackage com.google.android.gmscore.testing.testsupport
04-23 22:51:56.695: I/HwSystemManager(3669): HsmPackageManager:Receive intent:Intent { act=android.intent.action.PACKAGE_ADDED dat=package:com.google.android.gmscore.testing.testsupport flg=0x4000010 (has extras) }
04-23 22:51:56.695: I/HwSystemManager(3669): HsmPackageManager:replacing:false
04-23 22:51:56.695: I/HwSystemManager(3669): HsmPackageManager:pkgName:com.google.android.gmscore.testing.testsupport
04-23 22:51:56.705: I/HwSystemManager(6704): HsmPackageManager:Receive intent:Intent { act=android.intent.action.PACKAGE_ADDED dat=package:com.google.android.gmscore.testing.testsupport flg=0x4000010 (has extras) }
04-23 22:51:56.705: I/HwSystemManager(6704): HsmPackageManager:replacing:false
04-23 22:51:56.705: I/HwSystemManager(6704): HsmPackageManager:pkgName:com.google.android.gmscore.testing.testsupport
04-23 22:51:56.705: I/HwSystemManager(3669): HsmPackageManager:doAppInstalled, installed: com.google.android.gmscore.testing.testsupport
04-23 22:51:56.705: I/AccountTypeManager(9033): Adding account type = com.android.contacts.model.account.ExchangeAccountType@a9a4606 in the cache
04-23 22:51:56.705: I/HwSystemManager(6704): HsmPackageManager:doAppInstalled, installed: com.google.android.gmscore.testing.testsupport
04-23 22:51:56.705: I/art(6292): Can not find class: Ldalvik/system/Zygote;
04-23 22:51:56.705: I/SimFactoryManager(9033): Get SIM state from SIM factory manager: 0,For slotId:0
04-23 22:51:56.705: I/SimFactoryManager(9033): Get SIM state from SIM factory manager: 0,For slotId:1
04-23 22:51:56.705: I/HwSystemManager(3669): HomeCategoryRule:match is not HOME apk: com.google.android.gmscore.testing.testsupport
04-23 22:51:56.705: I/HwSystemManager(3669): yw:needFilterOut result:false
04-23 22:51:56.705: I/HwSystemManager(3669): ww:replaceLockStatus:com.google.android.gmscore.testing.testsupport, 0
04-23 22:51:56.715: I/InputReader(2958): Reconfiguring input devices. changes=0x00000010
04-23 22:51:56.725: I/AccountTypeManager(9033): Adding account type = com.android.contacts.model.account.ExternalAccountType@33a9d4c7 in the cache
04-23 22:51:56.775: I/HwSystemManager(3669): ahr:onReceive action is com.huawei.android.action.GET_PACKAGE_INSTALLATION_INFO
04-23 22:51:56.785: W/ResourceType(9033): For resource 0x7f0806ed, entry index(1773) is beyond type entryCount(13)
04-23 22:51:56.795: W/ResourceType(9033): Failure getting entry for 0x7f0806ed (t=7 e=1773) (error -75)
04-23 22:51:56.795: W/ResourceType(9033): For resource 0x7f0806ed, entry index(1773) is beyond type entryCount(13)
04-23 22:51:56.795: W/ResourceType(9033): Failure getting entry for 0x7f0806ed (t=7 e=1773) (error -75)
04-23 22:51:56.795: I/AccountTypeManager(9033): Adding account type = com.android.contacts.model.account.ExternalAccountType@170e6af4 in the cache
04-23 22:51:56.795: I/AccountTypeManager(9033): Adding account type = com.android.contacts.model.account.GoogleAccountType@2272121d in the cache
04-23 22:51:56.795: I/UpdateIcingCorporaServi(8762): Updating corpora: APPS=com.google.android.gmscore.testing.testsupport, CONTACTS=MAYBE
04-23 22:51:56.795: E/ExternalAccountType(9033): Unsupported attribute readOnly
04-23 22:51:56.815: I/AccountTypeManager(9033): AccountManager, account size is: 1
04-23 22:51:56.815: I/AccountTypeManager(9033): Loaded meta-data for 5 account types, 1 accounts in 113ms(wall) 44ms(cpu)
04-23 22:51:56.825: I/PushLogSC2559(11808): [main-1]action is android.intent.action.PACKAGE_ADDED(ds/null:-1)
04-23 22:51:56.825: I/UpdateIcingCorporaServi(8762): UpdateCorporaTask done [took 30 ms] updated apps [took 30 ms]
04-23 22:51:56.825: I/PushLogSC2559(11808): [main-1]run push selfshow(ds/null:-1)
04-23 22:51:56.835: I/PushLogSC2559(11808): [Thread-196-196]framework push exist, use framework push first(ds/null:-1)
04-23 22:51:56.835: I/PushLogAC2559(11874): [main-1]action is android.intent.action.PACKAGE_ADDED(pushagent/null:-1)
04-23 22:51:56.835: I/PushLogAC2559(11874): [main-1]run push selfshow(pushagent/null:-1)
04-23 22:51:56.845: I/PushLogAC2559(11874): [Thread-729-729]framework push exist, use framework push first(pushagent/null:-1)
04-23 22:51:56.855: I/HwSystemManager(3669): NotificationManagerReceiver:onReceive action = android.intent.action.PACKAGE_ADDED
04-23 22:51:56.855: I/HwSystemManager(3669): NotificationManagerReceiver:onReceive, send action to background
04-23 22:51:56.855: I/HwSystemManager(3669): HsmIntentService:created. this:com.huawei.systemmanager.util.content.HsmIntentService_bg@16448a73
04-23 22:51:56.855: I/HwSystemManager(3669): HsmIntentService:started for intent:Intent { act=android.intent.action.PACKAGE_ADDED dat=package:com.google.android.gmscore.testing.testsupport flg=0x4000010 cmp=com.huawei.systemmanager/com.huawei.notificationmanager.receiver.Receiver (has extras) }, action:android.intent.action.PACKAGE_ADDED, class:com.huawei.notificationmanager.receiver.Receiver
04-23 22:51:56.855: I/HwSystemManager(3669): HsmIntentService:invoked com.huawei.notificationmanager.receiver.Receiver
04-23 22:51:56.855: I/HwSystemManager(6704): AppInstallationReceiver:AppInstallationReceiver onReceive action = android.intent.action.PACKAGE_ADDED
04-23 22:51:56.855: I/HwSystemManager(3669): NmCenterDefValueXmlHelper:mCachedConfigs = null, init.
04-23 22:51:56.855: I/HwSystemManager(3669): NmCenterDefValueXmlHelper:getConfigs: Starts
04-23 22:51:56.865: I/HwSystemManager(3669): NmCenterDefValueXmlHelper:getConfigs: Ends. Count = 33
04-23 22:51:56.865: I/HwSystemManager(3669): NotificationDBAdapter:initNewApp: add to db:com.google.android.gmscore.testing.testsupport, default:null
04-23 22:51:56.865: I/HwSystemManager(6704): HsmIntentService:created. this:com.huawei.systemmanager.util.content.HsmIntentService_ui@34dcf525
04-23 22:51:56.865: I/HwSystemManager(6704): HsmIntentService:started for intent:Intent { act=android.intent.action.PACKAGE_ADDED dat=package:com.google.android.gmscore.testing.testsupport flg=0x4000010 cmp=com.huawei.systemmanager/com.huawei.permissionmanager.ui.AppInstallationReceiver (has extras) }, action:android.intent.action.PACKAGE_ADDED, class:com.huawei.permissionmanager.ui.AppInstallationReceiver
04-23 22:51:56.865: I/HwSystemManager(6704): HsmIntentService:invoked com.huawei.permissionmanager.ui.AppInstallationReceiver
04-23 22:51:56.865: I/HwSystemManager(6704): HsmIntentService:started for intent:Intent { act=android.intent.action.PACKAGE_ADDED dat=package:com.google.android.gmscore.testing.testsupport flg=0x4000010 cmp=com.huawei.systemmanager/.optimize.OptimizeReceiver (has extras) }, action:android.intent.action.PACKAGE_ADDED, class:com.huawei.systemmanager.optimize.OptimizeReceiver
04-23 22:51:56.865: I/HwSystemManager(6704): HsmIntentService:invoked com.huawei.systemmanager.optimize.OptimizeReceiver
