04-23 22:53:13.355: I/Authzen(15209): [ProximitySyncManager] Generating new permitaccess {"publicKey":"CAESRQohAM0BCJVJogpf28vqXCmtdIgCga8wBIsZLxe7kz9pnwMmEiB46_bKnEamIK_JwhjrykfzxqJN1rOxyw1-5DVZ-cuzfg==","pixelPhone":false,"beaconSeeds":[{"endTimeMillis":1588204800000,"startTimeMillis":1586995200000,"data":"B_8qKL2Aem0thFRdPrsE4vceJTePdBSfqngCK02rN94="},{"endTimeMillis":1589414400000,"startTimeMillis":1588204800000,"data":"2yqzd1ZI7-c16vAdoGKzjkeuRcfGtSbBSFeTIlOmJ70="},{"endTimeMillis":1590624000000,"startTimeMillis":1589414400000,"data":"D5wuLcToGMoYl8iPwEGsC3iq66Qq7p0GQWO5nbjwJE8="},{"endTimeMillis":1591833600000,"startTimeMillis":1590624000000,"data":"TspkE9ll7Ap_qkxgW3hsGwV20FdSgQ1LxPvVmkfacSw="}],"deviceType":"android","supportedSoftwareFeatures":["smsConnectHost","betterTogetherHost"],"unlockable":false,"mobileHotspotSupported":false,"unlockKey":false,"arcPlusPlus":false,"lastUpdateTimeMillis":1585927849558,"friendlyDeviceName":"Huawei Mate 9","noPiiDeviceName":"Huawei Mate 9"}.
04-23 22:53:13.355: I/Authzen(15209): [ProximitySyncManager] Generating new permitaccess {"publicKey":"CAESRQohALbxJjTFCBNSBokOS-2lm0hCbA_X_VjBjfLcTdVMhASpEiB1dlu2IrXN_oIt9Hol32g0zOxD0rERlqfLuzdGiH50dA==","pixelPhone":true,"beaconSeeds":[{"endTimeMillis":1588204800000,"startTimeMillis":1586995200000,"data":"NuWuTUPdwoj3c83oVB1IB_YHmxU9JT4hUbUXqWe764w="},{"endTimeMillis":1589414400000,"startTimeMillis":1588204800000,"data":"Ba9USZGlst9gbKbU5gr3sIJuQI8jWehi71Yo4n0obnQ="},{"endTimeMillis":1590624000000,"startTimeMillis":1589414400000,"data":"UGksgyxi1-RuqALbL_iLj1R5JyDpctTWBwWMc_MiBQQ="},{"endTimeMillis":1591833600000,"startTimeMillis":1590624000000,"data":"ZtJyLpA_GJ7b4iEh3oIxeJmVwgP-9zNjoqy9Y9PnGyA="}],"deviceType":"android","supportedSoftwareFeatures":["magicTetherHost","smsConnectHost","easyUnlockHost","betterTogetherHost"],"unlockable":false,"mobileHotspotSupported":true,"unlockKey":false,"arcPlusPlus":false,"lastUpdateTimeMillis":1585826352956,"friendlyDeviceName":"Google Pixel 3","noPiiDeviceName":"Google Pixel 3"}.
04-23 22:53:13.355: I/Authzen(15209): [ProximitySyncManager] Generating new permitaccess {"publicKey":"CAESRQogR5X0XhQiXCjSjdv7NaLu04jUgjRVFZsRGO4dth54qvcSIQCyo6ixZ1RsJXd8Gougq90mYsc-7NXAYfBICLGzdD6iqw==","pixelPhone":false,"beaconSeeds":[{"endTimeMillis":1588204800000,"startTimeMillis":1586995200000,"data":"dzRi2t6CgSl4xL6PdRZyCakONBCaqPgSH-RoJro8ypk="},{"endTimeMillis":1589414400000,"startTimeMillis":1588204800000,"data":"Y3fRoZXAx7MdhlVj2klRdhz2Ar3buC-jCc166YAb90I="},{"endTimeMillis":1590624000000,"startTimeMillis":1589414400000,"data":"5VdG9zSrwsBrU-Yg9X_nvxL1hLWezqmay1BzWzKr2KQ="},{"endTimeMillis":1591833600000,"startTimeMillis":1590624000000,"data":"35rnOCicw54rf8rb8CA3rOFquY1c8fHf6hICnajw6z0="}],"deviceType":"android","unlockable":false,"mobileHotspotSupported":false,"unlockKey":false,"arcPlusPlus":false,"lastUpdateTimeMillis":1585293168238,"friendlyDeviceName":"Motorola Moto Z Droid","noPiiDeviceName":"Motorola Moto Z Droid"}.
04-23 22:53:13.355: I/Authzen(15209): [ProximitySyncManager] Generating new permitaccess {"publicKey":"CAESRAogTGXN641e90aq2cwS68UTfg2XmgsZ_y_fdk6wdkyuQ8sSID7Li1WnUsl4UcDJU799QKf60RG0LFrDcaoNOhrVvMBB","pixelPhone":false,"beaconSeeds":[{"endTimeMillis":1588204800000,"startTimeMillis":1586995200000,"data":"9DXAw1FdVkhhIK892Wt8SX8sbKPmoCaYl_5PcEnuwqE="},{"endTimeMillis":1589414400000,"startTimeMillis":1588204800000,"data":"Xy5NB91FcKqDzTbuLhtD_YDaSo_PgQr0tckDEJTheVo="},{"endTimeMillis":1590624000000,"startTimeMillis":1589414400000,"data":"NlW8dOL3gw-ixfI3OKWPjI90J-k4_t5UjjhnI-7KFUI="},{"endTimeMillis":1591833600000,"startTimeMillis":1590624000000,"data":"0pmpLpgnrFwEG69SD72jZbg82lhRuPR5J1Z6vhcVyME="}],"deviceType":"android","unlockable":false,"mobileHotspotSupported":false,"unlockKey":false,"arcPlusPlus":false,"lastUpdateTimeMillis":1585292962074,"friendlyDeviceName":"Huawei P8 Lite","noPiiDeviceName":"Huawei P8 Lite"}.
04-23 22:53:13.355: I/Authzen(15209): [ProximitySyncManager] Generating new permitaccess {"publicKey":"CAESRQogDp2XvVgeR6AGCZTbjAn-x1ZDrnm8bU3lj3gUCrdzp78SIQDXAYIxs0idXH9GGoUYypEKBq3AgW4gCfn5fWMB4Dz-SA==","pixelPhone":true,"beaconSeeds":[{"endTimeMillis":1588204800000,"startTimeMillis":1586995200000,"data":"Pnz9ytfSZrpLj8BfAsDlNDSrJkzt-CflbI8BBPNvr5s="},{"endTimeMillis":1589414400000,"startTimeMillis":1588204800000,"data":"SaHWDPCXN2XAF_eg2tSidk3dV-FC0K7p1NMwwZKGG78="},{"endTimeMillis":1590624000000,"startTimeMillis":1589414400000,"data":"72o1Mb6WymZm4fuoIYlr7aPh3_LOXiNb9w76LPX72xE="},{"endTimeMillis":1591833600000,"startTimeMillis":1590624000000,"data":"cXADiOQgSngASFD2I6OroyaF_AYzEnQaQajSs86ts_8="}],"deviceType":"android","supportedSoftwareFeatures":["magicTetherHost","smsConnectHost","easyUnlockHost","betterTogetherHost"],"unlockable":false,"mobileHotspotSupported":true,"unlockKey":false,"arcPlusPlus":false,"lastUpdateTimeMillis":1585292959604,"friendlyDeviceName":"Google Pixel 3","noPiiDeviceName":"Google Pixel 3"}.
04-23 22:53:13.385: I/Authzen(15209): [irn] Upgrading from version 1 to version 6...
04-23 22:53:13.405: I/Authzen(15209): [irn] Opening database auth.proximity.permit_store...
04-23 22:53:13.405: I/Authzen(15209): [PermitStore] Removing permit with permitId: ...
04-23 22:53:13.455: I/LocationManagerService(2958): remove c2f39b8
04-23 22:53:13.465: I/ActivityManager(2958): filter receiver for action = com.google.android.gms.auth.authzen.DEVICE_SYNC_FINISHED
04-23 22:53:13.475: I/HwSystemManager(3669): BgPowerManagerService:onProcessDied uid = 10003
04-23 22:53:13.475: E/HsmCoreServiceImpl(2958): onTransact in code is: 102
04-23 22:53:13.475: I/MediaProcessHandler(2958): processOp opType: 1, uid: 10003, pid: 18291
04-23 22:53:13.475: W/MediaProcessHandler(2958): remove target not exist, maybe the UI process: uid: 10003, pid: 18291
04-23 22:53:13.475: I/HwSystemManager(3669): HoldService:uid:10003 pid:18291 died
04-23 22:53:13.475: I/HwSystemManager(3669): HoldService:oldVersionKey:10003,18291
04-23 22:53:13.475: I/GeofencerStateMachine(15209): sendQueryLocationOptIn
04-23 22:53:13.515: I/PG Utils(15282): acquire_providerpkg:[com.google.android.gsf] pid:[] maybe timeout , send to PG
04-23 22:53:13.525: W/aujo(15209): Empty content. Thus might mean that the settings are not synced down.
04-23 22:53:13.535: E/art(15209): invalid stream - problem with parameter iterator in /data/data/com.google.android.gms/code_cache/secondary-dexes/base.apk.classes2.zip for method void fca.c(java.lang.String, java.lang.String, java.lang.Object[])
04-23 22:53:13.535: W/NetRec(15209): [1002] ConfigChangedIntentOperation.onHandleIntent: Device does not support scoring, exiting
04-23 22:53:13.535: I/Herrevad(15209): [1001] abif.a: updateListenState
04-23 22:53:13.555: I/Auth(15209): [AuthManaged,PasswordComplexityHelperImpl] Updating password complexity components state.
04-23 22:53:13.555: I/Auth(15209): [AuthManaged,PasswordComplexityHelperImpl] Disabling com.google.android.gms.auth.managed.admin.DeviceAdminReceiver
04-23 22:53:13.555: I/Auth(15209): [AuthManaged,PasswordComplexityHelperImpl] Disabling com.google.android.gms.auth.managed.ui.SetNewPasswordActivity
04-23 22:53:13.565: E/GmsClient(15282): unable to connect to service: com.google.android.gms.auth.key.retrieval.service.START on com.google.android.gms
04-23 22:53:13.595: W/StubController(19315): calendar access!
04-23 22:53:13.595: W/StubController(19315): calendar access!
04-23 22:53:13.595: I/CalendarSimpleUiPRovider(19315): onReceive[intent]Intent { act=android.intent.action.PROVIDER_CHANGED dat=content://com.android.calendar flg=0x10 cmp=com.android.calendar/.simpleui.CalendarSimpleUiPRovider }
04-23 22:53:13.595: I/CalendarSimpleUiPRovider(19315): onConfigurationChanged
04-23 22:53:13.595: I/CalendarSimpleUiPRovider(19315): initParams20200423T225313America/Los_Angeles(4,113,-25200,1,1587707593)
04-23 22:53:13.605: W/StubController(19315): calendar access!
04-23 22:53:13.605: I/PG Utils(19315): acquire_providerpkg:[com.android.providers.calendar] pid:[] maybe timeout , send to PG
04-23 22:53:13.605: W/aujo(15209): Empty content. Thus might mean that the settings are not synced down.
04-23 22:53:13.615: I/art(15209): Explicit concurrent mark sweep GC freed 189319(11MB) AllocSpace objects, 16(1140KB) LOS objects, 32% free, 33MB/49MB, paused 7.775ms total 473.485ms
04-23 22:53:13.615: I/PG Utils(19315): acquire_providerpkg:[com.android.providers.calendar] pid:[] maybe timeout , send to PG
04-23 22:53:13.635: E/WifiStateMachine(2958): ConnectedState !CMD_RSSI_POLL 1 0 "wl-ftl-mt03-1-24" 44:48:c1:91:9d:e0 rssi=-51 f=2412 sc=100 link=72 tx=180,6, 0,0, 0,0 rx=257,2 bcn=0 [on:0 tx:0 rx:0 period:2980] from screen [on:0 period:-1430305870] gl u24 rssi=-51 ag=0 hr ticks 0,0,0 ls-=0 [56,56,60,60,65] brc=0 lrc=0
04-23 22:53:13.635: E/WifiStateMachine(2958): L2ConnectedState !CMD_RSSI_POLL 1 0 "wl-ftl-mt03-1-24" 44:48:c1:91:9d:e0 rssi=-51 f=2412 sc=100 link=72 tx=180,6, 0,0, 0,0 rx=257,2 bcn=0 [on:0 tx:0 rx:0 period:1] from screen [on:0 period:-1430305869] gl u24 rssi=-51 ag=0 hr ticks 0,0,0 ls-=0 [56,56,60,60,65] brc=0 lrc=0
04-23 22:53:13.635: E/WifiStateMachine(2958): fetchRssiLinkSpeedAndFrequencyNative rssi=-53 linkspeed=72 SSID="wl-ftl-mt03-1-24"
04-23 22:53:13.635: E/WifiStateMachine(2958): calculateWifiScore freq=2412 speed=72 score=100 highRSSI -> txbadrate=0,00 txgoodrate=133,81 txretriesrate=0,00 rxrate=205,61 userTriggerdPenalty0
04-23 22:53:13.635: E/WifiStateMachine(2958): good link -> stuck count =0
04-23 22:53:13.635: E/WifiStateMachine(2958): badRSSI count0 lowRSSI count0 --> score 60
04-23 22:53:13.635: E/WifiStateMachine(2958): isHighRSSI ---> score=65
04-23 22:53:13.645: I/ActivityManager(2958): filter receiver for action = com.google.android.gms.phenotype.UPDATE
04-23 22:53:13.645: W/StubController(19315): calendar access!
04-23 22:53:13.645: W/aujo(15209): Empty content. Thus might mean that the settings are not synced down.
04-23 22:53:13.655: W/ContextImpl(15282): Failed to ensure directory: /storage/sdcard1/Android/data/com.google.android.gms/files
04-23 22:53:13.655: I/PG Utils(15282): acquire_providerpkg:[com.google.android.gsf] pid:[] maybe timeout , send to PG
04-23 22:53:13.665: W/ContextImpl(15282): Failed to ensure directory: /storage/sdcard1/Android/data/com.google.android.gms/files
04-23 22:53:13.685: W/ContextImpl(15282): Failed to ensure directory: /storage/sdcard1/Android/data/com.google.android.gms/files
04-23 22:53:13.685: W/aujo(15209): Empty content. Thus might mean that the settings are not synced down.
04-23 22:53:13.695: W/ContextImpl(15282): Failed to ensure directory: /storage/sdcard1/Android/data/com.google.android.gms/files
04-23 22:53:13.695: I/CalendarSimpleUiPRovider(19315): loadEvent end update UI0
04-23 22:53:13.715: I/IcingInternalCorpora(15282): Received calendar change notification.
04-23 22:53:13.725: W/aujo(15209): Empty content. Thus might mean that the settings are not synced down.
04-23 22:53:13.755: I/ActivityManager(2958): filter receiver for action = com.google.android.gms.phenotype.UPDATE
04-23 22:53:13.785: I/GmsModuleFndr(15282): Beginning GMS chimera module scan
04-23 22:53:13.805: I/ActivityManager(2958): filter receiver for action = com.google.android.gms.phenotype.UPDATE
04-23 22:53:13.805: I/ModuleSetMgr(15282): Computing pending module set with APKs: [[AdsFdrDynamite.integ:21460000006], [VisionOcr.optional:200914000400], [AdsFdrDynamite.integ:21001000000], [Cronetdynamite:200914020400], [Dynamiteloader:200914020000], [Dynamitemodulesa:200914020000], [Dynamitemodulesc:200914020000], [Googlecertificates:200914020000], [Mapsdynamite:200914020000], [Measurementdynamite:200914020000]]
04-23 22:53:13.815: I/art(9488): Explicit concurrent mark sweep GC freed 2999(121KB) AllocSpace objects, 0(0B) LOS objects, 40% free, 13MB/23MB, paused 664us total 37.141ms
04-23 22:53:13.815: I/GCoreUlr(15209): DispatchingService ignoring Intent { act=android.net.wifi.WIFI_STATE_CHANGED flg=0x4000010 (has extras) } because ULR inactive
04-23 22:53:13.825: I/ActivityManager(2958): filter receiver for action = com.google.android.gms.phenotype.UPDATE
04-23 22:53:13.845: I/FacsCacheGmsModule(15209): Receiving API connection to FACS API from package 'com.google.android.gms'...
04-23 22:53:13.845: I/GCoreUlr(15209): WorldUpdater received intent Intent { act=com.google.android.location.reporting.ACTION_UPDATE_WORLD cmp=com.google.android.gms/com.google.android.location.reporting.service.DispatchingService (has extras) } with receiverAction com.google.gservices.intent.action.GSERVICES_CHANGED
04-23 22:53:13.845: I/art(19690): Can not find class: Landroid/app/NotificationChannel;
04-23 22:53:13.855: I/ActivityManager(2958): filter receiver for action = com.google.android.gms.phenotype.UPDATE
04-23 22:53:13.855: I/ModuleSetMgr(15282): Pending container module APKs: [[VisionOcr.optional:200914000400]]
04-23 22:53:13.855: I/ModuleSetMgr(15282): Pending non-container module APKs: [[AdsFdrDynamite.integ:21460000006]]
04-23 22:53:13.855: I/PG Utils(15209): acquire_providerpkg:[com.google.android.gsf] pid:[] maybe timeout , send to PG
04-23 22:53:13.865: I/PG Utils(15282): acquire_providerpkg:[com.google.android.gsf] pid:[] maybe timeout , send to PG
04-23 22:53:13.875: I/ActivityManager(2958): filter receiver for action = com.google.android.gms.phenotype.UPDATE
04-23 22:53:13.875: I/PG Utils(15209): acquire_providerpkg:[com.google.android.gsf] pid:[] maybe timeout , send to PG
04-23 22:53:13.875: I/PG Utils(15282): acquire_providerpkg:[com.google.android.gsf] pid:[] maybe timeout , send to PG
04-23 22:53:13.885: I/ActivityManager(2958): filter receiver for action = com.google.android.gms.phenotype.UPDATE
04-23 22:53:13.885: I/PG Utils(15209): acquire_providerpkg:[com.google.android.gsf] pid:[] maybe timeout , send to PG
04-23 22:53:13.895: I/ActivityManager(2958): filter receiver for action = com.google.android.gms.phenotype.UPDATE
04-23 22:53:13.905: I/ActivityManager(2958): filter receiver for action = com.google.android.gms.phenotype.UPDATE
04-23 22:53:13.915: I/PG Utils(15209): acquire_providerpkg:[com.google.android.gsf] pid:[] maybe timeout , send to PG
04-23 22:53:13.915: I/ActivityManager(2958): filter receiver for action = com.google.android.gms.phenotype.UPDATE
04-23 22:53:13.925: I/ActivityManager(2958): filter receiver for action = com.google.android.gms.phenotype.UPDATE
04-23 22:53:13.925: I/PG Utils(15209): acquire_providerpkg:[com.google.android.gsf] pid:[] maybe timeout , send to PG
04-23 22:53:13.925: E/Thermal-daemon(2347): [charger_ic] temp_new :37 temp_old :36
04-23 22:53:13.925: E/Thermal-daemon(2347): Report temperature: [charger_ic] temp :37 report_threshold:1
04-23 22:53:13.935: I/ActivityManager(2958): filter receiver for action = com.google.android.gms.phenotype.UPDATE
04-23 22:53:13.935: I/PG Utils(15209): acquire_providerpkg:[com.google.android.gsf] pid:[] maybe timeout , send to PG
04-23 22:53:13.935: W/PrimesInit(19690): Primes instant initialization
04-23 22:53:13.935: W/Primes(19690): background initialization
04-23 22:53:13.945: I/ActivityManager(2958): filter receiver for action = com.google.android.gms.phenotype.UPDATE
04-23 22:53:13.945: I/PG Utils(15282): acquire_providerpkg:[com.google.android.gsf] pid:[] maybe timeout , send to PG
04-23 22:53:13.955: I/FacsCacheGmsModule(15209): API connection successful!
04-23 22:53:13.955: I/FacsCacheGmsModule(15209): Received 'readDeviceLevelSettings' request from package 'com.google.android.gms'...
04-23 22:53:13.955: I/FacsCacheGmsModule(15209): Operation 'readDeviceLevelSettings' dispatched!
04-23 22:53:13.965: I/FacsCacheGmsModule(15209): Executing operation 'ReadDeviceLevelSettingsOperation'...
04-23 22:53:13.975: I/FacsCacheGmsModule(15209): Operation 'ReadDeviceLevelSettingsOperation' successful!
04-23 22:53:13.985: I/GCoreUlr(15209): WorldUpdater:com.google.gservices.intent.action.GSERVICES_CHANGED: Ensuring that reporting is stopped because of reasons: {account#-15#=[InactiveReason{mIdentifier=6, mName='ReportingNotEnabled'}, InactiveReason{mIdentifier=14, mName='HistoryNotEnabled'}]}
04-23 22:53:13.995: I/ActivityManager(2958): filter receiver for action = com.google.android.gms.phenotype.UPDATE
04-23 22:53:13.995: I/PG Utils(19690): acquire_providerpkg:[com.google.android.gsf] pid:[] maybe timeout , send to PG
04-23 22:53:13.995: I/PG Utils(19690): acquire_providerpkg:[com.google.android.gsf] pid:[] maybe timeout , send to PG
04-23 22:53:13.995: W/ChimeraUtils(15282): Non Chimera context
04-23 22:53:13.995: I/PG Utils(15209): acquire_providerpkg:[com.google.android.gsf] pid:[] maybe timeout , send to PG
04-23 22:53:13.995: I/PG Utils(15209): acquire_providerpkg:[com.google.android.gsf] pid:[] maybe timeout , send to PG
04-23 22:53:14.015: I/PG Utils(19690): acquire_providerpkg:[com.google.android.gms] pid:[] maybe timeout , send to PG
04-23 22:53:14.015: I/GmsCoreXrpcWrapper(15282): Returning a channel provider with trafficStatsTag=4097
04-23 22:53:14.015: I/ActivityManager(2958): filter receiver for action = com.google.android.gms.phenotype.UPDATE
04-23 22:53:14.025: I/GCoreUlr(15209): Unbound from all signal providers.
04-23 22:53:14.025: I/ActivityManager(2958): filter receiver for action = com.google.android.gms.phenotype.UPDATE
04-23 22:53:14.025: I/PG Utils(15209): acquire_providerpkg:[com.google.android.gsf] pid:[] maybe timeout , send to PG
04-23 22:53:14.045: I/FacsCacheGmsModule(15282): Receiving API connection to internal FACS API...
04-23 22:53:14.055: I/ActivityManager(2958): filter receiver for action = com.google.android.gms.gcm.ACTION_SCHEDULE
04-23 22:53:14.055: I/ActivityManager(2958): filter receiver for action = com.google.android.gms.phenotype.UPDATE
04-23 22:53:14.055: I/art(19690): Can not find class: Lcom/google/android/gms/analytics/internal/ModuleAnalyticsFactory;
04-23 22:53:14.065: I/PrimesTesting(19690): GserviceFlagsSupplier.get()
04-23 22:53:14.075: I/GAv4-SVC(19690): Google Analytics 15.3.50 is starting up.
04-23 22:53:14.075: I/ActivityManager(2958): filter receiver for action = com.google.android.gms.phenotype.UPDATE
04-23 22:53:14.085: I/ActivityManager(2958): filter receiver for action = com.google.android.gms.phenotype.UPDATE
04-23 22:53:14.095: I/PG Utils(15282): acquire_providerpkg:[com.google.android.gsf] pid:[] maybe timeout , send to PG
04-23 22:53:14.095: I/ActivityManager(2958): filter receiver for action = com.google.android.gms.phenotype.UPDATE
04-23 22:53:14.095: I/ActivityManager(2958): filter receiver for action = com.google.android.gms.phenotype.UPDATE
04-23 22:53:14.105: I/art(15282): DexFile_isDexOptNeeded failed to open oat file '/data/dalvik-cache/arm64/data@data@com.google.android.gms@app_chimera@m@00000008@dl-VisionOcr.optional_200914000400.apk@classes.dex' for file location '/data/data/com.google.android.gms/app_chimera/m/00000008/dl-VisionOcr.optional_200914000400.apk': Failed to open oat filename for reading: No such file or directory
04-23 22:53:14.105: I/ActivityManager(2958): filter receiver for action = com.google.android.gms.phenotype.UPDATE
04-23 22:53:14.105: I/art(15282): DexFile_isDexOptNeeded failed to open oat file '/data/dalvik-cache/arm64/data@data@com.google.android.gms@app_chimera@m@00000009@dl-AdsFdrDynamite.integ_21460000006.apk@classes.dex' for file location '/data/data/com.google.android.gms/app_chimera/m/00000009/dl-AdsFdrDynamite.integ_21460000006.apk': Failed to open oat filename for reading: No such file or directory
04-23 22:53:14.105: I/art(15282): DexFile_isDexOptNeeded failed to open oat file '/data/dalvik-cache/arm64/data@data@com.google.android.gms@app_chimera@m@00000005@GoogleCertificates.apk@classes.dex' for file location '/data/data/com.google.android.gms/app_chimera/m/00000005/GoogleCertificates.apk': Failed to open oat filename for reading: No such file or directory
04-23 22:53:14.105: I/art(15282): DexFile_isDexOptNeeded failed to open oat file '/data/dalvik-cache/arm64/data@data@com.google.android.gms@app_chimera@m@00000000@AdsDynamite.apk@classes.dex' for file location '/data/data/com.google.android.gms/app_chimera/m/00000000/AdsDynamite.apk': Failed to open oat filename for reading: No such file or directory
04-23 22:53:14.105: I/ActivityManager(2958): filter receiver for action = com.google.android.gms.phenotype.UPDATE
04-23 22:53:14.105: I/art(15282): DexFile_isDexOptNeeded failed to open oat file '/data/dalvik-cache/arm64/data@data@com.google.android.gms@app_chimera@m@00000002@DynamiteLoader.apk@classes.dex' for file location '/data/data/com.google.android.gms/app_chimera/m/00000002/DynamiteLoader.apk': Failed to open oat filename for reading: No such file or directory
04-23 22:53:14.115: I/art(15282): DexFile_isDexOptNeeded failed to open oat file '/data/dalvik-cache/arm64/data@data@com.google.android.gms@app_chimera@m@00000003@DynamiteModulesA.apk@classes.dex' for file location '/data/data/com.google.android.gms/app_chimera/m/00000003/DynamiteModulesA.apk': Failed to open oat filename for reading: No such file or directory
04-23 22:53:14.115: I/art(15282): DexFile_isDexOptNeeded failed to open oat file '/data/dalvik-cache/arm64/data@data@com.google.android.gms@app_chimera@m@00000007@MeasurementDynamite.apk@classes.dex' for file location '/data/data/com.google.android.gms/app_chimera/m/00000007/MeasurementDynamite.apk': Failed to open oat filename for reading: No such file or directory
04-23 22:53:14.115: I/art(15282): DexFile_isDexOptNeeded failed to open oat file '/data/dalvik-cache/arm64/data@data@com.google.android.gms@app_chimera@m@00000001@CronetDynamite.apk@classes.dex' for file location '/data/data/com.google.android.gms/app_chimera/m/00000001/CronetDynamite.apk': Failed to open oat filename for reading: No such file or directory
04-23 22:53:14.115: I/art(15282): DexFile_isDexOptNeeded failed to open oat file '/data/dalvik-cache/arm64/data@data@com.google.android.gms@app_chimera@m@00000004@DynamiteModulesC.apk@classes.dex' for file location '/data/data/com.google.android.gms/app_chimera/m/00000004/DynamiteModulesC.apk': Failed to open oat filename for reading: No such file or directory
04-23 22:53:14.115: I/art(15282): DexFile_isDexOptNeeded failed to open oat file '/data/dalvik-cache/arm64/data@data@com.google.android.gms@app_chimera@m@00000006@MapsDynamite.apk@classes.dex' for file location '/data/data/com.google.android.gms/app_chimera/m/00000006/MapsDynamite.apk': Failed to open oat filename for reading: No such file or directory
04-23 22:53:14.115: I/ActivityManager(2958): filter receiver for action = com.google.android.gms.phenotype.UPDATE
04-23 22:53:14.125: I/ActivityManager(2958): filter receiver for action = com.google.android.gms.phenotype.UPDATE
04-23 22:53:14.135: I/GmsModuleFndr(15282): Beginning GMS chimera module scan
04-23 22:53:14.135: I/ActivityManager(2958): filter receiver for action = com.google.android.gms.phenotype.UPDATE
04-23 22:53:14.145: I/ActivityManager(2958): filter receiver for action = com.google.android.gms.phenotype.UPDATE
04-23 22:53:14.155: I/art(19690): Can not find class: Landroid/app/NotificationChannel;
04-23 22:53:14.155: I/ActivityManager(2958): filter receiver for action = com.google.android.gms.phenotype.UPDATE
04-23 22:53:14.165: I/ModuleSetMgr(15282): Computing pending module set with APKs: [[AdsFdrDynamite.integ:21460000006], [VisionOcr.optional:200914000400], [AdsFdrDynamite.integ:21001000000], [Cronetdynamite:200914020400], [Dynamiteloader:200914020000], [Dynamitemodulesa:200914020000], [Dynamitemodulesc:200914020000], [Googlecertificates:200914020000], [Mapsdynamite:200914020000], [Measurementdynamite:200914020000]]
04-23 22:53:14.165: I/ActivityManager(2958): filter receiver for action = com.google.android.gms.phenotype.UPDATE
04-23 22:53:14.175: I/ActivityManager(2958): filter receiver for action = com.google.android.gms.phenotype.UPDATE
04-23 22:53:14.175: I/art(19690): Can not find class: Lcom/google/protobuf/DescriptorMessageInfoFactory;
04-23 22:53:14.175: I/art(19690): Can not find class: Lcom/google/protobuf/GeneratedMessage;
04-23 22:53:14.175: I/art(19690): Can not find class: Lcom/google/protobuf/UnknownFieldSetSchema;
04-23 22:53:14.175: I/art(19690): Can not find class: Lcom/google/protobuf/UnknownFieldSetSchema;
04-23 22:53:14.185: I/art(19690): Can not find class: Lcom/google/protobuf/NewInstanceSchemaFull;
04-23 22:53:14.185: I/ActivityManager(2958): filter receiver for action = com.google.android.gms.phenotype.UPDATE
04-23 22:53:14.185: I/art(19690): Can not find class: Lcom/google/protobuf/ExtensionSchemaFull;
04-23 22:53:14.185: I/art(19690): Can not find class: Lcom/google/protobuf/MapFieldSchemaFull;
04-23 22:53:14.185: I/ModuleSetMgr(15282): Pending container module APKs: [[VisionOcr.optional:200914000400]]
04-23 22:53:14.185: I/ModuleSetMgr(15282): Pending non-container module APKs: [[AdsFdrDynamite.integ:21460000006]]
04-23 22:53:14.185: I/ActivityManager(2958): filter receiver for action = com.google.android.gms.phenotype.UPDATE
04-23 22:53:14.195: I/art(19690): Can not find class: Lorg/robolectric/Robolectric;
04-23 22:53:14.195: I/ActivityManager(2958): filter receiver for action = com.google.android.gms.phenotype.UPDATE
04-23 22:53:14.195: I/ActivityManager(2958): filter receiver for action = com.google.android.gms.phenotype.UPDATE
04-23 22:53:14.195: I/ActivityManager(2958): filter receiver for action = com.google.android.gms.phenotype.UPDATE
04-23 22:53:14.195: I/art(19690): Can not find class: Lcom/google/protobuf/Extension;
04-23 22:53:14.205: I/art(19690): Can not find class: Lcom/google/protobuf/ExtensionRegistry;
04-23 22:53:14.205: I/ActivityManager(2958): filter receiver for action = com.google.android.gms.phenotype.UPDATE
04-23 22:53:14.245: I/art(9488): Explicit concurrent mark sweep GC freed 3227(125KB) AllocSpace objects, 0(0B) LOS objects, 39% free, 13MB/23MB, paused 627us total 36.210ms
04-23 22:53:14.245: I/ActivityManager(2958): filter receiver for action = com.google.android.gms.phenotype.UPDATE
04-23 22:53:14.255: I/ActivityManager(2958): filter receiver for action = com.google.android.gms.phenotype.UPDATE
04-23 22:53:14.265: I/ActivityManager(2958): filter receiver for action = com.google.android.gms.phenotype.UPDATE
04-23 22:53:14.265: I/ActivityManager(2958): filter receiver for action = com.google.android.gms.phenotype.UPDATE
04-23 22:53:14.265: I/art(2958): Explicit concurrent mark sweep GC freed 30876(1742KB) AllocSpace objects, 4(108KB) LOS objects, 33% free, 29MB/43MB, paused 2.201ms total 234.711ms
04-23 22:53:14.275: I/ChromeSync(15282): [Sync,SyncIntentOperation] Handling the intent: Intent { act=com.google.gservices.intent.action.GSERVICES_CHANGED flg=0x10 cmp=com.google.android.gms/.chimera.GmsIntentOperationService$PersistentInternalReceiver }.
04-23 22:53:14.275: I/PG Utils(15282): acquire_providerpkg:[com.google.android.gsf] pid:[] maybe timeout , send to PG
04-23 22:53:14.275: I/FacsCacheGmsModule(15282): API connection successful!
04-23 22:53:14.275: I/PG Utils(15282): acquire_providerpkg:[com.google.android.gsf] pid:[] maybe timeout , send to PG
04-23 22:53:14.285: I/ActivityManager(2958): filter receiver for action = com.google.android.gms.phenotype.UPDATE
04-23 22:53:14.285: I/GCoreUlr(15209): Unbound from all signal providers.
04-23 22:53:14.285: I/GCoreUlr(15209): Stopping handler for UlrDispSvcFast
04-23 22:53:14.295: I/PG Utils(15282): acquire_providerpkg:[com.google.android.gsf] pid:[] maybe timeout , send to PG
04-23 22:53:14.295: I/PG Utils(15282): acquire_providerpkg:[com.google.android.gsf] pid:[] maybe timeout , send to PG
04-23 22:53:14.305: I/ActivityManager(2958): filter receiver for action = com.google.android.gms.phenotype.UPDATE
04-23 22:53:14.315: W/SyncManager(2958): SyncManager manageSyncAlarmLocked SET_WAKE_ALARM
04-23 22:53:14.315: I/ActivityManager(2958): filter receiver for action = com.google.android.gms.phenotype.UPDATE
04-23 22:53:14.315: I/PG Utils(15209): acquire_providerpkg:[com.google.android.gsf] pid:[] maybe timeout , send to PG
04-23 22:53:14.325: I/ActivityManager(2958): filter receiver for action = com.google.android.gms.gcm.ACTION_SCHEDULE
04-23 22:53:14.325: I/PG Utils(15282): acquire_providerpkg:[com.google.android.gsf] pid:[] maybe timeout , send to PG
04-23 22:53:14.335: I/ActivityManager(2958): filter receiver for action = com.google.android.gms.phenotype.UPDATE
04-23 22:53:14.335: W/ChimeraUtils(15209): Non Chimera context
04-23 22:53:14.345: I/PG Utils(15209): acquire_providerpkg:[com.google.android.gsf] pid:[] maybe timeout , send to PG
04-23 22:53:14.345: I/DynamiteModule(15282): Considering local module com.google.android.gms.flags:3 and remote module com.google.android.gms.flags:3
04-23 22:53:14.345: I/DynamiteModule(15282): Selected local version of com.google.android.gms.flags
04-23 22:53:14.345: I/PG Utils(15282): acquire_providerpkg:[com.google.android.gsf] pid:[] maybe timeout , send to PG
04-23 22:53:14.345: I/PG Utils(15282): acquire_providerpkg:[com.google.android.gsf] pid:[] maybe timeout , send to PG
04-23 22:53:14.345: I/PG Utils(15282): acquire_providerpkg:[com.google.android.gsf] pid:[] maybe timeout , send to PG
04-23 22:53:14.355: I/ActivityManager(2958): filter receiver for action = com.google.android.gms.phenotype.UPDATE
04-23 22:53:14.365: I/PG Utils(15209): acquire_providerpkg:[com.google.android.gsf] pid:[] maybe timeout , send to PG
04-23 22:53:14.375: I/ChromeSync(15282): [Sync,SyncAdapter] Successfully synced in 17 milliseconds with request: qwi{account=, eventType=700, waitForInitialization=false, zipitVersionInfo=null}.
04-23 22:53:14.375: I/ActivityManager(2958): filter receiver for action = com.google.android.gms.phenotype.UPDATE
04-23 22:53:14.385: I/ActivityManager(2958): filter receiver for action = com.google.android.gms.phenotype.UPDATE
04-23 22:53:14.385: I/PG Utils(15209): acquire_providerpkg:[com.google.android.gsf] pid:[] maybe timeout , send to PG
04-23 22:53:14.385: I/PG Utils(15209): acquire_providerpkg:[com.google.android.gsf] pid:[] maybe timeout , send to PG
04-23 22:53:14.395: I/ActivityManager(2958): filter receiver for action = com.google.android.gms.phenotype.UPDATE
04-23 22:53:14.395: I/PG Utils(15209): acquire_providerpkg:[com.google.android.gsf] pid:[] maybe timeout , send to PG
04-23 22:53:14.395: I/PG Utils(15209): acquire_providerpkg:[com.google.android.gsf] pid:[] maybe timeout , send to PG
04-23 22:53:14.405: I/ActivityManager(2958): filter receiver for action = com.google.android.gms.phenotype.UPDATE
04-23 22:53:14.405: I/PG Utils(15209): acquire_providerpkg:[com.google.android.gsf] pid:[] maybe timeout , send to PG
04-23 22:53:14.405: I/PG Utils(15209): acquire_providerpkg:[com.google.android.gsf] pid:[] maybe timeout , send to PG
04-23 22:53:14.415: I/ActivityManager(2958): filter receiver for action = com.google.android.gms.phenotype.UPDATE
04-23 22:53:14.425: I/ActivityManager(2958): filter receiver for action = com.google.android.gms.phenotype.UPDATE
04-23 22:53:14.425: I/Auth(15209): [ReflectiveChannelBinder] Successfully bound channel!
04-23 22:53:14.435: E/Thermal-daemon(2347): [ap] temp_new :38 temp_old :37
04-23 22:53:14.435: E/Thermal-daemon(2347): Report temperature: [ap] temp :38 report_threshold:1
04-23 22:53:14.585: I/PG Utils(19690): acquire_providerpkg:[com.google.android.gms] pid:[] maybe timeout , send to PG
04-23 22:53:14.595: I/ActivityManager(2958): filter receiver for action = com.google.android.gms.phenotype.UPDATE
04-23 22:53:14.595: I/HwSystemManager(3669): HoldService:uid:1000 pid:18514 died
04-23 22:53:14.595: I/HwSystemManager(3669): HoldService:oldVersionKey:1000,18514
04-23 22:53:14.595: I/HwSystemManager(3669): BgPowerManagerService:onProcessDied uid = 1000
04-23 22:53:14.595: E/HsmCoreServiceImpl(2958): onTransact in code is: 102
04-23 22:53:14.595: W/MediaProcessHandler(2958): processOp uid 1000 is not concerned!
04-23 22:53:14.605: I/Finsky(15520): [263] bit.a(11): Received content filters request from com.google.android.play.games
04-23 22:53:14.625: I/art(15282): Explicit concurrent mark sweep GC freed 38741(2MB) AllocSpace objects, 12(240KB) LOS objects, 32% free, 33MB/49MB, paused 2.326ms total 249.589ms
04-23 22:53:14.695: I/Finsky:instant_app_inst(19753): [1] ecg.bj(7): Process created at version: 18.9.11-all [0] [PR] 295870256
04-23 22:53:14.745: I/art(9488): Explicit concurrent mark sweep GC freed 2771(112KB) AllocSpace objects, 0(0B) LOS objects, 40% free, 13MB/23MB, paused 845us total 63.063ms
04-23 22:53:14.775: I/ActivityManager(2958): filter receiver for action = com.google.android.gms.gcm.ACTION_SCHEDULE
04-23 22:53:14.775: I/PG Utils(15282): acquire_providerpkg:[com.google.android.gsf] pid:[] maybe timeout , send to PG
04-23 22:53:14.785: I/MobileDataHub(15282): Scheduling periodic tasks
04-23 22:53:14.835: I/PG Utils(15282): acquire_providerpkg:[com.google.android.gsf] pid:[] maybe timeout , send to PG
04-23 22:53:14.845: I/PG Utils(15282): acquire_providerpkg:[com.google.android.gsf] pid:[] maybe timeout , send to PG
04-23 22:53:14.845: I/PG Utils(15282): acquire_providerpkg:[com.google.android.gsf] pid:[] maybe timeout , send to PG
04-23 22:53:14.855: I/Finsky(15520): [308] ttj.a(7): SCH: Jobs in database: 1-1337 10-1 10-2 10-3 10-4 10-6 10-7 10-8 10-9 10-10 10-11 10-12 10-14 10-15 10-16 10-18 10-20 10-22 10-24 10-25 10-26 10-27 10-28 10-29 10-30 10-31 10-33 10-35 10-37 10-39 10-40 10-41 10-42 10-44 10-47 10-48 10-49 10-50 10-54 10-55 10-57 10-59 10-60 10-61 10-66 10-69 10-73 10-76 10-77 24-77777777 26-1414141414
04-23 22:53:14.855: I/art(15209): Explicit concurrent mark sweep GC freed 51811(2MB) AllocSpace objects, 8(232KB) LOS objects, 32% free, 32MB/48MB, paused 2.708ms total 272.506ms
04-23 22:53:14.855: I/PG Utils(15209): acquire_providerpkg:[com.google.android.gsf] pid:[] maybe timeout , send to PG
04-23 22:53:14.855: I/PG Utils(15209): acquire_providerpkg:[com.google.android.gsf] pid:[] maybe timeout , send to PG
04-23 22:53:14.855: I/PG Utils(15282): acquire_providerpkg:[com.google.android.gsf] pid:[] maybe timeout , send to PG
04-23 22:53:14.865: I/PG Utils(15282): acquire_providerpkg:[com.google.android.gsf] pid:[] maybe timeout , send to PG
04-23 22:53:14.875: W/ChimeraUtils(15209): Non Chimera context
04-23 22:53:14.885: I/ActivityManager(2958): filter receiver for action = com.google.android.gms.phenotype.UPDATE
04-23 22:53:14.895: I/PG Utils(15282): acquire_providerpkg:[com.google.android.gsf] pid:[] maybe timeout , send to PG
04-23 22:53:14.905: I/System(15209): core_booster, getBoosterConfig = false
04-23 22:53:14.905: I/Finsky(15520): [1] tqw.a(20): SCH: Running job: 10-1
04-23 22:53:14.905: I/PG Utils(15282): acquire_providerpkg:[com.google.android.gsf] pid:[] maybe timeout , send to PG
04-23 22:53:14.925: I/PG Utils(19753): acquire_providerpkg:[com.google.android.gsf] pid:[] maybe timeout , send to PG
04-23 22:53:14.935: I/ActivityManager(2958): filter receiver for action = com.google.android.gms.phenotype.UPDATE
04-23 22:53:14.935: I/System(15209): core_booster, getBoosterConfig = false
04-23 22:53:14.945: I/System(15209): core_booster, getBoosterConfig = false
04-23 22:53:14.945: W/Conscrypt(15209): Could not set socket write timeout: java.net.SocketException: Socket closed
04-23 22:53:14.945: I/Finsky(15520): [1] tqw.a(20): SCH: Running job: 10-2
04-23 22:53:14.945: I/Finsky(15520): [1] tqw.a(20): SCH: Running job: 10-3
04-23 22:53:14.945: I/Finsky(15520): [317] imw.b(1): Fetching GL extensions.
04-23 22:53:14.955: E/art(15209): invalid stream - problem with parameter iterator in /data/app/com.google.android.gms-1/base.apk for method void com.google.android.gms.org.conscrypt.ConscryptFileDescriptorSocket.setSoWriteTimeout(int)
04-23 22:53:14.955: W/Conscrypt(15209): at com.google.android.gms.org.conscrypt.Platform.setSocketWriteTimeout(:com.google.android.gms@200914010@20.09.14 (020400-300565878):2)
04-23 22:53:14.955: W/Conscrypt(15209): at com.google.android.gms.org.conscrypt.ConscryptFileDescriptorSocket.setSoWriteTimeout(:com.google.android.gms@200914010@20.09.14 (020400-300565878))
04-23 22:53:14.975: I/Finsky(15520): [1] tsg.a(16): SCH: jobFinished: 10-3. TimeElapsed: 11ms.
04-23 22:53:14.975: I/Finsky(15520): [1] tqw.a(20): SCH: Running job: 10-4
04-23 22:53:14.975: I/ActivityManager(2958): filter receiver for action = com.google.android.gms.gcm.ACTION_SCHEDULE
04-23 22:53:14.975: I/Finsky(15520): [1] tqv.handleMessage(63): SCH: RunningQueue size: 4, PendingQueue size: 44
04-23 22:53:14.975: I/MdiSyncModule(15282): flag handling is skipping irrelevant intent.
04-23 22:53:14.975: I/Finsky(15520): [1] tqv.handleMessage(66): SCH: Running queue: 10-1 10-2 10-3 10-4
04-23 22:53:14.975: I/Finsky(15520): [1] tqw.a(37): SCH: Job 10-3 finished. Not rescheduling.
04-23 22:53:14.985: I/Finsky(15520): [1] tqw.a(20): SCH: Running job: 10-6
04-23 22:53:15.005: I/ActivityManager(2958): filter receiver for action = com.google.android.gms.phenotype.UPDATE
04-23 22:53:15.025: I/MS_RegisterService(15282): Tachyon host: instantmessaging-pa.googleapis.com, Tachyon port: 443
04-23 22:53:15.045: I/art(19753): Can not find class: Lcom/google/protobuf/DescriptorMessageInfoFactory;
04-23 22:53:15.045: I/art(19753): Can not find class: Lcom/google/protobuf/GeneratedMessage;
04-23 22:53:15.045: I/art(19753): Can not find class: Lcom/google/protobuf/UnknownFieldSetSchema;
04-23 22:53:15.045: I/art(19753): Can not find class: Lcom/google/protobuf/UnknownFieldSetSchema;
04-23 22:53:15.055: I/art(19753): Can not find class: Lcom/google/protobuf/NewInstanceSchemaFull;
04-23 22:53:15.055: I/art(19753): Can not find class: Lcom/google/protobuf/ExtensionSchemaFull;
04-23 22:53:15.065: I/art(19753): Can not find class: Lcom/google/protobuf/MapFieldSchemaFull;
04-23 22:53:15.065: I/art(19753): Can not find class: Lorg/robolectric/Robolectric;
04-23 22:53:15.075: I/art(9488): Explicit concurrent mark sweep GC freed 3070(121KB) AllocSpace objects, 0(0B) LOS objects, 39% free, 13MB/23MB, paused 2.376ms total 69.784ms
04-23 22:53:15.105: I/MS_Utils(15282): version of com.google.android.apps.maps = 914018223
04-23 22:53:15.115: I/ActivityManager(2958): filter receiver for action = com.google.android.gms.phenotype.UPDATE
04-23 22:53:15.115: I/MS_RegisterService(15282): RegisterService intent:Intent { act=com.google.android.gms.matchstick.register_intent_action cat=[targeted_intent_op_prefix:com.google.android.libraries.matchstick.net.SilentRegisterIntentOperation] cmp=com.google.android.gms/.chimera.GmsIntentOperationService } isPeriodic:false
04-23 22:53:15.125: I/ActivityManager(2958): filter receiver for action = com.google.android.gms.phenotype.UPDATE
04-23 22:53:15.185: I/ActivityManager(2958): filter receiver for action = com.google.android.gms.phenotype.UPDATE
04-23 22:53:15.185: I/ActivityManager(2958): filter receiver for action = android.intent.action.DROPBOX_ENTRY_ADDED
04-23 22:53:15.195: I/ActivityManager(2958): filter receiver for action = com.google.android.gms.phenotype.UPDATE
04-23 22:53:15.205: I/SystemUpdate(15282): [Installation,ReceiverIntentOperation] Received intent: Intent { act=com.google.gservices.intent.action.GSERVICES_CHANGED flg=0x10 cmp=com.google.android.gms/.chimera.GmsIntentOperationService$PersistentInternalReceiver }.
04-23 22:53:15.205: I/PG Utils(15209): acquire_providerpkg:[com.google.android.gsf] pid:[] maybe timeout , send to PG
04-23 22:53:15.205: I/PG Utils(15209): acquire_providerpkg:[com.google.android.gsf] pid:[] maybe timeout , send to PG
04-23 22:53:15.215: I/art(19753): Can not find class: Landroid/app/job/JobServiceEngine;
04-23 22:53:15.215: I/art(19753): Rejecting re-init on previously-failed class java.lang.Class
04-23 22:53:15.215: I/art(19753): Can not find class: Lhg;
04-23 22:53:15.215: I/art(19753): Rejecting re-init on previously-failed class java.lang.Class
04-23 22:53:15.215: I/art(19753): Rejecting re-init on previously-failed class java.lang.Class
04-23 22:53:15.215: I/art(19753): Rejecting re-init on previously-failed class java.lang.Class
04-23 22:53:15.215: I/art(19753): Rejecting re-init on previously-failed class java.lang.Class
04-23 22:53:15.225: W/Conscrypt(15209): Could not set socket write timeout: java.net.SocketException: Socket closed
04-23 22:53:15.225: E/art(15209): invalid stream - problem with parameter iterator in /data/app/com.google.android.gms-1/base.apk for method void com.google.android.gms.org.conscrypt.ConscryptFileDescriptorSocket.setSoWriteTimeout(int)
04-23 22:53:15.235: W/Conscrypt(15209): at com.google.android.gms.org.conscrypt.Platform.setSocketWriteTimeout(:com.google.android.gms@200914010@20.09.14 (020400-300565878):2)
04-23 22:53:15.235: W/Conscrypt(15209): at com.google.android.gms.org.conscrypt.ConscryptFileDescriptorSocket.setSoWriteTimeout(:com.google.android.gms@200914010@20.09.14 (020400-300565878))
04-23 22:53:15.255: I/ActivityManager(2958): filter receiver for action = com.google.android.gms.phenotype.UPDATE
04-23 22:53:15.265: I/Finsky(15520): [1] tqv.handleMessage(63): SCH: RunningQueue size: 4, PendingQueue size: 43
04-23 22:53:15.265: I/Finsky(15520): [1] tqv.handleMessage(66): SCH: Running queue: 10-1 10-2 10-4 10-6
04-23 22:53:15.275: I/PG Utils(15520): acquire_providerpkg:[com.google.android.gsf] pid:[] maybe timeout , send to PG
04-23 22:53:15.295: I/art(19753): Rejecting re-init on previously-failed class java.lang.Class
04-23 22:53:15.295: I/art(19753): Rejecting re-init on previously-failed class java.lang.Class
04-23 22:53:15.295: I/art(19753): Rejecting re-init on previously-failed class java.lang.Class
04-23 22:53:15.295: I/art(19753): Can not find class: Landroid/app/job/JobWorkItem;
04-23 22:53:15.315: I/art(15282): Explicit concurrent mark sweep GC freed 19258(1083KB) AllocSpace objects, 14(280KB) LOS objects, 32% free, 33MB/49MB, paused 7.175ms total 264.793ms
04-23 22:53:15.335: I/Finsky(15520): [318] tsg.a(16): SCH: jobFinished: 10-4. TimeElapsed: 364ms.
04-23 22:53:15.335: I/Finsky(15520): [1] tqw.a(37): SCH: Job 10-4 finished. Not rescheduling.
04-23 22:53:15.335: I/Finsky(15520): [317] imw.b(4): GL extensions fetched successfully.
04-23 22:53:15.335: I/Finsky(15520): [1] tqw.a(20): SCH: Running job: 10-7
04-23 22:53:15.335: I/Finsky(15520): [317] iml.a(19): Token already exists - returning!
04-23 22:53:15.335: I/Finsky(15520): [317] inf.a(1): Device configuration updated successfully.
04-23 22:53:15.335: I/Finsky(15520): [317] tsg.a(16): SCH: jobFinished: 10-2. TimeElapsed: 393ms.
04-23 22:53:15.335: I/Finsky(15520): [1] tsg.a(16): SCH: jobFinished: 10-7. TimeElapsed: 2ms.
04-23 22:53:15.335: I/Finsky(15520): [1] tqv.handleMessage(63): SCH: RunningQueue size: 4, PendingQueue size: 42
04-23 22:53:15.345: I/Finsky(15520): [1] tqv.handleMessage(66): SCH: Running queue: 10-1 10-2 10-6 10-7
04-23 22:53:15.345: I/Finsky(15520): [1] tqw.a(37): SCH: Job 10-2 finished. Not rescheduling.
04-23 22:53:15.345: I/Finsky(15520): [1] tqw.a(37): SCH: Job 10-7 finished. Not rescheduling.
04-23 22:53:15.345: I/Finsky(15520): [1] tqw.a(20): SCH: Running job: 10-8
04-23 22:53:15.345: I/Finsky(15520): [1] tqw.a(20): SCH: Running job: 10-9
04-23 22:53:15.345: I/ActivityManager(2958): filter receiver for action = com.google.android.gms.phenotype.UPDATE
04-23 22:53:15.355: I/Finsky(15520): [1] tqv.handleMessage(63): SCH: RunningQueue size: 4, PendingQueue size: 40
04-23 22:53:15.355: I/Finsky(15520): [1] tqv.handleMessage(66): SCH: Running queue: 10-1 10-6 10-8 10-9
04-23 22:53:15.355: I/Finsky(15520): [1] tqv.handleMessage(53): Running maximum number of jobs: 4
04-23 22:53:15.355: E/art(15209): invalid stream - problem with parameter iterator in /data/data/com.google.android.gms/code_cache/secondary-dexes/base.apk.classes2.zip for method void fca.c(java.lang.String, java.lang.String, java.lang.Object[])
04-23 22:53:15.365: W/NetRec(15209): [1014] ConfigChangedIntentOperation.onHandleIntent: Device does not support scoring, exiting
04-23 22:53:15.365: I/Auth(15209): [AuthManaged,PasswordComplexityHelperImpl] Updating password complexity components state.
04-23 22:53:15.365: I/Auth(15209): [AuthManaged,PasswordComplexityHelperImpl] Disabling com.google.android.gms.auth.managed.admin.DeviceAdminReceiver
04-23 22:53:15.365: I/Finsky(15520): [320] tsg.a(16): SCH: jobFinished: 10-9. TimeElapsed: 20ms.
04-23 22:53:15.365: I/Finsky(15520): [1] tqw.a(37): SCH: Job 10-9 finished. Not rescheduling.
04-23 22:53:15.365: I/Auth(15209): [AuthManaged,PasswordComplexityHelperImpl] Disabling com.google.android.gms.auth.managed.ui.SetNewPasswordActivity
04-23 22:53:15.405: I/ActivityManager(2958): filter receiver for action = com.google.android.gms.phenotype.UPDATE
04-23 22:53:15.405: I/art(15282): Can not find class: Lcom/google/android/gms/dynamite/descriptors/providerinstaller/ModuleDescriptor;
04-23 22:53:15.415: W/DynamiteModule(15282): Local module descriptor class for providerinstaller not found.
04-23 22:53:15.415: W/ProviderHelper(15282): Unknown dynamite feature providerinstaller
04-23 22:53:15.415: I/DynamiteModule(15282): Considering local module providerinstaller:0 and remote module providerinstaller:0
04-23 22:53:15.415: W/ProviderInstaller(15282): Failed to load providerinstaller module: No acceptable module found. Local version is 0 and remote version is 0.
04-23 22:53:15.415: I/Finsky(15520): [1] tqw.a(20): SCH: Running job: 10-10
04-23 22:53:15.415: I/Finsky(15520): [1] tqv.handleMessage(63): SCH: RunningQueue size: 4, PendingQueue size: 39
04-23 22:53:15.415: I/Finsky(15520): [1] tqv.handleMessage(66): SCH: Running queue: 10-1 10-6 10-8 10-10
04-23 22:53:15.425: I/art(19753): Can not find class: Landroid/app/NotificationChannel;
04-23 22:53:15.435: I/ActivityManager(2958): filter receiver for action = com.google.android.gms.gcm.ACTION_SCHEDULE
04-23 22:53:15.445: I/ActivityManager(2958): filter receiver for action = com.google.android.gms.phenotype.UPDATE
04-23 22:53:15.445: I/Finsky(15520): [243] aalb.a(108): Verifying installed packages
04-23 22:53:15.455: W/ChimeraUtils(15209): Non Chimera context
04-23 22:53:15.465: I/art(19838): Can not find class: Ladvf;
04-23 22:53:15.475: I/art(19838): Can not find class: Ladvf;
04-23 22:53:15.475: I/art(19838): Can not find class: Ladvv;
04-23 22:53:15.475: I/ActivityManager(2958): filter receiver for action = com.google.android.gms.gcm.ACTION_SCHEDULE
04-23 22:53:15.485: I/amym(15209): updateFromConfigurations using legacy put method [CONTEXT service_id=204 ]
04-23 22:53:15.515: I/ActivityManager(2958): filter receiver for action = com.google.android.gms.phenotype.UPDATE
04-23 22:53:15.525: I/Finsky(15520): [243] tsg.a(16): SCH: jobFinished: 10-10. TimeElapsed: 110ms.
04-23 22:53:15.525: I/Finsky(15520): [1] tqw.a(37): SCH: Job 10-10 finished. Not rescheduling.
04-23 22:53:15.525: W/ChimeraUtils(15282): Non Chimera context
04-23 22:53:15.535: W/ChimeraUtils(15282): Non Chimera context
04-23 22:53:15.535: I/Finsky(15520): [1] tqw.a(20): SCH: Running job: 10-11
04-23 22:53:15.545: I/Finsky(15520): [1] tqv.handleMessage(63): SCH: RunningQueue size: 4, PendingQueue size: 38
04-23 22:53:15.545: I/Finsky(15520): [318] SplitInstallCleanerHygieneJob.a(4): Running split install cleaner
04-23 22:53:15.545: I/Finsky(15520): [1] tqv.handleMessage(66): SCH: Running queue: 10-1 10-6 10-8 10-11
04-23 22:53:15.545: I/Auth(15209): [AccountStatusChecker] OnDataChanged check:
04-23 22:53:15.555: I/Finsky(15520): [318] SplitInstallCleanerHygieneJob.a(20): Removed 0 obsolete sessions.
04-23 22:53:15.555: I/Finsky(15520): [318] SplitInstallCleanerHygieneJob.a(25): Removed 0 corrupted downloaded sessions.
04-23 22:53:15.555: W/aujo(15209): Empty content. Thus might mean that the settings are not synced down.
04-23 22:53:15.565: I/Auth(15209): [AccountStatusChecker] Canceling for
04-23 22:53:15.565: I/Finsky(15520): [318] SplitInstallCleanerHygieneJob.a(38): Finished completion of 0 out of 0 sessions. Successful: 0. Failed: 0.
04-23 22:53:15.565: I/PG Utils(19838): acquire_providerpkg:[com.google.android.gsf] pid:[] maybe timeout , send to PG
04-23 22:53:15.585: I/Finsky(15520): [318] tsg.a(16): SCH: jobFinished: 10-11. TimeElapsed: 57ms.
04-23 22:53:15.585: I/Finsky(15520): [1] tqw.a(37): SCH: Job 10-11 finished. Not rescheduling.
04-23 22:53:15.595: I/Finsky(15520): [1] tqw.a(20): SCH: Running job: 10-12
04-23 22:53:15.595: I/Finsky(15520): [1] tqv.handleMessage(63): SCH: RunningQueue size: 4, PendingQueue size: 37
04-23 22:53:15.595: I/Finsky(15520): [1] tqv.handleMessage(66): SCH: Running queue: 10-1 10-6 10-8 10-12
04-23 22:53:15.595: I/Finsky(15520): [317] krf.a(3): Flushing event logs for [B6ClSTtIOx6DQnFl_vyaa9gPns7Fh3cyz1FelTkoEUE]
04-23 22:53:15.595: E/art(15209): invalid stream - problem with parameter iterator in /data/data/com.google.android.gms/code_cache/secondary-dexes/base.apk.classes2.zip for method void fca.c(java.lang.String, java.lang.String, java.lang.Object[])
04-23 22:53:15.595: W/NetRec(15209): [1022] ConfigChangedIntentOperation.onHandleIntent: Device does not support scoring, exiting
04-23 22:53:15.605: I/PlayCommon(15520): [281] akrb.c(29): Preparing logs for uploading
04-23 22:53:15.605: I/PlayCommon(15520): [257] akrb.c(29): Preparing logs for uploading
04-23 22:53:15.605: I/Auth(15209): [AuthManaged,PasswordComplexityHelperImpl] Updating password complexity components state.
04-23 22:53:15.605: I/Auth(15209): [AuthManaged,PasswordComplexityHelperImpl] Disabling com.google.android.gms.auth.managed.admin.DeviceAdminReceiver
04-23 22:53:15.605: I/Auth(15209): [AuthManaged,PasswordComplexityHelperImpl] Disabling com.google.android.gms.auth.managed.ui.SetNewPasswordActivity
04-23 22:53:15.615: I/ActivityManager(2958): filter receiver for action = com.google.android.gms.phenotype.UPDATE
04-23 22:53:15.625: I/PlayCommon(15520): [281] akrb.c(137): Connecting to server for timestamp: https://play.googleapis.com/play/log/timestamp
