04-23 22:53:08.575: W/ProxyAndroidLoggerBackend(15520): Too many Flogger logs received before configuration. Dropping old logs.
04-23 22:53:08.575: W/ProxyAndroidLoggerBackend(15520): Too many Flogger logs received before configuration. Dropping old logs.
04-23 22:53:08.575: W/ProxyAndroidLoggerBackend(15520): Too many Flogger logs received before configuration. Dropping old logs.
04-23 22:53:08.575: W/ProxyAndroidLoggerBackend(15520): Too many Flogger logs received before configuration. Dropping old logs.
04-23 22:53:08.575: W/ProxyAndroidLoggerBackend(15520): Too many Flogger logs received before configuration. Dropping old logs.
04-23 22:53:08.575: W/ProxyAndroidLoggerBackend(15520): Too many Flogger logs received before configuration. Dropping old logs.
04-23 22:53:08.575: W/ProxyAndroidLoggerBackend(15520): Too many Flogger logs received before configuration. Dropping old logs.
04-23 22:53:08.575: W/ProxyAndroidLoggerBackend(15520): Too many Flogger logs received before configuration. Dropping old logs.
04-23 22:53:08.575: W/ProxyAndroidLoggerBackend(15520): Too many Flogger logs received before configuration. Dropping old logs.
04-23 22:53:08.575: W/ProxyAndroidLoggerBackend(15520): Too many Flogger logs received before configuration. Dropping old logs.
04-23 22:53:08.575: W/ProxyAndroidLoggerBackend(15520): Too many Flogger logs received before configuration. Dropping old logs.
04-23 22:53:08.575: W/ProxyAndroidLoggerBackend(15520): Too many Flogger logs received before configuration. Dropping old logs.
04-23 22:53:08.575: W/ProxyAndroidLoggerBackend(15520): Too many Flogger logs received before configuration. Dropping old logs.
04-23 22:53:08.575: W/ProxyAndroidLoggerBackend(15520): Too many Flogger logs received before configuration. Dropping old logs.
04-23 22:53:08.575: W/ProxyAndroidLoggerBackend(15520): Too many Flogger logs received before configuration. Dropping old logs.
04-23 22:53:08.575: W/ProxyAndroidLoggerBackend(15520): Too many Flogger logs received before configuration. Dropping old logs.
04-23 22:53:08.575: W/ProxyAndroidLoggerBackend(15520): Too many Flogger logs received before configuration. Dropping old logs.
04-23 22:53:08.575: W/ProxyAndroidLoggerBackend(15520): Too many Flogger logs received before configuration. Dropping old logs.
04-23 22:53:08.575: W/ProxyAndroidLoggerBackend(15520): Too many Flogger logs received before configuration. Dropping old logs.
04-23 22:53:08.575: W/ProxyAndroidLoggerBackend(15520): Too many Flogger logs received before configuration. Dropping old logs.
04-23 22:53:08.575: W/ProxyAndroidLoggerBackend(15520): Too many Flogger logs received before configuration. Dropping old logs.
04-23 22:53:08.575: W/ProxyAndroidLoggerBackend(15520): Too many Flogger logs received before configuration. Dropping old logs.
04-23 22:53:08.575: W/ProxyAndroidLoggerBackend(15520): Too many Flogger logs received before configuration. Dropping old logs.
04-23 22:53:08.575: W/ProxyAndroidLoggerBackend(15520): Too many Flogger logs received before configuration. Dropping old logs.
04-23 22:53:08.575: W/ProxyAndroidLoggerBackend(15520): Too many Flogger logs received before configuration. Dropping old logs.
04-23 22:53:08.575: W/ProxyAndroidLoggerBackend(15520): Too many Flogger logs received before configuration. Dropping old logs.
04-23 22:53:08.575: W/ProxyAndroidLoggerBackend(15520): Too many Flogger logs received before configuration. Dropping old logs.
04-23 22:53:08.575: W/ProxyAndroidLoggerBackend(15520): Too many Flogger logs received before configuration. Dropping old logs.
04-23 22:53:08.575: W/ProxyAndroidLoggerBackend(15520): Too many Flogger logs received before configuration. Dropping old logs.
04-23 22:53:08.575: W/ProxyAndroidLoggerBackend(15520): Too many Flogger logs received before configuration. Dropping old logs.
04-23 22:53:08.575: W/ProxyAndroidLoggerBackend(15520): Too many Flogger logs received before configuration. Dropping old logs.
04-23 22:53:08.575: W/ProxyAndroidLoggerBackend(15520): Too many Flogger logs received before configuration. Dropping old logs.
04-23 22:53:08.575: W/ProxyAndroidLoggerBackend(15520): Too many Flogger logs received before configuration. Dropping old logs.
04-23 22:53:08.575: W/ProxyAndroidLoggerBackend(15520): Too many Flogger logs received before configuration. Dropping old logs.
04-23 22:53:08.575: W/ProxyAndroidLoggerBackend(15520): Too many Flogger logs received before configuration. Dropping old logs.
04-23 22:53:08.575: W/ProxyAndroidLoggerBackend(15520): Too many Flogger logs received before configuration. Dropping old logs.
04-23 22:53:08.575: W/ProxyAndroidLoggerBackend(15520): Too many Flogger logs received before configuration. Dropping old logs.
04-23 22:53:08.575: W/ProxyAndroidLoggerBackend(15520): Too many Flogger logs received before configuration. Dropping old logs.
04-23 22:53:08.575: W/ProxyAndroidLoggerBackend(15520): Too many Flogger logs received before configuration. Dropping old logs.
04-23 22:53:08.575: W/ProxyAndroidLoggerBackend(15520): Too many Flogger logs received before configuration. Dropping old logs.
04-23 22:53:08.575: W/ProxyAndroidLoggerBackend(15520): Too many Flogger logs received before configuration. Dropping old logs.
04-23 22:53:08.585: W/ProxyAndroidLoggerBackend(15520): Too many Flogger logs received before configuration. Dropping old logs.
04-23 22:53:08.585: W/ProxyAndroidLoggerBackend(15520): Too many Flogger logs received before configuration. Dropping old logs.
04-23 22:53:08.585: W/ProxyAndroidLoggerBackend(15520): Too many Flogger logs received before configuration. Dropping old logs.
04-23 22:53:08.585: W/ProxyAndroidLoggerBackend(15520): Too many Flogger logs received before configuration. Dropping old logs.
04-23 22:53:08.585: W/ProxyAndroidLoggerBackend(15520): Too many Flogger logs received before configuration. Dropping old logs.
04-23 22:53:08.585: W/ProxyAndroidLoggerBackend(15520): Too many Flogger logs received before configuration. Dropping old logs.
04-23 22:53:08.585: W/ProxyAndroidLoggerBackend(15520): Too many Flogger logs received before configuration. Dropping old logs.
04-23 22:53:08.585: W/ProxyAndroidLoggerBackend(15520): Too many Flogger logs received before configuration. Dropping old logs.
04-23 22:53:08.585: W/ProxyAndroidLoggerBackend(15520): Too many Flogger logs received before configuration. Dropping old logs.
04-23 22:53:08.585: W/ProxyAndroidLoggerBackend(15520): Too many Flogger logs received before configuration. Dropping old logs.
04-23 22:53:08.585: W/ProxyAndroidLoggerBackend(15520): Too many Flogger logs received before configuration. Dropping old logs.
04-23 22:53:08.585: W/ProxyAndroidLoggerBackend(15520): Too many Flogger logs received before configuration. Dropping old logs.
04-23 22:53:08.585: W/ProxyAndroidLoggerBackend(15520): Too many Flogger logs received before configuration. Dropping old logs.
04-23 22:53:08.585: W/ProxyAndroidLoggerBackend(15520): Too many Flogger logs received before configuration. Dropping old logs.
04-23 22:53:08.585: W/ProxyAndroidLoggerBackend(15520): Too many Flogger logs received before configuration. Dropping old logs.
04-23 22:53:08.585: W/ProxyAndroidLoggerBackend(15520): Too many Flogger logs received before configuration. Dropping old logs.
04-23 22:53:08.585: W/ProxyAndroidLoggerBackend(15520): Too many Flogger logs received before configuration. Dropping old logs.
04-23 22:53:08.585: W/ProxyAndroidLoggerBackend(15520): Too many Flogger logs received before configuration. Dropping old logs.
04-23 22:53:08.585: W/ProxyAndroidLoggerBackend(15520): Too many Flogger logs received before configuration. Dropping old logs.
04-23 22:53:08.585: W/ProxyAndroidLoggerBackend(15520): Too many Flogger logs received before configuration. Dropping old logs.
04-23 22:53:08.585: W/ProxyAndroidLoggerBackend(15520): Too many Flogger logs received before configuration. Dropping old logs.
04-23 22:53:08.585: W/ProxyAndroidLoggerBackend(15520): Too many Flogger logs received before configuration. Dropping old logs.
04-23 22:53:08.585: W/ProxyAndroidLoggerBackend(15520): Too many Flogger logs received before configuration. Dropping old logs.
04-23 22:53:08.585: W/ProxyAndroidLoggerBackend(15520): Too many Flogger logs received before configuration. Dropping old logs.
04-23 22:53:08.585: W/ProxyAndroidLoggerBackend(15520): Too many Flogger logs received before configuration. Dropping old logs.
04-23 22:53:08.585: W/ProxyAndroidLoggerBackend(15520): Too many Flogger logs received before configuration. Dropping old logs.
04-23 22:53:08.585: W/ProxyAndroidLoggerBackend(15520): Too many Flogger logs received before configuration. Dropping old logs.
04-23 22:53:08.585: W/ProxyAndroidLoggerBackend(15520): Too many Flogger logs received before configuration. Dropping old logs.
04-23 22:53:08.585: W/ProxyAndroidLoggerBackend(15520): Too many Flogger logs received before configuration. Dropping old logs.
04-23 22:53:08.585: W/ProxyAndroidLoggerBackend(15520): Too many Flogger logs received before configuration. Dropping old logs.
04-23 22:53:08.585: W/ProxyAndroidLoggerBackend(15520): Too many Flogger logs received before configuration. Dropping old logs.
04-23 22:53:08.585: W/ProxyAndroidLoggerBackend(15520): Too many Flogger logs received before configuration. Dropping old logs.
04-23 22:53:08.585: W/ProxyAndroidLoggerBackend(15520): Too many Flogger logs received before configuration. Dropping old logs.
04-23 22:53:08.585: W/ProxyAndroidLoggerBackend(15520): Too many Flogger logs received before configuration. Dropping old logs.
04-23 22:53:08.585: W/ProxyAndroidLoggerBackend(15520): Too many Flogger logs received before configuration. Dropping old logs.
04-23 22:53:08.585: W/ProxyAndroidLoggerBackend(15520): Too many Flogger logs received before configuration. Dropping old logs.
04-23 22:53:08.585: W/ProxyAndroidLoggerBackend(15520): Too many Flogger logs received before configuration. Dropping old logs.
04-23 22:53:08.585: W/ProxyAndroidLoggerBackend(15520): Too many Flogger logs received before configuration. Dropping old logs.
04-23 22:53:08.585: W/ProxyAndroidLoggerBackend(15520): Too many Flogger logs received before configuration. Dropping old logs.
04-23 22:53:08.585: W/ProxyAndroidLoggerBackend(15520): Too many Flogger logs received before configuration. Dropping old logs.
04-23 22:53:08.585: W/ProxyAndroidLoggerBackend(15520): Too many Flogger logs received before configuration. Dropping old logs.
04-23 22:53:08.585: W/ProxyAndroidLoggerBackend(15520): Too many Flogger logs received before configuration. Dropping old logs.
04-23 22:53:08.585: W/ProxyAndroidLoggerBackend(15520): Too many Flogger logs received before configuration. Dropping old logs.
04-23 22:53:08.585: W/ProxyAndroidLoggerBackend(15520): Too many Flogger logs received before configuration. Dropping old logs.
04-23 22:53:08.585: W/ProxyAndroidLoggerBackend(15520): Too many Flogger logs received before configuration. Dropping old logs.
04-23 22:53:08.585: W/ProxyAndroidLoggerBackend(15520): Too many Flogger logs received before configuration. Dropping old logs.
04-23 22:53:08.585: W/ProxyAndroidLoggerBackend(15520): Too many Flogger logs received before configuration. Dropping old logs.
04-23 22:53:08.585: W/ProxyAndroidLoggerBackend(15520): Too many Flogger logs received before configuration. Dropping old logs.
04-23 22:53:08.585: W/ProxyAndroidLoggerBackend(15520): Too many Flogger logs received before configuration. Dropping old logs.
04-23 22:53:08.585: W/ProxyAndroidLoggerBackend(15520): Too many Flogger logs received before configuration. Dropping old logs.
04-23 22:53:08.585: W/ProxyAndroidLoggerBackend(15520): Too many Flogger logs received before configuration. Dropping old logs.
04-23 22:53:08.585: W/ProxyAndroidLoggerBackend(15520): Too many Flogger logs received before configuration. Dropping old logs.
04-23 22:53:08.585: W/ProxyAndroidLoggerBackend(15520): Too many Flogger logs received before configuration. Dropping old logs.
04-23 22:53:08.585: W/ProxyAndroidLoggerBackend(15520): Too many Flogger logs received before configuration. Dropping old logs.
04-23 22:53:08.585: W/ProxyAndroidLoggerBackend(15520): Too many Flogger logs received before configuration. Dropping old logs.
04-23 22:53:08.585: W/ProxyAndroidLoggerBackend(15520): Too many Flogger logs received before configuration. Dropping old logs.
04-23 22:53:08.585: W/ProxyAndroidLoggerBackend(15520): Too many Flogger logs received before configuration. Dropping old logs.
04-23 22:53:08.585: W/ProxyAndroidLoggerBackend(15520): Too many Flogger logs received before configuration. Dropping old logs.
04-23 22:53:08.585: W/ProxyAndroidLoggerBackend(15520): Too many Flogger logs received before configuration. Dropping old logs.
04-23 22:53:08.595: I/PG Utils(15209): acquire_providerpkg:[com.google.android.gsf] pid:[] maybe timeout , send to PG
04-23 22:53:08.605: I/PG Utils(15282): acquire_providerpkg:[com.google.android.gsf] pid:[] maybe timeout , send to PG
04-23 22:53:08.615: W/ChimeraUtils(15209): Non Chimera context
04-23 22:53:08.625: I/PG Utils(15282): acquire_providerpkg:[com.google.android.gsf] pid:[] maybe timeout , send to PG
04-23 22:53:08.665: W/ProxyAndroidLoggerBackend(15520): Too many Flogger logs received before configuration. Dropping old logs.
04-23 22:53:08.675: W/ChimeraUtils(15209): Non Chimera context
04-23 22:53:08.695: W/ProxyAndroidLoggerBackend(15520): Too many Flogger logs received before configuration. Dropping old logs.
04-23 22:53:08.695: I/Finsky(15520): [229] ljt.a(8): Sending Heterodyne sync request for package com.android.vending
04-23 22:53:08.695: W/ProxyAndroidLoggerBackend(15520): Too many Flogger logs received before configuration. Dropping old logs.
04-23 22:53:08.735: I/HwSystemManager(18373): PermissionDBAdapter:DBAdapter refreshAllCachedData!
04-23 22:53:08.745: I/HwSystemManager(18373): HsmIntentService:task completed for intent:Intent { act=android.intent.action.PACKAGE_ADDED dat=package:androidx.test.tools.crawler flg=0x4000010 cmp=com.huawei.systemmanager/com.huawei.permissionmanager.ui.AppInstallationReceiver (has extras) }, action:android.intent.action.PACKAGE_ADDED
04-23 22:53:08.745: I/HwSystemManager(18373): HsmIntentService:in thread:Thread[HsmIntentServiceTask #4,5,main], current active tasksize:1, queue size:0
04-23 22:53:08.745: I/HwSystemManager(18373): HsmIntentService:last work complete! lets stop service.
04-23 22:53:08.745: W/ProxyAndroidLoggerBackend(15520): Too many Flogger logs received before configuration. Dropping old logs.
04-23 22:53:08.745: I/Finsky(15520): [229] ljt.a(3): Received Heterodyne sync response. StatusCode=200
04-23 22:53:08.745: W/ProxyAndroidLoggerBackend(15520): Too many Flogger logs received before configuration. Dropping old logs.
04-23 22:53:08.755: W/ProxyAndroidLoggerBackend(15520): Too many Flogger logs received before configuration. Dropping old logs.
04-23 22:53:08.755: W/ProxyAndroidLoggerBackend(15520): Too many Flogger logs received before configuration. Dropping old logs.
04-23 22:53:08.755: W/ProxyAndroidLoggerBackend(15520): Too many Flogger logs received before configuration. Dropping old logs.
04-23 22:53:08.755: W/ProxyAndroidLoggerBackend(15520): Too many Flogger logs received before configuration. Dropping old logs.
04-23 22:53:08.775: I/Finsky(15520): [233] ril.c(1): Triggered update for experiment package com.google.android.finsky.regular.
04-23 22:53:08.785: W/ProxyAndroidLoggerBackend(15520): Too many Flogger logs received before configuration. Dropping old logs.
04-23 22:53:08.795: I/HwSystemManager(18373): HsmIntentService:destroyed. this:com.huawei.systemmanager.util.content.HsmIntentService_ui@8d85adc
04-23 22:53:08.815: I/art(2958): Explicit concurrent mark sweep GC freed 35070(1835KB) AllocSpace objects, 11(428KB) LOS objects, 33% free, 29MB/43MB, paused 2.214ms total 256.318ms
04-23 22:53:08.905: W/ProxyAndroidLoggerBackend(15520): Too many Flogger logs received before configuration. Dropping old logs.
04-23 22:53:08.905: W/ProxyAndroidLoggerBackend(15520): Too many Flogger logs received before configuration. Dropping old logs.
04-23 22:53:08.915: I/amwy(15209): Removed 0 invalid users [CONTEXT service_id=51 ]
04-23 22:53:08.915: I/CheckinUtil(15282): Classify the device as Phone.
04-23 22:53:08.935: I/OAM(2639): [check_file_size:402]/data/hwlogdir/wifi_log/wifi_log_1 log file beyond size=10240Byte, creat new file
04-23 22:53:08.935: I/OAM(2639): [rename_old_file:107]rename_old_file
04-23 22:53:08.965: I/Auth(15209): [AccountStatusChecker] OnDataChanged check:
04-23 22:53:08.975: I/Auth(15209): [AccountStatusChecker] Canceling for
04-23 22:53:09.065: I/PG Utils(15209): acquire_providerpkg:[com.google.android.gsf] pid:[] maybe timeout , send to PG
04-23 22:53:09.085: I/HwSystemManager(3669): HoldService:uid:10030 pid:14217 died
04-23 22:53:09.085: I/HwSystemManager(3669): HoldService:oldVersionKey:10030,14217
04-23 22:53:09.085: I/HwSystemManager(3669): BgPowerManagerService:onProcessDied uid = 10030
04-23 22:53:09.085: E/HsmCoreServiceImpl(2958): onTransact in code is: 102
04-23 22:53:09.085: I/MediaProcessHandler(2958): processOp opType: 1, uid: 10030, pid: 14217
04-23 22:53:09.085: W/MediaProcessHandler(2958): remove target not exist, maybe the UI process: uid: 10030, pid: 14217
04-23 22:53:09.085: I/ActivityManager(2958): filter receiver for action = com.google.android.gcm.intent.SEND
04-23 22:53:09.095: W/ProxyAndroidLoggerBackend(15520): Too many Flogger logs received before configuration. Dropping old logs.
04-23 22:53:09.105: I/Finsky(15520): [233] rix.a(5): Regular flags synced
04-23 22:53:09.115: I/Finsky(15520): [233] rig.a(6): Writing flags config, size 1.
04-23 22:53:09.115: I/Finsky(15520): [233] rig.a(6): Started writing experiment flags into file [s-hoFvvPKgU99YrQ01V82ECmJDrM7fIwLr7OXIPU1EQ].
04-23 22:53:09.125: I/Auth(15282): [SupervisedAccountIntentOperation] onHandleIntent(): android.intent.action.PACKAGE_ADDED
04-23 22:53:09.125: I/ChromeSync(15282): [Sync,SyncIntentOperation] Handling the intent: Intent { act=android.intent.action.PACKAGE_ADDED dat=package:androidx.test.tools.crawler flg=0x4000010 cmp=com.google.android.gms/.chimera.GmsIntentOperationService (has extras) }.
04-23 22:53:09.125: W/GCM(15209): Unexpected forwarded intent: Intent { act=android.intent.action.PACKAGE_ADDED dat=package:androidx.test.tools.crawler flg=0x4000010 cmp=com.google.android.gms/.chimera.PersistentIntentOperationService (has extras) }
04-23 22:53:09.125: I/Finsky(15520): [1] qvg.a(21): PackageMonitor - Received: android.intent.action.PACKAGE_ADDED, [OwTLqO6btGsi6Tcv2-TznXK21v3lwAbORH4jydMacKQ]
04-23 22:53:09.125: I/Finsky(15520): [1] qwj.d(11): Invalidating cached PackageState for androidx.test.tools.crawler
04-23 22:53:09.135: W/GCM(15209): Unexpected forwarded intent: Intent { act=android.intent.action.PACKAGE_ADDED dat=package:androidx.test.tools.crawler flg=0x4000010 cmp=com.google.android.gms/.chimera.PersistentIntentOperationService (has extras) }
04-23 22:53:09.145: I/Finsky(15520): [1] abny.a(10): Do not start WearSupportService due to Wear service optimization
04-23 22:53:09.155: I/Finsky(15520): [1] abny.a(10): Do not start WearSupportService due to Wear service optimization
04-23 22:53:09.155: I/Finsky(15520): [1] vef.a(1): Clearing split related stale data.
04-23 22:53:09.155: I/Finsky(15520): [303] epm.a(-1): Asset module storage cleared for package androidx.test.tools.crawler.
04-23 22:53:09.155: I/FontsPackageChangeOp(15282): Package androidx.test.tools.crawler has no metadata
04-23 22:53:09.165: I/Finsky(15520): [1] kzs.c(2): Frosting ID looked up on UI thread. Caller should move to a background thread.
04-23 22:53:09.185: I/Finsky(15520): [307] kzo.run(-1): Wrote row to frosting DB: 161
04-23 22:53:09.185: I/System(15282): core_booster, getBoosterConfig = false
04-23 22:53:09.205: I/PhoneStatusBar(3174): hw_status_bar_operators = true, setSystemUIVisibily(SHOW_OPERATOR = false)
04-23 22:53:09.205: I/Finsky(15520): [233] rig.a(21): Finished writing experiment flags into file [s-hoFvvPKgU99YrQ01V82ECmJDrM7fIwLr7OXIPU1EQ].
04-23 22:53:09.205: I/System(15282): core_booster, getBoosterConfig = false
04-23 22:53:09.205: I/System(15282): core_booster, getBoosterConfig = false
04-23 22:53:09.205: I/Finsky(15520): [233] ril.b(26): Successfully applied new configurations for package com.google.android.finsky.regular.
04-23 22:53:09.205: I/Finsky(15520): [242] ril.c(1): Triggered update for experiment package com.google.android.finsky.stable.
04-23 22:53:09.215: I/Finsky(15520): [233] ric.c(5): Retrieved DSE selection state is true (cache=rid@b3c359e)
04-23 22:53:09.215: W/Conscrypt(15282): Could not set socket write timeout: java.net.SocketException: Socket closed
04-23 22:53:09.215: E/art(15282): invalid stream - problem with parameter iterator in /data/app/com.google.android.gms-1/base.apk for method void com.google.android.gms.org.conscrypt.ConscryptFileDescriptorSocket.setSoWriteTimeout(int)
04-23 22:53:09.215: I/Finsky(15520): [233] rip.a(4): DSE selection state after sync is true (cache=rid@b3c359e)
04-23 22:53:09.225: W/Conscrypt(15282): at com.google.android.gms.org.conscrypt.Platform.setSocketWriteTimeout(:com.google.android.gms@200914010@20.09.14 (020400-300565878):2)
04-23 22:53:09.225: W/Conscrypt(15282): at com.google.android.gms.org.conscrypt.ConscryptFileDescriptorSocket.setSoWriteTimeout(:com.google.android.gms@200914010@20.09.14 (020400-300565878))
04-23 22:53:09.225: I/HwEmailTag(19030): EmailProvider->query->1587707589243;end;;consuming:1ms;
04-23 22:53:09.245: I/HwEmailTag(19030): EmailApplication->handleMessage->startService CleanRecipientAddressService
04-23 22:53:09.245: I/Finsky(15520): [233] iml.a(19): Token already exists - returning!
04-23 22:53:09.245: I/Finsky(15520): [233] uec.a(1): Request device config token was successful in self update.
04-23 22:53:09.245: W/ProxyAndroidLoggerBackend(15520): Too many Flogger logs received before configuration. Dropping old logs.
04-23 22:53:09.255: I/HwEmailTag(19030): Device->updateDeviceIdIfNeeded
04-23 22:53:09.255: I/HwEmailTag(19030): CleanRecipient->onCreate
04-23 22:53:09.255: I/HwEmailTag(19030): Device->updateDeviceIdIfNeeded->doInBackground
04-23 22:53:09.255: I/HwEmailTag(19030): Device->getDeviceId->
04-23 22:53:09.255: I/HwEmailTag(19030): Device->getDeviceIdInternal->isUpdate:false
04-23 22:53:09.255: I/HwEmailTag(19030): CleanRecipient->onStartCommand->action is null
04-23 22:53:09.255: I/HwEmailTag(19030): CleanRecipient->onHandleIntent->action is null
04-23 22:53:09.255: I/HwEmailTag(19030): Device->getDeviceIdInternal->get id from deviceName, return successfully.
04-23 22:53:09.255: I/HwEmailTag(19030): Device->updateDeviceIdIfNeeded->deviceId is consistent id , return directly.
04-23 22:53:09.265: I/HwEmailTag(19030): CleanRecipient->onHandleIntent-> clean RecipientAddress done, nothing changed!!
04-23 22:53:09.265: I/HwEmailTag(19030): CleanRecipient->onDestroy
04-23 22:53:09.285: W/ProxyAndroidLoggerBackend(15520): Too many Flogger logs received before configuration. Dropping old logs.
04-23 22:53:09.285: W/ProxyAndroidLoggerBackend(15520): Too many Flogger logs received before configuration. Dropping old logs.
04-23 22:53:09.295: I/OpenGLRenderer(19123): Initialized EGL, version 1.4
04-23 22:53:09.325: W/ProxyAndroidLoggerBackend(15520): Too many Flogger logs received before configuration. Dropping old logs.
04-23 22:53:09.325: I/ChromeSync(15282): [Persistence,AffiliationManager] One of affiliation or grouping data for android://N50vJU0zrJ8WOzDt6r3GDtfqrkROFOSiqHcmppwn3vxaRC4hFpNn4UsL7XlvjtlfcWuDAQhmck0qjQPwsrpMNg==@androidx.test.tools.crawler/ was not found. Marking affiliation data as stale...
04-23 22:53:09.325: W/ChimeraUtils(15209): Non Chimera context
04-23 22:53:09.335: I/Finsky(15520): [242] rig.a(6): Writing flags config, size 1.
04-23 22:53:09.355: W/aujo(15209): Empty content. Thus might mean that the settings are not synced down.
04-23 22:53:09.375: I/Finsky(15520): [242] rig.a(6): Started writing experiment flags into file [8uKij9Tp4PZyjSvh8NyLyFvuCv94NONrKvkkdzEKIoQ].
04-23 22:53:09.385: I/HwEmailTag(19030): AccountReconciler->reconcileAccountsInternal->consuming:138ms
04-23 22:53:09.425: I/art(2340): Explicit concurrent mark sweep GC freed 706(30KB) AllocSpace objects, 0(0B) LOS objects, 55% free, 12MB/28MB, paused 275us total 52.299ms
04-23 22:53:09.465: I/art(2340): Explicit concurrent mark sweep GC freed 5(160B) AllocSpace objects, 0(0B) LOS objects, 55% free, 12MB/28MB, paused 214us total 40.190ms
04-23 22:53:09.475: W/aujo(15209): Empty content. Thus might mean that the settings are not synced down.
04-23 22:53:09.505: W/SyncManager(2958): SyncManager manageSyncAlarmLocked SET_WAKE_ALARM
04-23 22:53:09.505: I/HwCust(19280): Constructor found for class com.android.emailcommon.provider.HwCustPolicyImpl
04-23 22:53:09.515: I/Finsky(15520): [1] ubc.a(156): Skipping DFE self-update. Local Version [81891100] >= Server Version [-1]
04-23 22:53:09.525: I/art(2340): Explicit concurrent mark sweep GC freed 5(160B) AllocSpace objects, 0(0B) LOS objects, 55% free, 12MB/28MB, paused 919us total 57.718ms
04-23 22:53:09.535: I/Finsky(15520): [242] rig.a(21): Finished writing experiment flags into file [8uKij9Tp4PZyjSvh8NyLyFvuCv94NONrKvkkdzEKIoQ].
04-23 22:53:09.555: I/HwEmailTag(19280): EmailContent->init->consuming:66ms->;-prefixstartupperformance-
04-23 22:53:09.555: I/Finsky(15520): [242] ril.b(26): Successfully applied new configurations for package com.google.android.finsky.stable.
04-23 22:53:09.555: I/Finsky(15520): [242] ric.c(5): Retrieved DSE selection state is true (cache=rid@b3c359e)
04-23 22:53:09.555: I/Finsky(15520): [242] rip.a(4): DSE selection state after sync is true (cache=rid@b3c359e)
04-23 22:53:09.595: I/ActivityManager(2958): filter receiver for action = android.intent.action.DROPBOX_ENTRY_ADDED
04-23 22:53:09.595: I/HwEmailTag(19280): Exchange->onCreate
04-23 22:53:09.595: I/ActivityManager(2958): Displayed net.rpdev.opentodolist/org.qtproject.qt5.android.bindings.QtActivity: +1s948ms
04-23 22:53:09.615: I/PhoneStatusBar(3174): shouldTranslucent:true
04-23 22:53:09.615: I/PhoneStatusBar(3174): hw_status_bar_operators = true, setSystemUIVisibily(SHOW_OPERATOR = false)
04-23 22:53:09.625: W/Conscrypt(15282): Could not set socket write timeout: java.net.SocketException: Socket closed
04-23 22:53:09.625: E/art(15282): invalid stream - problem with parameter iterator in /data/app/com.google.android.gms-1/base.apk for method void com.google.android.gms.org.conscrypt.ConscryptFileDescriptorSocket.setSoWriteTimeout(int)
04-23 22:53:09.625: W/Conscrypt(15282): at com.google.android.gms.org.conscrypt.Platform.setSocketWriteTimeout(:com.google.android.gms@200914010@20.09.14 (020400-300565878):2)
04-23 22:53:09.625: W/Conscrypt(15282): at com.google.android.gms.org.conscrypt.ConscryptFileDescriptorSocket.setSoWriteTimeout(:com.google.android.gms@200914010@20.09.14 (020400-300565878))
04-23 22:53:09.665: I/PG Utils(19280): acquire_providerpkg:[com.android.email] pid:[] maybe timeout , send to PG
04-23 22:53:09.695: I/art(15209): Explicit concurrent mark sweep GC freed 113667(6MB) AllocSpace objects, 13(280KB) LOS objects, 32% free, 32MB/48MB, paused 10.499ms total 462.992ms
04-23 22:53:09.715: I/art(2958): Can not find class: Lcom/android/server/clipboard/ClipboardService$PerUserClipboard;
04-23 22:53:09.725: I/HwEmailTag(19030): EmailProvider->query->1587707589720;end;;consuming:16ms;
04-23 22:53:09.735: I/HwEmailTag(19280): PingSyncSynchronizer->PSS->->PSS has no active accounts; stopping service.
04-23 22:53:09.735: I/art(2958): Can not find class: Lcom/android/server/clipboard/ClipboardService$ListenerInfo;
04-23 22:53:09.745: I/HwSystemManager(18373): PermissionDBAdapter:preInstalledAppsPermissionEmendation no need emendation!
04-23 22:53:09.745: W/Qt A11Y(19123): Could not activate platform accessibility.
04-23 22:53:09.755: I/HwSystemManager(18373): PermissionDBAdapter:checkDBErrorBecauseofHOTA packageNameDBList size 18
04-23 22:53:09.755: I/HwSystemManager(18373): PermissionDBAdapter:checkDBErrorBecauseofHOTA nameList is0
04-23 22:53:09.855: W/CryptauthV2(15282): [ClientDataOperation] No keyMetadata found for keyName=PublicKey
04-23 22:53:09.865: I/PG Utils(15209): acquire_providerpkg:[com.google.android.gsf] pid:[] maybe timeout , send to PG
04-23 22:53:09.875: I/HwSystemManager(3669): HoldService:uid:10051 pid:18351 died
04-23 22:53:09.875: I/HwSystemManager(3669): HoldService:oldVersionKey:10051,18351
04-23 22:53:09.875: I/HwSystemManager(3669): BgPowerManagerService:onProcessDied uid = 10051
04-23 22:53:09.875: E/HsmCoreServiceImpl(2958): onTransact in code is: 102
04-23 22:53:09.875: I/MediaProcessHandler(2958): processOp opType: 1, uid: 10051, pid: 18351
04-23 22:53:09.875: W/MediaProcessHandler(2958): remove target not exist, maybe the UI process: uid: 10051, pid: 18351
04-23 22:53:09.895: I/HwSystemManager(3669): AppLockService:applock password not initial or function is closed
04-23 22:53:09.905: W/CryptauthV2(15282): [ClientDataOperation] No keyMetadata found for keyName=authzen
04-23 22:53:09.905: I/Finsky(15520): [1] tsg.a(16): SCH: jobFinished: 1-1337. TimeElapsed: 2658ms.
04-23 22:53:09.915: I/CryptauthV2(15282): [EnrollCryptauthFramework] Performing SyncKeysRequest with 2 keys.
04-23 22:53:09.915: I/System(15209): core_booster, getBoosterConfig = false
04-23 22:53:09.925: I/System(15209): core_booster, getBoosterConfig = false
04-23 22:53:09.925: I/System(15209): core_booster, getBoosterConfig = false
04-23 22:53:09.935: W/Conscrypt(15209): Could not set socket write timeout: java.net.SocketException: Socket closed
04-23 22:53:09.935: E/art(15209): invalid stream - problem with parameter iterator in /data/app/com.google.android.gms-1/base.apk for method void com.google.android.gms.org.conscrypt.ConscryptFileDescriptorSocket.setSoWriteTimeout(int)
04-23 22:53:09.935: W/Conscrypt(15209): at com.google.android.gms.org.conscrypt.Platform.setSocketWriteTimeout(:com.google.android.gms@200914010@20.09.14 (020400-300565878):2)
04-23 22:53:09.935: W/Conscrypt(15209): at com.google.android.gms.org.conscrypt.ConscryptFileDescriptorSocket.setSoWriteTimeout(:com.google.android.gms@200914010@20.09.14 (020400-300565878))
04-23 22:53:09.935: I/Finsky(15520): [1] tqw.a(41): SCH: Job 1-1337 finished. Rescheduling.
04-23 22:53:09.945: I/Finsky(15520): [1] tqw.a(20): SCH: Running job: 12-1
04-23 22:53:09.945: I/Finsky(15520): [1] ContentSyncJob.a(14): ContentSyncJob started
04-23 22:53:09.955: I/Finsky(15520): [1] tqw.a(20): SCH: Running job: 21-333333333
04-23 22:53:09.965: I/ActivityManager(2958): filter receiver for action = android.intent.action.DROPBOX_ENTRY_ADDED
04-23 22:53:09.965: I/Finsky(15520): [1] tqw.a(20): SCH: Running job: 29-29
04-23 22:53:09.975: W/OpenTodoList(19123): OpenTodoList.Translator: "/data/data/net.rpdev.opentodolist/files/.config/RPdev/OpenTodoList.conf"
04-23 22:53:09.985: W/Conscrypt(15209): Could not set socket write timeout: java.net.SocketException: Socket closed
04-23 22:53:09.985: E/art(15209): invalid stream - problem with parameter iterator in /data/app/com.google.android.gms-1/base.apk for method void com.google.android.gms.org.conscrypt.ConscryptFileDescriptorSocket.setSoWriteTimeout(int)
04-23 22:53:09.985: W/Conscrypt(15209): at com.google.android.gms.org.conscrypt.Platform.setSocketWriteTimeout(:com.google.android.gms@200914010@20.09.14 (020400-300565878):2)
04-23 22:53:09.985: W/Conscrypt(15209): at com.google.android.gms.org.conscrypt.ConscryptFileDescriptorSocket.setSoWriteTimeout(:com.google.android.gms@200914010@20.09.14 (020400-300565878))
04-23 22:53:09.985: I/Finsky(15520): [1] tqv.handleMessage(63): SCH: RunningQueue size: 3, PendingQueue size: 0
04-23 22:53:09.985: I/Finsky(15520): [1] tqv.handleMessage(66): SCH: Running queue: 12-1 21-333333333 29-29
04-23 22:53:09.985: I/Finsky(15520): [314] zph.a(1): ProcessRecoveryLogsUtil: No files in recovery directory
04-23 22:53:09.995: I/Finsky(15520): [314] tsg.a(16): SCH: jobFinished: 29-29. TimeElapsed: 23ms.
04-23 22:53:09.995: I/Finsky(15520): [1] tqw.a(37): SCH: Job 29-29 finished. Not rescheduling.
04-23 22:53:09.995: I/Finsky(15520): [1] tqv.handleMessage(63): SCH: RunningQueue size: 2, PendingQueue size: 0
04-23 22:53:09.995: I/Finsky(15520): [1] tqv.handleMessage(66): SCH: Running queue: 12-1 21-333333333
04-23 22:53:10.005: I/HwCust(19315): Constructor found for class com.android.calendar.HwCustUtilImpl
04-23 22:53:10.025: I/PG Utils(15282): acquire_providerpkg:[com.google.android.gsf] pid:[] maybe timeout , send to PG
04-23 22:53:10.025: I/PG Utils(15282): acquire_providerpkg:[com.google.android.gsf] pid:[] maybe timeout , send to PG
04-23 22:53:10.035: W/StubController(19315): calendar access!
04-23 22:53:10.095: W/OpenTodoList(19123): QQmlApplicationEngine failed to load component
04-23 22:53:10.095: W/OpenTodoList(19123): qrc:/main.qml:6:1: Type MainWindow unavailable
04-23 22:53:10.095: W/OpenTodoList(19123): qrc:/Windows/MainWindow.qml:5:1: plugin cannot be loaded for module "QtQuick.Controls.Material": Cannot load library /data/app/net.rpdev.opentodolist-1/lib/arm64/libqml_QtQuick_Controls.2_Material_qtquickcontrols2materialstyleplugin_arm64-v8a.so: (dlopen failed: library "_data_app_net.rpdev.opentodolist-1_lib_arm64_libqml_QtQuick_Controls.2_Material_qtquickcontrols2materialstyleplugin_arm64-v8a.so" not found)
04-23 22:53:10.095: W/OpenTodoList(19123): System ABI: "arm64-little_endian-lp64"
04-23 22:53:10.095: W/OpenTodoList(19123): Build CPU Architecture: "arm64"
04-23 22:53:10.095: W/OpenTodoList(19123): Current CPU Architecture: "arm64"
04-23 22:53:10.095: W/OpenTodoList(19123): Kernel Type: "linux"
04-23 22:53:10.095: W/OpenTodoList(19123): Kernel Version: "3.10.61-g424111e"
04-23 22:53:10.095: W/OpenTodoList(19123): Product Name: "Android Lollipop (5.0)"
04-23 22:53:10.095: W/OpenTodoList(19123): OpenSSL version Qt was built against: "OpenSSL 1.1.1d 10 Sep 2019"
04-23 22:53:10.115: W/OpenTodoList(19123): OpenSSL version loaded: "OpenSSL 1.1.1b 26 Feb 2019"
04-23 22:53:10.125: W/OpenTodoList(19123): exit app 0
04-23 22:53:10.125: I/Auth(15209): [ReflectiveChannelBinder] Successfully bound channel!
04-23 22:53:10.155: I/System(15209): core_booster, getBoosterConfig = false
04-23 22:53:10.165: W/ChimeraUtils(15209): Non Chimera context
04-23 22:53:10.185: I/System(15209): core_booster, getBoosterConfig = false
04-23 22:53:10.195: I/System(15209): core_booster, getBoosterConfig = false
04-23 22:53:10.195: I/System(15209): core_booster, getBoosterConfig = false
04-23 22:53:10.195: W/Conscrypt(15209): Could not set socket write timeout: java.net.SocketException: Socket closed
04-23 22:53:10.195: E/art(15209): invalid stream - problem with parameter iterator in /data/app/com.google.android.gms-1/base.apk for method void com.google.android.gms.org.conscrypt.ConscryptFileDescriptorSocket.setSoWriteTimeout(int)
04-23 22:53:10.195: W/Conscrypt(15209): at com.google.android.gms.org.conscrypt.Platform.setSocketWriteTimeout(:com.google.android.gms@200914010@20.09.14 (020400-300565878):2)
04-23 22:53:10.195: W/Conscrypt(15209): at com.google.android.gms.org.conscrypt.ConscryptFileDescriptorSocket.setSoWriteTimeout(:com.google.android.gms@200914010@20.09.14 (020400-300565878))
04-23 22:53:10.215: I/HwSystemManager(3669): AppLockService:applock password not initial or function is closed
04-23 22:53:10.215: I/System(15209): core_booster, getBoosterConfig = false
04-23 22:53:10.225: I/System(15209): core_booster, getBoosterConfig = false
04-23 22:53:10.225: I/BackdropActivity(14712): onResume()
04-23 22:53:10.225: W/Conscrypt(15209): Could not set socket write timeout: java.net.SocketException: Socket closed
04-23 22:53:10.225: E/art(15209): invalid stream - problem with parameter iterator in /data/app/com.google.android.gms-1/base.apk for method void com.google.android.gms.org.conscrypt.ConscryptFileDescriptorSocket.setSoWriteTimeout(int)
04-23 22:53:10.245: W/Conscrypt(15209): at com.google.android.gms.org.conscrypt.Platform.setSocketWriteTimeout(:com.google.android.gms@200914010@20.09.14 (020400-300565878):2)
04-23 22:53:10.255: W/Conscrypt(15209): at com.google.android.gms.org.conscrypt.ConscryptFileDescriptorSocket.setSoWriteTimeout(:com.google.android.gms@200914010@20.09.14 (020400-300565878))
04-23 22:53:10.255: I/Icing(15282): Indexing com.google.android.gms-apps from com.google.android.gms
04-23 22:53:10.265: I/Icing(15282): Indexing done com.google.android.gms-apps
04-23 22:53:10.265: W/Conscrypt(15209): Could not set socket write timeout: java.net.SocketException: Socket closed
04-23 22:53:10.265: I/System(15282): core_booster, getBoosterConfig = false
04-23 22:53:10.265: E/art(15209): invalid stream - problem with parameter iterator in /data/app/com.google.android.gms-1/base.apk for method void com.google.android.gms.org.conscrypt.ConscryptFileDescriptorSocket.setSoWriteTimeout(int)
04-23 22:53:10.275: W/Conscrypt(15209): at com.google.android.gms.org.conscrypt.Platform.setSocketWriteTimeout(:com.google.android.gms@200914010@20.09.14 (020400-300565878):2)
04-23 22:53:10.275: W/Conscrypt(15209): at com.google.android.gms.org.conscrypt.ConscryptFileDescriptorSocket.setSoWriteTimeout(:com.google.android.gms@200914010@20.09.14 (020400-300565878))
04-23 22:53:10.285: I/art(3174): Can not find class: Lhuawei/android/view/Button;
04-23 22:53:10.285: I/art(3174): Can not find class: Lhuawei/android/widget/Button;
04-23 22:53:10.285: I/art(3174): Can not find class: Lhuawei/android/view/Button;
04-23 22:53:10.295: I/art(3174): Can not find class: Lhuawei/android/widget/Button;
04-23 22:53:10.295: W/PGApi_client(3441): recv actoionId = 10000, action = com.huawei.pgmng.PGAction@20a35229 actionId =10000 pkg =com.google.android.apps.mtaas.backdrop extend1 =0 extend2 = flag =3 type =1
04-23 22:53:10.295: W/PGMiddleWare jhh(3441): in handleAction method, action = 10000
04-23 22:53:10.295: W/PGMiddleWare jhh(3441): in handleAction, invoke client = com.huawei.pgmng.middleware.AudioEffectLowPowerImpl@21cbee7c, action = com.huawei.pgmng.PGAction@20a35229 actionId =10000 pkg =com.google.android.apps.mtaas.backdrop extend1 =0 extend2 = flag =3 type =1
04-23 22:53:10.295: I/AudioEffectLowPowerImpl jhh(3441): jhh handle default mActionId = 10000, action = com.huawei.pgmng.PGAction@20a35229 actionId =10000 pkg =com.google.android.apps.mtaas.backdrop extend1 =0 extend2 = flag =3 type =1
04-23 22:53:10.295: W/AudioEffectLowPowerImpl jhh(3441): enter into DEFAULT_FRONT Scene.
04-23 22:53:10.295: W/AudioEffectLowPowerImpl jhh(3441): m2DGameFront = false, m3DGameFront = false, mMediaPerceptible = false, mMusicPerceptible = false
04-23 22:53:10.295: I/art(3174): Can not find class: Lhuawei/android/view/FrameLayout;
04-23 22:53:10.295: I/art(3174): Can not find class: Lhuawei/android/widget/FrameLayout;
04-23 22:53:10.295: W/AudioEffectLowPowerImpl jhh(3441): mAudioActive = false, mMusicPerceptible = false
04-23 22:53:10.295: W/AudioEffectLowPowerImpl jhh(3441): return for smartPAOn and mLowAudioEffectEnable both = false
04-23 22:53:10.305: I/art(3174): Can not find class: Lhuawei/android/view/ImageView;
04-23 22:53:10.305: I/art(3174): Can not find class: Lhuawei/android/widget/ImageView;
04-23 22:53:10.305: I/art(3174): Can not find class: Lhuawei/android/view/LinearLayout;
04-23 22:53:10.305: I/art(3174): Can not find class: Lhuawei/android/widget/LinearLayout;
04-23 22:53:10.305: I/art(3174): Can not find class: Lhuawei/android/view/TextView;
04-23 22:53:10.305: I/art(3174): Can not find class: Lhuawei/android/widget/TextView;
04-23 22:53:10.315: I/art(3174): Can not find class: Lhuawei/android/view/ViewStub;
04-23 22:53:10.315: I/art(3174): Can not find class: Lhuawei/android/widget/ViewStub;
04-23 22:53:10.315: I/art(3174): Can not find class: Landroid/widget/ViewStub;
04-23 22:53:10.315: I/art(3174): Can not find class: Landroid/webkit/ViewStub;
04-23 22:53:10.315: I/art(3174): Can not find class: Landroid/app/ViewStub;
04-23 22:53:10.325: I/PG Utils(19315): acquire_providerpkg:[com.android.providers.calendar] pid:[] maybe timeout , send to PG
04-23 22:53:10.335: I/PhoneStatusBar(3174): notification pkg =com.android.settings
04-23 22:53:10.335: I/PhoneStatusBar(3174): notification provisioned=true, score =10, [score > HIDE_ICONS_BELOW_SCORE] =true, showNotificationEvenIfUnprovisioned = false
04-23 22:53:10.335: I/PhoneStatusBar(3174): notification pkg =androidx.test.tools.crawler
04-23 22:53:10.335: I/PhoneStatusBar(3174): notification provisioned=true, score =0, [score > HIDE_ICONS_BELOW_SCORE] =true, showNotificationEvenIfUnprovisioned = false
04-23 22:53:10.335: I/PhoneStatusBar(3174): notification pkg =com.google.android.apps.mtaas.backdrop
04-23 22:53:10.335: I/PhoneStatusBar(3174): notification provisioned=true, score =0, [score > HIDE_ICONS_BELOW_SCORE] =true, showNotificationEvenIfUnprovisioned = false
04-23 22:53:10.335: I/PhoneStatusBar(3174): notification pkg =com.android.server.telecom
04-23 22:53:10.335: I/PhoneStatusBar(3174): notification provisioned=true, score =0, [score > HIDE_ICONS_BELOW_SCORE] =true, showNotificationEvenIfUnprovisioned = false
04-23 22:53:10.335: I/PhoneStatusBar(3174): notification pkg =android
04-23 22:53:10.335: I/PhoneStatusBar(3174): notification provisioned=true, score =-10, [score > HIDE_ICONS_BELOW_SCORE] =true, showNotificationEvenIfUnprovisioned = false
04-23 22:53:10.345: I/System(15282): core_booster, getBoosterConfig = false
04-23 22:53:10.345: I/System(15282): core_booster, getBoosterConfig = false
04-23 22:53:10.345: W/Conscrypt(15282): Could not set socket write timeout: java.net.SocketException: Socket closed
04-23 22:53:10.345: E/art(15282): invalid stream - problem with parameter iterator in /data/app/com.google.android.gms-1/base.apk for method void com.google.android.gms.org.conscrypt.ConscryptFileDescriptorSocket.setSoWriteTimeout(int)
04-23 22:53:10.345: W/Conscrypt(15282): at com.google.android.gms.org.conscrypt.Platform.setSocketWriteTimeout(:com.google.android.gms@200914010@20.09.14 (020400-300565878):2)
04-23 22:53:10.345: W/Conscrypt(15282): at com.google.android.gms.org.conscrypt.ConscryptFileDescriptorSocket.setSoWriteTimeout(:com.google.android.gms@200914010@20.09.14 (020400-300565878))
04-23 22:53:10.355: I/PhoneStatusBar(3174): hw_status_bar_operators = true, setSystemUIVisibily(SHOW_OPERATOR = false)
04-23 22:53:10.365: W/StubController(19368): calendar access!
04-23 22:53:10.375: I/PG Utils(15209): acquire_providerpkg:[com.google.android.gsf] pid:[] maybe timeout , send to PG
04-23 22:53:10.395: I/CheckinResponseProcess(15282): From server: 1647 gservices [full]
04-23 22:53:10.405: I/PG Utils(15282): acquire_providerpkg:[com.google.android.gsf] pid:[] maybe timeout , send to PG
04-23 22:53:10.415: W/System.err(19315): Can't open carrierweekinfo-conf.xml
04-23 22:53:10.455: W/Conscrypt(15209): Could not set socket write timeout: java.net.SocketException: Socket closed
04-23 22:53:10.455: E/art(15209): invalid stream - problem with parameter iterator in /data/app/com.google.android.gms-1/base.apk for method void com.google.android.gms.org.conscrypt.ConscryptFileDescriptorSocket.setSoWriteTimeout(int)
04-23 22:53:10.455: W/Conscrypt(15209): at com.google.android.gms.org.conscrypt.Platform.setSocketWriteTimeout(:com.google.android.gms@200914010@20.09.14 (020400-300565878):2)
04-23 22:53:10.455: W/Conscrypt(15209): at com.google.android.gms.org.conscrypt.ConscryptFileDescriptorSocket.setSoWriteTimeout(:com.google.android.gms@200914010@20.09.14 (020400-300565878))
04-23 22:53:10.505: W/Conscrypt(15282): Could not set socket write timeout: java.net.SocketException: Socket closed
04-23 22:53:10.505: E/art(15282): invalid stream - problem with parameter iterator in /data/app/com.google.android.gms-1/base.apk for method void com.google.android.gms.org.conscrypt.ConscryptFileDescriptorSocket.setSoWriteTimeout(int)
04-23 22:53:10.505: W/Conscrypt(15282): at com.google.android.gms.org.conscrypt.Platform.setSocketWriteTimeout(:com.google.android.gms@200914010@20.09.14 (020400-300565878):2)
04-23 22:53:10.505: W/Conscrypt(15282): at com.google.android.gms.org.conscrypt.ConscryptFileDescriptorSocket.setSoWriteTimeout(:com.google.android.gms@200914010@20.09.14 (020400-300565878))
04-23 22:53:10.545: I/Finsky(15520): [1] imm.a(2): Successfully uploaded dynamic config.
04-23 22:53:10.555: I/Finsky(15520): [1] inm.a(1): Dynamic device configuration updated successfully.
04-23 22:53:10.555: I/Finsky(15520): [1] tsg.a(16): SCH: jobFinished: 21-333333333. TimeElapsed: 599ms.
04-23 22:53:10.555: I/Finsky(15520): [1] tqw.a(37): SCH: Job 21-333333333 finished. Not rescheduling.
04-23 22:53:10.555: I/Finsky(15520): [1] tqv.handleMessage(63): SCH: RunningQueue size: 1, PendingQueue size: 0
04-23 22:53:10.555: I/Finsky(15520): [1] tqv.handleMessage(66): SCH: Running queue: 12-1
04-23 22:53:10.555: I/Auth(15209): [AccountStatusChecker] OnDataChanged check:
04-23 22:53:10.565: I/Auth(15209): [AccountStatusChecker] Canceling for
04-23 22:53:10.565: I/ActivityManager(2958): filter receiver for action = android.intent.action.DROPBOX_ENTRY_ADDED
04-23 22:53:10.575: I/PhoneStatusBar(3174): shouldTranslucent:true
04-23 22:53:10.575: I/PhoneStatusBar(3174): hw_status_bar_operators = true, setSystemUIVisibily(SHOW_OPERATOR = false)
04-23 22:53:10.585: I/HwSystemManager(3669): HoldService:uid:10052 pid:16216 died
04-23 22:53:10.585: I/HwSystemManager(3669): HoldService:oldVersionKey:10052,16216
04-23 22:53:10.585: I/HwSystemManager(3669): BgPowerManagerService:onProcessDied uid = 10052
04-23 22:53:10.585: E/HsmCoreServiceImpl(2958): onTransact in code is: 102
04-23 22:53:10.585: I/MediaProcessHandler(2958): processOp opType: 1, uid: 10052, pid: 16216
04-23 22:53:10.585: W/MediaProcessHandler(2958): remove target not exist, maybe the UI process: uid: 10052, pid: 16216
04-23 22:53:10.615: I/HwSystemManager(3669): AppLockService:applock password not initial or function is closed
04-23 22:53:10.615: I/wpa_supplicant(3188): wlan0: HEART-BEAT-ACK: 29
04-23 22:53:10.615: E/WifiMonitor(2958): WifiMonitor:wlan0 cnt=57 dispatchEvent: HEART-BEAT-ACK: 29
04-23 22:53:10.625: E/WifiStateMachine(2958): ConnectedState !CMD_RSSI_POLL 1 0 "wl-ftl-mt03-1-24" 44:48:c1:91:9d:e0 rssi=-53 f=2412 sc=100 link=72 tx=54,3, 0,0, 0,0 rx=125,4 bcn=0 [on:0 tx:0 rx:0 period:3007] from screen [on:0 period:-1430308884] gl u24 rssi=-53 ag=0 hr ticks 0,0,0 ls-=0 [56,56,60,60,65] brc=0 lrc=0
04-23 22:53:10.625: E/WifiStateMachine(2958): L2ConnectedState !CMD_RSSI_POLL 1 0 "wl-ftl-mt03-1-24" 44:48:c1:91:9d:e0 rssi=-53 f=2412 sc=100 link=72 tx=54,3, 0,0, 0,0 rx=125,4 bcn=0 [on:0 tx:0 rx:0 period:2] from screen [on:0 period:-1430308882] gl u24 rssi=-53 ag=0 hr ticks 0,0,0 ls-=0 [56,56,60,60,65] brc=0 lrc=0
04-23 22:53:10.625: E/WifiStateMachine(2958): fetchRssiLinkSpeedAndFrequencyNative rssi=-51 linkspeed=72 SSID="wl-ftl-mt03-1-24"
04-23 22:53:10.625: E/WifiStateMachine(2958): calculateWifiScore freq=2412 speed=72 score=100 highRSSI -> txbadrate=0,00 txgoodrate=180,63 txretriesrate=0,00 rxrate=257,21 userTriggerdPenalty0
04-23 22:53:10.625: E/WifiStateMachine(2958): good link -> stuck count =0
04-23 22:53:10.635: E/WifiStateMachine(2958): badRSSI count0 lowRSSI count0 --> score 60
04-23 22:53:10.635: E/WifiStateMachine(2958): isHighRSSI ---> score=65
04-23 22:53:10.645: E/WifiStateMachine(2958): ConnectedState !what:147506 0 0
04-23 22:53:10.645: E/WifiStateMachine(2958): L2ConnectedState !what:147506 0 0
04-23 22:53:10.645: E/WifiStateMachine(2958): ConnectModeState !what:147506 0 0
04-23 22:53:10.645: E/WifiStateMachine(2958): DriverStartedState !what:147506 0 0
04-23 22:53:10.645: E/WifiStateMachine(2958): SupplicantStartedState !what:147506 0 0
04-23 22:53:10.655: E/WifiStateMachine(2958): ConnectedState !CMD_START_SCAN -2 -2 ic=21 proc(ms):11 dur:280 rssi=-51 f=2412 sc=100 link=72 tx=180,6, 0,0, 0,0 rx=257,2 fiv=20000 [on:0 tx:0 rx:0 period:11] from screen [on:0 period:-1430308854]
04-23 22:53:10.655: E/WifiStateMachine(2958): L2ConnectedState !CMD_START_SCAN -2 -2 ic=21 proc(ms):12 dur:280 rssi=-51 f=2412 sc=100 link=72 tx=180,6, 0,0, 0,0 rx=257,2 fiv=20000 [on:0 tx:0 rx:0 period:1] from screen [on:0 period:-1430308853]
04-23 22:53:10.655: E/WifiStateMachine(2958): WifiStateMachine CMD_START_SCAN source -2 txSuccessRate=180,63 rxSuccessRate=257,21 targetRoamBSSID=44:48:c1:91:9d:e0 RSSI=-51
04-23 22:53:10.655: E/WifiStateMachine(2958): WifiStateMachine CMD_START_SCAN with age=1587707590668 interval=20000 maxinterval=300000
04-23 22:53:10.655: E/WifiStateMachine(2958): WifiStateMachine CMD_START_SCAN try full band scan age=1587707590668 interval=20000 maxinterval=300000
04-23 22:53:10.655: E/WifiStateMachine(2958): WifiStateMachine CMD_START_SCAN prevent full band scan due to pkt rate
04-23 22:53:10.655: E/WifiStateMachine(2958): WifiStateMachine CMD_START_SCAN source -2 ...and ignore scans tx=180,63 rx=257,21
04-23 22:53:10.675: W/StubController(19315): calendar access!
04-23 22:53:10.695: I/PG Utils(19315): acquire_providerpkg:[com.android.providers.calendar] pid:[] maybe timeout , send to PG
04-23 22:53:10.705: W/StubController(19315): calendar access!
04-23 22:53:10.705: I/CalendarSimpleUiPRovider(19315): onReceive[intent]Intent { act=android.intent.action.PROVIDER_CHANGED dat=content://com.android.calendar flg=0x10 cmp=com.android.calendar/.simpleui.CalendarSimpleUiPRovider }
04-23 22:53:10.705: I/CalendarSimpleUiPRovider(19315): onConfigurationChanged
04-23 22:53:10.715: I/CalendarSimpleUiPRovider(19315): initParams20200423T225310America/Los_Angeles(4,113,-25200,1,1587707590)
04-23 22:53:10.715: W/StubController(19315): calendar access!
04-23 22:53:10.735: W/StubController(19315): calendar access!
