04-23 22:53:17.075: I/art(15520): Can not find class: Ljava/util/concurrent/atomic/LongAdder;
04-23 22:53:17.085: I/PG Utils(15520): acquire_providerpkg:[com.google.android.gsf] pid:[] maybe timeout , send to PG
04-23 22:53:17.115: I/Auth(15209): [ReflectiveChannelBinder] Successfully bound channel!
04-23 22:53:17.115: I/art(15282): Explicit concurrent mark sweep GC freed 43116(2MB) AllocSpace objects, 3(76KB) LOS objects, 31% free, 34MB/50MB, paused 2.385ms total 278.291ms
04-23 22:53:17.115: I/art(15209): Explicit concurrent mark sweep GC freed 122651(6MB) AllocSpace objects, 19(656KB) LOS objects, 32% free, 33MB/49MB, paused 1.974ms total 257.406ms
04-23 22:53:17.125: I/System(15209): core_booster, getBoosterConfig = false
04-23 22:53:17.125: I/ActivityManager(2958): filter receiver for action = com.google.android.gms.udc.action.SETTING_CHANGED
04-23 22:53:17.135: I/System(15209): core_booster, getBoosterConfig = false
04-23 22:53:17.135: I/System(15209): core_booster, getBoosterConfig = false
04-23 22:53:17.135: W/Conscrypt(15209): Could not set socket write timeout: java.net.SocketException: Socket closed
04-23 22:53:17.135: E/art(15209): invalid stream - problem with parameter iterator in /data/app/com.google.android.gms-1/base.apk for method void com.google.android.gms.org.conscrypt.ConscryptFileDescriptorSocket.setSoWriteTimeout(int)
04-23 22:53:17.145: W/Conscrypt(15209): at com.google.android.gms.org.conscrypt.Platform.setSocketWriteTimeout(:com.google.android.gms@200914010@20.09.14 (020400-300565878):2)
04-23 22:53:17.145: W/Conscrypt(15209): at com.google.android.gms.org.conscrypt.ConscryptFileDescriptorSocket.setSoWriteTimeout(:com.google.android.gms@200914010@20.09.14 (020400-300565878))
04-23 22:53:17.155: I/ActivityManager(2958): filter receiver for action = com.google.android.gms.udc.action.SETTING_CHANGED
04-23 22:53:17.175: I/PG Utils(19753): acquire_providerpkg:[com.google.android.gsf] pid:[] maybe timeout , send to PG
04-23 22:53:17.175: I/PG Utils(19753): acquire_providerpkg:[com.google.android.gsf] pid:[] maybe timeout , send to PG
04-23 22:53:17.175: I/PG Utils(15282): acquire_providerpkg:[com.google.android.gsf] pid:[] maybe timeout , send to PG
04-23 22:53:17.195: I/ActivityManager(2958): filter receiver for action = com.google.android.gms.phenotype.UPDATE
04-23 22:53:17.215: I/ActivityManager(2958): filter receiver for action = com.google.android.gms.udc.action.FACS_CACHE_UPDATED_EXPLICIT
04-23 22:53:17.215: I/PG Utils(15209): acquire_providerpkg:[com.google.android.gsf] pid:[] maybe timeout , send to PG
04-23 22:53:17.245: I/ActivityManager(2958): filter receiver for action = com.google.android.gms.phenotype.UPDATE
04-23 22:53:17.255: I/ActivityManager(2958): filter receiver for action = com.google.android.gms.phenotype.UPDATE
04-23 22:53:17.265: I/ActivityManager(2958): filter receiver for action = com.google.android.gms.phenotype.UPDATE
04-23 22:53:17.275: I/PG Utils(15209): acquire_providerpkg:[com.google.android.gsf] pid:[] maybe timeout , send to PG
04-23 22:53:17.305: I/ActivityManager(2958): filter receiver for action = com.google.android.gms.phenotype.UPDATE
04-23 22:53:17.305: W/ChimeraUtils(15209): Non Chimera context
04-23 22:53:17.305: I/ActivityManager(2958): filter receiver for action = com.google.android.gms.phenotype.UPDATE
04-23 22:53:17.325: I/ActivityManager(2958): filter receiver for action = com.google.android.gms.phenotype.UPDATE
04-23 22:53:17.335: I/System(15209): core_booster, getBoosterConfig = false
04-23 22:53:17.345: I/System(15209): core_booster, getBoosterConfig = false
04-23 22:53:17.345: I/System(15209): core_booster, getBoosterConfig = false
04-23 22:53:17.345: I/ActivityManager(2958): filter receiver for action = com.google.android.gms.phenotype.UPDATE
04-23 22:53:17.345: W/Conscrypt(15209): Could not set socket write timeout: java.net.SocketException: Socket closed
04-23 22:53:17.345: E/art(15209): invalid stream - problem with parameter iterator in /data/app/com.google.android.gms-1/base.apk for method void com.google.android.gms.org.conscrypt.ConscryptFileDescriptorSocket.setSoWriteTimeout(int)
04-23 22:53:17.345: W/Conscrypt(15209): at com.google.android.gms.org.conscrypt.Platform.setSocketWriteTimeout(:com.google.android.gms@200914010@20.09.14 (020400-300565878):2)
04-23 22:53:17.345: W/Conscrypt(15209): at com.google.android.gms.org.conscrypt.ConscryptFileDescriptorSocket.setSoWriteTimeout(:com.google.android.gms@200914010@20.09.14 (020400-300565878))
04-23 22:53:17.365: I/ActivityManager(2958): filter receiver for action = com.google.android.gms.phenotype.UPDATE
04-23 22:53:17.375: I/ActivityManager(2958): filter receiver for action = com.google.android.gms.phenotype.UPDATE
04-23 22:53:17.395: I/ActivityManager(2958): filter receiver for action = com.google.android.gms.phenotype.UPDATE
04-23 22:53:17.435: E/Finsky(15520): [1] drq.a(59): Null parsed response for request=[[ ] https://android.clients.google.com/fdfe/fetchBillingUiInstructions 0xe8d195d1 NORMAL 14]
04-23 22:53:17.445: I/ActivityManager(2958): filter receiver for action = com.google.android.gms.phenotype.UPDATE
04-23 22:53:17.465: I/ActivityManager(2958): filter receiver for action = com.google.android.gms.phenotype.UPDATE
04-23 22:53:17.475: I/PG Utils(15209): acquire_providerpkg:[com.google.android.gsf] pid:[] maybe timeout , send to PG
04-23 22:53:17.475: I/ActivityManager(2958): filter receiver for action = android.intent.action.DROPBOX_ENTRY_ADDED
04-23 22:53:17.475: I/PG Utils(15282): acquire_providerpkg:[com.google.android.gsf] pid:[] maybe timeout , send to PG
04-23 22:53:17.485: W/Conscrypt(15209): Could not set socket write timeout: java.net.SocketException: Socket closed
04-23 22:53:17.485: E/art(15209): invalid stream - problem with parameter iterator in /data/app/com.google.android.gms-1/base.apk for method void com.google.android.gms.org.conscrypt.ConscryptFileDescriptorSocket.setSoWriteTimeout(int)
04-23 22:53:17.485: W/Conscrypt(15209): at com.google.android.gms.org.conscrypt.Platform.setSocketWriteTimeout(:com.google.android.gms@200914010@20.09.14 (020400-300565878):2)
04-23 22:53:17.485: W/Conscrypt(15209): at com.google.android.gms.org.conscrypt.ConscryptFileDescriptorSocket.setSoWriteTimeout(:com.google.android.gms@200914010@20.09.14 (020400-300565878))
04-23 22:53:17.485: W/Conscrypt(15209): Could not set socket write timeout: java.net.SocketException: Socket closed
04-23 22:53:17.485: E/art(15209): invalid stream - problem with parameter iterator in /data/app/com.google.android.gms-1/base.apk for method void com.google.android.gms.org.conscrypt.ConscryptFileDescriptorSocket.setSoWriteTimeout(int)
04-23 22:53:17.485: W/Conscrypt(15209): at com.google.android.gms.org.conscrypt.Platform.setSocketWriteTimeout(:com.google.android.gms@200914010@20.09.14 (020400-300565878):2)
04-23 22:53:17.485: W/Conscrypt(15209): at com.google.android.gms.org.conscrypt.ConscryptFileDescriptorSocket.setSoWriteTimeout(:com.google.android.gms@200914010@20.09.14 (020400-300565878))
04-23 22:53:17.495: I/ActivityManager(2958): filter receiver for action = com.google.android.gms.phenotype.COMMITTED
04-23 22:53:17.495: E/art(15209): invalid stream - problem with parameter iterator in /data/data/com.google.android.gms/code_cache/secondary-dexes/base.apk.classes2.zip for method void fca.c(java.lang.String, java.lang.String, java.lang.Object[])
04-23 22:53:17.495: W/NetRec(15209): [1014] ConfigChangedIntentOperation.onHandleIntent: Device does not support scoring, exiting
04-23 22:53:17.495: I/Auth(15209): [AuthManaged,PasswordComplexityHelperImpl] Updating password complexity components state.
04-23 22:53:17.495: I/Auth(15209): [AuthManaged,PasswordComplexityHelperImpl] Disabling com.google.android.gms.auth.managed.admin.DeviceAdminReceiver
04-23 22:53:17.495: I/Auth(15209): [AuthManaged,PasswordComplexityHelperImpl] Disabling com.google.android.gms.auth.managed.ui.SetNewPasswordActivity
04-23 22:53:17.505: I/PG Utils(15282): acquire_providerpkg:[com.google.android.gsf] pid:[] maybe timeout , send to PG
04-23 22:53:17.515: I/ActivityManager(2958): filter receiver for action = com.google.android.gms.phenotype.UPDATE
04-23 22:53:17.555: I/ActivityManager(2958): filter receiver for action = com.google.android.gms.phenotype.UPDATE
04-23 22:53:17.555: I/ActivityManager(2958): filter receiver for action = com.google.android.gms.phenotype.UPDATE
04-23 22:53:17.575: I/PG Utils(15282): acquire_providerpkg:[com.google.android.gsf] pid:[] maybe timeout , send to PG
04-23 22:53:17.595: I/ActivityManager(2958): filter receiver for action = com.google.android.gms.phenotype.UPDATE
04-23 22:53:17.615: I/Finsky(15520): [320] tsg.a(16): SCH: jobFinished: 10-57. TimeElapsed: 1027ms.
04-23 22:53:17.625: I/Finsky(15520): [1] tqw.a(37): SCH: Job 10-57 finished. Not rescheduling.
04-23 22:53:17.625: I/Finsky(15520): [1] tqw.a(20): SCH: Running job: 10-66
04-23 22:53:17.625: I/Finsky(15520): [1] tqv.handleMessage(63): SCH: RunningQueue size: 4, PendingQueue size: 4
04-23 22:53:17.625: I/Finsky(15520): [317] AssetModuleServiceCleanerHygieneJob.a(3): Running asset module service cleaner
04-23 22:53:17.625: I/Finsky(15520): [1] tqv.handleMessage(66): SCH: Running queue: 10-8 10-44 10-61 10-66
04-23 22:53:17.625: I/PG Utils(15209): acquire_providerpkg:[com.google.android.gsf] pid:[] maybe timeout , send to PG
04-23 22:53:17.635: I/Finsky(15520): [317] eoy.a(-1): Removed 0 old sessions.
04-23 22:53:17.635: I/Finsky(15520): [317] epb.a(-1): Removed 0 obsolete sessions.
04-23 22:53:17.635: I/Finsky(15520): [317] eok.a(-1): Deleted 0 orphaned directories.
04-23 22:53:17.645: I/Finsky(15520): [317] eou.a(-1): Logged 0 packages in store.
04-23 22:53:17.645: I/Finsky(15520): [317] tsg.a(16): SCH: jobFinished: 10-66. TimeElapsed: 25ms.
04-23 22:53:17.645: I/ActivityManager(2958): filter receiver for action = com.google.android.gms.phenotype.UPDATE
04-23 22:53:17.645: I/Finsky(15520): [1] tqw.a(37): SCH: Job 10-66 finished. Not rescheduling.
04-23 22:53:17.655: I/PG Utils(15209): acquire_providerpkg:[com.google.android.gsf] pid:[] maybe timeout , send to PG
04-23 22:53:17.655: I/ActivityManager(2958): filter receiver for action = com.google.android.gms.phenotype.COMMITTED
04-23 22:53:17.655: I/Finsky(15520): [1] tqw.a(20): SCH: Running job: 10-69
04-23 22:53:17.655: E/art(15209): invalid stream - problem with parameter iterator in /data/data/com.google.android.gms/code_cache/secondary-dexes/base.apk.classes2.zip for method void fca.c(java.lang.String, java.lang.String, java.lang.Object[])
04-23 22:53:17.655: W/NetRec(15209): [1014] ConfigChangedIntentOperation.onHandleIntent: Device does not support scoring, exiting
04-23 22:53:17.665: I/Finsky(15520): [1] tqv.handleMessage(63): SCH: RunningQueue size: 4, PendingQueue size: 3
04-23 22:53:17.665: I/Finsky(15520): [1] tqv.handleMessage(66): SCH: Running queue: 10-8 10-44 10-61 10-69
04-23 22:53:17.665: I/Auth(15209): [AuthManaged,PasswordComplexityHelperImpl] Updating password complexity components state.
04-23 22:53:17.665: I/Auth(15209): [AuthManaged,PasswordComplexityHelperImpl] Disabling com.google.android.gms.auth.managed.admin.DeviceAdminReceiver
04-23 22:53:17.665: I/Auth(15209): [AuthManaged,PasswordComplexityHelperImpl] Disabling com.google.android.gms.auth.managed.ui.SetNewPasswordActivity
04-23 22:53:17.685: I/ActivityManager(2958): filter receiver for action = com.google.android.gms.phenotype.UPDATE
04-23 22:53:17.695: I/PG Utils(15209): acquire_providerpkg:[com.google.android.gsf] pid:[] maybe timeout , send to PG
04-23 22:53:17.705: I/ActivityManager(2958): filter receiver for action = com.google.android.gms.phenotype.UPDATE
04-23 22:53:17.715: I/PG Utils(15209): acquire_providerpkg:[com.google.android.gsf] pid:[] maybe timeout , send to PG
04-23 22:53:17.725: I/ActivityManager(2958): filter receiver for action = com.google.android.gms.phenotype.UPDATE
04-23 22:53:17.745: I/Auth(15209): [AccountStatusChecker] OnDataChanged check:
04-23 22:53:17.765: I/ActivityManager(2958): filter receiver for action = com.google.android.gms.auth.proximity.DEVICE_SYNC_FINISHED
04-23 22:53:17.765: I/art(9488): Explicit concurrent mark sweep GC freed 2630(106KB) AllocSpace objects, 0(0B) LOS objects, 39% free, 13MB/23MB, paused 1.070ms total 39.100ms
04-23 22:53:17.785: I/ActivityManager(2958): filter receiver for action = com.google.android.gms.phenotype.UPDATE
04-23 22:53:17.785: I/ActivityManager(2958): filter receiver for action = com.google.android.gms.phenotype.UPDATE
04-23 22:53:17.795: I/Auth(15209): [AccountStatusChecker] OnDataChanged check:
04-23 22:53:17.795: I/Auth(15209): [AccountStatusChecker] Canceling for
04-23 22:53:17.795: I/Auth(15209): [AccountStatusChecker] Canceling for
04-23 22:53:17.795: I/PG Utils(15209): acquire_providerpkg:[com.google.android.gsf] pid:[] maybe timeout , send to PG
04-23 22:53:17.815: I/ActivityManager(2958): filter receiver for action = com.google.android.gms.phenotype.COMMITTED
04-23 22:53:17.815: E/art(15209): invalid stream - problem with parameter iterator in /data/data/com.google.android.gms/code_cache/secondary-dexes/base.apk.classes2.zip for method void fca.c(java.lang.String, java.lang.String, java.lang.Object[])
04-23 22:53:17.825: W/NetRec(15209): [1001] ConfigChangedIntentOperation.onHandleIntent: Device does not support scoring, exiting
04-23 22:53:17.825: I/Auth(15209): [AuthManaged,PasswordComplexityHelperImpl] Updating password complexity components state.
04-23 22:53:17.825: I/Auth(15209): [AuthManaged,PasswordComplexityHelperImpl] Disabling com.google.android.gms.auth.managed.admin.DeviceAdminReceiver
04-23 22:53:17.825: I/Auth(15209): [AuthManaged,PasswordComplexityHelperImpl] Disabling com.google.android.gms.auth.managed.ui.SetNewPasswordActivity
04-23 22:53:17.885: I/ProximityAuth(15209): [BetterTogetherSetup] Trying to disable
04-23 22:53:17.895: I/amwn(15209): Scheduling adaptive one off task with window [14400, 604800] in seconds [CONTEXT service_id=51 ]
04-23 22:53:17.905: I/art(15520): Can not find class: Lcom/google/auth/oauth2/ServiceAccountCredentials;
04-23 22:53:17.915: I/Finsky(15520): [318] tsg.a(16): SCH: jobFinished: 10-61. TimeElapsed: 1143ms.
04-23 22:53:17.915: I/Finsky(15520): [1] tqw.a(37): SCH: Job 10-61 finished. Not rescheduling.
04-23 22:53:17.915: I/Finsky(15520): [1] tqw.a(20): SCH: Running job: 10-73
04-23 22:53:17.915: I/Finsky(15520): [1] tqv.handleMessage(63): SCH: RunningQueue size: 4, PendingQueue size: 2
04-23 22:53:17.915: I/Finsky(15520): [1] tqv.handleMessage(66): SCH: Running queue: 10-8 10-44 10-69 10-73
04-23 22:53:17.925: I/ActivityManager(2958): filter receiver for action = com.google.android.gms.gcm.ACTION_SCHEDULE
04-23 22:53:17.985: I/System(19753): core_booster, getBoosterConfig = false
04-23 22:53:17.985: I/System(19753): core_booster, getBoosterConfig = false
04-23 22:53:18.005: I/PG Utils(15520): acquire_providerpkg:[com.google.android.gsf] pid:[] maybe timeout , send to PG
04-23 22:53:18.005: I/System(19753): core_booster, getBoosterConfig = false
04-23 22:53:18.005: I/System(19753): core_booster, getBoosterConfig = false
04-23 22:53:18.015: I/Finsky(15520): [243] tsg.a(16): SCH: jobFinished: 10-73. TimeElapsed: 96ms.
04-23 22:53:18.015: I/PG Utils(15520): acquire_providerpkg:[com.google.android.gms] pid:[] maybe timeout , send to PG
04-23 22:53:18.015: I/Finsky(15520): [1] tqw.a(37): SCH: Job 10-73 finished. Not rescheduling.
04-23 22:53:18.025: I/Finsky(15520): [1] tqw.a(20): SCH: Running job: 10-76
04-23 22:53:18.025: I/Finsky(15520): [1] tsg.a(16): SCH: jobFinished: 10-76. TimeElapsed: 3ms.
04-23 22:53:18.025: I/Finsky(15520): [1] tqv.handleMessage(63): SCH: RunningQueue size: 4, PendingQueue size: 1
04-23 22:53:18.025: I/Finsky(15520): [1] tqv.handleMessage(66): SCH: Running queue: 10-8 10-44 10-69 10-76
04-23 22:53:18.025: I/Finsky(15520): [1] tqw.a(37): SCH: Job 10-76 finished. Not rescheduling.
04-23 22:53:18.035: I/Finsky(15520): [1] tqw.a(20): SCH: Running job: 10-77
04-23 22:53:18.035: I/Finsky(15520): [1] tsg.a(16): SCH: jobFinished: 10-77. TimeElapsed: 2ms.
04-23 22:53:18.035: I/Finsky(15520): [1] tqv.handleMessage(63): SCH: RunningQueue size: 4, PendingQueue size: 0
04-23 22:53:18.035: I/Finsky(15520): [1] tqv.handleMessage(66): SCH: Running queue: 10-8 10-44 10-69 10-77
04-23 22:53:18.035: I/Finsky(15520): [1] tqw.a(37): SCH: Job 10-77 finished. Not rescheduling.
04-23 22:53:18.045: I/Finsky(15520): [1] tqv.handleMessage(63): SCH: RunningQueue size: 3, PendingQueue size: 0
04-23 22:53:18.045: I/Finsky(15520): [1] tqv.handleMessage(66): SCH: Running queue: 10-8 10-44 10-69
04-23 22:53:18.045: I/ActivityManager(2958): filter receiver for action = com.google.android.gms.phenotype.COMMITTED
04-23 22:53:18.045: I/PG Utils(14902): acquire_providerpkg:[com.google.android.gsf] pid:[] maybe timeout , send to PG
04-23 22:53:18.045: E/art(15209): invalid stream - problem with parameter iterator in /data/data/com.google.android.gms/code_cache/secondary-dexes/base.apk.classes2.zip for method void fca.c(java.lang.String, java.lang.String, java.lang.Object[])
04-23 22:53:18.045: W/NetRec(15209): [997] ConfigChangedIntentOperation.onHandleIntent: Device does not support scoring, exiting
04-23 22:53:18.055: I/Auth(15209): [AuthManaged,PasswordComplexityHelperImpl] Updating password complexity components state.
04-23 22:53:18.055: I/Auth(15209): [AuthManaged,PasswordComplexityHelperImpl] Disabling com.google.android.gms.auth.managed.admin.DeviceAdminReceiver
04-23 22:53:18.055: I/Auth(15209): [AuthManaged,PasswordComplexityHelperImpl] Disabling com.google.android.gms.auth.managed.ui.SetNewPasswordActivity
04-23 22:53:18.105: I/PG Utils(14902): acquire_providerpkg:[com.google.android.gsf] pid:[] maybe timeout , send to PG
04-23 22:53:18.115: I/PG Utils(14902): acquire_providerpkg:[com.google.android.gsf] pid:[] maybe timeout , send to PG
04-23 22:53:18.115: I/ActivityManager(2958): filter receiver for action = android.intent.action.DROPBOX_ENTRY_ADDED
04-23 22:53:18.135: I/DynamiteModule(14902): Considering local module com.google.android.gms.googlecertificates:4 and remote module com.google.android.gms.googlecertificates:4
04-23 22:53:18.135: I/DynamiteModule(14902): Selected local version of com.google.android.gms.googlecertificates
04-23 22:53:18.175: I/PG Utils(14902): acquire_providerpkg:[com.google.android.gsf] pid:[] maybe timeout , send to PG
04-23 22:53:18.195: I/PG Utils(15209): acquire_providerpkg:[com.google.android.gsf] pid:[] maybe timeout , send to PG
04-23 22:53:18.205: W/System.err(19753): Can't open carrierweekinfo-conf.xml
04-23 22:53:18.205: I/PTCommittedOperation(15209): Receive new configuration for com.google.android.gms.auth_api_phone
04-23 22:53:18.205: I/MdiSyncModule(15282): flag handling is skipping irrelevant intent.
04-23 22:53:18.215: W/ModuleInitIntentOp(15282): Dropping unexpected action com.google.android.gms.phenotype.COMMITTED
04-23 22:53:18.235: E/GmsClient(15282): unable to connect to service: com.google.android.gms.auth.key.retrieval.service.START on com.google.android.gms
04-23 22:53:18.265: I/ActivityManager(2958): filter receiver for action = com.google.android.gms.phenotype.COMMITTED
04-23 22:53:18.275: I/PG Utils(14902): acquire_providerpkg:[com.google.android.gsf] pid:[] maybe timeout , send to PG
04-23 22:53:18.325: E/art(15209): invalid stream - problem with parameter iterator in /data/data/com.google.android.gms/code_cache/secondary-dexes/base.apk.classes2.zip for method void fca.c(java.lang.String, java.lang.String, java.lang.Object[])
04-23 22:53:18.325: W/NetRec(15209): [1001] ConfigChangedIntentOperation.onHandleIntent: Device does not support scoring, exiting
04-23 22:53:18.335: I/Auth(15209): [AuthManaged,PasswordComplexityHelperImpl] Updating password complexity components state.
04-23 22:53:18.335: I/Auth(15209): [AuthManaged,PasswordComplexityHelperImpl] Disabling com.google.android.gms.auth.managed.admin.DeviceAdminReceiver
04-23 22:53:18.335: I/Auth(15209): [AuthManaged,PasswordComplexityHelperImpl] Disabling com.google.android.gms.auth.managed.ui.SetNewPasswordActivity
04-23 22:53:18.345: I/MdiSyncModule(15282): flag handling is skipping irrelevant intent.
04-23 22:53:18.345: W/ModuleInitIntentOp(15282): Dropping unexpected action com.google.android.gms.phenotype.COMMITTED
04-23 22:53:18.395: I/PlayCommon(19753): [300] akrb.c(29): Preparing logs for uploading
04-23 22:53:18.405: I/art(15520): Can not find class: Lio/perfmark/impl/SecretPerfMarkImpl$PerfMarkImpl;
04-23 22:53:18.405: I/art(15520): Can not find class: Lio/grpc/override/ContextStorageOverride;
04-23 22:53:18.415: I/PG Utils(19753): acquire_providerpkg:[com.google.android.gsf] pid:[] maybe timeout , send to PG
04-23 22:53:18.425: I/Isotope(19753): UID: [10025] PID: [19753] HygieneTask : Syncing Archive List of size 1
04-23 22:53:18.425: I/Isotope(19753): UID: [10025] PID: [19753] DownloadHandler : file not present on device. Running state machine for com.google.android.instantapps.dna.archive:39.
04-23 22:53:18.425: I/Isotope(19753): UID: [10025] PID: [19753] DownloadHandler : download state: not_found
04-23 22:53:18.425: I/Isotope(19753): UID: [10025] PID: [19753] DownloadHandler : FullArchive will be downloaded here: /storage/emulated/0/Android/data/com.android.vending/files/dna_data/FullArchive-16877224571587707598443
04-23 22:53:18.425: I/Isotope(19753): UID: [10025] PID: [19753] DownloadManagerWrapper : Enqueuing download for url : https://r2---sn-p5qs7n7z.gvt1.com/play-apps-download-default/download/by-id/AF3DWBcPyOghWqybwzPGzUbuyExVUwnT_qf7AKNIcOTAawHHDfgt0YFVIUexFX-UNZaUpwKL2wW1Znfw4sA0fn1rFAndOTGe0wC3hZwJEhroZT6Q7Xfa_wYkOAZ625xpGfkVU7SPlzB2?cpn=oIIc-IjH0A_5Wl5M&fexp=20580244&initcwndbps=8690&mh=66&mm=31&mn=sn-p5qs7n7z&ms=au&mt=1587707493&mv=m&mvi=1&pl=24&expire=1590126798&ip=108.177.7.92&ipbits=0&sparams=expire,ipbits,ip,q:,initcwndbps,mh,mm,mn,ms,mv,mvi,pl&signature=23AB848BD6D9BBA1BDB2F6FCBAEE64A0B2DC0730.1055F6686233D22F1FEC3113843A6C5623F54E39&key=am3&playpn=MQ..
04-23 22:53:18.435: I/PG Utils(19753): acquire_providerpkg:[com.android.providers.downloads] pid:[] maybe timeout , send to PG
04-23 22:53:18.465: I/PlayCommon(19753): [300] akrb.c(137): Connecting to server for timestamp: https://play.googleapis.com/play/log/timestamp
04-23 22:53:18.475: I/System(19753): core_booster, getBoosterConfig = false
04-23 22:53:18.475: I/System(15520): core_booster, getBoosterConfig = false
04-23 22:53:18.485: I/System(19753): core_booster, getBoosterConfig = false
04-23 22:53:18.485: I/System(15520): core_booster, getBoosterConfig = false
04-23 22:53:18.485: I/PG Utils(15209): acquire_providerpkg:[com.google.android.gsf] pid:[] maybe timeout , send to PG
04-23 22:53:18.485: I/System(15520): core_booster, getBoosterConfig = false
04-23 22:53:18.525: I/PTCommittedOperation(15209): Receive new configuration for com.google.android.gms.auth_api_proxy
04-23 22:53:18.535: I/HwCust(20052): Constructor found for class com.huawei.mms.util.HwCustHwBackgroundLoaderImpl
04-23 22:53:18.535: I/ActivityManager(2958): filter receiver for action = android.intent.action.DROPBOX_ENTRY_ADDED
04-23 22:53:18.595: W/HWContacts(20052): ProviderFeatureChcker - cootek package not installed
04-23 22:53:18.605: E/TmoMonitor(20052): Add already observed target for ThreadEx's defualtExecutor TaskStack com.huawei.cspcommon.ex.ThreadEx$SerialExecutor@3be4a6e4
04-23 22:53:18.605: I/ActivityManager(2958): filter receiver for action = com.google.android.gms.phenotype.COMMITTED
04-23 22:53:18.625: I/HwCust(20052): Constructor found for class com.android.mms.ui.HwCustMessageUtilsImpl
04-23 22:53:18.625: I/Isotope(19753): UID: [10025] PID: [19753] DownloadManagerWrapper : Enqueued download for url : https://r2---sn-p5qs7n7z.gvt1.com/play-apps-download-default/download/by-id/AF3DWBcPyOghWqybwzPGzUbuyExVUwnT_qf7AKNIcOTAawHHDfgt0YFVIUexFX-UNZaUpwKL2wW1Znfw4sA0fn1rFAndOTGe0wC3hZwJEhroZT6Q7Xfa_wYkOAZ625xpGfkVU7SPlzB2?cpn=oIIc-IjH0A_5Wl5M&fexp=20580244&initcwndbps=8690&mh=66&mm=31&mn=sn-p5qs7n7z&ms=au&mt=1587707493&mv=m&mvi=1&pl=24&expire=1590126798&ip=108.177.7.92&ipbits=0&sparams=expire,ipbits,ip,q:,initcwndbps,mh,mm,mn,ms,mv,mvi,pl&signature=23AB848BD6D9BBA1BDB2F6FCBAEE64A0B2DC0730.1055F6686233D22F1FEC3113843A6C5623F54E39&key=am3&playpn=MQ.. with downloadId 11
04-23 22:53:18.635: I/Isotope(19753): UID: [10025] PID: [19753] DownloadHandler : received download id for FullArchive: 11
04-23 22:53:18.645: I/Isotope(19753): UID: [10025] PID: [19753] DownloadHandler : download state: downloading
04-23 22:53:18.645: W/PlayCommon(19753): [300] akrb.a(1): No account for auth token provided
04-23 22:53:18.645: I/PG Utils(19753): acquire_providerpkg:[com.android.providers.downloads] pid:[] maybe timeout , send to PG
04-23 22:53:18.645: I/PlayCommon(19753): [300] akrb.c(169): Connecting to server: https://play.googleapis.com/play/log?format=raw&proto_v2=true
04-23 22:53:18.645: E/Finsky(15520): [229] aalv.call(123): Exceeded max retries for sending device status
04-23 22:53:18.655: I/Finsky(15520): [319] tsg.a(16): SCH: jobFinished: 10-8. TimeElapsed: 3309ms.
04-23 22:53:18.655: I/Finsky(15520): [1] tqw.a(37): SCH: Job 10-8 finished. Not rescheduling.
04-23 22:53:18.665: I/Finsky(15520): [1] tqv.handleMessage(63): SCH: RunningQueue size: 2, PendingQueue size: 0
04-23 22:53:18.665: I/Finsky(15520): [1] tqv.handleMessage(66): SCH: Running queue: 10-44 10-69
04-23 22:53:18.675: I/HwCust(20052): Constructor found for class com.android.mms.data.HwCustConversationImpl
04-23 22:53:18.675: E/art(15209): invalid stream - problem with parameter iterator in /data/data/com.google.android.gms/code_cache/secondary-dexes/base.apk.classes2.zip for method void fca.c(java.lang.String, java.lang.String, java.lang.Object[])
04-23 22:53:18.675: W/NetRec(15209): [1001] ConfigChangedIntentOperation.onHandleIntent: Device does not support scoring, exiting
04-23 22:53:18.685: I/Auth(15209): [AuthManaged,PasswordComplexityHelperImpl] Updating password complexity components state.
04-23 22:53:18.685: I/Auth(15209): [AuthManaged,PasswordComplexityHelperImpl] Disabling com.google.android.gms.auth.managed.admin.DeviceAdminReceiver
04-23 22:53:18.685: I/Auth(15209): [AuthManaged,PasswordComplexityHelperImpl] Disabling com.google.android.gms.auth.managed.ui.SetNewPasswordActivity
04-23 22:53:18.695: I/Mms_threadcache(20052): [RecipientIdCache] fill: begin
04-23 22:53:18.705: I/PlayCommon(19753): [300] akrb.c(199): Successfully uploaded logs.
04-23 22:53:18.715: I/EmuiFeatureManager(20052): loadEmailAnrSupportFlag:true
04-23 22:53:18.715: I/DownloadManager(3152): enter(DownloadThread:DownloadInfo:
04-23 22:53:18.715: I/DownloadManager(3152): mId=11 mLastMod=1587707598490 mPackage=com.android.vending mUid=10025
04-23 22:53:18.715: I/DownloadManager(3152): mUri=https://r2---sn-p5qs7n7z.gvt1.com/play-apps-download-default/download/by-id/AF3DWBcPyOghWqybwzPGzUbuyExVUwnT_qf7AKNIcOTAawHHDfgt0YFVIUexFX-UNZaUpwKL2wW1Znfw4sA0fn1rFAndOTGe0wC3hZwJEhroZT6Q7Xfa_wYkOAZ625xpGfkVU7SPlzB2?cpn=oIIc-IjH0A_5Wl5M&fexp=20580244&initcwndbps=8690&mh=66&mm=31&mn=sn-p5qs7n7z&ms=au&mt=1587707493&mv=m&mvi=1&pl=24&expire=1590126798&ip=108.177.7.92&ipbits=0&sparams=expire,ipbits,ip,q:,initcwndbps,mh,mm,mn,ms,mv,mvi,pl&signature=23AB848BD6D9BBA1BDB2F6FCBAEE64A0B2DC0730.1055F6686233D22F1FEC3113843A6C5623F54E39&key=am3&playpn=MQ..
04-23 22:53:18.715: I/DownloadManager(3152): mMimeType=null mCookies=no mReferer=no mUserAgent=null
04-23 22:53:18.715: I/DownloadManager(3152): mFileName=null mDestination=4
04-23 22:53:18.715: I/DownloadManager(3152): mStatus=RUNNING mDelete=false mCurrentBytes=0 mTotalBytes=-1
04-23 22:53:18.715: I/DownloadManager(3152): mNumFailed=0 mRetryAfter=0 mETag=null mIsPublicApi=true
04-23 22:53:18.715: I/DownloadManager(3152): mAllowedNetworkTypes=2 mAllowRoaming=true mAllowMetered=true
04-23 22:53:18.715: I/DownloadManager(3152): mNoIntegrity=false mHeaderLastModified=0
04-23 22:53:18.755: E/CSP_RADAR(20052): Message execute too long time.{ when=-52ms what=1 target=com.huawei.mms.util.HwBackgroundLoader$3 }
04-23 22:53:18.755: E/MmsConfig(20052): load /system/etc/xml/mms_config.xml MmsSettings caught FileNotFoundException
04-23 22:53:18.775: I/ActivityManager(2958): filter receiver for action = com.google.android.gms.phenotype.COMMITTED
04-23 22:53:18.775: I/System(3152): core_booster, getBoosterConfig = false
04-23 22:53:18.775: I/SimFactoryManager(20052): Inside init method of SimFactoryManger the combination is:-1
04-23 22:53:18.785: I/System(3152): core_booster, getBoosterConfig = false
04-23 22:53:18.785: E/art(15209): invalid stream - problem with parameter iterator in /data/data/com.google.android.gms/code_cache/secondary-dexes/base.apk.classes2.zip for method void fca.c(java.lang.String, java.lang.String, java.lang.Object[])
04-23 22:53:18.785: W/NetRec(15209): [1025] ConfigChangedIntentOperation.onHandleIntent: Device does not support scoring, exiting
04-23 22:53:18.805: I/Auth(15209): [AuthManaged,PasswordComplexityHelperImpl] Updating password complexity components state.
04-23 22:53:18.805: I/Auth(15209): [AuthManaged,PasswordComplexityHelperImpl] Disabling com.google.android.gms.auth.managed.admin.DeviceAdminReceiver
04-23 22:53:18.805: I/Auth(15209): [AuthManaged,PasswordComplexityHelperImpl] Disabling com.google.android.gms.auth.managed.ui.SetNewPasswordActivity
04-23 22:53:18.805: I/SimFactoryManager(20052): Get SIM state from SIM factory manager: 0,For slotId:0
04-23 22:53:18.805: I/SimFactoryManager(20052): isSIM1CardPresent:0
04-23 22:53:18.805: I/HwCust(20052): Constructor found for class com.android.contacts.HwCustContactApplicationHelperImpl
04-23 22:53:18.815: I/SimFactoryManager(20052): Get SIM state from SIM factory manager: 0,For slotId:0
04-23 22:53:18.825: I/SimFactoryManager(20052): Get SIM state from SIM factory manager: 0,For slotId:1
04-23 22:53:18.825: I/SimFactoryManager(20052): updateSimState,sIsSIMCard1Present=false,sIsSIMCard1Enabled=false,sIsSIMCard2Present=false,sIsSIMCard2Enabled=false
04-23 22:53:18.825: W/System.err(3152): Can't open carrierweekinfo-conf.xml
04-23 22:53:18.825: I/SimFactoryManager(20052): Get SIM state from SIM factory manager: 0,For slotId:1
04-23 22:53:18.825: I/SimFactoryManager(20052): isSIM2CardPresent:0
04-23 22:53:18.835: I/SimFactoryManager(20052): Get SIM state from SIM factory manager: 0,For slotId:0
04-23 22:53:18.845: I/SimFactoryManager(20052): Get SIM state from SIM factory manager: 0,For slotId:1
04-23 22:53:18.845: I/SimFactoryManager(20052): updateSimState,sIsSIMCard1Present=false,sIsSIMCard1Enabled=false,sIsSIMCard2Present=false,sIsSIMCard2Enabled=false
04-23 22:53:18.895: I/Finsky(15520): [1] tsg.a(16): SCH: jobFinished: 10-44. TimeElapsed: 2488ms.
04-23 22:53:18.895: I/Finsky(15520): [1] tqw.a(37): SCH: Job 10-44 finished. Not rescheduling.
04-23 22:53:18.895: I/Finsky(15520): [1] tqv.handleMessage(63): SCH: RunningQueue size: 1, PendingQueue size: 0
04-23 22:53:18.895: I/Finsky(15520): [1] tqv.handleMessage(66): SCH: Running queue: 10-69
04-23 22:53:18.915: I/art(2958): Explicit concurrent mark sweep GC freed 50975(2MB) AllocSpace objects, 3(52KB) LOS objects, 33% free, 29MB/44MB, paused 3.505ms total 228.963ms
04-23 22:53:18.915: I/PG Utils(15209): acquire_providerpkg:[com.google.android.gsf] pid:[] maybe timeout , send to PG
04-23 22:53:18.955: W/DownloadManager(3152): fallocate() not supported; falling back to ftruncate()
04-23 22:53:18.955: I/DownloadManager(3152): file:/storage/emulated/0/Android/data/com.android.vending/files/dna_data/FullArchive-16877224571587707598443 is exist, create destFileObserver
04-23 22:53:19.005: I/HwSystemManager(3669): HoldService:uid:10042 pid:17328 died
04-23 22:53:19.005: I/HwSystemManager(3669): HoldService:oldVersionKey:10042,17328
04-23 22:53:19.005: I/HwSystemManager(3669): BgPowerManagerService:onProcessDied uid = 10042
04-23 22:53:19.005: E/HsmCoreServiceImpl(2958): onTransact in code is: 102
04-23 22:53:19.005: I/MediaProcessHandler(2958): processOp opType: 1, uid: 10042, pid: 17328
04-23 22:53:19.005: W/MediaProcessHandler(2958): remove target not exist, maybe the UI process: uid: 10042, pid: 17328
04-23 22:53:19.005: I/PG Utils(19753): acquire_providerpkg:[com.android.providers.downloads] pid:[] maybe timeout , send to PG
04-23 22:53:19.005: I/ActivityManager(2958): filter receiver for action = com.google.android.gms.phenotype.COMMITTED
04-23 22:53:19.015: E/art(15209): invalid stream - problem with parameter iterator in /data/data/com.google.android.gms/code_cache/secondary-dexes/base.apk.classes2.zip for method void fca.c(java.lang.String, java.lang.String, java.lang.Object[])
04-23 22:53:19.015: W/NetRec(15209): [1023] ConfigChangedIntentOperation.onHandleIntent: Device does not support scoring, exiting
04-23 22:53:19.015: I/HwCust(20052): Constructor found for class com.android.mms.transaction.HwCustMsgNotificationImpl
04-23 22:53:19.025: I/HwCust(20052): Constructor found for class com.android.mms.transaction.HwCustMessagingNotificationImpl
04-23 22:53:19.025: I/Auth(15209): [AuthManaged,PasswordComplexityHelperImpl] Updating password complexity components state.
04-23 22:53:19.025: I/Auth(15209): [AuthManaged,PasswordComplexityHelperImpl] Disabling com.google.android.gms.auth.managed.admin.DeviceAdminReceiver
04-23 22:53:19.025: I/Auth(15209): [AuthManaged,PasswordComplexityHelperImpl] Disabling com.google.android.gms.auth.managed.ui.SetNewPasswordActivity
04-23 22:53:19.125: I/HwCust(20123): Constructor found for class com.android.providers.contacts.HwCustContactsProviderHelperImpl
04-23 22:53:19.185: I/HwSystemManager(3669): HoldService:uid:1001 pid:18567 died
04-23 22:53:19.185: I/HwSystemManager(3669): BgPowerManagerService:onProcessDied uid = 1001
04-23 22:53:19.185: I/HwSystemManager(3669): HoldService:oldVersionKey:1001,18567
04-23 22:53:19.185: E/HsmCoreServiceImpl(2958): onTransact in code is: 102
04-23 22:53:19.185: W/MediaProcessHandler(2958): processOp uid 1001 is not concerned!
04-23 22:53:19.185: E/CSP_RADAR(20052): Runnable execute too long time
04-23 22:53:19.195: I/PG Utils(14902): acquire_providerpkg:[com.google.android.gsf] pid:[] maybe timeout , send to PG
04-23 22:53:19.195: I/PG Utils(20123): acquire_providerpkg:[com.android.providers.userdictionary] pid:[] maybe timeout , send to PG
04-23 22:53:19.205: I/PG Utils(14902): acquire_providerpkg:[com.google.android.gsf] pid:[] maybe timeout , send to PG
04-23 22:53:19.215: I/HwCust(20123): Constructor found for class com.android.providers.contacts.HwCustContactsDatabaseHelperImpl
04-23 22:53:19.215: I/HwCust(20123): Constructor found for class com.android.providers.contacts.HwCustContactsDatabaseHelperImpl
04-23 22:53:19.235: I/HwCust(20123): Constructor found for class com.android.providers.contacts.HwCustContactsProvider2Impl
04-23 22:53:19.285: I/PG Utils(15209): acquire_providerpkg:[com.google.android.gsf] pid:[] maybe timeout , send to PG
04-23 22:53:19.295: I/UpdateIcingCorporaServi(17085): Updating corpora: APPS=com.android.vending, CONTACTS=MAYBE
04-23 22:53:19.295: I/PG Utils(15209): acquire_providerpkg:[com.google.android.gsf] pid:[] maybe timeout , send to PG
04-23 22:53:19.345: I/PG Utils(15209): acquire_providerpkg:[com.google.android.gsf] pid:[] maybe timeout , send to PG
04-23 22:53:19.355: I/HwCust(20123): Constructor found for class com.android.providers.contacts.aggregation.HwCustContactAggregatorImpl
04-23 22:53:19.355: I/PG Utils(15209): acquire_providerpkg:[com.google.android.gsf] pid:[] maybe timeout , send to PG
04-23 22:53:19.365: I/UpdateIcingCorporaServi(17085): UpdateCorporaTask done [took 75 ms] updated apps [took 75 ms]
04-23 22:53:19.455: I/HwCust(20123): Constructor found for class com.android.providers.contacts.HwCustDataRowHandlerForGroupMembershipImpl
04-23 22:53:19.495: I/HwSystemManager(3669): HoldService:uid:10057 pid:18678 died
04-23 22:53:19.495: I/HwSystemManager(3669): HoldService:oldVersionKey:10057,18678
04-23 22:53:19.495: I/HwSystemManager(3669): BgPowerManagerService:onProcessDied uid = 10057
04-23 22:53:19.495: E/HsmCoreServiceImpl(2958): onTransact in code is: 102
04-23 22:53:19.495: I/MediaProcessHandler(2958): processOp opType: 1, uid: 10057, pid: 18678
04-23 22:53:19.495: W/MediaProcessHandler(2958): remove target not exist, maybe the UI process: uid: 10057, pid: 18678
04-23 22:53:19.495: I/ActivityManager(2958): filter receiver for action = com.google.android.gms.phenotype.COMMITTED
04-23 22:53:19.505: I/Auth(15209): [AuthManaged,PasswordComplexityHelperImpl] Updating password complexity components state.
04-23 22:53:19.505: I/Auth(15209): [AuthManaged,PasswordComplexityHelperImpl] Disabling com.google.android.gms.auth.managed.admin.DeviceAdminReceiver
04-23 22:53:19.505: I/Auth(15209): [AuthManaged,PasswordComplexityHelperImpl] Disabling com.google.android.gms.auth.managed.ui.SetNewPasswordActivity
04-23 22:53:19.505: E/art(15209): invalid stream - problem with parameter iterator in /data/data/com.google.android.gms/code_cache/secondary-dexes/base.apk.classes2.zip for method void fca.c(java.lang.String, java.lang.String, java.lang.Object[])
04-23 22:53:19.505: W/NetRec(15209): [1001] ConfigChangedIntentOperation.onHandleIntent: Device does not support scoring, exiting
04-23 22:53:19.535: I/HwSystemManager(3669): ContactsObserverHelper:Receive contacts change broadcast
04-23 22:53:19.535: I/PG Utils(15282): acquire_providerpkg:[com.google.android.gsf] pid:[] maybe timeout , send to PG
04-23 22:53:19.585: I/Finsky(15520): [228] tsg.a(16): SCH: jobFinished: 10-69. TimeElapsed: 1925ms.
04-23 22:53:19.585: I/Finsky(15520): [1] tqw.a(37): SCH: Job 10-69 finished. Not rescheduling.
04-23 22:53:19.585: I/Finsky(15520): [1] tqv.handleMessage(63): SCH: RunningQueue size: 0, PendingQueue size: 0
04-23 22:53:19.585: I/Finsky(15520): [1] tqv.handleMessage(70): Waiting on changed job store
04-23 22:53:19.655: I/art(15209): Background sticky concurrent mark sweep GC freed 200173(12MB) AllocSpace objects, 44(1528KB) LOS objects, 18% free, 35MB/43MB, paused 1.860ms total 134.250ms
04-23 22:53:19.655: E/WifiStateMachine(2958): ConnectedState !CMD_RSSI_POLL 1 0 "wl-ftl-mt03-1-24" 44:48:c1:91:9d:e0 rssi=-52 f=2412 sc=100 link=72 tx=104,9, 0,0, 0,0 rx=179,3 bcn=0 [on:0 tx:0 rx:0 period:3003] from screen [on:0 period:-1430299852] gl u24 rssi=-52 ag=0 hr ticks 0,0,0 ls-=0 [56,56,60,60,65] brc=0 lrc=0
04-23 22:53:19.655: E/WifiStateMachine(2958): L2ConnectedState !CMD_RSSI_POLL 1 0 "wl-ftl-mt03-1-24" 44:48:c1:91:9d:e0 rssi=-52 f=2412 sc=100 link=72 tx=104,9, 0,0, 0,0 rx=179,3 bcn=0 [on:0 tx:0 rx:0 period:1] from screen [on:0 period:-1430299851] gl u24 rssi=-52 ag=0 hr ticks 0,0,0 ls-=0 [56,56,60,60,65] brc=0 lrc=0
04-23 22:53:19.655: E/WifiStateMachine(2958): fetchRssiLinkSpeedAndFrequencyNative rssi=-52 linkspeed=72 SSID="wl-ftl-mt03-1-24"
04-23 22:53:19.655: E/WifiStateMachine(2958): calculateWifiScore freq=2412 speed=72 score=100 highRSSI -> txbadrate=0,00 txgoodrate=252,95 txretriesrate=0,00 rxrate=702,15 userTriggerdPenalty0
04-23 22:53:19.655: E/WifiStateMachine(2958): good link -> stuck count =0
04-23 22:53:19.655: E/WifiStateMachine(2958): badRSSI count0 lowRSSI count0 --> score 60
04-23 22:53:19.655: E/WifiStateMachine(2958): isHighRSSI ---> score=65
04-23 22:53:19.755: I/PG Utils(15209): acquire_providerpkg:[com.google.android.gsf] pid:[] maybe timeout , send to PG
04-23 22:53:19.795: I/HwSystemManager(3669): HoldService:uid:1000 pid:18373 died
04-23 22:53:19.795: I/HwSystemManager(3669): HoldService:oldVersionKey:1000,18373
04-23 22:53:19.795: I/HwSystemManager(3669): BgPowerManagerService:onProcessDied uid = 1000
04-23 22:53:19.795: E/HsmCoreServiceImpl(2958): onTransact in code is: 102
04-23 22:53:19.795: W/MediaProcessHandler(2958): processOp uid 1000 is not concerned!
04-23 22:53:19.795: I/ActivityManager(2958): filter receiver for action = com.google.android.gms.phenotype.COMMITTED
04-23 22:53:19.805: E/art(15209): invalid stream - problem with parameter iterator in /data/data/com.google.android.gms/code_cache/secondary-dexes/base.apk.classes2.zip for method void fca.c(java.lang.String, java.lang.String, java.lang.Object[])
04-23 22:53:19.805: W/NetRec(15209): [1023] ConfigChangedIntentOperation.onHandleIntent: Device does not support scoring, exiting
04-23 22:53:19.805: I/Auth(15209): [AuthManaged,PasswordComplexityHelperImpl] Updating password complexity components state.
04-23 22:53:19.805: I/Auth(15209): [AuthManaged,PasswordComplexityHelperImpl] Disabling com.google.android.gms.auth.managed.admin.DeviceAdminReceiver
04-23 22:53:19.805: I/Auth(15209): [AuthManaged,PasswordComplexityHelperImpl] Disabling com.google.android.gms.auth.managed.ui.SetNewPasswordActivity
04-23 22:53:19.815: I/amwy(15209): Removed 0 invalid users [CONTEXT service_id=51 ]
04-23 22:53:19.835: I/PG Utils(15209): acquire_providerpkg:[com.google.android.gsf] pid:[] maybe timeout , send to PG
04-23 22:53:19.895: I/HwSystemManager(20204): SystemManagerApplication:onCreate
04-23 22:53:19.905: I/HwSystemManager(3669): MainService:on startCommand,flags:0,startId:9
04-23 22:53:19.905: I/System.out(20204): [ls, -l, /system/app/HwSystemManager/HwSystemManager.apk]
04-23 22:53:19.905: I/System.out(20204): null
04-23 22:53:19.905: I/System.out(20204): null
04-23 22:53:19.905: I/System.out(20204): Calling by::className:bkk MethodName:yw
04-23 22:53:19.925: I/HwSystemManager(3669): LocalService:Received start id 9: Intent { cmp=com.huawei.systemmanager/com.huawei.permission.HoldService }
04-23 22:53:19.925: I/HwSystemManager(3669): BgPowerManagerService:onStartCommand
04-23 22:53:19.935: E/Thermal-daemon(2347): [ap] temp_new :39 temp_old :38
04-23 22:53:19.935: E/Thermal-daemon(2347): Report temperature: [ap] temp :39 report_threshold:1
04-23 22:53:19.935: I/HwSystemManager(3669): AppLockService:onStartCommand
04-23 22:53:19.935: I/HwSystemManager(20204): check push opration, match idx:-1
04-23 22:53:19.935: I/HwSystemManager(3669): AppCleanUpService:onStartCommand() in!
04-23 22:53:19.955: I/HwSystemManager(20204): HsmStat_info:feature enable:false
04-23 22:53:19.975: I/HwSystemManager(20204): ProtectAppService:send unprotect list broadcast,unprotect list:[com.android.calculator2, com.android.hwmirror, com.zinio.android.settings, com.android.email, com.android.providers.downloads, com.android.musicvis, com.android.exchange, com.huawei.android.thememanager, com.android.browser, com.google.android.apps.mtaas.loginutil, com.google.android.apps.mtaas.tools, com.google.android.apps.auth.test.support, android.support.test.services, androidx.test.services, com.android.tradefed.utils.wifi, com.google.android.apps.mtaas.deviceadmin, com.google.android.apps.mtaas.updateutil, com.google.android.apps.mtaas.backdrop, android.support.test.orchestrator, androidx.test.orchestrator, androidx.test.tools.crawler.stubapp, com.google.android.apps.mtaas.testloop, com.google.android.gms.policy_test_support, com.google.android.gmscore.testing.testsupport, net.rpdev.opentodolist, androidx.test.tools.crawler]
04-23 22:53:19.985: I/HwSystemManager(20204): OverseaCfgHelper:permissionStatus is 0
04-23 22:53:19.995: I/HwSystemManager(20204): SimCardManager:/onReceive: action =android.intent.action.ACTION_DSDS_SUB1_OPERATOR_CHANGED
04-23 22:53:19.995: I/YhdsEngine(20204): [EngineIntentService] Received: com.huawei.dianxinos.optimizer.engine.action.APP_START
04-23 22:53:19.995: I/HwSystemManager(20204): SimCardManager:/getOperatorNameFromService: networkName showSpn = false spn = showPlmn = true plmn = Kein Dienst
04-23 22:53:19.995: I/HwSystemManager(20204): SimCardManager:/getOperatorNameFromService:network name is: Kein Dienst
04-23 22:53:19.995: I/HwSystemManager(20204): SimCardManager:getOperatorNameFromService mNameServSlot0 = null
04-23 22:53:19.995: I/HwSystemManager(20204): SimCardManager:/onReceive: action =android.intent.action.ACTION_DSDS_SUB2_OPERATOR_CHANGED
04-23 22:53:20.005: I/HwSystemManager(20204): SimCardManager:/getOperatorNameFromService: networkName showSpn = false spn = showPlmn = true plmn = Kein Dienst
04-23 22:53:20.005: I/HwSystemManager(20204): SimCardManager:/getOperatorNameFromService:network name is: Kein Dienst
04-23 22:53:20.005: I/HwSystemManager(20204): SimCardManager:getOperatorNameFromService mNameServSlot1 = null
04-23 22:53:20.005: I/HwSystemManager(20204): SimCardManager:/onReceive: action =android.provider.Telephony.SPN_STRINGS_UPDATED
04-23 22:53:20.005: I/HwSystemManager(20204): SimCardManager:action:android.provider.Telephony.SPN_STRINGS_UPDATED
04-23 22:53:20.015: I/YhdsEngine(20204): [EngineIntentService] Received: com.dianxinos.optimizer.engine.action.PKG_CHANGE
04-23 22:53:20.015: I/HwSystemManager(20204): DX-Optimizer:[PackageChangeReceiver] Received: android.intent.action.PACKAGE_CHANGED, data: package:com.android.vending, replacing: false
04-23 22:53:20.055: I/PG Utils(15209): acquire_providerpkg:[com.google.android.gsf] pid:[] maybe timeout , send to PG
04-23 22:53:20.065: I/HwSystemManager(20204): DX-Optimizer:[CommonIntentService] Received: com.dianxinos.optimizer.action.PKG_CHANGE
04-23 22:53:20.065: I/PG Utils(17822): acquire_providerpkg:[com.google.android.gsf] pid:[] maybe timeout , send to PG
04-23 22:53:20.065: I/YhdsEngine(20204): [AlarmEventMgr] event scheduled: com.dianxinos.optimizer.action.ALARM_EVENT_THUMBNAIL_CLEAN
04-23 22:53:20.095: I/YhdsEngine(20204): [EngineIntentService] Received: com.dianxinos.optimizer.action.ALARM_EVENT_THUMBNAIL_CLEAN
04-23 22:53:20.105: I/Finsky(15520): [1] qvg.a(21): PackageMonitor - Received: android.intent.action.PACKAGE_CHANGED, [a8VgBSAH37RIbzeNtwhTjxcPdxI8hJhyAfR8ww2ZQWk]
04-23 22:53:20.105: I/Finsky(15520): [1] qwj.d(11): Invalidating cached PackageState for com.android.vending
04-23 22:53:20.155: I/Finsky(15520): [307] kzo.run(-1): Wrote row to frosting DB: 162
04-23 22:53:20.245: I/PG Utils(15282): acquire_providerpkg:[com.google.android.gsf] pid:[] maybe timeout , send to PG
04-23 22:53:20.255: I/PG Utils(15282): acquire_providerpkg:[com.google.android.gsf] pid:[] maybe timeout , send to PG
04-23 22:53:20.255: I/PG Utils(15282): acquire_providerpkg:[com.google.android.gsf] pid:[] maybe timeout , send to PG
04-23 22:53:20.255: I/HwSystemManager(3669): BgPowerManagerService:onProcessDied uid = 10007
04-23 22:53:20.255: I/HwSystemManager(3669): HoldService:uid:10007 pid:19280 died
04-23 22:53:20.255: I/HwSystemManager(3669): HoldService:oldVersionKey:10007,19280
04-23 22:53:20.255: E/HsmCoreServiceImpl(2958): onTransact in code is: 102
04-23 22:53:20.255: I/Icing(15282): IndexChimeraService.getServiceInterface callingPackage=com.google.android.gms componentName=AppsCorpus serviceId=36
04-23 22:53:20.255: I/MediaProcessHandler(2958): processOp opType: 1, uid: 10007, pid: 19280
04-23 22:53:20.255: W/MediaProcessHandler(2958): remove target not exist, maybe the UI process: uid: 10007, pid: 19280
04-23 22:53:20.255: I/PG Utils(15282): acquire_providerpkg:[com.google.android.gsf] pid:[] maybe timeout , send to PG
04-23 22:53:20.305: I/PG Utils(15282): acquire_providerpkg:[com.google.android.gsf] pid:[] maybe timeout , send to PG
04-23 22:53:20.315: I/PG Utils(15282): acquire_providerpkg:[com.google.android.gsf] pid:[] maybe timeout , send to PG
04-23 22:53:20.325: I/PG Utils(15282): acquire_providerpkg:[com.google.android.gsf] pid:[] maybe timeout , send to PG
04-23 22:53:20.335: I/ActivityManager(2958): filter receiver for action = com.google.android.gms.gcm.ACTION_SCHEDULE
04-23 22:53:20.335: I/PG Utils(15282): acquire_providerpkg:[com.google.android.gsf] pid:[] maybe timeout , send to PG
04-23 22:53:20.385: I/PG Utils(15209): acquire_providerpkg:[com.google.android.gsf] pid:[] maybe timeout , send to PG
04-23 22:53:20.395: I/GmsCoreXrpcWrapper(15282): Returning a channel provider with trafficStatsTag=12803
04-23 22:53:20.405: I/PG Utils(15282): acquire_providerpkg:[com.google.android.gsf] pid:[] maybe timeout , send to PG
04-23 22:53:20.425: I/PG Utils(15282): acquire_providerpkg:[com.google.android.gsf] pid:[] maybe timeout , send to PG
04-23 22:53:20.435: I/ActivityManager(2958): filter receiver for action = com.google.android.gms.phenotype.COMMITTED
04-23 22:53:20.435: E/art(15209): invalid stream - problem with parameter iterator in /data/data/com.google.android.gms/code_cache/secondary-dexes/base.apk.classes2.zip for method void fca.c(java.lang.String, java.lang.String, java.lang.Object[])
04-23 22:53:20.435: W/NetRec(15209): [997] ConfigChangedIntentOperation.onHandleIntent: Device does not support scoring, exiting
04-23 22:53:20.435: I/Auth(15209): [AuthManaged,PasswordComplexityHelperImpl] Updating password complexity components state.
04-23 22:53:20.435: I/Auth(15209): [AuthManaged,PasswordComplexityHelperImpl] Disabling com.google.android.gms.auth.managed.admin.DeviceAdminReceiver
04-23 22:53:20.435: I/Auth(15209): [AuthManaged,PasswordComplexityHelperImpl] Disabling com.google.android.gms.auth.managed.ui.SetNewPasswordActivity
04-23 22:53:20.445: I/System(15209): core_booster, getBoosterConfig = false
04-23 22:53:20.455: I/PG Utils(15282): acquire_providerpkg:[com.google.android.gsf] pid:[] maybe timeout , send to PG
04-23 22:53:20.475: I/System(15209): core_booster, getBoosterConfig = false
04-23 22:53:20.475: I/System(15209): core_booster, getBoosterConfig = false
04-23 22:53:20.485: W/Conscrypt(15209): Could not set socket write timeout: java.net.SocketException: Socket closed
04-23 22:53:20.485: E/art(15209): invalid stream - problem with parameter iterator in /data/app/com.google.android.gms-1/base.apk for method void com.google.android.gms.org.conscrypt.ConscryptFileDescriptorSocket.setSoWriteTimeout(int)
04-23 22:53:20.485: W/Conscrypt(15209): at com.google.android.gms.org.conscrypt.Platform.setSocketWriteTimeout(:com.google.android.gms@200914010@20.09.14 (020400-300565878):2)
