04-23 22:52:08.615: W/System.err(3555): at com.huawei.android.launcher.LauncherModel$LoaderTask.loadWorkspaceOptimize(LauncherModel.java:3272)
04-23 22:52:08.615: W/System.err(3555): at com.huawei.android.launcher.LauncherModel$LoaderTask.run(LauncherModel.java:2310)
04-23 22:52:08.615: W/System.err(3555): at android.os.Handler.handleCallback(Handler.java:739)
04-23 22:52:08.615: W/System.err(3555): at android.os.Handler.dispatchMessage(Handler.java:95)
04-23 22:52:08.615: W/System.err(3555): at android.os.Looper.loop(Looper.java:135)
04-23 22:52:08.615: W/System.err(3555): at android.os.HandlerThread.run(HandlerThread.java:61)
04-23 22:52:08.615: W/System.err(3555): Caused by: android.system.ErrnoException: open failed: ENOENT (No such file or directory)
04-23 22:52:08.615: W/System.err(3555): at libcore.io.Posix.open(Native Method)
04-23 22:52:08.615: W/System.err(3555): at libcore.io.BlockGuardOs.open(BlockGuardOs.java:186)
04-23 22:52:08.615: W/System.err(3555): at libcore.io.IoBridge.open(IoBridge.java:449)
04-23 22:52:08.615: W/System.err(3555): ... 10 more
04-23 22:52:08.615: I/HwLauncher(3555): Launcher.Settings isCloudFolderEnabled=true
04-23 22:52:08.615: I/HwLauncher(3555): Model loadWorkspaceScreens loadScreen from WorkspaceScreensDb
04-23 22:52:08.625: I/HwLauncher(3555): Model loadHotseatCellCountXFromDB:0
04-23 22:52:08.625: I/HwLauncher(3555): Model loadWorkspaceOptimize start load sBgScreenOrder = [1, 2],currentScreen=0, maxScreen=1,mDBHotseatCellCountX=0
04-23 22:52:08.625: I/HwLauncher(3555): Launcher Launcher startBinding
04-23 22:52:08.635: I/HwLauncher(3555): Launcher bindScreens -- orderedScreenIds =[1, 2]
04-23 22:52:08.635: I/HwLauncher(3555): Model workspace layout:
04-23 22:52:08.635: I/HwLauncher(3555): Model [ ....|.... ]
04-23 22:52:08.635: I/HwLauncher(3555): Model [ ....|.... ]
04-23 22:52:08.635: I/HwLauncher(3555): Model [ ....|.... ]
04-23 22:52:08.635: I/HwLauncher(3555): Model [ ....|.... ]
04-23 22:52:08.635: I/HwLauncher(3555): Model [ ....|.... ]
04-23 22:52:08.635: I/HwLauncher(3555): Launcher.SDdockItems count = 0
04-23 22:52:08.645: I/HwLauncher(3555): Model workspace layout:
04-23 22:52:08.645: I/HwLauncher(3555): Model [ ....|.... ]
04-23 22:52:08.645: I/HwLauncher(3555): Model [ ....|.... ]
04-23 22:52:08.645: I/HwLauncher(3555): Model [ ....|.... ]
04-23 22:52:08.645: I/HwLauncher(3555): Model [ ....|.... ]
04-23 22:52:08.645: I/HwLauncher(3555): Model [ ....|.... ]
04-23 22:52:08.675: I/HwSystemManager(3669): BgPowerManagerService:onProcessDied uid = 10089
04-23 22:52:08.675: I/HwSystemManager(3669): HoldService:uid:10089 pid:10663 died
04-23 22:52:08.675: I/HwSystemManager(3669): HoldService:oldVersionKey:10089,10663
04-23 22:52:08.675: E/HsmCoreServiceImpl(2958): onTransact in code is: 102
04-23 22:52:08.675: I/MediaProcessHandler(2958): processOp opType: 1, uid: 10089, pid: 10663
04-23 22:52:08.675: W/MediaProcessHandler(2958): remove target not exist, maybe the UI process: uid: 10089, pid: 10663
04-23 22:52:08.735: W/System.err(14440): Can't open carrierweekinfo-conf.xml
04-23 22:52:08.815: I/appproc(14538): CLASSPATH=/system/framework/settings.jar
04-23 22:52:08.815: I/appproc(14538): Command=app_process /system/bin com.android.commands.settings.SettingsCmd put system firebase.test.lab true
04-23 22:52:08.815: I/appproc(14538): app_process:number,6,0
04-23 22:52:08.825: I/art(2958): Explicit concurrent mark sweep GC freed 22359(1260KB) AllocSpace objects, 2(36KB) LOS objects, 33% free, 28MB/42MB, paused 1.805ms total 175.488ms
04-23 22:52:08.825: I/AndroidRuntime(14538): readDownloadBoosterConfig: 'false'
04-23 22:52:08.825: I/PG Utils(14440): acquire_providerpkg:[com.google.android.gsf] pid:[] maybe timeout , send to PG
04-23 22:52:08.825: I/HwLauncher(3555): Model get real folder title oId = 2131362003
04-23 22:52:08.825: I/HwLauncher(3555): Model get real folder title = Google
04-23 22:52:08.855: I/Babel_SMS(14440): MmsConfig: mnc/mcc: 0/0
04-23 22:52:08.855: I/Babel_SMS(14440): MmsConfig.loadMmsSettings
04-23 22:52:08.855: I/Babel_SMS(14440): MmsConfig.loadDeviceMmsSettings from API: mUserAgent=Android-Mms/2.0, mUaProfUrl=http://www.google.com/oha/rdf/ua-profile-kila.xml
04-23 22:52:08.855: I/Babel_SMS(14440): MmsConfig.loadFromDatabase
04-23 22:52:08.875: I/HwLauncher(3555): Model workspace layout:
04-23 22:52:08.875: I/HwLauncher(3555): Model [ ....|.... ]
04-23 22:52:08.875: I/HwLauncher(3555): Model [ ....|.... ]
04-23 22:52:08.875: I/HwLauncher(3555): Model [ ....|.... ]
04-23 22:52:08.875: I/HwLauncher(3555): Model [ ....|#... ]
04-23 22:52:08.875: I/HwLauncher(3555): Model [ ....|.... ]
04-23 22:52:08.875: I/HwLauncher(3555): Model get real folder title oId = 2131361855
04-23 22:52:08.875: I/HwLauncher(3555): Model get real folder title = Werkzeuge
04-23 22:52:08.885: E/Babel_SMS(14440): canonicalizeMccMnc: invalid mccmnc
04-23 22:52:08.885: I/Babel_SMS(14440): MmsConfig.loadFromResources
04-23 22:52:08.885: E/Babel_SMS(14440): canonicalizeMccMnc: invalid mccmnc nullnull
04-23 22:52:08.885: I/Babel_SMS(14440): MmsConfig.loadMmsSettings: mUserAgent=Android-Mms/2.0, mUaProfUrl=http://www.google.com/oha/rdf/ua-profile-kila.xml
04-23 22:52:08.895: I/HwLauncher(3555): Model LauncherModel loadHotseatAndDeskTop :this Item is SDApps,loading it until loadSDApps. intent = Intent { act=android.intent.action.MAIN cat=[android.intent.category.LAUNCHER] flg=0x10200000 cmp=com.huawei.android.hwouc/.ui.activities.MainEntranceActivity }
04-23 22:52:08.905: I/HwLauncher(3555): Launcher.IconCache changeStkTitleBySim() title from stk db = SIM Toolkit
04-23 22:52:08.905: I/HwLauncher(3555): Launcher.IconCache changeStkTitleBySim() title from stk db = SIM Toolkit
04-23 22:52:08.905: I/CallUtils(14272): getSimNameFromBroadcastaction:android.intent.action.ACTION_DSDS_SUB1_OPERATOR_CHANGED
04-23 22:52:08.905: I/CallUtils(14272): action:android.intent.action.ACTION_DSDS_SUB1_OPERATOR_CHANGED networkName showSpn = false spn = showPlmn = true plmn = Kein Dienst
04-23 22:52:08.915: I/HwLauncher(3555): Model workspace layout:
04-23 22:52:08.915: I/HwLauncher(3555): Model [ ....|.... ]
04-23 22:52:08.915: I/HwLauncher(3555): Model [ ....|.... ]
04-23 22:52:08.915: I/HwLauncher(3555): Model [ ....|.... ]
04-23 22:52:08.915: I/HwLauncher(3555): Model [ ....|#..# ]
04-23 22:52:08.915: I/HwLauncher(3555): Model [ ....|.... ]
04-23 22:52:08.925: I/CallUtils(14272): getSimNameFromBroadcastaction:android.intent.action.ACTION_DSDS_SUB2_OPERATOR_CHANGED
04-23 22:52:08.925: I/CallUtils(14272): action:android.intent.action.ACTION_DSDS_SUB2_OPERATOR_CHANGED networkName showSpn = false spn = showPlmn = true plmn = Kein Dienst
04-23 22:52:08.925: I/HwLauncher(3555): PagedView.TouchTrackerTouchTracker construct mEnable=true mDrawingDelay=24
04-23 22:52:08.925: I/HwLauncher(3555): CellLayout SYSTEMUI_HW_NAVI_BAR:true,isNaviBarMin():false,isLand:1
04-23 22:52:08.925: I/HwLauncher(3555): Model workspace layout:
04-23 22:52:08.925: I/HwLauncher(3555): Model [ ....|###. ]
04-23 22:52:08.925: I/HwLauncher(3555): Model [ ....|.... ]
04-23 22:52:08.925: I/HwLauncher(3555): Model [ ....|.... ]
04-23 22:52:08.925: I/HwLauncher(3555): Model [ ....|#..# ]
04-23 22:52:08.925: I/HwLauncher(3555): Model [ ....|.... ]
04-23 22:52:08.935: I/HwLauncher(3555): Model loadSdApps info == null className = com.huawei.android.hwouc.ui.activities.MainEntranceActivity
04-23 22:52:08.935: I/PG Utils(12759): acquire_providerpkg:[com.google.android.gsf] pid:[] maybe timeout , send to PG
04-23 22:52:08.945: I/HwLauncher(3555): Model workspace layout:
04-23 22:52:08.945: I/HwLauncher(3555): Model [ ....|###. ]
04-23 22:52:08.945: I/HwLauncher(3555): Model [ ....|.... ]
04-23 22:52:08.945: I/HwLauncher(3555): Model [ ....|.... ]
04-23 22:52:08.945: I/HwLauncher(3555): Model [ ....|#..# ]
04-23 22:52:08.945: I/HwLauncher(3555): Model [ ....|.... ]
04-23 22:52:08.945: I/PG Utils(12759): acquire_providerpkg:[com.google.android.gsf] pid:[] maybe timeout , send to PG
04-23 22:52:08.955: W/StubController(12759): calendar access!
04-23 22:52:08.955: E/textview(3555): initAddtionalStyle default
04-23 22:52:08.955: I/HwLauncher(3555): Model filterDeskApps installed Apps num= 0
04-23 22:52:08.955: I/HwLauncher(3555): Launcher.SD load and bind over sSDApps.size() = 0
04-23 22:52:08.955: I/HwLauncher(3555): Launcher.SDcheckSDInfor mHasSDInfo = false
04-23 22:52:08.965: I/PG Utils(12759): acquire_providerpkg:[com.android.providers.calendar] pid:[] maybe timeout , send to PG
04-23 22:52:08.965: I/HwLauncher(3555): Model workspace layout:
04-23 22:52:08.965: I/HwLauncher(3555): Model [ ....|###. ]
04-23 22:52:08.965: I/HwLauncher(3555): [
04-23 22:52:08.965 14538:14538 I/ ]
04-23 22:52:08.965: I/HwLauncher(3555): power log dlsym ok
04-23 22:52:08.965: I/HwLauncher(3555): Model [ ....|.... ]
04-23 22:52:08.965: I/HwLauncher(3555): Model [ ....|.... ]
04-23 22:52:08.965: I/HwLauncher(3555): Model [ ....|#..# ]
04-23 22:52:08.965: I/HwLauncher(3555): Model [ ....|.... ]
04-23 22:52:08.965: I/HwLauncher(3555): Model Setting thread priority to BACKGROUND
04-23 22:52:08.975: I/HwLauncher(3555): CellLayout SYSTEMUI_HW_NAVI_BAR:true,isNaviBarMin():false,isLand:1
04-23 22:52:08.975: I/HwLauncher(3555): CellLayout SYSTEMUI_HW_NAVI_BAR:true,isNaviBarMin():false,isLand:1
04-23 22:52:08.975: I/HwLauncher(3555): CellLayout SYSTEMUI_HW_NAVI_BAR:true,isNaviBarMin():false,isLand:1
04-23 22:52:08.985: I/HwLauncher(3555): Launcher.Folder initFolderPage pageNum=4 4
04-23 22:52:08.985: I/HwLauncher(3555): Launcher.Folder add ShortcutInfo(title=Chrome) container 6 to folder id 6 screen=0 cellXY=1,0 sucess=true
04-23 22:52:08.985: W/Settings(14440): Setting airplane_mode_on has moved from android.provider.Settings.System to android.provider.Settings.Global, returning read-only value.
04-23 22:52:08.985: I/HwLauncher(3555): Launcher.Folder add ShortcutInfo(title=Gmail) container 6 to folder id 6 screen=0 cellXY=2,0 sucess=true
04-23 22:52:08.995: I/HwLauncher(3555): Launcher.Folder add ShortcutInfo(title=Google+) container 6 to folder id 6 screen=0 cellXY=0,1 sucess=true
04-23 22:52:08.995: I/PG Utils(12759): acquire_providerpkg:[com.google.android.gsf] pid:[] maybe timeout , send to PG
04-23 22:52:08.995: I/HwLauncher(3555): Launcher.Folder add ShortcutInfo(title=Maps) container 6 to folder id 6 screen=0 cellXY=1,1 sucess=true
04-23 22:52:08.995: W/StubController(12759): calendar access!
04-23 22:52:08.995: I/Babel_Crash(14440): startup - clean
04-23 22:52:08.995: I/HwLauncher(3555): Launcher.Folder add ShortcutInfo(title=Play Musik) container 6 to folder id 6 screen=0 cellXY=2,1 sucess=true
04-23 22:52:09.005: I/HwLauncher(3555): Launcher.Folder add ShortcutInfo(title=Play Filme & TV) container 6 to folder id 6 screen=0 cellXY=0,2 sucess=true
04-23 22:52:09.005: I/Icing(12759): Indexing com.google.android.googlequicksearchbox-applications_uri from com.google.android.googlequicksearchbox
04-23 22:52:09.005: I/HwLauncher(3555): Launcher.Folder add ShortcutInfo(title=Play Bücher) container 6 to folder id 6 screen=0 cellXY=1,2 sucess=true
04-23 22:52:09.005: I/HwLauncher(3555): Launcher.Folder add ShortcutInfo(title=Play Kiosk) container 6 to folder id 6 screen=0 cellXY=2,2 sucess=true
04-23 22:52:09.005: I/HwLauncher(3555): Launcher.Folder add ShortcutInfo(title=Play Spiele) container 6 to folder id 6 screen=1 cellXY=0,0 sucess=true
04-23 22:52:09.015: I/PG Utils(12759): acquire_providerpkg:[com.google.android.googlequicksearchbox] pid:[] maybe timeout , send to PG
04-23 22:52:09.015: I/HwLauncher(3555): Launcher.Folder add ShortcutInfo(title=Google Drive) container 6 to folder id 6 screen=1 cellXY=1,0 sucess=true
04-23 22:52:09.015: E/android_hardware_fm.cpp(14538): register_android_hardware_fm_fmradio
04-23 22:52:09.015: I/android_hardware_fm.cpp(14538): ========64bit long size = 8
04-23 22:52:09.015: E/FM_HAL(14538): [FM_HAL], libname is libhisifm_if
04-23 22:52:09.015: I/HwLauncher(3555): Launcher.Folder add ShortcutInfo(title=YouTube) container 6 to folder id 6 screen=1 cellXY=2,0 sucess=true
04-23 22:52:09.015: I/fm_hisi(14538): FM::[fm_device_open:4655] fm_device_open
04-23 22:52:09.015: I/fm_hisi(14538): FM::[fm_device_open:4666] find the id:libhisifm_if and begins to open the device
04-23 22:52:09.015: I/fm_hisi(14538): FM::[fm_device_open:4710] device open sucess
04-23 22:52:09.015: E/android_hardware_fm.cpp(14538): register_android_hardware_fm_fmradio, ret is 0
04-23 22:52:09.025: I/HwLauncher(3555): Launcher.Folder add ShortcutInfo(title=Fotos) container 6 to folder id 6 screen=1 cellXY=0,1 sucess=true
04-23 22:52:09.025: I/HwLauncher(3555): Launcher.Folder add ShortcutInfo(title=Hangouts) container 6 to folder id 6 screen=1 cellXY=1,1 sucess=true
04-23 22:52:09.025: I/HwLauncher(3555): Launcher.Folder add ShortcutInfo(title=Play Store) container 6 to folder id 6 screen=1 cellXY=2,1 sucess=true
04-23 22:52:09.035: I/HwLauncher(3555): Launcher.Folder add ShortcutInfo(title=Ein​stellungen) container 6 to folder id 6 screen=0 cellXY=0,0 sucess=true
04-23 22:52:09.035: I/HwLauncher(3555): Launcher.Folder add ShortcutInfo(title=Kamera) container 6 to folder id 6 screen=2 cellXY=1,0 sucess=true
04-23 22:52:09.035: I/HwLauncher(3555): Launcher.Folder add ShortcutInfo(title=Galerie) container 6 to folder id 6 screen=2 cellXY=1,1 sucess=true
04-23 22:52:09.035: I/PG Utils(12759): acquire_providerpkg:[com.google.android.gsf] pid:[] maybe timeout , send to PG
04-23 22:52:09.045: I/HwLauncher(3555): Launcher.Folder add ShortcutInfo(title=Musik) container 6 to folder id 6 screen=2 cellXY=2,2 sucess=true
04-23 22:52:09.045: I/HwLauncher(3555): Launcher.Folder add ShortcutInfo(title=Videos) container 6 to folder id 6 screen=3 cellXY=2,1 sucess=true
04-23 22:52:09.045: I/HwLauncher(3555): Launcher.Folder add ShortcutInfo(title=E-Mail) container 6 to folder id 6 screen=3 cellXY=1,1 sucess=true
04-23 22:52:09.045: I/PG Utils(12759): acquire_providerpkg:[com.google.android.gsf] pid:[] maybe timeout , send to PG
04-23 22:52:09.055: I/HwLauncher(3555): Launcher.Folder add ShortcutInfo(title=Telefon​manager) container 6 to folder id 6 screen=2 cellXY=1,2 sucess=true
04-23 22:52:09.055: I/HwLauncher(3555): Launcher.Folder add ShortcutInfo(title=Memo) container 6 to folder id 6 screen=3 cellXY=0,2 sucess=true
04-23 22:52:09.055: I/PG Utils(12759): acquire_providerpkg:[com.google.android.gsf] pid:[] maybe timeout , send to PG
04-23 22:52:09.055: I/HwLauncher(3555): Launcher.Folder add ShortcutInfo(title=Designs) container 6 to folder id 6 screen=3 cellXY=2,0 sucess=true
04-23 22:52:09.065: I/HwLauncher(3555): DynamicUpdater registerReceiver
04-23 22:52:09.065: I/HwLauncher(3555): DynamicUpdater call updateFolder
04-23 22:52:09.065: I/HwLauncher(3555): Launcher.Folder add ShortcutInfo(title=Kalender) container 6 to folder id 6 screen=3 cellXY=0,1 sucess=true
04-23 22:52:09.065: I/HwLauncher(3555): DynamicIconData , getDrawableForDynamic begin, pkg = com.android.deskclock, picName = deskclock_bg
04-23 22:52:09.065: I/HwLauncher(3555): DynamicIconData , getDrawableForDynamic end, pkg = com.android.deskclock, picName = deskclock_bg
04-23 22:52:09.065: I/HwLauncher(3555): DynamicUpdater registerReceiver
04-23 22:52:09.075: I/HwLauncher(3555): DynamicUpdater call updateFolder
04-23 22:52:09.075: I/HwLauncher(3555): Launcher.Folder add ShortcutInfo(title=Uhr) container 6 to folder id 6 screen=2 cellXY=2,1 sucess=true
04-23 22:52:09.075: I/PG Utils(12759): acquire_providerpkg:[com.google.android.gsf] pid:[] maybe timeout , send to PG
04-23 22:52:09.075: I/HwLauncher(3555): Launcher.Folder add ShortcutInfo(title=Dateien) container 6 to folder id 6 screen=2 cellXY=0,2 sucess=true
04-23 22:52:09.085: I/HwLauncher(3555): Launcher.Folder add ShortcutInfo(title=Huawei Cloud+) container 6 to folder id 6 screen=3 cellXY=0,0 sucess=true
04-23 22:52:09.085: I/PG Utils(12759): acquire_providerpkg:[com.google.android.gsf] pid:[] maybe timeout , send to PG
04-23 22:52:09.085: I/HwLauncher(3555): Launcher.Folder add ShortcutInfo(title=Google) container 6 to folder id 6 screen=3 cellXY=1,0 sucess=true
04-23 22:52:09.095: I/HwLauncher(3555): Launcher.Folder add ShortcutInfo(title=Sprachsuche) container 6 to folder id 6 screen=2 cellXY=2,0 sucess=true
04-23 22:52:09.095: I/HwLauncher(3555): Launcher.Folder add ShortcutInfo(title=Google Einstellungen) container 6 to folder id 6 screen=2 cellXY=0,1 sucess=true
04-23 22:52:09.095: I/PG Utils(12759): acquire_providerpkg:[com.google.android.gsf] pid:[] maybe timeout , send to PG
04-23 22:52:09.095: I/HwLauncher(3555): Launcher.Folder add ShortcutInfo(title=Telefon) container 6 to folder id 6 screen=1 cellXY=0,2 sucess=true
04-23 22:52:09.105: I/PG Utils(12759): acquire_providerpkg:[com.google.android.gsf] pid:[] maybe timeout , send to PG
04-23 22:52:09.105: I/HwLauncher(3555): Launcher.Folder add ShortcutInfo(title=Kontakte) container 6 to folder id 6 screen=1 cellXY=1,2 sucess=true
04-23 22:52:09.105: I/IcingInternalCorpora(12759): EventIndexer: starting incremental update
04-23 22:52:09.105: I/HwLauncher(3555): Launcher.Folder add ShortcutInfo(title=Nachrichten) container 6 to folder id 6 screen=1 cellXY=2,2 sucess=true
04-23 22:52:09.105: I/IcingInternalCorpora(12759): EventIndexer: 0 added, 0 removed, 0 changed, 0 unchanged, 0 errors.
04-23 22:52:09.115: I/HwLauncher(3555): Launcher.Folder add ShortcutInfo(title=Browser) container 6 to folder id 6 screen=2 cellXY=0,0 sucess=true
04-23 22:52:09.165: I/IcingInternalCorpora(12759): EventIndexer: finished after 58 ms.
04-23 22:52:09.165: I/HwLauncher(3555): PagedView.TouchTrackerTouchTracker construct mEnable=true mDrawingDelay=24
04-23 22:52:09.165: I/HwLauncher(3555): CellLayout SYSTEMUI_HW_NAVI_BAR:true,isNaviBarMin():false,isLand:1
04-23 22:52:09.185: I/art(2340): Explicit concurrent mark sweep GC freed 706(30KB) AllocSpace objects, 0(0B) LOS objects, 55% free, 12MB/28MB, paused 209us total 26.720ms
04-23 22:52:09.185: E/textview(3555): initAddtionalStyle default
04-23 22:52:09.195: I/HwLauncher(3555): CellLayout SYSTEMUI_HW_NAVI_BAR:true,isNaviBarMin():false,isLand:1
04-23 22:52:09.195: I/HwLauncher(3555): Launcher.Folder initFolderPage pageNum=2 2
04-23 22:52:09.195: W/VideoCapabilities(14440): Unsupported mime video/mpeg
04-23 22:52:09.195: W/VideoCapabilities(14440): Unsupported mime video/mpeg2
04-23 22:52:09.195: I/HwLauncher(3555): Launcher.Folder add ShortcutInfo(title=Rechner) container 40 to folder id 40 screen=0 cellXY=0,0 sucess=true
04-23 22:52:09.195: W/VideoCapabilities(14440): Unrecognized profile 32768 for video/3gpp
04-23 22:52:09.195: W/VideoCapabilities(14440): Unrecognized profile 32768 for video/3gpp
04-23 22:52:09.195: W/VideoCapabilities(14440): Unrecognized profile 32768 for video/3gpp
04-23 22:52:09.195: W/VideoCapabilities(14440): Unrecognized profile 32768 for video/3gpp
04-23 22:52:09.205: W/VideoCapabilities(14440): Unrecognized profile 32768 for video/3gpp
04-23 22:52:09.205: W/VideoCapabilities(14440): Unrecognized profile 32768 for video/3gpp
04-23 22:52:09.205: W/VideoCapabilities(14440): Unrecognized profile 32768 for video/3gpp
04-23 22:52:09.205: W/VideoCapabilities(14440): Unrecognized profile 32768 for video/3gpp
04-23 22:52:09.205: W/VideoCapabilities(14440): Unrecognized profile/level 0/0 for video/3gpp
04-23 22:52:09.205: W/VideoCapabilities(14440): Unrecognized profile 0 for video/3gpp
04-23 22:52:09.205: W/VideoCapabilities(14440): Unsupported mime video/mp4
04-23 22:52:09.205: I/HwLauncher(3555): Launcher.Folder add ShortcutInfo(title=Rekorder) container 40 to folder id 40 screen=0 cellXY=1,0 sucess=true
04-23 22:52:09.205: I/VideoCapabilities(14440): Unsupported profile 8 for video/mp4v-es
04-23 22:52:09.205: I/VideoCapabilities(14440): Unsupported profile 8 for video/mp4v-es
04-23 22:52:09.205: I/VideoCapabilities(14440): Unsupported profile 8 for video/mp4v-es
04-23 22:52:09.205: I/VideoCapabilities(14440): Unsupported profile 8 for video/mp4v-es
04-23 22:52:09.205: I/VideoCapabilities(14440): Unsupported profile 8 for video/mp4v-es
04-23 22:52:09.205: I/VideoCapabilities(14440): Unsupported profile 8 for video/mp4v-es
04-23 22:52:09.205: I/VideoCapabilities(14440): Unsupported profile 8 for video/mp4v-es
04-23 22:52:09.205: I/VideoCapabilities(14440): Unsupported profile 8 for video/mp4v-es
04-23 22:52:09.205: W/VideoCapabilities(14440): Unrecognized profile/level 32768/2 for video/mp4v-es
04-23 22:52:09.205: W/VideoCapabilities(14440): Unrecognized profile 0 for video/mp4v-es
04-23 22:52:09.205: W/VideoCapabilities(14440): Unsupported mime video/mpeg4
04-23 22:52:09.205: W/VideoCapabilities(14440): Unsupported mime video/x-flv
04-23 22:52:09.205: I/HwLauncher(3555): Launcher.Folder add ShortcutInfo(title=FM-Radio) container 40 to folder id 40 screen=0 cellXY=2,0 sucess=true
04-23 22:52:09.205: W/VideoCapabilities(14440): Unsupported mime video/vc1
04-23 22:52:09.215: W/VideoCapabilities(14440): Unsupported mime video/wvc1
04-23 22:52:09.215: I/art(2340): Explicit concurrent mark sweep GC freed 5(160B) AllocSpace objects, 0(0B) LOS objects, 55% free, 12MB/28MB, paused 245us total 28.766ms
04-23 22:52:09.215: W/VideoCapabilities(14440): Unsupported mime video/x-ms-wmv
04-23 22:52:09.215: I/HwLauncher(3555): Launcher.Folder add ShortcutInfo(title=Spiegel) container 40 to folder id 40 screen=0 cellXY=0,1 sucess=true
04-23 22:52:09.215: W/VideoCapabilities(14440): Unsupported mime video/x-ms-wmv3
04-23 22:52:09.215: I/HwLauncher(3555): Launcher.Folder add ShortcutInfo(title=Lupe) container 40 to folder id 40 screen=0 cellXY=1,1 sucess=true
04-23 22:52:09.215: W/VideoCapabilities(14440): Unsupported mime video/x-pn-realvideo
04-23 22:52:09.215: W/VideoCapabilities(14440): Unsupported mime video/ffmpeg
04-23 22:52:09.215: W/AudioCapabilities(14440): Unsupported mime audio/ffmpeg
04-23 22:52:09.215: I/HwLauncher(3555): Launcher.Folder add ShortcutInfo(title=Daten​sicherung) container 40 to folder id 40 screen=0 cellXY=2,1 sucess=true
04-23 22:52:09.225: I/HwLauncher(3555): Launcher.Folder add ShortcutInfo(title=Downloads) container 40 to folder id 40 screen=0 cellXY=0,2 sucess=true
04-23 22:52:09.225: I/HwLauncher(3555): Launcher.Folder add ShortcutInfo(title=SIM Toolkit) container 40 to folder id 40 screen=0 cellXY=1,2 sucess=true
04-23 22:52:09.235: I/HwLauncher(3555): Launcher.Folder add ShortcutInfo(title=SIM Toolkit) container 40 to folder id 40 screen=0 cellXY=2,2 sucess=true
04-23 22:52:09.235: I/VideoCapabilities(14440): Unsupported profile 4 for video/mp4v-es
04-23 22:52:09.235: I/HwLauncher(3555): Launcher.Folder add ShortcutInfo(title=Taschen​lampe) container 40 to folder id 40 screen=1 cellXY=0,0 sucess=true
04-23 22:52:09.245: I/art(2340): Explicit concurrent mark sweep GC freed 5(160B) AllocSpace objects, 0(0B) LOS objects, 55% free, 12MB/28MB, paused 2.668ms total 26.178ms
04-23 22:52:09.245: I/PG Utils(12759): acquire_providerpkg:[com.google.android.googlequicksearchbox] pid:[] maybe timeout , send to PG
04-23 22:52:09.245: I/HwLauncher(3555): Launcher.Folder add ShortcutInfo(title=Display-Sperre) container 40 to folder id 40 screen=1 cellXY=1,0 sucess=true
04-23 22:52:09.305: I/HwLauncher(3555): Launcher finishBindingItems()
04-23 22:52:09.305: I/PG Utils(12759): acquire_providerpkg:[com.google.android.googlequicksearchbox] pid:[] maybe timeout , send to PG
04-23 22:52:09.315: I/HwLauncher(3555): PagedView.TouchTrackerTouchTracker construct mEnable=true mDrawingDelay=24
04-23 22:52:09.315: I/PG Utils(12759): acquire_providerpkg:[com.google.android.googlequicksearchbox] pid:[] maybe timeout , send to PG
04-23 22:52:09.325: I/vclib(14440): onServiceConnected
04-23 22:52:09.325: E/HideAppsPagedView(3555): getCurrentHideApps begin
04-23 22:52:09.325: E/HideAppsPagedView(3555): getCurrentHideApps end
04-23 22:52:09.325: E/HideAppsPagedView(3555): syncPages mCurrentPage = 0
04-23 22:52:09.335: E/HideAppsPagedView(3555): syncAppsPageItems page = 0 mNumAppsPages = 1 mCurrentPage = 0
04-23 22:52:09.335: E/HideAppsPagedView(3555): createAddIcon count = 0
04-23 22:52:09.335: I/PG Utils(12759): acquire_providerpkg:[com.google.android.googlequicksearchbox] pid:[] maybe timeout , send to PG
04-23 22:52:09.345: I/HwLauncher(3555): Launcher size=0 initSize=0
04-23 22:52:09.345: I/HwLauncher(3555): Model addMeWidgetUnitToDb()
04-23 22:52:09.345: I/HwLauncher(3555): Model done with previous binding step
04-23 22:52:09.345: I/HwLauncher(3555): Model waited 412155ms for previous step to finish binding
04-23 22:52:09.345: I/HwLauncher(3555): Model Comparing loaded icons to database icons
04-23 22:52:09.345: E/HideAppsPagedView(3555): removeItems begin
04-23 22:52:09.345: E/HideAppsPagedView(3555): removeItems end
04-23 22:52:09.355: I/PG Utils(12759): acquire_providerpkg:[com.google.android.googlequicksearchbox] pid:[] maybe timeout , send to PG
04-23 22:52:09.365: I/Icing(12759): Indexing done com.google.android.googlequicksearchbox-applications_uri
04-23 22:52:09.505: I/art(14440): Can not find class: Ljavax/net/ssl/SNIServerName;
04-23 22:52:09.505: I/art(14440): Can not find class: Ljavax/net/ssl/SNIHostName;
04-23 22:52:09.515: I/art(14440): Can not find class: Ljavax/net/ssl/SNIHostName;
04-23 22:52:09.515: I/art(14440): Can not find class: Ljavax/net/ssl/SNIHostName;
04-23 22:52:09.545: W/System.err(3555): Can't open carrierweekinfo-conf.xml
04-23 22:52:09.545: I/HwLauncher(3555): CalenderDynamicUpdater date is: mDayOfMonth:23
04-23 22:52:09.545: I/HwLauncher(3555): mDayOfWeek:5
04-23 22:52:09.545: I/art(14440): Can not find class: Lcom/google/android/gms/org/conscrypt/OpenSSLSocketFactoryImpl;
04-23 22:52:09.545: W/System(14440): Could not create com.google.android.gms.org.conscrypt.OpenSSLSocketFactoryImpl with ClassLoader dalvik.system.PathClassLoader[DexPathList[[zip file "/system/framework/com.google.android.media.effects.jar", zip file "/system/app/Hangouts/Hangouts.apk"],nativeLibraryDirectories=[/system/app/Hangouts/lib/arm, /vendor/lib, /system/lib]]]: com.google.android.gms.org.conscrypt.OpenSSLSocketFactoryImpl
04-23 22:52:09.555: I/ProviderInstaller(14440): Installed default security provider GmsCore_OpenSSL
04-23 22:52:09.555: I/HwLauncher(3555): DynamicIconData , getDrawableForDynamic begin, pkg = com.android.calendar, picName = calendar23
04-23 22:52:09.555: I/HwLauncher(3555): DynamicIconData , getDrawableForDynamic end, pkg = com.android.calendar, picName = calendar23
04-23 22:52:09.555: I/HwLauncher(3555): DynamicIconData , getDrawableForDynamic begin, pkg = com.android.calendar, picName = calendar23
04-23 22:52:09.555: I/HwLauncher(3555): DynamicIconData , getDrawableForDynamic end, pkg = com.android.calendar, picName = calendar23
04-23 22:52:09.555: I/HwLauncher(3555): DynamicIconData , getDrawableForDynamic begin, pkg = com.android.calendar, picName = day5_en
04-23 22:52:09.555: I/HwLauncher(3555): DynamicIconData , getDrawableForDynamic end, pkg = com.android.calendar, picName = day5_en
04-23 22:52:09.555: I/HwLauncher(3555): Launcher.Utilities createIconBitmap classname = null, sourceWidth = 114, sourceHeight = 114
04-23 22:52:09.565: I/HwLauncher(3555): CalenderDynamicUpdater calender update folder at CalenderDynamicUpdater
04-23 22:52:09.565: I/HwLauncher(3555): DynamicUpdater updateBitmap end and send update message
04-23 22:52:09.565: I/HwLauncher(3555): DynamicUpdater call updateFolder
04-23 22:52:09.565: E/HideAppsPagedView(3555): removeHideApps begin
04-23 22:52:09.565: E/HideAppsPagedView(3555): removeHideApps end
04-23 22:52:09.565: E/HideAppsPagedView(3555): syncPages mCurrentPage = 0
04-23 22:52:09.575: E/HideAppsPagedView(3555): syncAppsPageItems page = 0 mNumAppsPages = 1 mCurrentPage = 0
04-23 22:52:09.575: E/HideAppsPagedView(3555): createAddIcon count = 0
04-23 22:52:09.575: I/HwLauncher(3555): DynamicIconData , getDrawableForDynamic begin, pkg = com.android.deskclock, picName = deskclock_bg
04-23 22:52:09.575: I/HwLauncher(3555): DynamicIconData , getDrawableForDynamic end, pkg = com.android.deskclock, picName = deskclock_bg
04-23 22:52:09.575: I/HwLauncher(3555): DynamicIconData , getDrawableForDynamic begin, pkg = com.android.deskclock, picName = deskclock_bg
04-23 22:52:09.575: I/HwLauncher(3555): DynamicIconData , getDrawableForDynamic end, pkg = com.android.deskclock, picName = deskclock_bg
04-23 22:52:09.575: I/HwLauncher(3555): Launcher.Utilities createIconBitmap classname = null, sourceWidth = 114, sourceHeight = 114
04-23 22:52:09.575: I/HwLauncher(3555): FPSMonitor snapToPage whichPage = 0 delta = 0 duration = 550
04-23 22:52:09.575: I/HwLauncher(3555): ClockDynamicUpdater clock update folder at ClockDynamicUpdater
04-23 22:52:09.575: I/HwLauncher(3555): DynamicUpdater updateBitmap end and send update message
04-23 22:52:09.575: I/HwLauncher(3555): DynamicUpdater call updateFolder
04-23 22:52:09.705: I/appproc(14593): CLASSPATH=/system/framework/input.jar
04-23 22:52:09.705: I/appproc(14593): Command=app_process /system/bin com.android.commands.input.Input keyevent 3
04-23 22:52:09.705: I/appproc(14593): app_process:number,4,0
04-23 22:52:09.705: I/AndroidRuntime(14593): readDownloadBoosterConfig: 'false'
04-23 22:52:09.725: I/HwLauncher(3555): Launcher.Settings isChangeBadgeEnable = true
04-23 22:52:09.725: I/HwLauncher(3555): Launcher.Settings isChangeBadgeEnable = true
04-23 22:52:09.725: I/HwLauncher(3555): RightTopMarkUpdaterManager registerBadgeContentObserver ComponentInfo{com.android.vending/com.android.vending.AssetBrowserActivity} success
04-23 22:52:09.725: I/HwLauncher(3555): RightTopMarkUpdaterManager registerBadgeObserversByQuery success!
04-23 22:52:09.725: I/HwLauncher(3555): BadgeContentObserver getBadgeNumber: 0 mComponentName :ComponentInfo{com.android.vending/com.android.vending.AssetBrowserActivity}
04-23 22:52:09.725: I/HwLauncher(3555): NewEspaceMessageContentObserver getNewEspaceMessageCount: 0
04-23 22:52:09.735: I/PG Utils(3555): acquire_providerpkg:[com.android.providers.contacts] pid:[] maybe timeout , send to PG
04-23 22:52:09.735: I/HwLauncher(3555): NewHispaceUpdateObserver newHispaceCount: 0
04-23 22:52:09.765: I/PG Utils(3555): acquire_providerpkg:[com.android.email] pid:[] maybe timeout , send to PG
04-23 22:52:09.765: I/HwEmailTag(14145): EmailProvider->query->1587707529782;end;;consuming:1ms;
04-23 22:52:09.775: I/HwLauncher(3555): NewEmailContentObserver nNewEmail: 0
04-23 22:52:09.775: I/PG Utils(3555): acquire_providerpkg:[com.huawei.android.thememanager] pid:[] maybe timeout , send to PG
04-23 22:52:09.775: E/HwLauncher(3555): NewThemeUpdateContentObserver getNewThemeCount: android.database.CursorIndexOutOfBoundsException: Index 0 requested, with a size of 0
04-23 22:52:09.775: I/HwLauncher(3555): NewThemeUpdateContentObserver newThemeCount: 0
04-23 22:52:09.775: I/HwLauncher(3555): [
04-23 22:52:09.855 14593:14593 I/ ]
04-23 22:52:09.775: I/HwLauncher(3555): power log dlsym ok
04-23 22:52:09.905: E/android_hardware_fm.cpp(14593): register_android_hardware_fm_fmradio
04-23 22:52:09.905: I/android_hardware_fm.cpp(14593): ========64bit long size = 8
04-23 22:52:09.905: E/FM_HAL(14593): [FM_HAL], libname is libhisifm_if
04-23 22:52:09.905: I/fm_hisi(14593): FM::[fm_device_open:4655] fm_device_open
04-23 22:52:09.905: I/fm_hisi(14593): FM::[fm_device_open:4666] find the id:libhisifm_if and begins to open the device
04-23 22:52:09.905: I/fm_hisi(14593): FM::[fm_device_open:4710] device open sucess
04-23 22:52:09.905: E/android_hardware_fm.cpp(14593): register_android_hardware_fm_fmradio, ret is 0
04-23 22:52:09.945: I/ActivityManager(2958): filter receiver for action = com.android.mail.ACTION_NOTIFY_DATASET_CHANGED
04-23 22:52:09.945: I/Input(14593): injectKeyEvent: KeyEvent { action=ACTION_DOWN, keyCode=KEYCODE_HOME, scanCode=0, metaState=0, flags=0x0, repeatCount=0, eventTime=412757, downTime=412757, deviceId=-1, source=0x101 }
04-23 22:52:09.965: I/art(2958): Explicit concurrent mark sweep GC freed 9489(568KB) AllocSpace objects, 0(0B) LOS objects, 33% free, 28MB/42MB, paused 2.090ms total 174.999ms
04-23 22:52:09.965: I/Input(14593): injectKeyEvent: KeyEvent { action=ACTION_UP, keyCode=KEYCODE_HOME, scanCode=0, metaState=0, flags=0x0, repeatCount=0, eventTime=412757, downTime=412757, deviceId=-1, source=0x101 }
04-23 22:52:09.965: I/art(2958): Can not find class: Lcom/android/server/statusbar/StatusBarManagerService$4;
04-23 22:52:09.965: I/HwLauncher(3555): Launcher dismissDialog
04-23 22:52:09.985: I/HwLauncher(3555): Launcher onPause()
04-23 22:52:09.985: I/HwLauncher(3555): Launcher.MotionManager stopMotionAppsReco 402
04-23 22:52:09.985: I/HwLauncher(3555): Launcher.MotionManager stopMotionAppsReco 403
04-23 22:52:09.985: I/HwLauncher(3555): Launcher onNewIntent mIsToUninstallApp = false,mIsLoading = false
04-23 22:52:09.985: W/HwLauncher(3555): Launcher.MotionManager stopMotionAppsReco service flg 402 is unavailable
04-23 22:52:09.995: W/HwLauncher(3555): Launcher.MotionManager stopMotionAppsReco service flg 403 is unavailable
04-23 22:52:09.995: I/HwLauncher(3555): Launcher dismissDialog
04-23 22:52:09.995: I/HwLauncher(3555): FPSMonitor snapToPage whichPage = 0 delta = 0 duration = 550
04-23 22:52:09.995: I/HwLauncher(3555): PagedView.TouchTrackerTouchTracker construct mEnable=true mDrawingDelay=24
04-23 22:52:10.005: I/HwLauncher(3555): Launcher onNewIntent end
04-23 22:52:10.005: I/HwLauncher(3555): Launcher onResume()
04-23 22:52:10.005: I/HwLauncher(3555): Launcher doResumeWork()
04-23 22:52:10.005: I/HwLauncher(3555): Launcher.MotionManager startMotionAppsReco 402
04-23 22:52:10.005: I/HwLauncher(3555): Launcher onResume mIsToUninstallApp = false
04-23 22:52:10.005: I/PG Utils(3555): acquire_providerpkg:[com.huawei.motionservice] pid:[] maybe timeout , send to PG
04-23 22:52:10.025: W/MotionDetectionManager(3555): startMotionAppsReco motionApps: 402 disabled
04-23 22:52:10.025: W/HwLauncher(3555): Launcher.MotionManager startMotionAppsReco service flg 402 is unavailable
04-23 22:52:10.075: I/ActivityManager(2958): filter receiver for action = com.google.android.gm.intent.ACTION_PROVIDER_CREATED
04-23 22:52:10.135: I/PG Utils(14563): acquire_providerpkg:[com.google.android.gsf] pid:[] maybe timeout , send to PG
04-23 22:52:10.145: I/Gmail(14563): getAccountsCursor
04-23 22:52:10.145: W/ChimeraUtils(9989): Non Chimera context
04-23 22:52:10.165: I/art(14563): Can not find class: Lcom/google/ads/AdRequest;
04-23 22:52:10.175: W/GAV2(14563): Thread[main,5,main]: Need to call initialize() and be in fallback mode to start dispatch.
04-23 22:52:10.205: W/ChimeraUtils(9989): Non Chimera context
04-23 22:52:10.245: E/Gmail(14563): Error finding the version of the Email provider.....
04-23 22:52:10.245: E/Gmail(14563): android.content.pm.PackageManager$NameNotFoundException: com.google.android.email
04-23 22:52:10.245: E/Gmail(14563): at android.app.ApplicationPackageManager.getPackageInfo(ApplicationPackageManager.java:120)
04-23 22:52:10.245: E/Gmail(14563): at com.google.android.gm.EmailMigrationService.a(SourceFile:1280)
04-23 22:52:10.245: E/Gmail(14563): at com.google.android.gm.EmailMigrationService.onHandleIntent(SourceFile:219)
04-23 22:52:10.245: E/Gmail(14563): at android.app.IntentService$ServiceHandler.handleMessage(IntentService.java:65)
04-23 22:52:10.245: E/Gmail(14563): at android.os.Handler.dispatchMessage(Handler.java:102)
04-23 22:52:10.245: E/Gmail(14563): at android.os.Looper.loop(Looper.java:135)
04-23 22:52:10.245: E/Gmail(14563): at android.os.HandlerThread.run(HandlerThread.java:61)
04-23 22:52:10.245: W/EmailMigration(14563): We do not support migrating this version of the Email provider.
04-23 22:52:10.285: I/PG Utils(9989): acquire_providerpkg:[com.google.android.gsf] pid:[] maybe timeout , send to PG
04-23 22:52:10.295: I/NotifUtils(14563): resendNotifications cancelExisting: true, account: null, folder: null
04-23 22:52:10.315: I/Gmail(14563): Observing account changes for notifications
04-23 22:52:10.315: I/ActivityManager(2958): filter receiver for action = com.android.mail.ACTION_NOTIFY_DATASET_CHANGED
04-23 22:52:10.335: I/NotifUtils(14563): resendNotifications cancelExisting: true, account: null, folder: null
04-23 22:52:10.345: E/GmsRequestQueue(9989): Tried to stop global GMSCore RequestQueue. This is likely unintended, so ignoring.
04-23 22:52:10.355: I/Gmail(14563): getAccountsCursor
04-23 22:52:10.405: E/WifiStateMachine(2958): ConnectedState !CMD_RSSI_POLL 1 0 "wl-ftl-mt03-1-24" 44:48:c1:91:9d:e0 rssi=-53 f=2412 sc=100 link=72 tx=0,1, 0,0, 0,0 rx=98,0 bcn=0 [on:0 tx:0 rx:0 period:3004] from screen [on:0 period:-1430369095] gl u24 rssi=-53 ag=0 hr ticks 0,0,0 ls-=0 [56,56,56,56,61] brc=0 lrc=0
04-23 22:52:10.415: E/WifiStateMachine(2958): L2ConnectedState !CMD_RSSI_POLL 1 0 "wl-ftl-mt03-1-24" 44:48:c1:91:9d:e0 rssi=-53 f=2412 sc=100 link=72 tx=0,1, 0,0, 0,0 rx=98,0 bcn=0 [on:0 tx:0 rx:0 period:1] from screen [on:0 period:-1430369094] gl u24 rssi=-53 ag=0 hr ticks 0,0,0 ls-=0 [56,56,56,56,61] brc=0 lrc=0
04-23 22:52:10.415: E/WifiStateMachine(2958): fetchRssiLinkSpeedAndFrequencyNative rssi=-53 linkspeed=72 SSID="wl-ftl-mt03-1-24"
04-23 22:52:10.415: E/WifiStateMachine(2958): calculateWifiScore freq=2412 speed=72 score=100 highRSSI -> txbadrate=0,00 txgoodrate=15,04 txretriesrate=0,00 rxrate=100,99 userTriggerdPenalty0
04-23 22:52:10.415: E/WifiStateMachine(2958): good link -> stuck count =0
04-23 22:52:10.415: E/WifiStateMachine(2958): badRSSI count0 lowRSSI count0 --> score 60
04-23 22:52:10.415: E/WifiStateMachine(2958): isHighRSSI ---> score=65
04-23 22:52:10.415: I/HwLauncher(3555): FPSMonitor endScroll
04-23 22:52:10.465: I/DeskClockApplication(14634): onCreate
04-23 22:52:10.465: W/ChimeraUtils(9989): Non Chimera context
04-23 22:52:10.475: I/HwSystemManager(3669): HoldService:uid:10025 pid:10712 died
04-23 22:52:10.475: I/HwSystemManager(3669): HoldService:oldVersionKey:10025,10712
04-23 22:52:10.475: I/HwSystemManager(3669): BgPowerManagerService:onProcessDied uid = 10025
04-23 22:52:10.475: E/HsmCoreServiceImpl(2958): onTransact in code is: 102
04-23 22:52:10.475: I/MediaProcessHandler(2958): processOp opType: 1, uid: 10025, pid: 10712
04-23 22:52:10.475: W/MediaProcessHandler(2958): remove target not exist, maybe the UI process: uid: 10025, pid: 10712
04-23 22:52:10.475: I/appproc(14633): CLASSPATH=/system/framework/am.jar
04-23 22:52:10.475: I/appproc(14633): Command=app_process /system/bin com.android.commands.am.Am start -W -n com.google.android.apps.mtaas.backdrop/.BackdropActivity
04-23 22:52:10.475: I/appproc(14633): app_process:number,6,0
04-23 22:52:10.475: I/AndroidRuntime(14633): readDownloadBoosterConfig: 'false'
04-23 22:52:10.485: I/AlarmInitReceiver(14634): AlarmInitReceiver->OnReceive->AsyncHandler : needSetSnoozeAlert = false alarmnow = false
04-23 22:52:10.565: I/System(3406): core_booster, getBoosterConfig = false
04-23 22:52:10.575: I/wpa_supplicant(3188): wlan0: HEART-BEAT-ACK: 25
04-23 22:52:10.575: E/WifiMonitor(2958): WifiMonitor:wlan0 cnt=53 dispatchEvent: HEART-BEAT-ACK: 25
04-23 22:52:10.575: E/WifiStateMachine(2958): ConnectedState !what:147506 0 0
04-23 22:52:10.575: E/WifiStateMachine(2958): L2ConnectedState !what:147506 0 0
04-23 22:52:10.575: E/WifiStateMachine(2958): ConnectModeState !what:147506 0 0
04-23 22:52:10.575: E/WifiStateMachine(2958): DriverStartedState !what:147506 0 0
04-23 22:52:10.575: E/WifiStateMachine(2958): SupplicantStartedState !what:147506 0 0
04-23 22:52:10.625: I/System(3406): core_booster, getBoosterConfig = false
04-23 22:52:10.625: I/System(3406): [
04-23 22:52:10.625 14633:14633 I/ ]
04-23 22:52:10.625: I/System(3406): power log dlsym ok
04-23 22:52:10.645: I/System(3406): core_booster, getBoosterConfig = false
04-23 22:52:10.675: E/android_hardware_fm.cpp(14633): register_android_hardware_fm_fmradio
04-23 22:52:10.675: I/android_hardware_fm.cpp(14633): ========64bit long size = 8
04-23 22:52:10.675: E/FM_HAL(14633): [FM_HAL], libname is libhisifm_if
04-23 22:52:10.675: I/fm_hisi(14633): FM::[fm_device_open:4655] fm_device_open
04-23 22:52:10.675: I/fm_hisi(14633): FM::[fm_device_open:4666] find the id:libhisifm_if and begins to open the device
04-23 22:52:10.675: I/fm_hisi(14633): FM::[fm_device_open:4710] device open sucess
04-23 22:52:10.675: E/android_hardware_fm.cpp(14633): register_android_hardware_fm_fmradio, ret is 0
04-23 22:52:10.695: W/View(3174): requestLayout() improperly called by com.android.systemui.statusbar.phone.IconMerger{cbff9f3 V.E..... ......ID 0,0-72,50 #7f0d0086 app:id/notificationIcons} during layout: running second layout pass
04-23 22:52:10.705: I/HwSystemManager(3669): HoldService:uid:10013 pid:11706 died
04-23 22:52:10.705: I/HwSystemManager(3669): HoldService:oldVersionKey:10013,11706
04-23 22:52:10.705: I/HwSystemManager(3669): BgPowerManagerService:onProcessDied uid = 10013
04-23 22:52:10.705: E/HsmCoreServiceImpl(2958): onTransact in code is: 102
04-23 22:52:10.705: I/MediaProcessHandler(2958): processOp opType: 1, uid: 10013, pid: 11706
04-23 22:52:10.705: W/MediaProcessHandler(2958): remove target not exist, maybe the UI process: uid: 10013, pid: 11706
04-23 22:52:10.715: W/View(3174): requestLayout() improperly called by com.android.systemui.statusbar.phone.IconMerger{cbff9f3 V.E..... ........ 0,0-108,50 #7f0d0086 app:id/notificationIcons} during second layout pass: posting in next frame
04-23 22:52:10.715: W/ChimeraUtils(9989): Non Chimera context
04-23 22:52:10.735: I/Gmail(14563): getAccountsCursor
04-23 22:52:10.745: I/art(2958): Can not find class: Lcom/android/server/wm/StartingData;
04-23 22:52:10.745: I/HwLauncher(3555): Launcher onPause()
04-23 22:52:10.745: I/HwLauncher(3555): Launcher.MotionManager stopMotionAppsReco 402
04-23 22:52:10.745: I/HwLauncher(3555): Launcher.MotionManager stopMotionAppsReco 403
04-23 22:52:10.755: W/HwLauncher(3555): Launcher.MotionManager stopMotionAppsReco service flg 402 is unavailable
04-23 22:52:10.755: W/HwLauncher(3555): Launcher.MotionManager stopMotionAppsReco service flg 403 is unavailable
04-23 22:52:10.765: I/System(3406): core_booster, getBoosterConfig = false
04-23 22:52:10.775: W/ChimeraUtils(9989): Non Chimera context
04-23 22:52:10.785: I/System(3406): core_booster, getBoosterConfig = false
04-23 22:52:10.825: I/SystemBroadcastReceiver(14678): System locale changed
04-23 22:52:10.845: I/art(2958): Can not find class: Lcom/android/server/am/ActivityStack$2;
04-23 22:52:10.855: I/HwLauncher(3555): Launcher onStop()
04-23 22:52:10.855: I/HwLauncher(3555): Launcher dismissDialog
04-23 22:52:10.855: I/HwLauncher(3555): Launcher dynamicIconsUnregister
04-23 22:52:10.855: I/HwLauncher(3555): DynamicUpdater unregisterReceiver
04-23 22:52:10.865: I/HwLauncher(3555): DynamicIcon onPause isvisible = true mAttachedToWindow:false mWindowVisible:falsecom.android.calendar
04-23 22:52:10.865: I/HwLauncher(3555): DynamicUpdater unregisterReceiver
04-23 22:52:10.865: I/HwLauncher(3555): DynamicIcon onPause isvisible = true mAttachedToWindow:false mWindowVisible:falsecom.android.deskclock
04-23 22:52:10.865: I/HwSystemManager(3669): AppLockService:applock password not initial or function is closed
04-23 22:52:10.875: I/HwSystemManager(3669): AppLockService:applock password not initial or function is closed
04-23 22:52:10.875: I/SystemBroadcastReceiver(14678): Killing my process: pid=14678
04-23 22:52:10.875: I/Process(14678): Sending signal. PID: 14678 SIG: 9
04-23 22:52:10.875: I/HwLauncher(3555): Launcher onWindowVisibilityChanged visibility = 4
04-23 22:52:10.895: I/PhoneStatusBar(3174): hw_status_bar_operators = true, setSystemUIVisibily(SHOW_OPERATOR = false)
04-23 22:52:10.905: I/MultiDex(14712): VM with version 2.1.0 has multidex support
04-23 22:52:10.905: I/MultiDex(14712): install
04-23 22:52:10.905: I/MultiDex(14712): VM has multidex support, MultiDex support library is disabled.
04-23 22:52:10.915: I/HwLauncher(3555): Launcher onWindowVisibilityChanged visibility = 8
04-23 22:52:10.955: I/HwSystemManager(3669): HoldService:uid:10072 pid:14678 died
04-23 22:52:10.955: I/HwSystemManager(3669): HoldService:oldVersionKey:10072,14678
04-23 22:52:10.955: I/HwSystemManager(3669): BgPowerManagerService:onProcessDied uid = 10072
04-23 22:52:10.955: E/HsmCoreServiceImpl(2958): onTransact in code is: 102
04-23 22:52:10.955: I/MediaProcessHandler(2958): processOp opType: 1, uid: 10072, pid: 14678
04-23 22:52:10.955: W/MediaProcessHandler(2958): remove target not exist, maybe the UI process: uid: 10072, pid: 14678
04-23 22:52:10.955: E/STK App(3510): StkAppService refreshCatService fail
04-23 22:52:10.955: W/PGApi_client(3441): recv actoionId = 10000, action = com.huawei.pgmng.PGAction@2ac01af3 actionId =10000 pkg =com.google.android.apps.mtaas.backdrop extend1 =0 extend2 = flag =3 type =1
04-23 22:52:10.955: W/PGMiddleWare jhh(3441): in handleAction method, action = 10000
04-23 22:52:10.965: W/PGMiddleWare jhh(3441): in handleAction, invoke client = com.huawei.pgmng.middleware.AudioEffectLowPowerImpl@21cbee7c, action = com.huawei.pgmng.PGAction@2ac01af3 actionId =10000 pkg =com.google.android.apps.mtaas.backdrop extend1 =0 extend2 = flag =3 type =1
04-23 22:52:10.965: I/AudioEffectLowPowerImpl jhh(3441): jhh handle default mActionId = 10000, action = com.huawei.pgmng.PGAction@2ac01af3 actionId =10000 pkg =com.google.android.apps.mtaas.backdrop extend1 =0 extend2 = flag =3 type =1
04-23 22:52:10.965: W/AudioEffectLowPowerImpl jhh(3441): enter into DEFAULT_FRONT Scene.
04-23 22:52:10.965: W/AudioEffectLowPowerImpl jhh(3441): m2DGameFront = false, m3DGameFront = false, mMediaPerceptible = false, mMusicPerceptible = false
04-23 22:52:10.965: W/AudioEffectLowPowerImpl jhh(3441): mAudioActive = false, mMusicPerceptible = false
04-23 22:52:10.965: W/AudioEffectLowPowerImpl jhh(3441): return for smartPAOn and mLowAudioEffectEnable both = false
04-23 22:52:10.965: E/STK App(3510): StkAppService refreshCatService fail
04-23 22:52:10.985: I/ActivityManager(2958): filter receiver for action = com.android.stk.status_change
04-23 22:52:10.985: I/art(14712): Can not find class: Landroid/app/NotificationChannel;
04-23 22:52:10.995: I/HwLauncher(3555): StkAppReceiver StkAppReceiver action:==com.android.stk.status_change
04-23 22:52:10.995: I/HwLauncher(3555): Model onReceive intent=Intent { act=android.intent.action.appname.change.stk flg=0x10 pkg=com.huawei.android.launcher (has extras) }
04-23 22:52:10.995: I/HwLauncher(3555): MutilSelectedIconsonPreHandleUpdatedTask : mIsInMutilSelectMode = false task = 2 packages = [com.android.stk]
04-23 22:52:10.995: I/HwLauncher(3555): Model STK reName intent is received.
04-23 22:52:10.995: I/HwLauncher(3555): Model mAllAppsList.updatePackage com.android.stk
04-23 22:52:10.995: I/HwLauncher(3555): AllIdleAppsList updatePackage : package[com.android.stk] matched activity's size is 2 and data List size is 48
04-23 22:52:11.005: I/ActivityManager(2958): filter receiver for action = com.android.stk.status_change
04-23 22:52:11.005: I/HwLauncher(3555): StkAppReceiver StkAppReceiver action:==com.android.stk.status_change
04-23 22:52:11.055: I/HwLauncher(3555): Model onReceive intent=Intent { act=android.intent.action.appname.change.stk flg=0x10 pkg=com.huawei.android.launcher (has extras) }
04-23 22:52:11.055: I/HwLauncher(3555): MutilSelectedIconsonPreHandleUpdatedTask : mIsInMutilSelectMode = false task = 2 packages = [com.android.stk]
04-23 22:52:11.055: I/HwLauncher(3555): Model STK reName intent is received.
04-23 22:52:11.055: I/HwLauncher(3555): Launcher.IconCache changeStkTitleBySim() title from stk db = SIM-Toolkit
04-23 22:52:11.065: I/HwLauncher(3555): Launcher.Utilities createIconBitmap classname = null, sourceWidth = 114, sourceHeight = 114
04-23 22:52:11.075: I/HwLauncher(3555): Launcher.IconCache, cacheLocked end Utilities.createIconBitmap entry.title = SIM-Toolkit
04-23 22:52:11.085: I/HwLauncher(3555): Launcher.IconCache changeStkTitleBySim() title from stk db = SIM-Toolkit
04-23 22:52:11.095: I/HwLauncher(3555): Launcher.Utilities createIconBitmap classname = null, sourceWidth = 114, sourceHeight = 114
04-23 22:52:11.105: I/HwLauncher(3555): Launcher.IconCache, cacheLocked end Utilities.createIconBitmap entry.title = SIM-Toolkit
04-23 22:52:11.105: I/HwLauncher(3555): Model shortcutInfo.title = SIM-Toolkit
04-23 22:52:11.105: I/HwLauncher(3555): Model shortcutInfo.title = SIM-Toolkit
04-23 22:52:11.105: I/HwLauncher(3555): Model mAllAppsList.updatePackage com.android.stk
04-23 22:52:11.105: I/HwLauncher(3555): Workspace updateShortcuts apps.size() 2
04-23 22:52:11.105: I/HwLauncher(3555): Launcher.Folder childCount: 9
04-23 22:52:11.105: I/HwLauncher(3555): Launcher.Folder childCount: 9
04-23 22:52:11.105: I/HwLauncher(3555): Launcher.Folder childCount: 9
04-23 22:52:11.105: I/HwLauncher(3555): Launcher.Folder updateFolderShortcuts shortcutInfo = SIM-Toolkit
04-23 22:52:11.115: I/HwLauncher(3555): AllIdleAppsList updatePackage : package[com.android.stk] matched activity's size is 2 and data List size is 48
04-23 22:52:11.115: I/HwLauncher(3555): Launcher.Folder childCount: 9
04-23 22:52:11.115: I/HwLauncher(3555): Launcher.Folder updateFolderShortcuts shortcutInfo = SIM-Toolkit
04-23 22:52:11.115: I/BackdropActivity(14712): onCreate()
04-23 22:52:11.115: I/art(14712): Can not find class: Landroid/view/SearchEvent;
04-23 22:52:11.125: W/art(14712): Before Android 4.1, method android.graphics.PorterDuffColorFilter androidx.vectordrawable.graphics.drawable.VectorDrawableCompat.updateTintFilter(android.graphics.PorterDuffColorFilter, android.content.res.ColorStateList, android.graphics.PorterDuff$Mode) would have incorrectly overridden the package-private method in android.graphics.drawable.Drawable
04-23 22:52:11.125: I/HwLauncher(3555): Launcher.IconCache changeStkTitleBySim() title from stk db = SIM-Toolkit
04-23 22:52:11.125: I/HwLauncher(3555): Launcher.Utilities createIconBitmap classname = null, sourceWidth = 114, sourceHeight = 114
