04-23 22:52:42.515: W/ContextImpl(16536): Failed to ensure directory: /storage/sdcard1/Android/data/com.google.android.youtube/files
04-23 22:52:42.545: I/art(2958): Explicit concurrent mark sweep GC freed 42761(2MB) AllocSpace objects, 12(224KB) LOS objects, 33% free, 28MB/42MB, paused 2.557ms total 194.372ms
04-23 22:52:42.545: W/InstanceID/Rpc(16536): Found 10010
04-23 22:52:42.545: I/ActivityManager(2958): filter receiver for action = com.google.android.gms.gcm.ACTION_SCHEDULE
04-23 22:52:42.705: I/ActivityManager(2958): filter receiver for action = com.google.android.gms.gcm.ACTION_SCHEDULE
04-23 22:52:42.725: W/ContextImpl(16536): Failed to ensure directory: /storage/sdcard1/Android/data/com.google.android.youtube/cache
04-23 22:52:42.745: I/ActivityManager(2958): filter receiver for action = com.google.android.gms.gcm.ACTION_SCHEDULE
04-23 22:52:42.905: I/Finsky(15520): [263] bit.a(11): Received content filters request from com.google.android.apps.books
04-23 22:52:42.925: W/ChimeraUtils(15209): Non Chimera context
04-23 22:52:42.995: I/PG Utils(15282): acquire_providerpkg:[com.google.android.gsf] pid:[] maybe timeout , send to PG
04-23 22:52:43.165: I/System(16536): core_booster, getBoosterConfig = false
04-23 22:52:43.385: I/HwSystemManager(3669): ContactsObserverHelper:onContactsChanged: Start to handle contacts change message
04-23 22:52:43.385: I/HwSystemManager(3669): bbe:onPreContactsChange: Starts
04-23 22:52:43.385: I/HwSystemManager(3669): ContactsObserver:onPreContactsChange: Starts
04-23 22:52:43.385: I/HwSystemManager(3669): ContactsObserver:loadLocalContacts: No contacts
04-23 22:52:43.395: I/PG Utils(3669): acquire_providerpkg:[com.android.providers.contacts] pid:[] maybe timeout , send to PG
04-23 22:52:43.405: I/HwSystemManager(3669): ContactsObserverHelper:applyContactsUpdate: Starts
04-23 22:52:43.405: I/HwSystemManager(3669): bbe:onContactsChange: Starts
04-23 22:52:43.405: I/HwSystemManager(3669): ContactsObserverHelper:applyContactsUpdate: Ends
04-23 22:52:43.445: I/OAM(2639): [check_file_size:402]/data/hwlogdir/wifi_log/wifi_log_1 log file beyond size=10240Byte, creat new file
04-23 22:52:43.445: I/OAM(2639): [rename_old_file:107]rename_old_file
04-23 22:52:43.475: I/System(16536): core_booster, getBoosterConfig = false
04-23 22:52:43.525: E/WifiStateMachine(2958): ConnectedState !CMD_RSSI_POLL 1 0 "wl-ftl-mt03-1-24" 44:48:c1:91:9d:e0 rssi=-52 f=2412 sc=100 link=72 tx=76,9, 0,0, 0,0 rx=168,7 bcn=0 [on:0 tx:0 rx:0 period:3003] from screen [on:0 period:-1430335977] gl u24 rssi=-52 ag=0 hr ticks 0,0,0 ls-=0 [56,56,60,60,65] brc=0 lrc=0
04-23 22:52:43.525: E/WifiStateMachine(2958): L2ConnectedState !CMD_RSSI_POLL 1 0 "wl-ftl-mt03-1-24" 44:48:c1:91:9d:e0 rssi=-52 f=2412 sc=100 link=72 tx=76,9, 0,0, 0,0 rx=168,7 bcn=0 [on:0 tx:0 rx:0 period:1] from screen [on:0 period:-1430335976] gl u24 rssi=-52 ag=0 hr ticks 0,0,0 ls-=0 [56,56,60,60,65] brc=0 lrc=0
04-23 22:52:43.525: E/WifiStateMachine(2958): fetchRssiLinkSpeedAndFrequencyNative rssi=-50 linkspeed=72 SSID="wl-ftl-mt03-1-24"
04-23 22:52:43.535: E/WifiStateMachine(2958): calculateWifiScore freq=2412 speed=72 score=100 highRSSI -> txbadrate=0,00 txgoodrate=69,44 txretriesrate=0,00 rxrate=156,84 userTriggerdPenalty0
04-23 22:52:43.535: E/WifiStateMachine(2958): good link -> stuck count =0
04-23 22:52:43.535: E/WifiStateMachine(2958): badRSSI count0 lowRSSI count0 --> score 60
04-23 22:52:43.535: E/WifiStateMachine(2958): isHighRSSI ---> score=65
04-23 22:52:43.845: I/Auth(15209): [AccountStatusChecker] OnDataChanged check:
04-23 22:52:43.855: I/Auth(15209): [AccountStatusChecker] Canceling for
04-23 22:52:43.875: I/System(16461): core_booster, getBoosterConfig = false
04-23 22:52:43.875: I/System(16461): core_booster, getBoosterConfig = false
04-23 22:52:43.885: I/HwPackageManagerService(2958): start loadForceNotDexApps file. mHaveLoadedNeverDexoptApkList false
04-23 22:52:43.885: I/HwPackageManagerService(2958): needed dexopt deferred pkg :net.rpdev.opentodolist
04-23 22:52:43.885: I/HwPackageManagerService(2958): start loadAppsList file. mHaveLoadedDexoptInBootUpApkList false
04-23 22:52:43.885: I/HwPackageManagerService(2958): needed dexopt deferred pkg :net.rpdev.opentodolist
04-23 22:52:43.885: I/art(2958): DexFile_isDexOptNeeded failed to open oat file '/data/dalvik-cache/arm64/data@app@net.rpdev.opentodolist-1@base.apk@classes.dex' for file location '/data/app/net.rpdev.opentodolist-1/base.apk': Failed to open oat filename for reading: No such file or directory
04-23 22:52:43.885: I/art(2958): DexFile_isDexOptNeeded failed to open oat file '/data/app/net.rpdev.opentodolist-1/arm64/base.odex' for file location '/data/app/net.rpdev.opentodolist-1/base.apk': Failed to open oat filename for reading: No such file or directory
04-23 22:52:43.885: I/HwPackageManagerService(2958): forceNotDex: isOdexCase true, mSystemReady true, mDexOptTotalTime 84351, isFirstBoot false, hasOtaUpdate false
04-23 22:52:43.885: I/HwPackageManagerService(2958): forceNotDex = false: isOdexCase true, mSystemReady true
04-23 22:52:43.885: I/PackageManager(2958): Running dexopt on: /data/app/net.rpdev.opentodolist-1/base.apk pkg=net.rpdev.opentodolist isa=arm64 vmSafeMode=false
04-23 22:52:43.935: I/dex2oat(16808): /system/bin/dex2oat --zip-fd=11 --zip-location=/data/app/net.rpdev.opentodolist-1/base.apk --oat-fd=12 --oat-location=/data/dalvik-cache/arm64/data@app@net.rpdev.opentodolist-1@base.apk@classes.dex --instruction-set=arm64 --instruction-set-features=default --runtime-arg -Xms64m --runtime-arg -Xmx512m
04-23 22:52:43.955: I/ActivityManager(2958): filter receiver for action = android.intent.action.DROPBOX_ENTRY_ADDED
04-23 22:52:43.975: I/HwSystemManager(3669): HoldService:uid:10010 pid:15843 died
04-23 22:52:43.975: I/HwSystemManager(3669): HoldService:oldVersionKey:10010,15843
04-23 22:52:43.975: I/HwSystemManager(3669): BgPowerManagerService:onProcessDied uid = 10010
04-23 22:52:43.975: E/HsmCoreServiceImpl(2958): onTransact in code is: 102
04-23 22:52:43.975: I/MediaProcessHandler(2958): processOp opType: 1, uid: 10010, pid: 15843
04-23 22:52:43.975: W/MediaProcessHandler(2958): remove target not exist, maybe the UI process: uid: 10010, pid: 15843
04-23 22:52:44.025: I/GAV2(16333): Thread[GAThread,5,main]: No campaign data found.
04-23 22:52:44.305: I/dex2oat(16808): dex2oat took 366.287ms (threads: 8)
04-23 22:52:44.495: I/ActivityManager(2958): filter receiver for action = android.intent.action.PACKAGE_CHANGED
04-23 22:52:44.495: I/HwLauncher(3555): Model onReceive intent=Intent { act=android.intent.action.PACKAGE_CHANGED dat=package:com.google.android.music flg=0x4000010 (has extras) }
04-23 22:52:44.495: I/HwSystemManager(3669): HsmPackageManager:Receive intent:Intent { act=android.intent.action.PACKAGE_CHANGED dat=package:com.google.android.music flg=0x4000010 (has extras) }
04-23 22:52:44.495: I/HwSystemManager(3669): HsmPackageManager:replacing:false
04-23 22:52:44.495: I/HwLauncher(3555): Model replacing = false package = com.google.android.music
04-23 22:52:44.495: I/HwSystemManager(3669): HsmPackageManager:pkgName:com.google.android.music
04-23 22:52:44.505: I/HwSystemManager(3669): HsmPackageManager:doAppChanged, put com.google.android.music, path:/system/app/Music2
04-23 22:52:44.505: I/HwLauncher(3555): MutilSelectedIconsonPreHandleUpdatedTask : mIsInMutilSelectMode = false task = 2 packages = [com.google.android.music]
04-23 22:52:44.505: I/HwLauncher(3555): SimpleLauncherModeaction= android.intent.action.PACKAGE_CHANGEDpackageName = com.google.android.music
04-23 22:52:44.505: I/HwLauncher(3555): Model mAllAppsList.updatePackage com.google.android.music
04-23 22:52:44.505: I/HwLauncher(3555): AllIdleAppsList updatePackage : package[com.google.android.music] matched activity's size is 1 and data List size is 48
04-23 22:52:44.515: I/ActivityManager(2958): filter receiver for action = android.intent.action.PACKAGE_ADDED
04-23 22:52:44.515: W/Settings(2958): Setting install_non_market_apps has moved from android.provider.Settings.Global to android.provider.Settings.Secure, returning read-only value.
04-23 22:52:44.515: I/HwSystemManager(3669): HsmPackageManager:Receive intent:Intent { act=android.intent.action.PACKAGE_ADDED dat=package:net.rpdev.opentodolist flg=0x4000010 (has extras) }
04-23 22:52:44.515: I/HwSystemManager(3669): HsmPackageManager:replacing:false
04-23 22:52:44.515: I/HwSystemManager(3669): HsmPackageManager:pkgName:net.rpdev.opentodolist
04-23 22:52:44.515: I/HwSystemManager(3669): HsmPackageManager:doAppInstalled, installed: net.rpdev.opentodolist
04-23 22:52:44.525: I/HwLauncher(3555): Model onReceive intent=Intent { act=android.intent.action.PACKAGE_ADDED dat=package:net.rpdev.opentodolist flg=0x4000010 (has extras) }
04-23 22:52:44.525: I/HwLauncher(3555): Model replacing = false package = net.rpdev.opentodolist
04-23 22:52:44.525: I/HwLauncher(3555): MutilSelectedIconsonPreHandleUpdatedTask : mIsInMutilSelectMode = false task = 1 packages = [net.rpdev.opentodolist]
04-23 22:52:44.525: I/HwLauncher(3555): SimpleLauncherModeaction= android.intent.action.PACKAGE_ADDEDpackageName = net.rpdev.opentodolist
04-23 22:52:44.525: W/HwLauncher(3555): SimpleLauncherMode onReceive : It's normal Launcher now, do not handle add packages
04-23 22:52:44.525: I/HwSystemManager(3669): HomeCategoryRule:match is not HOME apk: net.rpdev.opentodolist
04-23 22:52:44.525: I/HwSystemManager(3669): yw:needFilterOut result:false
04-23 22:52:44.525: I/HwSystemManager(3669): ww:replaceLockStatus:net.rpdev.opentodolist, 0
04-23 22:52:44.525: I/InputReader(2958): Reconfiguring input devices. changes=0x00000010
04-23 22:52:44.525: I/InputReader(2958): Reconfiguring input devices. changes=0x00000010
04-23 22:52:44.535: I/art(6292): Can not find class: Ldalvik/system/Zygote;
04-23 22:52:44.545: I/HwLauncher(3555): Launcher.Utilities createIconBitmap classname = null, sourceWidth = 114, sourceHeight = 114
04-23 22:52:44.545: I/HwLauncher(3555): Launcher.IconCache, cacheLocked end Utilities.createIconBitmap entry.title = Play Musik
04-23 22:52:44.545: I/HwLauncher(3555): Model shortcutInfo.title = Play Musik
04-23 22:52:44.545: I/HwLauncher(3555): Model mAllAppsList.addPackage net.rpdev.opentodolist
04-23 22:52:44.545: I/HwLauncher(3555): Workspace updateShortcuts apps.size() 1
04-23 22:52:44.545: I/HwLauncher(3555): Launcher.Folder childCount: 9
04-23 22:52:44.545: I/HwLauncher(3555): Launcher.Folder updateFolderShortcuts shortcutInfo = Play Musik
04-23 22:52:44.565: I/HwLauncher(3555): Launcher.Folder childCount: 9
04-23 22:52:44.565: E/HideAppsPagedView(3555): syncPages mCurrentPage = 0
04-23 22:52:44.575: I/HwSystemManager(3669): ahr:onReceive action is com.huawei.android.action.GET_PACKAGE_INSTALLATION_INFO
04-23 22:52:44.575: E/HwSystemManager(3669): ahr:second action: pkgData is null
04-23 22:52:44.585: I/HwLauncher(3555): Launcher.Utilities createIconBitmap classname = null, sourceWidth = 114, sourceHeight = 114
04-23 22:52:44.595: E/HideAppsPagedView(3555): syncAppsPageItems page = 0 mNumAppsPages = 1 mCurrentPage = 0
04-23 22:52:44.595: E/HideAppsPagedView(3555): createAddIcon count = 0
04-23 22:52:44.595: I/HwLauncher(3555): FPSMonitor snapToPage whichPage = 0 delta = 0 duration = 550
04-23 22:52:44.595: I/HwLauncher(3555): Launcher Deferring update until onResume
04-23 22:52:44.595: I/HwLauncher(3555): Launcher.IconCache, cacheLocked end Utilities.createIconBitmap entry.title = OpenTodoList
04-23 22:52:44.595: I/HwLauncher(3555): Workspace defaultDesktop:0,mCurrentPage:0,getChildCount():2,getMaxScreen():9
04-23 22:52:44.595: I/HwLauncher(3555): Workspace addAppToDesktop itemInfo=ShortcutInfo(title=OpenTodoList) success=true isInstalled=true checkPage=2 mCoordinates=3,0 view=null
04-23 22:52:44.605: I/HwLauncher(3555): SimpleLauncherModemAllAppsList.updatePackage com.google.android.music
04-23 22:52:44.605: I/HwLauncher(3555): SimpleAllAppsList updatePackage : package[com.google.android.music] matched activity's size is 1 and data List size is 0
04-23 22:52:44.615: I/HwLauncher(3555): SimpleAllAppsList findAndUpdateInfoInDB : found 0 shortcutInfo for package[com.google.android.music] in db
04-23 22:52:44.615: I/HwLauncher(3555): SimpleAllAppsList updatePackage do not add new SimpleApplicationInfo,It's in normal now. package = com.google.android.music
04-23 22:52:44.615: W/HwLauncher(3555): SimpleLauncherModeNobody to tell about the new app. Launcher is probably loading.
04-23 22:52:44.625: I/HwLauncher(3555): Launcher Deferring update until onResume
04-23 22:52:44.725: W/ContextImpl(16746): Failed to ensure directory: /storage/sdcard1/Android/data/com.google.android.apps.maps/files
04-23 22:52:44.735: W/ContextImpl(16746): Failed to ensure directory: /storage/sdcard1/Android/data/com.google.android.apps.maps/files
04-23 22:52:44.785: I/art(2958): Explicit concurrent mark sweep GC freed 39487(2MB) AllocSpace objects, 7(140KB) LOS objects, 33% free, 28MB/42MB, paused 2.428ms total 241.868ms
04-23 22:52:44.785: I/art(2958): Can not find class: Lcom/android/server/pm/PackageInstallerService$InternalCallback$1;
04-23 22:52:45.045: W/art(16746): Verification of void com.google.c.f.w.() took 161.630ms
04-23 22:52:45.185: I/HwSystemManager(3669): BgPowerManagerService:onProcessDied uid = 10088
04-23 22:52:45.185: I/HwSystemManager(3669): HoldService:uid:10088 pid:15886 died
04-23 22:52:45.185: I/HwSystemManager(3669): HoldService:oldVersionKey:10088,15886
04-23 22:52:45.185: E/HsmCoreServiceImpl(2958): onTransact in code is: 102
04-23 22:52:45.185: I/MediaProcessHandler(2958): processOp opType: 1, uid: 10088, pid: 15886
04-23 22:52:45.185: W/MediaProcessHandler(2958): remove target not exist, maybe the UI process: uid: 10088, pid: 15886
04-23 22:52:45.205: W/ChimeraUtils(15209): Non Chimera context
04-23 22:52:45.225: I/art(15282): Can not find class: Landroid/os/LocaleList;
04-23 22:52:45.235: I/appproc(16879): CLASSPATH=/system/framework/pm.jar
04-23 22:52:45.235: I/appproc(16879): Command=app_process /system/bin com.android.commands.pm.Pm install -r -t /data/local/tmp/androidx.test.tools.crawler.apk
04-23 22:52:45.235: I/appproc(16879): app_process:number,6,0
04-23 22:52:45.235: I/AndroidRuntime(16879): readDownloadBoosterConfig: 'false'
04-23 22:52:45.255: I/Auth(15209): [BroadcastManager] Broadcasting account change.
04-23 22:52:45.295: I/amwn(15209): Scheduling Phenotype for a PhenotypeSyncImmediately(5, null) one off with window [1, 2] in seconds [CONTEXT service_id=51 ]
04-23 22:52:45.305: I/ActivityManager(2958): filter receiver for action = com.google.android.gms.gcm.ACTION_SCHEDULE
04-23 22:52:45.305: I/ActivityManager(2958): filter receiver for action = com.google.android.gms.auth.GOOGLE_ACCOUNT_CHANGE
04-23 22:52:45.305: W/WakefulBroadcastReceiv.(15209): No active wake lock id #1
04-23 22:52:45.315: I/PG Utils(15282): acquire_providerpkg:[com.google.android.gsf] pid:[] maybe timeout , send to PG
04-23 22:52:45.325: I/PG Utils(15282): acquire_providerpkg:[com.google.android.gsf] pid:[] maybe timeout , send to PG
04-23 22:52:45.325: I/PmtsSwAccountIntentOp(15282): Processing intent action=android.accounts.LOGIN_ACCOUNTS_CHANGED
04-23 22:52:45.325: I/PmtsSwAccountIntentOp(15282): Device isn't of sufficient API level
04-23 22:52:45.335: I/PG Utils(15282): acquire_providerpkg:[com.google.android.gsf] pid:[] maybe timeout , send to PG
04-23 22:52:45.345: I/ActivityManager(2958): filter receiver for action = com.google.android.gms.gcm.ACTION_SCHEDULE
04-23 22:52:45.355: I/PG Utils(15282): acquire_providerpkg:[com.google.android.gsf] pid:[] maybe timeout , send to PG
04-23 22:52:45.365: I/PG Utils(15282): acquire_providerpkg:[com.google.android.gsf] pid:[] maybe timeout , send to PG
04-23 22:52:45.375: I/PG Utils(15282): acquire_providerpkg:[com.google.android.gsf] pid:[] maybe timeout , send to PG
04-23 22:52:45.375: I/HwEmailTag(16915): MailAppProvider->onCreate->begin, consuming 1587707565389ms->-prefixstartupperformance-
04-23 22:52:45.385: I/PG Utils(15282): acquire_providerpkg:[com.google.android.gsf] pid:[] maybe timeout , send to PG
04-23 22:52:45.395: I/GamesDatabaseHelper(15282): Bootstrapping database version: 2302
04-23 22:52:45.395: I/PG Utils(15282): acquire_providerpkg:[com.google.android.gsf] pid:[] maybe timeout , send to PG
04-23 22:52:45.395: I/PG Utils(15282): [
04-23 22:52:45.395 16879:16879 I/ ]
04-23 22:52:45.395: I/PG Utils(15282): power log dlsym ok
04-23 22:52:45.405: I/HwEmailTag(16915): MailAppProvider->onCreate->end, consuming 1587707565419ms->-prefixstartupperformance-
04-23 22:52:45.415: I/HwCust(16915): Constructor found for class com.android.email.service.HwCustImapServiceImpl
04-23 22:52:45.425: I/HwCust(16915): Constructor found for class com.android.email.HwCustUtilityImpl
04-23 22:52:45.425: I/HwCust(16915): Constructor found for class com.android.email.provider.HwCustEmailProviderImpl
04-23 22:52:45.425: I/HwCust(16915): Constructor found for class com.android.email.activity.setup.HwCustEmailInviteResponseImpl
04-23 22:52:45.445: I/HwEmailTag(16915): EmailProvider->onCreate->start. -prefixstartupperformance-
04-23 22:52:45.445: I/HwEmailTag(16915): EmailProvider->onCreate->start. -prefixstartupperformance-
04-23 22:52:45.445: I/HwEmailTag(16915): HwUtils->initStaticVarsAsync
04-23 22:52:45.445: I/HwEmailTag(16915): HwUtils->initStaticVarsAsync
04-23 22:52:45.445: E/android_hardware_fm.cpp(16879): register_android_hardware_fm_fmradio
04-23 22:52:45.445: I/android_hardware_fm.cpp(16879): ========64bit long size = 8
04-23 22:52:45.445: E/FM_HAL(16879): [FM_HAL], libname is libhisifm_if
04-23 22:52:45.445: I/fm_hisi(16879): FM::[fm_device_open:4655] fm_device_open
04-23 22:52:45.445: I/fm_hisi(16879): FM::[fm_device_open:4666] find the id:libhisifm_if and begins to open the device
04-23 22:52:45.445: I/fm_hisi(16879): FM::[fm_device_open:4710] device open sucess
04-23 22:52:45.445: E/android_hardware_fm.cpp(16879): register_android_hardware_fm_fmradio, ret is 0
04-23 22:52:45.455: I/HwCust(16915): Constructor found for class com.android.emailcommon.provider.HwCustPolicyImpl
04-23 22:52:45.465: I/HwEmailTag(16915): EmailContent->init->consuming:16ms->;-prefixstartupperformance-
04-23 22:52:45.465: I/HwEmailTag(16915): EmailProvider->sURIMatcher is initialized
04-23 22:52:45.465: I/HwEmailTag(16915): EmailProvider->INTEGRITY_CHECK_URI != null
04-23 22:52:45.475: I/HwEmailTag(16915): EmailProvider->onCreate->end, consuming 48ms->-prefixstartupperformance-
04-23 22:52:45.485: I/HwCust(16915): Constructor found for class com.huawei.email.provider.HwCustRecipientDBHelperImpl
04-23 22:52:45.485: I/HwEmailTag(16915): EmailProvider->onCreate->end, consuming 57ms->-prefixstartupperformance-
04-23 22:52:45.485: I/HwEmailTag(16915): EmailProvider->resetVisibleLimits->start:1587707565502 ->-prefixstartupperformance-
04-23 22:52:45.485: I/HwEmailTag(16915): EmailProvider->resetVisibleLimits->start:1587707565503 ->-prefixstartupperformance-
04-23 22:52:45.495: I/HwEmailTag(16915): HwUtils->initStaticVarsAsync->run:consuming:51ms; bidiFormatter:android.support.v4.text.BidiFormatter@15a4ca77;accountsProjSize:42
04-23 22:52:45.505: I/HwEmailTag(16915): HwUtils->initStaticVarsAsync->run:consuming:54ms; bidiFormatter:android.support.v4.text.BidiFormatter@15a4ca77;accountsProjSize:42
04-23 22:52:45.505: I/HwEmailTag(16915): DBHelper->onOpen-> EmailProvider.db
04-23 22:52:45.515: I/HwEmailTag(16915): EmailApplication->onCreate->begin, consuming 81ms->-prefixstartupperformance-
04-23 22:52:45.515: I/HwEmailTag(16915): EmailApplication->triggerPeriodSyncForAllAccountsDelayed->delay start.
04-23 22:52:45.515: I/HwSystemManager(3669): ahr:onReceive action is com.huawei.android.action.GET_INSTALLER_PACKAGE_INFO
04-23 22:52:45.515: I/HwSystemManager(3669): ahr:get count = 3
04-23 22:52:45.515: I/HwCust(16915): Constructor found for class com.huawei.email.utils.HwCustSignatureHelperImpl
04-23 22:52:45.515: I/HwCust(16915): Constructor found for class com.huawei.email.utils.HwCustSignatureUtilsImpl
04-23 22:52:45.515: I/HwEmailTag(16915): EmailProvider->getDatabase->-prefixstartupperformance-database, consuming = 24ms.
04-23 22:52:45.515: I/HwEmailTag(16915): EmailApplication->onCreate->end, consuming 86ms->-prefixstartupperformance-
04-23 22:52:45.515: I/HwEmailTag(16915): EmailBroadcastReceiver->onReceive->action:android.accounts.LOGIN_ACCOUNTS_CHANGED
04-23 22:52:45.525: I/HwEmailTag(16915): EmailBroadcastProcessorService->onCreate
04-23 22:52:45.525: I/HwEmailTag(16915): EmailBroadcastProcessorService->onStartCommand->action is broadcast_receiver
04-23 22:52:45.525: I/HwEmailTag(16915): EmailBroadcastProcessorService->onHandleIntent->action is broadcast_receiver
04-23 22:52:45.525: I/HwEmailTag(16915): DBHelper->onOpen-> EmailProvider.db
04-23 22:52:45.535: I/art(15209): Explicit concurrent mark sweep GC freed 107993(6MB) AllocSpace objects, 20(420KB) LOS objects, 33% free, 31MB/47MB, paused 2.808ms total 288.306ms
04-23 22:52:45.535: I/HwEmailTag(16915): EmailBroadcastProcessorService->System accounts updated.
04-23 22:52:45.565: I/HwEmailTag(16915): EmailProvider->initBuildCache->start->1587707565583->-prefixstartupperformance-
04-23 22:52:45.565: I/HwEmailTag(16915): EmailProvider->buildCache->end, consuming:1ms;
04-23 22:52:45.565: I/HwEmailTag(16915): EmailProvider->initBuildCache->start->1587707565583; consuming:2->-prefixstartupperformance-
04-23 22:52:45.565: I/HwEmailTag(16915): EmailProvider->resetVisibleLimits->getDatabase, consuming:83ms;-prefixstartupperformance-
04-23 22:52:45.565: I/HwEmailTag(16915): EmailProvider->startupperformance->resetVisibleLimits->no account, return directly.
04-23 22:52:45.575: I/HwEmailTag(16915): DBHelper->onOpen-> EmailProvider.db
04-23 22:52:45.575: I/PG Utils(15282): acquire_providerpkg:[com.google.android.gsf] pid:[] maybe timeout , send to PG
04-23 22:52:45.585: I/HwEmailTag(16915): EmailProvider->getDatabase->-prefixstartupperformance-database, consuming = 12ms.
04-23 22:52:45.585: I/PG Utils(15282): acquire_providerpkg:[com.google.android.gsf] pid:[] maybe timeout , send to PG
04-23 22:52:45.585: I/HwEmailTag(16915): DBHelper->onOpen-> EmailProvider.db
04-23 22:52:45.595: I/PG Utils(15282): acquire_providerpkg:[com.google.android.gsf] pid:[] maybe timeout , send to PG
04-23 22:52:45.605: I/PG Utils(15282): acquire_providerpkg:[com.google.android.gsf] pid:[] maybe timeout , send to PG
04-23 22:52:45.615: I/PG Utils(15282): acquire_providerpkg:[com.google.android.gsf] pid:[] maybe timeout , send to PG
04-23 22:52:45.625: I/HwEmailTag(16915): EmailProvider->resetVisibleLimits->getDatabase, consuming:140ms;-prefixstartupperformance-
04-23 22:52:45.625: I/HwEmailTag(16915): EmailProvider->startupperformance->resetVisibleLimits->no account, return directly.
04-23 22:52:45.625: I/HwEmailTag(16915): EmailProvider->uiAccounts->start:1587707565643
04-23 22:52:45.625: I/HwEmailTag(16915): EmailProvider->query->1587707565555;end;;consuming:89ms;
04-23 22:52:45.635: I/HwEmailTag(16915): EmailProvider->uiAccounts->start:1587707565643;end,consuming:4
04-23 22:52:45.635: I/HwEmailTag(16915): EmailProvider->query->1587707565502;end;;consuming:145ms;
04-23 22:52:45.655: I/HwEmailTag(16915): AccountReconciler->reconcileAccountsInternal->consuming:21ms
04-23 22:52:45.655: I/HwEmailTag(16915): EmailBroadcastProcessorService->onCreate
04-23 22:52:45.665: I/HwCust(16967): Constructor found for class com.android.emailcommon.provider.HwCustPolicyImpl
04-23 22:52:45.675: I/HwEmailTag(16967): EmailContent->init->consuming:23ms->;-prefixstartupperformance-
04-23 22:52:45.775: I/HwEmailTag(16967): Exchange->onCreate
04-23 22:52:45.775: I/PG Utils(15282): acquire_providerpkg:[com.google.android.gsf] pid:[] maybe timeout , send to PG
04-23 22:52:45.795: I/ActivityManager(2958): filter receiver for action = com.android.mail.ACTION_NOTIFY_DATASET_CHANGED
04-23 22:52:45.795: I/HwSystemManager(3669): BgPowerManagerService:onProcessDied uid = 10009
04-23 22:52:45.795: I/HwSystemManager(3669): HoldService:uid:10009 pid:15909 died
04-23 22:52:45.795: E/HsmCoreServiceImpl(2958): onTransact in code is: 102
04-23 22:52:45.795: I/MediaProcessHandler(2958): processOp opType: 1, uid: 10009, pid: 15909
04-23 22:52:45.795: W/MediaProcessHandler(2958): remove target not exist, maybe the UI process: uid: 10009, pid: 15909
04-23 22:52:45.795: I/HwSystemManager(3669): HoldService:oldVersionKey:10009,15909
04-23 22:52:45.795: I/ActivityManager(2958): filter receiver for action = com.android.mail.ACTION_NOTIFY_DATASET_CHANGED
04-23 22:52:45.805: I/PG Utils(16967): acquire_providerpkg:[com.android.email] pid:[] maybe timeout , send to PG
04-23 22:52:45.805: I/HwEmailTag(16967): ExchangeBroadcastReceiver->onReceive->action:android.accounts.LOGIN_ACCOUNTS_CHANGED
04-23 22:52:45.805: I/HwEmailTag(16967): ExchangeBroadcastProcessorService->processLoginAccountsChanged->
04-23 22:52:45.865: I/PG Utils(15282): acquire_providerpkg:[com.google.android.gsf] pid:[] maybe timeout , send to PG
04-23 22:52:45.875: I/HwEmailTag(16915): EmailProvider->query->1587707565888;end;;consuming:1ms;
04-23 22:52:45.925: I/HwEmailTag(16967): ExchangeBroadcastProcessorService->onHandleIntent->action is login_accounts_changed_broadcast_receiver
04-23 22:52:45.925: I/HwEmailTag(16967): ExchangeBroadcastProcessorService->onLoginAccountsChanged->
04-23 22:52:46.045: I/HwEmailTag(16967): PingSyncSynchronizer->PSS->->PSS has no active accounts; stopping service.
04-23 22:52:46.055: I/HwSystemManager(3669): BgPowerManagerService:onProcessDied uid = 10013
04-23 22:52:46.055: I/HwSystemManager(3669): HoldService:uid:10013 pid:15947 died
04-23 22:52:46.055: I/HwSystemManager(3669): HoldService:oldVersionKey:10013,15947
04-23 22:52:46.055: E/HsmCoreServiceImpl(2958): onTransact in code is: 102
04-23 22:52:46.055: I/MediaProcessHandler(2958): processOp opType: 1, uid: 10013, pid: 15947
04-23 22:52:46.055: W/MediaProcessHandler(2958): remove target not exist, maybe the UI process: uid: 10013, pid: 15947
04-23 22:52:46.065: I/PG Utils(15282): acquire_providerpkg:[com.google.android.gsf] pid:[] maybe timeout , send to PG
04-23 22:52:46.075: I/ActivityManager(2958): filter receiver for action = com.google.android.gms.gcm.ACTION_SCHEDULE
04-23 22:52:46.085: W/ContextImpl(17012): Failed to ensure directory: /storage/sdcard1/Android/data/com.android.browser/files
04-23 22:52:46.105: I/HwCust(17012): Constructor found for class com.android.browser.HwCustCustomizeUtilsImpl
04-23 22:52:46.125: I/HwCust(17012): Constructor found for class com.android.browser.HwCustBrowserSettingsImpl
04-23 22:52:46.135: I/HwEmailTag(16967): ExchangeBroadcastProcessorService->onLoginAccountsChanged-> accounts is null or empty.
04-23 22:52:46.155: I/HwCust(17012): Constructor found for class com.android.browser.HwCustBrowserHelperImpl
04-23 22:52:46.165: E/SQLiteLog(17012): (283) recovered 20 frames from WAL file /data/data/com.android.browser/databases/browser2.db-wal
04-23 22:52:46.215: I/WebViewFactory(17012): Loading com.android.webview version 37 (eng.jenkinswh-arm64) (code 199992)
04-23 22:52:46.305: I/OAM(2639): [check_file_size:402]/data/hwlogdir/wifi_log/wifi_log_1 log file beyond size=10240Byte, creat new file
04-23 22:52:46.305: I/OAM(2639): [rename_old_file:107]rename_old_file
04-23 22:52:46.515: I/HwSystemManager(3669): HoldService:uid:10026 pid:8762 died
04-23 22:52:46.515: I/HwSystemManager(3669): HoldService:oldVersionKey:10026,8762
04-23 22:52:46.515: I/HwSystemManager(3669): BgPowerManagerService:onProcessDied uid = 10026
04-23 22:52:46.515: E/HsmCoreServiceImpl(2958): onTransact in code is: 102
04-23 22:52:46.515: I/MediaProcessHandler(2958): processOp opType: 1, uid: 10026, pid: 8762
04-23 22:52:46.515: W/MediaProcessHandler(2958): remove target not exist, maybe the UI process: uid: 10026, pid: 8762
04-23 22:52:46.525: I/HwSystemManager(3669): HoldService:uid:10036 pid:15980 died
04-23 22:52:46.525: I/HwSystemManager(3669): HoldService:oldVersionKey:10036,15980
04-23 22:52:46.525: I/HwSystemManager(3669): BgPowerManagerService:onProcessDied uid = 10036
04-23 22:52:46.525: E/HsmCoreServiceImpl(2958): onTransact in code is: 102
04-23 22:52:46.525: I/MediaProcessHandler(2958): processOp opType: 1, uid: 10036, pid: 15980
04-23 22:52:46.525: W/MediaProcessHandler(2958): remove target not exist, maybe the UI process: uid: 10036, pid: 15980
04-23 22:52:46.535: E/WifiStateMachine(2958): ConnectedState !CMD_RSSI_POLL 1 0 "wl-ftl-mt03-1-24" 44:48:c1:91:9d:e0 rssi=-50 f=2412 sc=100 link=72 tx=69,4, 0,0, 0,0 rx=156,8 bcn=0 [on:0 tx:0 rx:0 period:3002] from screen [on:0 period:-1430332970] gl u24 rssi=-50 ag=0 hr ticks 0,0,0 ls-=0 [56,56,60,60,65] brc=0 lrc=0
04-23 22:52:46.535: E/WifiStateMachine(2958): L2ConnectedState !CMD_RSSI_POLL 1 0 "wl-ftl-mt03-1-24" 44:48:c1:91:9d:e0 rssi=-50 f=2412 sc=100 link=72 tx=69,4, 0,0, 0,0 rx=156,8 bcn=0 [on:0 tx:0 rx:0 period:2] from screen [on:0 period:-1430332968] gl u24 rssi=-50 ag=0 hr ticks 0,0,0 ls-=0 [56,56,60,60,65] brc=0 lrc=0
04-23 22:52:46.535: E/WifiStateMachine(2958): fetchRssiLinkSpeedAndFrequencyNative rssi=-52 linkspeed=72 SSID="wl-ftl-mt03-1-24"
04-23 22:52:46.535: E/WifiStateMachine(2958): calculateWifiScore freq=2412 speed=72 score=100 highRSSI -> txbadrate=0,00 txgoodrate=48,72 txretriesrate=0,00 rxrate=141,42 userTriggerdPenalty0
04-23 22:52:46.535: E/WifiStateMachine(2958): good link -> stuck count =0
04-23 22:52:46.535: E/WifiStateMachine(2958): badRSSI count0 lowRSSI count0 --> score 60
04-23 22:52:46.535: E/WifiStateMachine(2958): isHighRSSI ---> score=65
04-23 22:52:46.545: I/LibraryLoader(17012): Loading: webviewchromium
04-23 22:52:46.565: I/LibraryLoader(17012): Time to load native libraries: 6 ms (timestamps 9351-9357)
04-23 22:52:46.565: I/LibraryLoader(17012): Expected native library version number "",actual native library version number ""
04-23 22:52:46.565: W/art(17012): Attempt to remove local handle scope entry from IRT, ignoring
04-23 22:52:46.675: I/HwSystemManager(3669): HoldService:uid:10037 pid:16083 died
04-23 22:52:46.675: I/HwSystemManager(3669): HoldService:oldVersionKey:10037,16083
04-23 22:52:46.675: I/HwSystemManager(3669): BgPowerManagerService:onProcessDied uid = 10037
04-23 22:52:46.675: E/HsmCoreServiceImpl(2958): onTransact in code is: 102
04-23 22:52:46.675: I/MediaProcessHandler(2958): processOp opType: 1, uid: 10037, pid: 16083
04-23 22:52:46.675: W/MediaProcessHandler(2958): remove target not exist, maybe the UI process: uid: 10037, pid: 16083
04-23 22:52:46.875: I/MultiDex(16990): VM with version 2.1.0 has multidex support
04-23 22:52:46.875: I/MultiDex(16990): install
04-23 22:52:46.875: I/MultiDex(16990): VM has multidex support, MultiDex support library is disabled.
04-23 22:52:47.045: I/PG Utils(16990): acquire_providerpkg:[com.google.android.gsf] pid:[] maybe timeout , send to PG
04-23 22:52:47.195: I/art(16990): Can not find class: Ljavax/net/ssl/SNIServerName;
04-23 22:52:47.195: I/art(16990): Can not find class: Ljavax/net/ssl/SNIHostName;
04-23 22:52:47.195: I/art(16990): Can not find class: Ljavax/net/ssl/SNIHostName;
04-23 22:52:47.195: I/art(16990): Can not find class: Ljavax/net/ssl/SNIHostName;
04-23 22:52:47.245: I/art(16990): Can not find class: Lcom/google/android/gms/org/conscrypt/OpenSSLSocketFactoryImpl;
04-23 22:52:47.245: W/System(16990): Could not create com.google.android.gms.org.conscrypt.OpenSSLSocketFactoryImpl with ClassLoader android.app.LoadedApk$WarningContextClassLoader@220f573b: com.google.android.gms.org.conscrypt.OpenSSLSocketFactoryImpl
04-23 22:52:47.245: I/ProviderInstaller(16990): Installed default security provider GmsCore_OpenSSL
04-23 22:52:47.445: W/ContextImpl(16990): Failed to ensure directory: /storage/sdcard1/Android/data/com.google.android.music/files
04-23 22:52:47.485: I/HwEmailTag(16915): EmailProvider->query->1587707567500;end;;consuming:2ms;
04-23 22:52:47.495: W/ContextImpl(16990): Failed to ensure directory: /storage/sdcard1/Android/data/com.google.android.music/files
04-23 22:52:47.505: W/ContextImpl(16990): Failed to ensure directory: /storage/sdcard1/Android/data/com.google.android.music/files
04-23 22:52:47.505: I/HwEmailTag(16915): AccountReconciler->reconcileAccountsInternal->consuming:11ms
04-23 22:52:47.505: I/PG Utils(16967): acquire_providerpkg:[com.android.email] pid:[] maybe timeout , send to PG
04-23 22:52:47.505: I/HwEmailTag(16915): EmailProvider->query->1587707567521;end;;consuming:1ms;
04-23 22:52:47.505: I/HwEmailTag(16915): EmailProvider->query->1587707567522;end;;consuming:2ms;
04-23 22:52:47.515: I/HwEmailTag(16915): EmailApplication->handleMessage->startService CleanRecipientAddressService
04-23 22:52:47.515: I/HwEmailTag(16915): Device->updateDeviceIdIfNeeded
04-23 22:52:47.515: I/HwEmailTag(16915): CleanRecipient->onCreate
04-23 22:52:47.515: I/HwEmailTag(16915): AccountReconciler->reconcileAccountsInternal->consuming:8ms
04-23 22:52:47.515: I/HwEmailTag(16915): Device->updateDeviceIdIfNeeded->doInBackground
04-23 22:52:47.515: I/HwEmailTag(16915): Device->getDeviceId->
04-23 22:52:47.515: I/HwEmailTag(16915): CleanRecipient->onStartCommand->action is null
04-23 22:52:47.515: I/HwEmailTag(16915): Device->getDeviceIdInternal->isUpdate:false
04-23 22:52:47.515: I/HwEmailTag(16915): CleanRecipient->onHandleIntent->action is null
04-23 22:52:47.525: I/HwEmailTag(16915): Device->getDeviceIdInternal->get id from deviceName, return successfully.
04-23 22:52:47.525: I/HwEmailTag(16967): PingSyncSynchronizer->PSS->->PSS has no active accounts; stopping service.
04-23 22:52:47.525: I/HwEmailTag(16915): Device->updateDeviceIdIfNeeded->deviceId is consistent id , return directly.
04-23 22:52:47.525: I/HwEmailTag(16915): CleanRecipient->onHandleIntent-> clean RecipientAddress done, nothing changed!!
04-23 22:52:47.535: I/HwEmailTag(16915): CleanRecipient->onDestroy
04-23 22:52:47.555: I/MusicPlaybackService(15777): onStartCommand null / null
04-23 22:52:47.775: I/MediaRouter(16990): Found default route: MediaRouter.RouteInfo{ uniqueId=android/.support.v7.media.SystemMediaRouteProvider:DEFAULT_ROUTE, name=Kopfhörer, description=null, iconUri=null, enabled=true, connecting=false, connectionState=0, canDisconnect=false, playbackType=0, playbackStream=3, deviceType=0, volumeHandling=1, volume=8, volumeMax=15, presentationDisplayId=-1, extras=null, settingsIntent=null, providerPackageName=android }
04-23 22:52:48.025: I/HwSystemManager(3669): HoldService:uid:10039 pid:16138 died
04-23 22:52:48.025: I/HwSystemManager(3669): HoldService:oldVersionKey:10039,16138
04-23 22:52:48.025: I/HwSystemManager(3669): BgPowerManagerService:onProcessDied uid = 10039
04-23 22:52:48.025: E/HsmCoreServiceImpl(2958): onTransact in code is: 102
04-23 22:52:48.025: I/MediaProcessHandler(2958): processOp opType: 1, uid: 10039, pid: 16138
04-23 22:52:48.025: W/MediaProcessHandler(2958): remove target not exist, maybe the UI process: uid: 10039, pid: 16138
04-23 22:52:48.035: I/PG Utils(17085): acquire_providerpkg:[com.google.android.gsf] pid:[] maybe timeout , send to PG
04-23 22:52:48.095: I/PG Utils(17085): acquire_providerpkg:[com.google.android.partnersetup] pid:[] maybe timeout , send to PG
04-23 22:52:48.105: I/PG Utils(17061): acquire_providerpkg:[com.google.android.gsf] pid:[] maybe timeout , send to PG
04-23 22:52:48.105: I/PG Utils(17061): acquire_providerpkg:[com.google.android.gsf] pid:[] maybe timeout , send to PG
04-23 22:52:48.245: I/art(2340): Explicit concurrent mark sweep GC freed 706(30KB) AllocSpace objects, 0(0B) LOS objects, 55% free, 12MB/28MB, paused 201us total 28.120ms
04-23 22:52:48.275: I/art(2340): Explicit concurrent mark sweep GC freed 5(160B) AllocSpace objects, 0(0B) LOS objects, 55% free, 12MB/28MB, paused 197us total 33.540ms
04-23 22:52:48.295: I/art(2340): Explicit concurrent mark sweep GC freed 5(160B) AllocSpace objects, 0(0B) LOS objects, 55% free, 12MB/28MB, paused 183us total 22.807ms
04-23 22:52:48.435: I/art(2958): Explicit concurrent mark sweep GC freed 18996(1056KB) AllocSpace objects, 6(120KB) LOS objects, 33% free, 28MB/42MB, paused 2.428ms total 183.277ms
04-23 22:52:48.575: I/HwSystemManager(3669): BgPowerManagerService:onProcessDied uid = 10042
04-23 22:52:48.575: I/HwSystemManager(3669): HoldService:uid:10042 pid:16161 died
04-23 22:52:48.575: I/HwSystemManager(3669): HoldService:oldVersionKey:10042,16161
04-23 22:52:48.575: E/HsmCoreServiceImpl(2958): onTransact in code is: 102
04-23 22:52:48.575: I/MediaProcessHandler(2958): processOp opType: 1, uid: 10042, pid: 16161
04-23 22:52:48.575: W/MediaProcessHandler(2958): remove target not exist, maybe the UI process: uid: 10042, pid: 16161
04-23 22:52:48.595: I/PG Utils(15777): acquire_providerpkg:[com.android.providers.media] pid:[] maybe timeout , send to PG
04-23 22:52:48.595: I/PG Utils(15777): acquire_providerpkg:[com.android.providers.media] pid:[] maybe timeout , send to PG
04-23 22:52:48.635: I/MediaStoreImporter(15777): Update: incremental Added music: 0 Updated music: 0 Deleted music: 0 Created playlists: 0 Updated playlists: 0 Deleted playlists: 0 Inserted playlist items: 0 Deleted playlist items: 0 Removed orphaned playlist items: 0
04-23 22:52:48.635: I/ActivityManager(2958): filter receiver for action = com.google.android.music.IMPORT_COMPLETE
04-23 22:52:49.415: I/PG Utils(17181): acquire_providerpkg:[com.google.android.gsf] pid:[] maybe timeout , send to PG
04-23 22:52:49.475: I/OAM(2639): [check_file_size:402]/data/hwlogdir/wifi_log/wifi_log_1 log file beyond size=10240Byte, creat new file
04-23 22:52:49.475: I/OAM(2639): [rename_old_file:107]rename_old_file
04-23 22:52:49.495: I/Icing(15282): IndexChimeraService.getServiceInterface callingPackage=com.google.android.gms componentName=null serviceId=36
04-23 22:52:49.515: I/GmsCoreXrpcWrapper(15282): Returning a channel provider with trafficStatsTag=12803
04-23 22:52:49.535: I/Icing(15282): Usage reports ok 0, Failed Usage reports 0, indexed 0, rejected 0
04-23 22:52:49.545: E/WifiStateMachine(2958): ConnectedState !CMD_RSSI_POLL 1 0 "wl-ftl-mt03-1-24" 44:48:c1:91:9d:e0 rssi=-52 f=2412 sc=100 link=72 tx=48,7, 0,0, 0,0 rx=141,4 bcn=0 [on:0 tx:0 rx:0 period:3001] from screen [on:0 period:-1430329964] gl u24 rssi=-52 ag=0 hr ticks 0,0,0 ls-=0 [56,56,60,60,65] brc=0 lrc=0
04-23 22:52:49.545: E/WifiStateMachine(2958): L2ConnectedState !CMD_RSSI_POLL 1 0 "wl-ftl-mt03-1-24" 44:48:c1:91:9d:e0 rssi=-52 f=2412 sc=100 link=72 tx=48,7, 0,0, 0,0 rx=141,4 bcn=0 [on:0 tx:0 rx:0 period:2] from screen [on:0 period:-1430329962] gl u24 rssi=-52 ag=0 hr ticks 0,0,0 ls-=0 [56,56,60,60,65] brc=0 lrc=0
04-23 22:52:49.545: E/WifiStateMachine(2958): fetchRssiLinkSpeedAndFrequencyNative rssi=-51 linkspeed=72 SSID="wl-ftl-mt03-1-24"
04-23 22:52:49.545: E/WifiStateMachine(2958): calculateWifiScore freq=2412 speed=72 score=100 highRSSI -> txbadrate=0,00 txgoodrate=24,36 txretriesrate=0,00 rxrate=113,21 userTriggerdPenalty0
04-23 22:52:49.545: E/WifiStateMachine(2958): good link -> stuck count =0
04-23 22:52:49.545: E/WifiStateMachine(2958): badRSSI count0 lowRSSI count0 --> score 60
04-23 22:52:49.545: E/WifiStateMachine(2958): isHighRSSI ---> score=65
04-23 22:52:49.565: I/Icing(15282): IndexChimeraService.getServiceInterface callingPackage=com.google.android.gms componentName=null serviceId=30
04-23 22:52:49.575: I/GmsCoreXrpcWrapper(15282): Returning a channel provider with trafficStatsTag=12803
04-23 22:52:49.575: W/GAV2(17181): Thread[main,5,main]: Need to call initialize() and be in fallback mode to start dispatch.
04-23 22:52:49.575: I/Icing(15282): Usage reports ok 0, Failed Usage reports 0, indexed 0, rejected 0
04-23 22:52:49.585: I/BooksApp(17181): Created application version: 3.6.9 (30609)
04-23 22:52:49.755: I/Icing(15282): IndexChimeraService.getServiceInterface callingPackage=com.google.android.apps.books componentName=null serviceId=21
04-23 22:52:49.765: I/GmsCoreXrpcWrapper(15282): Returning a channel provider with trafficStatsTag=12803
04-23 22:52:49.815: I/PG Utils(9488): acquire_providerpkg:[com.android.providers.contacts] pid:[] maybe timeout , send to PG
04-23 22:52:49.815: I/HwSystemManager(3669): HoldService:uid:10025 pid:16289 died
04-23 22:52:49.815: I/HwSystemManager(3669): HoldService:oldVersionKey:10025,16289
04-23 22:52:49.815: I/HwSystemManager(3669): BgPowerManagerService:onProcessDied uid = 10025
04-23 22:52:49.815: E/HsmCoreServiceImpl(2958): onTransact in code is: 102
04-23 22:52:49.815: I/MediaProcessHandler(2958): processOp opType: 1, uid: 10025, pid: 16289
04-23 22:52:49.815: W/MediaProcessHandler(2958): remove target not exist, maybe the UI process: uid: 10025, pid: 16289
04-23 22:52:49.825: I/Icing(15282): Usage reports ok 0, Failed Usage reports 0, indexed 0, rejected 0
04-23 22:52:49.825: I/PG Utils(9488): acquire_providerpkg:[com.android.providers.contacts] pid:[] maybe timeout , send to PG
04-23 22:52:50.225: I/PG Utils(2958): broadcastpkg:[com.android.chrome] pid:[null] maybe timeout , send to PG
04-23 22:52:50.515: I/HwEmailTag(16915): HwUtils->triggerPeriodSync->
04-23 22:52:50.515: I/HwEmailTag(16915): EmailProvider->call->triggerPeroidSync,accountId:-1
04-23 22:52:50.515: I/HwEmailTag(16915): EmailProvider->triggerPeroidSync->accountId:-1
04-23 22:52:50.755: I/HwSystemManager(3669): HoldService:uid:10072 pid:16429 died
04-23 22:52:50.755: I/HwSystemManager(3669): HoldService:oldVersionKey:10072,16429
04-23 22:52:50.755: I/HwSystemManager(3669): BgPowerManagerService:onProcessDied uid = 10072
04-23 22:52:50.755: E/HsmCoreServiceImpl(2958): onTransact in code is: 102
04-23 22:52:50.755: I/MediaProcessHandler(2958): processOp opType: 1, uid: 10072, pid: 16429
04-23 22:52:50.755: W/MediaProcessHandler(2958): remove target not exist, maybe the UI process: uid: 10072, pid: 16429
04-23 22:52:50.805: W/AbstractGoogleClient(17306): Application name is not set. Call Builder#setApplicationName.
04-23 22:52:50.825: I/PG Utils(17306): acquire_providerpkg:[com.android.providers.calendar] pid:[] maybe timeout , send to PG
04-23 22:52:50.845: W/ChimeraUtils(15209): Non Chimera context
04-23 22:52:50.905: I/HwPackageManagerService(2958): start loadForceNotDexApps file. mHaveLoadedNeverDexoptApkList false
04-23 22:52:50.905: I/HwPackageManagerService(2958): needed dexopt deferred pkg :androidx.test.tools.crawler
04-23 22:52:50.905: I/HwPackageManagerService(2958): start loadAppsList file. mHaveLoadedDexoptInBootUpApkList false
04-23 22:52:50.905: I/HwPackageManagerService(2958): needed dexopt deferred pkg :androidx.test.tools.crawler
04-23 22:52:50.905: I/art(2958): DexFile_isDexOptNeeded failed to open oat file '/data/dalvik-cache/arm64/data@app@androidx.test.tools.crawler-1@base.apk@classes.dex' for file location '/data/app/androidx.test.tools.crawler-1/base.apk': Failed to open oat filename for reading: No such file or directory
04-23 22:52:50.905: I/art(2958): DexFile_isDexOptNeeded failed to open oat file '/data/app/androidx.test.tools.crawler-1/arm64/base.odex' for file location '/data/app/androidx.test.tools.crawler-1/base.apk': Failed to open oat filename for reading: No such file or directory
04-23 22:52:50.905: I/HwPackageManagerService(2958): forceNotDex: isOdexCase true, mSystemReady true, mDexOptTotalTime 84775, isFirstBoot false, hasOtaUpdate false
04-23 22:52:50.905: I/HwPackageManagerService(2958): forceNotDex = false: isOdexCase true, mSystemReady true
04-23 22:52:50.915: I/PackageManager(2958): Running dexopt on: /data/app/androidx.test.tools.crawler-1/base.apk pkg=androidx.test.tools.crawler isa=arm64 vmSafeMode=false
04-23 22:52:50.935: I/dex2oat(17349): /system/bin/dex2oat --zip-fd=11 --zip-location=/data/app/androidx.test.tools.crawler-1/base.apk --oat-fd=12 --oat-location=/data/dalvik-cache/arm64/data@app@androidx.test.tools.crawler-1@base.apk@classes.dex --instruction-set=arm64 --instruction-set-features=default --runtime-arg -Xms64m --runtime-arg -Xmx512m
04-23 22:52:50.985: I/HwSystemManager(3669): HoldService:uid:10048 pid:16333 died
04-23 22:52:50.985: I/HwSystemManager(3669): HoldService:oldVersionKey:10048,16333
04-23 22:52:50.985: I/HwSystemManager(3669): BgPowerManagerService:onProcessDied uid = 10048
04-23 22:52:50.985: E/HsmCoreServiceImpl(2958): onTransact in code is: 102
04-23 22:52:50.985: I/MediaProcessHandler(2958): processOp opType: 1, uid: 10048, pid: 16333
04-23 22:52:50.985: W/MediaProcessHandler(2958): remove target not exist, maybe the UI process: uid: 10048, pid: 16333
04-23 22:52:51.285: I/GAv4(17328): Google Analytics 7.8.95 is starting up. To enable debug logging on a device run:
04-23 22:52:51.285: I/GAv4(17328): adb shell setprop log.tag.GAv4 DEBUG
04-23 22:52:51.285: I/GAv4(17328): adb logcat -s GAv4
04-23 22:52:51.325: W/GAv4(17328): AnalyticsReceiver is not registered or is disabled. Register the receiver for reliable dispatching on non-Google Play devices. See http://goo.gl/8Rd3yj for instructions.
04-23 22:52:51.335: W/GAv4(17328): CampaignTrackingReceiver is not registered, not exported or is disabled. Installation campaign tracking is not possible. See http://goo.gl/8Rd3yj for instructions.
04-23 22:52:51.345: W/GAv4(17328): AnalyticsService not registered in the app manifest. Hits might not be delivered reliably. See http://goo.gl/8Rd3yj for instructions.
04-23 22:52:51.355: E/SQLiteLog(17328): (283) recovered 3 frames from WAL file /data/data/com.google.android.apps.docs/databases/DocList.db-wal
04-23 22:52:51.365: W/AnalyticsTrackerProxyImpl(17328): Analytics setup for ID UA-21125203-2, app name Google Drive, version 2.3.357.23.44
04-23 22:52:51.505: W/ChimeraUtils(15209): Non Chimera context
04-23 22:52:51.835: I/HwSystemManager(3669): HoldService:uid:10086 pid:16461 died
04-23 22:52:51.835: I/HwSystemManager(3669): HoldService:oldVersionKey:10086,16461
04-23 22:52:51.835: I/HwSystemManager(3669): BgPowerManagerService:onProcessDied uid = 10086
04-23 22:52:51.835: E/HsmCoreServiceImpl(2958): onTransact in code is: 102
04-23 22:52:51.835: I/MediaProcessHandler(2958): processOp opType: 1, uid: 10086, pid: 16461
04-23 22:52:51.835: W/MediaProcessHandler(2958): remove target not exist, maybe the UI process: uid: 10086, pid: 16461
04-23 22:52:51.955: I/art(17328): Can not find class: Ljavax/net/ssl/SNIServerName;
04-23 22:52:51.955: I/art(17328): Can not find class: Ljavax/net/ssl/SNIHostName;
04-23 22:52:51.965: I/art(17328): Can not find class: Ljavax/net/ssl/SNIHostName;
04-23 22:52:51.965: I/art(17328): Can not find class: Ljavax/net/ssl/SNIHostName;
04-23 22:52:52.015: I/art(17328): Can not find class: Lcom/google/android/gms/org/conscrypt/OpenSSLSocketFactoryImpl;
04-23 22:52:52.015: W/System(17328): Could not create com.google.android.gms.org.conscrypt.OpenSSLSocketFactoryImpl with ClassLoader dalvik.system.PathClassLoader[DexPathList[[zip file "/system/app/Drive/Drive.apk"],nativeLibraryDirectories=[/system/app/Drive/lib/arm64, /vendor/lib64, /system/lib64]]]: com.google.android.gms.org.conscrypt.OpenSSLSocketFactoryImpl
04-23 22:52:52.015: I/ProviderInstaller(17328): Installed default security provider GmsCore_OpenSSL
04-23 22:52:52.545: I/PG Utils(15282): acquire_providerpkg:[com.google.android.gsf] pid:[] maybe timeout , send to PG
04-23 22:52:52.555: E/WifiStateMachine(2958): ConnectedState !CMD_RSSI_POLL 1 0 "wl-ftl-mt03-1-24" 44:48:c1:91:9d:e0 rssi=-51 f=2412 sc=100 link=72 tx=24,4, 0,0, 0,0 rx=113,2 bcn=0 [on:0 tx:0 rx:0 period:3007] from screen [on:0 period:-1430326950] gl u24 rssi=-51 ag=0 hr ticks 0,0,0 ls-=0 [56,56,60,60,65] brc=0 lrc=0
04-23 22:52:52.555: E/WifiStateMachine(2958): L2ConnectedState !CMD_RSSI_POLL 1 0 "wl-ftl-mt03-1-24" 44:48:c1:91:9d:e0 rssi=-51 f=2412 sc=100 link=72 tx=24,4, 0,0, 0,0 rx=113,2 bcn=0 [on:0 tx:0 rx:0 period:1] from screen [on:0 period:-1430326949] gl u24 rssi=-51 ag=0 hr ticks 0,0,0 ls-=0 [56,56,60,60,65] brc=0 lrc=0
04-23 22:52:52.555: E/WifiStateMachine(2958): fetchRssiLinkSpeedAndFrequencyNative rssi=-51 linkspeed=72 SSID="wl-ftl-mt03-1-24"
04-23 22:52:52.565: E/WifiStateMachine(2958): calculateWifiScore freq=2412 speed=72 score=100 highRSSI -> txbadrate=0,00 txgoodrate=15,18 txretriesrate=0,00 rxrate=109,61 userTriggerdPenalty0
04-23 22:52:52.565: E/WifiStateMachine(2958): good link -> stuck count =0
04-23 22:52:52.565: E/WifiStateMachine(2958): badRSSI count0 lowRSSI count0 --> score 60
04-23 22:52:52.565: E/WifiStateMachine(2958): isHighRSSI ---> score=65
04-23 22:52:52.575: I/PG Utils(15209): acquire_providerpkg:[com.google.android.gsf] pid:[] maybe timeout , send to PG
04-23 22:52:52.595: W/aujo(15209): Empty content. Thus might mean that the settings are not synced down.
04-23 22:52:52.605: I/PG Utils(15209): acquire_providerpkg:[com.google.android.gsf] pid:[] maybe timeout , send to PG
04-23 22:52:52.615: I/PG Utils(15209): acquire_providerpkg:[com.google.android.gsf] pid:[] maybe timeout , send to PG
04-23 22:52:52.625: I/PG Utils(15209): acquire_providerpkg:[com.google.android.gsf] pid:[] maybe timeout , send to PG
04-23 22:52:52.675: I/ActivityManager(2958): filter receiver for action = com.android.mail.ACTION_NOTIFY_DATASET_CHANGED
04-23 22:52:52.685: I/Auth(15209): [ReflectiveChannelBinder] Successfully bound channel!
04-23 22:52:52.695: I/System(15209): core_booster, getBoosterConfig = false
04-23 22:52:52.705: I/System(15209): core_booster, getBoosterConfig = false
04-23 22:52:52.705: I/System(15209): core_booster, getBoosterConfig = false
04-23 22:52:52.705: W/Conscrypt(15209): Could not set socket write timeout: java.net.SocketException: Socket closed
04-23 22:52:52.705: E/art(15209): invalid stream - problem with parameter iterator in /data/app/com.google.android.gms-1/base.apk for method void com.google.android.gms.org.conscrypt.ConscryptFileDescriptorSocket.setSoWriteTimeout(int)
04-23 22:52:52.705: W/Conscrypt(15209): at com.google.android.gms.org.conscrypt.Platform.setSocketWriteTimeout(:com.google.android.gms@200914010@20.09.14 (020400-300565878):2)
