04-23 22:52:00.505: I/PG Utils(11706): acquire_providerpkg:[com.google.android.gsf] pid:[] maybe timeout , send to PG
04-23 22:52:00.515: I/PG Utils(11706): acquire_providerpkg:[com.google.android.gsf] pid:[] maybe timeout , send to PG
04-23 22:52:00.545: I/art(9989): Explicit concurrent mark sweep GC freed 47244(2MB) AllocSpace objects, 10(188KB) LOS objects, 32% free, 32MB/48MB, paused 1.902ms total 263.732ms
04-23 22:52:00.545: I/appproc(13919): CLASSPATH=/system/framework/am.jar
04-23 22:52:00.545: I/appproc(13919): Command=app_process /system/bin com.android.commands.am.Am startservice --user 0 -a com.google.android.gmscore.testing.testsupport.CommandService -n com.google.android.gmscore.testing.testsupport/.CommandService --es COMMAND PACKAGE --es FLAG_PACKAGE Eitjb20uZ29vZ2xlLmFuZHJvaWQuZ21zLmF1dGguYXBpLmNyZWRlbnRpYWxzGh4KGlNhdmVTdHJhdGVneV9fZW5hYmxlU2F2aW5nGAAoPg
04-23 22:52:00.545: I/appproc(13919): app_process:number,15,0
04-23 22:52:00.555: I/AndroidRuntime(13919): readDownloadBoosterConfig: 'false'
04-23 22:52:00.555: I/GCoreUlr(9989): Unbound from all signal providers.
04-23 22:52:00.565: I/PG Utils(9989): acquire_providerpkg:[com.google.android.gsf] pid:[] maybe timeout , send to PG
04-23 22:52:00.575: I/GeofencerStateMachine(9989): sendQueryLocationOptIn
04-23 22:52:00.575: I/GeofencerStateMachine(9989): sendQueryLocationOptIn
04-23 22:52:00.575: I/GeofencerStateMachine(9989): sendQueryLocationOptIn
04-23 22:52:00.575: I/GeofencerStateMachine(9989): sendQueryLocationOptIn
04-23 22:52:00.575: I/GeofencerStateMachine(9989): sendQueryLocationOptIn
04-23 22:52:00.575: I/GeofencerStateMachine(9989): sendQueryLocationOptIn
04-23 22:52:00.575: I/GeofencerStateMachine(9989): sendQueryLocationOptIn
04-23 22:52:00.595: I/GCoreUlr(9989): DispatchingService ignoring Intent { act=android.net.wifi.WIFI_STATE_CHANGED flg=0x4000010 (has extras) } because ULR inactive
04-23 22:52:00.595: I/GCoreUlr(9989): WorldUpdater received intent Intent { act=com.google.android.location.reporting.ACTION_UPDATE_WORLD cmp=com.google.android.gms/com.google.android.location.reporting.service.DispatchingService (has extras) } with receiverAction com.google.gservices.intent.action.GSERVICES_CHANGED
04-23 22:52:00.615: I/GCoreUlr(9989): WorldUpdater:com.google.gservices.intent.action.GSERVICES_CHANGED: Ensuring that reporting is stopped because of reasons: (no Google accounts)
04-23 22:52:00.615: I/PG Utils(9989): acquire_providerpkg:[com.google.android.gsf] pid:[] maybe timeout , send to PG
04-23 22:52:00.625: I/GCoreUlr(9989): Unbound from all signal providers.
04-23 22:52:00.645: I/PG Utils(9989): acquire_providerpkg:[com.google.android.gsf] pid:[] maybe timeout , send to PG
04-23 22:52:00.645: I/art(12759): Explicit concurrent mark sweep GC freed 15093(955KB) AllocSpace objects, 13(260KB) LOS objects, 34% free, 30MB/46MB, paused 1.704ms total 164.624ms
04-23 22:52:00.655: I/GCoreUlr(9989): Unbound from all signal providers.
04-23 22:52:00.655: I/GCoreUlr(9989): Stopping handler for UlrDispSvcFast
04-23 22:52:00.665: I/MS_RegisterService(12759): RegisterService intent:Intent { act=com.google.android.gms.matchstick.register_intent_action cat=[targeted_intent_op_prefix:com.google.android.libraries.matchstick.net.SilentRegisterIntentOperation] cmp=com.google.android.gms/.chimera.GmsIntentOperationService } isPeriodic:false
04-23 22:52:00.695: I/PG Utils(9989): acquire_providerpkg:[com.google.android.gsf] pid:[] maybe timeout , send to PG
04-23 22:52:00.695: I/PG Utils(9989): [
04-23 22:52:00.695 13919:13919 I/ ]
04-23 22:52:00.695: I/PG Utils(9989): power log dlsym ok
04-23 22:52:00.715: E/art(9989): invalid stream - problem with parameter iterator in /data/data/com.google.android.gms/code_cache/secondary-dexes/base.apk.classes2.zip for method void fca.c(java.lang.String, java.lang.String, java.lang.Object[])
04-23 22:52:00.715: W/NetRec(9989): [861] ConfigChangedIntentOperation.onHandleIntent: Device does not support scoring, exiting
04-23 22:52:00.715: I/Herrevad(9989): [868] abif.a: updateListenState
04-23 22:52:00.725: I/Auth(9989): [AuthManaged,PasswordComplexityHelperImpl] Updating password complexity components state.
04-23 22:52:00.725: I/Auth(9989): [AuthManaged,PasswordComplexityHelperImpl] Disabling com.google.android.gms.auth.managed.admin.DeviceAdminReceiver
04-23 22:52:00.735: I/Auth(9989): [AuthManaged,PasswordComplexityHelperImpl] Disabling com.google.android.gms.auth.managed.ui.SetNewPasswordActivity
04-23 22:52:00.735: I/PG Utils(9989): acquire_providerpkg:[com.google.android.gsf] pid:[] maybe timeout , send to PG
04-23 22:52:00.745: E/android_hardware_fm.cpp(13919): register_android_hardware_fm_fmradio
04-23 22:52:00.745: I/android_hardware_fm.cpp(13919): ========64bit long size = 8
04-23 22:52:00.745: E/FM_HAL(13919): [FM_HAL], libname is libhisifm_if
04-23 22:52:00.745: I/fm_hisi(13919): FM::[fm_device_open:4655] fm_device_open
04-23 22:52:00.745: I/fm_hisi(13919): FM::[fm_device_open:4666] find the id:libhisifm_if and begins to open the device
04-23 22:52:00.745: I/fm_hisi(13919): FM::[fm_device_open:4710] device open sucess
04-23 22:52:00.745: E/android_hardware_fm.cpp(13919): register_android_hardware_fm_fmradio, ret is 0
04-23 22:52:00.765: I/SystemUpdate(12759): [Installation,ReceiverIntentOperation] Received intent: Intent { act=com.google.gservices.intent.action.GSERVICES_CHANGED flg=0x10 cmp=com.google.android.gms/.chimera.GmsIntentOperationService$PersistentInternalReceiver }.
04-23 22:52:00.775: I/PG Utils(9989): acquire_providerpkg:[com.google.android.gsf] pid:[] maybe timeout , send to PG
04-23 22:52:00.775: I/art(12759): Can not find class: Lcom/google/android/gms/dynamite/descriptors/providerinstaller/ModuleDescriptor;
04-23 22:52:00.775: W/DynamiteModule(12759): Local module descriptor class for providerinstaller not found.
04-23 22:52:00.775: W/ProviderHelper(12759): Unknown dynamite feature providerinstaller
04-23 22:52:00.775: I/DynamiteModule(12759): Considering local module providerinstaller:0 and remote module providerinstaller:0
04-23 22:52:00.775: W/ProviderInstaller(12759): Failed to load providerinstaller module: No acceptable module found. Local version is 0 and remote version is 0.
04-23 22:52:00.775: I/PG Utils(12759): acquire_providerpkg:[com.google.android.gsf] pid:[] maybe timeout , send to PG
04-23 22:52:00.795: I/TSDRIVER(13787): CommandService onHandleIntent()
04-23 22:52:00.795: I/TSDRIVER(13787): Got command: PACKAGE
04-23 22:52:00.795: I/TSDRIVER(13787): flag package: Eitjb20uZ29vZ2xlLmFuZHJvaWQuZ21zLmF1dGguYXBpLmNyZWRlbnRpYWxzGh4KGlNhdmVTdHJhdGVneV9fZW5hYmxlU2F2aW5nGAAoPg
04-23 22:52:00.795: I/TSDRIVER(13787): flag package: com.google.android.gms.auth.api.credentials
04-23 22:52:00.805: I/art(9488): Explicit concurrent mark sweep GC freed 3084(123KB) AllocSpace objects, 0(0B) LOS objects, 40% free, 13MB/22MB, paused 669us total 30.772ms
04-23 22:52:00.805: I/GCoreUlr(9989): WorldUpdater received intent Intent { act=com.google.android.location.reporting.ACTION_UPDATE_WORLD cmp=com.google.android.gms/com.google.android.location.reporting.service.DispatchingService (has extras) } with receiverAction com.google.gservices.intent.action.GSERVICES_CHANGED
04-23 22:52:00.815: I/GCoreUlr(9989): WorldUpdater:com.google.gservices.intent.action.GSERVICES_CHANGED: Ensuring that reporting is stopped because of reasons: (no Google accounts)
04-23 22:52:00.825: I/GCoreUlr(9989): Unbound from all signal providers.
04-23 22:52:00.845: I/TestSupport(12759): SetOverrideOperation: gms:phenotype:phenotype_flag:debug_bypass_phenotype = false
04-23 22:52:00.855: I/PG Utils(9989): acquire_providerpkg:[com.google.android.gsf] pid:[] maybe timeout , send to PG
04-23 22:52:00.855: I/GCoreUlr(9989): DispatchingService ignoring Intent { act=android.net.wifi.WIFI_STATE_CHANGED flg=0x4000010 (has extras) } because ULR inactive
04-23 22:52:00.865: I/GCoreUlr(9989): Unbound from all signal providers.
04-23 22:52:00.865: I/GCoreUlr(9989): Stopping handler for UlrDispSvcFast
04-23 22:52:00.905: I/PG Utils(9989): acquire_providerpkg:[com.google.android.gsf] pid:[] maybe timeout , send to PG
04-23 22:52:00.905: W/ChimeraUtils(12759): Non Chimera context
04-23 22:52:00.905: W/ChimeraUtils(12759): Non Chimera context
04-23 22:52:00.925: I/PG Utils(9989): acquire_providerpkg:[com.google.android.gsf] pid:[] maybe timeout , send to PG
04-23 22:52:00.925: I/PG Utils(9989): acquire_providerpkg:[com.google.android.gsf] pid:[] maybe timeout , send to PG
04-23 22:52:00.925: I/ActivityManager(2958): filter receiver for action = com.google.android.gms.gcm.ACTION_SCHEDULE
04-23 22:52:00.935: I/CameraHalInterface(2581): Found a matching camera info for ID 0
04-23 22:52:00.935: I/OcrModelUpStIntentOp(12759): Updating ocr activity enabled=true (phenotypeFlag=true, lowRamDevice=false, prereqCheck=true)
04-23 22:52:00.945: I/ActivityManager(2958): filter receiver for action = com.google.android.gms.gcm.ACTION_SCHEDULE
04-23 22:52:00.945: I/OcrModelUpStIntentOp(12759): Downloading text recognizer
04-23 22:52:00.955: I/ActivityManager(2958): filter receiver for action = com.google.android.gms.vision.DEPENDENCY
04-23 22:52:00.975: I/PG Utils(9989): acquire_providerpkg:[com.google.android.gsf] pid:[] maybe timeout , send to PG
04-23 22:52:01.045: I/GservicesProvider(9488): override update completed
04-23 22:52:01.045: I/PG Utils(9989): acquire_providerpkg:[com.google.android.gsf] pid:[] maybe timeout , send to PG
04-23 22:52:01.045: I/ActivityManager(2958): filter receiver for action = com.google.gservices.intent.action.GSERVICES_CHANGED
04-23 22:52:01.055: I/PG Utils(12616): acquire_providerpkg:[com.google.android.gsf] pid:[] maybe timeout , send to PG
04-23 22:52:01.055: I/TestSupport(12759): GServices override confirmed: gms:phenotype:phenotype_flag:debug_bypass_phenotype=false
04-23 22:52:01.055: I/PG Utils(9989): acquire_providerpkg:[com.google.android.gsf] pid:[] maybe timeout , send to PG
04-23 22:52:01.065: I/art(9488): Explicit concurrent mark sweep GC freed 15377(796KB) AllocSpace objects, 2(72KB) LOS objects, 39% free, 13MB/22MB, paused 746us total 37.007ms
04-23 22:52:01.065: I/GmsModuleFndr(12759): Beginning GMS chimera module scan
04-23 22:52:01.075: I/PG Utils(11706): acquire_providerpkg:[com.google.android.gsf] pid:[] maybe timeout , send to PG
04-23 22:52:01.075: I/PG Utils(11706): acquire_providerpkg:[com.google.android.gsf] pid:[] maybe timeout , send to PG
04-23 22:52:01.085: I/TestSupport(12759): SetFlagOverridesOperation: com.google.android.gms.auth.api.credentials, '', [Flag(SaveStrategy__enableSaving, false, 2, 0)]
04-23 22:52:01.085: I/ModuleSetMgr(12759): Computing pending module set with APKs: [[AdsFdrDynamite.integ:21460000006], [VisionOcr.optional:200914000400], [AdsFdrDynamite.integ:21001000000], [Cronetdynamite:200914020400], [Dynamiteloader:200914020000], [Dynamitemodulesa:200914020000], [Dynamitemodulesc:200914020000], [Googlecertificates:200914020000], [Mapsdynamite:200914020000], [Measurementdynamite:200914020000]]
04-23 22:52:01.095: I/PG Utils(9989): acquire_providerpkg:[com.google.android.gsf] pid:[] maybe timeout , send to PG
04-23 22:52:01.105: E/UpdateRequestReceiver(13822): Received malformed URL while handling Gservices.CHANGED_ACTION
04-23 22:52:01.105: I/GservicesUpdateTask(8762): Updating Gservices keys
04-23 22:52:01.115: I/PG Utils(8762): acquire_providerpkg:[com.google.android.gsf] pid:[] maybe timeout , send to PG
04-23 22:52:01.115: I/PG Utils(11706): acquire_providerpkg:[com.google.android.gsf] pid:[] maybe timeout , send to PG
04-23 22:52:01.115: E/UpdateRequestReceiver(13822): Received malformed URL while handling Gservices.CHANGED_ACTION
04-23 22:52:01.125: E/UpdateRequestReceiver(13822): Received malformed URL while handling Gservices.CHANGED_ACTION
04-23 22:52:01.125: I/PG Utils(8762): acquire_providerpkg:[com.google.android.gsf] pid:[] maybe timeout , send to PG
04-23 22:52:01.125: I/PG Utils(9989): acquire_providerpkg:[com.google.android.gsf] pid:[] maybe timeout , send to PG
04-23 22:52:01.135: E/UpdateRequestReceiver(13822): Received malformed URL while handling Gservices.CHANGED_ACTION
04-23 22:52:01.135: I/ModuleSetMgr(12759): Pending container module APKs: [[VisionOcr.optional:200914000400]]
04-23 22:52:01.135: I/ModuleSetMgr(12759): Pending non-container module APKs: [[AdsFdrDynamite.integ:21460000006]]
04-23 22:52:01.145: I/PG Utils(11706): acquire_providerpkg:[com.google.android.gsf] pid:[] maybe timeout , send to PG
04-23 22:52:01.155: I/PG Utils(9989): acquire_providerpkg:[com.google.android.gsf] pid:[] maybe timeout , send to PG
04-23 22:52:01.155: I/PG Utils(8762): acquire_providerpkg:[com.google.android.gsf] pid:[] maybe timeout , send to PG
04-23 22:52:01.155: I/GeofencerStateMachine(9989): sendQueryLocationOptIn
04-23 22:52:01.165: I/art(12759): Explicit concurrent mark sweep GC freed 22490(1248KB) AllocSpace objects, 5(100KB) LOS objects, 34% free, 30MB/46MB, paused 2.162ms total 181.360ms
04-23 22:52:01.175: I/PG Utils(9989): acquire_providerpkg:[com.google.android.gsf] pid:[] maybe timeout , send to PG
04-23 22:52:01.185: I/GeofencerStateMachine(9989): sendQueryLocationOptIn
04-23 22:52:01.185: I/PG Utils(9989): acquire_providerpkg:[com.google.android.gsf] pid:[] maybe timeout , send to PG
04-23 22:52:01.195: I/PG Utils(11706): acquire_providerpkg:[com.google.android.gsf] pid:[] maybe timeout , send to PG
04-23 22:52:01.195: I/PG Utils(9989): acquire_providerpkg:[com.google.android.gsf] pid:[] maybe timeout , send to PG
04-23 22:52:01.205: W/ChimeraUtils(12759): Non Chimera context
04-23 22:52:01.215: I/GeofencerStateMachine(9989): sendQueryLocationOptIn
04-23 22:52:01.215: I/PG Utils(9989): acquire_providerpkg:[com.google.android.gsf] pid:[] maybe timeout , send to PG
04-23 22:52:01.215: I/PG Utils(11706): acquire_providerpkg:[com.google.android.gsf] pid:[] maybe timeout , send to PG
04-23 22:52:01.245: I/GeofencerStateMachine(9989): sendQueryLocationOptIn
04-23 22:52:01.285: I/art(9488): Explicit concurrent mark sweep GC freed 3406(143KB) AllocSpace objects, 0(0B) LOS objects, 40% free, 13MB/22MB, paused 570us total 28.944ms
04-23 22:52:01.385: I/ChromeSync(12759): [Sync,SyncIntentOperation] Handling the intent: Intent { act=com.google.gservices.intent.action.GSERVICES_CHANGED flg=0x10 cmp=com.google.android.gms/.chimera.GmsIntentOperationService$PersistentInternalReceiver }.
04-23 22:52:01.395: E/WifiStateMachine(2958): ConnectedState !CMD_RSSI_POLL 1 0 "wl-ftl-mt03-1-24" 44:48:c1:91:9d:e0 rssi=-51 f=2412 sc=100 link=72 tx=0.6, 0.0, 0.0 rx=88.8 bcn=0 [on:0 tx:0 rx:0 period:3003] from screen [on:0 period:-1430378114] gl u24 rssi=-51 ag=0 hr ticks 0,0,0 ls-=0 [56,56,56,56,61] brc=0 lrc=0
04-23 22:52:01.395: E/WifiStateMachine(2958): L2ConnectedState !CMD_RSSI_POLL 1 0 "wl-ftl-mt03-1-24" 44:48:c1:91:9d:e0 rssi=-51 f=2412 sc=100 link=72 tx=0.6, 0.0, 0.0 rx=88.8 bcn=0 [on:0 tx:0 rx:0 period:1] from screen [on:0 period:-1430378113] gl u24 rssi=-51 ag=0 hr ticks 0,0,0 ls-=0 [56,56,56,56,61] brc=0 lrc=0
04-23 22:52:01.395: E/WifiStateMachine(2958): fetchRssiLinkSpeedAndFrequencyNative rssi=-51 linkspeed=72 SSID="wl-ftl-mt03-1-24"
04-23 22:52:01.395: E/WifiStateMachine(2958): calculateWifiScore freq=2412 speed=72 score=100 highRSSI -> txbadrate=0.00 txgoodrate=0.31 txretriesrate=0.00 rxrate=85.90 userTriggerdPenalty0
04-23 22:52:01.395: E/WifiStateMachine(2958): good link -> stuck count =0
04-23 22:52:01.395: E/WifiStateMachine(2958): badRSSI count0 lowRSSI count0 --> score 56
04-23 22:52:01.395: E/WifiStateMachine(2958): isHighRSSI ---> score=61
04-23 22:52:01.455: I/art(2958): Explicit concurrent mark sweep GC freed 25561(1439KB) AllocSpace objects, 0(0B) LOS objects, 33% free, 28MB/42MB, paused 2.223ms total 234.852ms
04-23 22:52:01.455: I/ActivityManager(2958): filter receiver for action = com.google.android.gms.gcm.ACTION_SCHEDULE
04-23 22:52:01.455: I/PG Utils(11706): acquire_providerpkg:[com.google.android.gsf] pid:[] maybe timeout , send to PG
04-23 22:52:01.455: I/ActivityManager(2958): filter receiver for action = com.google.android.gms.gcm.ACTION_SCHEDULE
04-23 22:52:01.475: I/PG Utils(9989): acquire_providerpkg:[com.google.android.gsf] pid:[] maybe timeout , send to PG
04-23 22:52:01.475: I/MobileDataHub(12759): Scheduling periodic tasks
04-23 22:52:01.485: I/GeofencerStateMachine(9989): sendQueryLocationOptIn
04-23 22:52:01.495: I/MdiSyncModule(12759): flag handling is skipping irrelevant intent.
04-23 22:52:01.495: I/PG Utils(9989): acquire_providerpkg:[com.google.android.gsf] pid:[] maybe timeout , send to PG
04-23 22:52:01.495: I/Vision(12759): Requesting optional module download of ocr.
04-23 22:52:01.505: I/PG Utils(11706): acquire_providerpkg:[com.google.android.gsf] pid:[] maybe timeout , send to PG
04-23 22:52:01.525: I/GeofencerStateMachine(9989): sendQueryLocationOptIn
04-23 22:52:01.545: I/PG Utils(9989): acquire_providerpkg:[com.google.android.gsf] pid:[] maybe timeout , send to PG
04-23 22:52:01.555: I/PG Utils(9989): acquire_providerpkg:[com.google.android.gsf] pid:[] maybe timeout , send to PG
04-23 22:52:01.555: I/PG Utils(11706): acquire_providerpkg:[com.google.android.gsf] pid:[] maybe timeout , send to PG
04-23 22:52:01.595: E/art(9989): invalid stream - problem with parameter iterator in /data/data/com.google.android.gms/code_cache/secondary-dexes/base.apk.classes2.zip for method void fca.c(java.lang.String, java.lang.String, java.lang.Object[])
04-23 22:52:01.595: I/GeofencerStateMachine(9989): sendQueryLocationOptIn
04-23 22:52:01.595: W/NetRec(9989): [878] ConfigChangedIntentOperation.onHandleIntent: Device does not support scoring, exiting
04-23 22:52:01.595: I/Herrevad(9989): [865] abif.a: updateListenState
04-23 22:52:01.615: I/art(9488): Explicit concurrent mark sweep GC freed 3836(146KB) AllocSpace objects, 0(0B) LOS objects, 39% free, 13MB/23MB, paused 3.168ms total 127.129ms
04-23 22:52:01.655: I/Auth(9989): [AuthManaged,PasswordComplexityHelperImpl] Updating password complexity components state.
04-23 22:52:01.655: I/Auth(9989): [AuthManaged,PasswordComplexityHelperImpl] Disabling com.google.android.gms.auth.managed.admin.DeviceAdminReceiver
04-23 22:52:01.665: I/Auth(9989): [AuthManaged,PasswordComplexityHelperImpl] Disabling com.google.android.gms.auth.managed.ui.SetNewPasswordActivity
04-23 22:52:01.675: I/art(12759): Explicit concurrent mark sweep GC freed 16882(894KB) AllocSpace objects, 2(40KB) LOS objects, 33% free, 31MB/47MB, paused 3.765ms total 181.586ms
04-23 22:52:01.685: I/art(12759): DexFile_isDexOptNeeded failed to open oat file '/data/dalvik-cache/arm64/data@data@com.google.android.gms@app_chimera@m@00000008@dl-VisionOcr.optional_200914000400.apk@classes.dex' for file location '/data/data/com.google.android.gms/app_chimera/m/00000008/dl-VisionOcr.optional_200914000400.apk': Failed to open oat filename for reading: No such file or directory
04-23 22:52:01.695: I/SystemUpdate(12759): [Installation,ReceiverIntentOperation] Received intent: Intent { act=com.google.gservices.intent.action.GSERVICES_CHANGED flg=0x10 cmp=com.google.android.gms/.chimera.GmsIntentOperationService$PersistentInternalReceiver }.
04-23 22:52:01.705: I/art(12759): DexFile_isDexOptNeeded failed to open oat file '/data/dalvik-cache/arm64/data@data@com.google.android.gms@app_chimera@m@00000009@dl-AdsFdrDynamite.integ_21460000006.apk@classes.dex' for file location '/data/data/com.google.android.gms/app_chimera/m/00000009/dl-AdsFdrDynamite.integ_21460000006.apk': Failed to open oat filename for reading: No such file or directory
04-23 22:52:01.715: I/art(12759): DexFile_isDexOptNeeded failed to open oat file '/data/dalvik-cache/arm64/data@data@com.google.android.gms@app_chimera@m@00000005@GoogleCertificates.apk@classes.dex' for file location '/data/data/com.google.android.gms/app_chimera/m/00000005/GoogleCertificates.apk': Failed to open oat filename for reading: No such file or directory
04-23 22:52:01.715: I/GCoreUlr(9989): WorldUpdater received intent Intent { act=com.google.android.location.reporting.ACTION_UPDATE_WORLD cmp=com.google.android.gms/com.google.android.location.reporting.service.DispatchingService (has extras) } with receiverAction com.google.gservices.intent.action.GSERVICES_CHANGED
04-23 22:52:01.725: I/art(12759): DexFile_isDexOptNeeded failed to open oat file '/data/dalvik-cache/arm64/data@data@com.google.android.gms@app_chimera@m@00000000@AdsDynamite.apk@classes.dex' for file location '/data/data/com.google.android.gms/app_chimera/m/00000000/AdsDynamite.apk': Failed to open oat filename for reading: No such file or directory
04-23 22:52:01.725: I/MS_RegisterService(12759): Tachyon host: instantmessaging-pa.googleapis.com, Tachyon port: 443
04-23 22:52:01.725: I/art(12759): DexFile_isDexOptNeeded failed to open oat file '/data/dalvik-cache/arm64/data@data@com.google.android.gms@app_chimera@m@00000002@DynamiteLoader.apk@classes.dex' for file location '/data/data/com.google.android.gms/app_chimera/m/00000002/DynamiteLoader.apk': Failed to open oat filename for reading: No such file or directory
04-23 22:52:01.725: I/art(12759): DexFile_isDexOptNeeded failed to open oat file '/data/dalvik-cache/arm64/data@data@com.google.android.gms@app_chimera@m@00000003@DynamiteModulesA.apk@classes.dex' for file location '/data/data/com.google.android.gms/app_chimera/m/00000003/DynamiteModulesA.apk': Failed to open oat filename for reading: No such file or directory
04-23 22:52:01.735: I/art(12759): DexFile_isDexOptNeeded failed to open oat file '/data/dalvik-cache/arm64/data@data@com.google.android.gms@app_chimera@m@00000007@MeasurementDynamite.apk@classes.dex' for file location '/data/data/com.google.android.gms/app_chimera/m/00000007/MeasurementDynamite.apk': Failed to open oat filename for reading: No such file or directory
04-23 22:52:01.735: I/art(12759): DexFile_isDexOptNeeded failed to open oat file '/data/dalvik-cache/arm64/data@data@com.google.android.gms@app_chimera@m@00000001@CronetDynamite.apk@classes.dex' for file location '/data/data/com.google.android.gms/app_chimera/m/00000001/CronetDynamite.apk': Failed to open oat filename for reading: No such file or directory
04-23 22:52:01.735: I/art(12759): DexFile_isDexOptNeeded failed to open oat file '/data/dalvik-cache/arm64/data@data@com.google.android.gms@app_chimera@m@00000004@DynamiteModulesC.apk@classes.dex' for file location '/data/data/com.google.android.gms/app_chimera/m/00000004/DynamiteModulesC.apk': Failed to open oat filename for reading: No such file or directory
04-23 22:52:01.745: I/art(12759): DexFile_isDexOptNeeded failed to open oat file '/data/dalvik-cache/arm64/data@data@com.google.android.gms@app_chimera@m@00000006@MapsDynamite.apk@classes.dex' for file location '/data/data/com.google.android.gms/app_chimera/m/00000006/MapsDynamite.apk': Failed to open oat filename for reading: No such file or directory
04-23 22:52:01.765: I/MS_Utils(12759): version of com.google.android.apps.maps = 914018223
04-23 22:52:01.765: I/GCoreUlr(9989): WorldUpdater:com.google.gservices.intent.action.GSERVICES_CHANGED: Ensuring that reporting is stopped because of reasons: (no Google accounts)
04-23 22:52:01.765: W/ChimeraUtils(12759): Non Chimera context
04-23 22:52:01.775: W/ChimeraUtils(12759): Non Chimera context
04-23 22:52:01.795: I/MS_RegisterService(12759): RegisterService intent:Intent { act=com.google.android.gms.matchstick.register_intent_action cat=[targeted_intent_op_prefix:com.google.android.libraries.matchstick.net.SilentRegisterIntentOperation] cmp=com.google.android.gms/.chimera.GmsIntentOperationService } isPeriodic:false
04-23 22:52:01.815: I/GCoreUlr(9989): Unbound from all signal providers.
04-23 22:52:01.815: I/GmsModuleFndr(12759): Beginning GMS chimera module scan
04-23 22:52:01.825: I/ModuleSetMgr(12759): Computing pending module set with APKs: [[AdsFdrDynamite.integ:21460000006], [VisionOcr.optional:200914000400], [AdsFdrDynamite.integ:21001000000], [Cronetdynamite:200914020400], [Dynamiteloader:200914020000], [Dynamitemodulesa:200914020000], [Dynamitemodulesc:200914020000], [Googlecertificates:200914020000], [Mapsdynamite:200914020000], [Measurementdynamite:200914020000]]
04-23 22:52:01.845: I/GCoreUlr(9989): DispatchingService ignoring Intent { act=android.net.wifi.WIFI_STATE_CHANGED flg=0x4000010 (has extras) } because ULR inactive
04-23 22:52:01.865: I/ModuleSetMgr(12759): Pending container module APKs: [[VisionOcr.optional:200914000400]]
04-23 22:52:01.865: I/ModuleSetMgr(12759): Pending non-container module APKs: [[AdsFdrDynamite.integ:21460000006]]
04-23 22:52:01.885: I/GCoreUlr(9989): Unbound from all signal providers.
04-23 22:52:01.885: I/GCoreUlr(9989): Stopping handler for UlrDispSvcFast
04-23 22:52:01.895: I/art(9488): Explicit concurrent mark sweep GC freed 3550(142KB) AllocSpace objects, 0(0B) LOS objects, 40% free, 13MB/23MB, paused 843us total 44.475ms
04-23 22:52:01.905: I/ActivityManager(2958): filter receiver for action = com.google.android.gms.gcm.ACTION_SCHEDULE
04-23 22:52:01.905: I/art(12759): Can not find class: Lcom/google/android/gms/dynamite/descriptors/providerinstaller/ModuleDescriptor;
04-23 22:52:01.905: W/DynamiteModule(12759): Local module descriptor class for providerinstaller not found.
04-23 22:52:01.905: I/DynamiteModule(12759): Considering local module providerinstaller:0 and remote module providerinstaller:0
04-23 22:52:01.905: W/ProviderInstaller(12759): Failed to load providerinstaller module: No acceptable module found. Local version is 0 and remote version is 0.
04-23 22:52:01.905: I/art(9989): Explicit concurrent mark sweep GC freed 38233(2MB) AllocSpace objects, 12(236KB) LOS objects, 32% free, 32MB/48MB, paused 2.743ms total 375.082ms
04-23 22:52:01.935: I/ActivityManager(2958): filter receiver for action = com.google.android.gms.gcm.ACTION_SCHEDULE
04-23 22:52:01.975: I/PG Utils(9989): acquire_providerpkg:[com.google.android.gsf] pid:[] maybe timeout , send to PG
04-23 22:52:02.095: I/PG Utils(12759): acquire_providerpkg:[com.google.android.gsf] pid:[] maybe timeout , send to PG
04-23 22:52:02.095: I/HwSystemManager(3669): HoldService:uid:1000 pid:12543 died
04-23 22:52:02.095: I/HwSystemManager(3669): BgPowerManagerService:onProcessDied uid = 1000
04-23 22:52:02.095: I/HwSystemManager(3669): HoldService:oldVersionKey:1000,12543
04-23 22:52:02.095: E/HsmCoreServiceImpl(2958): onTransact in code is: 102
04-23 22:52:02.095: W/MediaProcessHandler(2958): processOp uid 1000 is not concerned!
04-23 22:52:02.095: I/PG Utils(9989): acquire_providerpkg:[com.google.android.gsf] pid:[] maybe timeout , send to PG
04-23 22:52:02.095: I/CameraHalInterface(2581): Found a matching camera info for ID 0
04-23 22:52:02.105: I/OcrModelUpStIntentOp(12759): Updating ocr activity enabled=true (phenotypeFlag=true, lowRamDevice=false, prereqCheck=true)
04-23 22:52:02.105: I/OcrModelUpStIntentOp(12759): Downloading text recognizer
04-23 22:52:02.105: I/ActivityManager(2958): filter receiver for action = com.google.android.gms.vision.DEPENDENCY
04-23 22:52:02.105: I/PG Utils(9989): acquire_providerpkg:[com.google.android.gsf] pid:[] maybe timeout , send to PG
04-23 22:52:02.115: I/ActivityManager(2958): filter receiver for action = com.google.android.gms.phenotype.UPDATE
04-23 22:52:02.125: I/PG Utils(9989): acquire_providerpkg:[com.google.android.gsf] pid:[] maybe timeout , send to PG
04-23 22:52:02.125: I/GmsModuleFndr(12759): Beginning GMS chimera module scan
04-23 22:52:02.135: I/Vision(12759): Requesting optional module download of ocr.
04-23 22:52:02.135: I/ModuleSetMgr(12759): Computing pending module set with APKs: [[AdsFdrDynamite.integ:21460000006], [VisionOcr.optional:200914000400], [AdsFdrDynamite.integ:21001000000], [Cronetdynamite:200914020400], [Dynamiteloader:200914020000], [Dynamitemodulesa:200914020000], [Dynamitemodulesc:200914020000], [Googlecertificates:200914020000], [Mapsdynamite:200914020000], [Measurementdynamite:200914020000]]
04-23 22:52:02.155: I/ModuleSetMgr(12759): Pending container module APKs: [[VisionOcr.optional:200914000400]]
04-23 22:52:02.155: I/ModuleSetMgr(12759): Pending non-container module APKs: [[AdsFdrDynamite.integ:21460000006]]
04-23 22:52:02.185: I/PG Utils(12759): acquire_providerpkg:[com.google.android.gsf] pid:[] maybe timeout , send to PG
04-23 22:52:02.215: I/TestSupport(12759): AwaitCommitOperation: SaveStrategy__enableSaving
04-23 22:52:02.225: I/PG Utils(9989): acquire_providerpkg:[com.google.android.gsf] pid:[] maybe timeout , send to PG
04-23 22:52:02.245: I/PG Utils(9989): acquire_providerpkg:[com.google.android.gsf] pid:[] maybe timeout , send to PG
04-23 22:52:02.255: I/TestSupport(12759): AwaitCommitOperation: uncommitted: FlagOverride(com.google.android.gms.auth.api.credentials, , Flag(SaveStrategy__enableSaving, false, 2, 0), false)
04-23 22:52:02.255: I/TestSupport(12759): AwaitCommitOperation: sleeping for 10 msec.
04-23 22:52:02.265: W/ChimeraUtils(12759): Non Chimera context
04-23 22:52:02.265: I/ActivityManager(2958): filter receiver for action = com.google.android.gms.gcm.ACTION_SCHEDULE
04-23 22:52:02.265: I/ChromeSync(12759): [Sync,SyncIntentOperation] Handling the intent: Intent { act=com.google.gservices.intent.action.GSERVICES_CHANGED flg=0x10 cmp=com.google.android.gms/.chimera.GmsIntentOperationService$PersistentInternalReceiver }.
04-23 22:52:02.285: I/TestSupport(12759): AwaitCommitOperation: uncommitted: FlagOverride(com.google.android.gms.auth.api.credentials, , Flag(SaveStrategy__enableSaving, false, 2, 0), false)
04-23 22:52:02.285: I/TestSupport(12759): AwaitCommitOperation: sleeping for 20 msec.
04-23 22:52:02.295: I/ActivityManager(2958): filter receiver for action = com.google.android.gms.gcm.ACTION_SCHEDULE
04-23 22:52:02.305: I/MdiSyncModule(12759): flag handling is skipping irrelevant intent.
04-23 22:52:02.315: I/CameraHalInterface(2581): Found a matching camera info for ID 0
04-23 22:52:02.315: I/OcrModelUpStIntentOp(12759): Updating ocr activity enabled=true (phenotypeFlag=true, lowRamDevice=false, prereqCheck=true)
04-23 22:52:02.315: I/MobileDataHub(12759): Scheduling periodic tasks
04-23 22:52:02.325: I/OcrModelUpStIntentOp(12759): Downloading text recognizer
04-23 22:52:02.325: I/TestSupport(12759): AwaitCommitOperation: uncommitted: FlagOverride(com.google.android.gms.auth.api.credentials, , Flag(SaveStrategy__enableSaving, false, 2, 0), false)
04-23 22:52:02.325: I/TestSupport(12759): AwaitCommitOperation: sleeping for 40 msec.
04-23 22:52:02.325: I/PG Utils(12759): acquire_providerpkg:[com.google.android.gsf] pid:[] maybe timeout , send to PG
04-23 22:52:02.335: I/art(13970): Can not find class: Ladvf;
04-23 22:52:02.335: I/art(13970): Can not find class: Ladvf;
04-23 22:52:02.335: I/ActivityManager(2958): filter receiver for action = com.google.android.gms.vision.DEPENDENCY
04-23 22:52:02.335: I/art(13970): Can not find class: Ladvv;
04-23 22:52:02.345: I/ActivityManager(2958): filter receiver for action = com.google.android.gms.phenotype.COMMITTED
04-23 22:52:02.345: I/SystemUpdate(12759): [Installation,ReceiverIntentOperation] Received intent: Intent { act=com.google.gservices.intent.action.GSERVICES_CHANGED flg=0x10 cmp=com.google.android.gms/.chimera.GmsIntentOperationService$PersistentInternalReceiver }.
04-23 22:52:02.355: E/art(9989): invalid stream - problem with parameter iterator in /data/data/com.google.android.gms/code_cache/secondary-dexes/base.apk.classes2.zip for method void fca.c(java.lang.String, java.lang.String, java.lang.Object[])
04-23 22:52:02.355: W/NetRec(9989): [865] ConfigChangedIntentOperation.onHandleIntent: Device does not support scoring, exiting
04-23 22:52:02.355: I/Auth(9989): [AuthManaged,PasswordComplexityHelperImpl] Updating password complexity components state.
04-23 22:52:02.355: I/Auth(9989): [AuthManaged,PasswordComplexityHelperImpl] Disabling com.google.android.gms.auth.managed.admin.DeviceAdminReceiver
04-23 22:52:02.355: I/Auth(9989): [AuthManaged,PasswordComplexityHelperImpl] Disabling com.google.android.gms.auth.managed.ui.SetNewPasswordActivity
04-23 22:52:02.385: I/TestSupport(12759): AwaitCommitOperation: FlagOverride(com.google.android.gms.auth.api.credentials, , Flag(SaveStrategy__enableSaving, false, 2, 0), true) committed
04-23 22:52:02.385: I/TestSupport(12759): AwaitCommitOperation: no more uncommitted overrides
04-23 22:52:02.385: I/art(12759): DexFile_isDexOptNeeded failed to open oat file '/data/dalvik-cache/arm64/data@data@com.google.android.gms@app_chimera@m@00000008@dl-VisionOcr.optional_200914000400.apk@classes.dex' for file location '/data/data/com.google.android.gms/app_chimera/m/00000008/dl-VisionOcr.optional_200914000400.apk': Failed to open oat filename for reading: No such file or directory
04-23 22:52:02.395: I/ActivityManager(2958): filter receiver for action = com.google.android.gms.gcm.ACTION_SCHEDULE
04-23 22:52:02.395: I/art(12759): DexFile_isDexOptNeeded failed to open oat file '/data/dalvik-cache/arm64/data@data@com.google.android.gms@app_chimera@m@00000009@dl-AdsFdrDynamite.integ_21460000006.apk@classes.dex' for file location '/data/data/com.google.android.gms/app_chimera/m/00000009/dl-AdsFdrDynamite.integ_21460000006.apk': Failed to open oat filename for reading: No such file or directory
04-23 22:52:02.405: I/ActivityManager(2958): filter receiver for action = com.google.android.gms.gcm.ACTION_SCHEDULE
04-23 22:52:02.405: I/art(12759): DexFile_isDexOptNeeded failed to open oat file '/data/dalvik-cache/arm64/data@data@com.google.android.gms@app_chimera@m@00000005@GoogleCertificates.apk@classes.dex' for file location '/data/data/com.google.android.gms/app_chimera/m/00000005/GoogleCertificates.apk': Failed to open oat filename for reading: No such file or directory
04-23 22:52:02.425: I/MS_Utils(12759): version of com.google.android.apps.maps = 914018223
04-23 22:52:02.425: I/Vision(12759): Requesting optional module download of ocr.
04-23 22:52:02.425: I/art(12759): DexFile_isDexOptNeeded failed to open oat file '/data/dalvik-cache/arm64/data@data@com.google.android.gms@app_chimera@m@00000000@AdsDynamite.apk@classes.dex' for file location '/data/data/com.google.android.gms/app_chimera/m/00000000/AdsDynamite.apk': Failed to open oat filename for reading: No such file or directory
04-23 22:52:02.425: I/art(12759): DexFile_isDexOptNeeded failed to open oat file '/data/dalvik-cache/arm64/data@data@com.google.android.gms@app_chimera@m@00000002@DynamiteLoader.apk@classes.dex' for file location '/data/data/com.google.android.gms/app_chimera/m/00000002/DynamiteLoader.apk': Failed to open oat filename for reading: No such file or directory
04-23 22:52:02.425: I/art(12759): DexFile_isDexOptNeeded failed to open oat file '/data/dalvik-cache/arm64/data@data@com.google.android.gms@app_chimera@m@00000003@DynamiteModulesA.apk@classes.dex' for file location '/data/data/com.google.android.gms/app_chimera/m/00000003/DynamiteModulesA.apk': Failed to open oat filename for reading: No such file or directory
04-23 22:52:02.445: I/PG Utils(9989): acquire_providerpkg:[com.google.android.gsf] pid:[] maybe timeout , send to PG
04-23 22:52:02.445: I/art(12759): DexFile_isDexOptNeeded failed to open oat file '/data/dalvik-cache/arm64/data@data@com.google.android.gms@app_chimera@m@00000007@MeasurementDynamite.apk@classes.dex' for file location '/data/data/com.google.android.gms/app_chimera/m/00000007/MeasurementDynamite.apk': Failed to open oat filename for reading: No such file or directory
04-23 22:52:02.445: I/art(12759): DexFile_isDexOptNeeded failed to open oat file '/data/dalvik-cache/arm64/data@data@com.google.android.gms@app_chimera@m@00000001@CronetDynamite.apk@classes.dex' for file location '/data/data/com.google.android.gms/app_chimera/m/00000001/CronetDynamite.apk': Failed to open oat filename for reading: No such file or directory
04-23 22:52:02.455: I/MS_RegisterService(12759): Tachyon host: instantmessaging-pa.googleapis.com, Tachyon port: 443
04-23 22:52:02.455: I/art(12759): DexFile_isDexOptNeeded failed to open oat file '/data/dalvik-cache/arm64/data@data@com.google.android.gms@app_chimera@m@00000004@DynamiteModulesC.apk@classes.dex' for file location '/data/data/com.google.android.gms/app_chimera/m/00000004/DynamiteModulesC.apk': Failed to open oat filename for reading: No such file or directory
04-23 22:52:02.455: I/art(12759): DexFile_isDexOptNeeded failed to open oat file '/data/dalvik-cache/arm64/data@data@com.google.android.gms@app_chimera@m@00000006@MapsDynamite.apk@classes.dex' for file location '/data/data/com.google.android.gms/app_chimera/m/00000006/MapsDynamite.apk': Failed to open oat filename for reading: No such file or directory
04-23 22:52:02.455: I/PG Utils(13970): acquire_providerpkg:[com.google.android.gsf] pid:[] maybe timeout , send to PG
04-23 22:52:02.465: I/PTCommittedOperation(9989): Receive new configuration for com.google.android.gms.auth.api.credentials
04-23 22:52:02.465: I/PG Utils(9989): acquire_providerpkg:[com.google.android.gsf] pid:[] maybe timeout , send to PG
04-23 22:52:02.465: I/GmsModuleFndr(12759): Beginning GMS chimera module scan
04-23 22:52:02.485: I/TestSupport(12759): AwaitCommitOperation: *
04-23 22:52:02.505: I/MS_RegisterService(12759): RegisterService intent:Intent { act=com.google.android.gms.matchstick.register_intent_action cat=[targeted_intent_op_prefix:com.google.android.libraries.matchstick.net.SilentRegisterIntentOperation] cmp=com.google.android.gms/.chimera.GmsIntentOperationService } isPeriodic:false
04-23 22:52:02.505: I/TestSupport(12759): AwaitCommitOperation: FlagOverride(com.google.android.gms.auth.api.credentials, , Flag(SaveStrategy__enableSaving, false, 2, 0), true) committed
04-23 22:52:02.505: I/TestSupport(12759): AwaitCommitOperation: no more uncommitted overrides
04-23 22:52:02.515: I/ModuleSetMgr(12759): Computing pending module set with APKs: [[AdsFdrDynamite.integ:21460000006], [VisionOcr.optional:200914000400], [AdsFdrDynamite.integ:21001000000], [Cronetdynamite:200914020400], [Dynamiteloader:200914020000], [Dynamitemodulesa:200914020000], [Dynamitemodulesc:200914020000], [Googlecertificates:200914020000], [Mapsdynamite:200914020000], [Measurementdynamite:200914020000]]
04-23 22:52:02.515: I/MdiSyncModule(12759): flag handling is skipping irrelevant intent.
04-23 22:52:02.545: W/ModuleInitIntentOp(12759): Dropping unexpected action com.google.android.gms.phenotype.COMMITTED
04-23 22:52:02.565: I/MultiDex(13970): VM with version 2.1.0 has multidex support
04-23 22:52:02.565: I/MultiDex(13970): Installing application
04-23 22:52:02.575: I/MultiDex(13970): MultiDexExtractor(/data/app/com.google.android.gms-1/base.apk, /data/data/com.google.android.gms/code_cache/secondary-dexes)
04-23 22:52:02.575: I/MultiDex(13970): Blocking on lock /data/data/com.google.android.gms/code_cache/secondary-dexes/MultiDex.lock
04-23 22:52:02.585: I/MultiDex(13970): /data/data/com.google.android.gms/code_cache/secondary-dexes/MultiDex.lock locked
04-23 22:52:02.585: I/MultiDex(13970): MultiDexExtractor.load(/data/app/com.google.android.gms-1/base.apk, false, )
04-23 22:52:02.585: I/MultiDex(13970): loading existing secondary dex files
04-23 22:52:02.585: I/TSDRIVER(13787): Handled command: PACKAGE
04-23 22:52:02.585: I/MultiDex(13970): load found 6 secondary dex files
04-23 22:52:02.585: I/art(12759): Can not find class: Lcom/google/android/gms/dynamite/descriptors/providerinstaller/ModuleDescriptor;
04-23 22:52:02.585: W/DynamiteModule(12759): Local module descriptor class for providerinstaller not found.
04-23 22:52:02.595: I/DynamiteModule(12759): Considering local module providerinstaller:0 and remote module providerinstaller:0
04-23 22:52:02.595: W/ProviderInstaller(12759): Failed to load providerinstaller module: No acceptable module found. Local version is 0 and remote version is 0.
04-23 22:52:02.595: I/MultiDex(13970): install done
04-23 22:52:02.665: I/art(13970): Can not find class: Lcom/google/android/gms/dynamite/descriptors/providerinstaller/ModuleDescriptor;
04-23 22:52:02.665: W/DynamiteModule(13970): Local module descriptor class for providerinstaller not found.
04-23 22:52:02.695: I/ModuleSetMgr(12759): Pending container module APKs: [[VisionOcr.optional:200914000400]]
04-23 22:52:02.695: I/ModuleSetMgr(12759): Pending non-container module APKs: [[AdsFdrDynamite.integ:21460000006]]
04-23 22:52:02.695: W/ProviderHelper(13970): Unknown dynamite feature providerinstaller
04-23 22:52:02.705: I/DynamiteModule(13970): Considering local module providerinstaller:0 and remote module providerinstaller:0
04-23 22:52:02.705: W/ProviderInstaller(13970): Failed to load providerinstaller module: No acceptable module found. Local version is 0 and remote version is 0.
04-23 22:52:02.715: I/art(12759): Explicit concurrent mark sweep GC freed 64594(3MB) AllocSpace objects, 10(200KB) LOS objects, 33% free, 31MB/47MB, paused 1.740ms total 386.243ms
04-23 22:52:02.765: I/GmsModuleFndr(12759): Beginning GMS chimera module scan
04-23 22:52:02.765: I/ModuleSetMgr(12759): Computing pending module set with APKs: [[AdsFdrDynamite.integ:21460000006], [VisionOcr.optional:200914000400], [AdsFdrDynamite.integ:21001000000], [Cronetdynamite:200914020400], [Dynamiteloader:200914020000], [Dynamitemodulesa:200914020000], [Dynamitemodulesc:200914020000], [Googlecertificates:200914020000], [Mapsdynamite:200914020000], [Measurementdynamite:200914020000]]
04-23 22:52:02.775: I/ModuleSetMgr(12759): Pending container module APKs: [[VisionOcr.optional:200914000400]]
04-23 22:52:02.775: I/ModuleSetMgr(12759): Pending non-container module APKs: [[AdsFdrDynamite.integ:21460000006]]
04-23 22:52:02.815: I/art(13970): Can not find class: Ljavax/net/ssl/SNIServerName;
04-23 22:52:02.825: I/art(13970): Can not find class: Ljavax/net/ssl/SNIHostName;
04-23 22:52:02.825: I/art(13970): Can not find class: Ljavax/net/ssl/SNIHostName;
04-23 22:52:02.825: I/art(13970): Can not find class: Ljavax/net/ssl/SNIHostName;
04-23 22:52:02.875: I/art(13970): Can not find class: Lcom/google/android/gms/org/conscrypt/OpenSSLSocketFactoryImpl;
04-23 22:52:02.875: W/System(13970): Could not create com.google.android.gms.org.conscrypt.OpenSSLSocketFactoryImpl with ClassLoader android.app.LoadedApk$WarningContextClassLoader@1b122c17: com.google.android.gms.org.conscrypt.OpenSSLSocketFactoryImpl
04-23 22:52:02.875: I/ProviderInstaller(13970): Installed default security provider GmsCore_OpenSSL
04-23 22:52:02.895: I/Safeboot(13970): Checking safeboot...
04-23 22:52:02.895: I/Safeboot(13970): Not entering safeboot; wrong process.
04-23 22:52:02.915: I/art(2958): Explicit concurrent mark sweep GC freed 23288(1105KB) AllocSpace objects, 0(0B) LOS objects, 33% free, 28MB/42MB, paused 2.242ms total 204.490ms
04-23 22:52:02.915: I/ActivityManager(2958): filter receiver for action = com.google.android.gms.gcm.ACTION_SCHEDULE
04-23 22:52:02.965: W/ChimeraUtils(12759): Non Chimera context
04-23 22:52:02.965: I/ChromeSync(12759): [Sync,SyncIntentOperation] Handling the intent: Intent { act=com.google.gservices.intent.action.GSERVICES_CHANGED flg=0x10 cmp=com.google.android.gms/.chimera.GmsIntentOperationService$PersistentInternalReceiver }.
04-23 22:52:02.965: I/ActivityManager(2958): filter receiver for action = com.google.android.gms.gcm.ACTION_SCHEDULE
04-23 22:52:02.975: I/ActivityManager(2958): filter receiver for action = com.google.android.gms.gcm.ACTION_SCHEDULE
04-23 22:52:02.985: I/MobileDataHub(12759): Scheduling periodic tasks
04-23 22:52:02.985: I/MdiSyncModule(12759): flag handling is skipping irrelevant intent.
04-23 22:52:02.995: I/CameraHalInterface(2581): Found a matching camera info for ID 0
04-23 22:52:02.995: I/OcrModelUpStIntentOp(12759): Updating ocr activity enabled=true (phenotypeFlag=true, lowRamDevice=false, prereqCheck=true)
04-23 22:52:02.995: I/OcrModelUpStIntentOp(12759): Downloading text recognizer
04-23 22:52:02.995: I/ActivityManager(2958): filter receiver for action = com.google.android.gms.vision.DEPENDENCY
04-23 22:52:03.005: I/SystemUpdate(12759): [Installation,ReceiverIntentOperation] Received intent: Intent { act=com.google.gservices.intent.action.GSERVICES_CHANGED flg=0x10 cmp=com.google.android.gms/.chimera.GmsIntentOperationService$PersistentInternalReceiver }.
04-23 22:52:03.005: I/appproc(14003): CLASSPATH=/system/framework/am.jar
04-23 22:52:03.005: I/appproc(14003): Command=app_process /system/bin com.android.commands.am.Am startservice --user 0 -a com.google.android.gmscore.testing.testsupport.CommandService -n com.google.android.gmscore.testing.testsupport/.CommandService --es COMMAND PACKAGE --es FLAG_PACKAGE Eh9jb20uZ29vZ2xlLmFuZHJvaWQuZ21zLmF1dG9maWxsGhQKEGF1dG9maWxsX2VuYWJsZWQYACg+
04-23 22:52:03.005: I/appproc(14003): app_process:number,15,0
04-23 22:52:03.015: I/AndroidRuntime(14003): readDownloadBoosterConfig: 'false'
04-23 22:52:03.025: I/ActivityManager(2958): filter receiver for action = com.google.android.gms.gcm.ACTION_SCHEDULE
04-23 22:52:03.025: W/ChimeraUtils(12759): Non Chimera context
04-23 22:52:03.025: W/ChimeraUtils(12759): Non Chimera context
04-23 22:52:03.025: I/ActivityManager(2958): filter receiver for action = com.google.android.gms.gcm.ACTION_SCHEDULE
04-23 22:52:03.025: I/art(12759): DexFile_isDexOptNeeded failed to open oat file '/data/dalvik-cache/arm64/data@data@com.google.android.gms@app_chimera@m@00000008@dl-VisionOcr.optional_200914000400.apk@classes.dex' for file location '/data/data/com.google.android.gms/app_chimera/m/00000008/dl-VisionOcr.optional_200914000400.apk': Failed to open oat filename for reading: No such file or directory
04-23 22:52:03.025: I/art(12759): DexFile_isDexOptNeeded failed to open oat file '/data/dalvik-cache/arm64/data@data@com.google.android.gms@app_chimera@m@00000009@dl-AdsFdrDynamite.integ_21460000006.apk@classes.dex' for file location '/data/data/com.google.android.gms/app_chimera/m/00000009/dl-AdsFdrDynamite.integ_21460000006.apk': Failed to open oat filename for reading: No such file or directory
04-23 22:52:03.025: I/art(12759): DexFile_isDexOptNeeded failed to open oat file '/data/dalvik-cache/arm64/data@data@com.google.android.gms@app_chimera@m@00000005@GoogleCertificates.apk@classes.dex' for file location '/data/data/com.google.android.gms/app_chimera/m/00000005/GoogleCertificates.apk': Failed to open oat filename for reading: No such file or directory
04-23 22:52:03.045: I/Vision(12759): Requesting optional module download of ocr.
04-23 22:52:03.045: I/MS_Utils(12759): version of com.google.android.apps.maps = 914018223
04-23 22:52:03.045: I/art(12759): DexFile_isDexOptNeeded failed to open oat file '/data/dalvik-cache/arm64/data@data@com.google.android.gms@app_chimera@m@00000000@AdsDynamite.apk@classes.dex' for file location '/data/data/com.google.android.gms/app_chimera/m/00000000/AdsDynamite.apk': Failed to open oat filename for reading: No such file or directory
04-23 22:52:03.045: I/art(12759): DexFile_isDexOptNeeded failed to open oat file '/data/dalvik-cache/arm64/data@data@com.google.android.gms@app_chimera@m@00000002@DynamiteLoader.apk@classes.dex' for file location '/data/data/com.google.android.gms/app_chimera/m/00000002/DynamiteLoader.apk': Failed to open oat filename for reading: No such file or directory
04-23 22:52:03.045: I/art(12759): DexFile_isDexOptNeeded failed to open oat file '/data/dalvik-cache/arm64/data@data@com.google.android.gms@app_chimera@m@00000003@DynamiteModulesA.apk@classes.dex' for file location '/data/data/com.google.android.gms/app_chimera/m/00000003/DynamiteModulesA.apk': Failed to open oat filename for reading: No such file or directory
04-23 22:52:03.055: I/art(12759): DexFile_isDexOptNeeded failed to open oat file '/data/dalvik-cache/arm64/data@data@com.google.android.gms@app_chimera@m@00000007@MeasurementDynamite.apk@classes.dex' for file location '/data/data/com.google.android.gms/app_chimera/m/00000007/MeasurementDynamite.apk': Failed to open oat filename for reading: No such file or directory
04-23 22:52:03.055: I/art(12759): DexFile_isDexOptNeeded failed to open oat file '/data/dalvik-cache/arm64/data@data@com.google.android.gms@app_chimera@m@00000001@CronetDynamite.apk@classes.dex' for file location '/data/data/com.google.android.gms/app_chimera/m/00000001/CronetDynamite.apk': Failed to open oat filename for reading: No such file or directory
04-23 22:52:03.055: I/art(12759): DexFile_isDexOptNeeded failed to open oat file '/data/dalvik-cache/arm64/data@data@com.google.android.gms@app_chimera@m@00000004@DynamiteModulesC.apk@classes.dex' for file location '/data/data/com.google.android.gms/app_chimera/m/00000004/DynamiteModulesC.apk': Failed to open oat filename for reading: No such file or directory
04-23 22:52:03.055: I/art(12759): DexFile_isDexOptNeeded failed to open oat file '/data/dalvik-cache/arm64/data@data@com.google.android.gms@app_chimera@m@00000006@MapsDynamite.apk@classes.dex' for file location '/data/data/com.google.android.gms/app_chimera/m/00000006/MapsDynamite.apk': Failed to open oat filename for reading: No such file or directory
04-23 22:52:03.065: I/MS_RegisterService(12759): Tachyon host: instantmessaging-pa.googleapis.com, Tachyon port: 443
04-23 22:52:03.065: I/GmsModuleFndr(12759): Beginning GMS chimera module scan
04-23 22:52:03.085: I/ModuleSetMgr(12759): Computing pending module set with APKs: [[AdsFdrDynamite.integ:21460000006], [VisionOcr.optional:200914000400], [AdsFdrDynamite.integ:21001000000], [Cronetdynamite:200914020400], [Dynamiteloader:200914020000], [Dynamitemodulesa:200914020000], [Dynamitemodulesc:200914020000], [Googlecertificates:200914020000], [Mapsdynamite:200914020000], [Measurementdynamite:200914020000]]
