04-23 22:54:07.125: I/HwSystemManager(20204): abu:parseRule result: {common=[Rule DefaultMonitorListRule post: match[1], mismatch[2], Rule DefaultAllowListRule post: match[0], mismatch[2], Rule UnRemovableAppRule post: match[0], mismatch[2], Rule AlwaysMatchRule post: match[1], mismatch[2]], dropzone=[Rule DropzoneMonitorListRule post: match[1], mismatch[2], Rule DefaultMonitorListRule post: match[1], mismatch[2], Rule DropzoneNotMonitorListRule post: match[0], mismatch[2], Rule DefaultAllowListRule post: match[0], mismatch[2], Rule UnRemovableAppRule post: match[0], mismatch[2], Rule AlwaysMatchRule post: match[1], mismatch[2]], notification=[Rule NotificationMonitorListRule post: match[1], mismatch[2], Rule DefaultMonitorListRule post: match[1], mismatch[2], Rule NotificationNotMonitorListRule post: match[0], mismatch[2], Rule DefaultAllowListRule post: match[0], mismatch[2], Rule UnRemovableAppRule post: match[0], mismatch[2], Rule AlwaysMatchRule post: match[1], mismatch[2]], netmanager=[Rule NetAccessMonitorListRule post: match[1], mismatch[2], Rule DefaultMonitorListRule post: match[1], mismatch[2], Rule NetAccessNotMonitorListRule post: match[0], mismatch[2], Rule DefaultAllowListRule post: match[0], mismatch[2], Rule UnRemovableAppRule post: match[0], mismatch[2], Rule AlwaysMatchRule post: match[1], mismatch[2]], bootstart=[Rule BootstartMonitorListRule post: match[1], mismatch[2], Rule DefaultMonitorListRule post: match[1], mismatch[2], Rule BootstartNotMonitorListRule post: match[0], mismatch[2], Rule DefaultAllowListRule post: match[0], mismatch[2], Rule UnRemovableAppRule post: match[0], mismatch[2], Rule AlwaysMatchRule post: match[1], mismatch[2]], permission=[Rule PermissionMonitorListRule post: match[1], mismatch[2], Rule DefaultMonitorListRule post: match[1], mismatch[2], Rule PermissionNotMonitorListRule post: match[0], mismatch[2], Rule DefaultAllowListRule post: match[0], mismatch[2], Rule UnRemovableAppRule post: match[0], mismatch[2], Rule AlwaysMatchRule post: match[1], mismatch[2]]}
04-23 22:54:07.125: I/HwSystemManager(20204): abu:parseRule result: {common=[Rule DefaultMonitorListRule post: match[1], mismatch[2], Rule DefaultAllowListRule post: match[0], mismatch[2], Rule UnRemovableAppRule post: match[0], mismatch[2], Rule AlwaysMatchRule post: match[1], mismatch[2]], dropzone=[Rule DropzoneMonitorListRule post: match[1], mismatch[2], Rule DefaultMonitorListRule post: match[1], mismatch[2], Rule DropzoneNotMonitorListRule post: match[0], mismatch[2], Rule DefaultAllowListRule post: match[0], mismatch[2], Rule UnRemovableAppRule post: match[0], mismatch[2], Rule AlwaysMatchRule post: match[1], mismatch[2]], applock=[Rule AppLockNotMonitorListRule post: match[0], mismatch[2], Rule HomeCategoryRule post: match[0], mismatch[2], Rule AlwaysMatchRule post: match[1], mismatch[2]], notification=[Rule NotificationMonitorListRule post: match[1], mismatch[2], Rule DefaultMonitorListRule post: match[1], mismatch[2], Rule NotificationNotMonitorListRule post: match[0], mismatch[2], Rule DefaultAllowListRule post: match[0], mismatch[2], Rule UnRemovableAppRule post: match[0], mismatch[2], Rule AlwaysMatchRule post: match[1], mismatch[2]], netmanager=[Rule NetAccessMonitorListRule post: match[1], mismatch[2], Rule DefaultMonitorListRule post: match[1], mismatch[2], Rule NetAccessNotMonitorListRule post: match[0], mismatch[2], Rule DefaultAllowListRule post: match[0], mismatch[2], Rule UnRemovableAppRule post: match[0], mismatch[2], Rule AlwaysMatchRule post: match[1], mismatch[2]], bootstart=[Rule BootstartMonitorListRule post: match[1], mismatch[2], Rule DefaultMonitorListRule post: match[1], mismatch[2], Rule BootstartNotMonitorListRule post: match[0], mismatch[2], Rule DefaultAllowListRule post: match[0], mismatch[2], Rule UnRemovableAppRule post: match[0], mismatch[2], Rule AlwaysMatchRule post: match[1], mismatch[2]], permission=[Rule PermissionMonitorListRule post: match[1], mismatch[2], Rule DefaultMonitorListRule post: match[1], mismatch[2], Rule PermissionNotMonitorListRule post: match[0], mismatch[2], Rule DefaultAllowListRule post: match[0], mismatch[2], Rule UnRemovableAppRule post: match[0], mismatch[2], Rule AlwaysMatchRule post: match[1], mismatch[2]]}
04-23 22:54:07.135: I/HwSystemManager(20204): XmlRuleBase:parseAndCacheList permission_black_list_match :[]
04-23 22:54:07.135: I/HwSystemManager(20204): XmlRuleBase:parseAndCacheList black_match :[]
04-23 22:54:07.145: I/HwSystemManager(20204): XmlRuleBase:parseAndCacheList permission_white_list_match :[com.huawei.intelligent]
04-23 22:54:07.145: I/HwSystemManager(20204): XmlRuleBase:parseAndCacheList white_match :[com.baidu.map.location, com.cootek.smartdialer_oem_module, com.sohu.inputmethod.sogou.huawei, com.huawei.hisuite, com.nuance.swype.emui, com.huawei.remoteassistant, com.iflytek.speechcloud, com.huawei.phoneservice, com.huawei.phonediagnose, com.nqmobile.antivirus20.hw, com.baidu.input_huawei]
04-23 22:54:07.155: I/HwSystemManager(3669): HsmIntentService:destroyed. this:com.huawei.systemmanager.util.content.HsmIntentService_bg@3f2695bf
04-23 22:54:07.155: I/HwSystemManager(20204): netAppDBHelper: DBHelper Create Database! : SQLiteDatabase: /data/data/com.huawei.systemmanager/databases/net_permission.db
04-23 22:54:07.155: I/HwSystemManager(20204): NetAppListPrepareReceiver:in deleteUninstallAppFromDBAndIptables
04-23 22:54:07.155: I/HwSystemManager(20204): NetAppListPrepareReceiver:uid = 10108
04-23 22:54:07.155: I/HwSystemManager(20204): NetAppListPrepareReceiver:permissionCfg = 0
04-23 22:54:07.165: I/HwSystemManager(20204): NetAppListPrepareReceiver:deleteUninstallAppFromIptables thread has started
04-23 22:54:07.165: I/HwSystemManager(20204): NetAppListPrepareReceiver:deleteUninstallAppFromIptables thread has terminated
04-23 22:54:07.225: I/HwSystemManager(20204): DX-Optimizer:[PackageChangeReceiver] Received: android.intent.action.PACKAGE_REMOVED, data: package:androidx.test.tools.crawler, replacing: false
04-23 22:54:07.225: I/YhdsEngine(20204): [EngineIntentService] Received: com.dianxinos.optimizer.engine.action.PKG_CHANGE
04-23 22:54:07.235: I/HwSystemManager(20204): DX-Optimizer:[CommonIntentService] Received: com.dianxinos.optimizer.action.PKG_CHANGE
04-23 22:54:07.235: I/art(2340): Explicit concurrent mark sweep GC freed 706(30KB) AllocSpace objects, 0(0B) LOS objects, 55% free, 12MB/28MB, paused 231us total 27.925ms
04-23 22:54:07.235: I/HwSystemManager(20204): AppChangeReceiver:AppChangeReceiver: onReceive(), action = android.intent.action.PACKAGE_REMOVED
04-23 22:54:07.265: I/art(2340): Explicit concurrent mark sweep GC freed 5(160B) AllocSpace objects, 0(0B) LOS objects, 55% free, 12MB/28MB, paused 225us total 25.759ms
04-23 22:54:07.275: I/TrashManager(20204): EngineManager not initialed, please EngineManager#init()
04-23 22:54:07.285: I/art(2340): Explicit concurrent mark sweep GC freed 5(160B) AllocSpace objects, 0(0B) LOS objects, 55% free, 12MB/28MB, paused 254us total 26.174ms
04-23 22:54:07.335: I/Finsky(15520): [1] qvg.a(21): PackageMonitor - Received: android.intent.action.PACKAGE_REMOVED, [OwTLqO6btGsi6Tcv2-TznXK21v3lwAbORH4jydMacKQ]
04-23 22:54:07.335: I/Finsky(15520): [1] qwj.d(11): Invalidating cached PackageState for androidx.test.tools.crawler
04-23 22:54:07.335: I/Finsky(15520): [1] abny.a(10): Do not start WearSupportService due to Wear service optimization
04-23 22:54:07.335: I/HwSystemManager(20204): PermissionDBAdapter:DBAdapter refreshAllCachedData!
04-23 22:54:07.335: I/Finsky(15520): [1] abny.a(10): Do not start WearSupportService due to Wear service optimization
04-23 22:54:07.345: I/Finsky(15520): [340] epm.a(-1): Asset module storage cleared for package androidx.test.tools.crawler.
04-23 22:54:07.355: I/Finsky(15520): [1] vef.a(1): Clearing split related stale data.
04-23 22:54:07.375: I/Finsky(15520): [1] qwj.j(2): Package no longer installed: androidx.test.tools.crawler
04-23 22:54:07.385: I/Finsky(15520): [1] mni.b(6): Installer: package androidx.test.tools.crawler was removed. replacing: false
04-23 22:54:07.385: I/Finsky(15520): [1] mni.a(83): Installer: Notifying status update. package=androidx.test.tools.crawler, status=UNINSTALLED
04-23 22:54:07.415: I/PG Utils(15209): acquire_providerpkg:[com.google.android.gsf] pid:[] maybe timeout , send to PG
04-23 22:54:07.425: I/Finsky(15520): [1] mni.a(243): Installer: found apps to install. isMultiUserMode=false, apps=[]
04-23 22:54:07.425: W/Finsky(15520): [276] myh.call(4): Cannot find installStatus. Using status from installer: status=c <
04-23 22:54:07.425: W/Finsky(15520): b: # dhl@8bb4a
04-23 22:54:07.425: W/Finsky(15520): c: "androidx.test.tools.crawler"
04-23 22:54:07.425: W/Finsky(15520): g: ""
04-23 22:54:07.425: W/Finsky(15520): h: "androidx.test.tools.crawler"
04-23 22:54:07.425: W/Finsky(15520): k: ""
04-23 22:54:07.425: W/Finsky(15520): o: ""
04-23 22:54:07.425: W/Finsky(15520): p: ""
04-23 22:54:07.425: W/Finsky(15520): r: ""
04-23 22:54:07.425: W/Finsky(15520): u: ""
04-23 22:54:07.425: W/Finsky(15520): y: "dummysessionid"
04-23 22:54:07.425: W/Finsky(15520): z: ""
04-23 22:54:07.425: W/Finsky(15520): a: 262163
04-23 22:54:07.425: W/Finsky(15520): s: 0
04-23 22:54:07.425: W/Finsky(15520): d: -1
04-23 22:54:07.425: W/Finsky(15520): f: 0
04-23 22:54:07.425: W/Finsky(15520): i: 2
04-23 22:54:07.425: W/Finsky(15520): l: false
04-23 22:54:07.425: W/Finsky(15520): m: false
04-23 22:54:07.425: W/Finsky(15520): t: 0
04-23 22:54:07.425: W/Finsky(15520): v: false
04-23 22:54:07.425: W/Finsky(15520): w: false
04-23 22:54:07.425: W/Finsky(15520): x: false
04-23 22:54:07.425: W/Finsky(15520):
> 04-23 22:54:07.425: W/Finsky(15520): e <
04-23 22:54:07.425: W/Finsky(15520): a: 0
04-23 22:54:07.425: W/Finsky(15520):
> 04-23 22:54:07.425: W/Finsky(15520): g <
04-23 22:54:07.425: W/Finsky(15520): a: 7
04-23 22:54:07.425: W/Finsky(15520): b: 0
04-23 22:54:07.425: W/Finsky(15520): c: 0
04-23 22:54:07.425: W/Finsky(15520): d: 0
04-23 22:54:07.425: W/Finsky(15520):
> 04-23 22:54:07.425: W/Finsky(15520): b: 0
04-23 22:54:07.425: W/Finsky(15520): a: 2
04-23 22:54:07.425: W/Finsky(15520): d: 8
04-23 22:54:07.425: W/Finsky(15520): f: 0
04-23 22:54:07.425: I/Finsky(15520): [276] nan.b(48): IQ: Notifying installation update. package=androidx.test.tools.crawler, status=UNINSTALLED
04-23 22:54:07.425: I/PG Utils(15282): acquire_providerpkg:[com.google.android.gsf] pid:[] maybe timeout , send to PG
04-23 22:54:07.455: I/Icing(15282): doRemovePackageData androidx.test.tools.crawler
04-23 22:54:07.495: I/Icing(15282): IndexChimeraService.getServiceInterface callingPackage=com.google.android.gms componentName=AppsCorpus serviceId=36
04-23 22:54:07.505: I/PG Utils(15282): acquire_providerpkg:[com.google.android.gsf] pid:[] maybe timeout , send to PG
04-23 22:54:07.505: I/PG Utils(15282): acquire_providerpkg:[com.google.android.gsf] pid:[] maybe timeout , send to PG
04-23 22:54:07.515: I/PG Utils(15282): acquire_providerpkg:[com.google.android.gsf] pid:[] maybe timeout , send to PG
04-23 22:54:07.515: I/Finsky(15520): [346] kzr.run(-1): Frosting DB delete succeeded: true
04-23 22:54:07.525: I/PG Utils(15282): acquire_providerpkg:[com.google.android.gsf] pid:[] maybe timeout , send to PG
04-23 22:54:07.545: I/PG Utils(15282): acquire_providerpkg:[com.google.android.gsf] pid:[] maybe timeout , send to PG
04-23 22:54:07.555: I/PG Utils(15282): acquire_providerpkg:[com.google.android.gsf] pid:[] maybe timeout , send to PG
04-23 22:54:07.555: I/PG Utils(15282): acquire_providerpkg:[com.google.android.gsf] pid:[] maybe timeout , send to PG
04-23 22:54:07.565: I/PG Utils(15282): acquire_providerpkg:[com.google.android.gsf] pid:[] maybe timeout , send to PG
04-23 22:54:07.565: I/PG Utils(15282): acquire_providerpkg:[com.google.android.gsf] pid:[] maybe timeout , send to PG
04-23 22:54:07.575: I/PG Utils(15282): acquire_providerpkg:[com.google.android.gsf] pid:[] maybe timeout , send to PG
04-23 22:54:07.585: W/AuthService(22863): [TestArgsHelper] Error when calling AndroidTestUtil.getTestArgs(). Note that this behavior might be expected.
04-23 22:54:07.585: I/PG Utils(15282): acquire_providerpkg:[com.google.android.gsf] pid:[] maybe timeout , send to PG
04-23 22:54:07.595: I/PG Utils(15282): acquire_providerpkg:[com.google.android.gsf] pid:[] maybe timeout , send to PG
04-23 22:54:07.595: I/PG Utils(15282): acquire_providerpkg:[com.google.android.gsf] pid:[] maybe timeout , send to PG
04-23 22:54:07.605: I/PG Utils(15282): acquire_providerpkg:[com.google.android.gsf] pid:[] maybe timeout , send to PG
04-23 22:54:07.605: I/PG Utils(15282): acquire_providerpkg:[com.google.android.gsf] pid:[] maybe timeout , send to PG
04-23 22:54:07.615: I/PG Utils(15282): acquire_providerpkg:[com.google.android.gsf] pid:[] maybe timeout , send to PG
04-23 22:54:07.615: I/PG Utils(15282): acquire_providerpkg:[com.google.android.gsf] pid:[] maybe timeout , send to PG
04-23 22:54:07.625: I/PG Utils(15282): acquire_providerpkg:[com.google.android.gsf] pid:[] maybe timeout , send to PG
04-23 22:54:07.625: I/PG Utils(15282): acquire_providerpkg:[com.google.android.gsf] pid:[] maybe timeout , send to PG
04-23 22:54:07.635: I/PG Utils(15282): acquire_providerpkg:[com.google.android.gsf] pid:[] maybe timeout , send to PG
04-23 22:54:07.635: W/DriveInitializer(15282): Awaiting to be initialized
04-23 22:54:07.655: I/GmsCoreXrpcWrapper(15282): Returning a channel provider with trafficStatsTag=12803
04-23 22:54:07.665: I/Icing(15282): Usage reports ok 0, Failed Usage reports 0, indexed 0, rejected 0
04-23 22:54:07.685: I/HwSystemManager(20204): HsmPackageManager:get all installed packages, flag:0, size:150
04-23 22:54:07.685: E/HwSystemManager(20204): PermissionDBAdapter:appcationsList size:150
04-23 22:54:07.735: I/Finsky(15520): [276] nan.b(33): IQ: No matching installs to run for jobs: []
04-23 22:54:07.745: I/Finsky(15520): [1] mig.a(4): previousAllInstallsDone is true, allInstallationsDone is true
04-23 22:54:07.745: I/Finsky(15520): [1] mig.a(6): Updating installations status false cross profiles
04-23 22:54:07.745: I/Finsky(15520): [1] guy.a(1): Binding for 740384841
04-23 22:54:07.745: I/AuthService(22863): [RemoveAccountOperation] Removing account: Account {name=BHQ3QDR2DV7LNO2GDHQHTICBLU-01@cloudtestlabaccounts.com, type=com.google}.
04-23 22:54:07.745: I/Finsky(15520): [1] ProfileStateService.onCreate(-1): creating profileStateService
04-23 22:54:07.755: I/Finsky(15520): [1] gus.a(3): Registering listener 553113468 for user UserHandle{0}.
04-23 22:54:07.755: I/Finsky(15520): [1] gus.b(14): User UserHandle{0} is not in installation anymore, removing profile.
04-23 22:54:07.755: I/Finsky(15520): [1] gus.b(22): Notifying user UserHandle{0} that all installs are finished
04-23 22:54:07.755: I/Finsky(15520): [1] guy.c(1): unbinding for 740384841
04-23 22:54:07.755: I/Finsky(15520): [269] gus.b(5): Removing listener for user UserHandle{0} and listener 553113468
04-23 22:54:07.775: I/DatabaseOpenHelper(15282): Upgrading DocList.db from version 143 to 173, databasePath=/data/data/com.google.android.gms/databases/DocList.db
04-23 22:54:07.775: W/DatabaseOpenHelper(15282): Cannot upgrade database, recreating instead.
04-23 22:54:07.825: I/HwSystemManager(20204): PermissionDBAdapter:DBAdapter refreshAllCachedData!
04-23 22:54:07.885: I/art(2958): Can not find class: Lcom/android/server/accounts/AccountManagerService$RemoveAccountSession;
04-23 22:54:07.885: I/HwSystemManager(20204): PermissionDbVisitor:removeHistoryRecord,pkgName:androidx.test.tools.crawler, delete count:0
04-23 22:54:07.885: I/HwSystemManager(20204): HsmPackageManager:get all installed packages, flag:0, size:150
04-23 22:54:07.885: E/HwSystemManager(20204): PermissionDBAdapter:appcationsList size:150
04-23 22:54:07.885: I/HwSystemManager(3669): HoldService:uid:10010 pid:14902 died
04-23 22:54:07.885: I/HwSystemManager(3669): HoldService:oldVersionKey:10010,14902
04-23 22:54:07.885: I/HwSystemManager(3669): BgPowerManagerService:onProcessDied uid = 10010
04-23 22:54:07.885: E/HsmCoreServiceImpl(2958): onTransact in code is: 102
04-23 22:54:07.885: I/MediaProcessHandler(2958): processOp opType: 1, uid: 10010, pid: 14902
04-23 22:54:07.885: W/MediaProcessHandler(2958): remove target not exist, maybe the UI process: uid: 10010, pid: 14902
04-23 22:54:07.895: W/ChimeraUtils(15209): Non Chimera context
04-23 22:54:07.985: I/HwSystemManager(20204): PermissionDBAdapter:DBAdapter refreshAllCachedData!
04-23 22:54:08.005: E/WifiStateMachine(2958): ConnectedState !CMD_RSSI_POLL 2 0 "wl-ftl-mt03-1-24" 44:48:c1:91:9d:e0 rssi=-50 f=2412 sc=100 link=72 tx=1,2, 0,0, 0,0 rx=86,3 bcn=0 [on:0 tx:0 rx:0 period:3004] from screen [on:0 period:-1430251503] gl u24 rssi=-50 ag=0 hr ticks 1,0,0 ls-=0 [56,56,56,56,61] brc=0 lrc=0
04-23 22:54:08.005: E/WifiStateMachine(2958): L2ConnectedState !CMD_RSSI_POLL 2 0 "wl-ftl-mt03-1-24" 44:48:c1:91:9d:e0 rssi=-50 f=2412 sc=100 link=72 tx=1,2, 0,0, 0,0 rx=86,3 bcn=0 [on:0 tx:0 rx:0 period:1] from screen [on:0 period:-1430251502] gl u24 rssi=-50 ag=0 hr ticks 1,0,0 ls-=0 [56,56,56,56,61] brc=0 lrc=0
04-23 22:54:08.005: E/WifiStateMachine(2958): fetchRssiLinkSpeedAndFrequencyNative rssi=-51 linkspeed=72 SSID="wl-ftl-mt03-1-24"
04-23 22:54:08.005: I/PG Utils(22885): acquire_providerpkg:[com.android.externalstorage] pid:[] maybe timeout , send to PG
04-23 22:54:08.005: E/WifiStateMachine(2958): calculateWifiScore freq=2412 speed=72 score=100 highRSSI -> txbadrate=0,00 txgoodrate=1,62 txretriesrate=0,00 rxrate=90,16 userTriggerdPenalty0
04-23 22:54:08.005: E/WifiStateMachine(2958): good link -> stuck count =0
04-23 22:54:08.005: E/WifiStateMachine(2958): badRSSI count0 lowRSSI count0 --> score 56
04-23 22:54:08.005: E/WifiStateMachine(2958): isHighRSSI ---> score=61
04-23 22:54:08.015: I/HwSystemManager(3669): HoldService:uid:10084 pid:20897 died
04-23 22:54:08.015: I/HwSystemManager(3669): HoldService:oldVersionKey:10084,20897
04-23 22:54:08.015: I/HwSystemManager(3669): BgPowerManagerService:onProcessDied uid = 10084
04-23 22:54:08.015: I/HwSystemManager(20204): HsmIntentService:task completed for intent:Intent { act=android.intent.action.PACKAGE_REMOVED dat=package:androidx.test.tools.crawler flg=0x4000010 cmp=com.huawei.systemmanager/com.huawei.permissionmanager.ui.AppInstallationReceiver (has extras) }, action:android.intent.action.PACKAGE_REMOVED
04-23 22:54:08.015: I/HwSystemManager(20204): HsmIntentService:in thread:Thread[HsmIntentServiceTask #1,5,main], current active tasksize:1, queue size:0
04-23 22:54:08.015: I/HwSystemManager(20204): HsmIntentService:last work complete! lets stop service.
04-23 22:54:08.015: E/HsmCoreServiceImpl(2958): onTransact in code is: 102
04-23 22:54:08.015: I/MediaProcessHandler(2958): processOp opType: 1, uid: 10084, pid: 20897
04-23 22:54:08.015: W/MediaProcessHandler(2958): remove target not exist, maybe the UI process: uid: 10084, pid: 20897
04-23 22:54:08.025: I/Finsky(15520): [1] qvg.a(21): PackageMonitor - Received: android.intent.action.PACKAGE_FULLY_REMOVED, [OwTLqO6btGsi6Tcv2-TznXK21v3lwAbORH4jydMacKQ]
04-23 22:54:08.025: I/Finsky(15520): [1] qwj.d(11): Invalidating cached PackageState for androidx.test.tools.crawler
04-23 22:54:08.025: I/Finsky(15520): [1] qvg.a(25): PackageMonitor - Deduping intent android.intent.action.PACKAGE_FULLY_REMOVED
04-23 22:54:08.025: I/DownloadManager(3152): enter DownloadReceiver::onReceive(action:android.intent.action.UID_REMOVED intent:Intent { act=android.intent.action.UID_REMOVED flg=0x4000010 cmp=com.android.providers.downloads/.DownloadReceiver (has extras) })
04-23 22:54:08.035: I/PG Utils(22885): acquire_providerpkg:[com.android.providers.downloads] pid:[] maybe timeout , send to PG
04-23 22:54:08.055: I/PG Utils(22885): acquire_providerpkg:[com.android.providers.media] pid:[] maybe timeout , send to PG
04-23 22:54:08.065: I/AccountManagerService(2958): the accounts changed, sending broadcast of android.accounts.LOGIN_ACCOUNTS_CHANGED
04-23 22:54:08.065: I/ActivityManager(2958): filter receiver for action = android.accounts.LOGIN_ACCOUNTS_CHANGED
04-23 22:54:08.075: I/ContactsProvider(20123): Accounts changed
04-23 22:54:08.085: I/PG Utils(15209): acquire_providerpkg:[com.google.android.gsf] pid:[] maybe timeout , send to PG
04-23 22:54:08.085: I/HwSystemManager(20204): HsmIntentService:destroyed. this:com.huawei.systemmanager.util.content.HsmIntentService_ui@321e9fb2
04-23 22:54:08.085: I/AuthService(22863): [AccountService] Execution time for remove account is 457 ms.
04-23 22:54:08.095: I/AccountTypeManager(20052): Adding account type = com.android.contacts.model.account.ExchangeAccountType@3581f in the cache
04-23 22:54:08.095: I/SimFactoryManager(20052): Get SIM state from SIM factory manager: 0,For slotId:0
04-23 22:54:08.095: I/Backup(15209): [GmsBackupAccountManager] Backup account not found in gmscore.
04-23 22:54:08.105: I/SimFactoryManager(20052): Get SIM state from SIM factory manager: 0,For slotId:1
04-23 22:54:08.105: I/UpdateIcingCorporaServi(17085): Updating corpora: APPS=net.rpdev.opentodolist, CONTACTS=MAYBE
04-23 22:54:08.105: I/AccountTypeManager(20052): Adding account type = com.android.contacts.model.account.ExternalAccountType@d40276c in the cache
04-23 22:54:08.165: W/ResourceType(20052): For resource 0x7f0806ed, entry index(1773) is beyond type entryCount(13)
04-23 22:54:08.165: W/ResourceType(20052): Failure getting entry for 0x7f0806ed (t=7 e=1773) (error -75)
04-23 22:54:08.165: W/ResourceType(20052): For resource 0x7f0806ed, entry index(1773) is beyond type entryCount(13)
04-23 22:54:08.165: W/ResourceType(20052): Failure getting entry for 0x7f0806ed (t=7 e=1773) (error -75)
04-23 22:54:08.165: I/AccountTypeManager(20052): Adding account type = com.android.contacts.model.account.ExternalAccountType@19dbe135 in the cache
04-23 22:54:08.165: I/AccountTypeManager(20052): Adding account type = com.android.contacts.model.account.GoogleAccountType@253b39ca in the cache
04-23 22:54:08.175: E/ExternalAccountType(20052): Unsupported attribute readOnly
04-23 22:54:08.175: I/AccountTypeManager(20052): AccountManager, account size is: 1
04-23 22:54:08.175: I/Icing(15282): updateResources: need to parse abtu{com.google.android.gms}
04-23 22:54:08.225: I/AccountTypeManager(20052): Loaded meta-data for 5 account types, 1 accounts in 139ms(wall) 36ms(cpu)
04-23 22:54:08.265: W/ContextImpl(15282): Failed to ensure directory: /storage/sdcard1/Android/data/com.google.android.gms/files
04-23 22:54:08.275: I/Icing(15282): updateResources: need to parse abtu{com.google.android.gm}
04-23 22:54:08.295: I/Icing(15282): Removing corpus key com.google.android.gm-messages/ for package com.google.android.gm
04-23 22:54:08.295: I/ContactsProvider(20123): Accounts changed