04-23 22:52:28.345: E/Icing(15282): Aborting indexing of corpus messages/com.google/BHQ3QDR2DV7LNO2GDHQHTICBLU-01%40cloudtestlabaccounts.com
04-23 22:52:28.355: I/Icing(15282): Indexing com.google.android.gms-internal.3p:MobileApplication from com.google.android.gms using seqno 103
04-23 22:52:28.395: W/art(15209): Verification of void byol.() took 155.360ms
04-23 22:52:28.465: I/art(2958): Explicit concurrent mark sweep GC freed 33259(2MB) AllocSpace objects, 37(740KB) LOS objects, 33% free, 28MB/42MB, paused 2.242ms total 200.222ms
04-23 22:52:28.475: E/WifiStateMachine(2958): ConnectedState !CMD_RSSI_POLL 1 0 "wl-ftl-mt03-1-24" 44:48:c1:91:9d:e0 rssi=-51 f=2412 sc=100 link=72 tx=41,1, 0,0, 0,0 rx=119,1 bcn=0 [on:0 tx:0 rx:0 period:3004] from screen [on:0 period:-1430351038] gl u24 rssi=-51 ag=0 hr ticks 0,0,0 ls-=0 [56,56,60,60,65] brc=0 lrc=0
04-23 22:52:28.475: I/PG Utils(8585): acquire_providerpkg:[com.android.exchange] pid:[] maybe timeout , send to PG
04-23 22:52:28.475: E/WifiStateMachine(2958): L2ConnectedState !CMD_RSSI_POLL 1 0 "wl-ftl-mt03-1-24" 44:48:c1:91:9d:e0 rssi=-51 f=2412 sc=100 link=72 tx=41,1, 0,0, 0,0 rx=119,1 bcn=0 [on:0 tx:0 rx:0 period:6] from screen [on:0 period:-1430351032] gl u24 rssi=-51 ag=0 hr ticks 0,0,0 ls-=0 [56,56,60,60,65] brc=0 lrc=0
04-23 22:52:28.475: I/PG Utils(15209): acquire_providerpkg:[com.google.android.gsf] pid:[] maybe timeout , send to PG
04-23 22:52:28.475: E/WifiStateMachine(2958): fetchRssiLinkSpeedAndFrequencyNative rssi=-51 linkspeed=72 SSID="wl-ftl-mt03-1-24"
04-23 22:52:28.475: E/WifiStateMachine(2958): calculateWifiScore freq=2412 speed=72 score=100 highRSSI -> txbadrate=0,00 txgoodrate=32,05 txretriesrate=0,00 rxrate=105,03 userTriggerdPenalty0
04-23 22:52:28.475: E/WifiStateMachine(2958): good link -> stuck count =0
04-23 22:52:28.475: E/WifiStateMachine(2958): badRSSI count0 lowRSSI count0 --> score 60
04-23 22:52:28.475: E/WifiStateMachine(2958): isHighRSSI ---> score=65
04-23 22:52:28.485: I/PG Utils(15209): acquire_providerpkg:[com.google.android.gsf] pid:[] maybe timeout , send to PG
04-23 22:52:28.515: I/PG Utils(8585): acquire_providerpkg:[com.google.android.syncadapters.contacts] pid:[] maybe timeout , send to PG
04-23 22:52:28.565: I/PG Utils(15209): acquire_providerpkg:[com.google.android.gsf] pid:[] maybe timeout , send to PG
04-23 22:52:28.585: I/PG Utils(15209): acquire_providerpkg:[com.google.android.gsf] pid:[] maybe timeout , send to PG
04-23 22:52:28.625: I/CalendarProvider2(14217): Sending notification intent: Intent { act=android.intent.action.PROVIDER_CHANGED dat=content://com.android.calendar }
04-23 22:52:28.625: W/ContentResolver(14217): Failed to get type for: content://com.android.calendar (Unknown URL content://com.android.calendar)
04-23 22:52:28.625: I/ActivityManager(2958): filter receiver for action = android.intent.action.PROVIDER_CHANGED
04-23 22:52:28.625: I/CalendarProvider2(14217): Sending notification intent: Intent { act=android.intent.action.PROVIDER_CHANGED dat=content://com.android.calendar }
04-23 22:52:28.625: W/ContentResolver(14217): Failed to get type for: content://com.android.calendar (Unknown URL content://com.android.calendar)
04-23 22:52:28.625: I/ActivityManager(2958): filter receiver for action = android.intent.action.PROVIDER_CHANGED
04-23 22:52:28.685: I/HwSystemManager(3669): ContactsObserverHelper:Receive contacts change broadcast
04-23 22:52:28.735: I/HwSystemManager(3669): HoldService:uid:1001 pid:14272 died
04-23 22:52:28.735: I/HwSystemManager(3669): HoldService:oldVersionKey:1001,14272
04-23 22:52:28.735: I/HwSystemManager(3669): BgPowerManagerService:onProcessDied uid = 1001
04-23 22:52:28.735: E/HsmCoreServiceImpl(2958): onTransact in code is: 102
04-23 22:52:28.735: W/MediaProcessHandler(2958): processOp uid 1001 is not concerned!
04-23 22:52:28.745: W/SyncManager(2958): SyncManager manageSyncAlarmLocked SET_WAKE_ALARM
04-23 22:52:28.825: I/art(15209): Explicit concurrent mark sweep GC freed 123122(7MB) AllocSpace objects, 46(1148KB) LOS objects, 33% free, 31MB/47MB, paused 2.029ms total 230.660ms
04-23 22:52:28.895: I/MultiDex(15777): VM with version 2.1.0 has multidex support
04-23 22:52:28.895: I/MultiDex(15777): install
04-23 22:52:28.895: I/MultiDex(15777): VM has multidex support, MultiDex support library is disabled.
04-23 22:52:28.975: I/PG Utils(15209): acquire_providerpkg:[com.google.android.gsf] pid:[] maybe timeout , send to PG
04-23 22:52:28.985: I/Auth(15209): [ReflectiveChannelBinder] Successfully bound channel!
04-23 22:52:28.995: I/System(15209): core_booster, getBoosterConfig = false
04-23 22:52:29.005: I/System(15209): core_booster, getBoosterConfig = false
04-23 22:52:29.005: I/System(15209): core_booster, getBoosterConfig = false
04-23 22:52:29.005: W/Conscrypt(15209): Could not set socket write timeout: java.net.SocketException: Socket closed
04-23 22:52:29.005: E/art(15209): invalid stream - problem with parameter iterator in /data/app/com.google.android.gms-1/base.apk for method void com.google.android.gms.org.conscrypt.ConscryptFileDescriptorSocket.setSoWriteTimeout(int)
04-23 22:52:29.015: E/art(15209): invalid stream - problem with parameter iterator in /data/data/com.google.android.gms/code_cache/secondary-dexes/base.apk.classes2.zip for method java.lang.String gvv.f(android.content.Context, java.lang.String)
04-23 22:52:29.025: W/Conscrypt(15209): at com.google.android.gms.org.conscrypt.Platform.setSocketWriteTimeout(:com.google.android.gms@200914010@20.09.14 (020400-300565878):2)
04-23 22:52:29.025: W/Conscrypt(15209): at com.google.android.gms.org.conscrypt.ConscryptFileDescriptorSocket.setSoWriteTimeout(:com.google.android.gms@200914010@20.09.14 (020400-300565878))
04-23 22:52:29.065: W/Conscrypt(15209): Could not set socket write timeout: java.net.SocketException: Socket closed
04-23 22:52:29.065: E/art(15209): invalid stream - problem with parameter iterator in /data/app/com.google.android.gms-1/base.apk for method void com.google.android.gms.org.conscrypt.ConscryptFileDescriptorSocket.setSoWriteTimeout(int)
04-23 22:52:29.065: E/art(15209): invalid stream - problem with parameter iterator in /data/data/com.google.android.gms/code_cache/secondary-dexes/base.apk.classes2.zip for method java.lang.String gvv.f(android.content.Context, java.lang.String)
04-23 22:52:29.065: W/Conscrypt(15209): at com.google.android.gms.org.conscrypt.Platform.setSocketWriteTimeout(:com.google.android.gms@200914010@20.09.14 (020400-300565878):2)
04-23 22:52:29.065: W/Conscrypt(15209): at com.google.android.gms.org.conscrypt.ConscryptFileDescriptorSocket.setSoWriteTimeout(:com.google.android.gms@200914010@20.09.14 (020400-300565878))
04-23 22:52:29.185: I/PG Utils(15209): acquire_providerpkg:[com.google.android.gsf] pid:[] maybe timeout , send to PG
04-23 22:52:29.235: I/MusicStore(15777): Database version: 121
04-23 22:52:29.235: I/PG Utils(15209): acquire_providerpkg:[com.google.android.gsf] pid:[] maybe timeout , send to PG
04-23 22:52:29.255: W/aujo(15209): Empty content. Thus might mean that the settings are not synced down.
04-23 22:52:29.265: I/PG Utils(15209): acquire_providerpkg:[com.google.android.gsf] pid:[] maybe timeout , send to PG
04-23 22:52:29.265: I/ContactsAppilcation(15678): intent:android.intent.action.ACTION_DSDS_SUB1_OPERATOR_CHANGED
04-23 22:52:29.275: I/CommonUtilMethods(15678): action:android.intent.action.ACTION_DSDS_SUB1_OPERATOR_CHANGED networkName showSpn = false spn = showPlmn = true plmn = Kein Dienst
04-23 22:52:29.275: I/ContactsAppilcation(15678): intent:android.intent.action.ACTION_DSDS_SUB2_OPERATOR_CHANGED
04-23 22:52:29.275: I/CommonUtilMethods(15678): action:android.intent.action.ACTION_DSDS_SUB2_OPERATOR_CHANGED networkName showSpn = false spn = showPlmn = true plmn = Kein Dienst
04-23 22:52:29.275: I/ContactsAppilcation(15678): intent:android.provider.Telephony.SPN_STRINGS_UPDATED
04-23 22:52:29.315: I/ActivityManager(2958): filter receiver for action = android.intent.action.DROPBOX_ENTRY_ADDED
04-23 22:52:29.315: I/art(2958): Can not find class: Lcom/android/server/content/SyncManager$ServiceConnectionData;
04-23 22:52:29.325: I/art(9488): Can not find class: Lcom/google/android/gms/http/GoogleHttpClient;
04-23 22:52:29.325: I/GoogleHttpClient(9488): GMS http client unavailable, use old client
04-23 22:52:29.325: E/PlayCommon(15520): [1] akqt.(10): Failed to restore PlayMetalog
04-23 22:52:29.325: E/PlayCommon(15520): [1] akqt.(13): Failed to restore LogsUploadAttempt
04-23 22:52:29.355: I/Icing(15282): Indexing com.google.android.gms-apps from com.google.android.gms
04-23 22:52:29.355: I/PG Utils(15777): acquire_providerpkg:[com.google.android.gsf] pid:[] maybe timeout , send to PG
04-23 22:52:29.365: I/AuthService(14873): [AccountService] Execution time for add account with authorization code, options: Bundle[{}] is 3262 ms.
04-23 22:52:29.405: I/Icing(15282): Indexing done com.google.android.gms-apps
04-23 22:52:29.825: I/OAM(2639): [check_file_size:402]/data/hwlogdir/wifi_log/wifi_log_1 log file beyond size=10240Byte, creat new file
04-23 22:52:29.825: I/OAM(2639): [rename_old_file:107]rename_old_file
04-23 22:52:29.835: I/PG Utils(15282): acquire_providerpkg:[com.google.android.gsf] pid:[] maybe timeout , send to PG
04-23 22:52:29.835: I/HwSystemManager(15732): HsmStat_info:service connect
04-23 22:52:29.835: I/HwSystemManager(3669): HoldService:uid:10092 pid:14817 died
04-23 22:52:29.835: I/HwSystemManager(3669): HoldService:oldVersionKey:10092,14817
04-23 22:52:29.835: I/HwSystemManager(3669): BgPowerManagerService:onProcessDied uid = 10092
04-23 22:52:29.835: E/HsmCoreServiceImpl(2958): onTransact in code is: 102
04-23 22:52:29.835: I/MediaProcessHandler(2958): processOp opType: 1, uid: 10092, pid: 14817
04-23 22:52:29.835: W/MediaProcessHandler(2958): remove target not exist, maybe the UI process: uid: 10092, pid: 14817
04-23 22:52:29.865: I/PG Utils(9488): acquire_providerpkg:[com.android.providers.contacts] pid:[] maybe timeout , send to PG
04-23 22:52:29.865: W/ContextImpl(15777): Failed to ensure directory: /storage/sdcard1/Android/data/com.google.android.music/files
04-23 22:52:29.875: I/PG Utils(15209): acquire_providerpkg:[com.google.android.gsf] pid:[] maybe timeout , send to PG
04-23 22:52:29.895: I/PG Utils(15282): acquire_providerpkg:[com.google.android.gsf] pid:[] maybe timeout , send to PG
04-23 22:52:29.905: I/art(2958): Can not find class: Lcom/android/server/content/SyncManager$SyncHandlerMessagePayload;
04-23 22:52:29.925: I/Auth(15209): [AccountStateSyncher] performSync(account=)
04-23 22:52:29.995: I/PG Utils(14947): acquire_providerpkg:[com.google.android.gsf] pid:[] maybe timeout , send to PG
04-23 22:52:30.005: W/ContextImpl(15777): Failed to ensure directory: /storage/sdcard1/Android/data/com.google.android.music/files
04-23 22:52:30.015: W/ContextImpl(15777): Failed to ensure directory: /storage/sdcard1/Android/data/com.google.android.music/files
04-23 22:52:30.035: I/PG Utils(15282): acquire_providerpkg:[com.google.android.gsf] pid:[] maybe timeout , send to PG
04-23 22:52:30.055: I/PG Utils(15282): acquire_providerpkg:[com.google.android.gsf] pid:[] maybe timeout , send to PG
04-23 22:52:30.085: I/PG Utils(15282): acquire_providerpkg:[com.google.android.gsf] pid:[] maybe timeout , send to PG
04-23 22:52:30.105: I/art(15843): Can not find class: Ladvf;
04-23 22:52:30.115: I/art(15843): Can not find class: Ladvf;
04-23 22:52:30.115: I/art(15843): Can not find class: Ladvv;
04-23 22:52:30.215: I/HwSystemManager(3669): HoldService:uid:10035 pid:14190 died
04-23 22:52:30.215: I/HwSystemManager(3669): HoldService:oldVersionKey:10035,14190
04-23 22:52:30.215: I/HwSystemManager(3669): BgPowerManagerService:onProcessDied uid = 10035
04-23 22:52:30.215: E/HsmCoreServiceImpl(2958): onTransact in code is: 102
04-23 22:52:30.215: I/MediaProcessHandler(2958): processOp opType: 1, uid: 10035, pid: 14190
04-23 22:52:30.215: W/MediaProcessHandler(2958): remove target not exist, maybe the UI process: uid: 10035, pid: 14190
04-23 22:52:30.235: I/PG Utils(15843): acquire_providerpkg:[com.google.android.gsf] pid:[] maybe timeout , send to PG
04-23 22:52:30.255: I/PG Utils(15209): acquire_providerpkg:[com.google.android.gsf] pid:[] maybe timeout , send to PG
04-23 22:52:30.315: I/PG Utils(15209): acquire_providerpkg:[com.google.android.gsf] pid:[] maybe timeout , send to PG
04-23 22:52:30.315: I/AccountTypeManager(15678): Adding account type = com.android.contacts.model.account.ExchangeAccountType@2818377b in the cache
04-23 22:52:30.315: I/SimFactoryManager(15678): Get SIM state from SIM factory manager: 0,For slotId:0
04-23 22:52:30.325: I/SimFactoryManager(15678): Get SIM state from SIM factory manager: 0,For slotId:1
04-23 22:52:30.335: I/HwCust(15678): Constructor found for class com.android.contacts.model.account.HwCustAccountModelCustomizationImpl
04-23 22:52:30.345: I/AccountTypeManager(15678): Adding account type = com.android.contacts.model.account.ExternalAccountType@2900d5f1 in the cache
04-23 22:52:30.355: I/System(15209): core_booster, getBoosterConfig = false
04-23 22:52:30.365: I/MultiDex(15843): VM with version 2.1.0 has multidex support
04-23 22:52:30.365: I/MultiDex(15843): Installing application
04-23 22:52:30.365: I/MultiDex(15843): MultiDexExtractor(/data/app/com.google.android.gms-1/base.apk, /data/user/0/com.google.android.gms/code_cache/secondary-dexes)
04-23 22:52:30.365: I/System(15209): core_booster, getBoosterConfig = false
04-23 22:52:30.365: I/System(15209): core_booster, getBoosterConfig = false
04-23 22:52:30.365: W/Conscrypt(15209): Could not set socket write timeout: java.net.SocketException: Socket closed
04-23 22:52:30.365: E/art(15209): invalid stream - problem with parameter iterator in /data/app/com.google.android.gms-1/base.apk for method void com.google.android.gms.org.conscrypt.ConscryptFileDescriptorSocket.setSoWriteTimeout(int)
04-23 22:52:30.365: W/Conscrypt(15209): at com.google.android.gms.org.conscrypt.Platform.setSocketWriteTimeout(:com.google.android.gms@200914010@20.09.14 (020400-300565878):2)
04-23 22:52:30.365: W/Conscrypt(15209): at com.google.android.gms.org.conscrypt.ConscryptFileDescriptorSocket.setSoWriteTimeout(:com.google.android.gms@200914010@20.09.14 (020400-300565878))
04-23 22:52:30.365: I/MultiDex(15843): Blocking on lock /data/user/0/com.google.android.gms/code_cache/secondary-dexes/MultiDex.lock
04-23 22:52:30.365: I/MultiDex(15843): /data/user/0/com.google.android.gms/code_cache/secondary-dexes/MultiDex.lock locked
04-23 22:52:30.365: I/MultiDex(15843): MultiDexExtractor.load(/data/app/com.google.android.gms-1/base.apk, false, )
04-23 22:52:30.375: I/MultiDex(15843): loading existing secondary dex files
04-23 22:52:30.375: I/MultiDex(15843): load found 6 secondary dex files
04-23 22:52:30.385: I/MultiDex(15843): install done
04-23 22:52:30.395: I/ActivityManager(2958): filter receiver for action = android.intent.action.DROPBOX_ENTRY_ADDED
04-23 22:52:30.405: W/Conscrypt(15209): Could not set socket write timeout: java.net.SocketException: Socket closed
04-23 22:52:30.405: E/art(15209): invalid stream - problem with parameter iterator in /data/app/com.google.android.gms-1/base.apk for method void com.google.android.gms.org.conscrypt.ConscryptFileDescriptorSocket.setSoWriteTimeout(int)
04-23 22:52:30.405: W/Conscrypt(15209): at com.google.android.gms.org.conscrypt.Platform.setSocketWriteTimeout(:com.google.android.gms@200914010@20.09.14 (020400-300565878):2)
04-23 22:52:30.405: W/Conscrypt(15209): at com.google.android.gms.org.conscrypt.ConscryptFileDescriptorSocket.setSoWriteTimeout(:com.google.android.gms@200914010@20.09.14 (020400-300565878))
04-23 22:52:30.405: I/PG Utils(15282): acquire_providerpkg:[com.google.android.gsf] pid:[] maybe timeout , send to PG
04-23 22:52:30.415: I/PG Utils(15282): acquire_providerpkg:[com.google.android.gsf] pid:[] maybe timeout , send to PG
04-23 22:52:30.415: E/Thermal-daemon(2347): [ap] temp_new :37 temp_old :36
04-23 22:52:30.415: E/Thermal-daemon(2347): Report temperature: [ap] temp :37 report_threshold:1
04-23 22:52:30.425: W/ResourceType(15678): For resource 0x7f0806ed, entry index(1773) is beyond type entryCount(13)
04-23 22:52:30.425: W/ResourceType(15678): Failure getting entry for 0x7f0806ed (t=7 e=1773) (error -75)
04-23 22:52:30.425: W/ResourceType(15678): For resource 0x7f0806ed, entry index(1773) is beyond type entryCount(13)
04-23 22:52:30.425: W/ResourceType(15678): Failure getting entry for 0x7f0806ed (t=7 e=1773) (error -75)
04-23 22:52:30.425: I/AccountTypeManager(15678): Adding account type = com.android.contacts.model.account.ExternalAccountType@2a68d057 in the cache
04-23 22:52:30.425: I/AccountTypeManager(15678): Adding account type = com.android.contacts.model.account.GoogleAccountType@38656744 in the cache
04-23 22:52:30.425: I/art(15777): Can not find class: Ljavax/net/ssl/SNIServerName;
04-23 22:52:30.425: I/art(15777): Can not find class: Ljavax/net/ssl/SNIHostName;
04-23 22:52:30.425: I/art(15777): Can not find class: Ljavax/net/ssl/SNIHostName;
04-23 22:52:30.435: E/ExternalAccountType(15678): Unsupported attribute readOnly
04-23 22:52:30.435: I/AccountTypeManager(15678): AccountManager, account size is: 2
04-23 22:52:30.435: I/Auth(15209): [AccountStateSyncher] Skipping rename because the lookup contains the same email.
04-23 22:52:30.445: I/art(15777): Can not find class: Ljavax/net/ssl/SNIHostName;
04-23 22:52:30.445: I/AccountTypeManager(15678): Error, not syncable found for type: com.google
04-23 22:52:30.445: I/AccountTypeManager(15678): Loaded meta-data for 5 account types, 1 accounts in 145ms(wall) 71ms(cpu)
04-23 22:52:30.445: I/art(15282): Can not find class: Lcom/google/android/gms/dynamite/descriptors/com/google/android/gms/googlecertificates/ModuleDescriptor;
04-23 22:52:30.445: W/DynamiteModule(15282): Local module descriptor class for com.google.android.gms.googlecertificates not found.
04-23 22:52:30.455: I/DynamiteModule(15282): Considering local module com.google.android.gms.googlecertificates:0 and remote module com.google.android.gms.googlecertificates:4
04-23 22:52:30.455: I/DynamiteModule(15282): Selected remote version of com.google.android.gms.googlecertificates, version >= 4
04-23 22:52:30.455: I/art(15843): Can not find class: Lcom/google/android/gms/dynamite/descriptors/providerinstaller/ModuleDescriptor;
04-23 22:52:30.455: W/DynamiteModule(15843): Local module descriptor class for providerinstaller not found.
04-23 22:52:30.465: I/ChmraDebugLogger(15282): [71] Googlecertificates
04-23 22:52:30.475: I/art(15282): Can not find class: Lcom/google/android/chimeraresources/R$id;
04-23 22:52:30.485: W/ProviderHelper(15843): Unknown dynamite feature providerinstaller
04-23 22:52:30.505: I/DynamiteModule(15843): Considering local module providerinstaller:0 and remote module providerinstaller:0
04-23 22:52:30.505: W/ProviderInstaller(15843): Failed to load providerinstaller module: No acceptable module found. Local version is 0 and remote version is 0.
04-23 22:52:30.505: I/art(15777): Can not find class: Lcom/google/android/gms/org/conscrypt/OpenSSLSocketFactoryImpl;
04-23 22:52:30.505: W/System(15777): Could not create com.google.android.gms.org.conscrypt.OpenSSLSocketFactoryImpl with ClassLoader android.app.LoadedApk$WarningContextClassLoader@9084693: com.google.android.gms.org.conscrypt.OpenSSLSocketFactoryImpl
04-23 22:52:30.515: I/ProviderInstaller(15777): Installed default security provider GmsCore_OpenSSL
04-23 22:52:30.535: W/ChimeraUtils(15209): Non Chimera context
04-23 22:52:30.555: I/GamesSyncAdapter(15282): Starting sync for cbe14581
04-23 22:52:30.565: I/ConfigStore(15777): Config Database version: 1
04-23 22:52:30.565: I/AccountTypeManager(15678): Adding account type = com.android.contacts.model.account.ExchangeAccountType@169a5962 in the cache
04-23 22:52:30.565: I/SimFactoryManager(15678): Get SIM state from SIM factory manager: 0,For slotId:0
04-23 22:52:30.575: I/SimFactoryManager(15678): Get SIM state from SIM factory manager: 0,For slotId:1
04-23 22:52:30.575: I/AccountTypeManager(15678): Adding account type = com.android.contacts.model.account.ExternalAccountType@2ac01af3 in the cache
04-23 22:52:30.605: I/art(15843): Can not find class: Ljavax/net/ssl/SNIServerName;
04-23 22:52:30.605: I/art(15843): Can not find class: Ljavax/net/ssl/SNIHostName;
04-23 22:52:30.615: I/art(15843): Can not find class: Ljavax/net/ssl/SNIHostName;
04-23 22:52:30.615: I/art(15843): Can not find class: Ljavax/net/ssl/SNIHostName;
04-23 22:52:30.635: W/ResourceType(15678): For resource 0x7f0806ed, entry index(1773) is beyond type entryCount(13)
04-23 22:52:30.635: W/ResourceType(15678): Failure getting entry for 0x7f0806ed (t=7 e=1773) (error -75)
04-23 22:52:30.635: W/ResourceType(15678): For resource 0x7f0806ed, entry index(1773) is beyond type entryCount(13)
04-23 22:52:30.635: W/ResourceType(15678): Failure getting entry for 0x7f0806ed (t=7 e=1773) (error -75)
04-23 22:52:30.635: I/AccountTypeManager(15678): Adding account type = com.android.contacts.model.account.ExternalAccountType@6f3b3b0 in the cache
04-23 22:52:30.635: I/AccountTypeManager(15678): Adding account type = com.android.contacts.model.account.GoogleAccountType@20a35229 in the cache
04-23 22:52:30.645: E/ExternalAccountType(15678): Unsupported attribute readOnly
04-23 22:52:30.645: I/AccountTypeManager(15678): AccountManager, account size is: 2
04-23 22:52:30.655: I/AccountTypeManager(15678): Error, not syncable found for type: com.google
04-23 22:52:30.655: I/AccountTypeManager(15678): Loaded meta-data for 5 account types, 1 accounts in 95ms(wall) 39ms(cpu)
04-23 22:52:30.665: I/GamesSyncAdapter(15282): Sync duration for cbe14581: 107
04-23 22:52:30.665: I/AccountTypeManager(15678): Adding account type = com.android.contacts.model.account.ExchangeAccountType@1d48a9ae in the cache
04-23 22:52:30.665: I/art(15843): Can not find class: Lcom/google/android/gms/org/conscrypt/OpenSSLSocketFactoryImpl;
04-23 22:52:30.665: W/System(15843): Could not create com.google.android.gms.org.conscrypt.OpenSSLSocketFactoryImpl with ClassLoader android.app.LoadedApk$WarningContextClassLoader@1b122c17: com.google.android.gms.org.conscrypt.OpenSSLSocketFactoryImpl
04-23 22:52:30.665: I/SimFactoryManager(15678): Get SIM state from SIM factory manager: 0,For slotId:0
04-23 22:52:30.665: I/SimFactoryManager(15678): Get SIM state from SIM factory manager: 0,For slotId:1
04-23 22:52:30.665: I/ProviderInstaller(15843): Installed default security provider GmsCore_OpenSSL
04-23 22:52:30.675: I/AccountTypeManager(15678): Adding account type = com.android.contacts.model.account.ExternalAccountType@637734f in the cache
04-23 22:52:30.675: I/PG Utils(15282): acquire_providerpkg:[com.google.android.gsf] pid:[] maybe timeout , send to PG
04-23 22:52:30.725: I/art(9488): Explicit concurrent mark sweep GC freed 3101(136KB) AllocSpace objects, 0(0B) LOS objects, 39% free, 13MB/23MB, paused 916us total 36.266ms
04-23 22:52:30.735: W/ResourceType(15678): For resource 0x7f0806ed, entry index(1773) is beyond type entryCount(13)
04-23 22:52:30.735: W/ResourceType(15678): Failure getting entry for 0x7f0806ed (t=7 e=1773) (error -75)
04-23 22:52:30.735: W/ResourceType(15678): For resource 0x7f0806ed, entry index(1773) is beyond type entryCount(13)
04-23 22:52:30.735: W/ResourceType(15678): Failure getting entry for 0x7f0806ed (t=7 e=1773) (error -75)
04-23 22:52:30.735: I/AccountTypeManager(15678): Adding account type = com.android.contacts.model.account.ExternalAccountType@8d85adc in the cache
04-23 22:52:30.735: I/AccountTypeManager(15678): Adding account type = com.android.contacts.model.account.GoogleAccountType@11f5e7e5 in the cache
04-23 22:52:30.735: E/ExternalAccountType(15678): Unsupported attribute readOnly
04-23 22:52:30.745: I/AccountTypeManager(15678): AccountManager, account size is: 2
04-23 22:52:30.745: I/AccountTypeManager(15678): Error, not syncable found for type: com.google
04-23 22:52:30.745: I/AccountTypeManager(15678): Loaded meta-data for 5 account types, 1 accounts in 83ms(wall) 38ms(cpu)
04-23 22:52:30.745: I/AccountTypeManager(15678): Adding account type = com.android.contacts.model.account.ExchangeAccountType@1279b2ba in the cache
04-23 22:52:30.745: I/SimFactoryManager(15678): Get SIM state from SIM factory manager: 0,For slotId:0
04-23 22:52:30.745: I/SimFactoryManager(15678): Get SIM state from SIM factory manager: 0,For slotId:1
04-23 22:52:30.755: I/AccountTypeManager(15678): Adding account type = com.android.contacts.model.account.ExternalAccountType@2821f56b in the cache
04-23 22:52:30.805: W/ResourceType(15678): For resource 0x7f0806ed, entry index(1773) is beyond type entryCount(13)
04-23 22:52:30.805: W/ResourceType(15678): Failure getting entry for 0x7f0806ed (t=7 e=1773) (error -75)
04-23 22:52:30.805: W/ResourceType(15678): For resource 0x7f0806ed, entry index(1773) is beyond type entryCount(13)
04-23 22:52:30.805: W/ResourceType(15678): Failure getting entry for 0x7f0806ed (t=7 e=1773) (error -75)
04-23 22:52:30.805: I/AccountTypeManager(15678): Adding account type = com.android.contacts.model.account.ExternalAccountType@2afe48c8 in the cache
04-23 22:52:30.805: I/AccountTypeManager(15678): Adding account type = com.android.contacts.model.account.GoogleAccountType@1b221d61 in the cache
04-23 22:52:30.815: E/ExternalAccountType(15678): Unsupported attribute readOnly
04-23 22:52:30.815: I/AccountTypeManager(15678): AccountManager, account size is: 2
04-23 22:52:30.835: I/AccountTypeManager(15678): Error, not syncable found for type: com.google
04-23 22:52:30.835: I/AccountTypeManager(15678): Loaded meta-data for 5 account types, 1 accounts in 90ms(wall) 36ms(cpu)
04-23 22:52:30.835: I/HwSystemManager(3669): HoldService:uid:10048 pid:14563 died
04-23 22:52:30.835: I/HwSystemManager(3669): HoldService:oldVersionKey:10048,14563
04-23 22:52:30.835: I/HwSystemManager(3669): BgPowerManagerService:onProcessDied uid = 10048
04-23 22:52:30.835: E/HsmCoreServiceImpl(2958): onTransact in code is: 102
04-23 22:52:30.835: I/MediaProcessHandler(2958): processOp opType: 1, uid: 10048, pid: 14563
04-23 22:52:30.835: W/MediaProcessHandler(2958): remove target not exist, maybe the UI process: uid: 10048, pid: 14563
04-23 22:52:30.835: I/AccountTypeManager(15678): Adding account type = com.android.contacts.model.account.ExchangeAccountType@c804086 in the cache
04-23 22:52:30.835: I/SimFactoryManager(15678): Get SIM state from SIM factory manager: 0,For slotId:0
04-23 22:52:30.845: I/SimFactoryManager(15678): Get SIM state from SIM factory manager: 0,For slotId:1
04-23 22:52:30.845: I/Safeboot(15843): Checking safeboot...
04-23 22:52:30.845: I/Safeboot(15843): Not entering safeboot; wrong process.
04-23 22:52:30.845: I/AccountTypeManager(15678): Adding account type = com.android.contacts.model.account.ExternalAccountType@13e87d47 in the cache
04-23 22:52:30.855: I/MediaRouter(15777): Found default route: MediaRouter.RouteInfo{ uniqueId=android/.support.v7.media.SystemMediaRouteProvider:DEFAULT_ROUTE, name=Kopfhörer, description=null, iconUri=null, enabled=true, connecting=false, connectionState=0, canDisconnect=false, playbackType=0, playbackStream=3, deviceType=0, volumeHandling=1, volume=8, volumeMax=15, presentationDisplayId=-1, extras=null, settingsIntent=null, providerPackageName=android }
04-23 22:52:30.865: W/GamesServiceBroker(15282): Client connected with SDK 15350000, Services 200914010, and Games 84500040
04-23 22:52:30.905: W/ResourceType(15678): For resource 0x7f0806ed, entry index(1773) is beyond type entryCount(13)
04-23 22:52:30.905: W/ResourceType(15678): Failure getting entry for 0x7f0806ed (t=7 e=1773) (error -75)
04-23 22:52:30.905: W/ResourceType(15678): For resource 0x7f0806ed, entry index(1773) is beyond type entryCount(13)
04-23 22:52:30.905: W/ResourceType(15678): Failure getting entry for 0x7f0806ed (t=7 e=1773) (error -75)
04-23 22:52:30.905: I/AccountTypeManager(15678): Adding account type = com.android.contacts.model.account.ExternalAccountType@3c132974 in the cache
04-23 22:52:30.905: I/AccountTypeManager(15678): Adding account type = com.android.contacts.model.account.GoogleAccountType@2e822e9d in the cache
04-23 22:52:30.915: E/ExternalAccountType(15678): Unsupported attribute readOnly
04-23 22:52:30.925: I/AccountTypeManager(15678): AccountManager, account size is: 2
04-23 22:52:30.925: I/AccountTypeManager(15678): Error, not syncable found for type: com.google
04-23 22:52:30.925: I/AccountTypeManager(15678): Loaded meta-data for 5 account types, 1 accounts in 95ms(wall) 38ms(cpu)
04-23 22:52:30.935: I/NetworkMonitor(15777): type=WIFI subType= reason=null isConnected=true
04-23 22:52:31.045: I/PG Utils(15282): acquire_providerpkg:[com.google.android.gsf] pid:[] maybe timeout , send to PG
04-23 22:52:31.065: I/NetworkMonitor(15777): type=WIFI subType= reason=null isConnected=true
04-23 22:52:31.085: I/PG Utils(15777): acquire_providerpkg:[com.google.android.gsf] pid:[] maybe timeout , send to PG
04-23 22:52:31.105: E/PlayCommon(15282): [1] obg.c: Failed to restore PlayMetalog
04-23 22:52:31.105: E/PlayCommon(15282): [1] obg.c: Failed to restore LogsUploadAttempt
04-23 22:52:31.115: W/NativeLibraryUtils(15843): Failed to open lock file
04-23 22:52:31.115: W/NativeLibraryUtils(15843): java.io.FileNotFoundException: /data/user/0/com.google.android.gms/cache/.lib.lock: open failed: EACCES (Permission denied)
04-23 22:52:31.115: W/NativeLibraryUtils(15843): at libcore.io.IoBridge.open(IoBridge.java:463)
04-23 22:52:31.115: W/NativeLibraryUtils(15843): at java.io.RandomAccessFile.(RandomAccessFile.java:117)
04-23 22:52:31.115: W/NativeLibraryUtils(15843): at sse.d(:com.google.android.gms@200914010@20.09.14 (020400-300565878):5)
04-23 22:52:31.115: W/NativeLibraryUtils(15843): at rpw.run(:com.google.android.gms@200914010@20.09.14 (020400-300565878):0)
04-23 22:52:31.115: W/NativeLibraryUtils(15843): Caused by: android.system.ErrnoException: open failed: EACCES (Permission denied)
04-23 22:52:31.115: W/NativeLibraryUtils(15843): at libcore.io.Posix.open(Native Method)
04-23 22:52:31.115: W/NativeLibraryUtils(15843): at libcore.io.BlockGuardOs.open(BlockGuardOs.java:186)
04-23 22:52:31.115: W/NativeLibraryUtils(15843): at libcore.io.IoBridge.open(IoBridge.java:449)
04-23 22:52:31.115: W/NativeLibraryUtils(15843): ... 3 more
04-23 22:52:31.115: W/ContextImpl(15909): Failed to ensure directory: /storage/sdcard1/Android/data/com.android.browser/files
04-23 22:52:31.115: I/GHttpClientFactory(15777): Using our fixed implementation of GMSCore's GoogleHttpClient
04-23 22:52:31.125: E/PlayCommon(15282): [1] obg.c: Failed to restore PlayMetalog
04-23 22:52:31.125: E/PlayCommon(15282): [1] obg.c: Failed to restore LogsUploadAttempt
04-23 22:52:31.125: I/GoogleURLConnFactory(15777): Using platform SSLCertificateSocketFactory
04-23 22:52:31.145: W/System.err(2958): java.lang.SecurityException: WifiService: Neither user 10088 nor current process has android.permission.CHANGE_WIFI_STATE.
04-23 22:52:31.145: W/System.err(2958): at android.app.ContextImpl.enforce(ContextImpl.java:1962)
04-23 22:52:31.145: I/HwCust(15909): Constructor found for class com.android.browser.HwCustCustomizeUtilsImpl
04-23 22:52:31.145: W/System.err(2958): at android.app.ContextImpl.enforceCallingOrSelfPermission(ContextImpl.java:1991)
04-23 22:52:31.145: W/System.err(2958): at com.android.server.wifi.WifiServiceImpl.enforceChangePermission(WifiServiceImpl.java:784)
04-23 22:52:31.145: W/System.err(2958): at com.android.server.wifi.WifiServiceImpl.getWifiServiceMessenger(WifiServiceImpl.java:1903)
04-23 22:52:31.145: W/System.err(2958): at android.net.wifi.IWifiManager$Stub.onTransact(IWifiManager.java:495)
04-23 22:52:31.145: W/System.err(2958): at com.android.server.wifi.HwWifiService.onTransact(HwWifiService.java:61)
04-23 22:52:31.145: W/System.err(2958): at android.os.Binder.execTransact(Binder.java:446)
04-23 22:52:31.145: E/WifiManager(15777): WifiServiceMessenger == null
04-23 22:52:31.185: I/HwCust(15909): Constructor found for class com.android.browser.HwCustBrowserSettingsImpl
04-23 22:52:31.205: I/HwCust(15909): Constructor found for class com.android.browser.HwCustBrowserHelperImpl
04-23 22:52:31.235: E/SQLiteLog(15909): (283) recovered 19 frames from WAL file /data/data/com.android.browser/databases/browser2.db-wal
04-23 22:52:31.265: I/WebViewFactory(15909): Loading com.android.webview version 37 (eng.jenkinswh-arm64) (code 199992)
04-23 22:52:31.455: I/HwSystemManager(3669): HoldService:uid:10087 pid:14736 died
04-23 22:52:31.455: I/HwSystemManager(3669): HoldService:oldVersionKey:10087,14736
04-23 22:52:31.455: I/HwSystemManager(3669): BgPowerManagerService:onProcessDied uid = 10087
04-23 22:52:31.455: E/HsmCoreServiceImpl(2958): onTransact in code is: 102
04-23 22:52:31.455: I/MediaProcessHandler(2958): processOp opType: 1, uid: 10087, pid: 14736
04-23 22:52:31.455: W/MediaProcessHandler(2958): remove target not exist, maybe the UI process: uid: 10087, pid: 14736
04-23 22:52:31.465: W/bcpc(15843): Primes not initialized, returning default (no-op) Primes instance which will ignore all calls. Please call Primes.initialize(...) before using any Primes API.
04-23 22:52:31.475: I/art(15843): Can not find class: Lcom/google/protobuf/DescriptorMessageInfoFactory;
04-23 22:52:31.475: I/HwSystemManager(3669): BgPowerManagerService:onProcessDied uid = 10052
04-23 22:52:31.475: E/HsmCoreServiceImpl(2958): onTransact in code is: 102
04-23 22:52:31.475: I/MediaProcessHandler(2958): processOp opType: 1, uid: 10052, pid: 14440
04-23 22:52:31.475: W/MediaProcessHandler(2958): remove target not exist, maybe the UI process: uid: 10052, pid: 14440
04-23 22:52:31.475: I/HwSystemManager(3669): HoldService:uid:10052 pid:14440 died
04-23 22:52:31.475: I/HwSystemManager(3669): HoldService:oldVersionKey:10052,14440
04-23 22:52:31.475: I/art(15843): Can not find class: Lcom/google/protobuf/GeneratedMessage;
04-23 22:52:31.475: I/art(15843): Can not find class: Lcom/google/protobuf/UnknownFieldSetSchema;
04-23 22:52:31.485: I/art(15843): Can not find class: Lcom/google/protobuf/UnknownFieldSetSchema;
04-23 22:52:31.485: I/art(15843): Can not find class: Lcom/google/protobuf/NewInstanceSchemaFull;
04-23 22:52:31.485: I/art(15843): Can not find class: Lcom/google/protobuf/ExtensionSchemaFull;
04-23 22:52:31.485: I/art(15843): Can not find class: Lcom/google/protobuf/MapFieldSchemaFull;
04-23 22:52:31.485: I/art(15843): Can not find class: Lorg/robolectric/Robolectric;
04-23 22:52:31.485: I/LibraryLoader(15909): Loading: webviewchromium
04-23 22:52:31.495: E/WifiStateMachine(2958): ConnectedState !CMD_RSSI_POLL 1 0 "wl-ftl-mt03-1-24" 44:48:c1:91:9d:e0 rssi=-51 f=2412 sc=100 link=72 tx=32,0, 0,0, 0,0 rx=105,0 bcn=0 [on:0 tx:0 rx:0 period:3013] from screen [on:0 period:-1430348013] gl u24 rssi=-51 ag=0 hr ticks 0,0,0 ls-=0 [56,56,60,60,65] brc=0 lrc=0
04-23 22:52:31.495: E/WifiStateMachine(2958): L2ConnectedState !CMD_RSSI_POLL 1 0 "wl-ftl-mt03-1-24" 44:48:c1:91:9d:e0 rssi=-51 f=2412 sc=100 link=72 tx=32,0, 0,0, 0,0 rx=105,0 bcn=0 [on:0 tx:0 rx:0 period:1] from screen [on:0 period:-1430348012] gl u24 rssi=-51 ag=0 hr ticks 0,0,0 ls-=0 [56,56,60,60,65] brc=0 lrc=0
04-23 22:52:31.495: E/WifiStateMachine(2958): fetchRssiLinkSpeedAndFrequencyNative rssi=-51 linkspeed=72 SSID="wl-ftl-mt03-1-24"
04-23 22:52:31.495: E/WifiStateMachine(2958): calculateWifiScore freq=2412 speed=72 score=100 highRSSI -> txbadrate=0,00 txgoodrate=29,02 txretriesrate=0,00 rxrate=106,52 userTriggerdPenalty0
04-23 22:52:31.495: E/WifiStateMachine(2958): good link -> stuck count =0
04-23 22:52:31.495: E/WifiStateMachine(2958): badRSSI count0 lowRSSI count0 --> score 60
04-23 22:52:31.495: E/WifiStateMachine(2958): isHighRSSI ---> score=65
04-23 22:52:31.505: I/LibraryLoader(15909): Time to load native libraries: 5 ms (timestamps 4295-4300)
04-23 22:52:31.505: I/LibraryLoader(15909): Expected native library version number "",actual native library version number ""
04-23 22:52:31.515: I/art(2958): Explicit concurrent mark sweep GC freed 38602(3MB) AllocSpace objects, 68(1360KB) LOS objects, 33% free, 28MB/42MB, paused 9.802ms total 219.036ms
04-23 22:52:31.515: W/art(15909): Attempt to remove local handle scope entry from IRT, ignoring
04-23 22:52:31.515: I/PG Utils(15209): acquire_providerpkg:[com.google.android.gsf] pid:[] maybe timeout , send to PG
04-23 22:52:31.545: I/PG Utils(15947): acquire_providerpkg:[com.google.android.gsf] pid:[] maybe timeout , send to PG
04-23 22:52:31.615: I/PG Utils(8762): acquire_providerpkg:[com.google.android.gsf] pid:[] maybe timeout , send to PG
04-23 22:52:31.625: I/PG Utils(15282): acquire_providerpkg:[com.google.android.gsf] pid:[] maybe timeout , send to PG
04-23 22:52:31.625: I/RlzPingService(15947): Setting next ping for 1587793951630
04-23 22:52:31.645: I/NowOptInSettings(8762): onAccountChanged() : Account {name=BHQ3QDR2DV7LNO2GDHQHTICBLU-01@cloudtestlabaccounts.com, type=com.google}
04-23 22:52:31.665: I/art(2958): Can not find class: Lcom/android/server/accounts/AccountManagerService$TestFeaturesSession;
04-23 22:52:31.685: W/ChimeraUtils(15209): Non Chimera context
04-23 22:52:31.685: I/ActivityManager(2958): filter receiver for action = com.google.android.apps.now.account_update_broadcast
04-23 22:52:31.715: I/PG Utils(15209): acquire_providerpkg:[com.google.android.gsf] pid:[] maybe timeout , send to PG
04-23 22:52:31.835: I/WebViewFactory(8762): Loading com.android.webview version 37 (eng.jenkinswh-arm64) (code 199992)
04-23 22:52:31.845: I/PG Utils(15209): acquire_providerpkg:[com.google.android.gsf] pid:[] maybe timeout , send to PG
04-23 22:52:31.845: I/PG Utils(15209): acquire_providerpkg:[com.google.android.gsf] pid:[] maybe timeout , send to PG
04-23 22:52:31.845: I/LibraryLoader(8762): Loading: webviewchromium
04-23 22:52:31.845: I/LibraryLoader(8762): Time to load native libraries: 3 ms (timestamps 4655-4658)
04-23 22:52:31.845: I/LibraryLoader(8762): Expected native library version number "",actual native library version number ""
04-23 22:52:31.865: W/art(8762): Attempt to remove local handle scope entry from IRT, ignoring
04-23 22:52:31.865: E/GCoreUlr(15209): Create new device tag of -1255683827 without device reboot
04-23 22:52:31.905: W/aujo(15209): Empty content. Thus might mean that the settings are not synced down.
04-23 22:52:31.905: E/GCoreUlr(8762): java.lang.IllegalStateException: Deprecated: please use shouldOptIn(). This method will eventually be deleted.
04-23 22:52:31.905: E/GCoreUlr(8762): at com.google.android.gms.c.bp.blF(Unknown Source)
04-23 22:52:31.905: E/GCoreUlr(8762): at com.google.android.sidekick.main.h.a(SensorSignalsOracle.java:296)
04-23 22:52:31.905: E/GCoreUlr(8762): at com.google.android.sidekick.main.p.a(VelvetNetworkClient.java:1511)
04-23 22:52:31.905: E/GCoreUlr(8762): at com.google.android.sidekick.main.p.c(VelvetNetworkClient.java:183)
04-23 22:52:31.905: E/GCoreUlr(8762): at com.google.android.search.core.r.D(NowOptInSettings.java:25901)
04-23 22:52:31.905: E/GCoreUlr(8762): at com.google.android.search.core.r$3.run(NowOptInSettings.java:814)
04-23 22:52:31.905: E/GCoreUlr(8762): at java.util.concurrent.Executors$RunnableAdapter.call(Executors.java:422)
04-23 22:52:31.905: E/GCoreUlr(8762): at java.util.concurrent.FutureTask.run(FutureTask.java:237)
04-23 22:52:31.905: E/GCoreUlr(8762): at java.util.concurrent.ThreadPoolExecutor.runWorker(ThreadPoolExecutor.java:1112)
04-23 22:52:31.905: E/GCoreUlr(8762): at java.util.concurrent.ThreadPoolExecutor$Worker.run(ThreadPoolExecutor.java:587)
04-23 22:52:31.905: E/GCoreUlr(8762): at java.lang.Thread.run(Thread.java:831)
04-23 22:52:31.905: E/GCoreUlr(8762): at com.google.android.apps.gsa.shared.util.c.a.m$1.run(GsaThreadFactory.java:99)
04-23 22:52:31.905: I/PG Utils(15209): acquire_providerpkg:[com.google.android.gsf] pid:[] maybe timeout , send to PG
04-23 22:52:31.945: W/Search.SearchUrlHelper(8762): Auth token not ready, no auth header set.
04-23 22:52:31.955: I/PG Utils(8762): acquire_providerpkg:[com.google.android.gsf] pid:[] maybe timeout , send to PG
04-23 22:52:31.955: I/PG Utils(15209): acquire_providerpkg:[com.google.android.gsf] pid:[] maybe timeout , send to PG
04-23 22:52:31.995: I/System(15209): core_booster, getBoosterConfig = false
04-23 22:52:32.005: I/System(15209): core_booster, getBoosterConfig = false
04-23 22:52:32.005: I/System(15209): core_booster, getBoosterConfig = false
04-23 22:52:32.005: W/Conscrypt(15209): Could not set socket write timeout: java.net.SocketException: Socket closed
04-23 22:52:32.005: E/art(15209): invalid stream - problem with parameter iterator in /data/app/com.google.android.gms-1/base.apk for method void com.google.android.gms.org.conscrypt.ConscryptFileDescriptorSocket.setSoWriteTimeout(int)
04-23 22:52:32.005: W/Conscrypt(15209): at com.google.android.gms.org.conscrypt.Platform.setSocketWriteTimeout(:com.google.android.gms@200914010@20.09.14 (020400-300565878):2)
04-23 22:52:32.005: W/Conscrypt(15209): at com.google.android.gms.org.conscrypt.ConscryptFileDescriptorSocket.setSoWriteTimeout(:com.google.android.gms@200914010@20.09.14 (020400-300565878))
04-23 22:52:32.025: W/Conscrypt(15209): Could not set socket write timeout: java.net.SocketException: Socket closed
04-23 22:52:32.025: E/art(15209): invalid stream - problem with parameter iterator in /data/app/com.google.android.gms-1/base.apk for method void com.google.android.gms.org.conscrypt.ConscryptFileDescriptorSocket.setSoWriteTimeout(int)
04-23 22:52:32.025: W/Conscrypt(15209): at com.google.android.gms.org.conscrypt.Platform.setSocketWriteTimeout(:com.google.android.gms@200914010@20.09.14 (020400-300565878):2)
04-23 22:52:32.025: W/Conscrypt(15209): at com.google.android.gms.org.conscrypt.ConscryptFileDescriptorSocket.setSoWriteTimeout(:com.google.android.gms@200914010@20.09.14 (020400-300565878))
04-23 22:52:32.035: W/System.err(8762): Can't open carrierweekinfo-conf.xml
04-23 22:52:32.055: I/ActivityManager(2958): filter receiver for action = android.intent.action.DROPBOX_ENTRY_ADDED
04-23 22:52:32.065: I/MultiDex(15886): VM with version 2.1.0 has multidex support
04-23 22:52:32.065: I/MultiDex(15886): install
04-23 22:52:32.065: I/MultiDex(15886): VM has multidex support, MultiDex support library is disabled.
04-23 22:52:32.085: I/Auth(15209): [AccountStatusChecker] OnDataChanged check:
04-23 22:52:32.105: I/Auth(15209): [AccountStatusChecker] Canceling for
04-23 22:52:32.135: I/Auth(15209): [AccountStatusChecker] OnDataChanged check:
04-23 22:52:32.135: I/Auth(15209): [AccountStatusChecker] Canceling for
04-23 22:52:32.255: I/PG Utils(15886): acquire_providerpkg:[com.google.android.gsf] pid:[] maybe timeout , send to PG
04-23 22:52:32.275: I/HotwordDataManager(8762): setSpeakerModel(BHQ3QDR2DV7LNO2GDHQHTICBLU-01@cloudtestlabaccounts.com,null)
04-23 22:52:32.325: I/Auth(15209): [AccountStatusChecker] OnDataChanged check:
04-23 22:52:32.335: I/Auth(15209): [AccountStatusChecker] Canceling for
04-23 22:52:32.395: I/LibraryLoader(8762): Expected native library version number "",actual native library version number ""
04-23 22:52:32.395: I/chromium(8762): [INFO:library_loader_hooks.cc(106)] Chromium logging enabled: level = 0, default verbosity = 0
04-23 22:52:32.395: I/art(15886): Can not find class: Ljavax/net/ssl/SNIServerName;
04-23 22:52:32.395: I/art(15886): Can not find class: Ljavax/net/ssl/SNIHostName;
04-23 22:52:32.405: I/art(15886): Can not find class: Ljavax/net/ssl/SNIHostName;
04-23 22:52:32.405: I/art(15886): Can not find class: Ljavax/net/ssl/SNIHostName;
04-23 22:52:32.405: I/BrowserStartupController(8762): Initializing chromium process, renderers=0
04-23 22:52:32.405: W/art(8762): Attempt to remove local handle scope entry from IRT, ignoring
04-23 22:52:32.405: E/chromium(8762): [ERROR:address_tracker_linux.cc(138)] Could not bind NETLINK socket: Address already in use
04-23 22:52:32.415: W/chromium(8762): [WARNING:resource_bundle.cc(315)] locale_file_path.empty()
04-23 22:52:32.425: I/chromium(8762): [INFO:aw_browser_main_parts.cc(63)] Load from apk succesful, fd=76 off=33308 len=3488
04-23 22:52:32.425: I/chromium(8762): [INFO:aw_browser_main_parts.cc(78)] Loading webviewchromium.pak from, fd:77 off:228796 len:643667
04-23 22:52:32.445: I/art(15886): Can not find class: Lcom/google/android/gms/org/conscrypt/OpenSSLSocketFactoryImpl;
04-23 22:52:32.445: W/System(15886): Could not create com.google.android.gms.org.conscrypt.OpenSSLSocketFactoryImpl with ClassLoader android.app.LoadedApk$WarningContextClassLoader@220f573b: com.google.android.gms.org.conscrypt.OpenSSLSocketFactoryImpl
04-23 22:52:32.445: I/ProviderInstaller(15886): Installed default security provider GmsCore_OpenSSL
04-23 22:52:32.595: W/chromium(8762): [WARNING:proxy_service.cc(901)] PAC support disabled because there is no system implementation
04-23 22:52:32.615: W/chromium(8762): [WARNING:proxy_service.cc(901)] PAC support disabled because there is no system implementation
04-23 22:52:32.615: W/ContextImpl(15886): Failed to ensure directory: /storage/sdcard1/Android/data/com.google.android.music/files
04-23 22:52:32.625: W/chromium(8762): [WARNING:data_reduction_proxy_settings.cc(403)] SPDY proxy OFF at startup
04-23 22:52:32.675: W/ContextImpl(15886): Failed to ensure directory: /storage/sdcard1/Android/data/com.google.android.music/files
04-23 22:52:32.675: W/ContextImpl(15886): Failed to ensure directory: /storage/sdcard1/Android/data/com.google.android.music/files
04-23 22:52:32.685: I/PG Utils(15980): acquire_providerpkg:[com.google.android.gsf] pid:[] maybe timeout , send to PG
04-23 22:52:32.785: I/PG Utils(15777): acquire_providerpkg:[com.google.android.gsf] pid:[] maybe timeout , send to PG
04-23 22:52:32.815: I/HwMediaSessionImpl(15777): newReceiver:com.google.android.music
04-23 22:52:32.835: I/PG Utils(2958): broadcastpkg:[com.google.android.apps.books] pid:[null] maybe timeout , send to PG
04-23 22:52:32.835: W/GAV2(15980): Thread[main,5,main]: Need to call initialize() and be in fallback mode to start dispatch.
04-23 22:52:32.855: I/BooksApp(15980): Created application version: 3.6.9 (30609)
04-23 22:52:32.865: W/art(8762): Attempt to remove local handle scope entry from IRT, ignoring
04-23 22:52:32.875: W/AwContents(8762): onDetachedFromWindow called when already detached. Ignoring
04-23 22:52:32.915: I/MediaRouter(15886): Found default route: MediaRouter.RouteInfo{ uniqueId=android/.support.v7.media.SystemMediaRouteProvider:DEFAULT_ROUTE, name=Kopfhörer, description=null, iconUri=null, enabled=true, connecting=false, connectionState=0, canDisconnect=false, playbackType=0, playbackStream=3, deviceType=0, volumeHandling=1, volume=8, volumeMax=15, presentationDisplayId=-1, extras=null, settingsIntent=null, providerPackageName=android }
04-23 22:52:32.955: W/art(15777): Suspending all threads took: 8.209ms
04-23 22:52:32.955: I/PG Utils(9488): acquire_providerpkg:[com.android.providers.contacts] pid:[] maybe timeout , send to PG
04-23 22:52:32.975: I/Icing(15282): IndexChimeraService.getServiceInterface callingPackage=com.google.android.apps.books componentName=null serviceId=21
04-23 22:52:32.995: I/RefreshDomainCookieTask(8762): refreshing cookies
04-23 22:52:33.005: I/PG Utils(9488): acquire_providerpkg:[com.android.providers.contacts] pid:[] maybe timeout , send to PG
04-23 22:52:33.015: I/HwSystemManager(3669): ContactsObserverHelper:Receive contacts change broadcast
04-23 22:52:33.175: I/art(2958): Can not find class: Lcom/android/server/am/UriPermission;
04-23 22:52:33.185: I/GmsCoreXrpcWrapper(15282): Returning a channel provider with trafficStatsTag=12803
04-23 22:52:33.205: I/PG Utils(15282): acquire_providerpkg:[com.google.android.gsf] pid:[] maybe timeout , send to PG
04-23 22:52:33.215: I/PG Utils(15282): acquire_providerpkg:[com.google.android.gsf] pid:[] maybe timeout , send to PG
04-23 22:52:33.245: I/PG Utils(15282): acquire_providerpkg:[com.google.android.gsf] pid:[] maybe timeout , send to PG
04-23 22:52:33.315: W/chromium(8762): [WARNING:simple_index_file.cc(337)] Could not map Simple Index file.
04-23 22:52:33.355: I/System.out(15777): [/system/bin/getprop, lpa.decode]
04-23 22:52:33.355: I/System.out(15777): null
04-23 22:52:33.355: I/System.out(15777): null
04-23 22:52:33.355: I/System.out(15777): Calling by::className:com.google.android.music.utils.SystemUtils MethodName:getSystemProperty
04-23 22:52:33.375: I/PG Utils(9488): acquire_providerpkg:[com.android.providers.contacts] pid:[] maybe timeout , send to PG
04-23 22:52:33.375: I/HwSystemManager(3669): ContactsObserverHelper:Receive contacts change broadcast
04-23 22:52:33.445: I/PG Utils(15520): acquire_providerpkg:[com.google.android.gsf] pid:[] maybe timeout , send to PG
04-23 22:52:33.475: I/art(15520): Can not find class: Landroid/app/NotificationChannel;
04-23 22:52:33.475: I/ActivityManager(2958): filter receiver for action = android.intent.action.DROPBOX_ENTRY_ADDED
04-23 22:52:33.495: I/PG Utils(15520): acquire_providerpkg:[com.google.android.gsf] pid:[] maybe timeout , send to PG
04-23 22:52:33.505: I/PG Utils(9488): acquire_providerpkg:[com.android.providers.contacts] pid:[] maybe timeout , send to PG
04-23 22:52:33.535: I/Finsky(15520): [221] ina.a(18): Uploading FCM/GCM Registration Id because not registered yet, cFJwNhxeTOyGVmiyUj13ON:APA91bF2MOB2AOm-QEJKlkslMvJYcFvQ5yDK4l2GK1kx0lzMyqqD-rjfIDr0ixvzhZpcE84vIu9ZVXh8Mifam-lgvGJhVyyrTAQcws9rMZ-8gcB3YjY4y5g3gCuX8zSo3Ww9LgcA5Ep9
04-23 22:52:33.535: I/PG Utils(15209): acquire_providerpkg:[com.google.android.gsf] pid:[] maybe timeout , send to PG
04-23 22:52:33.545: I/art(2958): Can not find class: Lcom/android/server/accounts/AccountManagerService$7;
04-23 22:52:33.555: I/art(9488): Explicit concurrent mark sweep GC freed 3548(152KB) AllocSpace objects, 0(0B) LOS objects, 39% free, 13MB/23MB, paused 982us total 42.715ms
