04-23 22:53:04.595: I/HwSystemManager(18373): abu:parseRule result: {common=[Rule DefaultMonitorListRule post: match[1], mismatch[2], Rule DefaultAllowListRule post: match[0], mismatch[2], Rule UnRemovableAppRule post: match[0], mismatch[2], Rule AlwaysMatchRule post: match[1], mismatch[2]], dropzone=[Rule DropzoneMonitorListRule post: match[1], mismatch[2], Rule DefaultMonitorListRule post: match[1], mismatch[2], Rule DropzoneNotMonitorListRule post: match[0], mismatch[2], Rule DefaultAllowListRule post: match[0], mismatch[2], Rule UnRemovableAppRule post: match[0], mismatch[2], Rule AlwaysMatchRule post: match[1], mismatch[2]], notification=[Rule NotificationMonitorListRule post: match[1], mismatch[2], Rule DefaultMonitorListRule post: match[1], mismatch[2], Rule NotificationNotMonitorListRule post: match[0], mismatch[2], Rule DefaultAllowListRule post: match[0], mismatch[2], Rule UnRemovableAppRule post: match[0], mismatch[2], Rule AlwaysMatchRule post: match[1], mismatch[2]], netmanager=[Rule NetAccessMonitorListRule post: match[1], mismatch[2], Rule DefaultMonitorListRule post: match[1], mismatch[2], Rule NetAccessNotMonitorListRule post: match[0], mismatch[2], Rule DefaultAllowListRule post: match[0], mismatch[2], Rule UnRemovableAppRule post: match[0], mismatch[2], Rule AlwaysMatchRule post: match[1], mismatch[2]], bootstart=[Rule BootstartMonitorListRule post: match[1], mismatch[2], Rule DefaultMonitorListRule post: match[1], mismatch[2], Rule BootstartNotMonitorListRule post: match[0], mismatch[2], Rule DefaultAllowListRule post: match[0], mismatch[2], Rule UnRemovableAppRule post: match[0], mismatch[2], Rule AlwaysMatchRule post: match[1], mismatch[2]], permission=[Rule PermissionMonitorListRule post: match[1], mismatch[2], Rule DefaultMonitorListRule post: match[1], mismatch[2], Rule PermissionNotMonitorListRule post: match[0], mismatch[2], Rule DefaultAllowListRule post: match[0], mismatch[2], Rule UnRemovableAppRule post: match[0], mismatch[2], Rule AlwaysMatchRule post: match[1], mismatch[2]]}
04-23 22:53:04.595: E/WifiStateMachine(2958): ConnectedState !CMD_RSSI_POLL 1 0 "wl-ftl-mt03-1-24" 44:48:c1:91:9d:e0 rssi=-51 f=2412 sc=100 link=72 tx=18,0, 0,0, 0,0 rx=94,7 bcn=0 [on:0 tx:0 rx:0 period:3003] from screen [on:0 period:-1430314913] gl u24 rssi=-51 ag=0 hr ticks 0,0,0 ls-=0 [56,56,60,60,65] brc=0 lrc=0
04-23 22:53:04.595: I/HwSystemManager(18373): abu:parseRule result: {common=[Rule DefaultMonitorListRule post: match[1], mismatch[2], Rule DefaultAllowListRule post: match[0], mismatch[2], Rule UnRemovableAppRule post: match[0], mismatch[2], Rule AlwaysMatchRule post: match[1], mismatch[2]], dropzone=[Rule DropzoneMonitorListRule post: match[1], mismatch[2], Rule DefaultMonitorListRule post: match[1], mismatch[2], Rule DropzoneNotMonitorListRule post: match[0], mismatch[2], Rule DefaultAllowListRule post: match[0], mismatch[2], Rule UnRemovableAppRule post: match[0], mismatch[2], Rule AlwaysMatchRule post: match[1], mismatch[2]], applock=[Rule AppLockNotMonitorListRule post: match[0], mismatch[2], Rule HomeCategoryRule post: match[0], mismatch[2], Rule AlwaysMatchRule post: match[1], mismatch[2]], notification=[Rule NotificationMonitorListRule post: match[1], mismatch[2], Rule DefaultMonitorListRule post: match[1], mismatch[2], Rule NotificationNotMonitorListRule post: match[0], mismatch[2], Rule DefaultAllowListRule post: match[0], mismatch[2], Rule UnRemovableAppRule post: match[0], mismatch[2], Rule AlwaysMatchRule post: match[1], mismatch[2]], netmanager=[Rule NetAccessMonitorListRule post: match[1], mismatch[2], Rule DefaultMonitorListRule post: match[1], mismatch[2], Rule NetAccessNotMonitorListRule post: match[0], mismatch[2], Rule DefaultAllowListRule post: match[0], mismatch[2], Rule UnRemovableAppRule post: match[0], mismatch[2], Rule AlwaysMatchRule post: match[1], mismatch[2]], bootstart=[Rule BootstartMonitorListRule post: match[1], mismatch[2], Rule DefaultMonitorListRule post: match[1], mismatch[2], Rule BootstartNotMonitorListRule post: match[0], mismatch[2], Rule DefaultAllowListRule post: match[0], mismatch[2], Rule UnRemovableAppRule post: match[0], mismatch[2], Rule AlwaysMatchRule post: match[1], mismatch[2]], permission=[Rule PermissionMonitorListRule post: match[1], mismatch[2], Rule DefaultMonitorListRule post: match[1], mismatch[2], Rule PermissionNotMonitorListRule post: match[0], mismatch[2], Rule DefaultAllowListRule post: match[0], mismatch[2], Rule UnRemovableAppRule post: match[0], mismatch[2], Rule AlwaysMatchRule post: match[1], mismatch[2]]}
04-23 22:53:04.595: E/WifiStateMachine(2958): L2ConnectedState !CMD_RSSI_POLL 1 0 "wl-ftl-mt03-1-24" 44:48:c1:91:9d:e0 rssi=-51 f=2412 sc=100 link=72 tx=18,0, 0,0, 0,0 rx=94,7 bcn=0 [on:0 tx:0 rx:0 period:1] from screen [on:0 period:-1430314912] gl u24 rssi=-51 ag=0 hr ticks 0,0,0 ls-=0 [56,56,60,60,65] brc=0 lrc=0
04-23 22:53:04.595: E/WifiStateMachine(2958): [
04-23 22:53:04.595 18720:18720 I/ ]
04-23 22:53:04.595: E/WifiStateMachine(2958): power log dlsym ok
04-23 22:53:04.605: I/HwSystemManager(18373): DX-Optimizer:[CommonIntentService] Received: com.dianxinos.optimizer.action.PKG_CHANGE
04-23 22:53:04.605: E/WifiStateMachine(2958): fetchRssiLinkSpeedAndFrequencyNative rssi=-50 linkspeed=72 SSID="wl-ftl-mt03-1-24"
04-23 22:53:04.605: I/HwSystemManager(18373): AppChangeReceiver:AppChangeReceiver: onReceive(), action = android.intent.action.PACKAGE_ADDED
04-23 22:53:04.605: I/HwSystemManager(3669): HsmIntentService:destroyed. this:com.huawei.systemmanager.util.content.HsmIntentService_bg@39aadb65
04-23 22:53:04.605: E/WifiStateMachine(2958): calculateWifiScore freq=2412 speed=72 score=100 highRSSI -> txbadrate=0,00 txgoodrate=24,51 txretriesrate=0,00 rxrate=102,85 userTriggerdPenalty0
04-23 22:53:04.605: E/WifiStateMachine(2958): good link -> stuck count =0
04-23 22:53:04.605: E/WifiStateMachine(2958): badRSSI count0 lowRSSI count0 --> score 60
04-23 22:53:04.605: E/WifiStateMachine(2958): isHighRSSI ---> score=65
04-23 22:53:04.605: I/HwSystemManager(18373): XmlRuleBase:parseAndCacheList permission_black_list_match :[]
04-23 22:53:04.615: I/PG Utils(15282): acquire_providerpkg:[com.google.android.gsf] pid:[] maybe timeout , send to PG
04-23 22:53:04.615: I/HwSystemManager(18373): XmlRuleBase:parseAndCacheList dropzone_black_list_match :[]
04-23 22:53:04.615: I/HwSystemManager(18373): XmlRuleBase:parseAndCacheList black_match :[]
04-23 22:53:04.615: I/HwSystemManager(18373): XmlRuleBase:parseAndCacheList permission_white_list_match :[com.huawei.intelligent]
04-23 22:53:04.615: I/HwSystemManager(18373): XmlRuleBase:parseAndCacheList dropzone_white_list_match :[com.huawei.intelligent]
04-23 22:53:04.625: I/HwSystemManager(18373): XmlRuleBase:parseAndCacheList white_match :[com.baidu.map.location, com.cootek.smartdialer_oem_module, com.sohu.inputmethod.sogou.huawei, com.huawei.hisuite, com.nuance.swype.emui, com.huawei.remoteassistant, com.iflytek.speechcloud, com.huawei.phoneservice, com.huawei.phonediagnose, com.nqmobile.antivirus20.hw, com.baidu.input_huawei]
04-23 22:53:04.625: I/PG Utils(15282): acquire_providerpkg:[com.google.android.googlequicksearchbox] pid:[] maybe timeout , send to PG
04-23 22:53:04.645: I/PG Utils(15282): acquire_providerpkg:[com.google.android.googlequicksearchbox] pid:[] maybe timeout , send to PG
04-23 22:53:04.645: E/android_hardware_fm.cpp(18720): register_android_hardware_fm_fmradio
04-23 22:53:04.645: I/android_hardware_fm.cpp(18720): ========64bit long size = 8
04-23 22:53:04.645: E/FM_HAL(18720): [FM_HAL], libname is libhisifm_if
04-23 22:53:04.645: I/fm_hisi(18720): FM::[fm_device_open:4655] fm_device_open
04-23 22:53:04.645: I/fm_hisi(18720): FM::[fm_device_open:4666] find the id:libhisifm_if and begins to open the device
04-23 22:53:04.645: I/fm_hisi(18720): FM::[fm_device_open:4710] device open sucess
04-23 22:53:04.645: E/android_hardware_fm.cpp(18720): register_android_hardware_fm_fmradio, ret is 0
04-23 22:53:04.655: I/HwSystemManager(18373): HsmPackageManager:end to scan apks. size:152 + 0
04-23 22:53:04.655: I/PG Utils(15282): acquire_providerpkg:[com.google.android.googlequicksearchbox] pid:[] maybe timeout , send to PG
04-23 22:53:04.655: I/HwSystemManager(18373): HsmPackageManager:init locale:de_DE
04-23 22:53:04.655: I/HwSystemManager(18373): HsmIntentService:task completed for intent:Intent { act=android.intent.action.PACKAGE_ADDED dat=package:net.rpdev.opentodolist flg=0x4000010 cmp=com.huawei.systemmanager/.optimize.OptimizeReceiver (has extras) }, action:android.intent.action.PACKAGE_ADDED
04-23 22:53:04.655: I/HwSystemManager(18373): HsmIntentService:in thread:Thread[HsmIntentServiceTask #2,5,main], current active tasksize:2, queue size:0
04-23 22:53:04.655: I/HwSystemManager(18373): ProtectAppControl:handleMessage:6
04-23 22:53:04.655: I/HwSystemManager(18373): ProtectAppControl:begin install app inner:net.rpdev.opentodolist
04-23 22:53:04.655: I/HwSystemManager(18373): AppManager:insert to db: name = net.rpdev.opentodolist uid = 10107 app type = false
04-23 22:53:04.675: I/PG Utils(15282): acquire_providerpkg:[com.google.android.googlequicksearchbox] pid:[] maybe timeout , send to PG
04-23 22:53:04.675: W/HwSystemManager(18373): AddViewAppManager:Current installed app not apply system_alert_window or applicationInfo null!
04-23 22:53:04.685: I/Icing(15282): Indexing done com.google.android.googlequicksearchbox-applications_uri
04-23 22:53:04.695: I/CalendarProvider2(14217): Sending notification intent: Intent { act=android.intent.action.PROVIDER_CHANGED dat=content://com.android.calendar }
04-23 22:53:04.695: W/ContentResolver(14217): Failed to get type for: content://com.android.calendar (Unknown URL content://com.android.calendar)
04-23 22:53:04.725: I/art(3669): Explicit concurrent mark sweep GC freed 36083(2MB) AllocSpace objects, 7(112KB) LOS objects, 40% free, 14MB/24MB, paused 1.208ms total 62.898ms
04-23 22:53:04.735: I/HwSystemManager(18373): PermissionDBAdapter:DBAdapter created!
04-23 22:53:04.745: I/ActivityManager(2958): filter receiver for action = android.intent.action.PROVIDER_CHANGED
04-23 22:53:04.765: I/HwSystemManager(18373): HsmStat_info:service connect
04-23 22:53:04.765: I/HwSystemManager(3669): OptimizeProvider:delete net.rpdev.opentodolist
04-23 22:53:04.765: I/HwSystemManager(18373): PowerGenieDbHelper:delete protect app:net.rpdev.opentodolist
04-23 22:53:04.785: I/HwSystemManager(18373): PermissionDbHelper: DBHelper Create Database! : SQLiteDatabase: /data/data/com.huawei.systemmanager/databases/permission.db
04-23 22:53:04.785: I/HwSystemManager(18373): HsmPackageManager:get all installed packages, flag:0, size:152
04-23 22:53:04.785: E/HwSystemManager(18373): PermissionDBAdapter:appcationsList size:152
04-23 22:53:04.805: I/MonitoringInstr(18789): Instrumentation started!
04-23 22:53:04.815: I/HwSystemManager(3669): ProtectAppService:send unprotect list broadcast,unprotect list:[com.android.calculator2, com.android.hwmirror, com.zinio.android.settings, com.android.email, com.android.providers.downloads, com.android.musicvis, com.android.exchange, com.huawei.android.thememanager, com.android.browser, com.google.android.apps.mtaas.loginutil, com.google.android.apps.mtaas.tools, com.google.android.apps.auth.test.support, android.support.test.services, androidx.test.services, com.android.tradefed.utils.wifi, com.google.android.apps.mtaas.deviceadmin, com.google.android.apps.mtaas.updateutil, com.google.android.apps.mtaas.backdrop, android.support.test.orchestrator, androidx.test.orchestrator, androidx.test.tools.crawler.stubapp, com.google.android.apps.mtaas.testloop, com.google.android.gms.policy_test_support, com.google.android.gmscore.testing.testsupport, net.rpdev.opentodolist]
04-23 22:53:04.835: I/OAM(2639): [check_file_size:402]/data/hwlogdir/wifi_log/wifi_log_1 log file beyond size=10240Byte, creat new file
04-23 22:53:04.835: I/OAM(2639): [rename_old_file:107]rename_old_file
04-23 22:53:04.835: I/Finsky(15520): [1] qvg.a(21): PackageMonitor - Received: android.intent.action.PACKAGE_ADDED, [5sak3i_w3pToPo_Ybt7BkHBYfni2uWi6hmcXFQ7lDLc]
04-23 22:53:04.835: I/Finsky(15520): [1] qwj.d(11): Invalidating cached PackageState for net.rpdev.opentodolist
04-23 22:53:04.835: W/GCM(15209): Unexpected forwarded intent: Intent { act=android.intent.action.PACKAGE_ADDED dat=package:net.rpdev.opentodolist flg=0x4000010 cmp=com.google.android.gms/.chimera.PersistentIntentOperationService (has extras) }
04-23 22:53:04.845: I/PG Utils(15282): acquire_providerpkg:[com.google.android.gsf] pid:[] maybe timeout , send to PG
04-23 22:53:04.845: I/Finsky(15520): [1] abny.a(10): Do not start WearSupportService due to Wear service optimization
04-23 22:53:04.845: I/Finsky(15520): [1] abny.a(10): Do not start WearSupportService due to Wear service optimization
04-23 22:53:04.855: I/Finsky(15520): [1] vef.a(1): Clearing split related stale data.
04-23 22:53:04.875: I/PG Utils(15209): acquire_providerpkg:[com.google.android.gsf] pid:[] maybe timeout , send to PG
04-23 22:53:04.875: W/System.err(18789): Can't open carrierweekinfo-conf.xml
04-23 22:53:04.875: I/Finsky(15520): [1] kzs.c(2): Frosting ID looked up on UI thread. Caller should move to a background thread.
04-23 22:53:04.895: I/Finsky(15520): [1] ozs.c(4): Enqueuing libraries load for -458446410
04-23 22:53:04.895: I/Finsky(15520): [238] ozs.a(25): Starting libraries load for -458446410
04-23 22:53:04.905: W/GCM(15209): Unexpected forwarded intent: Intent { act=android.intent.action.PACKAGE_ADDED dat=package:net.rpdev.opentodolist flg=0x4000010 cmp=com.google.android.gms/.chimera.PersistentIntentOperationService (has extras) }
04-23 22:53:04.905: I/Finsky(15520): [307] kzo.run(-1): Wrote row to frosting DB: 160
04-23 22:53:04.915: I/art(2958): Explicit concurrent mark sweep GC freed 20420(1157KB) AllocSpace objects, 2(36KB) LOS objects, 33% free, 28MB/42MB, paused 2.251ms total 246.651ms
04-23 22:53:04.925: I/art(18789): Can not find class: Landroidx/test/espresso/web/bridge/JavaScriptBridge;
04-23 22:53:04.925: I/MonitoringInstr(18789): No JSBridge.
04-23 22:53:04.925: I/PG Utils(15282): acquire_providerpkg:[com.google.android.gsf] pid:[] maybe timeout , send to PG
04-23 22:53:04.925: I/Finsky(15520): [303] epm.a(-1): Asset module storage cleared for package net.rpdev.opentodolist.
04-23 22:53:04.945: I/UsageTrackerFacilitator(18789): Usage tracking disabled
04-23 22:53:04.945: I/Finsky(15520): [238] ozs.a(43): Loaded library for account: [B6ClSTtIOx6DQnFl_vyaa9gPns7Fh3cyz1FelTkoEUE]
04-23 22:53:04.945: I/Finsky(15520): [238] ozs.a(47): Finished loading 1 libraries.
04-23 22:53:04.985: I/TestRunner(18789): run started: 1 tests
04-23 22:53:04.985: I/TestRunner(18789): started: testEntry(androidx.test.tools.crawler.CrawlPlatform)
04-23 22:53:04.995: I/art(18789): Can not find class: Landroidx/test/annotation/UiThreadTest;
04-23 22:53:04.995: I/art(18789): Can not find class: Landroidx/test/annotation/UiThreadTest;
04-23 22:53:04.995: I/art(18789): Can not find class: Landroidx/test/annotation/UiThreadTest;
04-23 22:53:04.995: I/System.out(18789): Experiment disableNonSdkApiUsageLogging: false
04-23 22:53:04.995: I/System.out(18789): detectNonSdkApiUsage(..) is not available.
04-23 22:53:05.005: I/art(18789): Can not find class: Lcom/google/protobuf/DescriptorMessageInfoFactory;
04-23 22:53:05.005: I/art(18789): Can not find class: Lcom/google/protobuf/GeneratedMessage;
04-23 22:53:05.005: I/art(18789): Can not find class: Lcom/google/protobuf/UnknownFieldSetSchema;
04-23 22:53:05.005: I/art(18789): Can not find class: Lcom/google/protobuf/UnknownFieldSetSchema;
04-23 22:53:05.005: I/art(18789): Can not find class: Lcom/google/protobuf/NewInstanceSchemaFull;
04-23 22:53:05.005: I/art(18789): Can not find class: Lcom/google/protobuf/MapFieldSchemaFull;
04-23 22:53:05.015: I/art(18789): Can not find class: Lorg/robolectric/Robolectric;
04-23 22:53:05.025: E/bastetd(2373): [BastetDevice ] indModemReset# Modem reset happened!
04-23 22:53:05.025: E/bastetd(2373): [Dspp ] handleModemReset# Modem reset
04-23 22:53:05.045: I/HwSystemManager(18373): PermissionDBAdapter:DBAdapter refreshAllCachedData!
04-23 22:53:05.045: I/HwSystemManager(18373): CommonFunctionUtil:compareCode = 0
04-23 22:53:05.105: I/LogCollectManager(2958): start to bind to Log Collect service
04-23 22:53:05.115: I/art(2958): Can not find class: Lcom/android/server/accessibility/AccessibilityManagerService$Service;
04-23 22:53:05.115: I/art(2958): Can not find class: Lcom/android/server/accessibility/AccessibilityManagerService$Service$KeyEventDispatcher;
04-23 22:53:05.115: I/art(2958): Can not find class: Lcom/android/server/accessibility/AccessibilityManagerService$Service$1;
04-23 22:53:05.125: I/art(2958): Can not find class: Lcom/android/server/accessibility/AccessibilityManagerService$Service$InvocationHandler;
04-23 22:53:05.125: I/art(2958): Can not find class: Lcom/android/server/accessibility/AccessibilityManagerService$Service$2;
04-23 22:53:05.125: E/PROTOCOL_LOG(2958): header.length = 184
04-23 22:53:05.125: I/LogCollectManager(2958): start to bind to Log Collect service
04-23 22:53:05.125: I/LogCollectManager(2958): start to bind to Log Collect service
04-23 22:53:05.135: E/SQLiteLog(3669): (284) automatic index on VaguePermission_COL_11_TEMP_VIEW(packageName)
04-23 22:53:05.135: E/SQLiteLog(3669): (284) automatic index on VaguePermission_COL_12_TEMP_VIEW(packageName)
04-23 22:53:05.135: E/SQLiteLog(3669): (284) automatic index on VaguePermission_COL_13_TEMP_VIEW(packageName)
04-23 22:53:05.135: E/SQLiteLog(3669): (284) automatic index on VaguePermission_COL_14_TEMP_VIEW(packageName)
04-23 22:53:05.135: E/SQLiteLog(3669): (284) automatic index on VaguePermission_COL_15_TEMP_VIEW(packageName)
04-23 22:53:05.135: E/SQLiteLog(3669): (284) automatic index on VaguePermission_COL_16_TEMP_VIEW(packageName)
04-23 22:53:05.135: E/SQLiteLog(3669): (284) automatic index on VaguePermission_COL_17_TEMP_VIEW(packageName)
04-23 22:53:05.135: E/SQLiteLog(3669): (284) automatic index on VaguePermission_COL_18_TEMP_VIEW(packageName)
04-23 22:53:05.135: E/SQLiteLog(3669): (284) automatic index on VaguePermission_COL_19_TEMP_VIEW(packageName)
04-23 22:53:05.135: E/SQLiteLog(3669): (284) automatic index on VaguePermission_COL_20_TEMP_VIEW(packageName)
04-23 22:53:05.135: E/SQLiteLog(3669): (284) automatic index on VaguePermission_COL_21_TEMP_VIEW(packageName)
04-23 22:53:05.135: E/SQLiteLog(3669): (284) automatic index on VaguePermission_COL_22_TEMP_VIEW(packageName)
04-23 22:53:05.135: E/SQLiteLog(3669): (284) automatic index on VaguePermission_COL_23_TEMP_VIEW(packageName)
04-23 22:53:05.135: E/SQLiteLog(3669): (284) automatic index on VaguePermission_COL_24_TEMP_VIEW(packageName)
04-23 22:53:05.135: E/SQLiteLog(3669): (284) automatic index on VaguePermission_COL_25_TEMP_VIEW(packageName)
04-23 22:53:05.135: E/SQLiteLog(3669): (284) automatic index on VaguePermission_COL_26_TEMP_VIEW(packageName)
04-23 22:53:05.135: E/SQLiteLog(3669): (284) automatic index on VaguePermission_COL_27_TEMP_VIEW(packageName)
04-23 22:53:05.135: E/SQLiteLog(3669): (284) automatic index on VaguePermission_COL_30_TEMP_VIEW(packageName)
04-23 22:53:05.135: E/SQLiteLog(3669): (284) automatic index on VaguePermission_COL_28_TEMP_VIEW(packageName)
04-23 22:53:05.135: E/SQLiteLog(3669): (284) automatic index on VaguePermission_COL_29_TEMP_VIEW(packageName)
04-23 22:53:05.135: E/SQLiteLog(3669): (284) automatic index on VaguePermission_COL_PERMISSION_TRUST_TEMP_VIEW(packageName)
04-23 22:53:05.135: E/SQLiteLog(3669): (284) automatic index on VaguePermission_COL_2_TEMP_VIEW(packageName)
04-23 22:53:05.135: E/SQLiteLog(3669): (284) automatic index on VaguePermission_COL_1_TEMP_VIEW(packageName)
04-23 22:53:05.135: E/SQLiteLog(3669): (284) automatic index on VaguePermission_COL_5_TEMP_VIEW(packageName)
04-23 22:53:05.135: E/SQLiteLog(3669): (284) automatic index on VaguePermission_COL_6_TEMP_VIEW(packageName)
04-23 22:53:05.135: E/SQLiteLog(3669): (284) automatic index on VaguePermission_COL_3_TEMP_VIEW(packageName)
04-23 22:53:05.135: E/SQLiteLog(3669): (284) automatic index on VaguePermission_COL_7_TEMP_VIEW(packageName)
04-23 22:53:05.135: E/SQLiteLog(3669): (284) automatic index on VaguePermission_COL_4_TEMP_VIEW(packageName)
04-23 22:53:05.135: I/LogCollectManager(2958): start to bind to Log Collect service
04-23 22:53:05.145: I/LogCollectManager(2958): start to bind to Log Collect service
04-23 22:53:05.145: I/art(15209): Explicit concurrent mark sweep GC freed 58823(3MB) AllocSpace objects, 10(184KB) LOS objects, 33% free, 31MB/47MB, paused 1.929ms total 266.400ms
04-23 22:53:05.175: E/PROTOCOL_LOG(2958): header.length = 184
04-23 22:53:05.175: I/LogCollectManager(2958): start to bind to Log Collect service
04-23 22:53:05.175: I/LogCollectManager(2958): start to bind to Log Collect service
04-23 22:53:05.175: I/LogCollectManager(2958): start to bind to Log Collect service
04-23 22:53:05.205: I/Auth(15282): [SupervisedAccountIntentOperation] onHandleIntent(): android.intent.action.PACKAGE_ADDED
04-23 22:53:05.235: I/Authzen(15209): [AccountChangeProcessingIntentOperation] Received onHandleIntent() call: Intent { act=com.google.android.gms.auth.GOOGLE_ACCOUNT_CHANGE cat=[com.google.android.gms.auth.category.ACCOUNT_ADDED] flg=0x10 cmp=com.google.android.gms/.chimera.GmsIntentOperationService$PersistentInternalReceiver (has extras) }
04-23 22:53:05.235: I/Authzen(15209): [AccountChangeProcessingIntentOperation] Handling added account:
04-23 22:53:05.245: I/PG Utils(15209): acquire_providerpkg:[com.google.android.gsf] pid:[] maybe timeout , send to PG
04-23 22:53:05.255: I/Fido(15209): [AccountChangeIntentOperation] Received onHandleIntent() call: Intent { act=com.google.android.gms.auth.GOOGLE_ACCOUNT_CHANGE cat=[com.google.android.gms.auth.category.ACCOUNT_ADDED] flg=0x10 cmp=com.google.android.gms/.chimera.GmsIntentOperationService$PersistentInternalReceiver (has extras) }
04-23 22:53:05.255: I/PG Utils(15282): acquire_providerpkg:[com.google.android.gsf] pid:[] maybe timeout , send to PG
04-23 22:53:05.265: I/art(2958): Can not find class: Lcom/android/server/accessibility/AccessibilityManagerService$AccessibilityConnectionWrapper;
04-23 22:53:05.275: I/art(9488): Explicit concurrent mark sweep GC freed 3000(118KB) AllocSpace objects, 0(0B) LOS objects, 40% free, 13MB/23MB, paused 576us total 34.104ms
04-23 22:53:05.295: I/PG Utils(15282): acquire_providerpkg:[com.google.android.gsf] pid:[] maybe timeout , send to PG
04-23 22:53:05.295: I/PG Utils(15209): acquire_providerpkg:[com.google.android.gsf] pid:[] maybe timeout , send to PG
04-23 22:53:05.305: I/Authzen(15209): [SyncManager] Sync requested for event 100, account , and components 3, with reason 7
04-23 22:53:05.305: I/Authzen(15209): [SyncManager] Triggering AuthZen registration...
04-23 22:53:05.305: I/PG Utils(15282): acquire_providerpkg:[com.google.android.gsf] pid:[] maybe timeout , send to PG
04-23 22:53:05.305: I/PG Utils(15209): acquire_providerpkg:[com.google.android.gsf] pid:[] maybe timeout , send to PG
04-23 22:53:05.315: I/PG Utils(15209): acquire_providerpkg:[com.google.android.gsf] pid:[] maybe timeout , send to PG
04-23 22:53:05.315: E/GmsClient(15282): unable to connect to service: com.google.android.gms.auth.key.retrieval.service.START on com.google.android.gms
04-23 22:53:05.315: I/PG Utils(15282): acquire_providerpkg:[com.google.android.gsf] pid:[] maybe timeout , send to PG
04-23 22:53:05.325: I/ChromeSync(15282): [Sync,SyncIntentOperation] Handling the intent: Intent { act=android.intent.action.PACKAGE_ADDED dat=package:net.rpdev.opentodolist flg=0x4000010 cmp=com.google.android.gms/.chimera.GmsIntentOperationService (has extras) }.
04-23 22:53:05.335: I/PG Utils(15209): acquire_providerpkg:[com.google.android.gsf] pid:[] maybe timeout , send to PG
04-23 22:53:05.335: I/PG Utils(15282): acquire_providerpkg:[com.google.android.gsf] pid:[] maybe timeout , send to PG
04-23 22:53:05.385: I/ActivityManager(2958): filter receiver for action = com.google.android.gms.gcm.ACTION_SCHEDULE
04-23 22:53:05.395: I/PG Utils(15209): acquire_providerpkg:[com.google.android.gsf] pid:[] maybe timeout , send to PG
04-23 22:53:05.395: I/PG Utils(15209): acquire_providerpkg:[com.google.android.gsf] pid:[] maybe timeout , send to PG
04-23 22:53:05.395: I/Checkin(15282): [EventLogChimeraService] Opted in for usage reporting: false
04-23 22:53:05.425: I/PG Utils(15209): acquire_providerpkg:[com.google.android.gsf] pid:[] maybe timeout , send to PG
04-23 22:53:05.445: I/Finsky(15520): [1] AccountsChangedReceiver.a(11): [Accounts] Handling broadcast: com.google.android.gms.auth.GOOGLE_ACCOUNT_CHANGE
04-23 22:53:05.445: I/Finsky(15520): [1] AccountsChangedReceiver.a(4): Get accounts accountsRemoved
04-23 22:53:05.445: I/Finsky(15520): [1] AccountsChangedReceiver.a(4): Get accounts accountsAdded
04-23 22:53:05.445: I/Finsky(15520): [1] AccountsChangedReceiver.a(6): Account [B6ClSTtIOx6DQnFl_vyaa9gPns7Fh3cyz1FelTkoEUE]
04-23 22:53:05.455: I/PG Utils(15282): acquire_providerpkg:[com.google.android.gsf] pid:[] maybe timeout , send to PG
04-23 22:53:05.465: I/HwSystemManager(18373): HsmPackageManager:get all installed packages, flag:0, size:152
04-23 22:53:05.465: E/HwSystemManager(18373): PermissionDBAdapter:appcationsList size:152
04-23 22:53:05.475: I/AccountTypeManager(18291): Adding account type = com.android.contacts.model.account.ExchangeAccountType@2818377b in the cache
04-23 22:53:05.475: I/Finsky(15520): [1] VpaService.a(5): Skipping additional VPA because disabled.
04-23 22:53:05.475: I/SimFactoryManager(18291): Get SIM state from SIM factory manager: 0,For slotId:0
04-23 22:53:05.475: I/Finsky(15520): [1] zme.a(36): Refreshing user settings: account=[B6ClSTtIOx6DQnFl_vyaa9gPns7Fh3cyz1FelTkoEUE]
04-23 22:53:05.485: I/Ads(15282): Accounts have changed: com.google.android.gms.auth.GOOGLE_ACCOUNT_CHANGE
04-23 22:53:05.485: I/SimFactoryManager(18291): Get SIM state from SIM factory manager: 0,For slotId:1
04-23 22:53:05.495: I/PG Utils(15209): acquire_providerpkg:[com.google.android.gsf] pid:[] maybe timeout , send to PG
04-23 22:53:05.505: I/HwCust(18291): Constructor found for class com.android.contacts.model.account.HwCustAccountModelCustomizationImpl
04-23 22:53:05.515: I/ActivityManager(2958): filter receiver for action = com.google.android.gms.gcm.ACTION_SCHEDULE
04-23 22:53:05.515: I/AccountTypeManager(18291): Adding account type = com.android.contacts.model.account.ExternalAccountType@2900d5f1 in the cache
04-23 22:53:05.545: I/PG Utils(15209): acquire_providerpkg:[com.google.android.gsf] pid:[] maybe timeout , send to PG
04-23 22:53:05.545: I/art(2958): Can not find class: Lcom/android/server/accessibility/AccessibilityManagerService$WindowsForAccessibilityCallback;
04-23 22:53:05.545: I/art(2958): Can not find class: Lcom/android/server/wm/AccessibilityController;
04-23 22:53:05.565: I/PG Utils(15282): acquire_providerpkg:[com.google.android.gsf] pid:[] maybe timeout , send to PG
04-23 22:53:05.575: I/art(2958): Can not find class: Lcom/android/server/wm/AccessibilityController$WindowsForAccessibilityObserver;
04-23 22:53:05.585: I/PG Utils(15282): acquire_providerpkg:[com.google.android.gsf] pid:[] maybe timeout , send to PG
04-23 22:53:05.595: W/CursorWrapperInner(18188): Cursor finalized without prior close()
04-23 22:53:05.595: I/PG Utils(15209): acquire_providerpkg:[com.google.android.gsf] pid:[] maybe timeout , send to PG
04-23 22:53:05.595: I/Auth(15209): [ReflectiveChannelBinder] Successfully bound channel!
04-23 22:53:05.625: I/System(15209): core_booster, getBoosterConfig = false
04-23 22:53:05.635: I/System(15209): core_booster, getBoosterConfig = false
04-23 22:53:05.635: I/System(15209): core_booster, getBoosterConfig = false
04-23 22:53:05.635: W/Conscrypt(15209): Could not set socket write timeout: java.net.SocketException: Socket closed
04-23 22:53:05.635: E/art(15209): invalid stream - problem with parameter iterator in /data/app/com.google.android.gms-1/base.apk for method void com.google.android.gms.org.conscrypt.ConscryptFileDescriptorSocket.setSoWriteTimeout(int)
04-23 22:53:05.645: W/Conscrypt(15209): at com.google.android.gms.org.conscrypt.Platform.setSocketWriteTimeout(:com.google.android.gms@200914010@20.09.14 (020400-300565878):2)
04-23 22:53:05.645: W/Conscrypt(15209): at com.google.android.gms.org.conscrypt.ConscryptFileDescriptorSocket.setSoWriteTimeout(:com.google.android.gms@200914010@20.09.14 (020400-300565878))
04-23 22:53:05.645: I/art(15282): Can not find class: Lcom/google/android/instantapps/supervisor/InstantAppsRuntime;
04-23 22:53:05.645: I/FA-SVC(15282): App measurement initialized, version: 200914
04-23 22:53:05.655: I/art(2958): Can not find class: Lcom/android/server/wm/AccessibilityController$WindowsForAccessibilityObserver$MyHandler;
04-23 22:53:05.665: I/PG Utils(15282): acquire_providerpkg:[com.google.android.gsf] pid:[] maybe timeout , send to PG
04-23 22:53:05.665: I/Robo(18789): UiAutomatorOnly Mode.
04-23 22:53:05.685: I/Robo(18789): Platform starting proxy service.
04-23 22:53:05.695: W/ResourceType(18291): For resource 0x7f0806ed, entry index(1773) is beyond type entryCount(13)
04-23 22:53:05.695: W/ResourceType(18291): Failure getting entry for 0x7f0806ed (t=7 e=1773) (error -75)
04-23 22:53:05.695: W/ResourceType(18291): For resource 0x7f0806ed, entry index(1773) is beyond type entryCount(13)
04-23 22:53:05.695: W/ResourceType(18291): Failure getting entry for 0x7f0806ed (t=7 e=1773) (error -75)
04-23 22:53:05.695: I/AccountTypeManager(18291): Adding account type = com.android.contacts.model.account.ExternalAccountType@2a68d057 in the cache
04-23 22:53:05.695: I/AccountTypeManager(18291): Adding account type = com.android.contacts.model.account.GoogleAccountType@38656744 in the cache
04-23 22:53:05.715: I/PG Utils(15209): acquire_providerpkg:[com.google.android.gsf] pid:[] maybe timeout , send to PG
04-23 22:53:05.725: E/ExternalAccountType(18291): Unsupported attribute readOnly
04-23 22:53:05.725: I/AccountTypeManager(18291): AccountManager, account size is: 2
04-23 22:53:05.735: I/AccountTypeManager(18291): Error, not syncable found for type: com.google
04-23 22:53:05.735: I/AccountTypeManager(18291): Loaded meta-data for 5 account types, 1 accounts in 275ms(wall) 84ms(cpu)
04-23 22:53:05.745: I/PG Utils(15282): acquire_providerpkg:[com.google.android.gsf] pid:[] maybe timeout , send to PG
04-23 22:53:05.745: I/PG Utils(15282): acquire_providerpkg:[com.google.android.gsf] pid:[] maybe timeout , send to PG
04-23 22:53:05.785: I/HwSystemManager(18373): PermissionDBAdapter:DBAdapter refreshAllCachedData!
04-23 22:53:05.785: I/HwSystemManager(18373): HsmIntentService:task completed for intent:Intent { act=android.intent.action.PACKAGE_ADDED dat=package:net.rpdev.opentodolist flg=0x4000010 cmp=com.huawei.systemmanager/com.huawei.permissionmanager.ui.AppInstallationReceiver (has extras) }, action:android.intent.action.PACKAGE_ADDED
04-23 22:53:05.785: I/HwSystemManager(18373): HsmIntentService:in thread:Thread[HsmIntentServiceTask #1,5,main], current active tasksize:1, queue size:0
04-23 22:53:05.785: I/HwSystemManager(18373): HsmIntentService:last work complete! lets stop service.
04-23 22:53:05.815: I/ActivityManager(2958): filter receiver for action = com.google.android.gms.gcm.ACTION_SCHEDULE
04-23 22:53:05.845: I/HwSystemManager(18373): HsmIntentService:destroyed. this:com.huawei.systemmanager.util.content.HsmIntentService_ui@6514a81
04-23 22:53:05.875: I/ActivityManager(2958): filter receiver for action = android.intent.action.DROPBOX_ENTRY_ADDED
04-23 22:53:05.885: W/Conscrypt(15209): Could not set socket write timeout: java.net.SocketException: Socket closed
04-23 22:53:05.885: E/art(15209): invalid stream - problem with parameter iterator in /data/app/com.google.android.gms-1/base.apk for method void com.google.android.gms.org.conscrypt.ConscryptFileDescriptorSocket.setSoWriteTimeout(int)
04-23 22:53:05.885: W/Conscrypt(15209): at com.google.android.gms.org.conscrypt.Platform.setSocketWriteTimeout(:com.google.android.gms@200914010@20.09.14 (020400-300565878):2)
04-23 22:53:05.885: W/Conscrypt(15209): at com.google.android.gms.org.conscrypt.ConscryptFileDescriptorSocket.setSoWriteTimeout(:com.google.android.gms@200914010@20.09.14 (020400-300565878))
04-23 22:53:05.905: W/ChromeSync(15282): qsb: Data of type 1 is not subscribed.
04-23 22:53:05.905: W/ChromeSync(15282): at qtd.b(:com.google.android.gms@200914010@20.09.14 (020400-300565878):2)
04-23 22:53:05.905: W/ChromeSync(15282): at qsu.a(:com.google.android.gms@200914010@20.09.14 (020400-300565878):5)
04-23 22:53:05.905: W/ChromeSync(15282): at zxk.run(:com.google.android.gms@200914010@20.09.14 (020400-300565878):8)
04-23 22:53:05.905: W/ChromeSync(15282): at bkcn.run(:com.google.android.gms@200914010@20.09.14 (020400-300565878):2)
04-23 22:53:05.905: W/ChromeSync(15282): at sod.b(:com.google.android.gms@200914010@20.09.14 (020400-300565878):12)
04-23 22:53:05.905: W/ChromeSync(15282): at sod.run(:com.google.android.gms@200914010@20.09.14 (020400-300565878):7)
04-23 22:53:05.905: W/ChromeSync(15282): at java.util.concurrent.ThreadPoolExecutor.runWorker(ThreadPoolExecutor.java:1112)
04-23 22:53:05.905: W/ChromeSync(15282): at java.util.concurrent.ThreadPoolExecutor$Worker.run(ThreadPoolExecutor.java:587)
04-23 22:53:05.905: W/ChromeSync(15282): at stw.run(:com.google.android.gms@200914010@20.09.14 (020400-300565878):0)
04-23 22:53:05.905: W/ChromeSync(15282): at java.lang.Thread.run(Thread.java:831)
04-23 22:53:05.905: I/Icing(15282): Indexing com.google.android.gms-internal.3p:MobileApplication from com.google.android.gms using seqno 103
04-23 22:53:05.905: E/AsyncOperation(15282): serviceID=80, operation=List
04-23 22:53:05.905: E/AsyncOperation(15282): OperationException[Status{statusCode=Data of type 1 is not subscribed., resolution=null}]
04-23 22:53:05.905: E/AsyncOperation(15282): at qsu.a(:com.google.android.gms@200914010@20.09.14 (020400-300565878):8)
04-23 22:53:05.905: E/AsyncOperation(15282): at zxk.run(:com.google.android.gms@200914010@20.09.14 (020400-300565878):8)
04-23 22:53:05.905: E/AsyncOperation(15282): at bkcn.run(:com.google.android.gms@200914010@20.09.14 (020400-300565878):2)
04-23 22:53:05.905: E/AsyncOperation(15282): at sod.b(:com.google.android.gms@200914010@20.09.14 (020400-300565878):12)
04-23 22:53:05.905: E/AsyncOperation(15282): at sod.run(:com.google.android.gms@200914010@20.09.14 (020400-300565878):7)
04-23 22:53:05.905: E/AsyncOperation(15282): at java.util.concurrent.ThreadPoolExecutor.runWorker(ThreadPoolExecutor.java:1112)
04-23 22:53:05.905: E/AsyncOperation(15282): at java.util.concurrent.ThreadPoolExecutor$Worker.run(ThreadPoolExecutor.java:587)
04-23 22:53:05.905: E/AsyncOperation(15282): at stw.run(:com.google.android.gms@200914010@20.09.14 (020400-300565878):0)
04-23 22:53:05.905: E/AsyncOperation(15282): at java.lang.Thread.run(Thread.java:831)
04-23 22:53:05.905: E/AsyncOperation(15282): Caused by: qsb: Data of type 1 is not subscribed.
04-23 22:53:05.905: E/AsyncOperation(15282): at qtd.b(:com.google.android.gms@200914010@20.09.14 (020400-300565878):2)
04-23 22:53:05.905: E/AsyncOperation(15282): at qsu.a(:com.google.android.gms@200914010@20.09.14 (020400-300565878):5)
04-23 22:53:05.905: E/AsyncOperation(15282): ... 8 more
04-23 22:53:05.955: I/GCoreUlr(15209): DispatchingService ignoring Intent { act=android.net.wifi.WIFI_STATE_CHANGED flg=0x4000010 (has extras) } because ULR inactive
04-23 22:53:05.965: I/GCoreUlr(15209): WorldUpdater received intent Intent { act=com.google.android.location.reporting.ACTION_UPDATE_WORLD cmp=com.google.android.gms/com.google.android.location.reporting.service.DispatchingService (has extras) } with receiverAction com.google.android.gms.auth.GOOGLE_ACCOUNT_CHANGE
04-23 22:53:06.005: I/art(15282): Explicit concurrent mark sweep GC freed 69190(3MB) AllocSpace objects, 22(684KB) LOS objects, 33% free, 31MB/47MB, paused 1.725ms total 256.562ms
04-23 22:53:06.025: I/CryptauthV2(15282): [EnrollKeyName] ClientName calling Cryptauth is ForceRegistration
04-23 22:53:06.035: I/PG Utils(15282): acquire_providerpkg:[com.google.android.gsf] pid:[] maybe timeout , send to PG
04-23 22:53:06.045: I/PG Utils(15282): acquire_providerpkg:[com.google.android.gsf] pid:[] maybe timeout , send to PG
04-23 22:53:06.055: I/PG Utils(15282): acquire_providerpkg:[com.google.android.gsf] pid:[] maybe timeout , send to PG
04-23 22:53:06.055: I/PG Utils(15282): acquire_providerpkg:[com.google.android.gsf] pid:[] maybe timeout , send to PG
04-23 22:53:06.065: I/HwSystemManager(18373): PermissionDBAdapter:preInstalledAppsPermissionEmendation no need emendation!
04-23 22:53:06.065: I/HwSystemManager(18373): PermissionDBAdapter:checkDBErrorBecauseofHOTA packageNameDBList size 17
04-23 22:53:06.065: I/HwSystemManager(18373): PermissionDBAdapter:checkDBErrorBecauseofHOTA nameList is0
04-23 22:53:06.065: I/PG Utils(15282): acquire_providerpkg:[com.google.android.gsf] pid:[] maybe timeout , send to PG
04-23 22:53:06.075: I/AccountTypeManager(18291): Adding account type = com.android.contacts.model.account.ExchangeAccountType@169a5962 in the cache
04-23 22:53:06.075: I/SimFactoryManager(18291): Get SIM state from SIM factory manager: 0,For slotId:0
04-23 22:53:06.085: I/SimFactoryManager(18291): Get SIM state from SIM factory manager: 0,For slotId:1
04-23 22:53:06.085: I/Checkin(15282): [CheckinOperation] Starting Checkin: Default Task Reason : 4 Force : true UserId : 0 Start time : 468890
04-23 22:53:06.085: I/PG Utils(15282): acquire_providerpkg:[com.google.android.gsf] pid:[] maybe timeout , send to PG
04-23 22:53:06.085: I/AccountTypeManager(18291): Adding account type = com.android.contacts.model.account.ExternalAccountType@2ac01af3 in the cache
04-23 22:53:06.105: I/PG Utils(15282): acquire_providerpkg:[com.google.android.gsf] pid:[] maybe timeout , send to PG
04-23 22:53:06.135: I/CheckinRequestBuilder(15282): Checkin reason type: 4 attempt count: 1
04-23 22:53:06.155: W/ResourceType(18291): For resource 0x7f0806ed, entry index(1773) is beyond type entryCount(13)
04-23 22:53:06.155: W/ResourceType(18291): Failure getting entry for 0x7f0806ed (t=7 e=1773) (error -75)
04-23 22:53:06.155: W/ResourceType(18291): For resource 0x7f0806ed, entry index(1773) is beyond type entryCount(13)
04-23 22:53:06.155: W/ResourceType(18291): Failure getting entry for 0x7f0806ed (t=7 e=1773) (error -75)
04-23 22:53:06.155: I/AccountTypeManager(18291): Adding account type = com.android.contacts.model.account.ExternalAccountType@6f3b3b0 in the cache
04-23 22:53:06.155: I/AccountTypeManager(18291): Adding account type = com.android.contacts.model.account.GoogleAccountType@20a35229 in the cache
04-23 22:53:06.165: E/ExternalAccountType(18291): Unsupported attribute readOnly
04-23 22:53:06.165: I/Finsky(15520): [1] AccountsChangedReceiver.a(53): Accounts changed, prefetching preloads for account [B6ClSTtIOx6DQnFl_vyaa9gPns7Fh3cyz1FelTkoEUE] (previously null)
04-23 22:53:06.175: I/Finsky(15520): [229] uml.call(2): Prefetching preloads for account [B6ClSTtIOx6DQnFl_vyaa9gPns7Fh3cyz1FelTkoEUE]
04-23 22:53:06.175: I/Finsky(15520): [229] urt.b(14): No PAI stub found
04-23 22:53:06.175: W/ChimeraUtils(15209): Non Chimera context
04-23 22:53:06.175: E/Finsky(15520): [229] uml.call(21): Error prefetching preloads, using account=null, preloads=NULL, preloadRros=NULL, preloadGroups=NULL
04-23 22:53:06.175: E/Finsky(15520): com.google.android.finsky.setup.fetchers.RawDocumentsFetchException[reason=pai_config, account=[B6ClSTtIOx6DQnFl_vyaa9gPns7Fh3cyz1FelTkoEUE]]
04-23 22:53:06.175: E/Finsky(15520): at urt.b(PG:14)
04-23 22:53:06.175: E/Finsky(15520): at uml.call(PG:5)
04-23 22:53:06.175: E/Finsky(15520): at ansq.b(PG)
04-23 22:53:06.175: E/Finsky(15520): at anrt.run(PG:7)
04-23 22:53:06.175: E/Finsky(15520): at ansr.run(PG)
04-23 22:53:06.175: E/Finsky(15520): at java.util.concurrent.ThreadPoolExecutor.runWorker(ThreadPoolExecutor.java:1112)
04-23 22:53:06.175: E/Finsky(15520): at java.util.concurrent.ThreadPoolExecutor$Worker.run(ThreadPoolExecutor.java:587)
04-23 22:53:06.175: E/Finsky(15520): at zpz.run(PG)
04-23 22:53:06.175: E/Finsky(15520): at java.lang.Thread.run(Thread.java:831)
04-23 22:53:06.185: I/Finsky(15520): [229] ums.a(8): VpaSelectionActivity will be disabled
04-23 22:53:06.185: I/Finsky(15520): [1] xud.a(2): Disable SystemUpdateActivity, because Android is lower than Q
04-23 22:53:06.215: I/PG Utils(15282): acquire_providerpkg:[com.google.android.gsf] pid:[] maybe timeout , send to PG
04-23 22:53:06.265: I/Finsky(15520): [243] xuc.run(4): Set SystemUpdateActivity enabled state to 2
04-23 22:53:06.265: I/ActivityManager(2958): filter receiver for action = com.google.android.gms.location.reporting.SETTINGS_CHANGED
04-23 22:53:06.265: I/ActivityManager(2958): filter receiver for action = com.google.android.gms.gcm.ACTION_SCHEDULE
04-23 22:53:06.265: I/PG Utils(15282): acquire_providerpkg:[com.google.android.gsf] pid:[] maybe timeout , send to PG
04-23 22:53:06.285: I/GCoreUlr(15209): WorldUpdater:com.google.android.gms.auth.GOOGLE_ACCOUNT_CHANGE: Ensuring that reporting is stopped because of reasons: {account#-15#=[InactiveReason{mIdentifier=6, mName='ReportingNotEnabled'}, InactiveReason{mIdentifier=14, mName='HistoryNotEnabled'}]}
04-23 22:53:06.295: I/GCoreUlr(15209): Unbound from all signal providers.
04-23 22:53:06.315: I/PG Utils(15282): acquire_providerpkg:[com.google.android.gsf] pid:[] maybe timeout , send to PG
04-23 22:53:06.315: I/ChromeSync(15282): [Persistence,AffiliationManager] One of affiliation or grouping data for android://8FyrtxZQHgGTYmgREibWeSYAUIMZBelnG2qthDoGRSrzWMwDHGsbyyTNgk5fuh3Pghzk_rjug5tYnXQSi8w6cg==@net.rpdev.opentodolist/ was not found. Marking affiliation data as stale...
04-23 22:53:06.315: I/PG Utils(15282): acquire_providerpkg:[com.google.android.gsf] pid:[] maybe timeout , send to PG
04-23 22:53:06.325: I/PG Utils(15282): acquire_providerpkg:[com.google.android.gsf] pid:[] maybe timeout , send to PG
04-23 22:53:06.345: I/PG Utils(15282): acquire_providerpkg:[com.google.android.gsf] pid:[] maybe timeout , send to PG
04-23 22:53:06.355: I/PG Utils(15282): acquire_providerpkg:[com.google.android.gsf] pid:[] maybe timeout , send to PG
04-23 22:53:06.355: I/AccountTypeManager(18291): AccountManager, account size is: 2
04-23 22:53:06.355: I/Auth(15209): [AccountStatusChecker] OnDataChanged check:
04-23 22:53:06.355: I/Auth(15209): [AccountStatusChecker] Canceling for
04-23 22:53:06.365: I/System(15520): core_booster, getBoosterConfig = false
04-23 22:53:06.375: I/PG Utils(15282): acquire_providerpkg:[com.google.android.gsf] pid:[] maybe timeout , send to PG
04-23 22:53:06.385: I/AccountTypeManager(18291): Error, not syncable found for type: com.google
04-23 22:53:06.385: I/AccountTypeManager(18291): Loaded meta-data for 5 account types, 1 accounts in 309ms(wall) 44ms(cpu)
04-23 22:53:06.385: I/AccountTypeManager(18291): Adding account type = com.android.contacts.model.account.ExchangeAccountType@1d48a9ae in the cache
04-23 22:53:06.385: I/SimFactoryManager(18291): Get SIM state from SIM factory manager: 0,For slotId:0
04-23 22:53:06.395: I/System(15520): core_booster, getBoosterConfig = false
04-23 22:53:06.395: I/System(15520): core_booster, getBoosterConfig = false
04-23 22:53:06.395: I/SimFactoryManager(18291): Get SIM state from SIM factory manager: 0,For slotId:1
04-23 22:53:06.395: I/AccountTypeManager(18291): Adding account type = com.android.contacts.model.account.ExternalAccountType@637734f in the cache
04-23 22:53:06.405: I/PG Utils(15282): acquire_providerpkg:[com.google.android.gsf] pid:[] maybe timeout , send to PG
04-23 22:53:06.415: I/PG Utils(15282): acquire_providerpkg:[com.google.android.gsf] pid:[] maybe timeout , send to PG
04-23 22:53:06.425: I/System(15282): core_booster, getBoosterConfig = false
04-23 22:53:06.435: I/System(15282): core_booster, getBoosterConfig = false
04-23 22:53:06.435: I/System(15282): core_booster, getBoosterConfig = false
04-23 22:53:06.435: W/Conscrypt(15282): Could not set socket write timeout: java.net.SocketException: Socket closed
04-23 22:53:06.435: E/art(15282): invalid stream - problem with parameter iterator in /data/app/com.google.android.gms-1/base.apk for method void com.google.android.gms.org.conscrypt.ConscryptFileDescriptorSocket.setSoWriteTimeout(int)
04-23 22:53:06.435: W/Conscrypt(15282): at com.google.android.gms.org.conscrypt.Platform.setSocketWriteTimeout(:com.google.android.gms@200914010@20.09.14 (020400-300565878):2)
04-23 22:53:06.435: W/Conscrypt(15282): at com.google.android.gms.org.conscrypt.ConscryptFileDescriptorSocket.setSoWriteTimeout(:com.google.android.gms@200914010@20.09.14 (020400-300565878))
04-23 22:53:06.445: I/PG Utils(15282): acquire_providerpkg:[com.google.android.gsf] pid:[] maybe timeout , send to PG
04-23 22:53:06.455: W/Conscrypt(15282): Could not set socket write timeout: java.net.SocketException: Socket closed
04-23 22:53:06.455: E/art(15282): invalid stream - problem with parameter iterator in /data/app/com.google.android.gms-1/base.apk for method void com.google.android.gms.org.conscrypt.ConscryptFileDescriptorSocket.setSoWriteTimeout(int)
04-23 22:53:06.455: W/Conscrypt(15282): at com.google.android.gms.org.conscrypt.Platform.setSocketWriteTimeout(:com.google.android.gms@200914010@20.09.14 (020400-300565878):2)
04-23 22:53:06.455: W/Conscrypt(15282): at com.google.android.gms.org.conscrypt.ConscryptFileDescriptorSocket.setSoWriteTimeout(:com.google.android.gms@200914010@20.09.14 (020400-300565878))
04-23 22:53:06.475: W/ResourceType(18291): For resource 0x7f0806ed, entry index(1773) is beyond type entryCount(13)
04-23 22:53:06.475: W/ResourceType(18291): Failure getting entry for 0x7f0806ed (t=7 e=1773) (error -75)
04-23 22:53:06.475: W/ResourceType(18291): For resource 0x7f0806ed, entry index(1773) is beyond type entryCount(13)
04-23 22:53:06.475: W/ResourceType(18291): Failure getting entry for 0x7f0806ed (t=7 e=1773) (error -75)
04-23 22:53:06.475: I/AccountTypeManager(18291): Adding account type = com.android.contacts.model.account.ExternalAccountType@8d85adc in the cache
04-23 22:53:06.475: I/AccountTypeManager(18291): Adding account type = com.android.contacts.model.account.GoogleAccountType@11f5e7e5 in the cache
04-23 22:53:06.485: I/GCoreUlr(15209): Unbound from all signal providers.
04-23 22:53:06.485: I/GCoreUlr(15209): Stopping handler for UlrDispSvcFast
04-23 22:53:06.495: I/PG Utils(15282): acquire_providerpkg:[com.google.android.gsf] pid:[] maybe timeout , send to PG
04-23 22:53:06.495: E/ExternalAccountType(18291): Unsupported attribute readOnly
04-23 22:53:06.505: W/SyncManager(2958): SyncManager manageSyncAlarmLocked SET_WAKE_ALARM
04-23 22:53:06.515: I/AccountTypeManager(18291): AccountManager, account size is: 2
04-23 22:53:06.515: I/AccountTypeManager(18291): Error, not syncable found for type: com.google
04-23 22:53:06.515: I/ChromeSync(15282): [Sync,SyncIntentOperation] Handling the intent: Intent { act=com.google.android.gms.auth.GOOGLE_ACCOUNT_CHANGE cat=[com.google.android.gms.auth.category.ACCOUNT_ADDED] flg=0x10 cmp=com.google.android.gms/.chimera.GmsIntentOperationService$PersistentInternalReceiver (has extras) }.
04-23 22:53:06.515: I/AccountTypeManager(18291): Loaded meta-data for 5 account types, 1 accounts in 130ms(wall) 42ms(cpu)
04-23 22:53:06.525: I/PG Utils(15209): acquire_providerpkg:[com.google.android.gsf] pid:[] maybe timeout , send to PG
04-23 22:53:06.525: I/AccountTypeManager(18291): Adding account type = com.android.contacts.model.account.ExchangeAccountType@1279b2ba in the cache
04-23 22:53:06.535: I/SimFactoryManager(18291): Get SIM state from SIM factory manager: 0,For slotId:0
04-23 22:53:06.545: I/PG Utils(15282): acquire_providerpkg:[com.google.android.gsf] pid:[] maybe timeout , send to PG
04-23 22:53:06.565: I/SimFactoryManager(18291): Get SIM state from SIM factory manager: 0,For slotId:1
04-23 22:53:06.565: I/PG Utils(15282): acquire_providerpkg:[com.google.android.gsf] pid:[] maybe timeout , send to PG
04-23 22:53:06.575: I/PG Utils(15282): acquire_providerpkg:[com.google.android.gsf] pid:[] maybe timeout , send to PG
04-23 22:53:06.575: I/AccountTypeManager(18291): Adding account type = com.android.contacts.model.account.ExternalAccountType@2821f56b in the cache
04-23 22:53:06.615: I/PG Utils(15282): acquire_providerpkg:[com.google.android.gsf] pid:[] maybe timeout , send to PG
04-23 22:53:06.625: I/MS_RegisterService(15282): Tachyon host: instantmessaging-pa.googleapis.com, Tachyon port: 443
04-23 22:53:06.625: I/PG Utils(15282): acquire_providerpkg:[com.google.android.gsf] pid:[] maybe timeout , send to PG
04-23 22:53:06.685: I/art(15282): Can not find class: Lio/grpc/util/SecretRoundRobinLoadBalancerProvider$Provider;
04-23 22:53:06.685: I/Finsky(15520): [1] toy.a(6): Scheduling immediate wakeup
04-23 22:53:06.685: W/ResourceType(18291): For resource 0x7f0806ed, entry index(1773) is beyond type entryCount(13)
04-23 22:53:06.685: W/ResourceType(18291): Failure getting entry for 0x7f0806ed (t=7 e=1773) (error -75)
04-23 22:53:06.685: W/ResourceType(18291): For resource 0x7f0806ed, entry index(1773) is beyond type entryCount(13)
04-23 22:53:06.685: W/ResourceType(18291): Failure getting entry for 0x7f0806ed (t=7 e=1773) (error -75)
04-23 22:53:06.685: I/AccountTypeManager(18291): Adding account type = com.android.contacts.model.account.ExternalAccountType@2afe48c8 in the cache
04-23 22:53:06.685: I/AccountTypeManager(18291): Adding account type = com.android.contacts.model.account.GoogleAccountType@1b221d61 in the cache
04-23 22:53:06.695: E/ExternalAccountType(18291): Unsupported attribute readOnly
04-23 22:53:06.705: I/art(15282): Can not find class: Lio/grpc/internal/JndiResourceResolverFactory;
