04-23 22:52:06.825: W/System.err(3555): at libcore.io.BlockGuardOs.open(BlockGuardOs.java:186)
04-23 22:52:06.825: W/System.err(3555): at libcore.io.IoBridge.open(IoBridge.java:449)
04-23 22:52:06.825: W/System.err(3555): ... 10 more
04-23 22:52:06.825: I/HwLauncher(3555): Launcher.Settings isCloudFolderEnabled=true
04-23 22:52:06.825: I/HwLauncher(3555): Model loadWorkspaceScreens loadScreen from WorkspaceScreensDb
04-23 22:52:06.825: W/StubController(14217): calendar access!
04-23 22:52:06.855: I/HwLauncher(3555): PrivacyHelper privacy state:0
04-23 22:52:06.855: I/HwLauncher(3555): Launcher onStart()
04-23 22:52:06.855: I/HwLauncher(3555): Launcher dynamicIconsRegister
04-23 22:52:06.855: I/HwLauncher(3555): Launcher onResume()
04-23 22:52:06.855: I/HwLauncher(3555): Launcher doResumeWork()
04-23 22:52:06.855: I/HwLauncher(3555): Launcher.MotionManager startMotionAppsReco 402
04-23 22:52:06.855: I/HwLauncher(3555): Launcher onResume mIsToUninstallApp = false
04-23 22:52:06.865: W/System.err(14190): Can't open carrierweekinfo-conf.xml
04-23 22:52:06.885: I/HwLauncher(3555): Model loadHotseatCellCountXFromDB:0
04-23 22:52:06.885: I/HwLauncher(3555): Model loadWorkspaceOptimize start load sBgScreenOrder = [1, 2],currentScreen=0, maxScreen=1,mDBHotseatCellCountX=0
04-23 22:52:06.895: I/HwLauncher(3555): Model workspace layout:
04-23 22:52:06.895: I/HwLauncher(3555): Model [ ....|.... ]
04-23 22:52:06.895: I/HwLauncher(3555): Model [ ....|.... ]
04-23 22:52:06.895: I/HwLauncher(3555): Model [ ....|.... ]
04-23 22:52:06.895: I/HwLauncher(3555): Model [ ....|.... ]
04-23 22:52:06.895: I/HwLauncher(3555): Model [ ....|.... ]
04-23 22:52:06.895: I/HwLauncher(3555): Launcher.SDdockItems count = 0
04-23 22:52:06.895: W/StubController(14190): calendar access!
04-23 22:52:06.895: I/CalendarSimpleUiPRovider(14190): initParams20200423T225206America/Los_Angeles(4,113,-25200,1,1587707526)
04-23 22:52:06.905: I/CalendarSimpleUiPRovider(14190): onUpdate
04-23 22:52:06.905: I/CalendarSimpleUiPRovider(14190): onReceive[intent]Intent { act=android.appwidget.action.APPWIDGET_UPDATE flg=0x10 cmp=com.android.calendar/.simpleui.CalendarSimpleUiPRovider (has extras) }
04-23 22:52:06.905: I/CalendarSimpleUiPRovider(14190): [
04-23 22:52:06.905 14272:14272 E/ ]
04-23 22:52:06.905: I/CalendarSimpleUiPRovider(14190): recorder service(HwCallRecorder.apk) not installed, it can not recorder.
04-23 22:52:06.905: I/HwLauncher(3555): Model workspace layout:
04-23 22:52:06.905: I/HwLauncher(3555): Model [ ....|.... ]
04-23 22:52:06.905: I/HwLauncher(3555): Model [ ....|.... ]
04-23 22:52:06.905: I/HwLauncher(3555): Model [ ....|.... ]
04-23 22:52:06.905: I/HwLauncher(3555): Model [ ....|.... ]
04-23 22:52:06.905: W/StubController(14190): calendar access!
04-23 22:52:06.905: I/HwLauncher(3555): Model [ ....|.... ]
04-23 22:52:06.915: I/HwLauncher(3555): Model onReceive intent=Intent { act=android.intent.action.CONFIGURATION_CHANGED flg=0x70000010 }
04-23 22:52:06.915: I/HwLauncher(3555): Launcher.Settings updateIconTitleSize fontSize = 0.0
04-23 22:52:06.915: I/HwLauncher(3555): Launcher.Settings updateIconTitleSize app_icon_text_size fontSize = 24.0
04-23 22:52:06.915: I/HwLauncher(3555): Model onReceive intent=Intent { act=android.intent.action.LOCALE_CHANGED flg=0x10000010 }
04-23 22:52:06.915: I/CalendarSimpleUiPRovider(14190): initParams20200423T225206America/Los_Angeles(4,113,-25200,1,1587707526)
04-23 22:52:06.915: I/CalendarSimpleUiPRovider(14190): onUpdate
04-23 22:52:06.915: I/CalendarSimpleUiPRovider(14190): onReceive[intent]Intent { act=android.appwidget.action.APPWIDGET_UPDATE flg=0x10 cmp=com.android.calendar/.simpleui.CalendarSimpleUiPRovider (has extras) }
04-23 22:52:06.915: W/StubController(14190): calendar access!
04-23 22:52:06.925: I/CalendarSimpleUiPRovider(14190): initParams20200423T225206America/Los_Angeles(4,113,-25200,1,1587707526)
04-23 22:52:06.925: I/HwLauncher(3555): Model startLoader isLaunching=false
04-23 22:52:06.925: I/HwLauncher(3555): Launcher.Settings updateIconTitleSize fontSize = 0.0
04-23 22:52:06.925: I/HwLauncher(3555): Launcher.Settings updateIconTitleSize app_icon_text_size fontSize = 24.0
04-23 22:52:06.925: I/CalendarSimpleUiPRovider(14190): onUpdate
04-23 22:52:06.925: I/CalendarSimpleUiPRovider(14190): onReceive[intent]Intent { act=android.appwidget.action.APPWIDGET_UPDATE flg=0x10 cmp=com.android.calendar/.simpleui.CalendarSimpleUiPRovider (has extras) }
04-23 22:52:06.925: I/HwLauncher(3555): Model get real folder title oId = 2131362003
04-23 22:52:06.925: I/HwLauncher(3555): Model get real folder title = Google
04-23 22:52:06.925: W/StubController(14190): calendar access!
04-23 22:52:06.925: I/HwLauncher(3555): SimpleLauncherModestartLoader isLaunching=false
04-23 22:52:06.925: I/Choreographer(3555): Skipped 31 frames! The application may be doing too much work on its main thread.
04-23 22:52:06.925: I/HwLauncher(3555): Launcher onAttachedToWindow
04-23 22:52:06.945: I/HwLauncher(3555): Model workspace layout:
04-23 22:52:06.945: I/HwLauncher(3555): Model [ ....|.... ]
04-23 22:52:06.945: I/HwLauncher(3555): Model [ ....|.... ]
04-23 22:52:06.945: I/HwLauncher(3555): Model [ ....|.... ]
04-23 22:52:06.945: I/HwLauncher(3555): Model [ ....|#... ]
04-23 22:52:06.945: I/HwLauncher(3555): Model [ ....|.... ]
04-23 22:52:06.945: I/HwLauncher(3555): Model workspace layout:
04-23 22:52:06.945: I/HwLauncher(3555): Model [ ....|.... ]
04-23 22:52:06.945: I/HwLauncher(3555): Model [ ....|.... ]
04-23 22:52:06.945: I/HwLauncher(3555): Model [ ....|.... ]
04-23 22:52:06.945: I/HwLauncher(3555): Model [ ....|#... ]
04-23 22:52:06.945: I/HwLauncher(3555): Model [ ....|.... ]
04-23 22:52:06.955: W/Settings(3174): Setting airplane_mode_on has moved from android.provider.Settings.System to android.provider.Settings.Global, returning read-only value.
04-23 22:52:06.955: W/Settings(3174): Setting airplane_mode_on has moved from android.provider.Settings.System to android.provider.Settings.Global, returning read-only value.
04-23 22:52:06.965: I/HwLauncher(3555): Model workspace layout:
04-23 22:52:06.965: I/HwLauncher(3555): Model [ ....|.... ]
04-23 22:52:06.965: I/HwLauncher(3555): Model [ ....|.... ]
04-23 22:52:06.965: I/HwLauncher(3555): Model [ ....|.... ]
04-23 22:52:06.965: I/HwLauncher(3555): Model [ ....|#... ]
04-23 22:52:06.965: I/HwLauncher(3555): Model [ ....|.... ]
04-23 22:52:06.975: I/HwLauncher(3555): Model filterDeskApps installed Apps num= 48
04-23 22:52:06.975: I/HwLauncher(3555): Model filterDeskApps every installed Appscom.android.browser.BrowserActivity
04-23 22:52:06.975: I/HwLauncher(3555): Model filterDeskApps every installed Appscom.android.email.activity.Welcome
04-23 22:52:06.975: I/HwLauncher(3555): Model filterDeskApps every installed Appscom.android.contacts.activities.PeopleActivity
04-23 22:52:06.975: I/HwLauncher(3555): Model filterDeskApps every installed Appscom.android.contacts.activities.DialtactsActivity
04-23 22:52:06.975: I/HwLauncher(3555): Model filterDeskApps every installed Appscom.android.mms.ui.ConversationList
04-23 22:52:06.975: I/HwLauncher(3555): Model filterDeskApps every installed Appscom.example.android.notepad.NotePadActivity
04-23 22:52:06.975: I/HwLauncher(3555): Model filterDeskApps every installed Appscom.huawei.gallery.app.GalleryMain
04-23 22:52:06.975: I/HwLauncher(3555): Model filterDeskApps every installed Appscom.huawei.camera
04-23 22:52:06.975: I/HwLauncher(3555): Model filterDeskApps every installed Appscom.android.settings.HWSettings
04-23 22:52:06.975: I/HwLauncher(3555): Model filterDeskApps every installed Appscom.android.calculator2.Calculator
04-23 22:52:06.975: I/HwLauncher(3555): Model filterDeskApps every installed Appscom.android.calendar.AllInOneActivity
04-23 22:52:06.975: I/HwLauncher(3555): Model filterDeskApps every installed Appscom.google.android.apps.chrome.Main
04-23 22:52:06.975: I/HwLauncher(3555): Model filterDeskApps every installed Appscom.google.android.apps.docs.app.NewMainProxyActivity
04-23 22:52:06.975: I/HwLauncher(3555): Model filterDeskApps every installed Appscom.google.android.talk.SigningInActivity
04-23 22:52:06.975: I/HwLauncher(3555): Model filterDeskApps every installed Appscom.huawei.hidisk.filemanager.FileManager
04-23 22:52:06.975: I/HwLauncher(3555): Model filterDeskApps every installed Appscom.google.android.gm.ConversationListActivityGmail
04-23 22:52:06.975: I/HwLauncher(3555): Model filterDeskApps every installed Appscom.android.deskclock.AlarmsMainActivity
04-23 22:52:06.975: I/HwLauncher(3555): Model filterDeskApps every installed Appscom.huawei.android.hicloud.hisync.activity.NewHiSyncSettingActivity
04-23 22:52:06.975: I/HwLauncher(3555): Model filterDeskApps every installed Appscom.android.mediacenter.PageActivity
04-23 22:52:06.975: I/HwLauncher(3555): Model filterDeskApps every installed Appscom.google.android.youtube.videos.EntryPoint
04-23 22:52:06.975: I/HwLauncher(3555): Model filterDeskApps every installed Appscom.google.android.youtube.app.honeycomb.Shell$HomeActivity
04-23 22:52:06.975: I/HwLauncher(3555): Model filterDeskApps every installed Appscom.google.android.apps.plus.phone.ConversationListActivity
04-23 22:52:06.975: I/HwLauncher(3555): Model filterDeskApps every installed Appscom.android.music.activitymanagement.TopLevelActivity
04-23 22:52:06.975: I/HwLauncher(3555): Model filterDeskApps every installed Appscom.google.android.gms.app.settings.GoogleSettingsActivity
04-23 22:52:06.975: I/HwLauncher(3555): Model filterDeskApps every installed Appscom.android.vending.AssetBrowserActivity
04-23 22:52:06.975: I/HwLauncher(3555): Model filterDeskApps every installed Appscom.huawei.hwvplayer.framework.MainActivity
04-23 22:52:06.975: I/HwLauncher(3555): Model filterDeskApps every installed Appscom.android.systemui.flashlight.FlashlightActivity
04-23 22:52:06.975: I/HwLauncher(3555): Model filterDeskApps every installed Appscom.google.android.googlequicksearchbox.VoiceSearchActivity
04-23 22:52:06.975: I/HwLauncher(3555): Model filterDeskApps every installed Appscom.google.android.googlequicksearchbox.SearchActivity
04-23 22:52:06.975: I/HwLauncher(3555): Model filterDeskApps every installed Appscom.android.keyguard.keyguardplus.OneKeyLockActivity
04-23 22:52:06.975: I/HwLauncher(3555): Model filterDeskApps every installed Appscom.google.android.apps.books.app.BooksActivity
04-23 22:52:06.975: I/HwLauncher(3555): Model filterDeskApps every installed Appscom.android.providers.downloads.ui.DownloadList
04-23 22:52:06.975: I/HwLauncher(3555): Model filterDeskApps every installed Appscom.huawei.android.FMRadio.FMRadioMainActivity
04-23 22:52:06.975: I/HwLauncher(3555): Model filterDeskApps every installed Appscom.huawei.KoBackup.InitializeActivity
04-23 22:52:06.975: I/HwLauncher(3555): Model filterDeskApps every installed Appscom.android.soundrecorder.SoundRecorder
04-23 22:52:06.975: I/HwLauncher(3555): Model filterDeskApps every installed Appscom.huawei.android.thememanager.HwThemeManagerActivity
04-23 22:52:06.975: I/HwLauncher(3555): Model filterDeskApps every installed Appscom.huawei.magnifier.MagnifierActivity
04-23 22:52:06.975: I/HwLauncher(3555): Model filterDeskApps every installed Appscom.huawei.systemmanager.mainscreen.MainScreenActivity
04-23 22:52:06.975: I/HwLauncher(3555): Model filterDeskApps every installed Appscom.android.stk.StkLauncherActivity
04-23 22:52:06.975: I/HwLauncher(3555): Model filterDeskApps every installed Appscom.android.stk.StkLauncherActivity2
04-23 22:52:06.975: I/HwLauncher(3555): Model filterDeskApps every installed Appscom.google.android.apps.plus.phone.HomeActivity
04-23 22:52:06.975: I/HwLauncher(3555): Model filterDeskApps every installed Appscom.google.android.maps.MapsActivity
04-23 22:52:06.975: I/HwLauncher(3555): Model filterDeskApps every installed Appscom.google.apps.dots.android.app.activity.CurrentsStartActivity
04-23 22:52:06.975: I/HwLauncher(3555): Model filterDeskApps every installed Appscom.android.hwmirror.Mirror
04-23 22:52:06.975: I/HwLauncher(3555): Model filterDeskApps every installed Appscom.google.android.gms.games.ui.destination.main.MainActivity
04-23 22:52:06.975: I/HwLauncher(3555): Model filterDeskApps every installed Appscom.google.android.apps.mtaas.tools.activities.MainActivity
04-23 22:52:06.975: I/HwLauncher(3555): Model filterDeskApps every installed Appscom.google.android.apps.mtaas.backdrop.BackdropActivity
04-23 22:52:06.975: I/HwLauncher(3555): Model filterDeskApps every installed Appscom.google.android.apps.mtaas.testloop.TestLoopActivity
04-23 22:52:07.025: W/Settings(3174): Setting airplane_mode_on has moved from android.provider.Settings.System to android.provider.Settings.Global, returning read-only value.
04-23 22:52:07.025: W/Settings(3174): Setting airplane_mode_on has moved from android.provider.Settings.System to android.provider.Settings.Global, returning read-only value.
04-23 22:52:07.065: I/ContactsDatabaseHelper(8585): Locale change completed in 312ms
04-23 22:52:07.105: I/HwSystemManager(3669): ContactsObserverHelper:Receive contacts change broadcast
04-23 22:52:07.145: I/CardInfoDBAccessor(3510): getNetworkOperatorName showSpn = false spn = showPlmn = true plmn = Kein Dienst
04-23 22:52:07.145: I/CardInfoDBAccessor(3510): slotId: 1, operatorName: Kein Dienst
04-23 22:52:07.145: I/HwLauncher(3555): LauncherWallpaperManager wallpaper.width:1080
04-23 22:52:07.155: I/HwLauncher(3555): LauncherWallpaperManager wallpaper.width:1080
04-23 22:52:07.155: I/HwLauncher(3555): LauncherWallpaperManager prepareWallpaper : policy type = 0
04-23 22:52:07.155: I/HwLauncher(3555): LauncherWallpaperManager clearWallpaper
04-23 22:52:07.155: I/HwLauncher(3555): LauncherWallpaperManager mWallpaper : 0 x 0
04-23 22:52:07.155: I/HwLauncher(3555): HwTransion BG : 0 x 0
04-23 22:52:07.155: I/HwLauncher(3555): mWallpaper == BG : true
04-23 22:52:07.155: I/HwLauncher(3555): isLiveWallpaper : false
04-23 22:52:07.155: I/HwLauncher(3555): isPortWallpaperMode : false
04-23 22:52:07.155: I/HwLauncher(3555): isDrawWallpaperSelfEnabled : false
04-23 22:52:07.155: I/HwLauncher(3555): isSelfDrawAtScrollWallpaper : false
04-23 22:52:07.155: I/HwLauncher(3555): isTransparent Window : true
04-23 22:52:07.155: I/HwLauncher(3555): Launcher onWindowVisibilityChanged visibility = 0
04-23 22:52:07.155: I/HwSystemManager(3669): ContactsObserverHelper:Receive contacts change broadcast
04-23 22:52:07.165: W/StubController(14190): calendar access!
04-23 22:52:07.165: W/StubController(14190): calendar access!
04-23 22:52:07.165: W/StubController(14190): calendar access!
04-23 22:52:07.165: I/HwSystemManager(3669): BgPowerManagerService:onProcessDied uid = 10042
04-23 22:52:07.165: E/HsmCoreServiceImpl(2958): onTransact in code is: 102
04-23 22:52:07.165: I/MediaProcessHandler(2958): processOp opType: 1, uid: 10042, pid: 11769
04-23 22:52:07.165: W/MediaProcessHandler(2958): remove target not exist, maybe the UI process: uid: 10042, pid: 11769
04-23 22:52:07.165: I/HwSystemManager(3669): HoldService:uid:10042 pid:11769 died
04-23 22:52:07.165: I/HwSystemManager(3669): HoldService:oldVersionKey:10042,11769
04-23 22:52:07.175: I/PG Utils(3555): acquire_providerpkg:[com.huawei.motionservice] pid:[] maybe timeout , send to PG
04-23 22:52:07.185: I/CalendarSimpleUiPRovider(14190): loadEvent end update UI0
04-23 22:52:07.185: I/OpenGLRenderer(3555): Initialized EGL, version 1.4
04-23 22:52:07.195: I/CalendarSimpleUiPRovider(14190): loadEvent end update UI0
04-23 22:52:07.215: E/HwLauncher(3555): Workspace screenScrolledStandardUI Celllayout null pointer
04-23 22:52:07.215: I/CalendarSimpleUiPRovider(14190): loadEvent end update UI0
04-23 22:52:07.215: I/InCall(14272): InCallUIReceiver - clearNumberLocationMap size = 0; bForce = true
04-23 22:52:07.215: I/HwLauncher(3555): LauncherDeferredHandler Launcher has enter idle.queue size = 0
04-23 22:52:07.265: I/UpdateIcingCorporaServi(8762): Updating corpora: APPS=FORCE_ALL, CONTACTS=FORCE_ALL
04-23 22:52:07.295: I/HwEmailTag(14145): BaseWidgetProvider->WidgetProvider->onReceive->action is com.android.mail.ACTION_NOTIFY_DATASET_CHANGED
04-23 22:52:07.305: I/HwEmailTag(14145): BaseWidgetProvider->WidgetProvider->onReceive->action is com.android.mail.ACTION_NOTIFY_DATASET_CHANGED
04-23 22:52:07.315: I/HwLauncher(3555): Launcher.Utilities createIconBitmap classname = null, sourceWidth = 114, sourceHeight = 114
04-23 22:52:07.325: I/HwLauncher(3555): Launcher.IconCache, cacheLocked end Utilities.createIconBitmap entry.title = Browser
04-23 22:52:07.345: I/appproc(14356): CLASSPATH=/system/framework/settings.jar
04-23 22:52:07.345: I/appproc(14356): Command=app_process /system/bin com.android.commands.settings.SettingsCmd put system user_rotation 0
04-23 22:52:07.345: I/appproc(14356): app_process:number,6,0
04-23 22:52:07.345: I/AndroidRuntime(14356): readDownloadBoosterConfig: 'false'
04-23 22:52:07.355: I/HwLauncher(3555): Launcher.Utilities createIconBitmap classname = null, sourceWidth = 114, sourceHeight = 114
04-23 22:52:07.365: I/HwLauncher(3555): Launcher.IconCache, cacheLocked end Utilities.createIconBitmap entry.title = Chrome
04-23 22:52:07.375: I/HwLauncher(3555): Launcher.Utilities createIconBitmap classname = null, sourceWidth = 114, sourceHeight = 114
04-23 22:52:07.385: I/HwLauncher(3555): Launcher.IconCache, cacheLocked end Utilities.createIconBitmap entry.title = Dateien
04-23 22:52:07.385: W/System.err(3406): Can't open carrierweekinfo-conf.xml
04-23 22:52:07.395: I/HwLauncher(3555): Launcher.Utilities createIconBitmap classname = null, sourceWidth = 114, sourceHeight = 114
04-23 22:52:07.395: I/HwLauncher(3555): Launcher.IconCache, cacheLocked end Utilities.createIconBitmap entry.title = Daten​sicherung
04-23 22:52:07.405: E/WifiStateMachine(2958): ConnectedState !CMD_RSSI_POLL 1 0 "wl-ftl-mt03-1-24" 44:48:c1:91:9d:e0 rssi=-53 f=2412 sc=100 link=72 tx=0,2, 0,0, 0,0 rx=87,0 bcn=0 [on:0 tx:0 rx:0 period:3003] from screen [on:0 period:-1430372103] gl u24 rssi=-53 ag=0 hr ticks 0,0,0 ls-=0 [56,56,56,56,61] brc=0 lrc=0
04-23 22:52:07.405: E/WifiStateMachine(2958): L2ConnectedState !CMD_RSSI_POLL 1 0 "wl-ftl-mt03-1-24" 44:48:c1:91:9d:e0 rssi=-53 f=2412 sc=100 link=72 tx=0,2, 0,0, 0,0 rx=87,0 bcn=0 [on:0 tx:0 rx:0 period:1] from screen [on:0 period:-1430372102] gl u24 rssi=-53 ag=0 hr ticks 0,0,0 ls-=0 [56,56,56,56,61] brc=0 lrc=0
04-23 22:52:07.405: E/WifiStateMachine(2958): fetchRssiLinkSpeedAndFrequencyNative rssi=-53 linkspeed=72 SSID="wl-ftl-mt03-1-24"
04-23 22:52:07.405: E/WifiStateMachine(2958): calculateWifiScore freq=2412 speed=72 score=100 highRSSI -> txbadrate=0,00 txgoodrate=0,08 txretriesrate=0,00 rxrate=97,98 userTriggerdPenalty0
04-23 22:52:07.405: E/WifiStateMachine(2958): good link -> stuck count =0
04-23 22:52:07.405: E/WifiStateMachine(2958): badRSSI count0 lowRSSI count0 --> score 56
04-23 22:52:07.405: E/WifiStateMachine(2958): isHighRSSI ---> score=61
04-23 22:52:07.425: W/Settings(3174): Setting airplane_mode_on has moved from android.provider.Settings.System to android.provider.Settings.Global, returning read-only value.
04-23 22:52:07.425: W/Settings(3174): Setting airplane_mode_on has moved from android.provider.Settings.System to android.provider.Settings.Global, returning read-only value.
04-23 22:52:07.435: I/PG Utils(3555): acquire_providerpkg:[com.huawei.motionservice] pid:[] maybe timeout , send to PG
04-23 22:52:07.435: I/PG Utils(3555): [
04-23 22:52:07.495 14356:14356 I/ ]
04-23 22:52:07.435: I/PG Utils(3555): power log dlsym ok
04-23 22:52:07.495: I/HwSystemManager(3669): HoldService:uid:1001 pid:11808 died
04-23 22:52:07.495: I/HwSystemManager(3669): HoldService:oldVersionKey:1001,11808
04-23 22:52:07.495: I/HwSystemManager(3669): BgPowerManagerService:onProcessDied uid = 1001
04-23 22:52:07.495: E/HsmCoreServiceImpl(2958): onTransact in code is: 102
04-23 22:52:07.495: W/MediaProcessHandler(2958): processOp uid 1001 is not concerned!
04-23 22:52:07.505: I/PG Utils(3555): acquire_providerpkg:[com.huawei.motionservice] pid:[] maybe timeout , send to PG
04-23 22:52:07.515: W/MotionDetectionManager(3555): startMotionAppsReco motionApps: 402 disabled
04-23 22:52:07.515: W/HwLauncher(3555): Launcher.MotionManager startMotionAppsReco service flg 402 is unavailable
04-23 22:52:07.525: I/System(3406): core_booster, getBoosterConfig = false
04-23 22:52:07.525: W/StubController(14190): calendar access!
04-23 22:52:07.535: I/PG Utils(14190): acquire_providerpkg:[com.android.providers.calendar] pid:[] maybe timeout , send to PG
04-23 22:52:07.535: W/StubController(14190): calendar access!
04-23 22:52:07.535: I/System(3406): core_booster, getBoosterConfig = false
04-23 22:52:07.545: I/System(3406): core_booster, getBoosterConfig = false
04-23 22:52:07.545: E/android_hardware_fm.cpp(14356): register_android_hardware_fm_fmradio
04-23 22:52:07.545: I/android_hardware_fm.cpp(14356): ========64bit long size = 8
04-23 22:52:07.545: E/FM_HAL(14356): [FM_HAL], libname is libhisifm_if
04-23 22:52:07.545: I/fm_hisi(14356): FM::[fm_device_open:4655] fm_device_open
04-23 22:52:07.545: I/fm_hisi(14356): FM::[fm_device_open:4666] find the id:libhisifm_if and begins to open the device
04-23 22:52:07.545: I/fm_hisi(14356): FM::[fm_device_open:4710] device open sucess
04-23 22:52:07.545: E/android_hardware_fm.cpp(14356): register_android_hardware_fm_fmradio, ret is 0
04-23 22:52:07.555: W/Settings(3174): Setting airplane_mode_on has moved from android.provider.Settings.System to android.provider.Settings.Global, returning read-only value.
04-23 22:52:07.565: W/Settings(3174): Setting airplane_mode_on has moved from android.provider.Settings.System to android.provider.Settings.Global, returning read-only value.
04-23 22:52:07.565: I/PhoneStatusBar(3174): notification pkg =com.android.server.telecom
04-23 22:52:07.565: I/PhoneStatusBar(3174): notification provisioned=true, score =0, [score > HIDE_ICONS_BELOW_SCORE] =true, showNotificationEvenIfUnprovisioned = false
04-23 22:52:07.565: I/PhoneStatusBar(3174): notification pkg =android
04-23 22:52:07.565: I/PhoneStatusBar(3174): notification provisioned=true, score =-10, [score > HIDE_ICONS_BELOW_SCORE] =true, showNotificationEvenIfUnprovisioned = false
04-23 22:52:07.595: I/art(3174): Can not find class: Lhuawei/android/view/FrameLayout;
04-23 22:52:07.595: I/art(3174): Can not find class: Lhuawei/android/widget/FrameLayout;
04-23 22:52:07.595: I/art(3174): Can not find class: Lhuawei/android/view/ImageView;
04-23 22:52:07.595: I/art(3174): Can not find class: Lhuawei/android/widget/ImageView;
04-23 22:52:07.595: I/art(3174): Can not find class: Lhuawei/android/view/LinearLayout;
04-23 22:52:07.595: I/art(3174): Can not find class: Lhuawei/android/widget/LinearLayout;
04-23 22:52:07.595: I/art(3174): Can not find class: Lhuawei/android/view/TextView;
04-23 22:52:07.595: I/art(3174): Can not find class: Lhuawei/android/widget/TextView;
04-23 22:52:07.595: I/art(3174): Can not find class: Lhuawei/android/view/ViewStub;
04-23 22:52:07.595: I/art(3174): Can not find class: Lhuawei/android/widget/ViewStub;
04-23 22:52:07.595: I/art(3174): Can not find class: Landroid/widget/ViewStub;
04-23 22:52:07.595: I/art(3174): Can not find class: Landroid/webkit/ViewStub;
04-23 22:52:07.595: I/art(3174): Can not find class: Landroid/app/ViewStub;
04-23 22:52:07.605: I/PG Utils(3555): acquire_providerpkg:[com.huawei.android.thememanager] pid:[] maybe timeout , send to PG
04-23 22:52:07.605: I/art(3174): Can not find class: Lhuawei/android/view/LinearLayout;
04-23 22:52:07.605: I/art(3174): Can not find class: Lhuawei/android/widget/LinearLayout;
04-23 22:52:07.615: I/art(3174): Can not find class: Lhuawei/android/view/RelativeLayout;
04-23 22:52:07.615: I/art(3174): Can not find class: Lhuawei/android/widget/RelativeLayout;
04-23 22:52:07.615: I/art(3174): Can not find class: Lhuawei/android/view/ImageView;
04-23 22:52:07.615: I/art(3174): Can not find class: Lhuawei/android/widget/ImageView;
04-23 22:52:07.615: I/art(3174): Can not find class: Lhuawei/android/view/TextView;
04-23 22:52:07.615: I/art(3174): Can not find class: Lhuawei/android/widget/TextView;
04-23 22:52:07.615: I/art(3174): Can not find class: Lhuawei/android/view/Button;
04-23 22:52:07.615: I/art(3174): Can not find class: Lhuawei/android/widget/Button;
04-23 22:52:07.625: I/art(3174): Can not find class: Lhuawei/android/view/LinearLayout;
04-23 22:52:07.625: I/art(3174): Can not find class: Lhuawei/android/widget/LinearLayout;
04-23 22:52:07.625: I/art(3174): Can not find class: Lhuawei/android/view/Button;
04-23 22:52:07.635: I/art(3174): Can not find class: Lhuawei/android/widget/Button;
04-23 22:52:07.635: I/ActivityManager(2958): filter receiver for action = com.android.calendar.APPWIDGET_UPDATE
04-23 22:52:07.645: I/art(3174): Can not find class: Lhuawei/android/view/ImageView;
04-23 22:52:07.645: I/art(3174): Can not find class: Lhuawei/android/widget/ImageView;
04-23 22:52:07.645: I/HwCust(14403): Constructor found for class com.huawei.android.thememanager.common.HwCustThemeHelperImpl
04-23 22:52:07.655: W/ResourceType(2958): No package identifier when getting name for resource number 0x00000000
04-23 22:52:07.655: W/HwPackageManagerService(2958): packageName com.google.android.apps.mtaas.testloop: ResourcesPackageName not found !
04-23 22:52:07.675: I/PhoneStatusBar(3174): notification pkg =com.android.settings
04-23 22:52:07.675: I/PhoneStatusBar(3174): notification provisioned=true, score =10, [score > HIDE_ICONS_BELOW_SCORE] =true, showNotificationEvenIfUnprovisioned = false
04-23 22:52:07.675: I/PhoneStatusBar(3174): notification pkg =com.android.server.telecom
04-23 22:52:07.675: I/PhoneStatusBar(3174): notification provisioned=true, score =0, [score > HIDE_ICONS_BELOW_SCORE] =true, showNotificationEvenIfUnprovisioned = false
04-23 22:52:07.675: I/PhoneStatusBar(3174): notification pkg =android
04-23 22:52:07.675: I/PhoneStatusBar(3174): notification provisioned=true, score =-10, [score > HIDE_ICONS_BELOW_SCORE] =true, showNotificationEvenIfUnprovisioned = false
04-23 22:52:07.685: I/Choreographer(3174): Skipped 70 frames! The application may be doing too much work on its main thread.
04-23 22:52:07.705: E/HwLauncher(3555): NewThemeUpdateContentObserver getNewThemeCount: android.database.CursorIndexOutOfBoundsException: Index 0 requested, with a size of 0
04-23 22:52:07.705: I/HwLauncher(3555): NewThemeUpdateContentObserver newThemeCount: 0
04-23 22:52:07.715: I/HwLauncher(3555): Launcher.Utilities createIconBitmap classname = null, sourceWidth = 114, sourceHeight = 114
04-23 22:52:07.715: I/HwLauncher(3555): Launcher.IconCache, cacheLocked end Utilities.createIconBitmap entry.title = Designs
04-23 22:52:07.725: W/View(3174): requestLayout() improperly called by com.android.systemui.statusbar.phone.CarrierLabel{1142d1e2 VFED.... ......ID 22,0-225,14 #7f0d0074 app:id/carrier_label0} during layout: running second layout pass
04-23 22:52:07.725: W/View(3174): requestLayout() improperly called by android.widget.ImageView{2c326973 V.ED.... ......ID 225,4-239,10 #7f0d0073 app:id/status_bar_expand_carried_point} during layout: running second layout pass
04-23 22:52:07.725: W/View(3174): requestLayout() improperly called by com.android.systemui.statusbar.phone.CarrierLabel{2f8a2030 VFED.... ......ID 239,0-442,14 #7f0d0075 app:id/carrier_label1} during layout: running second layout pass
04-23 22:52:07.725: I/HwLauncher(3555): Launcher.Utilities createIconBitmap classname = null, sourceWidth = 114, sourceHeight = 114
04-23 22:52:07.735: I/HwLauncher(3555): Launcher.IconCache, cacheLocked end Utilities.createIconBitmap entry.title = Device Details
04-23 22:52:07.735: I/HwLauncher(3555): Launcher.Utilities createIconBitmap classname = null, sourceWidth = 114, sourceHeight = 114
04-23 22:52:07.745: I/HwLauncher(3555): Launcher.IconCache, cacheLocked end Utilities.createIconBitmap entry.title = Display-Sperre
04-23 22:52:07.745: I/HwLauncher(3555): Launcher.Utilities createIconBitmap classname = null, sourceWidth = 114, sourceHeight = 114
04-23 22:52:07.745: I/HwLauncher(3555): Launcher.IconCache, cacheLocked end Utilities.createIconBitmap entry.title = Downloads
04-23 22:52:07.765: I/art(2958): Can not find class: Lcom/android/server/wm/BlackFrame;
04-23 22:52:07.765: I/art(2958): Can not find class: Lcom/android/server/wm/BlackFrame$BlackSurface;
04-23 22:52:07.795: I/TimeManager(3174): hand message 1
04-23 22:52:07.795: I/TimeManager(3174): notify time change. size = 2
04-23 22:52:07.795: I/TimeLayout(3174): time = 10:52 nachm.
04-23 22:52:07.795: I/TimeLayout(3174): updateDate date = 23.04.2020
04-23 22:52:07.805: I/TimeLayout(3174): weekDay = Donnerstag
04-23 22:52:07.805: I/TimeManager(3174): hand message 1
04-23 22:52:07.805: I/TimeManager(3174): notify time change. size = 2
04-23 22:52:07.805: I/TimeLayout(3174): time = 10:52 nachm.
04-23 22:52:07.815: I/TimeLayout(3174): updateDate date = 23.04.2020
04-23 22:52:07.815: I/TimeLayout(3174): weekDay = Donnerstag
04-23 22:52:07.815: I/PG Utils(3555): acquire_providerpkg:[com.android.email] pid:[] maybe timeout , send to PG
04-23 22:52:07.815: W/Settings(3174): Setting airplane_mode_on has moved from android.provider.Settings.System to android.provider.Settings.Global, returning read-only value.
04-23 22:52:07.815: I/HwSystemManager(3669): HoldService:uid:1001 pid:11849 died
04-23 22:52:07.815: I/HwSystemManager(3669): HoldService:oldVersionKey:1001,11849
04-23 22:52:07.815: I/CalendarProvider2(14217): Sending notification intent: Intent { act=android.intent.action.PROVIDER_CHANGED dat=content://com.android.calendar }
04-23 22:52:07.815: I/HwSystemManager(3669): BgPowerManagerService:onProcessDied uid = 1001
04-23 22:52:07.815: I/HwEmailTag(14145): EmailProvider->query->1587707527832;end;;consuming:2ms;
04-23 22:52:07.815: E/HsmCoreServiceImpl(2958): onTransact in code is: 102
04-23 22:52:07.815: W/ContentResolver(14217): Failed to get type for: content://com.android.calendar (Unknown URL content://com.android.calendar)
04-23 22:52:07.815: W/MediaProcessHandler(2958): processOp uid 1001 is not concerned!
04-23 22:52:07.825: I/ActivityManager(2958): filter receiver for action = android.intent.action.PROVIDER_CHANGED
04-23 22:52:07.845: I/PG Utils(2958): broadcastpkg:[com.google.android.talk] pid:[null] maybe timeout , send to PG
04-23 22:52:07.845: W/Settings(3174): Setting airplane_mode_on has moved from android.provider.Settings.System to android.provider.Settings.Global, returning read-only value.
04-23 22:52:07.855: I/HwLauncher(3555): NewEmailContentObserver nNewEmail: 0
04-23 22:52:07.855: W/StubController(14190): calendar access!
04-23 22:52:07.855: W/StubController(14190): calendar access!
04-23 22:52:07.865: I/HwLauncher(3555): Launcher.Utilities createIconBitmap classname = null, sourceWidth = 114, sourceHeight = 114
04-23 22:52:07.865: I/Icing(12759): IndexChimeraService.getServiceInterface callingPackage=com.google.android.googlequicksearchbox componentName=null serviceId=36
04-23 22:52:07.865: I/CalendarSimpleUiPRovider(14190): onReceive[intent]Intent { act=android.intent.action.PROVIDER_CHANGED dat=content://com.android.calendar flg=0x10 cmp=com.android.calendar/.simpleui.CalendarSimpleUiPRovider }
04-23 22:52:07.865: I/CalendarSimpleUiPRovider(14190): onConfigurationChanged
04-23 22:52:07.865: I/HwLauncher(3555): Launcher.IconCache, cacheLocked end Utilities.createIconBitmap entry.title = E-Mail
04-23 22:52:07.865: I/CalendarSimpleUiPRovider(14190): initParams20200423T225207America/Los_Angeles(4,113,-25200,1,1587707527)
04-23 22:52:07.865: W/StubController(14190): calendar access!
04-23 22:52:07.865: I/PG Utils(12759): acquire_providerpkg:[com.google.android.gsf] pid:[] maybe timeout , send to PG
04-23 22:52:07.865: I/PG Utils(14190): acquire_providerpkg:[com.android.providers.calendar] pid:[] maybe timeout , send to PG
04-23 22:52:07.865: I/PG Utils(14190): acquire_providerpkg:[com.android.providers.calendar] pid:[] maybe timeout , send to PG
04-23 22:52:07.875: I/HwLauncher(3555): Launcher.Utilities createIconBitmap classname = null, sourceWidth = 114, sourceHeight = 114
04-23 22:52:07.885: I/HwLauncher(3555): Launcher.IconCache, cacheLocked end Utilities.createIconBitmap entry.title = Ein​stellungen
04-23 22:52:07.885: I/PG Utils(12759): acquire_providerpkg:[com.google.android.gsf] pid:[] maybe timeout , send to PG
04-23 22:52:07.885: W/StubController(14190): calendar access!
04-23 22:52:07.885: I/IcingInternalCorpora(12759): Received calendar change notification.
04-23 22:52:07.905: I/HwLauncher(3555): Launcher.Utilities createIconBitmap classname = null, sourceWidth = 114, sourceHeight = 114
04-23 22:52:07.905: I/CalendarSimpleUiPRovider(14190): loadEvent end update UI0
04-23 22:52:07.905: I/HwLauncher(3555): Launcher.IconCache, cacheLocked end Utilities.createIconBitmap entry.title = FM-Radio
04-23 22:52:07.915: I/HwLauncher(3555): Launcher.Utilities createIconBitmap classname = null, sourceWidth = 114, sourceHeight = 114
04-23 22:52:07.925: I/HwLauncher(3555): Launcher.IconCache, cacheLocked end Utilities.createIconBitmap entry.title = Fotos
04-23 22:52:07.925: I/HwLauncher(3555): Launcher.Utilities createIconBitmap classname = null, sourceWidth = 114, sourceHeight = 114
04-23 22:52:07.935: I/HwLauncher(3555): Launcher.IconCache, cacheLocked end Utilities.createIconBitmap entry.title = Galerie
04-23 22:52:07.945: I/HwLauncher(3555): Launcher.Utilities createIconBitmap classname = null, sourceWidth = 114, sourceHeight = 114
04-23 22:52:07.945: I/art(9488): Explicit concurrent mark sweep GC freed 3826(152KB) AllocSpace objects, 0(0B) LOS objects, 24% free, 13MB/18MB, paused 532us total 37.762ms
04-23 22:52:07.945: I/HwLauncher(3555): Launcher.IconCache, cacheLocked end Utilities.createIconBitmap entry.title = Gmail
04-23 22:52:07.955: I/HwLauncher(3555): Launcher.Utilities createIconBitmap classname = null, sourceWidth = 114, sourceHeight = 114
04-23 22:52:07.955: I/HwLauncher(3555): Launcher.IconCache, cacheLocked end Utilities.createIconBitmap entry.title = Google
04-23 22:52:07.975: I/HwLauncher(3555): Launcher.Utilities createIconBitmap classname = null, sourceWidth = 114, sourceHeight = 114
04-23 22:52:07.975: I/HwLauncher(3555): Launcher.IconCache, cacheLocked end Utilities.createIconBitmap entry.title = Google Drive
04-23 22:52:07.985: I/HwLauncher(3555): Launcher.Utilities createIconBitmap classname = null, sourceWidth = 114, sourceHeight = 114
04-23 22:52:07.985: I/HwLauncher(3555): Launcher.IconCache, cacheLocked end Utilities.createIconBitmap entry.title = Google Einstellungen
04-23 22:52:07.995: I/HwLauncher(3555): Launcher.Utilities createIconBitmap classname = null, sourceWidth = 114, sourceHeight = 114
04-23 22:52:07.995: I/HwLauncher(3555): Launcher.IconCache, cacheLocked end Utilities.createIconBitmap entry.title = Google+
04-23 22:52:08.005: I/HwLauncher(3555): Launcher.Utilities createIconBitmap classname = null, sourceWidth = 114, sourceHeight = 114
04-23 22:52:08.005: I/HwLauncher(3555): Launcher.IconCache, cacheLocked end Utilities.createIconBitmap entry.title = Hangouts
04-23 22:52:08.015: I/HwLauncher(3555): Launcher.Utilities createIconBitmap classname = null, sourceWidth = 114, sourceHeight = 114
04-23 22:52:08.015: I/HwLauncher(3555): Launcher.IconCache, cacheLocked end Utilities.createIconBitmap entry.title = Huawei Cloud+
04-23 22:52:08.025: I/HwLauncher(3555): Launcher.Utilities createIconBitmap classname = null, sourceWidth = 114, sourceHeight = 114
04-23 22:52:08.025: I/HwLauncher(3555): Launcher.IconCache, cacheLocked end Utilities.createIconBitmap entry.title = Kalender
04-23 22:52:08.035: I/HwLauncher(3555): Launcher.Utilities createIconBitmap classname = null, sourceWidth = 114, sourceHeight = 114
04-23 22:52:08.035: I/HwLauncher(3555): Launcher.IconCache, cacheLocked end Utilities.createIconBitmap entry.title = Kamera
04-23 22:52:08.045: I/HwLauncher(3555): Launcher.Utilities createIconBitmap classname = null, sourceWidth = 114, sourceHeight = 114
04-23 22:52:08.055: I/HwLauncher(3555): Launcher.IconCache, cacheLocked end Utilities.createIconBitmap entry.title = Kontakte
04-23 22:52:08.055: I/HwLauncher(3555): Launcher.Utilities createIconBitmap classname = null, sourceWidth = 114, sourceHeight = 114
04-23 22:52:08.055: I/HwLauncher(3555): Launcher.IconCache, cacheLocked end Utilities.createIconBitmap entry.title = Lupe
04-23 22:52:08.065: I/PG Utils(12759): acquire_providerpkg:[com.google.android.gsf] pid:[] maybe timeout , send to PG
04-23 22:52:08.075: I/PG Utils(12759): acquire_providerpkg:[com.google.android.gsf] pid:[] maybe timeout , send to PG
04-23 22:52:08.075: I/HwSystemManager(3669): HoldService:uid:10057 pid:11874 died
04-23 22:52:08.075: I/HwSystemManager(3669): HoldService:oldVersionKey:10057,11874
04-23 22:52:08.075: I/HwSystemManager(3669): BgPowerManagerService:onProcessDied uid = 10057
04-23 22:52:08.075: E/HsmCoreServiceImpl(2958): onTransact in code is: 102
04-23 22:52:08.075: I/MediaProcessHandler(2958): processOp opType: 1, uid: 10057, pid: 11874
04-23 22:52:08.075: W/MediaProcessHandler(2958): remove target not exist, maybe the UI process: uid: 10057, pid: 11874
04-23 22:52:08.075: I/PG Utils(8762): acquire_providerpkg:[com.android.providers.contacts] pid:[] maybe timeout , send to PG
04-23 22:52:08.075: I/appproc(14480): CLASSPATH=/system/framework/settings.jar
04-23 22:52:08.075: I/appproc(14480): Command=app_process /system/bin com.android.commands.settings.SettingsCmd put secure immersive_mode_confirmations confirmed
04-23 22:52:08.075: I/appproc(14480): app_process:number,6,0
04-23 22:52:08.085: I/AndroidRuntime(14480): readDownloadBoosterConfig: 'false'
04-23 22:52:08.085: I/HwLauncher(3555): Launcher.Utilities createIconBitmap classname = null, sourceWidth = 114, sourceHeight = 114
04-23 22:52:08.095: I/HwLauncher(3555): Launcher.IconCache, cacheLocked end Utilities.createIconBitmap entry.title = Maps
04-23 22:52:08.105: I/HwLauncher(3555): Launcher.Utilities createIconBitmap classname = null, sourceWidth = 114, sourceHeight = 114
04-23 22:52:08.105: I/PG Utils(12759): acquire_providerpkg:[com.google.android.gsf] pid:[] maybe timeout , send to PG
04-23 22:52:08.115: I/PG Utils(9989): acquire_providerpkg:[com.google.android.gsf] pid:[] maybe timeout , send to PG
04-23 22:52:08.125: I/HwLauncher(3555): Launcher.IconCache, cacheLocked end Utilities.createIconBitmap entry.title = Memo
04-23 22:52:08.135: W/Icing(12759): No valid account for uploading user actions
04-23 22:52:08.135: I/PG Utils(12759): acquire_providerpkg:[com.google.android.gsf] pid:[] maybe timeout , send to PG
04-23 22:52:08.145: I/HwLauncher(3555): Launcher.Utilities createIconBitmap classname = null, sourceWidth = 114, sourceHeight = 114
04-23 22:52:08.145: I/HwLauncher(3555): Launcher.IconCache, cacheLocked end Utilities.createIconBitmap entry.title = MTaaS Tools
04-23 22:52:08.155: I/UpdateIcingCorporaServi(8762): UpdateCorporaTask done [took 882 ms] updated apps [took 735 ms] updated contacts [took 147 ms]
04-23 22:52:08.155: I/HwLauncher(3555): Launcher.Utilities createIconBitmap classname = null, sourceWidth = 114, sourceHeight = 114
04-23 22:52:08.155: I/HwLauncher(3555): Launcher.IconCache, cacheLocked end Utilities.createIconBitmap entry.title = Musik
04-23 22:52:08.175: I/Icing(12759): Usage reports ok 0, Failed Usage reports 0, indexed 0, rejected 0
04-23 22:52:08.175: I/Icing(12759): [
04-23 22:52:08.225 14480:14480 I/ ]
04-23 22:52:08.175: I/Icing(12759): power log dlsym ok
04-23 22:52:08.265: I/HwSystemManager(3669): HoldService:uid:1000 pid:6704 died
04-23 22:52:08.265: I/HwSystemManager(3669): HoldService:oldVersionKey:1000,6704
04-23 22:52:08.265: I/HwSystemManager(3669): BgPowerManagerService:onProcessDied uid = 1000
04-23 22:52:08.265: E/HsmCoreServiceImpl(2958): onTransact in code is: 102
04-23 22:52:08.265: W/MediaProcessHandler(2958): processOp uid 1000 is not concerned!
04-23 22:52:08.275: E/android_hardware_fm.cpp(14480): register_android_hardware_fm_fmradio
04-23 22:52:08.275: I/android_hardware_fm.cpp(14480): ========64bit long size = 8
04-23 22:52:08.275: E/FM_HAL(14480): [FM_HAL], libname is libhisifm_if
04-23 22:52:08.275: I/fm_hisi(14480): FM::[fm_device_open:4655] fm_device_open
04-23 22:52:08.275: I/fm_hisi(14480): FM::[fm_device_open:4666] find the id:libhisifm_if and begins to open the device
04-23 22:52:08.275: I/fm_hisi(14480): FM::[fm_device_open:4710] device open sucess
04-23 22:52:08.275: E/android_hardware_fm.cpp(14480): register_android_hardware_fm_fmradio, ret is 0
04-23 22:52:08.275: I/PG Utils(12759): acquire_providerpkg:[com.google.android.gsf] pid:[] maybe timeout , send to PG
04-23 22:52:08.295: I/HwLauncher(3555): Launcher.Utilities createIconBitmap classname = null, sourceWidth = 114, sourceHeight = 114
04-23 22:52:08.295: I/HwLauncher(3555): Launcher.IconCache, cacheLocked end Utilities.createIconBitmap entry.title = Nachrichten
04-23 22:52:08.305: I/HwLauncher(3555): Launcher.Utilities createIconBitmap classname = null, sourceWidth = 114, sourceHeight = 114
04-23 22:52:08.315: I/HwLauncher(3555): Launcher.IconCache, cacheLocked end Utilities.createIconBitmap entry.title = Play Bücher
04-23 22:52:08.325: I/HwLauncher(3555): Launcher.Utilities createIconBitmap classname = null, sourceWidth = 114, sourceHeight = 114
04-23 22:52:08.325: I/HwLauncher(3555): Launcher.IconCache, cacheLocked end Utilities.createIconBitmap entry.title = Play Filme & TV
04-23 22:52:08.335: I/HwLauncher(3555): Launcher.Utilities createIconBitmap classname = null, sourceWidth = 114, sourceHeight = 114
04-23 22:52:08.335: I/HwLauncher(3555): Launcher.IconCache, cacheLocked end Utilities.createIconBitmap entry.title = Play Kiosk
04-23 22:52:08.355: I/HwEmailTag(14145): EmailProvider->query->1587707528364;end;;consuming:1ms;
04-23 22:52:08.355: I/HwLauncher(3555): Launcher.Utilities createIconBitmap classname = null, sourceWidth = 114, sourceHeight = 114
04-23 22:52:08.355: I/HwLauncher(3555): Launcher.IconCache, cacheLocked end Utilities.createIconBitmap entry.title = Play Musik
04-23 22:52:08.365: I/HwLauncher(3555): Launcher.Utilities createIconBitmap classname = null, sourceWidth = 114, sourceHeight = 114
04-23 22:52:08.365: I/HwLauncher(3555): Launcher.IconCache, cacheLocked end Utilities.createIconBitmap entry.title = Play Spiele
04-23 22:52:08.375: I/HwEmailTag(14145): EmailApplication->handleMessage->startService CleanRecipientAddressService
04-23 22:52:08.385: I/HwLauncher(3555): Launcher.Utilities createIconBitmap classname = null, sourceWidth = 114, sourceHeight = 114
04-23 22:52:08.385: I/HwLauncher(3555): Launcher.IconCache, cacheLocked end Utilities.createIconBitmap entry.title = Play Store
04-23 22:52:08.385: I/HwLauncher(3555): Launcher.Utilities createIconBitmap classname = null, sourceWidth = 114, sourceHeight = 114
04-23 22:52:08.385: I/HwLauncher(3555): Launcher.IconCache, cacheLocked end Utilities.createIconBitmap entry.title = Rechner
04-23 22:52:08.395: I/HwLauncher(3555): Launcher.Utilities createIconBitmap classname = null, sourceWidth = 114, sourceHeight = 114
04-23 22:52:08.395: I/HwLauncher(3555): Launcher.IconCache, cacheLocked end Utilities.createIconBitmap entry.title = Rekorder
04-23 22:52:08.425: I/HwEmailTag(14145): Device->updateDeviceIdIfNeeded
04-23 22:52:08.425: I/HwEmailTag(14145): CleanRecipient->onCreate
04-23 22:52:08.425: I/HwEmailTag(14145): Device->updateDeviceIdIfNeeded->doInBackground
04-23 22:52:08.435: I/HwEmailTag(14145): Device->getDeviceId->
04-23 22:52:08.435: I/HwEmailTag(14145): CleanRecipient->onStartCommand->action is null
04-23 22:52:08.435: I/HwLauncher(3555): Launcher.IconCache changeStkTitleBySim() title from stk db = SIM Toolkit
04-23 22:52:08.435: I/HwEmailTag(14145): CleanRecipient->onHandleIntent->action is null
04-23 22:52:08.435: I/HwEmailTag(14145): Device->getDeviceIdInternal->isUpdate:false
04-23 22:52:08.435: I/HwEmailTag(14145): Device->getDeviceIdInternal->get id from deviceName, return successfully.
04-23 22:52:08.435: I/HwEmailTag(14145): Device->updateDeviceIdIfNeeded->deviceId is consistent id , return directly.
04-23 22:52:08.435: I/HwEmailTag(14145): AccountReconciler->reconcileAccountsInternal->consuming:83ms
04-23 22:52:08.435: I/HwLauncher(3555): Launcher.Utilities createIconBitmap classname = null, sourceWidth = 114, sourceHeight = 114
04-23 22:52:08.445: I/HwLauncher(3555): Launcher.IconCache, cacheLocked end Utilities.createIconBitmap entry.title = SIM Toolkit
04-23 22:52:08.455: I/HwLauncher(3555): Launcher.IconCache changeStkTitleBySim() title from stk db = SIM Toolkit
04-23 22:52:08.455: I/HwLauncher(3555): Launcher.Utilities createIconBitmap classname = null, sourceWidth = 114, sourceHeight = 114
04-23 22:52:08.465: I/HwLauncher(3555): Launcher.IconCache, cacheLocked end Utilities.createIconBitmap entry.title = SIM Toolkit
04-23 22:52:08.465: I/art(12759): Explicit concurrent mark sweep GC freed 94901(5MB) AllocSpace objects, 11(220KB) LOS objects, 33% free, 31MB/47MB, paused 1.570ms total 184.390ms
04-23 22:52:08.475: I/HwEmailTag(14145): CleanRecipient->onHandleIntent-> clean RecipientAddress done, nothing changed!!
04-23 22:52:08.475: I/HwEmailTag(14145): CleanRecipient->onDestroy
04-23 22:52:08.475: I/HwLauncher(3555): Launcher.Utilities createIconBitmap classname = null, sourceWidth = 114, sourceHeight = 114
04-23 22:52:08.475: I/Icing(12759): IndexChimeraService.getServiceInterface callingPackage=com.google.android.gms componentName=null serviceId=30
04-23 22:52:08.475: I/HwLauncher(3555): Launcher.IconCache, cacheLocked end Utilities.createIconBitmap entry.title = Spiegel
04-23 22:52:08.495: I/HwLauncher(3555): Launcher.Utilities createIconBitmap classname = null, sourceWidth = 114, sourceHeight = 114
04-23 22:52:08.495: I/HwLauncher(3555): Launcher.IconCache, cacheLocked end Utilities.createIconBitmap entry.title = Sprachsuche
04-23 22:52:08.495: W/Icing(12759): No valid account for uploading user actions
04-23 22:52:08.495: I/Icing(12759): Usage reports ok 0, Failed Usage reports 0, indexed 0, rejected 0
04-23 22:52:08.505: I/HwLauncher(3555): Launcher.Utilities createIconBitmap classname = null, sourceWidth = 114, sourceHeight = 114
04-23 22:52:08.505: I/HwLauncher(3555): Launcher.IconCache, cacheLocked end Utilities.createIconBitmap entry.title = Taschen​lampe
04-23 22:52:08.505: I/PG Utils(3555): acquire_providerpkg:[com.android.providers.contacts] pid:[] maybe timeout , send to PG
04-23 22:52:08.515: I/HwCust(14505): Constructor found for class com.android.emailcommon.provider.HwCustPolicyImpl
04-23 22:52:08.525: I/HwEmailTag(14505): EmailContent->init->consuming:18ms->;-prefixstartupperformance-
04-23 22:52:08.525: I/HwEmailTag(14505): Exchange->onCreate
04-23 22:52:08.535: I/PG Utils(14505): acquire_providerpkg:[com.android.email] pid:[] maybe timeout , send to PG
04-23 22:52:08.545: I/HwLauncher(3555): Launcher.Utilities createIconBitmap classname = null, sourceWidth = 114, sourceHeight = 114
04-23 22:52:08.545: I/HwLauncher(3555): Launcher.IconCache, cacheLocked end Utilities.createIconBitmap entry.title = Telefon
04-23 22:52:08.555: I/PG Utils(14505): acquire_providerpkg:[com.android.email] pid:[] maybe timeout , send to PG
04-23 22:52:08.555: I/HwEmailTag(14145): EmailProvider->query->1587707528568;end;;consuming:2ms;
04-23 22:52:08.555: I/HwLauncher(3555): Launcher.Utilities createIconBitmap classname = null, sourceWidth = 114, sourceHeight = 114
04-23 22:52:08.555: I/HwLauncher(3555): Launcher.IconCache, cacheLocked end Utilities.createIconBitmap entry.title = Telefon​manager
04-23 22:52:08.565: I/HwEmailTag(14505): PingSyncSynchronizer->PSS->->PSS has no active accounts; stopping service.
04-23 22:52:08.565: W/ResourceType(2958): No package identifier when getting name for resource number 0x00000000
04-23 22:52:08.565: W/HwPackageManagerService(2958): packageName com.google.android.apps.mtaas.testloop: ResourcesPackageName not found !
04-23 22:52:08.565: I/HwLauncher(3555): Launcher.Utilities createIconBitmap classname = null, sourceWidth = 96, sourceHeight = 96
04-23 22:52:08.575: I/HwLauncher(3555): Launcher.IconCache, cacheLocked end Utilities.createIconBitmap entry.title = Test Loop
04-23 22:52:08.585: I/HwLauncher(3555): Launcher.Utilities createIconBitmap classname = null, sourceWidth = 114, sourceHeight = 114
04-23 22:52:08.585: I/HwLauncher(3555): Launcher.IconCache, cacheLocked end Utilities.createIconBitmap entry.title = Uhr
04-23 22:52:08.595: I/HwLauncher(3555): Launcher.Utilities createIconBitmap classname = null, sourceWidth = 114, sourceHeight = 114
04-23 22:52:08.595: I/HwLauncher(3555): Launcher.IconCache, cacheLocked end Utilities.createIconBitmap entry.title = Videos
04-23 22:52:08.605: I/HwLauncher(3555): Launcher.Utilities createIconBitmap classname = null, sourceWidth = 114, sourceHeight = 114
04-23 22:52:08.605: I/HwLauncher(3555): Launcher.IconCache, cacheLocked end Utilities.createIconBitmap entry.title = YouTube
04-23 22:52:08.615: I/HwLauncher(3555): Model Comparing loaded icons to database icons
04-23 22:52:08.615: I/HwLauncher(3555): Model Setting thread priority to DEFAULT
04-23 22:52:08.615: W/System.err(3555): java.io.FileNotFoundException: /system/etc/xml/hw_launcher_default_config.xml: open failed: ENOENT (No such file or directory)
04-23 22:52:08.615: W/System.err(3555): at libcore.io.IoBridge.open(IoBridge.java:463)
04-23 22:52:08.615: W/System.err(3555): at java.io.FileInputStream.(FileInputStream.java:76)
04-23 22:52:08.615: W/System.err(3555): at java.io.FileInputStream.(FileInputStream.java:103)
04-23 22:52:08.615: W/System.err(3555): at com.huawei.android.launcher.Settings.readCloudFloderDefaultConfig(Settings.java:1129)
04-23 22:52:08.615: W/System.err(3555): at com.huawei.android.launcher.CustomizedXmlPath.readCloudFloderDefaultConfig(CustomizedXmlPath.java:70)
