05-12 11:38:22.133 3714 3747 I ample.untitled:
05-12 11:38:22.133 3714 3747 I ample.untitled: QarthPatchMonintor::CheckNotifyEvent after read, length = -1
05-12 11:38:22.133 3714 3747 I ample.untitled:
05-12 11:38:22.133 3714 3747 I ample.untitled: QarthPatchMonintor::CheckNotifyEvent
05-12 11:38:22.133 3714 3747 I ample.untitled:
05-12 11:38:22.133 3714 3747 I ample.untitled: QarthPatchMonintor::CheckNotifyEvent before read
05-12 11:38:22.133 3714 3747 I ample.untitled: QarthPatchMonintor::CheckNotifyEvent
05-12 11:38:22.133 3714 3747 I ample.untitled:
05-12 11:38:22.133 3714 3747 I ample.untitled: QarthPatchMonintor::CheckNotifyEvent
05-12 11:38:22.133 3714 3747 I ample.untitled:
05-12 11:38:22.133 3714 3747 I ample.untitled: QarthPatchMonintor::CheckNotifyEvent after read, length = -1
05-12 11:38:22.133 3714 3747 I ample.untitled:
05-12 11:38:22.133 3714 3747 I ample.untitled: QarthPatchMonintor::CheckNotifyEvent
05-12 11:38:22.133 3714 3747 I ample.untitled:
05-12 11:38:22.133 3714 3747 I ample.untitled: QarthPatchMonintor::CheckNotifyEvent before read
05-12 11:38:22.133 3714 3747 I ample.untitled: QarthPatchMonintor::CheckNotifyEvent after read, length = -1
05-12 11:38:22.133 3714 3747 I ample.untitled: QarthPatchMonintor::CheckNotifyEvent
05-12 11:38:22.133 3714 3747 I ample.untitled:
05-12 11:38:22.133 3714 3747 I ample.untitled: QarthPatchMonintor::CheckNotifyEvent after read, length = -1
05-12 11:38:22.133 3714 3747 I ample.untitled:
05-12 11:38:22.133 3714 3747 I ample.untitled: QarthPatchMonintor::CheckNotifyEvent
05-12 11:38:22.133 3714 3747 I ample.untitled: QarthPatchMonintor::CheckNotifyEvent before read
05-12 11:38:22.133 3714 3747 I ample.untitled: QarthPatchMonintor::CheckNotifyEvent after read, length = -1
05-12 11:38:22.133 3714 3747 I ample.untitled:
05-12 11:38:22.133 3714 3747 I ample.untitled: QarthPatchMonintor::CheckNotifyEvent
05-12 11:38:22.134 3714 3747 I ample.untitled: QarthPatchMonintor::CheckNotifyEvent before read
05-12 11:38:22.134 3714 3747 I ample.untitled:
05-12 11:38:22.134 3714 3747 I ample.untitled: QarthPatchMonintor::CheckNotifyEvent after read, length = -1
05-12 11:38:22.134 3714 3747 I ample.untitled: QarthPatchMonintor::CheckNotifyEvent after read, length = -1
05-12 11:38:22.134 3714 3747 I ample.untitled: QarthPatchMonintor::CheckNotifyEvent before read
05-12 11:38:22.134 3714 3747 I ample.untitled: QarthPatchMonintor::CheckNotifyEvent after read, length = -1
05-12 11:38:22.134 3714 3747 I ample.untitled: QarthPatchMonintor::CheckNotifyEvent after read, length = -1
05-12 11:38:22.134 3714 3747 I ample.untitled:
05-12 11:38:22.134 3714 3747 I ample.untitled: QarthPatchMonintor::CheckNotifyEvent
05-12 11:38:22.134 3714 3747 I ample.untitled: QarthPatchMonintor::CheckNotifyEvent
05-12 11:38:22.134 3714 3747 I ample.untitled: QarthPatchMonintor::CheckNotifyEvent after read, length = -1
05-12 11:38:22.134 3714 3747 I ample.untitled: QarthPatchMonintor::CheckNotifyEvent
05-12 11:38:22.135 3714 3747 I ample.untitled:
05-12 11:38:22.135 3714 3747 I ample.untitled: QarthPatchMonintor::CheckNotifyEvent
05-12 11:38:22.135 3714 3747 I ample.untitled:
05-12 11:38:22.135 3714 3747 I ample.untitled: QarthPatchMonintor::CheckNotifyEvent before read
05-12 11:38:22.135 3714 3747 I ample.untitled:
05-12 11:38:22.135 3714 3747 I ample.untitled: QarthPatchMonintor::CheckNotifyEvent after read, length = -1
05-12 11:38:22.135 3714 3747 I ample.untitled:
05-12 11:38:22.135 3714 3747 I ample.untitled: QarthPatchMonintor::CheckNotifyEvent
05-12 11:38:22.135 3714 3747 I ample.untitled:
05-12 11:38:22.135 3714 3747 I ample.untitled: QarthPatchMonintor::CheckNotifyEvent before read
05-12 11:38:22.135 3714 3747 I ample.untitled:
05-12 11:38:22.135 3714 3747 I ample.untitled: QarthPatchMonintor::CheckNotifyEvent after read, length = -1
05-12 11:38:22.135 3714 3747 I ample.untitled:
05-12 11:38:22.135 3714 3747 I ample.untitled: QarthPatchMonintor::CheckNotifyEvent
05-12 11:38:22.135 3714 3747 I ample.untitled:
05-12 11:38:22.135 3714 3747 I ample.untitled: QarthPatchMonintor::CheckNotifyEvent before read
05-12 11:38:22.135 3714 3747 I ample.untitled:
05-12 11:38:22.135 3714 3747 I ample.untitled: QarthPatchMonintor::CheckNotifyEvent after read, length = -1
05-12 11:38:22.135 3714 3747 I ample.untitled: QarthPatchMonintor::CheckNotifyEvent after read, length = -1
05-12 11:38:22.135 3714 3747 I ample.untitled: QarthPatchMonintor::CheckNotifyEvent
05-12 11:38:22.135 3714 3747 I ample.untitled: QarthPatchMonintor::CheckNotifyEvent after read, length = -1
05-12 11:38:22.135 3714 3747 I ample.untitled:
05-12 11:38:22.135 3714 3747 I ample.untitled: QarthPatchMonintor::CheckNotifyEvent
05-12 11:38:22.135 3714 3747 I ample.untitled:
05-12 11:38:22.135 3714 3747 I ample.untitled: QarthPatchMonintor::CheckNotifyEvent before read
05-12 11:38:22.135 3714 3747 I ample.untitled: QarthPatchMonintor::CheckNotifyEvent before read
05-12 11:38:22.135 3714 3747 I ample.untitled: QarthPatchMonintor::CheckNotifyEvent after read, length = -1
05-12 11:38:22.135 3714 3747 I ample.untitled:
05-12 11:38:22.135 3714 3747 I ample.untitled: QarthPatchMonintor::CheckNotifyEvent after read, length = -1
05-12 11:38:22.135 3714 3747 I ample.untitled: QarthPatchMonintor::CheckNotifyEvent
05-12 11:38:22.135 3714 3747 I ample.untitled: QarthPatchMonintor::CheckNotifyEvent
05-12 11:38:22.135 3714 3747 I ample.untitled:
05-12 11:38:22.135 3714 3747 I ample.untitled: QarthPatchMonintor::CheckNotifyEvent before read
05-12 11:38:22.135 3714 3747 I ample.untitled:
05-12 11:38:22.135 3714 3747 I ample.untitled: QarthPatchMonintor::CheckNotifyEvent after read, length = -1
05-12 11:38:22.135 3714 3747 I ample.untitled:
05-12 11:38:22.135 3714 3747 I ample.untitled: QarthPatchMonintor::CheckNotifyEvent
05-12 11:38:22.136 3714 3747 I ample.untitled: QarthPatchMonintor::CheckNotifyEvent after read, length = -1
05-12 11:38:22.136 3714 3747 I ample.untitled: QarthPatchMonintor::CheckNotifyEvent before read
05-12 11:38:22.136 3714 3747 I ample.untitled: QarthPatchMonintor::CheckNotifyEvent after read, length = -1
05-12 11:38:22.136 3714 3747 I ample.untitled: QarthPatchMonintor::CheckNotifyEvent
05-12 11:38:22.136 3714 3747 I ample.untitled:
05-12 11:38:22.136 3714 3747 I ample.untitled: QarthPatchMonintor::CheckNotifyEvent after read, length = -1
05-12 11:38:22.136 3714 3747 I ample.untitled: QarthPatchMonintor::CheckNotifyEvent before read
05-12 11:38:22.136 3714 3747 I ample.untitled: QarthPatchMonintor::CheckNotifyEvent after read, length = -1
05-12 11:38:22.136 3714 3747 I ample.untitled: QarthPatchMonintor::CheckNotifyEvent
05-12 11:38:22.136 3714 3747 I ample.untitled:
05-12 11:38:22.136 3714 3747 I ample.untitled: QarthPatchMonintor::CheckNotifyEvent after read, length = -1
05-12 11:38:22.136 3714 3747 I ample.untitled:
05-12 11:38:22.136 3714 3747 I ample.untitled: QarthPatchMonintor::CheckNotifyEvent
05-12 11:38:22.136 3714 3747 I chatty : uid=10152(org.qtproject.example.untitled2) identical 1 line
05-12 11:38:22.136 3714 3747 I ample.untitled: QarthPatchMonintor::CheckNotifyEvent
05-12 11:38:22.136 3714 3747 I ample.untitled:
05-12 11:38:22.136 3714 3747 I ample.untitled: QarthPatchMonintor::CheckNotifyEvent before read
05-12 11:38:22.136 3714 3747 I ample.untitled:
05-12 11:38:22.136 3714 3747 I ample.untitled: QarthPatchMonintor::CheckNotifyEvent
05-12 11:38:22.136 3714 3747 I ample.untitled: QarthPatchMonintor::CheckNotifyEvent before read
05-12 11:38:22.136 3714 3747 I ample.untitled: QarthPatchMonintor::CheckNotifyEvent
05-12 11:38:22.136 3714 3747 I ample.untitled:
05-12 11:38:22.138 3714 3747 I ample.untitled: QarthPatchMonintor::CheckNotifyEvent before read
05-12 11:38:22.138 3714 3747 I ample.untitled: QarthPatchMonintor::CheckNotifyEvent
05-12 11:38:22.138 3714 3747 I ample.untitled: QarthPatchMonintor::CheckNotifyEvent before read
05-12 11:38:22.138 3714 3747 I ample.untitled:
05-12 11:38:22.138 3714 3747 I ample.untitled: QarthPatchMonintor::CheckNotifyEvent after read, length = -1
05-12 11:38:22.138 3714 3747 I ample.untitled: QarthPatchMonintor::CheckNotifyEvent before read
05-12 11:38:22.138 3714 3747 I ample.untitled:
05-12 11:38:22.138 3714 3747 I ample.untitled: QarthPatchMonintor::CheckNotifyEvent after read, length = -1
05-12 11:38:22.138 3714 3747 I ample.untitled: QarthPatchMonintor::CheckNotifyEvent
05-12 11:38:22.138 3714 3747 I ample.untitled: QarthPatchMonintor::CheckNotifyEvent before read
05-12 11:38:22.138 3714 3747 I ample.untitled: QarthPatchMonintor::CheckNotifyEvent after read, length = -1
05-12 11:38:22.138 3714 3747 I ample.untitled:
05-12 11:38:22.138 3714 3747 I ample.untitled: QarthPatchMonintor::CheckNotifyEvent before read
05-12 11:38:22.138 3714 3747 I ample.untitled: QarthPatchMonintor::CheckNotifyEvent after read, length = -1
05-12 11:38:22.138 3714 3747 I ample.untitled:
05-12 11:38:22.138 3714 3747 I ample.untitled: QarthPatchMonintor::CheckNotifyEvent
05-12 11:38:22.138 3714 3747 I ample.untitled:
05-12 11:38:22.138 3714 3747 I ample.untitled: QarthPatchMonintor::CheckNotifyEvent before read
05-12 11:38:22.138 3714 3747 I ample.untitled: QarthPatchMonintor::CheckNotifyEvent
05-12 11:38:22.139 3714 3747 I ample.untitled: QarthPatchMonintor::CheckNotifyEvent after read, length = -1
05-12 11:38:22.139 3714 3747 I ample.untitled:
05-12 11:38:22.139 3714 3747 I ample.untitled: QarthPatchMonintor::CheckNotifyEvent
05-12 11:38:22.139 3714 3747 I ample.untitled:
05-12 11:38:22.139 3714 3747 I ample.untitled: QarthPatchMonintor::CheckNotifyEvent before read
05-12 11:38:22.139 3714 3747 I ample.untitled:
05-12 11:38:22.139 3714 3747 I ample.untitled: QarthPatchMonintor::CheckNotifyEvent
05-12 11:38:22.139 3714 3747 I ample.untitled: QarthPatchMonintor::CheckNotifyEvent
05-12 11:38:22.139 3714 3747 I ample.untitled:
05-12 11:38:22.139 3714 3747 I ample.untitled: QarthPatchMonintor::CheckNotifyEvent before read
05-12 11:38:22.139 3714 3747 I ample.untitled: QarthPatchMonintor::CheckNotifyEvent
05-12 11:38:22.139 3714 3747 I ample.untitled: QarthPatchMonintor::CheckNotifyEvent after read, length = -1
05-12 11:38:22.139 3714 3747 I ample.untitled: QarthPatchMonintor::CheckNotifyEvent
05-12 11:38:22.139 3714 3747 I ample.untitled:
05-12 11:38:22.139 3714 3747 I ample.untitled: QarthPatchMonintor::CheckNotifyEvent before read
05-12 11:38:22.139 3714 3747 I ample.untitled: QarthPatchMonintor::CheckNotifyEvent after read, length = -1
05-12 11:38:22.139 3714 3747 I ample.untitled:
05-12 11:38:22.139 3714 3747 I ample.untitled: QarthPatchMonintor::CheckNotifyEvent
05-12 11:38:22.139 3714 3747 I ample.untitled:
05-12 11:38:22.139 3714 3747 I ample.untitled: QarthPatchMonintor::CheckNotifyEvent before read
05-12 11:38:22.139 3714 3747 I ample.untitled: QarthPatchMonintor::CheckNotifyEvent
05-12 11:38:22.139 3714 3747 I ample.untitled:
05-12 11:38:22.139 3714 3747 I ample.untitled: QarthPatchMonintor::CheckNotifyEvent before read
05-12 11:38:22.139 3714 3747 I ample.untitled:
05-12 11:38:22.139 3714 3747 I ample.untitled: QarthPatchMonintor::CheckNotifyEvent after read, length = -1
05-12 11:38:22.139 3714 3747 I ample.untitled: QarthPatchMonintor::CheckNotifyEvent before read
05-12 11:38:22.139 3714 3747 I ample.untitled: QarthPatchMonintor::CheckNotifyEvent after read, length = -1
05-12 11:38:22.139 3714 3747 I ample.untitled: QarthPatchMonintor::CheckNotifyEvent
05-12 11:38:22.140 3714 3747 I ample.untitled:
05-12 11:38:22.140 3714 3747 I ample.untitled: QarthPatchMonintor::CheckNotifyEvent before read
05-12 11:38:22.140 3714 3747 I ample.untitled:
05-12 11:38:22.140 3714 3747 I ample.untitled: QarthPatchMonintor::CheckNotifyEvent
05-12 11:38:22.140 3714 3747 I ample.untitled: QarthPatchMonintor::CheckNotifyEvent before read
05-12 11:38:22.140 3714 3747 I ample.untitled: QarthPatchMonintor::CheckNotifyEvent before read
05-12 11:38:22.140 3714 3747 I ample.untitled:
05-12 11:38:22.140 3714 3747 I ample.untitled: QarthPatchMonintor::CheckNotifyEvent after read, length = -1
05-12 11:38:22.140 3714 3747 I ample.untitled: QarthPatchMonintor::CheckNotifyEvent
05-12 11:38:22.140 3714 3747 I ample.untitled:
05-12 11:38:22.140 3714 3747 I ample.untitled: QarthPatchMonintor::CheckNotifyEvent before read
05-12 11:38:22.140 3714 3747 I ample.untitled: QarthPatchMonintor::CheckNotifyEvent before read
05-12 11:38:22.140 3714 3747 I ample.untitled: QarthPatchMonintor::CheckNotifyEvent after read, length = -1
05-12 11:38:22.140 3714 3747 I ample.untitled:
05-12 11:38:22.140 3714 3747 I ample.untitled: QarthPatchMonintor::CheckNotifyEvent after read, length = -1
05-12 11:38:22.140 3714 3747 I ample.untitled:
05-12 11:38:22.140 3714 3747 I ample.untitled: QarthPatchMonintor::CheckNotifyEvent
05-12 11:38:22.140 3714 3747 I ample.untitled: QarthPatchMonintor::CheckNotifyEvent before read
05-12 11:38:22.140 3714 3747 I ample.untitled:
05-12 11:38:22.140 3714 3747 I ample.untitled: QarthPatchMonintor::CheckNotifyEvent after read, length = -1
05-12 11:38:22.140 3714 3747 I ample.untitled:
05-12 11:38:22.140 3714 3747 I ample.untitled: QarthPatchMonintor::CheckNotifyEvent
05-12 11:38:22.140 3714 3747 I ample.untitled: QarthPatchMonintor::CheckNotifyEvent before read
05-12 11:38:22.140 3714 3747 I ample.untitled:
05-12 11:38:22.140 3714 3747 I ample.untitled: QarthPatchMonintor::CheckNotifyEvent
05-12 11:38:22.140 3714 3747 I ample.untitled:
05-12 11:38:22.140 3714 3747 I ample.untitled: QarthPatchMonintor::CheckNotifyEvent before read
05-12 11:38:22.140 3714 3747 I ample.untitled:
05-12 11:38:22.140 3714 3747 I chatty : uid=10152(org.qtproject.example.untitled2) identical 1 line
05-12 11:38:22.141 3714 3747 I ample.untitled:
05-12 11:38:22.141 3714 3747 I ample.untitled: QarthPatchMonintor::CheckNotifyEvent after read, length = -1
05-12 11:38:22.141 3714 3747 I ample.untitled:
05-12 11:38:22.141 3714 3747 I ample.untitled: QarthPatchMonintor::CheckNotifyEvent
05-12 11:38:22.141 3714 3747 I ample.untitled:
05-12 11:38:22.141 3714 3747 I ample.untitled: QarthPatchMonintor::CheckNotifyEvent before read
05-12 11:38:22.141 3714 3747 I ample.untitled:
05-12 11:38:22.141 3714 3747 I ample.untitled: QarthPatchMonintor::CheckNotifyEvent after read, length = -1
05-12 11:38:22.141 3714 3747 I ample.untitled:
05-12 11:38:22.141 3714 3747 I ample.untitled: QarthPatchMonintor::CheckNotifyEvent
05-12 11:38:22.141 3714 3747 I ample.untitled:
05-12 11:38:22.141 3714 3747 I ample.untitled: QarthPatchMonintor::CheckNotifyEvent before read
05-12 11:38:22.141 3714 3747 I ample.untitled:
05-12 11:38:22.141 3714 3747 I ample.untitled: QarthPatchMonintor::CheckNotifyEvent after read, length = -1
05-12 11:38:22.141 3714 3747 I ample.untitled:
05-12 11:38:22.141 3714 3747 I ample.untitled: QarthPatchMonintor::CheckNotifyEvent
05-12 11:38:22.141 3714 3747 I ample.untitled: QarthPatchMonintor::CheckNotifyEvent after read, length = -1
05-12 11:38:22.141 3714 3747 I ample.untitled:
05-12 11:38:22.141 3714 3747 I ample.untitled: QarthPatchMonintor::CheckNotifyEvent
05-12 11:38:22.141 3714 3747 I ample.untitled: QarthPatchMonintor::CheckNotifyEvent
05-12 11:38:22.141 3714 3747 I ample.untitled: QarthPatchMonintor::CheckNotifyEvent before read
05-12 11:38:22.141 3714 3747 I ample.untitled: QarthPatchMonintor::CheckNotifyEvent before read
05-12 11:38:22.141 3714 3747 I ample.untitled: QarthPatchMonintor::CheckNotifyEvent after read, length = -1
05-12 11:38:22.141 3714 3747 I ample.untitled:
05-12 11:38:22.141 3714 3747 I ample.untitled: QarthPatchMonintor::CheckNotifyEvent
05-12 11:38:22.141 3714 3747 I ample.untitled:
05-12 11:38:22.141 3714 3747 I ample.untitled: QarthPatchMonintor::CheckNotifyEvent after read, length = -1
05-12 11:38:22.141 3714 3747 I ample.untitled: QarthPatchMonintor::CheckNotifyEvent
05-12 11:38:22.141 3714 3747 I ample.untitled:
05-12 11:38:22.142 816 816 I aptouch_daemon: filter_touch_detect, all_touch_up
05-12 11:38:22.143 3714 3747 I ample.untitled: QarthPatchMonintor::CheckNotifyEvent after read, length = -1
05-12 11:38:22.143 3714 3747 I ample.untitled: QarthPatchMonintor::CheckNotifyEvent before read
05-12 11:38:22.143 3714 3747 I ample.untitled: QarthPatchMonintor::CheckNotifyEvent after read, length = -1
05-12 11:38:22.143 3714 3747 I ample.untitled:
05-12 11:38:22.143 3714 3747 I ample.untitled: QarthPatchMonintor::CheckNotifyEvent
05-12 11:38:22.143 3714 3747 I ample.untitled: QarthPatchMonintor::CheckNotifyEvent before read
05-12 11:38:22.143 3714 3747 I ample.untitled:
05-12 11:38:22.143 3714 3747 I ample.untitled: QarthPatchMonintor::CheckNotifyEvent after read, length = -1
05-12 11:38:22.143 3714 3747 I ample.untitled:
05-12 11:38:22.143 3714 3747 I ample.untitled: QarthPatchMonintor::CheckNotifyEvent
05-12 11:38:22.143 2307 2307 V AudioManager: querySoundEffectsEnabled...
05-12 11:38:22.143 3714 3747 I ample.untitled: QarthPatchMonintor::CheckNotifyEvent after read, length = -1
05-12 11:38:22.143 3714 3747 I ample.untitled: QarthPatchMonintor::CheckNotifyEvent
05-12 11:38:22.144 3714 3747 I ample.untitled: QarthPatchMonintor::CheckNotifyEvent before read
05-12 11:38:22.144 3714 3747 I ample.untitled: QarthPatchMonintor::CheckNotifyEvent after read, length = -1
05-12 11:38:22.144 3714 3747 I ample.untitled: QarthPatchMonintor::CheckNotifyEvent
05-12 11:38:22.144 3714 3747 I ample.untitled: QarthPatchMonintor::CheckNotifyEvent
05-12 11:38:22.144 3714 3747 I ample.untitled:
05-12 11:38:22.144 3714 3747 I ample.untitled: QarthPatchMonintor::CheckNotifyEvent before read
05-12 11:38:22.144 3714 3747 I ample.untitled:
05-12 11:38:22.144 3714 3747 I ample.untitled: QarthPatchMonintor::CheckNotifyEvent after read, length = -1
05-12 11:38:22.144 3714 3747 I ample.untitled:
05-12 11:38:22.144 3714 3747 I chatty : uid=10152(org.qtproject.example.untitled2) identical 2 lines
05-12 11:38:22.144 3714 3747 I ample.untitled:
05-12 11:38:22.144 3714 3747 I ample.untitled: QarthPatchMonintor::CheckNotifyEvent before read
05-12 11:38:22.144 3714 3747 I ample.untitled: QarthPatchMonintor::CheckNotifyEvent
05-12 11:38:22.144 3714 3747 I ample.untitled:
05-12 11:38:22.144 3714 3747 I ample.untitled: QarthPatchMonintor::CheckNotifyEvent before read
05-12 11:38:22.144 3714 3747 I ample.untitled: QarthPatchMonintor::CheckNotifyEvent after read, length = -1
05-12 11:38:22.144 3714 3747 I ample.untitled: QarthPatchMonintor::CheckNotifyEvent
05-12 11:38:22.144 3714 3747 I ample.untitled:
05-12 11:38:22.144 3714 3747 I ample.untitled: QarthPatchMonintor::CheckNotifyEvent after read, length = -1
05-12 11:38:22.144 3714 3747 I ample.untitled:
05-12 11:38:22.144 3714 3747 I ample.untitled: QarthPatchMonintor::CheckNotifyEvent
05-12 11:38:22.144 3714 3747 I ample.untitled:
05-12 11:38:22.144 3714 3747 I ample.untitled: QarthPatchMonintor::CheckNotifyEvent before read
05-12 11:38:22.144 3714 3747 I ample.untitled: QarthPatchMonintor::CheckNotifyEvent
05-12 11:38:22.144 3714 3747 I ample.untitled: QarthPatchMonintor::CheckNotifyEvent before read
05-12 11:38:22.144 3714 3747 I ample.untitled: QarthPatchMonintor::CheckNotifyEvent after read, length = -1
05-12 11:38:22.144 3714 3747 I ample.untitled:
05-12 11:38:22.144 3714 3747 I ample.untitled: QarthPatchMonintor::CheckNotifyEvent
05-12 11:38:22.144 3714 3747 I ample.untitled:
05-12 11:38:22.144 3714 3747 I ample.untitled: QarthPatchMonintor::CheckNotifyEvent after read, length = -1
05-12 11:38:22.144 3714 3747 I ample.untitled:
05-12 11:38:22.144 3714 3747 I ample.untitled: QarthPatchMonintor::CheckNotifyEvent
05-12 11:38:22.144 3714 3747 I ample.untitled:
05-12 11:38:22.144 3714 3747 I ample.untitled: QarthPatchMonintor::CheckNotifyEvent before read
05-12 11:38:22.144 3714 3747 I ample.untitled:
05-12 11:38:22.144 3714 3747 I ample.untitled: QarthPatchMonintor::CheckNotifyEvent after read, length = -1
05-12 11:38:22.144 3714 3747 I ample.untitled:
05-12 11:38:22.144 3714 3747 I ample.untitled: QarthPatchMonintor::CheckNotifyEvent
05-12 11:38:22.144 3714 3747 I ample.untitled:
05-12 11:38:22.144 3714 3747 I ample.untitled: QarthPatchMonintor::CheckNotifyEvent before read
05-12 11:38:22.144 3714 3747 I ample.untitled:
05-12 11:38:22.145 3714 3747 I ample.untitled: QarthPatchMonintor::CheckNotifyEvent after read, length = -1
05-12 11:38:22.145 3714 3747 I ample.untitled:
05-12 11:38:22.145 3714 3747 I ample.untitled: QarthPatchMonintor::CheckNotifyEvent
05-12 11:38:22.145 3714 3747 I ample.untitled:
05-12 11:38:22.145 3714 3747 I ample.untitled: QarthPatchMonintor::CheckNotifyEvent
05-12 11:38:22.145 3714 3747 I ample.untitled: QarthPatchMonintor::CheckNotifyEvent before read
05-12 11:38:22.145 3714 3747 I ample.untitled: QarthPatchMonintor::CheckNotifyEvent after read, length = -1
05-12 11:38:22.145 3714 3747 I ample.untitled: QarthPatchMonintor::CheckNotifyEvent before read
05-12 11:38:22.145 3714 3747 I ample.untitled: QarthPatchMonintor::CheckNotifyEvent after read, length = -1
05-12 11:38:22.145 3714 3747 I ample.untitled:
05-12 11:38:22.145 3714 3747 I ample.untitled: QarthPatchMonintor::CheckNotifyEvent
05-12 11:38:22.145 3714 3747 I chatty : uid=10152(org.qtproject.example.untitled2) identical 1 line
05-12 11:38:22.145 3714 3747 I ample.untitled: QarthPatchMonintor::CheckNotifyEvent
05-12 11:38:22.145 3714 3747 I ample.untitled: QarthPatchMonintor::CheckNotifyEvent after read, length = -1
05-12 11:38:22.145 3714 3747 I ample.untitled: QarthPatchMonintor::CheckNotifyEvent
05-12 11:38:22.145 3714 3747 I ample.untitled: QarthPatchMonintor::CheckNotifyEvent before read
05-12 11:38:22.145 3714 3747 I ample.untitled:
05-12 11:38:22.145 3714 3747 I ample.untitled: QarthPatchMonintor::CheckNotifyEvent before read
05-12 11:38:22.145 3714 3747 I ample.untitled:
05-12 11:38:22.145 3714 3747 I ample.untitled: QarthPatchMonintor::CheckNotifyEvent after read, length = -1
05-12 11:38:22.145 3714 3747 I ample.untitled: QarthPatchMonintor::CheckNotifyEvent after read, length = -1
05-12 11:38:22.145 3714 3747 I ample.untitled: QarthPatchMonintor::CheckNotifyEvent
05-12 11:38:22.145 3714 3747 I ample.untitled:
05-12 11:38:22.145 3714 3747 I ample.untitled:
05-12 11:38:22.145 3714 3747 I ample.untitled: QarthPatchMonintor::CheckNotifyEvent before read
05-12 11:38:22.145 3714 3747 I ample.untitled:
05-12 11:38:22.145 3714 3747 I ample.untitled: QarthPatchMonintor::CheckNotifyEvent after read, length = -1
05-12 11:38:22.146 3714 3747 I ample.untitled: QarthPatchMonintor::CheckNotifyEvent after read, length = -1
05-12 11:38:22.146 3714 3747 I ample.untitled:
05-12 11:38:22.146 3714 3747 I ample.untitled: QarthPatchMonintor::CheckNotifyEvent
05-12 11:38:22.146 3714 3747 I ample.untitled:
05-12 11:38:22.146 3714 3747 I ample.untitled: QarthPatchMonintor::CheckNotifyEvent after read, length = -1
05-12 11:38:22.146 3714 3747 I ample.untitled:
05-12 11:38:22.146 3714 3747 I ample.untitled: QarthPatchMonintor::CheckNotifyEvent before read
05-12 11:38:22.146 3714 3747 I ample.untitled: QarthPatchMonintor::CheckNotifyEvent after read, length = -1
05-12 11:38:22.146 3714 3747 I ample.untitled: QarthPatchMonintor::CheckNotifyEvent
05-12 11:38:22.146 3714 3747 I ample.untitled:
05-12 11:38:22.146 3714 3747 I ample.untitled: QarthPatchMonintor::CheckNotifyEvent after read, length = -1
05-12 11:38:22.146 3714 3747 I ample.untitled: QarthPatchMonintor::CheckNotifyEvent before read
05-12 11:38:22.146 1248 1653 I ActivityTaskManager: START u0 {act=android.intent.action.MAIN cat=[android.intent.category.LAUNCHER] flg=0x10200000 hwFlg=0x10 cmp=org.qtproject.example.untitled2/org.qtproject.qt5.android.bindings.QtActivity bnds=[30,2185][308,2591]} from uid 10066
05-12 11:38:22.146 3714 3747 I ample.untitled:
05-12 11:38:22.146 3714 3747 I ample.untitled: QarthPatchMonintor::CheckNotifyEvent
05-12 11:38:22.146 3714 3747 I ample.untitled: QarthPatchMonintor::CheckNotifyEvent before read
05-12 11:38:22.147 1248 1653 I ActivityTaskManager: ActivityRecord info: ActivityInfo{ba76b9c org.qtproject.qt5.android.bindings.QtActivity}
05-12 11:38:22.147 1248 1653 D ActivityTaskManager: TaskLaunchParamsModifier:task=null activity=ActivityRecord{3d44094 u0 org.qtproject.example.untitled2/org.qtproject.qt5.android.bindings.QtActivity t-1} display-from-source=0 display-id=0 display-windowing-mode=1
05-12 11:38:22.147 1248 1653 D ActivityTaskManager: TaskLaunchParamsModifier:task=null activity=ActivityRecord{3d44094 u0 org.qtproject.example.untitled2/org.qtproject.qt5.android.bindings.QtActivity t-1} display-from-source=0 display-id=0 display-windowing-mode=1 activity-options-fullscreen=Rect(0, 0 - 0, 0) inherit-fullscreen non-freeform-display
05-12 11:38:22.148 3714 3747 I ample.untitled: QarthPatchMonintor::CheckNotifyEvent after read, length = -1
05-12 11:38:22.148 3714 3747 I ample.untitled:
05-12 11:38:22.148 3714 3747 I ample.untitled: QarthPatchMonintor::CheckNotifyEvent
05-12 11:38:22.148 3714 3747 I ample.untitled: QarthPatchMonintor::CheckNotifyEvent after read, length = -1
05-12 11:38:22.148 3714 3747 I ample.untitled: QarthPatchMonintor::CheckNotifyEvent before read
05-12 11:38:22.148 3714 3747 I ample.untitled: QarthPatchMonintor::CheckNotifyEvent after read, length = -1
05-12 11:38:22.148 3714 3747 I ample.untitled: QarthPatchMonintor::CheckNotifyEvent
05-12 11:38:22.148 3714 3747 I ample.untitled: QarthPatchMonintor::CheckNotifyEvent after read, length = -1
05-12 11:38:22.148 3714 3747 I ample.untitled: QarthPatchMonintor::CheckNotifyEvent
05-12 11:38:22.148 3714 3747 I ample.untitled:
05-12 11:38:22.148 3714 3747 I ample.untitled: QarthPatchMonintor::CheckNotifyEvent before read
05-12 11:38:22.148 3714 3747 I ample.untitled: QarthPatchMonintor::CheckNotifyEvent after read, length = -1
05-12 11:38:22.148 1248 1653 V ActivityTaskManager: addChild: attaching stackId=22 to displayId=0 position=6
05-12 11:38:22.148 3714 3747 I ample.untitled: QarthPatchMonintor::CheckNotifyEvent
05-12 11:38:22.148 3714 3747 I ample.untitled:
05-12 11:38:22.148 1248 1653 V ActivityTaskManager: positionChild stackId=22 to top.
05-12 11:38:22.148 3714 3747 I ample.untitled: QarthPatchMonintor::CheckNotifyEvent before read
05-12 11:38:22.149 3714 3747 I ample.untitled: QarthPatchMonintor::CheckNotifyEvent
05-12 11:38:22.149 3714 3747 I ample.untitled:
05-12 11:38:22.149 3714 3747 I ample.untitled: QarthPatchMonintor::CheckNotifyEvent before read
05-12 11:38:22.149 3714 3747 I ample.untitled:
05-12 11:38:22.149 3714 3747 I ample.untitled: QarthPatchMonintor::CheckNotifyEvent after read, length = -1
05-12 11:38:22.149 3714 3747 I ample.untitled: QarthPatchMonintor::CheckNotifyEvent
05-12 11:38:22.149 3714 3747 I ample.untitled:
05-12 11:38:22.149 3714 3747 I ample.untitled: QarthPatchMonintor::CheckNotifyEvent before read
05-12 11:38:22.149 3714 3747 I ample.untitled:
05-12 11:38:22.149 3714 3747 I ample.untitled: QarthPatchMonintor::CheckNotifyEvent after read, length = -1
05-12 11:38:22.149 3714 3747 I ample.untitled: QarthPatchMonintor::CheckNotifyEvent
05-12 11:38:22.149 3714 3747 I ample.untitled: QarthPatchMonintor::CheckNotifyEvent before read
05-12 11:38:22.149 3714 3747 I ample.untitled:
05-12 11:38:22.149 3714 3747 I ample.untitled: QarthPatchMonintor::CheckNotifyEvent
05-12 11:38:22.149 3714 3747 I ample.untitled:
05-12 11:38:22.149 3714 3747 I ample.untitled: QarthPatchMonintor::CheckNotifyEvent before read
05-12 11:38:22.149 3714 3747 I ample.untitled:
05-12 11:38:22.149 3714 3747 I ample.untitled: QarthPatchMonintor::CheckNotifyEvent after read, length = -1
05-12 11:38:22.149 3714 3747 I ample.untitled:
05-12 11:38:22.149 1248 1653 D ActivityTaskManager: TaskLaunchParamsModifier:task=TaskRecord{384c73d #477 A=org.qtproject.example.untitled2 U=0 StackId=22 sz=0} activity=ActivityRecord{3d44094 u0 org.qtproject.example.untitled2/org.qtproject.qt5.android.bindings.QtActivity t-1} display-from-task=0 display-id=0 display-windowing-mode=1 activity-options-fullscreen=Rect(0, 0 - 0, 0) inherit-fullscreen non-freeform-display
05-12 11:38:22.149 3714 3747 I ample.untitled: QarthPatchMonintor::CheckNotifyEvent
05-12 11:38:22.149 3714 3747 I ample.untitled:
05-12 11:38:22.149 3714 3747 I ample.untitled: QarthPatchMonintor::CheckNotifyEvent before read
05-12 11:38:22.149 3714 3747 I ample.untitled: QarthPatchMonintor::CheckNotifyEvent
05-12 11:38:22.149 3714 3747 I ample.untitled: QarthPatchMonintor::CheckNotifyEvent before read
05-12 11:38:22.149 3714 3747 I ample.untitled:
05-12 11:38:22.149 3714 3747 I ample.untitled: QarthPatchMonintor::CheckNotifyEvent after read, length = -1
05-12 11:38:22.149 3714 3747 I ample.untitled: QarthPatchMonintor::CheckNotifyEvent
05-12 11:38:22.149 3714 3747 I ample.untitled: QarthPatchMonintor::CheckNotifyEvent after read, length = -1
05-12 11:38:22.149 3714 3747 I ample.untitled:
05-12 11:38:22.149 3714 3747 I ample.untitled: QarthPatchMonintor::CheckNotifyEvent
05-12 11:38:22.149 3714 3747 I ample.untitled:
05-12 11:38:22.149 3714 3747 I ample.untitled: QarthPatchMonintor::CheckNotifyEvent after read, length = -1
05-12 11:38:22.149 3714 3747 I ample.untitled: QarthPatchMonintor::CheckNotifyEvent
05-12 11:38:22.149 3714 3747 I ample.untitled:
05-12 11:38:22.149 3714 3747 I ample.untitled: QarthPatchMonintor::CheckNotifyEvent before read
05-12 11:38:22.149 3714 3747 I ample.untitled: QarthPatchMonintor::CheckNotifyEvent after read, length = -1
05-12 11:38:22.149 3714 3747 I ample.untitled:
05-12 11:38:22.149 3714 3747 I ample.untitled: QarthPatchMonintor::CheckNotifyEvent
05-12 11:38:22.149 3714 3747 I ample.untitled:
05-12 11:38:22.149 3714 3747 I ample.untitled: QarthPatchMonintor::CheckNotifyEvent before read
05-12 11:38:22.149 3714 3747 I ample.untitled:
05-12 11:38:22.149 3714 3747 I ample.untitled: QarthPatchMonintor::CheckNotifyEvent after read, length = -1
05-12 11:38:22.149 3714 3747 I ample.untitled: QarthPatchMonintor::CheckNotifyEvent
05-12 11:38:22.149 3714 3747 I ample.untitled:
05-12 11:38:22.149 3714 3747 I ample.untitled: QarthPatchMonintor::CheckNotifyEvent before read
05-12 11:38:22.149 3714 3747 I ample.untitled:
05-12 11:38:22.149 3714 3747 I ample.untitled: QarthPatchMonintor::CheckNotifyEvent
05-12 11:38:22.149 3714 3747 I ample.untitled: QarthPatchMonintor::CheckNotifyEvent before read
05-12 11:38:22.149 3714 3747 I ample.untitled: QarthPatchMonintor::CheckNotifyEvent after read, length = -1
05-12 11:38:22.149 3714 3747 I ample.untitled:
05-12 11:38:22.149 3714 3747 I ample.untitled: QarthPatchMonintor::CheckNotifyEvent
05-12 11:38:22.149 3714 3747 I ample.untitled:
05-12 11:38:22.149 3714 3747 I ample.untitled: QarthPatchMonintor::CheckNotifyEvent before read
05-12 11:38:22.149 3714 3747 I ample.untitled:
05-12 11:38:22.149 3714 3747 I ample.untitled: QarthPatchMonintor::CheckNotifyEvent after read, length = -1
05-12 11:38:22.149 3714 3747 I ample.untitled:
05-12 11:38:22.149 3714 3747 I ample.untitled: QarthPatchMonintor::CheckNotifyEvent
05-12 11:38:22.149 3714 3747 I ample.untitled:
05-12 11:38:22.149 1248 1653 V ActivityTaskManager: positionChild stackId=22 to top.
05-12 11:38:22.149 3714 3747 I ample.untitled:
05-12 11:38:22.149 3714 3747 I ample.untitled: QarthPatchMonintor::CheckNotifyEvent
05-12 11:38:22.149 3714 3747 I ample.untitled: QarthPatchMonintor::CheckNotifyEvent before read
05-12 11:38:22.150 3714 3747 I ample.untitled: QarthPatchMonintor::CheckNotifyEvent after read, length = -1
05-12 11:38:22.150 3714 3747 I ample.untitled: QarthPatchMonintor::CheckNotifyEvent
05-12 11:38:22.150 3714 3747 I ample.untitled:
05-12 11:38:22.150 3714 3747 I ample.untitled: QarthPatchMonintor::CheckNotifyEvent
05-12 11:38:22.150 3714 3747 I ample.untitled:
05-12 11:38:22.150 3714 3747 I ample.untitled: QarthPatchMonintor::CheckNotifyEvent before read
05-12 11:38:22.150 3714 3747 I ample.untitled:
05-12 11:38:22.150 3714 3747 I ample.untitled: QarthPatchMonintor::CheckNotifyEvent after read, length = -1
05-12 11:38:22.150 3714 3747 I ample.untitled:
05-12 11:38:22.150 3714 3747 I ample.untitled: QarthPatchMonintor::CheckNotifyEvent
05-12 11:38:22.150 3714 3747 I ample.untitled: QarthPatchMonintor::CheckNotifyEvent before read
05-12 11:38:22.150 3714 3747 I ample.untitled: QarthPatchMonintor::CheckNotifyEvent after read, length = -1
05-12 11:38:22.150 3714 3747 I ample.untitled:
05-12 11:38:22.150 3714 3747 I ample.untitled: QarthPatchMonintor::CheckNotifyEvent
05-12 11:38:22.150 3714 3747 I ample.untitled: QarthPatchMonintor::CheckNotifyEvent before read
05-12 11:38:22.150 3714 3747 I ample.untitled: QarthPatchMonintor::CheckNotifyEvent
05-12 11:38:22.150 3714 3747 I ample.untitled: QarthPatchMonintor::CheckNotifyEvent before read
05-12 11:38:22.150 3714 3747 I ample.untitled: QarthPatchMonintor::CheckNotifyEvent after read, length = -1
05-12 11:38:22.150 3714 3747 I ample.untitled: QarthPatchMonintor::CheckNotifyEvent before read
05-12 11:38:22.150 3714 3747 I ample.untitled:
05-12 11:38:22.150 3714 3747 I ample.untitled: QarthPatchMonintor::CheckNotifyEvent after read, length = -1
05-12 11:38:22.150 3714 3747 I ample.untitled: QarthPatchMonintor::CheckNotifyEvent
05-12 11:38:22.150 3714 3747 I ample.untitled:
05-12 11:38:22.150 3714 3747 I ample.untitled:
05-12 11:38:22.150 3714 3747 I ample.untitled: QarthPatchMonintor::CheckNotifyEvent
05-12 11:38:22.150 3714 3747 I ample.untitled: QarthPatchMonintor::CheckNotifyEvent before read
05-12 11:38:22.150 3714 3747 I ample.untitled: QarthPatchMonintor::CheckNotifyEvent after read, length = -1
05-12 11:38:22.150 3714 3747 I ample.untitled:
05-12 11:38:22.150 3714 3747 I ample.untitled: QarthPatchMonintor::CheckNotifyEvent
05-12 11:38:22.150 3714 3747 I ample.untitled:
05-12 11:38:22.150 3714 3747 I ample.untitled: QarthPatchMonintor::CheckNotifyEvent after read, length = -1
05-12 11:38:22.150 3714 3747 I ample.untitled: QarthPatchMonintor::CheckNotifyEvent
05-12 11:38:22.150 3714 3747 I ample.untitled: QarthPatchMonintor::CheckNotifyEvent before read
05-12 11:38:22.150 3714 3747 I ample.untitled:
05-12 11:38:22.150 3714 3747 I ample.untitled: QarthPatchMonintor::CheckNotifyEvent after read, length = -1
05-12 11:38:22.150 3714 3747 I ample.untitled: QarthPatchMonintor::CheckNotifyEvent
05-12 11:38:22.150 3714 3747 I ample.untitled: QarthPatchMonintor::CheckNotifyEvent before read
05-12 11:38:22.150 3714 3747 I ample.untitled: QarthPatchMonintor::CheckNotifyEvent after read, length = -1
05-12 11:38:22.150 3714 3747 I ample.untitled:
05-12 11:38:22.150 3714 3747 I ample.untitled: QarthPatchMonintor::CheckNotifyEvent
05-12 11:38:22.150 3714 3747 I ample.untitled: QarthPatchMonintor::CheckNotifyEvent before read
05-12 11:38:22.150 3714 3747 I ample.untitled:
05-12 11:38:22.150 3714 3747 I ample.untitled: QarthPatchMonintor::CheckNotifyEvent after read, length = -1
05-12 11:38:22.150 3714 3747 I ample.untitled: QarthPatchMonintor::CheckNotifyEvent before read
05-12 11:38:22.150 3714 3747 I ample.untitled:
05-12 11:38:22.150 3714 3747 I ample.untitled: QarthPatchMonintor::CheckNotifyEvent after read, length = -1
05-12 11:38:22.150 3714 3747 I ample.untitled:
05-12 11:38:22.150 3714 3747 I ample.untitled: QarthPatchMonintor::CheckNotifyEvent
05-12 11:38:22.150 3714 3747 I ample.untitled: QarthPatchMonintor::CheckNotifyEvent after read, length = -1
05-12 11:38:22.150 3714 3747 I ample.untitled:
05-12 11:38:22.150 3714 3747 I ample.untitled: QarthPatchMonintor::CheckNotifyEvent
05-12 11:38:22.150 3714 3747 I ample.untitled: QarthPatchMonintor::CheckNotifyEvent after read, length = -1
05-12 11:38:22.150 3714 3747 I ample.untitled:
05-12 11:38:22.150 3714 3747 I ample.untitled: QarthPatchMonintor::CheckNotifyEvent
05-12 11:38:22.150 3714 3747 I ample.untitled:
05-12 11:38:22.151 3714 3747 I ample.untitled: QarthPatchMonintor::CheckNotifyEvent before read
05-12 11:38:22.151 3714 3747 I ample.untitled: QarthPatchMonintor::CheckNotifyEvent after read, length = -1
05-12 11:38:22.151 3714 3747 I ample.untitled: QarthPatchMonintor::CheckNotifyEvent
05-12 11:38:22.151 3714 3747 I ample.untitled: QarthPatchMonintor::CheckNotifyEvent after read, length = -1
05-12 11:38:22.151 3714 3747 I ample.untitled:
05-12 11:38:22.151 3714 3747 I ample.untitled: QarthPatchMonintor::CheckNotifyEvent
05-12 11:38:22.151 3714 3747 I ample.untitled:
05-12 11:38:22.151 3714 3747 I ample.untitled: QarthPatchMonintor::CheckNotifyEvent before read
05-12 11:38:22.151 3714 3747 I ample.untitled: QarthPatchMonintor::CheckNotifyEvent after read, length = -1
05-12 11:38:22.151 3714 3747 I ample.untitled:
05-12 11:38:22.151 3714 3747 I ample.untitled: QarthPatchMonintor::CheckNotifyEvent
05-12 11:38:22.151 3714 3747 I ample.untitled:
05-12 11:38:22.151 3714 3747 I ample.untitled: QarthPatchMonintor::CheckNotifyEvent after read, length = -1
05-12 11:38:22.151 3714 3747 I ample.untitled:
05-12 11:38:22.151 3714 3747 I ample.untitled: QarthPatchMonintor::CheckNotifyEvent
05-12 11:38:22.151 3714 3747 I ample.untitled:
05-12 11:38:22.151 3714 3747 I ample.untitled: QarthPatchMonintor::CheckNotifyEvent before read
05-12 11:38:22.151 3714 3747 I ample.untitled: QarthPatchMonintor::CheckNotifyEvent before read
05-12 11:38:22.151 3714 3747 I ample.untitled: QarthPatchMonintor::CheckNotifyEvent after read, length = -1
05-12 11:38:22.151 1248 1292 I HwAudioServiceEx: ComponentInfo : className = org.qtproject.qt5.android.bindings.QtActivity, flag=showStartingWindow, isHomeActivity=, isTop=false
05-12 11:38:22.151 1248 1292 W SecurityProfileService: Activity life state callback extras get package null!
05-12 11:38:22.151 3805 3835 W FrameworkRegistry: CAWARENESS: ActivityNotifier unknown state
05-12 11:38:22.151 2204 13271 E DollieActivityManagerAdapter: HwActivityNotifierEx null uid
05-12 11:38:22.153 3714 3747 I ample.untitled:
05-12 11:38:22.153 3714 3747 I ample.untitled: QarthPatchMonintor::CheckNotifyEvent after read, length = -1
05-12 11:38:22.153 3714 3747 I ample.untitled:
05-12 11:38:22.153 3714 3747 I ample.untitled: QarthPatchMonintor::CheckNotifyEvent before read
05-12 11:38:22.153 3714 3747 I ample.untitled: QarthPatchMonintor::CheckNotifyEvent after read, length = -1
05-12 11:38:22.153 3714 3747 I ample.untitled:
05-12 11:38:22.153 3714 3747 I ample.untitled: QarthPatchMonintor::CheckNotifyEvent
05-12 11:38:22.153 3714 3747 I ample.untitled: QarthPatchMonintor::CheckNotifyEvent
05-12 11:38:22.153 3714 3747 I ample.untitled: QarthPatchMonintor::CheckNotifyEvent after read, length = -1
05-12 11:38:22.153 3714 3747 I ample.untitled: QarthPatchMonintor::CheckNotifyEvent
05-12 11:38:22.153 3714 3747 I ample.untitled: QarthPatchMonintor::CheckNotifyEvent before read
05-12 11:38:22.153 3714 3747 I ample.untitled: QarthPatchMonintor::CheckNotifyEvent after read, length = -1
05-12 11:38:22.153 3714 3747 I ample.untitled: QarthPatchMonintor::CheckNotifyEvent
05-12 11:38:22.153 3714 3747 I ample.untitled:
05-12 11:38:22.153 2307 2307 W HwLauncher: TrustSpaceAppManager TrustSpace is not installed.
05-12 11:38:22.153 3714 3747 I ample.untitled: QarthPatchMonintor::CheckNotifyEvent
05-12 11:38:22.154 2307 2307 W HwLauncher: FolderIcondrawSelectedLabel bitmap null
05-12 11:38:22.154 2307 2307 I chatty : uid=10066(com.huawei.android.launcher) identical 2 lines
05-12 11:38:22.154 2307 2307 W HwLauncher: FolderIcondrawSelectedLabel bitmap null
05-12 11:38:22.155 2170 2200 I BigDataLog: BD.BDService:send app action data success
05-12 11:38:22.155 2170 2200 I BigDataLog: BD.BDService:send app action data success
05-12 11:38:22.155 2262 2648 I PG_ash : front pkg : org.qtproject.example.untitled2 launcher: false
05-12 11:38:22.155 3600 3738 I HiSearch20.0.4.303: [LauncherOverlayService]: LAUNCHER_INTERACTION from launcher and invoke invokeId = -222
05-12 11:38:22.155 2262 2648 I PG_ash : above launcher front pkgs: [org.qtproject.example.untitled2]
05-12 11:38:22.155 3600 3738 I HiSearch20.0.4.303: [LauncherOverlayService]: isOverlayClosed = true
05-12 11:38:22.155 3714 3747 I ample.untitled: QarthPatchMonintor::CheckNotifyEvent after read, length = -1
05-12 11:38:22.155 3600 3738 I HiSearch20.0.4.303: [LauncherOverlayService]: LAUNCHER_INTERACTION from launcher and invoke, overlay closed, return.
05-12 11:38:22.155 3714 3747 I ample.untitled: QarthPatchMonintor::CheckNotifyEvent after read, length = -1
05-12 11:38:22.155 3714 3747 I ample.untitled:
05-12 11:38:22.155 3714 3747 I ample.untitled: QarthPatchMonintor::CheckNotifyEvent before read
05-12 11:38:22.155 3714 3747 I ample.untitled: QarthPatchMonintor::CheckNotifyEvent after read, length = -1
05-12 11:38:22.155 3714 3747 I ample.untitled:
05-12 11:38:22.155 3714 3747 I ample.untitled:
05-12 11:38:22.156 3714 3747 I ample.untitled: QarthPatchMonintor::CheckNotifyEvent
05-12 11:38:22.156 3714 3747 I ample.untitled:
05-12 11:38:22.156 3714 3747 I ample.untitled:
05-12 11:38:22.156 3714 3747 I ample.untitled: QarthPatchMonintor::CheckNotifyEvent before read
05-12 11:38:22.156 3714 3747 I ample.untitled: QarthPatchMonintor::CheckNotifyEvent after read, length = -1
05-12 11:38:22.156 1248 11015 V ActivityTaskManager: Making visible and scheduling visibility: ActivityRecord{3d44094 u0 org.qtproject.example.untitled2/org.qtproject.qt5.android.bindings.QtActivity t477}
05-12 11:38:22.156 3714 3747 I ample.untitled:
05-12 11:38:22.156 3714 3747 I ample.untitled: QarthPatchMonintor::CheckNotifyEvent before read
05-12 11:38:22.156 3714 3747 I ample.untitled: QarthPatchMonintor::CheckNotifyEvent after read, length = -1
05-12 11:38:22.156 3714 3747 I ample.untitled:
05-12 11:38:22.157 910 1059 D ScreemCommon: [Entry]
05-12 11:38:22.157 3714 3747 I ample.untitled: QarthPatchMonintor::CheckNotifyEvent after read, length = -1
05-12 11:38:22.157 910 1059 D ScreemCommon: [logId update 67177260 when new scene come after 863]
05-12 11:38:22.157 3714 3747 I ample.untitled: QarthPatchMonintor::CheckNotifyEvent
05-12 11:38:22.157 3714 3747 I ample.untitled: QarthPatchMonintor::CheckNotifyEvent before read
05-12 11:38:22.157 3714 3747 I ample.untitled:
05-12 11:38:22.157 3714 3747 I ample.untitled: QarthPatchMonintor::CheckNotifyEvent
05-12 11:38:22.157 1248 11015 W HwActivityTaskManagerServiceEx: appSwitch from: com.huawei.android.launcher to: org.qtproject.example.untitled2
05-12 11:38:22.157 3714 3747 I ample.untitled: QarthPatchMonintor::CheckNotifyEvent after read, length = -1
05-12 11:38:22.157 3714 3747 I ample.untitled:
05-12 11:38:22.157 3714 3747 I ample.untitled: QarthPatchMonintor::CheckNotifyEvent
05-12 11:38:22.157 3714 3747 I ample.untitled: QarthPatchMonintor::CheckNotifyEvent after read, length = -1
05-12 11:38:22.157 3714 3747 I ample.untitled:
05-12 11:38:22.157 3714 3747 I ample.untitled: QarthPatchMonintor::CheckNotifyEvent before read
05-12 11:38:22.157 3714 3747 I ample.untitled:
05-12 11:38:22.157 1248 1293 D HwGameAssistantController: UPDATE: mCurFgPkg=org.qtproject.example.untitled2, mCurFgPid=3714, mCurIsGame=false
05-12 11:38:22.157 3714 3747 I ample.untitled: QarthPatchMonintor::CheckNotifyEvent after read, length = -1
05-12 11:38:22.157 3714 3747 I ample.untitled: QarthPatchMonintor::CheckNotifyEvent
05-12 11:38:22.157 3714 3747 I ample.untitled: QarthPatchMonintor::CheckNotifyEvent before read
05-12 11:38:22.157 3714 3747 I ample.untitled:
05-12 11:38:22.157 3714 3747 I ample.untitled: QarthPatchMonintor::CheckNotifyEvent before read
05-12 11:38:22.158 1248 11015 D ZrHung.AppEyeFocusWindow: FocusWindowErrorScene CheckFreezeScreen
05-12 11:38:22.158 1248 11015 D ZrHung.AppEyeTransparentWindow: TransparentWindow cancelCheckFreezeScreen
05-12 11:38:22.158 3714 3747 I ample.untitled: QarthPatchMonintor::CheckNotifyEvent before read
05-12 11:38:22.158 3714 3747 I ample.untitled: QarthPatchMonintor::CheckNotifyEvent
05-12 11:38:22.158 3714 3747 I ample.untitled: QarthPatchMonintor::CheckNotifyEvent after read, length = -1
05-12 11:38:22.158 3714 3747 I ample.untitled: QarthPatchMonintor::CheckNotifyEvent
05-12 11:38:22.158 3714 3747 I ample.untitled:
05-12 11:38:22.158 3714 3747 I chatty : uid=10152(org.qtproject.example.untitled2) identical 2 lines
05-12 11:38:22.159 3714 3747 I ample.untitled:
05-12 11:38:22.159 3714 3747 I ample.untitled: QarthPatchMonintor::CheckNotifyEvent
05-12 11:38:22.159 3714 3747 I ample.untitled:
05-12 11:38:22.159 3714 3747 I ample.untitled: QarthPatchMonintor::CheckNotifyEvent after read, length = -1
05-12 11:38:22.159 3714 3747 I ample.untitled: QarthPatchMonintor::CheckNotifyEvent after read, length = -1
05-12 11:38:22.159 3714 3747 I ample.untitled:
05-12 11:38:22.159 3714 3747 I ample.untitled: QarthPatchMonintor::CheckNotifyEvent after read, length = -1
05-12 11:38:22.159 3714 3747 I ample.untitled: QarthPatchMonintor::CheckNotifyEvent before read
05-12 11:38:22.159 3714 3747 I ample.untitled: QarthPatchMonintor::CheckNotifyEvent
05-12 11:38:22.159 3714 3747 I ample.untitled:
05-12 11:38:22.159 3714 3747 I ample.untitled: QarthPatchMonintor::CheckNotifyEvent before read
05-12 11:38:22.159 3714 3747 I ample.untitled: QarthPatchMonintor::CheckNotifyEvent after read, length = -1
05-12 11:38:22.159 3714 3747 I ample.untitled:
05-12 11:38:22.159 3714 3747 I ample.untitled: QarthPatchMonintor::CheckNotifyEvent
05-12 11:38:22.159 3714 3747 I ample.untitled:
05-12 11:38:22.160 3714 3747 I ample.untitled: QarthPatchMonintor::CheckNotifyEvent before read
05-12 11:38:22.160 3714 3747 I ample.untitled:
05-12 11:38:22.160 3714 3747 I ample.untitled: QarthPatchMonintor::CheckNotifyEvent after read, length = -1
05-12 11:38:22.160 3714 3747 I ample.untitled:
05-12 11:38:22.160 3714 3747 I ample.untitled: QarthPatchMonintor::CheckNotifyEvent
05-12 11:38:22.160 2204 13271 D AssistantService-1011301: registerHwActivityNotifier call fromPackage:com.huawei.android.launcher, toPackage:org.qtproject.example.untitled2
05-12 11:38:22.160 3714 3747 I ample.untitled:
05-12 11:38:22.160 3714 3747 I ample.untitled: QarthPatchMonintor::CheckNotifyEvent before read
05-12 11:38:22.160 3714 3747 I ample.untitled:
05-12 11:38:22.160 3714 3747 I ample.untitled: QarthPatchMonintor::CheckNotifyEvent
05-12 11:38:22.160 3714 3747 I ample.untitled: QarthPatchMonintor::CheckNotifyEvent before read
05-12 11:38:22.160 3714 3747 I ample.untitled:
05-12 11:38:22.160 2204 6637 D AssistantService-1011301: handleMessage app switch fromPackage:com.huawei.android.launcher, toPackage:org.qtproject.example.untitled2
05-12 11:38:22.160 3714 3747 I ample.untitled: QarthPatchMonintor::CheckNotifyEvent
05-12 11:38:22.160 2170 2428 D DiffPrivacyJni: Call DiffPrivacy interface
05-12 11:38:22.160 2204 6637 D AssistantService-1011301: package:com.huawei.android.launcher inAppAssistant:false
05-12 11:38:22.160 2204 6637 D AssistantService-1011301: package:org.qtproject.example.untitled2 inAppAssistant:false
05-12 11:38:22.160 3714 3747 I ample.untitled: QarthPatchMonintor::CheckNotifyEvent after read, length = -1
05-12 11:38:22.160 3714 3747 I ample.untitled: QarthPatchMonintor::CheckNotifyEvent
05-12 11:38:22.160 3714 3747 I ample.untitled:
05-12 11:38:22.160 2262 2418 D ScenarioService: front pkg : org.qtproject.example.untitled2 launcher: false
05-12 11:38:22.160 3714 3747 I ample.untitled: QarthPatchMonintor::CheckNotifyEvent before read
05-12 11:38:22.160 1248 1292 I HwAudioServiceEx: ComponentInfo : className = com.huawei.android.launcher.unihome.UniHomeLauncher, flag=onPause, isHomeActivity=, isTop=false
05-12 11:38:22.160 3714 3747 I ample.untitled:
05-12 11:38:22.160 2262 2418 D ScenarioService: new above launcher front pkgs: [org.qtproject.example.untitled2]
05-12 11:38:22.160 1248 1292 W SecurityProfileService: Activity life state callback extras get package null!
05-12 11:38:22.160 2262 2418 I AppManager: handleAppFrontEvent: org.qtproject.example.untitled2
05-12 11:38:22.161 2262 2418 I AppsUsage: scnOff:false FgAPP:org.qtproject.example.untitled2 BgAPP:com.huawei.android.launcher
05-12 11:38:22.161 3714 3747 I ample.untitled: QarthPatchMonintor::CheckNotifyEvent
05-12 11:38:22.161 3714 3747 I ample.untitled: QarthPatchMonintor::CheckNotifyEvent after read, length = -1
05-12 11:38:22.161 3714 3747 I ample.untitled:
05-12 11:38:22.161 3805 3835 I AppLifeChangeSensor: CAWARENESS: activityPaused componentName = ComponentInfo{com.huawei.android.launcher/com.huawei.android.launcher.unihome.UniHomeLauncher}
05-12 11:38:22.161 3714 3747 I ample.untitled: QarthPatchMonintor::CheckNotifyEvent
05-12 11:38:22.161 3805 3835 E AppLifeChangeSensor: CAWARENESS: activityPaused mAppLifeChangeCallback is null
05-12 11:38:22.161 3714 3747 I ample.untitled: QarthPatchMonintor::CheckNotifyEvent
05-12 11:38:22.161 3714 3747 I ample.untitled:
05-12 11:38:22.161 3714 3747 I ample.untitled: QarthPatchMonintor::CheckNotifyEvent after read, length = -1
05-12 11:38:22.161 3714 3747 I ample.untitled:
05-12 11:38:22.161 3714 3747 I ample.untitled: QarthPatchMonintor::CheckNotifyEvent
05-12 11:38:22.161 3714 3747 I ample.untitled:
05-12 11:38:22.161 3714 3747 I ample.untitled: QarthPatchMonintor::CheckNotifyEvent after read, length = -1
05-12 11:38:22.161 3714 3747 I ample.untitled:
05-12 11:38:22.161 3714 3747 I ample.untitled: QarthPatchMonintor::CheckNotifyEvent
05-12 11:38:22.161 3714 3747 I ample.untitled: QarthPatchMonintor::CheckNotifyEvent before read
05-12 11:38:22.161 3714 3747 I ample.untitled: QarthPatchMonintor::CheckNotifyEvent after read, length = -1
05-12 11:38:22.161 3714 3747 I ample.untitled:
05-12 11:38:22.161 3714 3747 I ample.untitled: QarthPatchMonintor::CheckNotifyEvent before read
05-12 11:38:22.161 2262 2648 I AppFastHibernation: rev F_Z exception for visible pkg: org.qtproject.example.untitled2
05-12 11:38:22.161 3714 3747 I ample.untitled:
05-12 11:38:22.161 3714 3747 I ample.untitled: QarthPatchMonintor::CheckNotifyEvent before read
05-12 11:38:22.161 3714 3747 I ample.untitled:
05-12 11:38:22.161 3714 3747 I ample.untitled: QarthPatchMonintor::CheckNotifyEvent after read, length = -1
05-12 11:38:22.161 3714 3747 I ample.untitled: QarthPatchMonintor::CheckNotifyEvent
05-12 11:38:22.161 3714 3747 I ample.untitled:
