05-12 11:38:22.432 3714 3747 I ample.untitled: QarthPatchMonintor::CheckNotifyEvent
05-12 11:38:22.433 3714 3747 I ample.untitled:
05-12 11:38:22.433 3714 3747 I ample.untitled: QarthPatchMonintor::CheckNotifyEvent after read, length = -1
05-12 11:38:22.433 3714 3747 I ample.untitled: QarthPatchMonintor::CheckNotifyEvent
05-12 11:38:22.433 3714 3747 I ample.untitled: QarthPatchMonintor::CheckNotifyEvent
05-12 11:38:22.433 3714 3747 I ample.untitled:
05-12 11:38:22.433 3714 3747 I ample.untitled: QarthPatchMonintor::CheckNotifyEvent before read
05-12 11:38:22.433 3714 3747 I ample.untitled: QarthPatchMonintor::CheckNotifyEvent after read, length = -1
05-12 11:38:22.433 3714 3747 I ample.untitled: QarthPatchMonintor::CheckNotifyEvent
05-12 11:38:22.433 3714 3747 I ample.untitled: QarthPatchMonintor::CheckNotifyEvent before read
05-12 11:38:22.433 3714 3747 I ample.untitled: QarthPatchMonintor::CheckNotifyEvent after read, length = -1
05-12 11:38:22.433 3714 3747 I ample.untitled: QarthPatchMonintor::CheckNotifyEvent before read
05-12 11:38:22.434 3714 3747 I ample.untitled:
05-12 11:38:22.435 3714 3747 I ample.untitled: QarthPatchMonintor::CheckNotifyEvent after read, length = -1
05-12 11:38:22.435 3714 3747 I ample.untitled:
05-12 11:38:22.435 3714 3747 I ample.untitled: QarthPatchMonintor::CheckNotifyEvent
05-12 11:38:22.435 3714 3747 I ample.untitled: QarthPatchMonintor::CheckNotifyEvent after read, length = -1
05-12 11:38:22.435 3714 3747 I ample.untitled: QarthPatchMonintor::CheckNotifyEvent before read
05-12 11:38:22.435 3714 3747 I ample.untitled: QarthPatchMonintor::CheckNotifyEvent after read, length = -1
05-12 11:38:22.435 3714 3747 I ample.untitled: QarthPatchMonintor::CheckNotifyEvent
05-12 11:38:22.435 3714 3747 I ample.untitled: QarthPatchMonintor::CheckNotifyEvent after read, length = -1
05-12 11:38:22.437 3714 3747 I ample.untitled: QarthPatchMonintor::CheckNotifyEvent
05-12 11:38:22.437 3714 3747 I ample.untitled: QarthPatchMonintor::CheckNotifyEvent before read
05-12 11:38:22.437 3714 3747 I ample.untitled: QarthPatchMonintor::CheckNotifyEvent
05-12 11:38:22.437 3714 3747 I chatty : uid=10152(org.qtproject.example.untitled2) identical 1 line
05-12 11:38:22.437 3714 3747 I ample.untitled: QarthPatchMonintor::CheckNotifyEvent
05-12 11:38:22.438 3714 3747 I ample.untitled:
05-12 11:38:22.438 3714 3747 I ample.untitled: QarthPatchMonintor::CheckNotifyEvent after read, length = -1
05-12 11:38:22.438 3714 3747 I ample.untitled: QarthPatchMonintor::CheckNotifyEvent after read, length = -1
05-12 11:38:22.438 3714 3747 I ample.untitled: QarthPatchMonintor::CheckNotifyEvent
05-12 11:38:22.438 3714 3747 I ample.untitled:
05-12 11:38:22.438 3714 3747 I ample.untitled: QarthPatchMonintor::CheckNotifyEvent
05-12 11:38:22.438 3714 3747 I ample.untitled:
05-12 11:38:22.439 3714 3747 I ample.untitled: QarthPatchMonintor::CheckNotifyEvent before read
05-12 11:38:22.439 3714 3747 I ample.untitled:
05-12 11:38:22.439 3714 3747 I ample.untitled: QarthPatchMonintor::CheckNotifyEvent after read, length = -1
05-12 11:38:22.439 3714 3747 I ample.untitled:
05-12 11:38:22.439 3714 3747 I ample.untitled: QarthPatchMonintor::CheckNotifyEvent
05-12 11:38:22.439 3714 3747 I ample.untitled:
05-12 11:38:22.439 3714 3747 I ample.untitled: QarthPatchMonintor::CheckNotifyEvent before read
05-12 11:38:22.439 3714 3747 I ample.untitled:
05-12 11:38:22.439 3714 3747 I ample.untitled: QarthPatchMonintor::CheckNotifyEvent after read, length = -1
05-12 11:38:22.439 3714 3747 I ample.untitled:
05-12 11:38:22.439 3714 3747 I ample.untitled: QarthPatchMonintor::CheckNotifyEvent
05-12 11:38:22.439 3714 3747 I ample.untitled:
05-12 11:38:22.439 3714 3747 I ample.untitled: QarthPatchMonintor::CheckNotifyEvent before read
05-12 11:38:22.439 3714 3747 I ample.untitled:
05-12 11:38:22.439 3714 3747 I ample.untitled: QarthPatchMonintor::CheckNotifyEvent after read, length = -1
05-12 11:38:22.439 3714 3747 I ample.untitled:
05-12 11:38:22.439 3714 3747 I ample.untitled: QarthPatchMonintor::CheckNotifyEvent
05-12 11:38:22.439 3714 3747 I ample.untitled:
05-12 11:38:22.439 3714 3747 I ample.untitled: QarthPatchMonintor::CheckNotifyEvent before read
05-12 11:38:22.439 3714 3747 I ample.untitled:
05-12 11:38:22.439 3714 3747 I ample.untitled: QarthPatchMonintor::CheckNotifyEvent after read, length = -1
05-12 11:38:22.439 3714 3747 I ample.untitled:
05-12 11:38:22.439 3714 3747 I ample.untitled: QarthPatchMonintor::CheckNotifyEvent
05-12 11:38:22.439 3714 3747 I ample.untitled:
05-12 11:38:22.439 3714 3747 I ample.untitled: QarthPatchMonintor::CheckNotifyEvent before read
05-12 11:38:22.439 3714 3747 I ample.untitled:
05-12 11:38:22.439 3714 3747 I ample.untitled: QarthPatchMonintor::CheckNotifyEvent after read, length = -1
05-12 11:38:22.439 3714 3747 I ample.untitled:
05-12 11:38:22.439 3714 3747 I ample.untitled: QarthPatchMonintor::CheckNotifyEvent
05-12 11:38:22.439 3714 3747 I ample.untitled:
05-12 11:38:22.439 3714 3747 I ample.untitled: QarthPatchMonintor::CheckNotifyEvent before read
05-12 11:38:22.439 3714 3747 I ample.untitled:
05-12 11:38:22.439 3714 3747 I ample.untitled: QarthPatchMonintor::CheckNotifyEvent after read, length = -1
05-12 11:38:22.439 3714 3747 I ample.untitled:
05-12 11:38:22.439 3714 3747 I ample.untitled: QarthPatchMonintor::CheckNotifyEvent
05-12 11:38:22.439 3714 3747 I ample.untitled:
05-12 11:38:22.439 3714 3747 I ample.untitled: QarthPatchMonintor::CheckNotifyEvent before read
05-12 11:38:22.439 3714 3747 I ample.untitled:
05-12 11:38:22.439 3714 3747 I ample.untitled: QarthPatchMonintor::CheckNotifyEvent after read, length = -1
05-12 11:38:22.439 3714 3747 I ample.untitled:
05-12 11:38:22.439 3714 3747 I ample.untitled: QarthPatchMonintor::CheckNotifyEvent
05-12 11:38:22.439 3714 3747 I ample.untitled:
05-12 11:38:22.439 3714 3747 I ample.untitled: QarthPatchMonintor::CheckNotifyEvent before read
05-12 11:38:22.439 3714 3747 I ample.untitled:
05-12 11:38:22.439 3714 3747 I ample.untitled: QarthPatchMonintor::CheckNotifyEvent after read, length = -1
05-12 11:38:22.439 3714 3747 I ample.untitled:
05-12 11:38:22.440 3714 3747 I ample.untitled: QarthPatchMonintor::CheckNotifyEvent after read, length = -1
05-12 11:38:22.440 3714 3747 I ample.untitled:
05-12 11:38:22.441 3714 3747 I ample.untitled: QarthPatchMonintor::CheckNotifyEvent before read
05-12 11:38:22.441 3714 3747 I ample.untitled:
05-12 11:38:22.441 3714 3747 I ample.untitled: QarthPatchMonintor::CheckNotifyEvent after read, length = -1
05-12 11:38:22.441 3714 3747 I ample.untitled:
05-12 11:38:22.441 3714 3747 I chatty : uid=10152(org.qtproject.example.untitled2) identical 1 line
05-12 11:38:22.441 3714 3747 I ample.untitled:
05-12 11:38:22.441 3714 3747 I ample.untitled: QarthPatchMonintor::CheckNotifyEvent
05-12 11:38:22.441 3714 3747 I ample.untitled: QarthPatchMonintor::CheckNotifyEvent
05-12 11:38:22.441 3714 3747 I ample.untitled:
05-12 11:38:22.441 3714 3747 I ample.untitled: QarthPatchMonintor::CheckNotifyEvent before read
05-12 11:38:22.441 3714 3747 I ample.untitled: QarthPatchMonintor::CheckNotifyEvent after read, length = -1
05-12 11:38:22.441 650 1142 I netd : trafficSwapActiveStatsMap() <15.62ms>
05-12 11:38:22.441 3714 3747 I ample.untitled:
05-12 11:38:22.441 3714 3747 I ample.untitled: QarthPatchMonintor::CheckNotifyEvent after read, length = -1
05-12 11:38:22.441 3714 3747 I ample.untitled: QarthPatchMonintor::CheckNotifyEvent after read, length = -1
05-12 11:38:22.441 3714 3747 I ample.untitled:
05-12 11:38:22.441 3714 3747 I ample.untitled: QarthPatchMonintor::CheckNotifyEvent after read, length = -1
05-12 11:38:22.442 3714 3747 I ample.untitled: QarthPatchMonintor::CheckNotifyEvent before read
05-12 11:38:22.442 3714 3747 I ample.untitled: QarthPatchMonintor::CheckNotifyEvent after read, length = -1
05-12 11:38:22.442 3714 3747 I ample.untitled: QarthPatchMonintor::CheckNotifyEvent
05-12 11:38:22.442 3714 3747 I ample.untitled: QarthPatchMonintor::CheckNotifyEvent
05-12 11:38:22.442 3714 3747 I ample.untitled: QarthPatchMonintor::CheckNotifyEvent after read, length = -1
05-12 11:38:22.442 3714 3747 I ample.untitled: QarthPatchMonintor::CheckNotifyEvent after read, length = -1
05-12 11:38:22.442 3714 3747 I ample.untitled: QarthPatchMonintor::CheckNotifyEvent
05-12 11:38:22.442 3714 3747 I ample.untitled:
05-12 11:38:22.442 3714 3747 I ample.untitled: QarthPatchMonintor::CheckNotifyEvent
05-12 11:38:22.443 3714 3747 I chatty : uid=10152(org.qtproject.example.untitled2) identical 1 line
05-12 11:38:22.443 3714 3747 I ample.untitled: QarthPatchMonintor::CheckNotifyEvent
05-12 11:38:22.443 3714 3747 I ample.untitled:
05-12 11:38:22.443 3714 3747 I ample.untitled: QarthPatchMonintor::CheckNotifyEvent
05-12 11:38:22.444 3714 3747 I ample.untitled:
05-12 11:38:22.445 3714 3747 I ample.untitled: QarthPatchMonintor::CheckNotifyEvent after read, length = -1
05-12 11:38:22.445 3714 3747 I ample.untitled:
05-12 11:38:22.445 3714 3747 I ample.untitled: QarthPatchMonintor::CheckNotifyEvent after read, length = -1
05-12 11:38:22.445 3714 3747 I ample.untitled:
05-12 11:38:22.445 3714 3747 I ample.untitled: QarthPatchMonintor::CheckNotifyEvent
05-12 11:38:22.445 3714 3747 I ample.untitled: QarthPatchMonintor::CheckNotifyEvent after read, length = -1
05-12 11:38:22.445 3714 3747 I ample.untitled: QarthPatchMonintor::CheckNotifyEvent
05-12 11:38:22.445 3714 3747 I ample.untitled: QarthPatchMonintor::CheckNotifyEvent
05-12 11:38:22.445 3714 3747 I ample.untitled:
05-12 11:38:22.445 3714 3747 I ample.untitled: QarthPatchMonintor::CheckNotifyEvent
05-12 11:38:22.445 3714 3747 I ample.untitled:
05-12 11:38:22.446 3714 3747 I ample.untitled: QarthPatchMonintor::CheckNotifyEvent
05-12 11:38:22.446 3714 3747 I ample.untitled: QarthPatchMonintor::CheckNotifyEvent after read, length = -1
05-12 11:38:22.446 3714 3747 I ample.untitled:
05-12 11:38:22.446 3714 3747 I ample.untitled: QarthPatchMonintor::CheckNotifyEvent after read, length = -1
05-12 11:38:22.446 3714 3747 I ample.untitled:
05-12 11:38:22.446 3714 3747 I chatty : uid=10152(org.qtproject.example.untitled2) identical 1 line
05-12 11:38:22.446 3714 3747 I ample.untitled:
05-12 11:38:22.446 3714 3747 I ample.untitled: QarthPatchMonintor::CheckNotifyEvent
05-12 11:38:22.446 3714 3747 I ample.untitled: QarthPatchMonintor::CheckNotifyEvent before read
05-12 11:38:22.446 3714 3747 I ample.untitled: QarthPatchMonintor::CheckNotifyEvent after read, length = -1
05-12 11:38:22.446 3714 3747 I ample.untitled: QarthPatchMonintor::CheckNotifyEvent before read
05-12 11:38:22.446 3714 3747 I ample.untitled: QarthPatchMonintor::CheckNotifyEvent
05-12 11:38:22.446 3714 3747 I ample.untitled:
05-12 11:38:22.446 3714 3747 I ample.untitled: QarthPatchMonintor::CheckNotifyEvent before read
05-12 11:38:22.446 3714 3747 I ample.untitled: QarthPatchMonintor::CheckNotifyEvent
05-12 11:38:22.446 3714 3747 I ample.untitled: QarthPatchMonintor::CheckNotifyEvent after read, length = -1
05-12 11:38:22.446 3714 3747 I ample.untitled: QarthPatchMonintor::CheckNotifyEvent
05-12 11:38:22.446 3714 3747 I ample.untitled: QarthPatchMonintor::CheckNotifyEvent before read
05-12 11:38:22.446 3714 3747 I ample.untitled: QarthPatchMonintor::CheckNotifyEvent
05-12 11:38:22.446 3714 3747 I ample.untitled: QarthPatchMonintor::CheckNotifyEvent before read
05-12 11:38:22.446 3714 3747 I ample.untitled:
05-12 11:38:22.446 3714 3747 I ample.untitled: QarthPatchMonintor::CheckNotifyEvent
05-12 11:38:22.446 3714 3747 I ample.untitled:
05-12 11:38:22.446 3714 3747 I ample.untitled: QarthPatchMonintor::CheckNotifyEvent after read, length = -1
05-12 11:38:22.446 3714 3747 I ample.untitled:
05-12 11:38:22.447 3714 3747 I ample.untitled: QarthPatchMonintor::CheckNotifyEvent after read, length = -1
05-12 11:38:22.447 3714 3747 I ample.untitled: QarthPatchMonintor::CheckNotifyEvent before read
05-12 11:38:22.447 3714 3747 I ample.untitled:
05-12 11:38:22.447 3714 3747 I ample.untitled: QarthPatchMonintor::CheckNotifyEvent before read
05-12 11:38:22.447 3714 3747 I ample.untitled: QarthPatchMonintor::CheckNotifyEvent
05-12 11:38:22.447 3714 3747 I ample.untitled: QarthPatchMonintor::CheckNotifyEvent after read, length = -1
05-12 11:38:22.447 3714 3747 I ample.untitled: QarthPatchMonintor::CheckNotifyEvent after read, length = -1
05-12 11:38:22.447 3714 3747 I ample.untitled:
05-12 11:38:22.447 3714 3747 I ample.untitled: QarthPatchMonintor::CheckNotifyEvent
05-12 11:38:22.447 3714 3747 I ample.untitled:
05-12 11:38:22.447 3714 3747 I ample.untitled: QarthPatchMonintor::CheckNotifyEvent after read, length = -1
05-12 11:38:22.447 3714 3747 I ample.untitled:
05-12 11:38:22.447 3714 3747 I ample.untitled: QarthPatchMonintor::CheckNotifyEvent
05-12 11:38:22.447 3714 3747 I ample.untitled: QarthPatchMonintor::CheckNotifyEvent
05-12 11:38:22.447 3714 3747 I ample.untitled: QarthPatchMonintor::CheckNotifyEvent after read, length = -1
05-12 11:38:22.447 3714 3747 I ample.untitled:
05-12 11:38:22.447 3714 3747 I chatty : uid=10152(org.qtproject.example.untitled2) identical 1 line
05-12 11:38:22.447 3714 3747 I ample.untitled:
05-12 11:38:22.447 3714 3747 I ample.untitled: QarthPatchMonintor::CheckNotifyEvent
05-12 11:38:22.447 3714 3747 I ample.untitled: QarthPatchMonintor::CheckNotifyEvent after read, length = -1
05-12 11:38:22.447 3714 3747 I ample.untitled: QarthPatchMonintor::CheckNotifyEvent
05-12 11:38:22.447 1248 3797 W ActivityTaskManager: finishTopCrashedActivityLocked Force finishing activity org.qtproject.example.untitled2/org.qtproject.qt5.android.bindings.QtActivity
05-12 11:38:22.448 1248 3797 V ActivityTaskManager: positionChild stackId=0 to top.
05-12 11:38:22.448 1248 3798 I DropBoxManagerService: add tag=data_app_native_crash isTagEnabled=true flags=0x2
05-12 11:38:22.448 1248 3797 W HwActivityTaskManagerServiceEx: setResumedActivityUncheckLocked start call, from: ActivityRecord{3d44094 u0 org.qtproject.example.untitled2/org.qtproject.qt5.android.bindings.QtActivity t477 f}, to: ActivityRecord{5784de u0 com.huawei.android.launcher/.unihome.UniHomeLauncher t1}
05-12 11:38:22.448 1248 3797 W HwActivityTaskManagerServiceEx: appSwitch from: org.qtproject.example.untitled2 to: com.huawei.android.launcher
05-12 11:38:22.449 911 911 E /system/bin/tombstoned: Tombstone written to: /data/tombstones/tombstone_06
05-12 11:38:22.449 3714 3747 I ample.untitled: QarthPatchMonintor::CheckNotifyEvent before read
05-12 11:38:22.449 3714 3747 I ample.untitled: QarthPatchMonintor::CheckNotifyEvent
05-12 11:38:22.449 3714 3747 I ample.untitled: QarthPatchMonintor::CheckNotifyEvent after read, length = -1
05-12 11:38:22.449 3714 3747 I ample.untitled: QarthPatchMonintor::CheckNotifyEvent after read, length = -1
05-12 11:38:22.450 3714 3747 I ample.untitled: QarthPatchMonintor::CheckNotifyEvent before read
05-12 11:38:22.450 3714 3747 I ample.untitled: QarthPatchMonintor::CheckNotifyEvent after read, length = -1
05-12 11:38:22.450 3714 3747 I ample.untitled: QarthPatchMonintor::CheckNotifyEvent after read, length = -1
05-12 11:38:22.450 3714 3747 I ample.untitled: QarthPatchMonintor::CheckNotifyEvent before read
05-12 11:38:22.450 3714 3747 I ample.untitled: QarthPatchMonintor::CheckNotifyEvent after read, length = -1
05-12 11:38:22.450 2204 4298 D AssistantService-1011301: registerHwActivityNotifier call fromPackage:org.qtproject.example.untitled2, toPackage:com.huawei.android.launcher
05-12 11:38:22.450 3714 3747 I ample.untitled: QarthPatchMonintor::CheckNotifyEvent before read
05-12 11:38:22.450 3714 3747 I ample.untitled: QarthPatchMonintor::CheckNotifyEvent
05-12 11:38:22.450 1248 1293 D HwGameAssistantController: UPDATE: mCurFgPkg=com.huawei.android.launcher, mCurFgPid=2307, mCurIsGame=false
05-12 11:38:22.450 3714 3747 I ample.untitled: QarthPatchMonintor::CheckNotifyEvent
05-12 11:38:22.450 2204 6637 D AssistantService-1011301: handleMessage app switch fromPackage:org.qtproject.example.untitled2, toPackage:com.huawei.android.launcher
05-12 11:38:22.451 2204 6637 D AssistantService-1011301: package:org.qtproject.example.untitled2 inAppAssistant:false
05-12 11:38:22.451 2204 6637 D AssistantService-1011301: package:com.huawei.android.launcher inAppAssistant:false
05-12 11:38:22.451 2262 3361 E AwareLog: SPKSchedFeature: Uid has been sent, ignore.
05-12 11:38:22.451 2262 3361 E AwareLog: SPKEQSchedFeature: Uid has been sent, ignore.
05-12 11:38:22.452 910 3853 E iMonitor: FaultDetect: DumptoolPrintf return.
05-12 11:38:22.452 910 3855 E iMonitor: FaultDetect: FaultEngineTracePrintf return.
05-12 11:38:22.452 3714 3747 I ample.untitled: QarthPatchMonintor::CheckNotifyEvent
05-12 11:38:22.452 1248 1323 I BootReceiver: Copying /data/tombstones/tombstone_06 to DropBox (SYSTEM_TOMBSTONE)
05-12 11:38:22.452 3714 3747 I ample.untitled: QarthPatchMonintor::CheckNotifyEvent after read, length = -1
05-12 11:38:22.452 3714 3747 I ample.untitled:
05-12 11:38:22.452 3714 3747 I ample.untitled:
05-12 11:38:22.452 3714 3747 I ample.untitled: QarthPatchMonintor::CheckNotifyEvent
05-12 11:38:22.452 3714 3747 I ample.untitled: QarthPatchMonintor::CheckNotifyEvent after read, length = -1
05-12 11:38:22.452 3714 3747 I ample.untitled:
05-12 11:38:22.452 1248 1323 I DropBoxManagerService: add tag=SYSTEM_TOMBSTONE isTagEnabled=true flags=0x2
05-12 11:38:22.452 3714 3747 I ample.untitled: QarthPatchMonintor::CheckNotifyEvent before read
05-12 11:38:22.452 910 3853 E iMonitor: FaultDetect: DumptoolPrintf return.
05-12 11:38:22.452 3714 3747 I ample.untitled:
05-12 11:38:22.452 3714 3747 I ample.untitled: QarthPatchMonintor::CheckNotifyEvent
05-12 11:38:22.452 3714 3747 I ample.untitled: QarthPatchMonintor::CheckNotifyEvent after read, length = -1
05-12 11:38:22.452 3714 3747 I ample.untitled: QarthPatchMonintor::CheckNotifyEvent after read, length = -1
05-12 11:38:22.452 3714 3747 I ample.untitled:
05-12 11:38:22.452 3714 3747 I ample.untitled: QarthPatchMonintor::CheckNotifyEvent before read
05-12 11:38:22.452 3714 3747 I ample.untitled:
05-12 11:38:22.454 3714 3747 I ample.untitled: QarthPatchMonintor::CheckNotifyEvent
05-12 11:38:22.454 3714 3747 I ample.untitled:
05-12 11:38:22.454 3714 3747 I ample.untitled: QarthPatchMonintor::CheckNotifyEvent after read, length = -1
05-12 11:38:22.454 3714 3747 I ample.untitled:
05-12 11:38:22.454 3714 3747 I ample.untitled: QarthPatchMonintor::CheckNotifyEvent
05-12 11:38:22.454 3714 3747 I ample.untitled:
05-12 11:38:22.454 3714 3747 I ample.untitled: QarthPatchMonintor::CheckNotifyEvent before read
05-12 11:38:22.454 3714 3747 I ample.untitled:
05-12 11:38:22.454 3714 3747 I ample.untitled: QarthPatchMonintor::CheckNotifyEvent after read, length = -1
05-12 11:38:22.454 3714 3747 I ample.untitled:
05-12 11:38:22.454 3714 3747 I ample.untitled: QarthPatchMonintor::CheckNotifyEvent after read, length = -1
05-12 11:38:22.454 3714 3747 I ample.untitled: QarthPatchMonintor::CheckNotifyEvent before read
05-12 11:38:22.455 3714 3747 I ample.untitled: QarthPatchMonintor::CheckNotifyEvent
05-12 11:38:22.455 3714 3747 I ample.untitled: QarthPatchMonintor::CheckNotifyEvent after read, length = -1
05-12 11:38:22.455 3714 3747 I ample.untitled:
05-12 11:38:22.455 3714 3747 I ample.untitled: QarthPatchMonintor::CheckNotifyEvent
05-12 11:38:22.455 3714 3747 I ample.untitled:
05-12 11:38:22.455 3714 3747 I ample.untitled: QarthPatchMonintor::CheckNotifyEvent before read
05-12 11:38:22.456 3714 3747 I ample.untitled: QarthPatchMonintor::CheckNotifyEvent after read, length = -1
05-12 11:38:22.456 3714 3747 I ample.untitled: QarthPatchMonintor::CheckNotifyEvent
05-12 11:38:22.456 3714 3747 I ample.untitled: QarthPatchMonintor::CheckNotifyEvent before read
05-12 11:38:22.456 3714 3747 I ample.untitled: QarthPatchMonintor::CheckNotifyEvent after read, length = -1
05-12 11:38:22.456 3714 3747 I ample.untitled:
05-12 11:38:22.456 3714 3747 I ample.untitled: QarthPatchMonintor::CheckNotifyEvent
05-12 11:38:22.456 3714 3747 I ample.untitled: QarthPatchMonintor::CheckNotifyEvent after read, length = -1
05-12 11:38:22.456 3714 3747 I ample.untitled: QarthPatchMonintor::CheckNotifyEvent
05-12 11:38:22.457 3714 3747 I chatty : uid=10152(org.qtproject.example.untitled2) identical 1 line
05-12 11:38:22.457 3714 3747 I ample.untitled: QarthPatchMonintor::CheckNotifyEvent
05-12 11:38:22.457 3714 3747 I ample.untitled:
05-12 11:38:22.457 3714 3747 I ample.untitled: QarthPatchMonintor::CheckNotifyEvent before read
05-12 11:38:22.457 3714 3747 I ample.untitled: QarthPatchMonintor::CheckNotifyEvent after read, length = -1
05-12 11:38:22.457 3714 3747 I ample.untitled: QarthPatchMonintor::CheckNotifyEvent
05-12 11:38:22.457 3714 3747 I ample.untitled: QarthPatchMonintor::CheckNotifyEvent after read, length = -1
05-12 11:38:22.457 3714 3747 I ample.untitled: QarthPatchMonintor::CheckNotifyEvent
05-12 11:38:22.457 3714 3747 I ample.untitled:
05-12 11:38:22.457 3714 3747 I ample.untitled: QarthPatchMonintor::CheckNotifyEvent before read
05-12 11:38:22.457 3714 3747 I ample.untitled:
05-12 11:38:22.457 3714 3747 I ample.untitled: QarthPatchMonintor::CheckNotifyEvent after read, length = -1
05-12 11:38:22.457 3714 3747 I ample.untitled:
05-12 11:38:22.457 3714 3747 I ample.untitled: QarthPatchMonintor::CheckNotifyEvent
05-12 11:38:22.457 3714 3747 I ample.untitled:
05-12 11:38:22.457 3714 3747 I ample.untitled: QarthPatchMonintor::CheckNotifyEvent before read
05-12 11:38:22.457 3714 3747 I ample.untitled:
05-12 11:38:22.457 3714 3747 I ample.untitled: QarthPatchMonintor::CheckNotifyEvent after read, length = -1
05-12 11:38:22.457 3714 3747 I ample.untitled:
05-12 11:38:22.457 3714 3747 I ample.untitled: QarthPatchMonintor::CheckNotifyEvent
05-12 11:38:22.457 3714 3747 I ample.untitled:
05-12 11:38:22.457 3714 3747 I ample.untitled: QarthPatchMonintor::CheckNotifyEvent before read
05-12 11:38:22.457 3714 3747 I ample.untitled:
05-12 11:38:22.457 3714 3747 I ample.untitled: QarthPatchMonintor::CheckNotifyEvent after read, length = -1
05-12 11:38:22.457 3714 3747 I ample.untitled:
05-12 11:38:22.457 3714 3747 I ample.untitled: QarthPatchMonintor::CheckNotifyEvent
05-12 11:38:22.457 3714 3747 I ample.untitled:
05-12 11:38:22.457 3714 3747 I ample.untitled: QarthPatchMonintor::CheckNotifyEvent before read
05-12 11:38:22.457 3714 3747 I ample.untitled:
05-12 11:38:22.457 3714 3747 I ample.untitled: QarthPatchMonintor::CheckNotifyEvent after read, length = -1
05-12 11:38:22.457 3714 3747 I ample.untitled:
05-12 11:38:22.457 3714 3747 I ample.untitled: QarthPatchMonintor::CheckNotifyEvent
05-12 11:38:22.457 3714 3747 I ample.untitled:
05-12 11:38:22.457 3714 3747 I ample.untitled: QarthPatchMonintor::CheckNotifyEvent before read
05-12 11:38:22.457 3714 3747 I ample.untitled:
05-12 11:38:22.457 3714 3747 I ample.untitled: QarthPatchMonintor::CheckNotifyEvent after read, length = -1
05-12 11:38:22.457 3714 3747 I ample.untitled:
05-12 11:38:22.457 3714 3747 I ample.untitled: QarthPatchMonintor::CheckNotifyEvent after read, length = -1
05-12 11:38:22.457 3714 3747 I ample.untitled: QarthPatchMonintor::CheckNotifyEvent
05-12 11:38:22.457 1248 1653 I HwWindowManagerServiceEx: set app win exit info, bundle = Bundle[{isLandscape=false, launcherPkgName=com.huawei.android.launcher, iconWidth=216, pivotX=164.0, pivotY=2329.0, iconHeight=216, flag=0}], iconBitmap = android.graphics.Bitmap@287bdd5
05-12 11:38:22.457 3714 3747 I ample.untitled: QarthPatchMonintor::CheckNotifyEvent before read
05-12 11:38:22.458 3714 3747 I ample.untitled: QarthPatchMonintor::CheckNotifyEvent after read, length = -1
05-12 11:38:22.458 3714 3747 I ample.untitled:
05-12 11:38:22.458 3714 3747 I chatty : uid=10152(org.qtproject.example.untitled2) identical 1 line
05-12 11:38:22.458 3714 3747 I ample.untitled:
05-12 11:38:22.458 3714 3747 I ample.untitled: QarthPatchMonintor::CheckNotifyEvent after read, length = -1
05-12 11:38:22.458 3714 3747 I ample.untitled: QarthPatchMonintor::CheckNotifyEvent
05-12 11:38:22.458 3714 3747 I ample.untitled: QarthPatchMonintor::CheckNotifyEvent
05-12 11:38:22.458 3714 3747 I ample.untitled:
05-12 11:38:22.458 3714 3747 I ample.untitled: QarthPatchMonintor::CheckNotifyEvent
05-12 11:38:22.458 3714 3747 I ample.untitled:
05-12 11:38:22.458 3714 3747 I chatty : uid=10152(org.qtproject.example.untitled2) identical 1 line
05-12 11:38:22.458 3714 3747 I ample.untitled:
05-12 11:38:22.458 3714 3747 I ample.untitled: QarthPatchMonintor::CheckNotifyEvent before read
05-12 11:38:22.458 3714 3747 I ample.untitled:
05-12 11:38:22.458 3714 3747 I ample.untitled: QarthPatchMonintor::CheckNotifyEvent after read, length = -1
05-12 11:38:22.458 3714 3747 I ample.untitled: QarthPatchMonintor::CheckNotifyEvent before read
05-12 11:38:22.458 3714 3747 I ample.untitled: QarthPatchMonintor::CheckNotifyEvent after read, length = -1
05-12 11:38:22.458 3714 3747 I ample.untitled: QarthPatchMonintor::CheckNotifyEvent after read, length = -1
05-12 11:38:22.458 3714 3747 I ample.untitled: QarthPatchMonintor::CheckNotifyEvent before read
05-12 11:38:22.458 3714 3747 I ample.untitled: QarthPatchMonintor::CheckNotifyEvent
05-12 11:38:22.459 3714 3747 I ample.untitled:
05-12 11:38:22.459 3714 3747 I ample.untitled: QarthPatchMonintor::CheckNotifyEvent after read, length = -1
05-12 11:38:22.459 3714 3747 I ample.untitled:
05-12 11:38:22.459 3714 3747 I ample.untitled:
05-12 11:38:22.459 3714 3747 I ample.untitled: QarthPatchMonintor::CheckNotifyEvent
05-12 11:38:22.459 3714 3747 I ample.untitled: QarthPatchMonintor::CheckNotifyEvent
05-12 11:38:22.459 3714 3747 I ample.untitled: QarthPatchMonintor::CheckNotifyEvent before read
05-12 11:38:22.459 3714 3747 I ample.untitled:
05-12 11:38:22.459 3714 3747 I ample.untitled: QarthPatchMonintor::CheckNotifyEvent after read, length = -1
05-12 11:38:22.459 3714 3747 I ample.untitled: QarthPatchMonintor::CheckNotifyEvent
05-12 11:38:22.459 3714 3747 I ample.untitled:
05-12 11:38:22.460 3714 3747 I ample.untitled:
05-12 11:38:22.460 3714 3747 I ample.untitled: QarthPatchMonintor::CheckNotifyEvent after read, length = -1
05-12 11:38:22.460 3714 3747 I ample.untitled: QarthPatchMonintor::CheckNotifyEvent after read, length = -1
05-12 11:38:22.460 3714 3747 I ample.untitled: QarthPatchMonintor::CheckNotifyEvent
05-12 11:38:22.460 3714 3747 I ample.untitled:
05-12 11:38:22.460 3714 3747 I ample.untitled: QarthPatchMonintor::CheckNotifyEvent after read, length = -1
05-12 11:38:22.460 3714 3747 I ample.untitled: QarthPatchMonintor::CheckNotifyEvent
05-12 11:38:22.460 3714 3747 I ample.untitled:
05-12 11:38:22.460 3714 3747 I ample.untitled:
05-12 11:38:22.460 3714 3747 I ample.untitled: QarthPatchMonintor::CheckNotifyEvent before read
05-12 11:38:22.460 3714 3747 I chatty : uid=10152(org.qtproject.example.untitled2) identical 1 line
05-12 11:38:22.460 3714 3747 I ample.untitled: QarthPatchMonintor::CheckNotifyEvent before read
05-12 11:38:22.460 3714 3747 I ample.untitled: QarthPatchMonintor::CheckNotifyEvent after read, length = -1
05-12 11:38:22.460 3714 3747 I ample.untitled: QarthPatchMonintor::CheckNotifyEvent after read, length = -1
05-12 11:38:22.460 3714 3747 I ample.untitled:
05-12 11:38:22.462 1248 1304 W : Failed to UpdateQosForCgroupInner, tid=0, policy=10
05-12 11:38:22.463 3714 3747 I ample.untitled: QarthPatchMonintor::CheckNotifyEvent before read
05-12 11:38:22.463 3714 3747 I ample.untitled: QarthPatchMonintor::CheckNotifyEvent
05-12 11:38:22.463 3714 3747 I ample.untitled:
05-12 11:38:22.463 3714 3747 I chatty : uid=10152(org.qtproject.example.untitled2) ample.untitled2 identical 2 lines
05-12 11:38:22.463 3714 3747 I ample.untitled:
05-12 11:38:22.463 3714 3747 I ample.untitled: QarthPatchMonintor::CheckNotifyEvent
05-12 11:38:22.463 3714 3747 I ample.untitled: QarthPatchMonintor::CheckNotifyEvent before read
05-12 11:38:22.463 3714 3747 I ample.untitled:
05-12 11:38:22.464 3714 3747 I ample.untitled:
05-12 11:38:22.464 3714 3747 I ample.untitled: QarthPatchMonintor::CheckNotifyEvent after read, length = -1
05-12 11:38:22.464 3714 3747 I ample.untitled: QarthPatchMonintor::CheckNotifyEvent
05-12 11:38:22.464 3714 3747 I ample.untitled: QarthPatchMonintor::CheckNotifyEvent after read, length = -1
05-12 11:38:22.464 3714 3747 I ample.untitled: QarthPatchMonintor::CheckNotifyEvent before read
05-12 11:38:22.465 1248 1270 W ActivityManager: Skipping native crash dialog of ProcessRecord{47a8f09 3714:org.qtproject.example.untitled2/u0a152}
05-12 11:38:22.465 3714 3747 I ample.untitled:
05-12 11:38:22.465 3714 3747 I ample.untitled: QarthPatchMonintor::CheckNotifyEvent
05-12 11:38:22.466 3714 3747 I ample.untitled:
05-12 11:38:22.466 3714 3747 I ample.untitled: QarthPatchMonintor::CheckNotifyEvent
05-12 11:38:22.466 3714 3747 I ample.untitled: QarthPatchMonintor::CheckNotifyEvent after read, length = -1
05-12 11:38:22.466 3714 3747 I ample.untitled:
05-12 11:38:22.466 3714 3747 I ample.untitled: QarthPatchMonintor::CheckNotifyEvent after read, length = -1
05-12 11:38:22.466 3714 3747 I ample.untitled: QarthPatchMonintor::CheckNotifyEvent
05-12 11:38:22.466 3714 3747 I ample.untitled: QarthPatchMonintor::CheckNotifyEvent after read, length = -1
05-12 11:38:22.466 3714 3747 I ample.untitled: QarthPatchMonintor::CheckNotifyEvent
05-12 11:38:22.466 3714 3747 I ample.untitled:
05-12 11:38:22.466 3714 3747 I ample.untitled:
05-12 11:38:22.466 3714 3747 I ample.untitled: QarthPatchMonintor::CheckNotifyEvent
05-12 11:38:22.468 3714 3747 I ample.untitled: QarthPatchMonintor::CheckNotifyEvent
05-12 11:38:22.468 3714 3747 I ample.untitled:
05-12 11:38:22.468 3714 3747 I ample.untitled: QarthPatchMonintor::CheckNotifyEvent before read
05-12 11:38:22.468 3714 3747 I ample.untitled: QarthPatchMonintor::CheckNotifyEvent before read
05-12 11:38:22.468 3714 3747 I ample.untitled:
05-12 11:38:22.468 3714 3747 I ample.untitled: QarthPatchMonintor::CheckNotifyEvent
05-12 11:38:22.468 3714 3747 I ample.untitled:
05-12 11:38:22.468 3714 3747 I ample.untitled: QarthPatchMonintor::CheckNotifyEvent after read, length = -1
05-12 11:38:22.468 3714 3747 I ample.untitled: QarthPatchMonintor::CheckNotifyEvent
05-12 11:38:22.468 3714 3747 I ample.untitled:
05-12 11:38:22.468 3714 3747 I ample.untitled: QarthPatchMonintor::CheckNotifyEvent after read, length = -1
05-12 11:38:22.468 3714 3747 I ample.untitled: QarthPatchMonintor::CheckNotifyEvent
05-12 11:38:22.469 3714 3747 I chatty : uid=10152(org.qtproject.example.untitled2) ample.untitled2 identical 1 line
05-12 11:38:22.469 3714 3747 I ample.untitled: QarthPatchMonintor::CheckNotifyEvent
05-12 11:38:22.469 3714 3747 I ample.untitled: QarthPatchMonintor::CheckNotifyEvent before read
05-12 11:38:22.469 3714 3747 I ample.untitled: QarthPatchMonintor::CheckNotifyEvent after read, length = -1
05-12 11:38:22.469 3714 3747 I ample.untitled: QarthPatchMonintor::CheckNotifyEvent
05-12 11:38:22.469 3714 3747 I ample.untitled: QarthPatchMonintor::CheckNotifyEvent
05-12 11:38:22.469 3714 3747 I ample.untitled: QarthPatchMonintor::CheckNotifyEvent after read, length = -1
05-12 11:38:22.469 3714 3747 I ample.untitled:
05-12 11:38:22.469 3714 3747 I ample.untitled: QarthPatchMonintor::CheckNotifyEvent after read, length = -1
05-12 11:38:22.469 3714 3747 I ample.untitled: QarthPatchMonintor::CheckNotifyEvent after read, length = -1
05-12 11:38:22.469 3714 3747 I ample.untitled: QarthPatchMonintor::CheckNotifyEvent
05-12 11:38:22.469 3714 3747 I ample.untitled:
05-12 11:38:22.469 3714 3747 I ample.untitled: QarthPatchMonintor::CheckNotifyEvent after read, length = -1
05-12 11:38:22.469 3714 3747 I ample.untitled: QarthPatchMonintor::CheckNotifyEvent
05-12 11:38:22.469 3714 3747 I ample.untitled: QarthPatchMonintor::CheckNotifyEvent after read, length = -1
05-12 11:38:22.469 3714 3747 I ample.untitled: QarthPatchMonintor::CheckNotifyEvent
05-12 11:38:22.469 3714 3747 I ample.untitled: QarthPatchMonintor::CheckNotifyEvent
05-12 11:38:22.469 3714 3747 I ample.untitled:
05-12 11:38:22.469 3714 3747 I ample.untitled: QarthPatchMonintor::CheckNotifyEvent after read, length = -1
05-12 11:38:22.470 3714 3747 I ample.untitled: QarthPatchMonintor::CheckNotifyEvent
05-12 11:38:22.470 3714 3747 I ample.untitled: QarthPatchMonintor::CheckNotifyEvent
05-12 11:38:22.470 3714 3747 I ample.untitled: QarthPatchMonintor::CheckNotifyEvent after read, length = -1
05-12 11:38:22.470 3714 3747 I chatty : uid=10152(org.qtproject.example.untitled2) ample.untitled2 identical 1 line
05-12 11:38:22.470 3714 3747 I ample.untitled: QarthPatchMonintor::CheckNotifyEvent after read, length = -1
05-12 11:38:22.470 3714 3747 I ample.untitled:
05-12 11:38:22.470 3714 3747 I ample.untitled:
05-12 11:38:22.470 3714 3747 I ample.untitled: QarthPatchMonintor::CheckNotifyEvent
05-12 11:38:22.470 3714 3747 I ample.untitled:
05-12 11:38:22.470 3714 3747 I ample.untitled: QarthPatchMonintor::CheckNotifyEvent before read
05-12 11:38:22.470 3714 3747 I ample.untitled: QarthPatchMonintor::CheckNotifyEvent after read, length = -1
05-12 11:38:22.470 3714 3747 I ample.untitled:
05-12 11:38:22.470 3714 3747 I ample.untitled: QarthPatchMonintor::CheckNotifyEvent
05-12 11:38:22.470 3714 3747 I ample.untitled:
05-12 11:38:22.470 3714 3747 I ample.untitled: QarthPatchMonintor::CheckNotifyEvent before read
05-12 11:38:22.470 3714 3747 I ample.untitled:
05-12 11:38:22.470 3714 3747 I ample.untitled: QarthPatchMonintor::CheckNotifyEvent after read, length = -1
05-12 11:38:22.470 3714 3747 I ample.untitled:
05-12 11:38:22.470 3714 3747 I ample.untitled: QarthPatchMonintor::CheckNotifyEvent
05-12 11:38:22.470 3714 3747 I ample.untitled:
05-12 11:38:22.470 3714 3747 I ample.untitled: QarthPatchMonintor::CheckNotifyEvent before read
05-12 11:38:22.470 3714 3747 I ample.untitled:
05-12 11:38:22.470 3714 3747 I ample.untitled: QarthPatchMonintor::CheckNotifyEvent after read, length = -1
05-12 11:38:22.470 3714 3747 I ample.untitled:
05-12 11:38:22.470 3714 3747 I ample.untitled: QarthPatchMonintor::CheckNotifyEvent
05-12 11:38:22.470 3714 3747 I ample.untitled:
05-12 11:38:22.471 3714 3747 I ample.untitled: QarthPatchMonintor::CheckNotifyEvent
05-12 11:38:22.471 3714 3747 I ample.untitled: QarthPatchMonintor::CheckNotifyEvent after read, length = -1
05-12 11:38:22.471 3714 3747 I ample.untitled: QarthPatchMonintor::CheckNotifyEvent
05-12 11:38:22.471 3714 3747 I ample.untitled: QarthPatchMonintor::CheckNotifyEvent before read
05-12 11:38:22.471 3714 3747 I ample.untitled:
05-12 11:38:22.471 3714 3747 I ample.untitled: QarthPatchMonintor::CheckNotifyEvent after read, length = -1
05-12 11:38:22.479 1248 1265 V BroadcastQueue: Finished with ordered broadcast BroadcastRecord{c35128c u0 android.intent.action.DROPBOX_ENTRY_ADDED}
05-12 11:38:22.488 1248 10599 V BroadcastQueue: Finished with ordered broadcast BroadcastRecord{5339190 u0 android.intent.action.DROPBOX_ENTRY_ADDED}
05-12 11:38:22.497 1248 10599 D HwConnectivityServiceEx: set cache by key is 10113 interfaceName iswlan0 value is false
05-12 11:38:22.498 1248 1309 E : FileRead open file failed, errno = 2
05-12 11:38:22.498 1248 1309 E : SetAwareCpuPolicy FileRead failed!
05-12 11:38:22.517 1248 1692 W InputDispatcher: channel '7983735 org.qtproject.example.untitled2/org.qtproject.qt5.android.bindings.QtActivity (server)' ~ Consumer closed input channel or an error occurred. events=0x9
05-12 11:38:22.517 1248 1692 E InputDispatcher: channel '7983735 org.qtproject.example.untitled2/org.qtproject.qt5.android.bindings.QtActivity (server)' ~ Channel is unrecoverably broken and will be disposed!
05-12 11:38:22.517 1248 1692 I WindowManager: WINDOW DIED Window{7983735 u0 org.qtproject.example.untitled2/org.qtproject.qt5.android.bindings.QtActivity}
05-12 11:38:22.517 1248 1692 V WindowManager: removeIfPossible: Window{7983735 u0 org.qtproject.example.untitled2/org.qtproject.qt5.android.bindings.QtActivity} callers=com.android.server.wm.WindowState.removeIfPossible:2215 com.android.server.wm.InputManagerCallback.notifyInputChannelBroken:60 com.android.server.input.InputManagerService.notifyInputChannelBroken:1881
05-12 11:38:22.517 1248 1692 W InputDispatcher: Attempted to unregister already unregistered input channel '7983735 org.qtproject.example.untitled2/org.qtproject.qt5.android.bindings.QtActivity (server)'
05-12 11:38:22.518 1248 1692 V WindowManager: postWindowRemoveCleanupLocked: Window{7983735 u0 org.qtproject.example.untitled2/org.qtproject.qt5.android.bindings.QtActivity}
05-12 11:38:22.518 1248 1692 V WindowManager: Removing Window{7983735 u0 org.qtproject.example.untitled2/org.qtproject.qt5.android.bindings.QtActivity} from AppWindowToken{e280d99 token=Token{85176e0 ActivityRecord{9efbd12 u0 org.qtproject.example.untitled2/org.qtproject.qt5.android.bindings.QtActivity t476}}}
05-12 11:38:22.522 652 652 I Zygote : Process 3714 exited due to signal 6 (Aborted)
05-12 11:38:22.523 1248 10599 I ActivityManager: Process org.qtproject.example.untitled2 (pid 3714) has died: vis+99 TOP
05-12 11:38:22.523 1248 1306 I libprocessgroup: Successfully killed process cgroup uid 10152 pid 3714 in 0ms
05-12 11:38:22.523 1248 10599 D ActivityManager: cleanUpApplicationRecord app: ProcessRecord{47a8f09 3714:org.qtproject.example.untitled2/u0a152}, app.bad: false, restarting: false, allowRestart: true
05-12 11:38:22.523 1248 1292 I HwPowerManagerService: appdie release wakelock, pid = 3714, uid = 10152
05-12 11:38:22.524 1248 1679 W AwareLog: SchedLevelBoost: onProcessDied config not set!
05-12 11:38:22.524 2204 13271 E HsmCoreServiceImpl: onTransact in code is: 102
05-12 11:38:22.524 2204 13271 I MediaProcessHandler: processOp opType: 1, uid: 10152, pid: 3714
05-12 11:38:22.524 2204 13271 W MediaProcessHandler: remove target not exist, maybe the UI process: uid: 10152, pid: 3714
05-12 11:38:22.524 2204 13271 I MediaProcessHandler: executedCallBack opType: 1 mMediaStatusObservers.size=0
05-12 11:38:22.524 2204 2827 D HicomMonitor: notifyAppDied: uid = 10152
05-12 11:38:22.524 2204 4298 I BoosterSwitchP: notifyUidState do nothing
05-12 11:38:22.524 2204 4298 I DeepNoDisturbP: notifyUidState
05-12 11:38:22.524 2204 4298 I BrowserChrP: notifyUidState
05-12 11:38:22.525 859 23940 D iTouchService: itouch currentPackageName = org.qtproject.example.untitled2
05-12 11:38:22.525 859 23940 D iTouchService: itouch appType=-1 appState=0 gameMode=2
05-12 11:38:22.525 859 23940 D iTouchService: g_itouch_reader_monitor empty
05-12 11:38:22.525 859 23940 D iTouchService: g_itouch_reader_monitor Monitor::isReaderMonitorEnable()=0
05-12 11:38:22.525 859 23940 D iTouchService: itouch getCurrentParmID tempPkg=org.qtproject.example.xxx
05-12 11:38:22.525 859 23940 D iTouchService: itouch:app org.qtproject.example.untitled2 is not game app
05-12 11:38:22.525 859 23940 D iTouchService: itouch:app org.qtproject.example.untitled2 is not in StylusPenList
05-12 11:38:22.525 859 23940 D iTouchService: itouch:styluspen_switch is disable
05-12 11:38:22.525 859 23940 D iTouchService: itouch:currentAppTypeName =|UNKNOWN|
05-12 11:38:22.525 1248 10599 V WindowManager: removeAppToken: AppWindowToken{3c68083 token=Token{a6b9b32 ActivityRecord{3d44094 u0 org.qtproject.example.untitled2/org.qtproject.qt5.android.bindings.QtActivity t477}}} delayed=true Callers=com.android.server.wm.DisplayContent.removeAppToken:1195 com.android.server.wm.ActivityRecord.removeWindowContainer:1292 com.android.server.wm.ActivityStack.removeActivityFromHistoryLocked:4803 com.android.server.wm.ActivityStack.removeHistoryRecordsForAppLocked:5222
05-12 11:38:22.525 1248 10599 V WindowManager: removeAppToken make exiting: AppWindowToken{3c68083 token=Token{a6b9b32 ActivityRecord{3d44094 u0 org.qtproject.example.untitled2/org.qtproject.qt5.android.bindings.QtActivity t477}}}
05-12 11:38:22.526 1248 10599 V ActivityTaskManager: removeChild: detaching stackId=22 from displayId=0
05-12 11:38:22.526 1248 10599 V WindowManager: removeAppToken: AppWindowToken{e280d99 token=Token{85176e0 ActivityRecord{9efbd12 u0 org.qtproject.example.untitled2/org.qtproject.qt5.android.bindings.QtActivity t476}}} delayed=true Callers=com.android.server.wm.DisplayContent.removeAppToken:1195 com.android.server.wm.ActivityRecord.removeWindowContainer:1292 com.android.server.wm.ActivityStack.removeActivityFromHistoryLocked:4803 com.android.server.wm.ActivityStack.removeHistoryRecordsForAppLocked:5222
05-12 11:38:22.528 1248 10599 V ActivityTaskManager: removeChild: detaching stackId=21 from displayId=0
05-12 11:38:22.529 2262 2418 D ScenarioService: front pkg : com.huawei.android.launcher launcher: true
05-12 11:38:22.529 2262 2418 I AppManager: handleAppFrontEvent: com.huawei.android.launcher
05-12 11:38:22.529 2262 2418 I AppsUsage: scnOff:false FgAPP:com.huawei.android.launcher BgAPP:org.qtproject.example.untitled2
05-12 11:38:22.530 2262 2648 I PG_ash : front pkg : com.huawei.android.launcher launcher: true
05-12 11:38:22.530 2262 2648 I PG_ash : keep window pkg front laucher, multiWin: null , pipWim:null
05-12 11:38:22.530 2262 2787 I PGServer: report state:10000 event type:2 pid:0 uid:0 pkg:org.qtproject.example.untitled2 to pid: 2262
05-12 11:38:22.530 2262 2787 I SceneReceiver: state type: 10000 eventType:2 pid:0 uid:0 pkg:org.qtproject.example.untitled2
05-12 11:38:22.531 2262 2787 I PGServer: report state:10000 event type:2 pid:0 uid:0 pkg:org.qtproject.example.untitled2 to pid: 2204
05-12 11:38:22.531 2262 2787 I PGServer: report state:10000 event type:2 pid:0 uid:0 pkg:org.qtproject.example.untitled2 to pid: 1248
05-12 11:38:22.531 2262 2787 I PGServer: report state:10010 event type:1 pid:0 uid:0 pkg:com.huawei.android.launcher to pid: 2262
05-12 11:38:22.531 2262 2787 I SceneReceiver: state type: 10010 eventType:1 pid:0 uid:0 pkg:com.huawei.android.launcher
05-12 11:38:22.531 2262 3360 D HwThermalStateManager: current foreapp pkg : com.huawei.android.launcher
05-12 11:38:22.531 2262 3363 D ThermalTrace_ThermalRaise: current pkg:org.qtproject.example.untitled2
05-12 11:38:22.532 2262 2787 I PGServer: report state:10010 event type:1 pid:0 uid:0 pkg:com.huawei.android.launcher to pid: 2204
05-12 11:38:22.532 2262 2787 I PGServer: report state:10010 event type:1 pid:0 uid:0 pkg:com.huawei.android.launcher to pid: 1248
05-12 11:38:22.533 2204 4298 D HicomMonitor: notifyForegroundAppChanged: pkg:com.huawei.android.launcher
05-12 11:38:22.533 2204 4298 D Hicom_EmcomManagerService: onForegroundAppChanged, pkgName:com.huawei.android.launcher
05-12 11:38:22.533 2204 2827 W Hicom_XEngineProcessor: handleForegroundAppChanged. Feature is not enable.
05-12 11:38:22.533 2262 2320 I PGServer: checkPkgType. calling pkg: android
05-12 11:38:22.533 1248 10599 V WindowManager: notifyAppResumed: wasStopped=false AppWindowToken{53a958d token=Token{7616eb7 ActivityRecord{5784de u0 com.huawei.android.launcher/.unihome.UniHomeLauncher t1}}}
05-12 11:38:22.534 2307 2493 D ZrHung.AppEyeUiProbe: restart watching
05-12 11:38:22.534 3600 3629 I HiSearch20.0.4.303: [LauncherOverlayService]: LAUNCHER_INTERACTION from launcher and invoke invokeId = -111
05-12 11:38:22.534 3600 3629 I HiSearch20.0.4.303: [LauncherOverlayService]: isOverlayClosed = true
05-12 11:38:22.534 3600 3629 I HiSearch20.0.4.303: [LauncherOverlayService]: LAUNCHER_INTERACTION from launcher and invoke, overlay closed, return.
05-12 11:38:22.537 1248 1292 I HwAudioServiceEx: ComponentInfo : className = com.huawei.android.launcher.unihome.UniHomeLauncher, flag=onResume, isHomeActivity=, isTop=true
05-12 11:38:22.537 1248 1292 W SecurityProfileService: Activity life state callback extras get package null!
05-12 11:38:22.537 3805 3835 I AppLifeChangeSensor: CAWARENESS: activityResumed componentName = ComponentInfo{com.huawei.android.launcher/com.huawei.android.launcher.unihome.UniHomeLauncher}
05-12 11:38:22.537 3805 3835 E AppLifeChangeSensor: CAWARENESS: activityResumed mAppLifeChangeCallback is null
05-12 11:38:22.537 2170 3150 I OPCollectLog: AppChangeImpl:call onAppChange.
05-12 11:38:22.537 2170 2453 I OPCollectLog: HwForegroundAppAction:handleMessage
05-12 11:38:22.538 2170 2453 D OPCollectLog: HwForegroundAppAction:FG executeWithArgs
05-12 11:38:22.538 2170 2453 I OPCollectLog: OPCollectUtils:ODMF Api Version:2.14.1
05-12 11:38:22.538 2170 2453 I OPCollectLog: Action:HwForegroundAppAction executed successfully
05-12 11:38:22.538 910 1059 D ScreemCommon: [Entry]
05-12 11:38:22.538 910 1059 D ScreemCommon: [logId update 67177260 when new scene come after 1244]
05-12 11:38:22.538 2170 2453 D OPCollectLog: OdmfCollectScheduler:handleMessage msg: 4
05-12 11:38:22.538 2170 2453 I OPCollectLog: OdmfHelper:opcollectCache 1
05-12 11:38:22.538 2170 2453 I OPCollectLog: OdmfHelper:opcollectCache curTime: 67178505, interval: 1260
05-12 11:38:22.539 2204 3349 D DollieActivityManagerAdapter: [Resumed] bg:false pid:2307 uid:10066 ComponentInfo{com.huawei.android.launcher/com.huawei.android.launcher.unihome.UniHomeLauncher}
05-12 11:38:22.539 2204 3349 E DollieAdapterService: notifyActivityState pkg:com.huawei.android.launcher/com.huawei.android.launcher.unihome.UniHomeLauncher state:2 fg:true mUid:10066
05-12 11:38:22.540 1248 1274 V WindowManager: removeIfPossible: Window{ecc7e3a u0 Splash Screen org.qtproject.example.untitled2 EXITING} callers=com.android.server.wm.WindowState.removeIfPossible:2215 com.android.server.wm.WindowManagerService.removeWindow:2002 com.android.server.wm.Session.remove:176 android.view.ViewRootImpl.dispatchDetachedFromWindow:4409 android.view.ViewRootImpl.doDie:7570
05-12 11:38:22.540 1248 1274 V WindowManager: Not removing Window{ecc7e3a u0 Splash Screen org.qtproject.example.untitled2 EXITING} due to exit animation
05-12 11:38:22.541 1248 1274 D ZrHung.AppEyeFocusWindow: FocusWindowErrorScene cancelCheckFreezeScreen
05-12 11:38:22.541 1248 1274 D ZrHung.AppEyeTransparentWindow: TransparentWindow mHungConfigStatus = 0,mHungConfigEnable = 1
05-12 11:38:22.542 1248 1273 W ActivityManager: setHasOverlayUi called on unknown pid: 3714
05-12 11:38:22.543 2170 2453 I OPCollectLog: OdmfHelper:isCharging: true
05-12 11:38:22.545 2170 2453 I OPCollectLog: OdmfHelper:insert database success
05-12 11:38:22.545 2170 2453 I OPCollectLog: OdmfHelper:opcollectCache size: 1
05-12 11:38:22.545 2170 2453 I OPCollectLog: OdmfHelper:opcollectCache lastTime: 67178512
05-12 11:38:22.546 1248 1270 I StatusBarDisable: setFlags what=0 which=1 pkg=Window{dc2de08 u0 com.huawei.android.launcher/com.huawei.android.launcher.unihome.UniHomeLauncher}
05-12 11:38:22.547 15232 15262 I HiDecision: OdmfCollectScheduler: handleMessage msg: 6
05-12 11:38:22.547 15232 15262 I HiDecision: HwRecSysService: cur pkg: com.huawei.android.launcher
05-12 11:38:22.551 10724 10724 W HiBoard_20.0.5.312_RecommendView: nothing to in onGlobalLayout method
05-12 11:38:22.558 1248 1274 I HwWindowManagerServiceEx: closing apps count = 1
05-12 11:38:22.558 1248 1274 D HwWindowManagerServiceEx: is app exit to launcher info: transit = 26, app = AppWindowToken{3c68083 token=Token{a6b9b32 ActivityRecord{3d44094 u0 org.qtproject.example.untitled2/org.qtproject.qt5.android.bindings.QtActivity t477}}} mIsExiting=, window = Window{ecc7e3a u0 Splash Screen org.qtproject.example.untitled2 EXITING}, mClosingApps = {AppWindowToken{3c68083 token=Token{a6b9b32 ActivityRecord{3d44094 u0 org.qtproject.example.untitled2/org.qtproject.qt5.android.bindings.QtActivity t477}}} mIsExiting=}, topOpeningApp = AppWindowToken{53a958d token=Token{7616eb7 ActivityRecord{5784de u0 com.huawei.android.launcher/.unihome.UniHomeLauncher t1}}}, mExitIconBitmap = android.graphics.Bitmap@287bdd5, mExitIconHeight = 216, mExitIconWidth = 216
05-12 11:38:22.558 1248 1274 E WindowManager: icon is null!!
05-12 11:38:22.558 1248 1274 D HwWindowManagerServiceEx: is app exit to launcher info: transit = 26, app = AppWindowToken{53a958d token=Token{7616eb7 ActivityRecord{5784de u0 com.huawei.android.launcher/.unihome.UniHomeLauncher t1}}}, window = Window{dc2de08 u0 com.huawei.android.launcher/com.huawei.android.launcher.unihome.UniHomeLauncher}, mClosingApps = {AppWindowToken{3c68083 token=Token{a6b9b32 ActivityRecord{3d44094 u0 org.qtproject.example.untitled2/org.qtproject.qt5.android.bindings.QtActivity t477}}} mIsExiting=}, topOpeningApp = AppWindowToken{53a958d token=Token{7616eb7 ActivityRecord{5784de u0 com.huawei.android.launcher/.unihome.UniHomeLauncher t1}}}, mExitIconBitmap = android.graphics.Bitmap@287bdd5, mExitIconHeight = 216, mExitIconWidth = 216
05-12 11:38:22.558 1248 1274 E WindowManager: icon is null!!
05-12 11:38:22.558 1248 1274 D HwAppTransitionImpl: windowAnimations = 0 dose not come from system, not to override it.
05-12 11:38:22.558 1248 1274 W WindowManager: Failed to take screenshot. No visible windows for {taskId=477 appTokens=[AppWindowToken{3c68083 token=Token{a6b9b32 ActivityRecord{3d44094 u0 org.qtproject.example.untitled2/org.qtproject.qt5.android.bindings.QtActivity t477}}} mIsExiting=] mdr=true}
05-12 11:38:22.616 1248 6612 D RemoteAnimationController: app-onAnimationFinished(): mOuter=com.android.server.wm.RemoteAnimationController@900c59f
05-12 11:38:22.616 1248 6612 D RemoteAnimationController: onAnimationFinished(): Notify animation finished:
05-12 11:38:22.617 1248 6612 V WindowManager: Exit animation finished in Window{ecc7e3a u0 Splash Screen org.qtproject.example.untitled2 EXITING}: remove=true
05-12 11:38:22.617 1248 6612 E WindowManager: win=Window{ecc7e3a u0 Splash Screen org.qtproject.example.untitled2 EXITING} destroySurfaces: appStopped=false win.mWindowRemovalAllowed=true win.mRemoveOnExit=true
05-12 11:38:22.617 1248 6612 V WindowManager: postWindowRemoveCleanupLocked: Window{ecc7e3a u0 Splash Screen org.qtproject.example.untitled2}
05-12 11:38:22.617 1248 6612 V WindowManager: Removing Window{ecc7e3a u0 Splash Screen org.qtproject.example.untitled2} from AppWindowToken{3c68083 token=Token{a6b9b32 ActivityRecord{3d44094 u0 org.qtproject.example.untitled2/org.qtproject.qt5.android.bindings.QtActivity t477}}} mIsExiting=
