05-12 11:38:21.798 3714 3747 I ample.untitled:
05-12 11:38:21.798 3714 3747 I ample.untitled: QarthPatchMonintor::CheckNotifyEvent after read, length = -1
05-12 11:38:21.798 3714 3747 I ample.untitled: QarthPatchMonintor::CheckNotifyEvent
05-12 11:38:21.798 3714 3747 I ample.untitled: QarthPatchMonintor::CheckNotifyEvent before read
05-12 11:38:21.798 3714 3747 I ample.untitled: QarthPatchMonintor::CheckNotifyEvent after read, length = -1
05-12 11:38:21.798 3714 3747 I ample.untitled: QarthPatchMonintor::CheckNotifyEvent before read
05-12 11:38:21.799 3714 3747 I ample.untitled: QarthPatchMonintor::CheckNotifyEvent
05-12 11:38:21.799 3714 3747 I ample.untitled:
05-12 11:38:21.799 3714 3747 I ample.untitled: QarthPatchMonintor::CheckNotifyEvent before read
05-12 11:38:21.799 3714 3747 I ample.untitled: QarthPatchMonintor::CheckNotifyEvent after read, length = -1
05-12 11:38:21.799 3714 3747 I ample.untitled: QarthPatchMonintor::CheckNotifyEvent
05-12 11:38:21.799 3714 3747 I ample.untitled: QarthPatchMonintor::CheckNotifyEvent after read, length = -1
05-12 11:38:21.799 3714 3747 I ample.untitled:
05-12 11:38:21.799 3714 3747 I ample.untitled: QarthPatchMonintor::CheckNotifyEvent
05-12 11:38:21.799 3714 3747 I ample.untitled: QarthPatchMonintor::CheckNotifyEvent after read, length = -1
05-12 11:38:21.799 3714 3747 I ample.untitled:
05-12 11:38:21.799 3714 3747 I ample.untitled: QarthPatchMonintor::CheckNotifyEvent
05-12 11:38:21.799 3714 3747 I ample.untitled: QarthPatchMonintor::CheckNotifyEvent before read
05-12 11:38:21.799 3714 3747 I ample.untitled:
05-12 11:38:21.799 3714 3747 I ample.untitled: QarthPatchMonintor::CheckNotifyEvent after read, length = -1
05-12 11:38:21.799 3714 3747 I ample.untitled: QarthPatchMonintor::CheckNotifyEvent
05-12 11:38:21.799 3714 3747 I ample.untitled: QarthPatchMonintor::CheckNotifyEvent before read
05-12 11:38:21.799 3714 3747 I ample.untitled:
05-12 11:38:21.799 3714 3747 I ample.untitled: QarthPatchMonintor::CheckNotifyEvent after read, length = -1
05-12 11:38:21.799 3714 3747 I ample.untitled: QarthPatchMonintor::CheckNotifyEvent
05-12 11:38:21.799 3714 3747 I ample.untitled:
05-12 11:38:21.799 3714 3747 I ample.untitled: QarthPatchMonintor::CheckNotifyEvent before read
05-12 11:38:21.799 3714 3747 I ample.untitled: QarthPatchMonintor::CheckNotifyEvent after read, length = -1
05-12 11:38:21.799 3714 3747 I ample.untitled:
05-12 11:38:21.799 3714 3747 I ample.untitled: QarthPatchMonintor::CheckNotifyEvent after read, length = -1
05-12 11:38:21.799 3714 3747 I ample.untitled: QarthPatchMonintor::CheckNotifyEvent
05-12 11:38:21.799 3714 3747 I ample.untitled:
05-12 11:38:21.799 3714 3747 I ample.untitled: QarthPatchMonintor::CheckNotifyEvent
05-12 11:38:21.799 3714 3747 I ample.untitled:
05-12 11:38:21.799 3714 3747 I ample.untitled: QarthPatchMonintor::CheckNotifyEvent before read
05-12 11:38:21.799 3714 3747 I ample.untitled: QarthPatchMonintor::CheckNotifyEvent after read, length = -1
05-12 11:38:21.799 3714 3747 I ample.untitled: QarthPatchMonintor::CheckNotifyEvent
05-12 11:38:21.799 3714 3747 I ample.untitled: QarthPatchMonintor::CheckNotifyEvent before read
05-12 11:38:21.799 3714 3747 I ample.untitled: QarthPatchMonintor::CheckNotifyEvent after read, length = -1
05-12 11:38:21.799 3714 3747 I ample.untitled:
05-12 11:38:21.799 3714 3747 I ample.untitled: QarthPatchMonintor::CheckNotifyEvent
05-12 11:38:21.799 3714 3747 I ample.untitled: QarthPatchMonintor::CheckNotifyEvent before read
05-12 11:38:21.799 3714 3747 I ample.untitled: QarthPatchMonintor::CheckNotifyEvent after read, length = -1
05-12 11:38:21.799 3714 3747 I ample.untitled:
05-12 11:38:21.799 3714 3747 I ample.untitled: QarthPatchMonintor::CheckNotifyEvent
05-12 11:38:21.799 3714 3747 I ample.untitled:
05-12 11:38:21.799 3714 3747 I ample.untitled: QarthPatchMonintor::CheckNotifyEvent before read
05-12 11:38:21.799 3714 3747 I ample.untitled: QarthPatchMonintor::CheckNotifyEvent after read, length = -1
05-12 11:38:21.799 3714 3747 I ample.untitled: QarthPatchMonintor::CheckNotifyEvent
05-12 11:38:21.799 3714 3747 I ample.untitled:
05-12 11:38:21.799 3714 3747 I ample.untitled: QarthPatchMonintor::CheckNotifyEvent before read
05-12 11:38:21.799 3714 3747 I ample.untitled: QarthPatchMonintor::CheckNotifyEvent after read, length = -1
05-12 11:38:21.800 3714 3747 I ample.untitled: QarthPatchMonintor::CheckNotifyEvent after read, length = -1
05-12 11:38:21.800 3714 3747 I ample.untitled:
05-12 11:38:21.800 3714 3747 I ample.untitled: QarthPatchMonintor::CheckNotifyEvent before read
05-12 11:38:21.800 3714 3747 I ample.untitled:
05-12 11:38:21.800 3714 3747 I ample.untitled: QarthPatchMonintor::CheckNotifyEvent
05-12 11:38:21.800 3714 3747 I ample.untitled:
05-12 11:38:21.800 3714 3747 I ample.untitled: QarthPatchMonintor::CheckNotifyEvent before read
05-12 11:38:21.800 3714 3747 I ample.untitled: QarthPatchMonintor::CheckNotifyEvent after read, length = -1
05-12 11:38:21.800 3714 3747 I ample.untitled:
05-12 11:38:21.800 3714 3747 I ample.untitled: QarthPatchMonintor::CheckNotifyEvent
05-12 11:38:21.800 3714 3747 I ample.untitled: QarthPatchMonintor::CheckNotifyEvent before read
05-12 11:38:21.800 3714 3747 I ample.untitled: QarthPatchMonintor::CheckNotifyEvent after read, length = -1
05-12 11:38:21.800 3714 3747 I ample.untitled: QarthPatchMonintor::CheckNotifyEvent
05-12 11:38:21.800 3714 3747 I ample.untitled: QarthPatchMonintor::CheckNotifyEvent before read
05-12 11:38:21.800 3714 3747 I ample.untitled: QarthPatchMonintor::CheckNotifyEvent
05-12 11:38:21.800 3714 3747 I ample.untitled: QarthPatchMonintor::CheckNotifyEvent after read, length = -1
05-12 11:38:21.800 3714 3747 I ample.untitled:
05-12 11:38:21.800 3714 3747 I ample.untitled: QarthPatchMonintor::CheckNotifyEvent
05-12 11:38:21.800 3789 3789 F DEBUG :
05-12 11:38:21.800 3789 3789 F DEBUG : backtrace:
05-12 11:38:21.800 3714 3747 I ample.untitled:
05-12 11:38:21.800 3789 3789 F DEBUG : #00 pc 00054156 /apex/com.android.runtime/lib/bionic/libc.so (abort+166) (BuildId: f2470da1a22265f8104ce6bb9bcaf63e)
05-12 11:38:21.800 3789 3789 F DEBUG : #01 pc 0003606d /system/lib/libc++.so (abort_message+88) (BuildId: fa0397c630f1e14558b6409ed72175a4)
05-12 11:38:21.800 3714 3747 I ample.untitled: QarthPatchMonintor::CheckNotifyEvent
05-12 11:38:21.800 3714 3747 I ample.untitled: QarthPatchMonintor::CheckNotifyEvent before read
05-12 11:38:21.801 3714 3747 I ample.untitled: QarthPatchMonintor::CheckNotifyEvent after read, length = -1
05-12 11:38:21.801 3789 3789 F DEBUG : #02 pc 0003615d /system/lib/libc++.so (demangling_terminate_handler()+20) (BuildId: fa0397c630f1e14558b6409ed72175a4)
05-12 11:38:21.801 3714 3747 I ample.untitled: QarthPatchMonintor::CheckNotifyEvent before read
05-12 11:38:21.801 3789 3789 F DEBUG : #03 pc 00044eef /system/lib/libc++.so (std::__terminate(void (*)())+2) (BuildId: fa0397c630f1e14558b6409ed72175a4)
05-12 11:38:21.801 3789 3789 F DEBUG : #04 pc 00044ea1 /system/lib/libc++.so (std::terminate()+40) (BuildId: fa0397c630f1e14558b6409ed72175a4)
05-12 11:38:21.801 3789 3789 F DEBUG : #05 pc 00080527 /system/lib/libc++.so (std::__1::thread::~thread()+10) (BuildId: fa0397c630f1e14558b6409ed72175a4)
05-12 11:38:21.801 3714 3747 I ample.untitled: QarthPatchMonintor::CheckNotifyEvent
05-12 11:38:21.801 3789 3789 F DEBUG : #06 pc 0009e4ef /apex/com.android.runtime/lib/bionic/libc.so (__cxa_finalize+142) (BuildId: f2470da1a22265f8104ce6bb9bcaf63e)
05-12 11:38:21.801 3714 3747 I ample.untitled: QarthPatchMonintor::CheckNotifyEvent after read, length = -1
05-12 11:38:21.801 3789 3789 F DEBUG : #07 pc 000997c3 /apex/com.android.runtime/lib/bionic/libc.so (exit+10) (BuildId: f2470da1a22265f8104ce6bb9bcaf63e)
05-12 11:38:21.801 3714 3747 I ample.untitled:
05-12 11:38:21.801 3789 3789 F DEBUG : #08 pc 000232b8 /data/app/org.qtproject.example.untitled2-QrT10ubS9HQ4CWcqBt5Igg==/lib/arm/libplugins_platforms_qtforandroid_armeabi-v7a.so (BuildId: b47ffded8d0f7e2d96d1981281ea0d3437bbfde1)
05-12 11:38:21.801 3714 3747 I ample.untitled: QarthPatchMonintor::CheckNotifyEvent after read, length = -1
05-12 11:38:21.801 3714 3747 I ample.untitled:
05-12 11:38:21.801 3714 3747 I ample.untitled:
05-12 11:38:21.801 3714 3747 I ample.untitled: QarthPatchMonintor::CheckNotifyEvent
05-12 11:38:21.801 3714 3747 I ample.untitled: QarthPatchMonintor::CheckNotifyEvent
05-12 11:38:21.801 3714 3747 I ample.untitled: QarthPatchMonintor::CheckNotifyEvent after read, length = -1
05-12 11:38:21.801 3714 3747 I ample.untitled: QarthPatchMonintor::CheckNotifyEvent after read, length = -1
05-12 11:38:21.801 3714 3747 I ample.untitled: QarthPatchMonintor::CheckNotifyEvent
05-12 11:38:21.801 3714 3747 I ample.untitled:
05-12 11:38:21.801 3714 3747 I ample.untitled: QarthPatchMonintor::CheckNotifyEvent after read, length = -1
05-12 11:38:21.802 3714 3747 I ample.untitled: QarthPatchMonintor::CheckNotifyEvent
05-12 11:38:21.802 3714 3747 I ample.untitled: QarthPatchMonintor::CheckNotifyEvent before read
05-12 11:38:21.802 3714 3747 I ample.untitled: QarthPatchMonintor::CheckNotifyEvent
05-12 11:38:21.802 3714 3747 I ample.untitled:
05-12 11:38:21.802 3714 3747 I ample.untitled: QarthPatchMonintor::CheckNotifyEvent before read
05-12 11:38:21.802 3714 3747 I ample.untitled: QarthPatchMonintor::CheckNotifyEvent after read, length = -1
05-12 11:38:21.802 3714 3747 I ample.untitled: QarthPatchMonintor::CheckNotifyEvent
05-12 11:38:21.802 3714 3747 I ample.untitled: QarthPatchMonintor::CheckNotifyEvent before read
05-12 11:38:21.802 3714 3747 I ample.untitled:
05-12 11:38:21.802 3714 3747 I ample.untitled: QarthPatchMonintor::CheckNotifyEvent after read, length = -1
05-12 11:38:21.802 3714 3747 I ample.untitled:
05-12 11:38:21.802 3714 3747 I ample.untitled: QarthPatchMonintor::CheckNotifyEvent before read
05-12 11:38:21.802 3714 3747 I ample.untitled: QarthPatchMonintor::CheckNotifyEvent after read, length = -1
05-12 11:38:21.802 3714 3747 I ample.untitled: QarthPatchMonintor::CheckNotifyEvent
05-12 11:38:21.802 3714 3747 I ample.untitled:
05-12 11:38:21.802 3714 3747 I ample.untitled: QarthPatchMonintor::CheckNotifyEvent after read, length = -1
05-12 11:38:21.802 3714 3747 I ample.untitled: QarthPatchMonintor::CheckNotifyEvent
05-12 11:38:21.802 3714 3747 I ample.untitled:
05-12 11:38:21.802 3714 3747 I ample.untitled: QarthPatchMonintor::CheckNotifyEvent before read
05-12 11:38:21.802 3714 3747 I ample.untitled:
05-12 11:38:21.802 3714 3747 I ample.untitled: QarthPatchMonintor::CheckNotifyEvent before read
05-12 11:38:21.802 3714 3747 I ample.untitled: QarthPatchMonintor::CheckNotifyEvent after read, length = -1
05-12 11:38:21.802 3714 3747 I ample.untitled:
05-12 11:38:21.802 3714 3747 I ample.untitled: QarthPatchMonintor::CheckNotifyEvent before read
05-12 11:38:21.802 3714 3747 I ample.untitled: QarthPatchMonintor::CheckNotifyEvent after read, length = -1
05-12 11:38:21.802 3714 3747 I ample.untitled: QarthPatchMonintor::CheckNotifyEvent
05-12 11:38:21.802 3714 3747 I ample.untitled:
05-12 11:38:21.802 3714 3747 I ample.untitled: QarthPatchMonintor::CheckNotifyEvent after read, length = -1
05-12 11:38:21.802 3714 3747 I ample.untitled:
05-12 11:38:21.802 3714 3747 I ample.untitled: QarthPatchMonintor::CheckNotifyEvent
05-12 11:38:21.802 3714 3747 I ample.untitled:
05-12 11:38:21.802 3714 3747 I ample.untitled: QarthPatchMonintor::CheckNotifyEvent
05-12 11:38:21.802 3714 3747 I ample.untitled: QarthPatchMonintor::CheckNotifyEvent after read, length = -1
05-12 11:38:21.802 3714 3747 I ample.untitled: QarthPatchMonintor::CheckNotifyEvent after read, length = -1
05-12 11:38:21.802 3714 3747 I ample.untitled:
05-12 11:38:21.802 3714 3747 I ample.untitled: QarthPatchMonintor::CheckNotifyEvent
05-12 11:38:21.802 3714 3747 I ample.untitled: QarthPatchMonintor::CheckNotifyEvent after read, length = -1
05-12 11:38:21.802 3714 3747 I ample.untitled:
05-12 11:38:21.802 3714 3747 I ample.untitled: QarthPatchMonintor::CheckNotifyEvent after read, length = -1
05-12 11:38:21.802 3714 3747 I ample.untitled: QarthPatchMonintor::CheckNotifyEvent
05-12 11:38:21.802 3714 3747 I ample.untitled: QarthPatchMonintor::CheckNotifyEvent before read
05-12 11:38:21.803 3714 3747 I ample.untitled: QarthPatchMonintor::CheckNotifyEvent after read, length = -1
05-12 11:38:21.803 3714 3747 I ample.untitled:
05-12 11:38:21.803 3714 3747 I ample.untitled: QarthPatchMonintor::CheckNotifyEvent after read, length = -1
05-12 11:38:21.803 3714 3747 I ample.untitled:
05-12 11:38:21.803 3714 3747 I ample.untitled: QarthPatchMonintor::CheckNotifyEvent
05-12 11:38:21.803 3714 3747 I ample.untitled: QarthPatchMonintor::CheckNotifyEvent after read, length = -1
05-12 11:38:21.803 3714 3747 I ample.untitled:
05-12 11:38:21.803 3714 3747 I ample.untitled: QarthPatchMonintor::CheckNotifyEvent
05-12 11:38:21.803 3714 3747 I ample.untitled: QarthPatchMonintor::CheckNotifyEvent after read, length = -1
05-12 11:38:21.803 3714 3747 I ample.untitled: QarthPatchMonintor::CheckNotifyEvent before read
05-12 11:38:21.803 3714 3747 I ample.untitled: QarthPatchMonintor::CheckNotifyEvent
05-12 11:38:21.803 3714 3747 I ample.untitled:
05-12 11:38:21.803 3714 3747 I ample.untitled: QarthPatchMonintor::CheckNotifyEvent before read
05-12 11:38:21.803 3714 3747 I ample.untitled: QarthPatchMonintor::CheckNotifyEvent after read, length = -1
05-12 11:38:21.803 3714 3747 I ample.untitled:
05-12 11:38:21.803 3714 3747 I ample.untitled:
05-12 11:38:21.803 3714 3747 I ample.untitled: QarthPatchMonintor::CheckNotifyEvent after read, length = -1
05-12 11:38:21.803 3714 3747 I ample.untitled:
05-12 11:38:21.803 3714 3747 I ample.untitled: QarthPatchMonintor::CheckNotifyEvent
05-12 11:38:21.803 3714 3747 I ample.untitled: QarthPatchMonintor::CheckNotifyEvent before read
05-12 11:38:21.803 3714 3747 I ample.untitled: QarthPatchMonintor::CheckNotifyEvent
05-12 11:38:21.803 3714 3747 I ample.untitled: QarthPatchMonintor::CheckNotifyEvent after read, length = -1
05-12 11:38:21.803 3714 3747 I ample.untitled: QarthPatchMonintor::CheckNotifyEvent
05-12 11:38:21.803 3714 3747 I ample.untitled:
05-12 11:38:21.803 3714 3747 I ample.untitled: QarthPatchMonintor::CheckNotifyEvent
05-12 11:38:21.803 3714 3747 I ample.untitled: QarthPatchMonintor::CheckNotifyEvent after read, length = -1
05-12 11:38:21.803 3714 3747 I ample.untitled: QarthPatchMonintor::CheckNotifyEvent before read
05-12 11:38:21.803 3714 3747 I ample.untitled: QarthPatchMonintor::CheckNotifyEvent after read, length = -1
05-12 11:38:21.804 2307 2496 W OpenGLRenderer: Incorrectly called buildLayer on View: ShortcutAndWidgetContainer, destroying layer...
05-12 11:38:21.804 2307 2496 W OpenGLRenderer: Incorrectly called buildLayer on View: ShortcutAndWidgetContainer, destroying layer...
05-12 11:38:21.805 3714 3747 I ample.untitled: QarthPatchMonintor::CheckNotifyEvent
05-12 11:38:21.805 3714 3747 I ample.untitled:
05-12 11:38:21.806 3714 3747 I ample.untitled: QarthPatchMonintor::CheckNotifyEvent
05-12 11:38:21.806 3714 3747 I ample.untitled:
05-12 11:38:21.806 3714 3747 I ample.untitled: QarthPatchMonintor::CheckNotifyEvent before read
05-12 11:38:21.806 3714 3747 I ample.untitled:
05-12 11:38:21.806 3714 3747 I ample.untitled: QarthPatchMonintor::CheckNotifyEvent
05-12 11:38:21.806 3714 3747 I ample.untitled: QarthPatchMonintor::CheckNotifyEvent before read
05-12 11:38:21.806 3714 3747 I ample.untitled: QarthPatchMonintor::CheckNotifyEvent after read, length = -1
05-12 11:38:21.806 3714 3747 I ample.untitled: QarthPatchMonintor::CheckNotifyEvent
05-12 11:38:21.806 3714 3747 I ample.untitled:
05-12 11:38:21.806 3714 3747 I ample.untitled: QarthPatchMonintor::CheckNotifyEvent after read, length = -1
05-12 11:38:21.806 3714 3747 I ample.untitled: QarthPatchMonintor::CheckNotifyEvent
05-12 11:38:21.806 3714 3747 I ample.untitled:
05-12 11:38:21.806 3714 3747 I ample.untitled: QarthPatchMonintor::CheckNotifyEvent
05-12 11:38:21.806 3714 3747 I ample.untitled:
05-12 11:38:21.806 3714 3747 I ample.untitled: QarthPatchMonintor::CheckNotifyEvent after read, length = -1
05-12 11:38:21.806 3714 3747 I ample.untitled: QarthPatchMonintor::CheckNotifyEvent
05-12 11:38:21.806 3714 3747 I ample.untitled: QarthPatchMonintor::CheckNotifyEvent
05-12 11:38:21.806 3714 3747 I ample.untitled:
05-12 11:38:21.806 3714 3747 I ample.untitled: QarthPatchMonintor::CheckNotifyEvent before read
05-12 11:38:21.806 3714 3747 I ample.untitled: QarthPatchMonintor::CheckNotifyEvent after read, length = -1
05-12 11:38:21.806 3714 3747 I ample.untitled: QarthPatchMonintor::CheckNotifyEvent before read
05-12 11:38:21.806 3714 3747 I ample.untitled: QarthPatchMonintor::CheckNotifyEvent after read, length = -1
05-12 11:38:21.806 3714 3747 I ample.untitled: QarthPatchMonintor::CheckNotifyEvent before read
05-12 11:38:21.807 3714 3747 I ample.untitled: QarthPatchMonintor::CheckNotifyEvent after read, length = -1
05-12 11:38:21.807 3714 3747 I ample.untitled:
05-12 11:38:21.807 3714 3747 I ample.untitled: QarthPatchMonintor::CheckNotifyEvent after read, length = -1
05-12 11:38:21.807 3714 3747 I ample.untitled:
05-12 11:38:21.807 3714 3747 I ample.untitled: QarthPatchMonintor::CheckNotifyEvent
05-12 11:38:21.807 3714 3747 I ample.untitled: QarthPatchMonintor::CheckNotifyEvent after read, length = -1
05-12 11:38:21.807 3714 3747 I ample.untitled: QarthPatchMonintor::CheckNotifyEvent before read
05-12 11:38:21.807 3714 3747 I ample.untitled:
05-12 11:38:21.807 3714 3747 I ample.untitled: QarthPatchMonintor::CheckNotifyEvent after read, length = -1
05-12 11:38:21.807 3714 3747 I ample.untitled:
05-12 11:38:21.807 3714 3747 I ample.untitled: QarthPatchMonintor::CheckNotifyEvent
05-12 11:38:21.807 3714 3747 I ample.untitled:
05-12 11:38:21.807 3714 3747 I ample.untitled: QarthPatchMonintor::CheckNotifyEvent before read
05-12 11:38:21.807 3714 3747 I ample.untitled:
05-12 11:38:21.807 3714 3747 I ample.untitled: QarthPatchMonintor::CheckNotifyEvent
05-12 11:38:21.807 3714 3747 I ample.untitled:
05-12 11:38:21.807 3714 3747 I ample.untitled: QarthPatchMonintor::CheckNotifyEvent before read
05-12 11:38:21.807 3714 3747 I ample.untitled:
05-12 11:38:21.807 3714 3747 I ample.untitled: QarthPatchMonintor::CheckNotifyEvent after read, length = -1
05-12 11:38:21.807 3714 3747 I ample.untitled: QarthPatchMonintor::CheckNotifyEvent after read, length = -1
05-12 11:38:21.807 3714 3747 I ample.untitled: QarthPatchMonintor::CheckNotifyEvent before read
05-12 11:38:21.807 3714 3747 I ample.untitled: QarthPatchMonintor::CheckNotifyEvent after read, length = -1
05-12 11:38:21.808 3714 3747 I ample.untitled:
05-12 11:38:21.808 3714 3747 I ample.untitled: QarthPatchMonintor::CheckNotifyEvent
05-12 11:38:21.808 3714 3747 I ample.untitled: QarthPatchMonintor::CheckNotifyEvent before read
05-12 11:38:21.808 3714 3747 I ample.untitled: QarthPatchMonintor::CheckNotifyEvent
05-12 11:38:21.808 3714 3747 I ample.untitled: QarthPatchMonintor::CheckNotifyEvent
05-12 11:38:21.808 3714 3747 I ample.untitled: QarthPatchMonintor::CheckNotifyEvent after read, length = -1
05-12 11:38:21.808 3714 3747 I ample.untitled: QarthPatchMonintor::CheckNotifyEvent before read
05-12 11:38:21.808 3714 3747 I ample.untitled: QarthPatchMonintor::CheckNotifyEvent after read, length = -1
05-12 11:38:21.808 3714 3747 I ample.untitled: QarthPatchMonintor::CheckNotifyEvent
05-12 11:38:21.808 3714 3747 I ample.untitled:
05-12 11:38:21.808 3714 3747 I ample.untitled: QarthPatchMonintor::CheckNotifyEvent after read, length = -1
05-12 11:38:21.808 3714 3747 I ample.untitled:
05-12 11:38:21.808 3714 3747 I ample.untitled: QarthPatchMonintor::CheckNotifyEvent
05-12 11:38:21.808 3714 3747 I ample.untitled: QarthPatchMonintor::CheckNotifyEvent before read
05-12 11:38:21.808 3714 3747 I ample.untitled: QarthPatchMonintor::CheckNotifyEvent
05-12 11:38:21.808 3714 3747 I ample.untitled: QarthPatchMonintor::CheckNotifyEvent before read
05-12 11:38:21.808 3714 3747 I ample.untitled: QarthPatchMonintor::CheckNotifyEvent after read, length = -1
05-12 11:38:21.808 3714 3747 I ample.untitled: QarthPatchMonintor::CheckNotifyEvent
05-12 11:38:21.808 3714 3747 I ample.untitled: QarthPatchMonintor::CheckNotifyEvent before read
05-12 11:38:21.809 3714 3747 I ample.untitled: QarthPatchMonintor::CheckNotifyEvent after read, length = -1
05-12 11:38:21.809 3714 3747 I ample.untitled: QarthPatchMonintor::CheckNotifyEvent
05-12 11:38:21.809 3714 3747 I ample.untitled: QarthPatchMonintor::CheckNotifyEvent before read
05-12 11:38:21.809 3714 3747 I ample.untitled:
05-12 11:38:21.809 3714 3747 I ample.untitled: QarthPatchMonintor::CheckNotifyEvent after read, length = -1
05-12 11:38:21.809 3714 3747 I ample.untitled: QarthPatchMonintor::CheckNotifyEvent
05-12 11:38:21.809 3714 3747 I ample.untitled:
05-12 11:38:21.809 3714 3747 I ample.untitled: QarthPatchMonintor::CheckNotifyEvent before read
05-12 11:38:21.809 3714 3747 I ample.untitled:
05-12 11:38:21.809 3714 3747 I ample.untitled: QarthPatchMonintor::CheckNotifyEvent after read, length = -1
05-12 11:38:21.809 3714 3747 I ample.untitled:
05-12 11:38:21.809 3714 3747 I ample.untitled: QarthPatchMonintor::CheckNotifyEvent
05-12 11:38:21.809 3714 3747 I ample.untitled:
05-12 11:38:21.809 3714 3747 I ample.untitled: QarthPatchMonintor::CheckNotifyEvent before read
05-12 11:38:21.809 3714 3747 I ample.untitled:
05-12 11:38:21.809 3714 3747 I ample.untitled: QarthPatchMonintor::CheckNotifyEvent after read, length = -1
05-12 11:38:21.809 3714 3747 I ample.untitled:
05-12 11:38:21.809 3714 3747 I ample.untitled: QarthPatchMonintor::CheckNotifyEvent
05-12 11:38:21.809 3714 3747 I ample.untitled:
05-12 11:38:21.809 3714 3747 I ample.untitled: QarthPatchMonintor::CheckNotifyEvent before read
05-12 11:38:21.809 3714 3747 I ample.untitled:
05-12 11:38:21.809 3714 3747 I ample.untitled: QarthPatchMonintor::CheckNotifyEvent after read, length = -1
05-12 11:38:21.809 3714 3747 I ample.untitled:
05-12 11:38:21.809 3714 3747 I ample.untitled: QarthPatchMonintor::CheckNotifyEvent
05-12 11:38:21.809 3714 3747 I ample.untitled:
05-12 11:38:21.809 3714 3747 I ample.untitled: QarthPatchMonintor::CheckNotifyEvent before read
05-12 11:38:21.809 3714 3747 I ample.untitled:
05-12 11:38:21.809 3714 3747 I ample.untitled: QarthPatchMonintor::CheckNotifyEvent after read, length = -1
05-12 11:38:21.809 3714 3747 I ample.untitled:
05-12 11:38:21.809 3714 3747 I ample.untitled: QarthPatchMonintor::CheckNotifyEvent
05-12 11:38:21.809 3714 3747 I ample.untitled:
05-12 11:38:21.809 3714 3747 I ample.untitled: QarthPatchMonintor::CheckNotifyEvent before read
05-12 11:38:21.809 3714 3747 I ample.untitled:
05-12 11:38:21.809 3714 3747 I ample.untitled: QarthPatchMonintor::CheckNotifyEvent after read, length = -1
05-12 11:38:21.809 3714 3747 I ample.untitled:
05-12 11:38:21.810 3714 3747 I ample.untitled: QarthPatchMonintor::CheckNotifyEvent
05-12 11:38:21.810 3714 3747 I ample.untitled:
05-12 11:38:21.810 3714 3747 I ample.untitled: QarthPatchMonintor::CheckNotifyEvent before read
05-12 11:38:21.810 3714 3747 I ample.untitled:
05-12 11:38:21.810 3714 3747 I ample.untitled: QarthPatchMonintor::CheckNotifyEvent after read, length = -1
05-12 11:38:21.810 3714 3747 I ample.untitled:
05-12 11:38:21.810 3714 3747 I ample.untitled: QarthPatchMonintor::CheckNotifyEvent
05-12 11:38:21.810 3714 3747 I ample.untitled:
05-12 11:38:21.810 3714 3747 I ample.untitled: QarthPatchMonintor::CheckNotifyEvent before read
05-12 11:38:21.810 3714 3747 I ample.untitled:
05-12 11:38:21.810 3714 3747 I ample.untitled: QarthPatchMonintor::CheckNotifyEvent after read, length = -1
05-12 11:38:21.810 3714 3747 I ample.untitled:
05-12 11:38:21.810 3714 3747 I ample.untitled: QarthPatchMonintor::CheckNotifyEvent
05-12 11:38:21.810 3714 3747 I ample.untitled:
05-12 11:38:21.810 3714 3747 I ample.untitled: QarthPatchMonintor::CheckNotifyEvent before read
05-12 11:38:21.810 3714 3747 I ample.untitled:
05-12 11:38:21.810 3714 3747 I ample.untitled: QarthPatchMonintor::CheckNotifyEvent after read, length = -1
05-12 11:38:21.810 3714 3747 I ample.untitled:
05-12 11:38:21.810 3714 3747 I ample.untitled: QarthPatchMonintor::CheckNotifyEvent
05-12 11:38:21.810 3714 3747 I ample.untitled:
05-12 11:38:21.810 3714 3747 I ample.untitled: QarthPatchMonintor::CheckNotifyEvent before read
05-12 11:38:21.810 3714 3747 I ample.untitled:
05-12 11:38:21.810 3714 3747 I ample.untitled: QarthPatchMonintor::CheckNotifyEvent after read, length = -1
05-12 11:38:21.810 3714 3747 I ample.untitled:
05-12 11:38:21.810 3714 3747 I ample.untitled: QarthPatchMonintor::CheckNotifyEvent
05-12 11:38:21.810 3714 3747 I ample.untitled:
05-12 11:38:21.810 3714 3747 I ample.untitled: QarthPatchMonintor::CheckNotifyEvent before read
05-12 11:38:21.810 3714 3747 I ample.untitled:
05-12 11:38:21.810 3714 3747 I ample.untitled: QarthPatchMonintor::CheckNotifyEvent after read, length = -1
05-12 11:38:21.810 3714 3747 I ample.untitled:
05-12 11:38:21.810 3714 3747 I ample.untitled: QarthPatchMonintor::CheckNotifyEvent
05-12 11:38:21.810 3714 3747 I ample.untitled:
05-12 11:38:21.810 3714 3747 I ample.untitled: QarthPatchMonintor::CheckNotifyEvent before read
05-12 11:38:21.810 3714 3747 I ample.untitled:
05-12 11:38:21.810 3714 3747 I ample.untitled: QarthPatchMonintor::CheckNotifyEvent after read, length = -1
05-12 11:38:21.810 3714 3747 I ample.untitled:
05-12 11:38:21.810 3714 3747 I ample.untitled: QarthPatchMonintor::CheckNotifyEvent
05-12 11:38:21.810 3714 3747 I ample.untitled:
05-12 11:38:21.810 3714 3747 I ample.untitled: QarthPatchMonintor::CheckNotifyEvent before read
05-12 11:38:21.810 3714 3747 I ample.untitled:
05-12 11:38:21.810 3714 3747 I ample.untitled: QarthPatchMonintor::CheckNotifyEvent after read, length = -1
05-12 11:38:21.810 3714 3747 I ample.untitled:
05-12 11:38:21.810 3714 3747 I ample.untitled:
05-12 11:38:21.810 3714 3747 I ample.untitled: QarthPatchMonintor::CheckNotifyEvent after read, length = -1
05-12 11:38:21.810 3714 3747 I ample.untitled:
05-12 11:38:21.810 3714 3747 I ample.untitled: QarthPatchMonintor::CheckNotifyEvent
05-12 11:38:21.810 3714 3747 I ample.untitled:
05-12 11:38:21.810 3714 3747 I ample.untitled: QarthPatchMonintor::CheckNotifyEvent after read, length = -1
05-12 11:38:21.810 3714 3747 I ample.untitled:
05-12 11:38:21.810 3714 3747 I ample.untitled: QarthPatchMonintor::CheckNotifyEvent
05-12 11:38:21.810 3714 3747 I ample.untitled: QarthPatchMonintor::CheckNotifyEvent before read
05-12 11:38:21.810 3714 3747 I ample.untitled: QarthPatchMonintor::CheckNotifyEvent after read, length = -1
05-12 11:38:21.810 3714 3747 I ample.untitled: QarthPatchMonintor::CheckNotifyEvent
05-12 11:38:21.810 3714 3747 I ample.untitled: QarthPatchMonintor::CheckNotifyEvent after read, length = -1
05-12 11:38:21.810 3714 3747 I ample.untitled:
05-12 11:38:21.810 3714 3747 I ample.untitled: QarthPatchMonintor::CheckNotifyEvent
05-12 11:38:21.811 3714 3747 I ample.untitled:
05-12 11:38:21.811 3714 3747 I ample.untitled: QarthPatchMonintor::CheckNotifyEvent before read
05-12 11:38:21.811 3714 3747 I ample.untitled:
05-12 11:38:21.811 3714 3747 I ample.untitled: QarthPatchMonintor::CheckNotifyEvent after read, length = -1
05-12 11:38:21.811 3714 3747 I ample.untitled: QarthPatchMonintor::CheckNotifyEvent
05-12 11:38:21.811 3714 3747 I ample.untitled: QarthPatchMonintor::CheckNotifyEvent after read, length = -1
05-12 11:38:21.811 3714 3747 I ample.untitled:
05-12 11:38:21.811 3714 3747 I ample.untitled: QarthPatchMonintor::CheckNotifyEvent
05-12 11:38:21.811 3714 3747 I ample.untitled:
05-12 11:38:21.811 3714 3747 I ample.untitled: QarthPatchMonintor::CheckNotifyEvent
05-12 11:38:21.811 3714 3747 I ample.untitled: QarthPatchMonintor::CheckNotifyEvent before read
05-12 11:38:21.811 3714 3747 I ample.untitled:
05-12 11:38:21.811 3714 3747 I ample.untitled: QarthPatchMonintor::CheckNotifyEvent after read, length = -1
05-12 11:38:21.811 3714 3747 I ample.untitled:
05-12 11:38:21.811 3714 3747 I ample.untitled: QarthPatchMonintor::CheckNotifyEvent
05-12 11:38:21.811 3714 3747 I ample.untitled:
05-12 11:38:21.811 3714 3747 I ample.untitled: QarthPatchMonintor::CheckNotifyEvent
05-12 11:38:21.811 3714 3747 I ample.untitled: QarthPatchMonintor::CheckNotifyEvent before read
05-12 11:38:21.811 3714 3747 I ample.untitled: QarthPatchMonintor::CheckNotifyEvent
05-12 11:38:21.811 3714 3747 I ample.untitled:
05-12 11:38:21.811 3714 3747 I ample.untitled: QarthPatchMonintor::CheckNotifyEvent before read
05-12 11:38:21.811 3714 3747 I ample.untitled: QarthPatchMonintor::CheckNotifyEvent after read, length = -1
05-12 11:38:21.811 3714 3747 I ample.untitled: QarthPatchMonintor::CheckNotifyEvent
05-12 11:38:21.811 3714 3747 I ample.untitled: QarthPatchMonintor::CheckNotifyEvent before read
05-12 11:38:21.811 3714 3747 I ample.untitled:
05-12 11:38:21.811 3714 3747 I ample.untitled: QarthPatchMonintor::CheckNotifyEvent after read, length = -1
05-12 11:38:21.811 3714 3747 I ample.untitled:
05-12 11:38:21.811 3714 3747 I ample.untitled: QarthPatchMonintor::CheckNotifyEvent before read
05-12 11:38:21.811 3714 3747 I ample.untitled:
05-12 11:38:21.811 3714 3747 I ample.untitled: QarthPatchMonintor::CheckNotifyEvent after read, length = -1
05-12 11:38:21.811 3714 3747 I ample.untitled:
05-12 11:38:21.811 3714 3747 I ample.untitled: QarthPatchMonintor::CheckNotifyEvent
05-12 11:38:21.811 3714 3747 I ample.untitled:
05-12 11:38:21.811 3714 3747 I ample.untitled: QarthPatchMonintor::CheckNotifyEvent before read
05-12 11:38:21.811 3714 3747 I ample.untitled:
05-12 11:38:21.811 3714 3747 I ample.untitled: QarthPatchMonintor::CheckNotifyEvent after read, length = -1
05-12 11:38:21.812 3714 3747 I ample.untitled: QarthPatchMonintor::CheckNotifyEvent before read
05-12 11:38:21.812 3714 3747 I ample.untitled:
05-12 11:38:21.812 3714 3747 I ample.untitled: QarthPatchMonintor::CheckNotifyEvent after read, length = -1
05-12 11:38:21.812 3714 3747 I ample.untitled: QarthPatchMonintor::CheckNotifyEvent
05-12 11:38:21.812 3714 3747 I ample.untitled:
05-12 11:38:21.812 3714 3747 I ample.untitled: QarthPatchMonintor::CheckNotifyEvent before read
05-12 11:38:21.812 3714 3747 I ample.untitled:
05-12 11:38:21.812 3714 3747 I ample.untitled: QarthPatchMonintor::CheckNotifyEvent before read
05-12 11:38:21.812 3714 3747 I ample.untitled:
05-12 11:38:21.812 3714 3747 I ample.untitled: QarthPatchMonintor::CheckNotifyEvent
05-12 11:38:21.812 3714 3747 I ample.untitled:
05-12 11:38:21.812 3714 3747 I ample.untitled:
05-12 11:38:21.812 3714 3747 I ample.untitled: QarthPatchMonintor::CheckNotifyEvent
05-12 11:38:21.812 3714 3747 I ample.untitled:
05-12 11:38:21.812 3714 3747 I ample.untitled: QarthPatchMonintor::CheckNotifyEvent before read
05-12 11:38:21.812 3714 3747 I ample.untitled: QarthPatchMonintor::CheckNotifyEvent after read, length = -1
05-12 11:38:21.812 3714 3747 I ample.untitled: QarthPatchMonintor::CheckNotifyEvent
05-12 11:38:21.812 3714 3747 I ample.untitled:
05-12 11:38:21.812 3714 3747 I ample.untitled: QarthPatchMonintor::CheckNotifyEvent before read
05-12 11:38:21.812 3714 3747 I ample.untitled: QarthPatchMonintor::CheckNotifyEvent after read, length = -1
05-12 11:38:21.812 3714 3747 I ample.untitled: QarthPatchMonintor::CheckNotifyEvent
05-12 11:38:21.812 3714 3747 I ample.untitled: QarthPatchMonintor::CheckNotifyEvent after read, length = -1
05-12 11:38:21.812 3714 3747 I ample.untitled:
05-12 11:38:21.812 3714 3747 I ample.untitled: QarthPatchMonintor::CheckNotifyEvent
05-12 11:38:21.812 3714 3747 I ample.untitled:
05-12 11:38:21.812 3714 3747 I ample.untitled: QarthPatchMonintor::CheckNotifyEvent before read
05-12 11:38:21.812 3714 3747 I ample.untitled: QarthPatchMonintor::CheckNotifyEvent before read
05-12 11:38:21.812 3714 3747 I ample.untitled: QarthPatchMonintor::CheckNotifyEvent after read, length = -1
05-12 11:38:21.812 3714 3747 I ample.untitled: QarthPatchMonintor::CheckNotifyEvent
05-12 11:38:21.812 3714 3747 I ample.untitled: QarthPatchMonintor::CheckNotifyEvent before read
05-12 11:38:21.812 3714 3747 I ample.untitled: QarthPatchMonintor::CheckNotifyEvent after read, length = -1
05-12 11:38:21.812 3714 3747 I ample.untitled: QarthPatchMonintor::CheckNotifyEvent after read, length = -1
05-12 11:38:21.812 3714 3747 I ample.untitled: QarthPatchMonintor::CheckNotifyEvent
05-12 11:38:21.812 3714 3747 I ample.untitled: QarthPatchMonintor::CheckNotifyEvent before read
05-12 11:38:21.812 3714 3747 I ample.untitled: QarthPatchMonintor::CheckNotifyEvent after read, length = -1
05-12 11:38:21.812 3714 3747 I ample.untitled:
05-12 11:38:21.812 3714 3747 I ample.untitled: QarthPatchMonintor::CheckNotifyEvent
05-12 11:38:21.812 3714 3747 I ample.untitled:
05-12 11:38:21.812 3714 3747 I ample.untitled: QarthPatchMonintor::CheckNotifyEvent after read, length = -1
05-12 11:38:21.812 3714 3747 I ample.untitled: QarthPatchMonintor::CheckNotifyEvent
05-12 11:38:21.812 3714 3747 I ample.untitled:
05-12 11:38:21.813 3714 3747 I ample.untitled: QarthPatchMonintor::CheckNotifyEvent
05-12 11:38:21.813 3714 3747 I ample.untitled:
05-12 11:38:21.813 3714 3747 I ample.untitled: QarthPatchMonintor::CheckNotifyEvent after read, length = -1
05-12 11:38:21.813 3714 3747 I ample.untitled: QarthPatchMonintor::CheckNotifyEvent
05-12 11:38:21.813 3714 3747 I ample.untitled: QarthPatchMonintor::CheckNotifyEvent after read, length = -1
05-12 11:38:21.813 3714 3747 I ample.untitled: QarthPatchMonintor::CheckNotifyEvent
05-12 11:38:21.813 3714 3747 I ample.untitled: QarthPatchMonintor::CheckNotifyEvent
05-12 11:38:21.813 3714 3747 I ample.untitled:
05-12 11:38:21.813 3714 3747 I ample.untitled: QarthPatchMonintor::CheckNotifyEvent before read
05-12 11:38:21.813 3714 3747 I ample.untitled: QarthPatchMonintor::CheckNotifyEvent
05-12 11:38:21.813 3714 3747 I ample.untitled:
05-12 11:38:21.813 3714 3747 I ample.untitled: QarthPatchMonintor::CheckNotifyEvent before read
05-12 11:38:21.813 3714 3747 I ample.untitled: QarthPatchMonintor::CheckNotifyEvent after read, length = -1
05-12 11:38:21.813 3714 3747 I ample.untitled:
05-12 11:38:21.813 3714 3747 I ample.untitled: QarthPatchMonintor::CheckNotifyEvent
05-12 11:38:21.813 3714 3747 I ample.untitled: QarthPatchMonintor::CheckNotifyEvent after read, length = -1
05-12 11:38:21.813 3714 3747 I ample.untitled:
05-12 11:38:21.813 3714 3747 I ample.untitled: QarthPatchMonintor::CheckNotifyEvent
05-12 11:38:21.813 3714 3747 I ample.untitled: QarthPatchMonintor::CheckNotifyEvent before read
05-12 11:38:21.813 3714 3747 I ample.untitled: QarthPatchMonintor::CheckNotifyEvent after read, length = -1
05-12 11:38:21.813 3714 3747 I ample.untitled: QarthPatchMonintor::CheckNotifyEvent
05-12 11:38:21.813 3714 3747 I ample.untitled: QarthPatchMonintor::CheckNotifyEvent before read
05-12 11:38:21.813 3714 3747 I ample.untitled:
05-12 11:38:21.813 3714 3747 I ample.untitled: QarthPatchMonintor::CheckNotifyEvent after read, length = -1
05-12 11:38:21.813 3714 3747 I ample.untitled: QarthPatchMonintor::CheckNotifyEvent
05-12 11:38:21.813 3714 3747 I ample.untitled:
05-12 11:38:21.813 3714 3747 I ample.untitled: QarthPatchMonintor::CheckNotifyEvent before read
05-12 11:38:21.813 3714 3747 I ample.untitled: QarthPatchMonintor::CheckNotifyEvent after read, length = -1
05-12 11:38:21.813 3714 3747 I ample.untitled: QarthPatchMonintor::CheckNotifyEvent
05-12 11:38:21.813 3714 3747 I ample.untitled: QarthPatchMonintor::CheckNotifyEvent before read
05-12 11:38:21.813 3714 3747 I ample.untitled:
05-12 11:38:21.813 3714 3747 I ample.untitled: QarthPatchMonintor::CheckNotifyEvent before read
05-12 11:38:21.813 3714 3747 I ample.untitled: QarthPatchMonintor::CheckNotifyEvent after read, length = -1
05-12 11:38:21.813 3714 3747 I ample.untitled:
05-12 11:38:21.813 3714 3747 I ample.untitled: QarthPatchMonintor::CheckNotifyEvent
05-12 11:38:21.813 3714 3747 I ample.untitled:
05-12 11:38:21.813 3714 3747 I ample.untitled: QarthPatchMonintor::CheckNotifyEvent before read
05-12 11:38:21.813 3714 3747 I ample.untitled: QarthPatchMonintor::CheckNotifyEvent after read, length = -1
05-12 11:38:21.813 3714 3747 I ample.untitled:
05-12 11:38:21.813 3714 3747 I ample.untitled: QarthPatchMonintor::CheckNotifyEvent
05-12 11:38:21.814 3714 3747 I ample.untitled:
05-12 11:38:21.814 3714 3747 I ample.untitled: QarthPatchMonintor::CheckNotifyEvent before read
05-12 11:38:21.814 3714 3747 I ample.untitled: QarthPatchMonintor::CheckNotifyEvent after read, length = -1
05-12 11:38:21.814 3714 3747 I ample.untitled: QarthPatchMonintor::CheckNotifyEvent
05-12 11:38:21.814 3714 3747 I ample.untitled:
05-12 11:38:21.814 3714 3747 I ample.untitled: QarthPatchMonintor::CheckNotifyEvent before read
05-12 11:38:21.814 3714 3747 I ample.untitled: QarthPatchMonintor::CheckNotifyEvent after read, length = -1
05-12 11:38:21.814 3714 3747 I ample.untitled: QarthPatchMonintor::CheckNotifyEvent
05-12 11:38:21.814 3714 3747 I ample.untitled:
05-12 11:38:21.814 3714 3747 I ample.untitled: QarthPatchMonintor::CheckNotifyEvent before read
05-12 11:38:21.814 3714 3747 I ample.untitled: QarthPatchMonintor::CheckNotifyEvent after read, length = -1
05-12 11:38:21.814 3714 3747 I ample.untitled: QarthPatchMonintor::CheckNotifyEvent
05-12 11:38:21.814 3714 3747 I ample.untitled: QarthPatchMonintor::CheckNotifyEvent after read, length = -1
05-12 11:38:21.814 3714 3747 I ample.untitled:
05-12 11:38:21.814 3714 3747 I ample.untitled: QarthPatchMonintor::CheckNotifyEvent
05-12 11:38:21.814 3714 3747 I ample.untitled: QarthPatchMonintor::CheckNotifyEvent before read
05-12 11:38:21.814 3714 3747 I ample.untitled:
05-12 11:38:21.814 3714 3747 I ample.untitled: QarthPatchMonintor::CheckNotifyEvent after read, length = -1
05-12 11:38:21.814 3714 3747 I ample.untitled: QarthPatchMonintor::CheckNotifyEvent before read
05-12 11:38:21.814 3714 3747 I ample.untitled:
05-12 11:38:21.814 3714 3747 I chatty : uid=10152(org.qtproject.example.untitled2) identical 1 line
05-12 11:38:21.814 3714 3747 I ample.untitled:
05-12 11:38:21.814 3714 3747 I ample.untitled: QarthPatchMonintor::CheckNotifyEvent
05-12 11:38:21.814 3714 3747 I ample.untitled:
05-12 11:38:21.814 3714 3747 I ample.untitled: QarthPatchMonintor::CheckNotifyEvent
05-12 11:38:21.814 3714 3747 I ample.untitled: QarthPatchMonintor::CheckNotifyEvent
05-12 11:38:21.814 3714 3747 I ample.untitled: QarthPatchMonintor::CheckNotifyEvent before read
05-12 11:38:21.814 3714 3747 I ample.untitled: QarthPatchMonintor::CheckNotifyEvent after read, length = -1
05-12 11:38:21.814 3714 3747 I ample.untitled: QarthPatchMonintor::CheckNotifyEvent
05-12 11:38:21.814 3714 3747 I ample.untitled:
05-12 11:38:21.815 3714 3747 I ample.untitled: QarthPatchMonintor::CheckNotifyEvent after read, length = -1
05-12 11:38:21.815 3714 3747 I ample.untitled: QarthPatchMonintor::CheckNotifyEvent after read, length = -1
05-12 11:38:21.815 3714 3747 I ample.untitled:
05-12 11:38:21.815 3714 3747 I ample.untitled: QarthPatchMonintor::CheckNotifyEvent
05-12 11:38:21.815 3714 3747 I ample.untitled:
05-12 11:38:21.815 3714 3747 I ample.untitled: QarthPatchMonintor::CheckNotifyEvent before read
05-12 11:38:21.815 3714 3747 I ample.untitled:
05-12 11:38:21.815 3714 3747 I ample.untitled: QarthPatchMonintor::CheckNotifyEvent after read, length = -1
05-12 11:38:21.815 3714 3747 I ample.untitled: QarthPatchMonintor::CheckNotifyEvent
05-12 11:38:21.815 3714 3747 I ample.untitled:
05-12 11:38:21.815 3714 3747 I ample.untitled: QarthPatchMonintor::CheckNotifyEvent
05-12 11:38:21.815 3714 3747 I ample.untitled:
05-12 11:38:21.815 3714 3747 I ample.untitled: QarthPatchMonintor::CheckNotifyEvent before read
05-12 11:38:21.815 3714 3747 I ample.untitled:
05-12 11:38:21.815 3714 3747 I ample.untitled: QarthPatchMonintor::CheckNotifyEvent after read, length = -1
05-12 11:38:21.815 3714 3747 I ample.untitled: QarthPatchMonintor::CheckNotifyEvent
05-12 11:38:21.815 3714 3747 I ample.untitled:
05-12 11:38:21.815 3714 3747 I ample.untitled: QarthPatchMonintor::CheckNotifyEvent
05-12 11:38:21.815 3714 3747 I ample.untitled: QarthPatchMonintor::CheckNotifyEvent
05-12 11:38:21.815 3714 3747 I ample.untitled:
05-12 11:38:21.815 3714 3747 I ample.untitled: QarthPatchMonintor::CheckNotifyEvent before read
05-12 11:38:21.815 3714 3747 I ample.untitled:
05-12 11:38:21.815 3714 3747 I ample.untitled: QarthPatchMonintor::CheckNotifyEvent after read, length = -1
05-12 11:38:21.815 3714 3747 I ample.untitled: QarthPatchMonintor::CheckNotifyEvent
05-12 11:38:21.815 3714 3747 I ample.untitled:
05-12 11:38:21.815 3714 3747 I ample.untitled: QarthPatchMonintor::CheckNotifyEvent before read
05-12 11:38:21.815 3714 3747 I ample.untitled: QarthPatchMonintor::CheckNotifyEvent
05-12 11:38:21.815 3714 3747 I ample.untitled: QarthPatchMonintor::CheckNotifyEvent before read
05-12 11:38:21.815 3714 3747 I ample.untitled: QarthPatchMonintor::CheckNotifyEvent after read, length = -1
05-12 11:38:21.815 3714 3747 I ample.untitled:
05-12 11:38:21.815 3714 3747 I ample.untitled: QarthPatchMonintor::CheckNotifyEvent
05-12 11:38:21.815 3714 3747 I ample.untitled: QarthPatchMonintor::CheckNotifyEvent before read
05-12 11:38:21.816 3714 3747 I ample.untitled: QarthPatchMonintor::CheckNotifyEvent after read, length = -1
05-12 11:38:21.816 3714 3747 I ample.untitled: QarthPatchMonintor::CheckNotifyEvent
05-12 11:38:21.816 3714 3747 I ample.untitled: QarthPatchMonintor::CheckNotifyEvent
05-12 11:38:21.816 3714 3747 I ample.untitled: QarthPatchMonintor::CheckNotifyEvent before read
05-12 11:38:21.816 3714 3747 I ample.untitled:
05-12 11:38:21.816 3714 3747 I ample.untitled: QarthPatchMonintor::CheckNotifyEvent
05-12 11:38:21.816 3714 3747 I ample.untitled:
05-12 11:38:21.816 3714 3747 I ample.untitled: QarthPatchMonintor::CheckNotifyEvent before read
05-12 11:38:21.816 3714 3747 I ample.untitled:
05-12 11:38:21.817 3714 3747 I ample.untitled: QarthPatchMonintor::CheckNotifyEvent
05-12 11:38:21.817 3714 3747 I ample.untitled: QarthPatchMonintor::CheckNotifyEvent before read
05-12 11:38:21.817 3714 3747 I ample.untitled:
05-12 11:38:21.817 3714 3747 I ample.untitled: QarthPatchMonintor::CheckNotifyEvent after read, length = -1
05-12 11:38:21.817 3714 3747 I ample.untitled: QarthPatchMonintor::CheckNotifyEvent
05-12 11:38:21.817 3714 3747 I ample.untitled: QarthPatchMonintor::CheckNotifyEvent after read, length = -1
05-12 11:38:21.817 3714 3747 I ample.untitled: QarthPatchMonintor::CheckNotifyEvent
05-12 11:38:21.817 3714 3747 I ample.untitled: QarthPatchMonintor::CheckNotifyEvent before read
05-12 11:38:21.817 3714 3747 I ample.untitled: QarthPatchMonintor::CheckNotifyEvent after read, length = -1
05-12 11:38:21.817 3714 3747 I ample.untitled: QarthPatchMonintor::CheckNotifyEvent
05-12 11:38:21.817 3714 3747 I ample.untitled:
05-12 11:38:21.817 3714 3747 I ample.untitled: QarthPatchMonintor::CheckNotifyEvent before read
05-12 11:38:21.817 3714 3747 I ample.untitled:
05-12 11:38:21.817 3714 3747 I ample.untitled: QarthPatchMonintor::CheckNotifyEvent
05-12 11:38:21.817 3714 3747 I ample.untitled:
05-12 11:38:21.817 3714 3747 I ample.untitled: QarthPatchMonintor::CheckNotifyEvent before read
05-12 11:38:21.817 3714 3747 I ample.untitled: QarthPatchMonintor::CheckNotifyEvent after read, length = -1
05-12 11:38:21.817 3714 3747 I ample.untitled: QarthPatchMonintor::CheckNotifyEvent
05-12 11:38:21.817 3714 3747 I ample.untitled:
05-12 11:38:21.817 3714 3747 I ample.untitled: QarthPatchMonintor::CheckNotifyEvent after read, length = -1
05-12 11:38:21.817 3714 3747 I ample.untitled:
05-12 11:38:21.817 3714 3747 I ample.untitled: QarthPatchMonintor::CheckNotifyEvent
05-12 11:38:21.817 3714 3747 I ample.untitled:
05-12 11:38:21.817 3714 3747 I ample.untitled: QarthPatchMonintor::CheckNotifyEvent before read
05-12 11:38:21.817 3714 3747 I ample.untitled: QarthPatchMonintor::CheckNotifyEvent after read, length = -1
05-12 11:38:21.817 3714 3747 I ample.untitled: QarthPatchMonintor::CheckNotifyEvent before read
05-12 11:38:21.817 3714 3747 I ample.untitled:
05-12 11:38:21.817 3714 3747 I ample.untitled: QarthPatchMonintor::CheckNotifyEvent after read, length = -1
05-12 11:38:21.817 3714 3747 I ample.untitled:
05-12 11:38:21.817 3714 3747 I ample.untitled: QarthPatchMonintor::CheckNotifyEvent before read
05-12 11:38:21.817 3714 3747 I ample.untitled: QarthPatchMonintor::CheckNotifyEvent after read, length = -1
05-12 11:38:21.817 3714 3747 I ample.untitled:
05-12 11:38:21.817 3714 3747 I ample.untitled: QarthPatchMonintor::CheckNotifyEvent before read
05-12 11:38:21.817 3714 3747 I ample.untitled:
05-12 11:38:21.817 3714 3747 I ample.untitled: QarthPatchMonintor::CheckNotifyEvent
05-12 11:38:21.817 3714 3747 I ample.untitled: QarthPatchMonintor::CheckNotifyEvent after read, length = -1
05-12 11:38:21.817 3714 3747 I ample.untitled: QarthPatchMonintor::CheckNotifyEvent
05-12 11:38:21.817 3714 3747 I ample.untitled:
05-12 11:38:21.817 3714 3747 I ample.untitled: QarthPatchMonintor::CheckNotifyEvent
05-12 11:38:21.818 3714 3747 I ample.untitled: QarthPatchMonintor::CheckNotifyEvent before read
05-12 11:38:21.818 3714 3747 I ample.untitled:
05-12 11:38:21.818 3714 3747 I ample.untitled: QarthPatchMonintor::CheckNotifyEvent after read, length = -1
05-12 11:38:21.818 3714 3747 I ample.untitled: QarthPatchMonintor::CheckNotifyEvent
05-12 11:38:21.818 3714 3747 I ample.untitled:
05-12 11:38:21.818 3714 3747 I ample.untitled: QarthPatchMonintor::CheckNotifyEvent after read, length = -1
05-12 11:38:21.818 3714 3747 I ample.untitled:
05-12 11:38:21.818 3714 3747 I ample.untitled: QarthPatchMonintor::CheckNotifyEvent before read
05-12 11:38:21.818 3714 3747 I ample.untitled: QarthPatchMonintor::CheckNotifyEvent after read, length = -1
05-12 11:38:21.818 3714 3747 I ample.untitled: QarthPatchMonintor::CheckNotifyEvent
05-12 11:38:21.818 3714 3747 I ample.untitled: QarthPatchMonintor::CheckNotifyEvent
05-12 11:38:21.818 3714 3747 I ample.untitled: QarthPatchMonintor::CheckNotifyEvent before read
05-12 11:38:21.818 3714 3747 I ample.untitled:
05-12 11:38:21.818 3714 3747 I ample.untitled: QarthPatchMonintor::CheckNotifyEvent after read, length = -1
05-12 11:38:21.818 3714 3747 I ample.untitled: QarthPatchMonintor::CheckNotifyEvent
05-12 11:38:21.818 3714 3747 I ample.untitled:
05-12 11:38:21.818 3714 3747 I ample.untitled: QarthPatchMonintor::CheckNotifyEvent
05-12 11:38:21.818 3714 3747 I ample.untitled:
05-12 11:38:21.818 3714 3747 I ample.untitled: QarthPatchMonintor::CheckNotifyEvent after read, length = -1
05-12 11:38:21.818 3714 3747 I ample.untitled:
05-12 11:38:21.818 3714 3747 I ample.untitled: QarthPatchMonintor::CheckNotifyEvent before read
05-12 11:38:21.818 3714 3747 I ample.untitled: QarthPatchMonintor::CheckNotifyEvent after read, length = -1
05-12 11:38:21.818 3714 3747 I ample.untitled:
05-12 11:38:21.818 3714 3747 I ample.untitled: QarthPatchMonintor::CheckNotifyEvent before read
05-12 11:38:21.818 3714 3747 I ample.untitled: QarthPatchMonintor::CheckNotifyEvent after read, length = -1
05-12 11:38:21.818 3714 3747 I ample.untitled: QarthPatchMonintor::CheckNotifyEvent
05-12 11:38:21.818 3714 3747 I ample.untitled:
05-12 11:38:21.818 3714 3747 I ample.untitled: QarthPatchMonintor::CheckNotifyEvent after read, length = -1
05-12 11:38:21.818 3714 3747 I ample.untitled: QarthPatchMonintor::CheckNotifyEvent after read, length = -1
05-12 11:38:21.818 3714 3747 I ample.untitled:
05-12 11:38:21.818 3714 3747 I ample.untitled: QarthPatchMonintor::CheckNotifyEvent
05-12 11:38:21.818 3714 3747 I ample.untitled:
05-12 11:38:21.818 3714 3747 I ample.untitled: QarthPatchMonintor::CheckNotifyEvent before read
05-12 11:38:21.818 3714 3747 I ample.untitled: QarthPatchMonintor::CheckNotifyEvent after read, length = -1
05-12 11:38:21.818 3714 3747 I ample.untitled: QarthPatchMonintor::CheckNotifyEvent
05-12 11:38:21.818 3714 3747 I ample.untitled:
05-12 11:38:21.818 3714 3747 I ample.untitled: QarthPatchMonintor::CheckNotifyEvent before read
05-12 11:38:21.818 3714 3747 I ample.untitled:
05-12 11:38:21.819 3714 3747 I ample.untitled: QarthPatchMonintor::CheckNotifyEvent after read, length = -1
05-12 11:38:21.819 3714 3747 I ample.untitled:
05-12 11:38:21.819 3714 3747 I ample.untitled: QarthPatchMonintor::CheckNotifyEvent
05-12 11:38:21.819 3714 3747 I ample.untitled:
05-12 11:38:21.819 3714 3747 I ample.untitled: QarthPatchMonintor::CheckNotifyEvent before read
05-12 11:38:21.819 3714 3747 I ample.untitled:
05-12 11:38:21.819 3714 3747 I ample.untitled: QarthPatchMonintor::CheckNotifyEvent after read, length = -1
05-12 11:38:21.819 3714 3747 I ample.untitled:
05-12 11:38:21.819 3714 3747 I ample.untitled: QarthPatchMonintor::CheckNotifyEvent
05-12 11:38:21.819 3714 3747 I ample.untitled: QarthPatchMonintor::CheckNotifyEvent after read, length = -1
05-12 11:38:21.819 3714 3747 I ample.untitled:
05-12 11:38:21.819 3714 3747 I ample.untitled: QarthPatchMonintor::CheckNotifyEvent after read, length = -1
05-12 11:38:21.819 3714 3747 I ample.untitled: QarthPatchMonintor::CheckNotifyEvent
05-12 11:38:21.819 3714 3747 I ample.untitled:
05-12 11:38:21.819 3714 3747 I ample.untitled: QarthPatchMonintor::CheckNotifyEvent before read
05-12 11:38:21.819 3714 3747 I ample.untitled:
05-12 11:38:21.819 3714 3747 I ample.untitled: QarthPatchMonintor::CheckNotifyEvent after read, length = -1
05-12 11:38:21.819 3714 3747 I ample.untitled:
05-12 11:38:21.819 3714 3747 I ample.untitled: QarthPatchMonintor::CheckNotifyEvent
05-12 11:38:21.819 3714 3747 I ample.untitled:
05-12 11:38:21.819 3714 3747 I ample.untitled: QarthPatchMonintor::CheckNotifyEvent before read
05-12 11:38:21.819 3714 3747 I ample.untitled: QarthPatchMonintor::CheckNotifyEvent after read, length = -1
05-12 11:38:21.819 3714 3747 I ample.untitled: QarthPatchMonintor::CheckNotifyEvent after read, length = -1
05-12 11:38:21.819 3714 3747 I ample.untitled: QarthPatchMonintor::CheckNotifyEvent
05-12 11:38:21.819 3714 3747 I ample.untitled:
