05-12 11:38:22.161 2262 2787 I PGServer: report state:10010 event type:2 pid:0 uid:0 pkg:com.huawei.android.launcher to pid: 2262
05-12 11:38:22.161 2262 2787 I SceneReceiver: state type: 10010 eventType:2 pid:0 uid:0 pkg:com.huawei.android.launcher
05-12 11:38:22.161 3714 3747 I ample.untitled:
05-12 11:38:22.162 3714 3747 I ample.untitled: QarthPatchMonintor::CheckNotifyEvent
05-12 11:38:22.162 3714 3747 I ample.untitled:
05-12 11:38:22.162 3714 3747 I ample.untitled: QarthPatchMonintor::CheckNotifyEvent before read
05-12 11:38:22.162 3714 3747 I ample.untitled:
05-12 11:38:22.162 3714 3747 I ample.untitled: QarthPatchMonintor::CheckNotifyEvent after read, length = -1
05-12 11:38:22.162 3714 3747 I ample.untitled:
05-12 11:38:22.162 3714 3747 I ample.untitled: QarthPatchMonintor::CheckNotifyEvent
05-12 11:38:22.162 3714 3747 I ample.untitled:
05-12 11:38:22.162 3714 3747 I ample.untitled: QarthPatchMonintor::CheckNotifyEvent before read
05-12 11:38:22.162 3714 3747 I ample.untitled: QarthPatchMonintor::CheckNotifyEvent after read, length = -1
05-12 11:38:22.162 3714 3747 I ample.untitled:
05-12 11:38:22.162 3714 3747 I ample.untitled: QarthPatchMonintor::CheckNotifyEvent
05-12 11:38:22.162 3714 3747 I ample.untitled:
05-12 11:38:22.162 3714 3747 I ample.untitled: QarthPatchMonintor::CheckNotifyEvent before read
05-12 11:38:22.162 3714 3747 I ample.untitled:
05-12 11:38:22.162 3714 3747 I ample.untitled: QarthPatchMonintor::CheckNotifyEvent after read, length = -1
05-12 11:38:22.162 3714 3747 I ample.untitled:
05-12 11:38:22.162 3714 3747 I ample.untitled: QarthPatchMonintor::CheckNotifyEvent
05-12 11:38:22.162 3714 3747 I ample.untitled: QarthPatchMonintor::CheckNotifyEvent before read
05-12 11:38:22.162 3714 3747 I ample.untitled: QarthPatchMonintor::CheckNotifyEvent
05-12 11:38:22.162 3714 3747 I ample.untitled:
05-12 11:38:22.162 3714 3747 I ample.untitled: QarthPatchMonintor::CheckNotifyEvent
05-12 11:38:22.162 3714 3747 I ample.untitled: QarthPatchMonintor::CheckNotifyEvent before read
05-12 11:38:22.162 3714 3747 I ample.untitled:
05-12 11:38:22.162 3714 3747 I ample.untitled: QarthPatchMonintor::CheckNotifyEvent after read, length = -1
05-12 11:38:22.162 3714 3747 I ample.untitled:
05-12 11:38:22.162 3714 3747 I ample.untitled: QarthPatchMonintor::CheckNotifyEvent
05-12 11:38:22.162 2262 2787 I PGServer: report state:10010 event type:2 pid:0 uid:0 pkg:com.huawei.android.launcher to pid: 2204
05-12 11:38:22.162 3714 3747 I ample.untitled:
05-12 11:38:22.162 3714 3747 I ample.untitled: QarthPatchMonintor::CheckNotifyEvent after read, length = -1
05-12 11:38:22.162 3714 3747 I ample.untitled:
05-12 11:38:22.162 2262 2787 I PGServer: report state:10010 event type:2 pid:0 uid:0 pkg:com.huawei.android.launcher to pid: 1248
05-12 11:38:22.162 2262 2787 I PGServer: report state:10000 event type:1 pid:0 uid:0 pkg:org.qtproject.example.untitled2 to pid: 2262
05-12 11:38:22.162 2262 2787 I SceneReceiver: state type: 10000 eventType:1 pid:0 uid:0 pkg:org.qtproject.example.untitled2
05-12 11:38:22.162 2262 3360 D HwThermalStateManager: current foreapp pkg : org.qtproject.example.untitled2
05-12 11:38:22.162 2262 3363 D ThermalTrace_ThermalRaise: current pkg:com.huawei.android.launcher
05-12 11:38:22.162 3714 3747 I ample.untitled: QarthPatchMonintor::CheckNotifyEvent after read, length = -1
05-12 11:38:22.162 3714 3747 I ample.untitled: QarthPatchMonintor::CheckNotifyEvent
05-12 11:38:22.162 3714 3747 I ample.untitled:
05-12 11:38:22.162 2204 3349 D DollieActivityManagerAdapter: [Paused] pid:2307 uid:10066 ComponentInfo{com.huawei.android.launcher/com.huawei.android.launcher.unihome.UniHomeLauncher} uidState:2
05-12 11:38:22.163 3714 3747 I ample.untitled: QarthPatchMonintor::CheckNotifyEvent before read
05-12 11:38:22.163 3714 3747 I ample.untitled:
05-12 11:38:22.163 3714 3747 I ample.untitled: QarthPatchMonintor::CheckNotifyEvent before read
05-12 11:38:22.163 3714 3747 I ample.untitled:
05-12 11:38:22.163 3714 3747 I ample.untitled: QarthPatchMonintor::CheckNotifyEvent after read, length = -1
05-12 11:38:22.163 3714 3747 I ample.untitled:
05-12 11:38:22.163 3714 3747 I ample.untitled: QarthPatchMonintor::CheckNotifyEvent
05-12 11:38:22.163 3714 3747 I ample.untitled:
05-12 11:38:22.163 3714 3747 I ample.untitled: QarthPatchMonintor::CheckNotifyEvent
05-12 11:38:22.163 3714 3747 I ample.untitled: QarthPatchMonintor::CheckNotifyEvent
05-12 11:38:22.163 3714 3747 I ample.untitled:
05-12 11:38:22.163 3714 3747 I ample.untitled: QarthPatchMonintor::CheckNotifyEvent before read
05-12 11:38:22.163 3714 3747 I ample.untitled:
05-12 11:38:22.163 3714 3747 I ample.untitled: QarthPatchMonintor::CheckNotifyEvent after read, length = -1
05-12 11:38:22.164 3714 3747 I ample.untitled: QarthPatchMonintor::CheckNotifyEvent
05-12 11:38:22.164 3714 3747 I ample.untitled: QarthPatchMonintor::CheckNotifyEvent after read, length = -1
05-12 11:38:22.164 3714 3747 I ample.untitled:
05-12 11:38:22.164 3714 3747 I ample.untitled: QarthPatchMonintor::CheckNotifyEvent
05-12 11:38:22.164 3714 3747 I ample.untitled:
05-12 11:38:22.164 3714 3747 I ample.untitled: QarthPatchMonintor::CheckNotifyEvent before read
05-12 11:38:22.164 3714 3747 I ample.untitled:
05-12 11:38:22.164 3714 3747 I ample.untitled: QarthPatchMonintor::CheckNotifyEvent after read, length = -1
05-12 11:38:22.164 3714 3747 I ample.untitled:
05-12 11:38:22.164 3714 3747 I ample.untitled: QarthPatchMonintor::CheckNotifyEvent
05-12 11:38:22.164 3714 3747 I ample.untitled: QarthPatchMonintor::CheckNotifyEvent after read, length = -1
05-12 11:38:22.164 3714 3747 I ample.untitled:
05-12 11:38:22.164 3714 3747 I ample.untitled: QarthPatchMonintor::CheckNotifyEvent
05-12 11:38:22.164 3714 3747 I ample.untitled:
05-12 11:38:22.164 3714 3747 I ample.untitled: QarthPatchMonintor::CheckNotifyEvent before read
05-12 11:38:22.164 3714 3747 I ample.untitled:
05-12 11:38:22.164 3714 3747 I ample.untitled: QarthPatchMonintor::CheckNotifyEvent after read, length = -1
05-12 11:38:22.164 3714 3747 I ample.untitled: QarthPatchMonintor::CheckNotifyEvent
05-12 11:38:22.164 3714 3747 I ample.untitled:
05-12 11:38:22.164 3714 3747 I ample.untitled: QarthPatchMonintor::CheckNotifyEvent before read
05-12 11:38:22.164 3714 3747 I ample.untitled:
05-12 11:38:22.164 3714 3747 I ample.untitled: QarthPatchMonintor::CheckNotifyEvent after read, length = -1
05-12 11:38:22.164 3714 3747 I ample.untitled:
05-12 11:38:22.164 3714 3747 I ample.untitled: QarthPatchMonintor::CheckNotifyEvent
05-12 11:38:22.164 3714 3747 I ample.untitled:
05-12 11:38:22.164 3714 3747 I ample.untitled:
05-12 11:38:22.165 3714 3747 I ample.untitled: QarthPatchMonintor::CheckNotifyEvent
05-12 11:38:22.165 3714 3747 I ample.untitled:
05-12 11:38:22.165 3714 3747 I ample.untitled: QarthPatchMonintor::CheckNotifyEvent before read
05-12 11:38:22.165 3714 3747 I ample.untitled:
05-12 11:38:22.165 3714 3747 I ample.untitled: QarthPatchMonintor::CheckNotifyEvent
05-12 11:38:22.165 3714 3747 I ample.untitled:
05-12 11:38:22.165 3714 3747 I ample.untitled: QarthPatchMonintor::CheckNotifyEvent before read
05-12 11:38:22.165 3714 3747 I ample.untitled:
05-12 11:38:22.165 3714 3747 I ample.untitled: QarthPatchMonintor::CheckNotifyEvent after read, length = -1
05-12 11:38:22.165 3714 3747 I ample.untitled:
05-12 11:38:22.165 3714 3747 I ample.untitled: QarthPatchMonintor::CheckNotifyEvent
05-12 11:38:22.165 3714 3747 I ample.untitled:
05-12 11:38:22.165 3714 3747 I ample.untitled: QarthPatchMonintor::CheckNotifyEvent before read
05-12 11:38:22.165 3714 3747 I ample.untitled:
05-12 11:38:22.165 3714 3747 I ample.untitled: QarthPatchMonintor::CheckNotifyEvent after read, length = -1
05-12 11:38:22.165 3714 3747 I ample.untitled:
05-12 11:38:22.165 3714 3747 I ample.untitled: QarthPatchMonintor::CheckNotifyEvent
05-12 11:38:22.165 3714 3747 I ample.untitled:
05-12 11:38:22.165 3714 3747 I ample.untitled: QarthPatchMonintor::CheckNotifyEvent before read
05-12 11:38:22.165 3714 3747 I ample.untitled:
05-12 11:38:22.165 3714 3747 I ample.untitled: QarthPatchMonintor::CheckNotifyEvent after read, length = -1
05-12 11:38:22.165 3714 3747 I ample.untitled:
05-12 11:38:22.165 3714 3747 I ample.untitled: QarthPatchMonintor::CheckNotifyEvent
05-12 11:38:22.165 3714 3747 I ample.untitled: QarthPatchMonintor::CheckNotifyEvent before read
05-12 11:38:22.165 3714 3747 I ample.untitled: QarthPatchMonintor::CheckNotifyEvent
05-12 11:38:22.165 3714 3747 I ample.untitled:
05-12 11:38:22.165 3714 3747 I ample.untitled: QarthPatchMonintor::CheckNotifyEvent before read
05-12 11:38:22.165 3714 3747 I ample.untitled:
05-12 11:38:22.165 3714 3747 I ample.untitled: QarthPatchMonintor::CheckNotifyEvent after read, length = -1
05-12 11:38:22.165 3714 3747 I ample.untitled: QarthPatchMonintor::CheckNotifyEvent
05-12 11:38:22.165 3714 3747 I ample.untitled: QarthPatchMonintor::CheckNotifyEvent before read
05-12 11:38:22.165 3714 3747 I ample.untitled:
05-12 11:38:22.165 3714 3747 I ample.untitled: QarthPatchMonintor::CheckNotifyEvent after read, length = -1
05-12 11:38:22.165 3714 3747 I ample.untitled: QarthPatchMonintor::CheckNotifyEvent before read
05-12 11:38:22.165 3714 3747 I ample.untitled: QarthPatchMonintor::CheckNotifyEvent after read, length = -1
05-12 11:38:22.165 2262 2787 I PGServer: report state:10000 event type:1 pid:0 uid:0 pkg:org.qtproject.example.untitled2 to pid: 2204
05-12 11:38:22.165 2262 2787 I PGServer: report state:10000 event type:1 pid:0 uid:0 pkg:org.qtproject.example.untitled2 to pid: 1248
05-12 11:38:22.165 3714 3747 I ample.untitled: QarthPatchMonintor::CheckNotifyEvent
05-12 11:38:22.165 2204 13271 D HicomMonitor: notifyForegroundAppChanged: pkg:org.qtproject.example.untitled2
05-12 11:38:22.165 3714 3747 I ample.untitled: QarthPatchMonintor::CheckNotifyEvent before read
05-12 11:38:22.165 2204 13271 D Hicom_EmcomManagerService: onForegroundAppChanged, pkgName:org.qtproject.example.untitled2
05-12 11:38:22.165 3714 3747 I ample.untitled: QarthPatchMonintor::CheckNotifyEvent
05-12 11:38:22.165 3714 3747 I ample.untitled:
05-12 11:38:22.165 2204 2827 W Hicom_XEngineProcessor: handleForegroundAppChanged. Feature is not enable.
05-12 11:38:22.165 3714 3747 I ample.untitled: QarthPatchMonintor::CheckNotifyEvent before read
05-12 11:38:22.165 3714 3747 I ample.untitled:
05-12 11:38:22.165 3714 3747 I ample.untitled: QarthPatchMonintor::CheckNotifyEvent
05-12 11:38:22.165 3714 3747 I ample.untitled: QarthPatchMonintor::CheckNotifyEvent after read, length = -1
05-12 11:38:22.165 3714 3747 I ample.untitled:
05-12 11:38:22.165 3714 3747 I ample.untitled: QarthPatchMonintor::CheckNotifyEvent
05-12 11:38:22.165 3714 3747 I ample.untitled: QarthPatchMonintor::CheckNotifyEvent before read
05-12 11:38:22.165 3714 3747 I ample.untitled: QarthPatchMonintor::CheckNotifyEvent after read, length = -1
05-12 11:38:22.165 2262 7575 I PGServer: checkPkgType. calling pkg: android
05-12 11:38:22.165 3714 3747 I ample.untitled:
05-12 11:38:22.165 3714 3747 I ample.untitled: QarthPatchMonintor::CheckNotifyEvent
05-12 11:38:22.166 3714 3747 I ample.untitled:
05-12 11:38:22.166 3714 3747 I ample.untitled: QarthPatchMonintor::CheckNotifyEvent
05-12 11:38:22.166 3714 3747 I ample.untitled: QarthPatchMonintor::CheckNotifyEvent after read, length = -1
05-12 11:38:22.166 3714 3747 I ample.untitled:
05-12 11:38:22.166 3714 3747 I ample.untitled: QarthPatchMonintor::CheckNotifyEvent
05-12 11:38:22.166 3714 3747 I ample.untitled:
05-12 11:38:22.166 3714 3747 I ample.untitled: QarthPatchMonintor::CheckNotifyEvent before read
05-12 11:38:22.166 3714 3747 I ample.untitled:
05-12 11:38:22.166 3714 3747 I ample.untitled: QarthPatchMonintor::CheckNotifyEvent
05-12 11:38:22.166 3714 3747 I ample.untitled: QarthPatchMonintor::CheckNotifyEvent after read, length = -1
05-12 11:38:22.166 3714 3747 I ample.untitled: QarthPatchMonintor::CheckNotifyEvent
05-12 11:38:22.166 3714 3747 I ample.untitled: QarthPatchMonintor::CheckNotifyEvent after read, length = -1
05-12 11:38:22.166 3714 3747 I ample.untitled: QarthPatchMonintor::CheckNotifyEvent after read, length = -1
05-12 11:38:22.166 2170 2428 D DiffPrivacyJni: Call DiffPrivacy interface
05-12 11:38:22.166 3714 3747 I ample.untitled: QarthPatchMonintor::CheckNotifyEvent
05-12 11:38:22.166 3714 3747 I ample.untitled:
05-12 11:38:22.166 3714 3747 I ample.untitled: QarthPatchMonintor::CheckNotifyEvent before read
05-12 11:38:22.166 3714 3747 I ample.untitled: QarthPatchMonintor::CheckNotifyEvent before read
05-12 11:38:22.166 3714 3747 I ample.untitled:
05-12 11:38:22.166 3714 3747 I ample.untitled: QarthPatchMonintor::CheckNotifyEvent after read, length = -1
05-12 11:38:22.166 3714 3747 I ample.untitled:
05-12 11:38:22.166 3714 3747 I ample.untitled: QarthPatchMonintor::CheckNotifyEvent before read
05-12 11:38:22.166 3714 3747 I ample.untitled: QarthPatchMonintor::CheckNotifyEvent
05-12 11:38:22.166 3714 3747 I ample.untitled: QarthPatchMonintor::CheckNotifyEvent before read
05-12 11:38:22.166 3714 3747 I ample.untitled:
05-12 11:38:22.166 3714 3747 I ample.untitled: QarthPatchMonintor::CheckNotifyEvent after read, length = -1
05-12 11:38:22.166 3714 3747 I ample.untitled: QarthPatchMonintor::CheckNotifyEvent before read
05-12 11:38:22.166 3714 3747 I ample.untitled: QarthPatchMonintor::CheckNotifyEvent after read, length = -1
05-12 11:38:22.166 3714 3747 I ample.untitled: QarthPatchMonintor::CheckNotifyEvent
05-12 11:38:22.166 3714 3747 I ample.untitled: QarthPatchMonintor::CheckNotifyEvent after read, length = -1
05-12 11:38:22.166 3714 3747 I ample.untitled: QarthPatchMonintor::CheckNotifyEvent
05-12 11:38:22.166 3714 3747 I ample.untitled:
05-12 11:38:22.166 3714 3747 I ample.untitled: QarthPatchMonintor::CheckNotifyEvent after read, length = -1
05-12 11:38:22.166 3714 3747 I ample.untitled: QarthPatchMonintor::CheckNotifyEvent
05-12 11:38:22.166 3714 3747 I ample.untitled: QarthPatchMonintor::CheckNotifyEvent before read
05-12 11:38:22.167 3714 3747 I ample.untitled:
05-12 11:38:22.167 3714 3747 I ample.untitled: QarthPatchMonintor::CheckNotifyEvent before read
05-12 11:38:22.167 3714 3747 I ample.untitled:
05-12 11:38:22.167 3714 3747 I ample.untitled: QarthPatchMonintor::CheckNotifyEvent after read, length = -1
05-12 11:38:22.167 3714 3747 I ample.untitled: QarthPatchMonintor::CheckNotifyEvent after read, length = -1
05-12 11:38:22.167 3714 3747 I ample.untitled: QarthPatchMonintor::CheckNotifyEvent
05-12 11:38:22.167 3714 3747 I ample.untitled: QarthPatchMonintor::CheckNotifyEvent
05-12 11:38:22.167 3714 3747 I ample.untitled:
05-12 11:38:22.167 3714 3747 I ample.untitled: QarthPatchMonintor::CheckNotifyEvent before read
05-12 11:38:22.167 3714 3747 I ample.untitled:
05-12 11:38:22.167 3714 3747 I ample.untitled: QarthPatchMonintor::CheckNotifyEvent after read, length = -1
05-12 11:38:22.167 3714 3747 I ample.untitled:
05-12 11:38:22.167 3714 3747 I ample.untitled: QarthPatchMonintor::CheckNotifyEvent
05-12 11:38:22.167 3714 3747 I ample.untitled:
05-12 11:38:22.167 3714 3747 I ample.untitled: QarthPatchMonintor::CheckNotifyEvent after read, length = -1
05-12 11:38:22.167 3714 3747 I ample.untitled: QarthPatchMonintor::CheckNotifyEvent
05-12 11:38:22.167 3714 3747 I ample.untitled:
05-12 11:38:22.167 3714 3747 I ample.untitled: QarthPatchMonintor::CheckNotifyEvent after read, length = -1
05-12 11:38:22.167 3714 3747 I ample.untitled: QarthPatchMonintor::CheckNotifyEvent
05-12 11:38:22.167 3714 3747 I ample.untitled:
05-12 11:38:22.167 3714 3747 I ample.untitled: QarthPatchMonintor::CheckNotifyEvent after read, length = -1
05-12 11:38:22.167 3714 3747 I ample.untitled: QarthPatchMonintor::CheckNotifyEvent
05-12 11:38:22.167 3714 3747 I ample.untitled:
05-12 11:38:22.167 3714 3747 I ample.untitled: QarthPatchMonintor::CheckNotifyEvent before read
05-12 11:38:22.167 3714 3747 I ample.untitled:
05-12 11:38:22.167 3714 3747 I ample.untitled: QarthPatchMonintor::CheckNotifyEvent after read, length = -1
05-12 11:38:22.167 3714 3747 I ample.untitled:
05-12 11:38:22.167 3714 3747 I ample.untitled: QarthPatchMonintor::CheckNotifyEvent
05-12 11:38:22.167 3714 3747 I ample.untitled: QarthPatchMonintor::CheckNotifyEvent before read
05-12 11:38:22.167 3714 3747 I ample.untitled: QarthPatchMonintor::CheckNotifyEvent after read, length = -1
05-12 11:38:22.167 3714 3747 I ample.untitled: QarthPatchMonintor::CheckNotifyEvent
05-12 11:38:22.167 3714 3747 I ample.untitled:
05-12 11:38:22.167 3714 3747 I ample.untitled: QarthPatchMonintor::CheckNotifyEvent before read
05-12 11:38:22.167 3714 3747 I ample.untitled: QarthPatchMonintor::CheckNotifyEvent after read, length = -1
05-12 11:38:22.167 3714 3747 I ample.untitled: QarthPatchMonintor::CheckNotifyEvent before read
05-12 11:38:22.167 3714 3747 I ample.untitled: QarthPatchMonintor::CheckNotifyEvent after read, length = -1
05-12 11:38:22.167 3714 3747 I ample.untitled: QarthPatchMonintor::CheckNotifyEvent before read
05-12 11:38:22.167 3714 3747 I ample.untitled: QarthPatchMonintor::CheckNotifyEvent after read, length = -1
05-12 11:38:22.167 3714 3747 I ample.untitled:
05-12 11:38:22.167 3714 3747 I ample.untitled: QarthPatchMonintor::CheckNotifyEvent
05-12 11:38:22.167 3714 3747 I ample.untitled: QarthPatchMonintor::CheckNotifyEvent before read
05-12 11:38:22.168 3714 3747 I ample.untitled: QarthPatchMonintor::CheckNotifyEvent after read, length = -1
05-12 11:38:22.168 3714 3747 I ample.untitled: QarthPatchMonintor::CheckNotifyEvent
05-12 11:38:22.168 3714 3747 I ample.untitled: QarthPatchMonintor::CheckNotifyEvent after read, length = -1
05-12 11:38:22.168 3714 3747 I ample.untitled: QarthPatchMonintor::CheckNotifyEvent
05-12 11:38:22.168 3714 3747 I ample.untitled: QarthPatchMonintor::CheckNotifyEvent before read
05-12 11:38:22.168 3714 3747 I ample.untitled:
05-12 11:38:22.168 859 23940 D iTouchService: itouch currentPackageName = org.qtproject.example.untitled2
05-12 11:38:22.168 3714 3747 I ample.untitled: QarthPatchMonintor::CheckNotifyEvent
05-12 11:38:22.168 2204 13271 I BoosterSwitchP: notifyUidState do nothing
05-12 11:38:22.168 859 23940 D iTouchService: itouch appType=-1 appState=1 gameMode=2
05-12 11:38:22.168 3714 3747 I ample.untitled:
05-12 11:38:22.168 859 23940 D iTouchService: g_itouch_reader_monitor empty
05-12 11:38:22.168 2204 13271 I DeepNoDisturbP: notifyUidState
05-12 11:38:22.168 859 23940 D iTouchService: g_itouch_reader_monitor Monitor::isReaderMonitorEnable()=0
05-12 11:38:22.168 2204 13271 I BrowserChrP: notifyUidState
05-12 11:38:22.168 859 23940 D iTouchService: itouch getCurrentParmID tempPkg=org.qtproject.example.xxx
05-12 11:38:22.168 3714 3747 I ample.untitled: QarthPatchMonintor::CheckNotifyEvent before read
05-12 11:38:22.168 3714 3747 I ample.untitled:
05-12 11:38:22.168 859 23940 D iTouchService: itouch:app org.qtproject.example.untitled2 is not game app
05-12 11:38:22.168 859 23940 D iTouchService: itouch:app org.qtproject.example.untitled2 is not in StylusPenList
05-12 11:38:22.168 859 23940 D iTouchService: itouch:styluspen_switch is disable
05-12 11:38:22.168 859 23940 D iTouchService: itouch:currentAppTypeName =|UNKNOWN|
05-12 11:38:22.168 3714 3747 I ample.untitled: QarthPatchMonintor::CheckNotifyEvent after read, length = -1
05-12 11:38:22.168 859 23940 D iTouchService: jackey into set agp_prefetch_view_enable 0
05-12 11:38:22.168 3714 3747 I ample.untitled:
05-12 11:38:22.168 3714 3747 I ample.untitled: QarthPatchMonintor::CheckNotifyEvent
05-12 11:38:22.168 3714 3747 I ample.untitled:
05-12 11:38:22.168 3714 3747 I ample.untitled: QarthPatchMonintor::CheckNotifyEvent before read
05-12 11:38:22.168 3714 3747 I ample.untitled:
05-12 11:38:22.168 3714 3747 I ample.untitled: QarthPatchMonintor::CheckNotifyEvent after read, length = -1
05-12 11:38:22.168 3714 3747 I ample.untitled: QarthPatchMonintor::CheckNotifyEvent
05-12 11:38:22.168 3714 3747 I ample.untitled: QarthPatchMonintor::CheckNotifyEvent before read
05-12 11:38:22.168 3714 3747 I ample.untitled: QarthPatchMonintor::CheckNotifyEvent
05-12 11:38:22.168 3714 3747 I ample.untitled:
05-12 11:38:22.168 3714 3747 I ample.untitled: QarthPatchMonintor::CheckNotifyEvent before read
05-12 11:38:22.168 3714 3747 I ample.untitled: QarthPatchMonintor::CheckNotifyEvent
05-12 11:38:22.168 3714 3747 I ample.untitled:
05-12 11:38:22.168 3714 3747 I ample.untitled: QarthPatchMonintor::CheckNotifyEvent before read
05-12 11:38:22.168 3714 3747 I ample.untitled: QarthPatchMonintor::CheckNotifyEvent
05-12 11:38:22.168 3714 3747 I ample.untitled: QarthPatchMonintor::CheckNotifyEvent after read, length = -1
05-12 11:38:22.168 3714 3747 I ample.untitled: QarthPatchMonintor::CheckNotifyEvent
05-12 11:38:22.168 3714 3747 I ample.untitled: QarthPatchMonintor::CheckNotifyEvent before read
05-12 11:38:22.168 3714 3747 I ample.untitled:
05-12 11:38:22.168 3714 3747 I ample.untitled: QarthPatchMonintor::CheckNotifyEvent after read, length = -1
05-12 11:38:22.168 3714 3747 I ample.untitled:
05-12 11:38:22.168 3714 3747 I ample.untitled: QarthPatchMonintor::CheckNotifyEvent before read
05-12 11:38:22.168 3714 3747 I ample.untitled:
05-12 11:38:22.168 3714 3747 I ample.untitled: QarthPatchMonintor::CheckNotifyEvent after read, length = -1
05-12 11:38:22.168 3714 3747 I ample.untitled: QarthPatchMonintor::CheckNotifyEvent
05-12 11:38:22.168 3714 3747 I ample.untitled: QarthPatchMonintor::CheckNotifyEvent before read
05-12 11:38:22.168 3714 3747 I ample.untitled:
05-12 11:38:22.168 3714 3747 I ample.untitled: QarthPatchMonintor::CheckNotifyEvent
05-12 11:38:22.168 3714 3747 I ample.untitled:
05-12 11:38:22.168 3714 3747 I ample.untitled: QarthPatchMonintor::CheckNotifyEvent before read
05-12 11:38:22.168 3714 3747 I ample.untitled:
05-12 11:38:22.169 3714 3747 I ample.untitled: QarthPatchMonintor::CheckNotifyEvent after read, length = -1
05-12 11:38:22.169 3714 3747 I ample.untitled:
05-12 11:38:22.169 3714 3747 I ample.untitled: QarthPatchMonintor::CheckNotifyEvent
05-12 11:38:22.169 3714 3747 I ample.untitled:
05-12 11:38:22.169 3714 3747 I ample.untitled: QarthPatchMonintor::CheckNotifyEvent before read
05-12 11:38:22.169 3714 3747 I ample.untitled:
05-12 11:38:22.169 3714 3747 I ample.untitled: QarthPatchMonintor::CheckNotifyEvent before read
05-12 11:38:22.169 3714 3747 I ample.untitled: QarthPatchMonintor::CheckNotifyEvent
05-12 11:38:22.169 3714 3747 I ample.untitled:
05-12 11:38:22.169 3714 3747 I ample.untitled: QarthPatchMonintor::CheckNotifyEvent before read
05-12 11:38:22.169 3714 3747 I ample.untitled:
05-12 11:38:22.169 3714 3747 I ample.untitled: QarthPatchMonintor::CheckNotifyEvent after read, length = -1
05-12 11:38:22.169 3714 3747 I ample.untitled: QarthPatchMonintor::CheckNotifyEvent
05-12 11:38:22.169 3714 3747 I ample.untitled: QarthPatchMonintor::CheckNotifyEvent before read
05-12 11:38:22.169 3714 3747 I ample.untitled: QarthPatchMonintor::CheckNotifyEvent after read, length = -1
05-12 11:38:22.169 3714 3747 I ample.untitled: QarthPatchMonintor::CheckNotifyEvent
05-12 11:38:22.169 3714 3747 I ample.untitled:
05-12 11:38:22.169 3714 3747 I ample.untitled: QarthPatchMonintor::CheckNotifyEvent after read, length = -1
05-12 11:38:22.169 3714 3747 I ample.untitled: QarthPatchMonintor::CheckNotifyEvent before read
05-12 11:38:22.169 3714 3747 I ample.untitled: QarthPatchMonintor::CheckNotifyEvent
05-12 11:38:22.169 3714 3747 I ample.untitled: QarthPatchMonintor::CheckNotifyEvent before read
05-12 11:38:22.169 3714 3747 I ample.untitled: QarthPatchMonintor::CheckNotifyEvent after read, length = -1
05-12 11:38:22.169 3714 3747 I ample.untitled: QarthPatchMonintor::CheckNotifyEvent
05-12 11:38:22.169 3714 3747 I ample.untitled:
05-12 11:38:22.169 3714 3747 I ample.untitled: QarthPatchMonintor::CheckNotifyEvent
05-12 11:38:22.169 3714 3747 I ample.untitled: QarthPatchMonintor::CheckNotifyEvent before read
05-12 11:38:22.169 3714 3747 I ample.untitled:
05-12 11:38:22.169 3714 3747 I ample.untitled: QarthPatchMonintor::CheckNotifyEvent after read, length = -1
05-12 11:38:22.169 3714 3747 I ample.untitled:
05-12 11:38:22.169 3714 3747 I ample.untitled: QarthPatchMonintor::CheckNotifyEvent
05-12 11:38:22.170 3714 3747 I ample.untitled: QarthPatchMonintor::CheckNotifyEvent
05-12 11:38:22.170 3714 3747 I ample.untitled:
05-12 11:38:22.170 3714 3747 I ample.untitled: QarthPatchMonintor::CheckNotifyEvent before read
05-12 11:38:22.170 3714 3747 I ample.untitled: QarthPatchMonintor::CheckNotifyEvent after read, length = -1
05-12 11:38:22.170 3714 3747 I ample.untitled: QarthPatchMonintor::CheckNotifyEvent after read, length = -1
05-12 11:38:22.170 3714 3747 I ample.untitled: QarthPatchMonintor::CheckNotifyEvent
05-12 11:38:22.170 3714 3747 I ample.untitled: QarthPatchMonintor::CheckNotifyEvent after read, length = -1
05-12 11:38:22.170 3714 3747 I ample.untitled: QarthPatchMonintor::CheckNotifyEvent
05-12 11:38:22.170 3714 3747 I ample.untitled: QarthPatchMonintor::CheckNotifyEvent before read
05-12 11:38:22.170 3714 3747 I ample.untitled:
05-12 11:38:22.170 3714 3747 I ample.untitled: QarthPatchMonintor::CheckNotifyEvent before read
05-12 11:38:22.170 3714 3747 I ample.untitled: QarthPatchMonintor::CheckNotifyEvent
05-12 11:38:22.170 3714 3747 I ample.untitled:
05-12 11:38:22.170 3714 3747 I ample.untitled: QarthPatchMonintor::CheckNotifyEvent before read
05-12 11:38:22.170 3714 3747 I ample.untitled: QarthPatchMonintor::CheckNotifyEvent after read, length = -1
05-12 11:38:22.170 3714 3747 I ample.untitled:
05-12 11:38:22.170 3714 3747 I ample.untitled: QarthPatchMonintor::CheckNotifyEvent
05-12 11:38:22.170 3714 3747 I ample.untitled:
05-12 11:38:22.170 3714 3747 I ample.untitled: QarthPatchMonintor::CheckNotifyEvent before read
05-12 11:38:22.170 3714 3747 I ample.untitled:
05-12 11:38:22.170 3714 3747 I ample.untitled: QarthPatchMonintor::CheckNotifyEvent after read, length = -1
05-12 11:38:22.170 3714 3747 I ample.untitled: QarthPatchMonintor::CheckNotifyEvent before read
05-12 11:38:22.170 3714 3747 I ample.untitled:
05-12 11:38:22.170 3714 3747 I ample.untitled: QarthPatchMonintor::CheckNotifyEvent after read, length = -1
05-12 11:38:22.170 3714 3747 I ample.untitled:
05-12 11:38:22.170 3714 3747 I ample.untitled: QarthPatchMonintor::CheckNotifyEvent before read
05-12 11:38:22.170 3714 3747 I ample.untitled: QarthPatchMonintor::CheckNotifyEvent after read, length = -1
05-12 11:38:22.170 3714 3747 I ample.untitled: QarthPatchMonintor::CheckNotifyEvent
05-12 11:38:22.170 3714 3747 I ample.untitled: QarthPatchMonintor::CheckNotifyEvent before read
05-12 11:38:22.170 3714 3747 I ample.untitled:
05-12 11:38:22.170 3714 3747 I ample.untitled: QarthPatchMonintor::CheckNotifyEvent after read, length = -1
05-12 11:38:22.170 3714 3747 I ample.untitled: QarthPatchMonintor::CheckNotifyEvent
05-12 11:38:22.170 3714 3747 I ample.untitled:
05-12 11:38:22.170 3714 3747 I chatty : uid=10152(org.qtproject.example.untitled2) identical 1 line
05-12 11:38:22.170 3714 3747 I ample.untitled:
05-12 11:38:22.170 3714 3747 I ample.untitled: QarthPatchMonintor::CheckNotifyEvent
05-12 11:38:22.170 3714 3747 I ample.untitled: QarthPatchMonintor::CheckNotifyEvent after read, length = -1
05-12 11:38:22.170 3714 3747 I ample.untitled:
05-12 11:38:22.170 3714 3747 I ample.untitled: QarthPatchMonintor::CheckNotifyEvent
05-12 11:38:22.170 3714 3747 I ample.untitled: QarthPatchMonintor::CheckNotifyEvent after read, length = -1
05-12 11:38:22.170 3714 3747 I ample.untitled: QarthPatchMonintor::CheckNotifyEvent after read, length = -1
05-12 11:38:22.171 3714 3747 I ample.untitled:
05-12 11:38:22.171 3714 3747 I ample.untitled: QarthPatchMonintor::CheckNotifyEvent before read
05-12 11:38:22.171 3714 3747 I ample.untitled:
05-12 11:38:22.171 3714 3747 I ample.untitled: QarthPatchMonintor::CheckNotifyEvent before read
05-12 11:38:22.171 3714 3747 I ample.untitled: QarthPatchMonintor::CheckNotifyEvent after read, length = -1
05-12 11:38:22.171 3714 3747 I ample.untitled: QarthPatchMonintor::CheckNotifyEvent
05-12 11:38:22.171 3714 3747 I ample.untitled:
05-12 11:38:22.171 3714 3747 I ample.untitled: QarthPatchMonintor::CheckNotifyEvent after read, length = -1
05-12 11:38:22.171 3714 3747 I ample.untitled:
05-12 11:38:22.171 3714 3747 I ample.untitled: QarthPatchMonintor::CheckNotifyEvent
05-12 11:38:22.171 3714 3747 I ample.untitled:
05-12 11:38:22.171 3714 3747 I ample.untitled:
05-12 11:38:22.171 3714 3747 I ample.untitled: QarthPatchMonintor::CheckNotifyEvent after read, length = -1
05-12 11:38:22.171 3714 3747 I ample.untitled:
05-12 11:38:22.171 3714 3747 I ample.untitled: QarthPatchMonintor::CheckNotifyEvent before read
05-12 11:38:22.171 3714 3747 I ample.untitled: QarthPatchMonintor::CheckNotifyEvent before read
05-12 11:38:22.171 3714 3747 I ample.untitled:
05-12 11:38:22.171 3714 3747 I ample.untitled: QarthPatchMonintor::CheckNotifyEvent
05-12 11:38:22.171 2130 2699 E HSC_SEC_BG: AiProtectionUtils:AI is not supported, current platform is:kirin980
05-12 11:38:22.171 3714 3747 I ample.untitled: QarthPatchMonintor::CheckNotifyEvent after read, length = -1
05-12 11:38:22.171 3714 3747 I ample.untitled:
05-12 11:38:22.171 3714 3747 I ample.untitled: QarthPatchMonintor::CheckNotifyEvent
05-12 11:38:22.171 3714 3747 I ample.untitled: QarthPatchMonintor::CheckNotifyEvent after read, length = -1
05-12 11:38:22.171 3714 3747 I ample.untitled: QarthPatchMonintor::CheckNotifyEvent
05-12 11:38:22.171 3714 3747 I ample.untitled: QarthPatchMonintor::CheckNotifyEvent before read
05-12 11:38:22.171 3714 3747 I ample.untitled: QarthPatchMonintor::CheckNotifyEvent after read, length = -1
05-12 11:38:22.172 3714 3747 I ample.untitled: QarthPatchMonintor::CheckNotifyEvent before read
05-12 11:38:22.172 3714 3747 I ample.untitled: QarthPatchMonintor::CheckNotifyEvent
05-12 11:38:22.172 3714 3747 I ample.untitled:
05-12 11:38:22.172 3714 3747 I ample.untitled: QarthPatchMonintor::CheckNotifyEvent before read
05-12 11:38:22.172 3714 3747 I ample.untitled: QarthPatchMonintor::CheckNotifyEvent after read, length = -1
05-12 11:38:22.172 3714 3747 I ample.untitled:
05-12 11:38:22.172 3714 3747 I ample.untitled: QarthPatchMonintor::CheckNotifyEvent
05-12 11:38:22.172 3714 3747 I ample.untitled: QarthPatchMonintor::CheckNotifyEvent before read
05-12 11:38:22.172 3714 3747 I ample.untitled: QarthPatchMonintor::CheckNotifyEvent before read
05-12 11:38:22.172 3714 3747 I ample.untitled: QarthPatchMonintor::CheckNotifyEvent after read, length = -1
05-12 11:38:22.172 3714 3747 I ample.untitled:
05-12 11:38:22.172 3714 3747 I ample.untitled: QarthPatchMonintor::CheckNotifyEvent
05-12 11:38:22.172 3714 3747 I ample.untitled:
05-12 11:38:22.172 3714 3747 I ample.untitled: QarthPatchMonintor::CheckNotifyEvent before read
05-12 11:38:22.172 3714 3747 I ample.untitled: QarthPatchMonintor::CheckNotifyEvent after read, length = -1
05-12 11:38:22.172 3714 3747 I ample.untitled:
05-12 11:38:22.172 3714 3747 I ample.untitled: QarthPatchMonintor::CheckNotifyEvent
05-12 11:38:22.172 3714 3747 I ample.untitled:
05-12 11:38:22.172 3714 3747 I ample.untitled: QarthPatchMonintor::CheckNotifyEvent before read
05-12 11:38:22.172 3714 3747 I ample.untitled:
05-12 11:38:22.172 3714 3747 I ample.untitled: QarthPatchMonintor::CheckNotifyEvent after read, length = -1
05-12 11:38:22.172 3714 3747 I ample.untitled: QarthPatchMonintor::CheckNotifyEvent before read
05-12 11:38:22.172 3714 3747 I ample.untitled: QarthPatchMonintor::CheckNotifyEvent after read, length = -1
05-12 11:38:22.172 3714 3747 I ample.untitled:
05-12 11:38:22.172 3714 3747 I ample.untitled: QarthPatchMonintor::CheckNotifyEvent
05-12 11:38:22.172 3714 3747 I ample.untitled:
05-12 11:38:22.172 3714 3747 I ample.untitled: QarthPatchMonintor::CheckNotifyEvent before read
05-12 11:38:22.172 3714 3747 I ample.untitled:
05-12 11:38:22.172 3714 3747 I ample.untitled: QarthPatchMonintor::CheckNotifyEvent after read, length = -1
05-12 11:38:22.172 3714 3747 I ample.untitled: QarthPatchMonintor::CheckNotifyEvent
05-12 11:38:22.172 3714 3747 I ample.untitled: QarthPatchMonintor::CheckNotifyEvent before read
05-12 11:38:22.172 1248 1274 V WindowManager: addWindow: Window{ecc7e3a u0 Splash Screen org.qtproject.example.untitled2}
05-12 11:38:22.172 3714 3747 I ample.untitled: QarthPatchMonintor::CheckNotifyEvent after read, length = -1
05-12 11:38:22.172 3714 3747 I ample.untitled: QarthPatchMonintor::CheckNotifyEvent
05-12 11:38:22.172 3714 3747 I ample.untitled: QarthPatchMonintor::CheckNotifyEvent
05-12 11:38:22.172 3714 3747 I ample.untitled: QarthPatchMonintor::CheckNotifyEvent after read, length = -1
05-12 11:38:22.172 3714 3747 I ample.untitled: QarthPatchMonintor::CheckNotifyEvent before read
05-12 11:38:22.172 3714 3747 I ample.untitled: QarthPatchMonintor::CheckNotifyEvent
05-12 11:38:22.172 3714 3747 I ample.untitled: QarthPatchMonintor::CheckNotifyEvent before read
05-12 11:38:22.172 3714 3747 I ample.untitled: QarthPatchMonintor::CheckNotifyEvent
05-12 11:38:22.173 3714 3747 I ample.untitled:
05-12 11:38:22.173 3714 3747 I ample.untitled: QarthPatchMonintor::CheckNotifyEvent after read, length = -1
05-12 11:38:22.173 3714 3747 I ample.untitled:
05-12 11:38:22.173 3714 3747 I ample.untitled: QarthPatchMonintor::CheckNotifyEvent after read, length = -1
05-12 11:38:22.173 3714 3747 I ample.untitled:
05-12 11:38:22.173 3714 3747 I ample.untitled: QarthPatchMonintor::CheckNotifyEvent before read
05-12 11:38:22.173 3714 3747 I ample.untitled: QarthPatchMonintor::CheckNotifyEvent after read, length = -1
05-12 11:38:22.173 3714 3747 I ample.untitled: QarthPatchMonintor::CheckNotifyEvent after read, length = -1
05-12 11:38:22.173 3714 3747 I ample.untitled:
05-12 11:38:22.173 3714 3747 I ample.untitled: QarthPatchMonintor::CheckNotifyEvent
05-12 11:38:22.173 3714 3747 I ample.untitled:
05-12 11:38:22.173 3714 3747 I ample.untitled: QarthPatchMonintor::CheckNotifyEvent after read, length = -1
05-12 11:38:22.173 895 959 D AwareLog: iawared: WorkingsetProcessCommand subCmd = 352, userId=10152, pid=3714, org.qtproject.example.untitled2
05-12 11:38:22.173 3714 3747 I ample.untitled: QarthPatchMonintor::CheckNotifyEvent
05-12 11:38:22.173 3714 3747 I ample.untitled:
05-12 11:38:22.173 3714 3747 I ample.untitled: QarthPatchMonintor::CheckNotifyEvent before read
05-12 11:38:22.173 3714 3747 I ample.untitled:
05-12 11:38:22.173 3714 3747 I ample.untitled: QarthPatchMonintor::CheckNotifyEvent after read, length = -1
05-12 11:38:22.173 3714 3747 I ample.untitled:
05-12 11:38:22.173 3714 3747 I ample.untitled: QarthPatchMonintor::CheckNotifyEvent
05-12 11:38:22.173 3714 3747 I ample.untitled:
05-12 11:38:22.173 3714 3747 I ample.untitled: QarthPatchMonintor::CheckNotifyEvent before read
05-12 11:38:22.173 3714 3747 I ample.untitled:
05-12 11:38:22.173 3714 3747 I ample.untitled: QarthPatchMonintor::CheckNotifyEvent after read, length = -1
05-12 11:38:22.173 3714 3747 I ample.untitled:
05-12 11:38:22.173 3714 3747 I ample.untitled: QarthPatchMonintor::CheckNotifyEvent
05-12 11:38:22.173 1248 10599 I HwAudioService: now type = 28,reportForegroundAppType = -1,pkg = null,systemload = 28mVoipOptimizeInGameModefalse
05-12 11:38:22.173 895 959 D AwareLog: iawared: WorkingsetStop org.qtproject.example.untitled2
05-12 11:38:22.173 3714 3747 I ample.untitled: QarthPatchMonintor::CheckNotifyEvent
05-12 11:38:22.173 3714 3747 I ample.untitled:
05-12 11:38:22.173 3714 3747 I ample.untitled: QarthPatchMonintor::CheckNotifyEvent before read
05-12 11:38:22.173 3714 3747 I ample.untitled:
05-12 11:38:22.173 3714 3747 I ample.untitled: QarthPatchMonintor::CheckNotifyEvent after read, length = -1
05-12 11:38:22.173 3714 3747 I ample.untitled: QarthPatchMonintor::CheckNotifyEvent
05-12 11:38:22.173 3714 3747 I ample.untitled:
05-12 11:38:22.173 3714 3747 I ample.untitled: QarthPatchMonintor::CheckNotifyEvent before read
05-12 11:38:22.173 3714 3747 I ample.untitled:
05-12 11:38:22.173 3714 3747 I ample.untitled: QarthPatchMonintor::CheckNotifyEvent after read, length = -1
05-12 11:38:22.173 3714 3747 I ample.untitled:
05-12 11:38:22.173 3714 3747 I ample.untitled: QarthPatchMonintor::CheckNotifyEvent
05-12 11:38:22.173 3714 3747 I ample.untitled:
05-12 11:38:22.173 3714 3747 I ample.untitled: QarthPatchMonintor::CheckNotifyEvent before read
05-12 11:38:22.173 3714 3747 I ample.untitled:
05-12 11:38:22.173 3714 3747 I ample.untitled: QarthPatchMonintor::CheckNotifyEvent after read, length = -1
05-12 11:38:22.174 3714 3747 I ample.untitled:
05-12 11:38:22.174 3714 3747 I ample.untitled: QarthPatchMonintor::CheckNotifyEvent after read, length = -1
05-12 11:38:22.174 3714 3747 I ample.untitled:
05-12 11:38:22.174 3714 3747 I ample.untitled: QarthPatchMonintor::CheckNotifyEvent
05-12 11:38:22.174 3714 3747 I ample.untitled:
05-12 11:38:22.174 3714 3747 I ample.untitled: QarthPatchMonintor::CheckNotifyEvent before read
05-12 11:38:22.174 3714 3747 I ample.untitled:
05-12 11:38:22.174 3714 3747 I ample.untitled: QarthPatchMonintor::CheckNotifyEvent after read, length = -1
05-12 11:38:22.174 3714 3747 I ample.untitled:
05-12 11:38:22.174 3714 3747 I ample.untitled: QarthPatchMonintor::CheckNotifyEvent
05-12 11:38:22.174 3714 3747 I ample.untitled:
05-12 11:38:22.174 3714 3747 I ample.untitled: QarthPatchMonintor::CheckNotifyEvent before read
05-12 11:38:22.174 3714 3747 I ample.untitled:
05-12 11:38:22.174 3714 3747 I ample.untitled: QarthPatchMonintor::CheckNotifyEvent after read, length = -1
05-12 11:38:22.174 3714 3747 I ample.untitled:
05-12 11:38:22.174 3714 3747 I ample.untitled: QarthPatchMonintor::CheckNotifyEvent
05-12 11:38:22.174 3714 3747 I ample.untitled:
05-12 11:38:22.174 3714 3747 I ample.untitled: QarthPatchMonintor::CheckNotifyEvent before read
05-12 11:38:22.174 3714 3747 I ample.untitled:
05-12 11:38:22.174 3714 3747 I ample.untitled: QarthPatchMonintor::CheckNotifyEvent after read, length = -1
05-12 11:38:22.174 3714 3747 I ample.untitled:
05-12 11:38:22.174 3714 3747 I ample.untitled: QarthPatchMonintor::CheckNotifyEvent
05-12 11:38:22.174 3714 3747 I ample.untitled:
05-12 11:38:22.174 3714 3747 I ample.untitled: QarthPatchMonintor::CheckNotifyEvent before read
05-12 11:38:22.174 3714 3747 I ample.untitled:
05-12 11:38:22.174 3714 3747 I ample.untitled: QarthPatchMonintor::CheckNotifyEvent after read, length = -1
05-12 11:38:22.174 3714 3747 I ample.untitled:
05-12 11:38:22.174 3714 3747 I ample.untitled: QarthPatchMonintor::CheckNotifyEvent
05-12 11:38:22.174 3714 3747 I ample.untitled:
05-12 11:38:22.174 3714 3747 I ample.untitled: QarthPatchMonintor::CheckNotifyEvent before read
05-12 11:38:22.174 3714 3747 I ample.untitled:
05-12 11:38:22.174 3714 3747 I ample.untitled: QarthPatchMonintor::CheckNotifyEvent after read, length = -1
05-12 11:38:22.174 3714 3747 I ample.untitled:
05-12 11:38:22.174 3714 3747 I ample.untitled: QarthPatchMonintor::CheckNotifyEvent
05-12 11:38:22.174 3714 3747 I ample.untitled:
05-12 11:38:22.174 3714 3747 I ample.untitled: QarthPatchMonintor::CheckNotifyEvent before read
05-12 11:38:22.174 3714 3747 I ample.untitled:
05-12 11:38:22.174 3714 3747 I ample.untitled: QarthPatchMonintor::CheckNotifyEvent after read, length = -1
05-12 11:38:22.174 3714 3747 I ample.untitled:
05-12 11:38:22.174 3714 3747 I ample.untitled: QarthPatchMonintor::CheckNotifyEvent
05-12 11:38:22.174 3714 3747 I ample.untitled:
05-12 11:38:22.174 3714 3747 I ample.untitled: QarthPatchMonintor::CheckNotifyEvent before read
05-12 11:38:22.174 3714 3747 I ample.untitled:
05-12 11:38:22.174 3714 3747 I ample.untitled: QarthPatchMonintor::CheckNotifyEvent after read, length = -1
05-12 11:38:22.174 3714 3747 I ample.untitled:
05-12 11:38:22.174 3714 3747 I ample.untitled: QarthPatchMonintor::CheckNotifyEvent
05-12 11:38:22.174 3714 3747 I ample.untitled:
05-12 11:38:22.174 3714 3747 I ample.untitled: QarthPatchMonintor::CheckNotifyEvent before read
05-12 11:38:22.174 3714 3747 I ample.untitled:
05-12 11:38:22.174 3714 3747 I ample.untitled: QarthPatchMonintor::CheckNotifyEvent after read, length = -1
05-12 11:38:22.174 3714 3747 I ample.untitled:
05-12 11:38:22.174 3714 3747 I ample.untitled: QarthPatchMonintor::CheckNotifyEvent
05-12 11:38:22.174 3714 3747 I ample.untitled:
05-12 11:38:22.174 3714 3747 I ample.untitled: QarthPatchMonintor::CheckNotifyEvent before read
05-12 11:38:22.174 3714 3747 I ample.untitled:
05-12 11:38:22.174 3714 3747 I ample.untitled: QarthPatchMonintor::CheckNotifyEvent after read, length = -1
05-12 11:38:22.174 3714 3747 I ample.untitled:
05-12 11:38:22.174 3714 3747 I ample.untitled: QarthPatchMonintor::CheckNotifyEvent
05-12 11:38:22.174 3714 3747 I ample.untitled:
05-12 11:38:22.174 3714 3747 I ample.untitled: QarthPatchMonintor::CheckNotifyEvent before read
05-12 11:38:22.174 3714 3747 I ample.untitled:
05-12 11:38:22.174 3714 3747 I ample.untitled: QarthPatchMonintor::CheckNotifyEvent after read, length = -1
05-12 11:38:22.174 3714 3747 I ample.untitled:
05-12 11:38:22.174 3714 3747 I ample.untitled: QarthPatchMonintor::CheckNotifyEvent
05-12 11:38:22.174 3714 3747 I ample.untitled:
05-12 11:38:22.174 3714 3747 I ample.untitled: QarthPatchMonintor::CheckNotifyEvent before read
05-12 11:38:22.174 3714 3747 I ample.untitled:
05-12 11:38:22.174 3714 3747 I ample.untitled: QarthPatchMonintor::CheckNotifyEvent after read, length = -1
05-12 11:38:22.174 3714 3747 I ample.untitled:
05-12 11:38:22.174 3714 3747 I ample.untitled: QarthPatchMonintor::CheckNotifyEvent
05-12 11:38:22.175 3714 3747 I ample.untitled:
05-12 11:38:22.175 3714 3747 I ample.untitled: QarthPatchMonintor::CheckNotifyEvent before read
05-12 11:38:22.175 3714 3747 I ample.untitled:
05-12 11:38:22.175 3714 3747 I ample.untitled: QarthPatchMonintor::CheckNotifyEvent after read, length = -1
05-12 11:38:22.175 3714 3747 I ample.untitled:
05-12 11:38:22.175 3714 3747 I ample.untitled: QarthPatchMonintor::CheckNotifyEvent
05-12 11:38:22.175 3714 3747 I ample.untitled:
05-12 11:38:22.175 3714 3747 I ample.untitled: QarthPatchMonintor::CheckNotifyEvent before read
05-12 11:38:22.175 3714 3747 I ample.untitled:
05-12 11:38:22.175 3714 3747 I ample.untitled: QarthPatchMonintor::CheckNotifyEvent after read, length = -1
05-12 11:38:22.175 3714 3747 I ample.untitled:
05-12 11:38:22.175 3714 3747 I ample.untitled: QarthPatchMonintor::CheckNotifyEvent
05-12 11:38:22.175 3714 3747 I ample.untitled:
05-12 11:38:22.175 3714 3747 I ample.untitled: QarthPatchMonintor::CheckNotifyEvent before read
05-12 11:38:22.175 3714 3747 I ample.untitled:
05-12 11:38:22.175 3714 3747 I ample.untitled: QarthPatchMonintor::CheckNotifyEvent after read, length = -1
05-12 11:38:22.175 3714 3747 I ample.untitled:
05-12 11:38:22.175 3714 3747 I ample.untitled: QarthPatchMonintor::CheckNotifyEvent
05-12 11:38:22.175 3714 3747 I ample.untitled:
05-12 11:38:22.175 3714 3747 I ample.untitled: QarthPatchMonintor::CheckNotifyEvent before read
05-12 11:38:22.175 3714 3747 I ample.untitled:
05-12 11:38:22.175 3714 3747 I ample.untitled: QarthPatchMonintor::CheckNotifyEvent after read, length = -1
05-12 11:38:22.175 3714 3747 I ample.untitled:
05-12 11:38:22.175 3714 3747 I ample.untitled: QarthPatchMonintor::CheckNotifyEvent
05-12 11:38:22.175 3714 3747 I ample.untitled:
05-12 11:38:22.175 3714 3747 I ample.untitled: QarthPatchMonintor::CheckNotifyEvent before read
05-12 11:38:22.175 3714 3747 I ample.untitled:
05-12 11:38:22.175 3714 3747 I ample.untitled: QarthPatchMonintor::CheckNotifyEvent after read, length = -1
05-12 11:38:22.175 3714 3747 I ample.untitled:
05-12 11:38:22.175 3714 3747 I ample.untitled: QarthPatchMonintor::CheckNotifyEvent
05-12 11:38:22.175 3714 3747 I ample.untitled:
05-12 11:38:22.175 3714 3747 I ample.untitled: QarthPatchMonintor::CheckNotifyEvent before read
05-12 11:38:22.175 3714 3747 I ample.untitled:
05-12 11:38:22.175 3714 3747 I ample.untitled: QarthPatchMonintor::CheckNotifyEvent after read, length = -1
05-12 11:38:22.175 3714 3747 I ample.untitled:
05-12 11:38:22.175 3714 3747 I ample.untitled: QarthPatchMonintor::CheckNotifyEvent
05-12 11:38:22.175 3714 3747 I ample.untitled:
05-12 11:38:22.175 3714 3747 I ample.untitled: QarthPatchMonintor::CheckNotifyEvent before read
05-12 11:38:22.175 3714 3747 I ample.untitled:
05-12 11:38:22.175 3714 3747 I ample.untitled: QarthPatchMonintor::CheckNotifyEvent after read, length = -1
05-12 11:38:22.175 3714 3747 I ample.untitled:
05-12 11:38:22.175 3714 3747 I ample.untitled: QarthPatchMonintor::CheckNotifyEvent
05-12 11:38:22.175 3714 3747 I ample.untitled:
05-12 11:38:22.175 3714 3747 I ample.untitled: QarthPatchMonintor::CheckNotifyEvent before read
05-12 11:38:22.175 3714 3747 I ample.untitled:
05-12 11:38:22.175 3714 3747 I ample.untitled: QarthPatchMonintor::CheckNotifyEvent after read, length = -1
05-12 11:38:22.175 3714 3747 I ample.untitled:
05-12 11:38:22.175 3714 3747 I ample.untitled: QarthPatchMonintor::CheckNotifyEvent
05-12 11:38:22.175 3714 3747 I ample.untitled:
05-12 11:38:22.175 3714 3747 I ample.untitled: QarthPatchMonintor::CheckNotifyEvent before read
05-12 11:38:22.175 3714 3747 I ample.untitled:
05-12 11:38:22.175 3714 3747 I ample.untitled: QarthPatchMonintor::CheckNotifyEvent after read, length = -1
05-12 11:38:22.175 3714 3747 I ample.untitled:
05-12 11:38:22.175 3714 3747 I ample.untitled: QarthPatchMonintor::CheckNotifyEvent
05-12 11:38:22.175 3714 3747 I ample.untitled:
05-12 11:38:22.175 3714 3747 I ample.untitled: QarthPatchMonintor::CheckNotifyEvent before read
05-12 11:38:22.175 3714 3747 I ample.untitled:
05-12 11:38:22.175 3714 3747 I ample.untitled: QarthPatchMonintor::CheckNotifyEvent after read, length = -1
05-12 11:38:22.175 3714 3747 I ample.untitled:
05-12 11:38:22.175 3714 3747 I ample.untitled: QarthPatchMonintor::CheckNotifyEvent
05-12 11:38:22.175 3714 3747 I ample.untitled:
05-12 11:38:22.175 3714 3747 I ample.untitled: QarthPatchMonintor::CheckNotifyEvent before read
05-12 11:38:22.175 3714 3747 I ample.untitled:
05-12 11:38:22.175 3714 3747 I ample.untitled: QarthPatchMonintor::CheckNotifyEvent after read, length = -1
05-12 11:38:22.175 3714 3747 I ample.untitled:
05-12 11:38:22.175 3714 3747 I ample.untitled: QarthPatchMonintor::CheckNotifyEvent
05-12 11:38:22.175 3714 3747 I ample.untitled:
05-12 11:38:22.175 3714 3747 I ample.untitled: QarthPatchMonintor::CheckNotifyEvent before read
05-12 11:38:22.175 1248 11015 I HwNetworkPolicy: onTransact, code = 203
05-12 11:38:22.175 2130 2779 I HwNetworkPolicyManager: getHwUidPolicy uid = 10152 policy = 0
05-12 11:38:22.176 2262 3361 E AwareLog: SPKSchedFeature: Uid has been sent, ignore.
05-12 11:38:22.176 2262 3361 E AwareLog: SPKEQSchedFeature: Uid has been sent, ignore.
05-12 11:38:22.177 3714 3747 I ample.untitled: QarthPatchMonintor::CheckNotifyEvent
05-12 11:38:22.177 3714 3747 I ample.untitled: QarthPatchMonintor::CheckNotifyEvent after read, length = -1
05-12 11:38:22.177 3714 3747 I ample.untitled: QarthPatchMonintor::CheckNotifyEvent before read
05-12 11:38:22.177 3714 3747 I ample.untitled:
05-12 11:38:22.177 3714 3747 I ample.untitled:
05-12 11:38:22.178 3714 3747 I ample.untitled: QarthPatchMonintor::CheckNotifyEvent after read, length = -1
05-12 11:38:22.178 3714 3747 I ample.untitled: QarthPatchMonintor::CheckNotifyEvent before read
05-12 11:38:22.178 3714 3747 I chatty : uid=10152(org.qtproject.example.untitled2) identical 1 line
05-12 11:38:22.178 3714 3747 I ample.untitled: QarthPatchMonintor::CheckNotifyEvent before read
05-12 11:38:22.178 3714 3747 I ample.untitled:
05-12 11:38:22.178 3714 3747 I ample.untitled: QarthPatchMonintor::CheckNotifyEvent before read
05-12 11:38:22.178 3714 3747 I ample.untitled: QarthPatchMonintor::CheckNotifyEvent after read, length = -1
05-12 11:38:22.178 3714 3747 I ample.untitled:
05-12 11:38:22.178 3714 3747 I ample.untitled: QarthPatchMonintor::CheckNotifyEvent after read, length = -1
05-12 11:38:22.178 3714 3747 I ample.untitled: QarthPatchMonintor::CheckNotifyEvent before read
05-12 11:38:22.178 3714 3747 I ample.untitled:
05-12 11:38:22.179 3714 3747 I ample.untitled: QarthPatchMonintor::CheckNotifyEvent
05-12 11:38:22.179 3714 3747 I ample.untitled:
05-12 11:38:22.179 3714 3747 I ample.untitled: QarthPatchMonintor::CheckNotifyEvent after read, length = -1
05-12 11:38:22.179 3714 3747 I ample.untitled: QarthPatchMonintor::CheckNotifyEvent after read, length = -1
05-12 11:38:22.179 1248 1679 W AwareLog: SchedLevelBoost: onFgActivitiesChanged config not set!
05-12 11:38:22.179 3714 3747 I ample.untitled: QarthPatchMonintor::CheckNotifyEvent
05-12 11:38:22.179 3714 3747 I ample.untitled:
05-12 11:38:22.179 3714 3747 I ample.untitled: QarthPatchMonintor::CheckNotifyEvent before read
05-12 11:38:22.179 3714 3747 I ample.untitled:
05-12 11:38:22.179 3714 3747 I ample.untitled: QarthPatchMonintor::CheckNotifyEvent after read, length = -1
05-12 11:38:22.179 3714 3747 I ample.untitled:
05-12 11:38:22.179 3714 3747 I ample.untitled: QarthPatchMonintor::CheckNotifyEvent
05-12 11:38:22.179 3714 3747 I ample.untitled:
05-12 11:38:22.179 3714 3747 I ample.untitled: QarthPatchMonintor::CheckNotifyEvent before read
05-12 11:38:22.179 3714 3747 I ample.untitled:
05-12 11:38:22.179 3714 3747 I ample.untitled: QarthPatchMonintor::CheckNotifyEvent after read, length = -1
05-12 11:38:22.179 3714 3747 I ample.untitled:
05-12 11:38:22.179 3714 3747 I ample.untitled: QarthPatchMonintor::CheckNotifyEvent
05-12 11:38:22.179 3714 3747 I ample.untitled:
05-12 11:38:22.179 3714 3747 I ample.untitled: QarthPatchMonintor::CheckNotifyEvent before read
05-12 11:38:22.179 3714 3747 I ample.untitled:
05-12 11:38:22.179 3714 3747 I ample.untitled: QarthPatchMonintor::CheckNotifyEvent after read, length = -1
05-12 11:38:22.179 3714 3747 I ample.untitled:
05-12 11:38:22.179 3714 3747 I ample.untitled: QarthPatchMonintor::CheckNotifyEvent
05-12 11:38:22.179 3714 3747 I ample.untitled:
05-12 11:38:22.179 3714 3747 I ample.untitled: QarthPatchMonintor::CheckNotifyEvent before read
05-12 11:38:22.179 3714 3747 I ample.untitled:
