--------- beginning of main
05-12 11:38:11.316 2170 2170 I chatty : uid=1000(system) com.huawei.hiview expire 87 lines
05-12 11:38:11.316 2170 2170 E HwModemCapability: isCapabilitySupport java.lang.StringIndexOutOfBoundsException: length=7; index=7
05-12 11:38:12.112 1248 1732 I TrafficMonitor: update:rxPkts:0,txPkts:0,rxBytes:0,txBytes:0
05-12 11:38:12.113 1248 1732 I TrafficMonitor: start expired. level:-1
05-12 11:38:12.113 1248 1732 I TrafficMonitor: gettimer:interval=2000
05-12 11:38:12.802 724 724 E WifiHAL : enter wifi_get_link_stats
05-12 11:38:12.813 1248 1733 E WificondControl: Noise: 0, Snr: -92, Chload: 127
05-12 11:38:12.815 1248 1733 V HwWifiServiceFactory: get AllImpl object = com.android.server.wifi.HwWifiServiceFactoryImpl@b908496
05-12 11:38:12.820 1248 1733 D TelephonyManager: getAllCellInfo calling app is android
05-12 11:38:12.821 2278 3105 W PhoneInterfaceManager: shouldBlockLocation running ...
05-12 11:38:12.821 2278 3105 I PhoneInterfaceManager: shouldBlockLocation ret:false --------- beginning of system
05-12 11:38:12.851 1248 10599 D HwConnectivityServiceEx: set cache by key is 10113 interfaceName iswlan0 value is false
05-12 11:38:13.237 650 1142 I netd : trafficSwapActiveStatsMap() <11.37ms>
05-12 11:38:14.114 1248 1732 I TrafficMonitor: update:rxPkts:4,txPkts:1,rxBytes:428,txBytes:52
05-12 11:38:14.115 1248 1732 I TrafficMonitor: start expired. level:-1
05-12 11:38:14.115 1248 1732 I TrafficMonitor: gettimer:interval=2000
05-12 11:38:14.309 650 1142 I netd : trafficSwapActiveStatsMap() <9.22ms>
05-12 11:38:14.318 2262 5241 I DownloadState: shareUid: 0 default_sk transmitting data speed : 55 bytes/s (rxB:276 txB:0 rxP:3 txP:0 iface:1) scroff: false
05-12 11:38:14.318 2262 5241 I DownloadState: shareUid: 0 default_socket transmitting data speed : 10 bytes/s (rxB:0 txB:52 rxP:0 txP:1 iface:1) scroff: false
05-12 11:38:14.474 1977 1977 I LocationController: isLocationEnabled mode 3
05-12 11:38:14.491 1977 2972 D DeviceTelephonyManager: get airplane mode: false
05-12 11:38:14.494 2278 3105 D PhoneInterfaceManager: [PhoneIntfMgr] isUserDataEnabled: subId=1 phoneId=1
05-12 11:38:14.495 2278 3105 D PhoneInterfaceManager: [PhoneIntfMgr] isUserDataEnabled: subId=1 retVal=true
05-12 11:38:14.499 1977 2972 I LocationController: isLocationEnabled mode 3
05-12 11:38:14.500 1977 2972 I LocationController: isLocationEnabled mode 3
05-12 11:38:14.501 1248 1653 I HwNetworkPolicy: onTransact, code = 12
05-12 11:38:14.502 1977 2972 I DeviceSettingsManager: getStateTypePolicyActiveStatus() raw policyName: settings_policy_forbidden_network_share
05-12 11:38:14.503 1248 1653 I WifiService: getWifiApConfiguration uid=10033
05-12 11:38:14.503 1248 1653 D WifiService: getWifiApConfiguration, uid=10033
05-12 11:38:14.505 1977 2972 I LocationController: isLocationEnabled mode 3
05-12 11:38:14.506 1977 2972 I LocationController: isLocationEnabled mode 3
05-12 11:38:14.507 1248 1653 I HwNetworkPolicy: onTransact, code = 12
05-12 11:38:14.507 1977 2972 I DeviceSettingsManager: getStateTypePolicyActiveStatus() raw policyName: settings_policy_forbidden_network_share
05-12 11:38:14.508 1248 1653 I WifiService: getWifiApConfiguration uid=10033
05-12 11:38:14.508 1248 1653 D WifiService: getWifiApConfiguration, uid=10033
05-12 11:38:15.827 724 724 E WifiHAL : enter wifi_get_link_stats
05-12 11:38:15.829 1248 1733 E WificondControl: Noise: 0, Snr: -92, Chload: 127
05-12 11:38:15.831 1248 1733 V HwWifiServiceFactory: get AllImpl object = com.android.server.wifi.HwWifiServiceFactoryImpl@b908496
05-12 11:38:15.837 1248 1733 D TelephonyManager: getAllCellInfo calling app is android
05-12 11:38:15.837 2278 2318 W PhoneInterfaceManager: shouldBlockLocation running ...
05-12 11:38:15.838 2278 2318 I PhoneInterfaceManager: shouldBlockLocation ret:false
05-12 11:38:15.905 2170 2386 D HwWifiStatStore: update fgappspd TopPkgName's uid is 10066
05-12 11:38:15.905 1248 1653 I NetworkStats: openSessionForUsageStats, pid = 2170, pkg = com.huawei.hiview
05-12 11:38:15.905 1248 1653 I NetworkStats: openSessionInternal,pid = 2170
05-12 11:38:15.907 1248 1653 I NetworkStats: performPollLocked, pid = 1248
05-12 11:38:15.925 650 1142 I netd : trafficSwapActiveStatsMap() <17.91ms>
05-12 11:38:15.926 650 1142 W IptablesRestoreController: command: *filter
05-12 11:38:15.926 650 1142 W IptablesRestoreController: -nvx -L tetherctrl_counters
05-12 11:38:15.926 650 1142 W IptablesRestoreController: COMMIT
05-12 11:38:15.926 650 1142 W IptablesRestoreController: .
05-12 11:38:15.952 3693 3693 I : iptables cmd:iptables-restore
05-12 11:38:15.953 650 1142 W IptablesRestoreController: command: *filter
05-12 11:38:15.953 650 1142 W IptablesRestoreController: -nvx -L tetherctrl_counters
05-12 11:38:15.953 650 1142 W IptablesRestoreController: COMMIT
05-12 11:38:15.953 650 1142 W IptablesRestoreController: .
05-12 11:38:15.965 3695 3695 I : iptables cmd:ip6tables-restore
05-12 11:38:15.965 650 1142 I netd : tetherGetStats() <38.75ms>
05-12 11:38:15.972 1248 1653 D HwNetworkStatsService: hwRecordUidAndProcSnapshotLocked currentTime = 1589254695913
05-12 11:38:15.989 1248 1653 I HwNetworkManagementService: request swap success.
05-12 11:38:15.989 1248 1653 I NetworkStatsFactoryEx: Request swap successful.
05-12 11:38:15.989 1248 1653 I NetworkStatsFactoryEx: vars recycled successful.
05-12 11:38:15.993 1248 1653 D HwNetworkStatsService: hwMaybeUidAndProcPersistLocked currentTime = 1589254695913
05-12 11:38:15.998 2130 2645 W HSM_BG : NormalTrafficAnalysis:Alert byte is 0, so return
05-12 11:38:16.071 2170 2386 D HwWifiStatStore: update fgappspd currentspeed= 0 0
05-12 11:38:16.118 1248 1732 I TrafficMonitor: update:rxPkts:3,txPkts:0,rxBytes:288,txBytes:0
05-12 11:38:16.118 1248 1732 I TrafficMonitor: start expired. level:-1
05-12 11:38:16.118 1248 1732 I TrafficMonitor: gettimer:interval=2000
05-12 11:38:16.807 1248 1733 E WificondControl: Noise: 0, Snr: -92, Chload: 127
05-12 11:38:16.809 1248 1962 D HuaweiWifiWatchdogStateMachine: nothing to do
05-12 11:38:16.809 1248 1732 D WiFi_PRO: MSG_RETURN_AP_CURRY_RSSI rssi = -53
05-12 11:38:16.810 1248 1732 I QosMonitor: queryRtt: rttType = 3
05-12 11:38:16.810 1248 1962 I HuaweiWifiWatchdogStateMachine: POta txb txg rxg:0, 1, 0. Lr =0% Totpkt=1
05-12 11:38:16.810 1248 1732 I HwWifiProServiceProxy: ctrlHwWifiNetwork pkgName: WIFIPRO_SERVICE interfaceId: 8
05-12 11:38:16.810 1248 3696 I HwUidTcpMonitor: TcpStatisticsRun run
05-12 11:38:16.811 1248 1732 I QosMonitor: postEventFromNative: msg=100,arg1=4,arg2=10
05-12 11:38:16.811 1248 1732 I HwWifiProServiceProxy: ctrlHwWifiNetwork pkgName: WIFIPRO_SERVICE interfaceId: 8
05-12 11:38:16.811 1248 1732 I QosMonitor: postEventFromNative: msg=100,arg1=0,arg2=10
05-12 11:38:16.811 1248 1732 I MQoS : rtt=224,tcpTxPkts=66391,tcpRxPkts=149416
05-12 11:38:16.812 1248 3696 I HwWifiProServiceProxy: ctrlHwWifiNetwork pkgName: WIFIPRO_SERVICE interfaceId: 79
05-12 11:38:16.812 1248 6120 D HwConnectivityServiceEx: set cache by key is 1000 interfaceName iswlan0 value is false
05-12 11:38:16.812 1248 1962 I HuaweiWifiWatchdogStateMachine: PTcp RTT:0, rtt pkt=0, tcp_rx=0, tcp_tx=1, tcp_reTran=0, rtRate=0
05-12 11:38:16.812 1248 3697 I HwWifiProServiceProxy: TcpStatisticsRun run
05-12 11:38:16.815 1248 6120 I MQoS : QOS_level:0(0),wifi-link;SIM error;use level-0
05-12 11:38:16.815 1248 6120 I MQoS : skip-low-Level:0(0),wifi-link;SIM error;use level-0
05-12 11:38:17.113 1248 1732 I TrafficMonitor: expired arrive. level:-1
05-12 11:38:17.113 1248 1732 I TrafficMonitor: during_ms:2004,period_ms:2000
05-12 11:38:17.113 1248 1732 I TrafficMonitor: count:172,rx_sum:3,tx_sum:0,rxBytes:288,during_ms:2004,rx_speed:143.7125748502994,tx_speed:0.0,rto:0.0
05-12 11:38:17.764 2403 2476 I HwNaturalBase: [CommonHandler]: 24064Kb ram is used.
05-12 11:38:18.121 1248 1732 I TrafficMonitor: update:rxPkts:3,txPkts:0,rxBytes:234,txBytes:0
05-12 11:38:18.121 1248 1732 I TrafficMonitor: start expired. level:-1
05-12 11:38:18.121 1248 1732 I TrafficMonitor: gettimer:interval=2000
05-12 11:38:18.842 724 724 E WifiHAL : enter wifi_get_link_stats
05-12 11:38:18.852 1248 1733 E WificondControl: Noise: 0, Snr: -92, Chload: 127
05-12 11:38:18.855 1248 1733 V HwWifiServiceFactory: get AllImpl object = com.android.server.wifi.HwWifiServiceFactoryImpl@b908496
05-12 11:38:18.860 1248 1733 D TelephonyManager: getAllCellInfo calling app is android
05-12 11:38:18.861 2278 2318 W PhoneInterfaceManager: shouldBlockLocation running ...
05-12 11:38:18.861 2278 2318 I PhoneInterfaceManager: shouldBlockLocation ret:false
05-12 11:38:19.337 650 1142 I netd : trafficSwapActiveStatsMap() <18.03ms>
05-12 11:38:19.341 2262 5241 E AppInfoMgr: not find pkgs by uid: 0
05-12 11:38:19.347 2262 5241 I DownloadState: shareUid: 0 default_sk transmitting data speed : 75 bytes/s (rxB:378 txB:0 rxP:4 txP:0 iface:1) scroff: false
05-12 11:38:19.347 2262 5241 I DownloadState: shareUid: 0 default_socket transmitting data speed : 10 bytes/s (rxB:0 txB:52 rxP:0 txP:1 iface:1) scroff: false
05-12 11:38:19.347 2262 5241 I DownloadState: shareUid: 0 /system/bin/init transmitting data speed : 29 bytes/s (rxB:0 txB:146 rxP:0 txP:2 iface:1) scroff: false
05-12 11:38:19.347 2262 5241 I DownloadState: shareUid: 10113 com.google.android.gms transmitting data speed : 17 bytes/s (rxB:87 txB:0 rxP:1 txP:0 iface:1) scroff: false
05-12 11:38:19.694 816 816 I aptouch_daemon: filter_touch_detect, down, in: 1, out: 1
05-12 11:38:19.695 1248 1693 D libfingersense_wrapper: Calling fingersense_classify_touch()
05-12 11:38:19.699 1248 1693 D libfingersense_wrapper: fingersense_classify_touch() finished
05-12 11:38:19.745 816 816 I aptouch_daemon: filter_touch_detect, all_touch_up
05-12 11:38:19.747 2307 2307 V AudioManager: querySoundEffectsEnabled...
05-12 11:38:19.751 1248 10599 I ActivityTaskManager: START u0 {act=android.intent.action.MAIN cat=[android.intent.category.LAUNCHER] flg=0x10200000 hwFlg=0x10 cmp=org.qtproject.example.untitled2/org.qtproject.qt5.android.bindings.QtActivity bnds=[29,2184][307,2590]} from uid 10066
05-12 11:38:19.752 895 959 D AwareLog: iawared: WorkingsetProcessCommand subCmd = 354, userId=10152, pid=0, org.qtproject.example.untitled2
05-12 11:38:19.752 866 866 I : [Promm]GetCpuOccupy: cpu 484787 90951 513641 52044518 8844 155000 66853
05-12 11:38:19.752 895 959 D AwareLog: iawared: WorkingsetSendPrereadMsg org.qtproject.example.untitled2
05-12 11:38:19.752 1248 10599 I ActivityTaskManager: ActivityRecord info: ActivityInfo{ba76b9c org.qtproject.qt5.android.bindings.QtActivity}
05-12 11:38:19.752 895 959 D AwareLog: iawared: WorkingsetStart org.qtproject.example.untitled2 in monitor0
05-12 11:38:19.753 1248 10599 D ActivityTaskManager: TaskLaunchParamsModifier:task=null activity=ActivityRecord{9efbd12 u0 org.qtproject.example.untitled2/org.qtproject.qt5.android.bindings.QtActivity t-1} display-from-source=0 display-id=0 display-windowing-mode=1
05-12 11:38:19.753 2262 2648 I PG_ash : front pkg : org.qtproject.example.untitled2 launcher: false
05-12 11:38:19.753 2262 2648 I PG_ash : above launcher front pkgs: [org.qtproject.example.untitled2]
05-12 11:38:19.753 1248 10599 D ActivityTaskManager: TaskLaunchParamsModifier:task=null activity=ActivityRecord{9efbd12 u0 org.qtproject.example.untitled2/org.qtproject.qt5.android.bindings.QtActivity t-1} display-from-source=0 display-id=0 display-windowing-mode=1 activity-options-fullscreen=Rect(0, 0 - 0, 0) inherit-fullscreen non-freeform-display
05-12 11:38:19.755 1248 10599 V ActivityTaskManager: addChild: attaching stackId=21 to displayId=0 position=5
05-12 11:38:19.755 1248 10599 V ActivityTaskManager: positionChild stackId=21 to top.
05-12 11:38:19.752 47 47 W migration/6: type=1400 audit(0.0:48646): avc: granted { setsched } for pid=47 scontext=u:r:kernel:s0 tcontext=u:r:kernel:s0 tclass=process
05-12 11:38:19.755 1248 10599 D ActivityTaskManager: TaskLaunchParamsModifier:task=TaskRecord{49b2ce3 #476 A=org.qtproject.example.untitled2 U=0 StackId=21 sz=0} activity=ActivityRecord{9efbd12 u0 org.qtproject.example.untitled2/org.qtproject.qt5.android.bindings.QtActivity t-1} display-from-task=0 display-id=0 display-windowing-mode=1 activity-options-fullscreen=Rect(0, 0 - 0, 0) inherit-fullscreen non-freeform-display
05-12 11:38:19.756 1248 10599 V ActivityTaskManager: positionChild stackId=21 to top.
05-12 11:38:19.757 1248 10599 V ActivityTaskManager: addAppToken: AppWindowToken{e280d99 token=Token{85176e0 ActivityRecord{9efbd12 u0 org.qtproject.example.untitled2/org.qtproject.qt5.android.bindings.QtActivity t476}}} task={taskId=476 appTokens=[] mdr=false} at 2147483647
05-12 11:38:19.758 866 866 I : [Promm]GetCpuOccupy: cpu 484788 90951 513643 52044519 8844 155000 66853
05-12 11:38:19.758 866 866 I : [Promm]ReadAheadBegin: ReadAheadBegin
05-12 11:38:19.758 1248 1292 I HwAudioServiceEx: ComponentInfo : className = org.qtproject.qt5.android.bindings.QtActivity, flag=showStartingWindow, isHomeActivity=, isTop=false
05-12 11:38:19.758 1248 1292 W SecurityProfileService: Activity life state callback extras get package null!
05-12 11:38:19.758 866 866 I : [Promm]ReadAheadBegin: bitmap is already exist , now to use.
05-12 11:38:19.758 866 866 I : [Promm]WriteBitMapFile: WriteBitMapFile
05-12 11:38:19.758 866 866 I : [Promm]WriteBitMapFile: read bitmap from file len 1992 ok
05-12 11:38:19.758 866 866 I : [Promm]WriteBitMapFile: write bitmap to kernel len 1992 ok
05-12 11:38:19.758 2204 2879 E DollieActivityManagerAdapter: HwActivityNotifierEx null uid
05-12 11:38:19.758 3805 3835 W FrameworkRegistry: CAWARENESS: ActivityNotifier unknown state
05-12 11:38:19.761 2307 2307 W HwLauncher: TrustSpaceAppManager TrustSpace is not installed.
05-12 11:38:19.761 2307 2307 W HwLauncher: FolderIcondrawSelectedLabel bitmap null
05-12 11:38:19.761 2262 7410 I PGServer: android calls fast HApps
05-12 11:38:19.761 2262 7410 I AppFastHibernation: fast H duration: 1500 reason: start activity
05-12 11:38:19.762 2170 3150 I BigDataLog: BD.BDService:send app action data success
05-12 11:38:19.762 2307 2307 W HwLauncher: FolderIcondrawSelectedLabel bitmap null
05-12 11:38:19.762 2170 3150 I BigDataLog: BD.BDService:send app action data success
05-12 11:38:19.762 2307 2307 W HwLauncher: FolderIcondrawSelectedLabel bitmap null
05-12 11:38:19.762 2307 2307 W HwLauncher: FolderIcondrawSelectedLabel bitmap null
05-12 11:38:19.762 895 967 I Pged-IPgedBinderService: ****action is 1, pid num is 3***
05-12 11:38:19.762 895 967 I Pged-Freezer: freezePids
05-12 11:38:19.762 895 967 I Pged-Freezer: Freeze process: 32764
05-12 11:38:19.762 895 967 I Pged-Freezer: Freeze process: 1148
05-12 11:38:19.762 2262 2642 D PgedBinderAdapter: F_Z ok, pid: [32764, 1148]
05-12 11:38:19.763 3600 3738 I HiSearch20.0.4.303: [LauncherOverlayService]: LAUNCHER_INTERACTION from launcher and invoke invokeId = -222
05-12 11:38:19.763 3600 3738 I HiSearch20.0.4.303: [LauncherOverlayService]: isOverlayClosed = true
05-12 11:38:19.763 3600 3738 I HiSearch20.0.4.303: [LauncherOverlayService]: LAUNCHER_INTERACTION from launcher and invoke, overlay closed, return.
05-12 11:38:19.765 910 1059 D ScreemCommon: [Entry]
05-12 11:38:19.765 910 1059 D ScreemCommon: [logId update 67124592 when new scene come after 51140]
05-12 11:38:19.765 1248 1292 I HwAudioServiceEx: ComponentInfo : className = com.huawei.android.launcher.unihome.UniHomeLauncher, flag=onPause, isHomeActivity=, isTop=true
05-12 11:38:19.765 1248 1292 W SecurityProfileService: Activity life state callback extras get package null!
05-12 11:38:19.766 3805 3835 I AppLifeChangeSensor: CAWARENESS: activityPaused componentName = ComponentInfo{com.huawei.android.launcher/com.huawei.android.launcher.unihome.UniHomeLauncher}
05-12 11:38:19.766 3805 3835 E AppLifeChangeSensor: CAWARENESS: activityPaused mAppLifeChangeCallback is null
05-12 11:38:19.766 2204 3349 D DollieActivityManagerAdapter: [Paused] pid:2307 uid:10066 ComponentInfo{com.huawei.android.launcher/com.huawei.android.launcher.unihome.UniHomeLauncher} uidState:2
05-12 11:38:19.767 2170 2428 D DiffPrivacyJni: Call DiffPrivacy interface
05-12 11:38:19.767 1248 1274 V WindowManager: addWindow: Window{12114d3 u0 Splash Screen org.qtproject.example.untitled2}
05-12 11:38:19.768 1248 1273 V ActivityManager: startProcess: name=org.qtproject.example.untitled2 app=null knownToBeDead=false thread=null pid=-1
05-12 11:38:19.768 895 959 D AwareLog: iawared: WorkingsetProcessCommand subCmd = 354, userId=10152, pid=0, org.qtproject.example.untitled2
05-12 11:38:19.769 895 959 D AwareLog: iawared: WorkingsetStart org.qtproject.example.untitled2 in monitor0
05-12 11:38:19.770 2170 2428 D DiffPrivacyJni: Call DiffPrivacy interface
05-12 11:38:19.771 1248 1273 V ActivityManager: startProcess: name=org.qtproject.example.untitled2 app=ProcessRecord{47a8f09 0:org.qtproject.example.untitled2/u0a152} knownToBeDead=false thread=null pid=0
05-12 11:38:19.773 1248 3713 D HiTouch_PressGestureDetector: onAttached, package=org.qtproject.example.untitled2, windowType=3, mHiTouchRestricted=false
05-12 11:38:19.774 1248 1274 D ZrHung.AppEyeFocusWindow: FocusWindowErrorScene CheckFreezeScreen
05-12 11:38:19.775 652 652 D Zygote : Forked child process 3714
05-12 11:38:19.777 692 804 I GRALLOC : getCallingPid=735, shrFd=11,fmt=0x1,intFmt=0x1,btStrd=5888,size=18370560,pid=692
05-12 11:38:19.777 692 804 I GRALLOC : yuv=2,w=1440,h=3120,Stride u=0 v=0,offset u=0 v=0
05-12 11:38:19.777 692 804 I GRALLOC : iova_size=18370560,conUsg=0x906,proUsg=0x966, strd=1472,[afbc]HdrStrd=0 PyldStrd=0 Scrmbl=0,ionhnd = 0
05-12 11:38:19.777 1248 1305 I ActivityManager: Start proc 3714:org.qtproject.example.untitled2/u0a152 for activity {org.qtproject.example.untitled2/org.qtproject.qt5.android.bindings.QtActivity}
05-12 11:38:19.778 1248 2117 E ProcessInfoCollector: getProcessInfo: failed to find this proc
05-12 11:38:19.779 895 959 D AwareLog: iawared: WorkingsetProcessCommand subCmd = 350, userId=10152, pid=3714, org.qtproject.example.untitled2
05-12 11:38:19.779 895 959 D AwareLog: iawared: WorkingsetStart org.qtproject.example.untitled2 in monitor0
05-12 11:38:19.785 1248 1274 I HwWindowManagerServiceEx: closing apps count = 1
05-12 11:38:19.785 1248 1274 D RemoteAnimationController: createAnimationAdapter(): token=AppWindowToken{53a958d token=Token{7616eb7 ActivityRecord{5784de u0 com.huawei.android.launcher/.unihome.UniHomeLauncher t1}}}
05-12 11:38:19.785 3714 3714 I ample.untitled: Late-enabling -Xcheck:jni
05-12 11:38:19.785 1248 1274 E WindowManager: icon is null!!
05-12 11:38:19.785 1248 1274 D RemoteAnimationController: createAnimationAdapter(): token=AppWindowToken{e280d99 token=Token{85176e0 ActivityRecord{9efbd12 u0 org.qtproject.example.untitled2/org.qtproject.qt5.android.bindings.QtActivity t476}}}
05-12 11:38:19.786 1248 1274 D RemoteAnimationController: goodToGo()
05-12 11:38:19.786 1248 1274 D RemoteAnimationController: createAnimations()
05-12 11:38:19.787 1248 1274 D RemoteAnimationController: startAnimation(): Notify animation start:
05-12 11:38:19.788 1248 1270 I StatusBarDisable: setFlags what=0 which=1 pkg=Window{12114d3 u0 Splash Screen org.qtproject.example.untitled2}
05-12 11:38:19.809 3714 3714 E ample.untitled: Unknown bits set in runtime_flags: 0x8000
05-12 11:38:19.809 3714 3714 I ample.untitled: Reinit property: dalvik.vm.checkjni= false
05-12 11:38:19.818 3714 3714 D ActivityThread: Attach thread to application
05-12 11:38:19.823 1248 11015 W HwActivityTaskManagerServiceEx: appSwitch from: com.huawei.android.launcher to: org.qtproject.example.untitled2
05-12 11:38:19.824 2204 22307 D AssistantService-1011301: registerHwActivityNotifier call fromPackage:com.huawei.android.launcher, toPackage:org.qtproject.example.untitled2
05-12 11:38:19.824 2262 2418 D ScenarioService: front pkg : org.qtproject.example.untitled2 launcher: false
05-12 11:38:19.824 2262 2418 D ScenarioService: new above launcher front pkgs: [org.qtproject.example.untitled2]
05-12 11:38:19.824 2262 2418 I AppManager: handleAppFrontEvent: org.qtproject.example.untitled2
05-12 11:38:19.824 1248 1293 D HwGameAssistantController: UPDATE: mCurFgPkg=org.qtproject.example.untitled2, mCurFgPid=3714, mCurIsGame=false
05-12 11:38:19.824 2204 6637 D AssistantService-1011301: handleMessage app switch fromPackage:com.huawei.android.launcher, toPackage:org.qtproject.example.untitled2
05-12 11:38:19.824 2262 2787 I PGServer: report state:10010 event type:2 pid:0 uid:0 pkg:com.huawei.android.launcher to pid: 2262
05-12 11:38:19.824 2262 2787 I SceneReceiver: state type: 10010 eventType:2 pid:0 uid:0 pkg:com.huawei.android.launcher
05-12 11:38:19.825 2204 6637 D AssistantService-1011301: package:com.huawei.android.launcher inAppAssistant:false
05-12 11:38:19.825 2204 6637 D AssistantService-1011301: package:org.qtproject.example.untitled2 inAppAssistant:false
05-12 11:38:19.825 2262 2787 I PGServer: report state:10010 event type:2 pid:0 uid:0 pkg:com.huawei.android.launcher to pid: 2204
05-12 11:38:19.825 2262 2787 I PGServer: report state:10010 event type:2 pid:0 uid:0 pkg:com.huawei.android.launcher to pid: 1248
05-12 11:38:19.825 2262 2787 I PGServer: report state:10000 event type:1 pid:0 uid:0 pkg:org.qtproject.example.untitled2 to pid: 2262
05-12 11:38:19.826 2262 2787 I SceneReceiver: state type: 10000 eventType:1 pid:0 uid:0 pkg:org.qtproject.example.untitled2
05-12 11:38:19.826 2262 3360 D HwThermalStateManager: current foreapp pkg : org.qtproject.example.untitled2
05-12 11:38:19.826 2262 3363 D ThermalTrace_ThermalRaise: current pkg:com.huawei.android.launcher
05-12 11:38:19.826 2262 2418 I AppsUsage: scnOff:false FgAPP:org.qtproject.example.untitled2 BgAPP:com.huawei.android.launcher
05-12 11:38:19.827 2262 3361 E AwareLog: SPKSchedFeature: Uid has been sent, ignore.
05-12 11:38:19.827 2262 3361 E AwareLog: SPKEQSchedFeature: Uid has been sent, ignore.
05-12 11:38:19.828 2262 2787 I PGServer: report state:10000 event type:1 pid:0 uid:0 pkg:org.qtproject.example.untitled2 to pid: 2204
05-12 11:38:19.828 2262 2787 I PGServer: report state:10000 event type:1 pid:0 uid:0 pkg:org.qtproject.example.untitled2 to pid: 1248
05-12 11:38:19.828 2204 22307 D HicomMonitor: notifyForegroundAppChanged: pkg:org.qtproject.example.untitled2
05-12 11:38:19.828 2204 22307 D Hicom_EmcomManagerService: onForegroundAppChanged, pkgName:org.qtproject.example.untitled2
05-12 11:38:19.828 2204 2827 W Hicom_XEngineProcessor: handleForegroundAppChanged. Feature is not enable.
05-12 11:38:19.828 2262 7410 I PGServer: checkPkgType. calling pkg: android
05-12 11:38:19.832 1248 1273 W : Failed to UpdateQosForCgroupInner, tid=0, policy=10
05-12 11:38:19.832 1248 1273 W : Failed to UpdateQosForCgroupInner, tid=0, policy=10
05-12 11:38:19.834 859 23940 D iTouchService: itouch currentPackageName = org.qtproject.example.untitled2
05-12 11:38:19.834 859 23940 D iTouchService: itouch appType=-1 appState=1 gameMode=2
05-12 11:38:19.834 859 23940 D iTouchService: g_itouch_reader_monitor empty
05-12 11:38:19.834 859 23940 D iTouchService: g_itouch_reader_monitor Monitor::isReaderMonitorEnable()=0
05-12 11:38:19.834 859 23940 D iTouchService: itouch getCurrentParmID tempPkg=org.qtproject.example.xxx
05-12 11:38:19.834 859 23940 D iTouchService: itouch:app org.qtproject.example.untitled2 is not game app
05-12 11:38:19.834 859 23940 D iTouchService: itouch:app org.qtproject.example.untitled2 is not in StylusPenList
05-12 11:38:19.834 859 23940 D iTouchService: itouch:styluspen_switch is disable
05-12 11:38:19.834 859 23940 D iTouchService: itouch:currentAppTypeName =|UNKNOWN|
05-12 11:38:19.834 859 23940 D iTouchService: jackey into set agp_prefetch_view_enable 0
05-12 11:38:19.834 2204 22307 I BoosterSwitchP: notifyUidState do nothing
05-12 11:38:19.834 2204 22307 I DeepNoDisturbP: notifyUidState
05-12 11:38:19.834 2204 22307 I BrowserChrP: notifyUidState
05-12 11:38:19.835 2130 2699 E HSC_SEC_BG: AiProtectionUtils:AI is not supported, current platform is:kirin980
05-12 11:38:19.835 2204 2827 D HicomMonitor: notifyAppStarted: uid = 10152
05-12 11:38:19.837 1248 11015 I HwNetworkPolicy: onTransact, code = 203
05-12 11:38:19.838 2130 2779 I HwNetworkPolicyManager: getHwUidPolicy uid = 10152 policy = 0
05-12 11:38:19.839 1248 11015 I HwAudioService: now type = -1,reportForegroundAppType = -1,pkg = null,systemload = -1mVoipOptimizeInGameModefalse
05-12 11:38:19.841 1248 1679 W AwareLog: SchedLevelBoost: onFgActivitiesChanged config not set!
05-12 11:38:19.858 693 809 W hwcomposer: setGpuFreqBoost:155: boostGpuFreq succ !
05-12 11:38:19.860 3714 3714 I ample.untitled: QarthPatchMonintor::Init
05-12 11:38:19.860 3714 3714 I ample.untitled:
05-12 11:38:19.860 3714 3714 I ample.untitled: QarthPatchMonintor::StartWatch
05-12 11:38:19.860 3714 3714 I ample.untitled:
05-12 11:38:19.860 3714 3714 I ample.untitled: QarthPatchMonintor::WatchPackage: /data/hotpatch/fwkhotpatch/
05-12 11:38:19.860 3714 3714 I ample.untitled:
05-12 11:38:19.860 3714 3714 I ample.untitled: QarthPatchMonintor::CheckAndWatchPatch: /data/hotpatch/fwkhotpatch/org.qtproject.example.untitled2
05-12 11:38:19.860 3714 3714 I ample.untitled:
05-12 11:38:19.860 3714 3714 I ample.untitled: QarthPatchMonintor::CheckAndWatchPatch: /data/hotpatch/fwkhotpatch/all
05-12 11:38:19.860 3714 3714 I ample.untitled:
05-12 11:38:19.860 3714 3714 I ample.untitled: QarthPatchMonintor::Run
05-12 11:38:19.860 3714 3714 I ample.untitled:
05-12 11:38:19.860 3714 3747 I ample.untitled: QarthPatchMonintor::Reading
05-12 11:38:19.860 3714 3747 I ample.untitled:
05-12 11:38:19.860 3714 3747 I ample.untitled: QarthPatchMonintor::CheckNotifyEvent
05-12 11:38:19.860 3714 3747 I ample.untitled:
05-12 11:38:19.860 3714 3747 I ample.untitled: QarthPatchMonintor::CheckNotifyEvent before read
05-12 11:38:19.860 3714 3747 I ample.untitled:
05-12 11:38:19.860 3714 3741 I HwApiCacheMangerEx: apicache path=/storage/emulated/0 state=mounted key=org.qtproject.example.untitled2#10152#256
05-12 11:38:19.861 3714 3741 I HwApiCacheMangerEx: apicache path=/storage/emulated/0 state=mounted key=org.qtproject.example.untitled2#10152#0
05-12 11:38:19.863 3714 3741 I AwareBitmapCacher: init processName:org.qtproject.example.untitled2 pid=3714 uid=10152
05-12 11:38:19.865 3714 3750 E AwareLog: AtomicFileUtils: readFileLines file not exist: android.util.AtomicFile@d5ceb9d
05-12 11:38:19.865 3714 3750 E AwareLog: AtomicFileUtils: readFileLines file not exist: android.util.AtomicFile@8c85812
05-12 11:38:19.870 2262 3361 I ThermalTraceService: code:1, appInfo:org.qtproject.example.untitled2#10000, levelInfo:0,warm_system_h,2#2,warm_charger,1#22,warm_shell,2
05-12 11:38:19.882 1248 11015 V ActivityManager: Successfully start provider ContentProviderRecord{d397296 u0 com.android.providers.settings/.hwext.HwSettingsProvider} launchingApp=null caller pid= 3714
05-12 11:38:19.885 3714 3714 V ActivityThread: callActivityOnCreate
05-12 11:38:19.889 3714 3714 E Qt : Trying to start the app #1
05-12 11:38:19.889 3714 3714 E Qt : Trying to start the app #2
05-12 11:38:19.889 3714 3714 E Qt : Trying to start the app #3
05-12 11:38:19.889 3714 3714 E Qt : Trying to start the app #4
05-12 11:38:19.889 3714 3714 E Qt : Trying to start the app #5
05-12 11:38:19.889 3714 3714 E Qt : Trying to start the app #6
05-12 11:38:19.889 3714 3714 E Qt : Trying to start the app #7
05-12 11:38:19.889 3714 3714 E Qt : Trying to start the app #8
05-12 11:38:19.889 3714 3714 E Qt : Trying to load the app #1
05-12 11:38:19.889 3714 3714 E Qt : Trying to load the app #3
05-12 11:38:19.890 3714 3714 E Qt : Trying to load the app #4
05-12 11:38:19.890 3714 3714 W System : ClassLoader referenced unknown path:
05-12 11:38:19.900 3714 3714 V HwWidgetFactory: : successes to get AllImpl object and return....
05-12 11:38:19.904 3714 3714 I OverScrollerOptimization: start init SmartSlideOverScroller and get the overscroller config
05-12 11:38:19.904 3714 3714 I OverScrollerOptimization: get the overscroller config
05-12 11:38:19.923 3714 3714 W WindowDecorActionBar: should not do the transition or the transition anim is null or it is running or the mContainer view is null or mContainer view hasn't been drawn to screen
05-12 11:38:19.931 3714 3756 I QtCore : Start
05-12 11:38:19.949 3714 3756 I Qt : qt started
05-12 11:38:19.953 3714 3714 E Qt : Trying to load the app #5
05-12 11:38:19.964 3714 3714 E Qt : Trying to load the app #6
05-12 11:38:19.965 3714 3714 D ActivityThread: add activity client record, r= ActivityRecord{a796379 token=android.os.BinderProxy@8deba74 {org.qtproject.example.untitled2/org.qtproject.qt5.android.bindings.QtActivity}} token= android.os.BinderProxy@8deba74
05-12 11:38:19.974 1248 11015 V WindowManager: addWindow: Window{7983735 u0 org.qtproject.example.untitled2/org.qtproject.qt5.android.bindings.QtActivity}
05-12 11:38:19.975 1248 1292 I HwAudioServiceEx: ComponentInfo : className = org.qtproject.qt5.android.bindings.QtActivity, flag=onResume, isHomeActivity=, isTop=true
05-12 11:38:19.975 1248 1292 W SecurityProfileService: Activity life state callback extras get package null!
05-12 11:38:19.976 3805 3835 I AppLifeChangeSensor: CAWARENESS: activityResumed componentName = ComponentInfo{org.qtproject.example.untitled2/org.qtproject.qt5.android.bindings.QtActivity}
05-12 11:38:19.976 3805 3835 E AppLifeChangeSensor: CAWARENESS: activityResumed mAppLifeChangeCallback is null
05-12 11:38:19.976 2170 3150 I OPCollectLog: AppChangeImpl:call onAppChange.
05-12 11:38:19.976 2204 3349 D DollieActivityManagerAdapter: [Resumed] bg:true pid:3714 uid:10152 ComponentInfo{org.qtproject.example.untitled2/org.qtproject.qt5.android.bindings.QtActivity}
05-12 11:38:19.976 2170 2453 I OPCollectLog: HwForegroundAppAction:handleMessage
05-12 11:38:19.976 2204 3349 E DollieAdapterService: notifyActivityState pkg:org.qtproject.example.untitled2/org.qtproject.qt5.android.bindings.QtActivity state:2 fg:true mUid:10152
05-12 11:38:19.977 2170 2453 D OPCollectLog: HwForegroundAppAction:FG executeWithArgs
05-12 11:38:19.977 2170 2453 I OPCollectLog: OPCollectUtils:ODMF Api Version:2.14.1
05-12 11:38:19.977 2170 2453 I OPCollectLog: Action:HwForegroundAppAction executed successfully
05-12 11:38:19.977 2170 2453 D OPCollectLog: OdmfCollectScheduler:handleMessage msg: 4
05-12 11:38:19.977 2170 2453 I OPCollectLog: OdmfHelper:opcollectCache 1
05-12 11:38:19.977 2170 2453 I OPCollectLog: OdmfHelper:opcollectCache curTime: 67175944, interval: 50269
05-12 11:38:19.977 2204 3349 I HidataAppQoeP: foregroundUidAdd uid: 10152 name: org.qtproject.example.untitled2 activity state: true
05-12 11:38:19.977 2170 2453 I OPCollectLog: OdmfHelper:isCharging: true
05-12 11:38:19.979 2204 3348 D ConnCureStateMonitor: handleMessage: msg[2]
05-12 11:38:19.980 2204 2514 I HwPacketFilterBypass: handleActivityUidStateChanged uid:10152 -1 foreground:1
05-12 11:38:19.980 2204 2514 I UidCloseNrStateMachine: enter uidStateChanged, ForeGrountApp = org.qtproject.example.untitled2, mIsCallOn = false, mIsUsbPlugged = true
05-12 11:38:19.981 2170 2453 I OPCollectLog: OdmfHelper:insert database success
05-12 11:38:19.981 2170 2453 I OPCollectLog: OdmfHelper:opcollectCache size: 1
05-12 11:38:19.981 2170 2453 I OPCollectLog: OdmfHelper:opcollectCache lastTime: 67175948
05-12 11:38:19.985 15232 15262 I HiDecision: OdmfCollectScheduler: handleMessage msg: 6
05-12 11:38:19.985 15232 15262 I HiDecision: HwRecSysService: cur pkg: org.qtproject.example.untitled2
05-12 11:38:19.986 3714 3757 D HiTouch_PressGestureDetector: onAttached, package=org.qtproject.example.untitled2, windowType=1, mHiTouchRestricted=false
05-12 11:38:19.988 1248 4384 V HwPhoneWindowManager: updateSystemUiColorLw window=Window{7983735 u0 org.qtproject.example.untitled2/org.qtproject.qt5.android.bindings.QtActivity},EmuiStyle=0,StatusBarColor=0xff000000,NavigationBarColor=0xfffcfcfc, mForceNotchStatusBar=false
05-12 11:38:19.989 1248 4384 D ZrHung.AppEyeFocusWindow: FocusWindowErrorScene cancelCheckFreezeScreen
05-12 11:38:19.989 1248 4384 D ZrHung.AppEyeTransparentWindow: TransparentWindow mHungConfigStatus = 0,mHungConfigEnable = 1
05-12 11:38:19.989 1248 1270 D HwPhoneWindowManager: Transact:setSystemUIColor to status bar service
05-12 11:38:19.989 1977 20492 I HwCommandQueue: updateBarBgColor
05-12 11:38:19.989 1977 20492 D HwCommandQueue: CommandQueue, setBarBackgroundColor
05-12 11:38:19.989 1248 1270 I StatusBarDisable: setFlags what=0 which=1 pkg=Window{7983735 u0 org.qtproject.example.untitled2/org.qtproject.qt5.android.bindings.QtActivity}
05-12 11:38:19.991 3714 3752 I iGraphics: [0020080c] pn: org.qtproject.example.untitled2, p: 3714
05-12 11:38:19.991 3714 3752 I iGraphics: [0030050c] PV 10
05-12 11:38:19.991 3714 3752 I iGraphics: [0030050c] no element 'igfx'
05-12 11:38:19.992 3714 3752 I iGraphics: [0030050c] LoadCloudParams lib file success.
05-12 11:38:19.992 3714 3752 E Parcel : Reading a NULL string not supported here.
05-12 11:38:20.002 3714 3752 D mali_winsys: EGLint new_window_surface(egl_winsys_display *, void *, EGLSurface, EGLConfig, egl_winsys_surface **, EGLBoolean) returns 0x3000
05-12 11:38:20.011 692 804 I GRALLOC : getCallingPid=735, shrFd=11,fmt=0x1,intFmt=0x200000001,btStrd=5888,size=17702912,pid=692
05-12 11:38:20.011 692 804 I GRALLOC : yuv=2,w=1440,h=2960,Stride u=0 v=0,offset u=0 v=0
05-12 11:38:20.011 692 804 I GRALLOC : iova_size=17702912,conUsg=0xb00,proUsg=0xb00, strd=1472,[afbc]HdrStrd=1472 PyldStrd=94208 Scrmbl=2,ionhnd = 0
05-12 11:38:20.012 486 486 I hwservicemanager: getTransport: Cannot find entry android.hardware.graphics.mapper@3.0::IMapper/default in either framework or device manifest.
05-12 11:38:20.012 3714 3752 W Gralloc3: mapper 3.x is not supported
05-12 11:38:20.020 692 692 I GRALLOC : getCallingPid=735, shrFd=11,fmt=0x1,intFmt=0x200000001,btStrd=5888,size=17702912,pid=692
05-12 11:38:20.020 692 692 I GRALLOC : yuv=2,w=1440,h=2960,Stride u=0 v=0,offset u=0 v=0
05-12 11:38:20.020 692 692 I GRALLOC : iova_size=17702912,conUsg=0xb00,proUsg=0xb00, strd=1472,[afbc]HdrStrd=1472 PyldStrd=94208 Scrmbl=2,ionhnd = 0
05-12 11:38:20.027 3714 3752 E : APS:IFLoad:importExternalFunctions, search function createNewHwApsUtils failed, dlsym err:undefined symbol: createNewHwApsUtils
05-12 11:38:20.027 3714 3752 D : APS:importExternalFunctions OK
05-12 11:38:20.028 692 804 I GRALLOC : getCallingPid=735, shrFd=13,fmt=0x1,intFmt=0x200000001,btStrd=5888,size=17702912,pid=692
05-12 11:38:20.028 692 804 I GRALLOC : yuv=2,w=1440,h=2960,Stride u=0 v=0,offset u=0 v=0
05-12 11:38:20.028 692 804 I GRALLOC : iova_size=17702912,conUsg=0xb00,proUsg=0xb00, strd=1472,[afbc]HdrStrd=1472 PyldStrd=94208 Scrmbl=2,ionhnd = 0
05-12 11:38:20.029 3714 3714 I HwViewRootImpl: removeInvalidNode jank list is null
05-12 11:38:20.036 1248 1274 V WindowManager: removeIfPossible: Window{12114d3 u0 Splash Screen org.qtproject.example.untitled2} callers=com.android.server.wm.WindowState.removeIfPossible:2215 com.android.server.wm.WindowManagerService.removeWindow:2002 com.android.server.wm.Session.remove:176 android.view.ViewRootImpl.dispatchDetachedFromWindow:4409 android.view.ViewRootImpl.doDie:7570
05-12 11:38:20.037 1248 1274 V WindowManager: Not removing Window{12114d3 u0 Splash Screen org.qtproject.example.untitled2 EXITING} due to exit animation
05-12 11:38:20.038 1248 1300 I ActivityTaskManager: Displayed org.qtproject.example.untitled2/org.qtproject.qt5.android.bindings.QtActivity: +284ms
05-12 11:38:20.090 910 1059 D ScreemCommon: [Entry]
05-12 11:38:20.105 650 1142 I netd : trafficSwapActiveStatsMap() <27.58ms>
05-12 11:38:20.121 1248 1732 I TrafficMonitor: update:rxPkts:6,txPkts:3,rxBytes:562,txBytes:198
05-12 11:38:20.121 1248 1732 I TrafficMonitor: start expired. level:-1
05-12 11:38:20.121 1248 1732 I TrafficMonitor: gettimer:interval=2000
05-12 11:38:20.129 650 1142 I netd : trafficSwapActiveStatsMap() <23.21ms>
05-12 11:38:20.144 1248 1274 V WindowManager: Exit animation finished in Window{12114d3 u0 Splash Screen org.qtproject.example.untitled2 EXITING}: remove=true
05-12 11:38:20.144 1248 1274 E WindowManager: win=Window{12114d3 u0 Splash Screen org.qtproject.example.untitled2 EXITING} destroySurfaces: appStopped=false win.mWindowRemovalAllowed=true win.mRemoveOnExit=true
05-12 11:38:20.144 1248 1274 V WindowManager: postWindowRemoveCleanupLocked: Window{12114d3 u0 Splash Screen org.qtproject.example.untitled2}
05-12 11:38:20.144 1248 1274 V WindowManager: Removing Window{12114d3 u0 Splash Screen org.qtproject.example.untitled2} from AppWindowToken{e280d99 token=Token{85176e0 ActivityRecord{9efbd12 u0 org.qtproject.example.untitled2/org.qtproject.qt5.android.bindings.QtActivity t476}}}
05-12 11:38:20.145 1248 1270 I StatusBarDisable: setFlags what=0 which=1 pkg=Window{7983735 u0 org.qtproject.example.untitled2/org.qtproject.qt5.android.bindings.QtActivity}
05-12 11:38:20.147 1977 1977 D BarTransitions.HwPhoneStatusBarView: MODE_TRANSPARENT -> MODE_OPAQUE animate=false
05-12 11:38:20.147 1977 1977 D BarTransitions.HwPhoneStatusBarView: applyModeBackground oldMode=MODE_TRANSPARENT newMode=MODE_OPAQUE animate=false
05-12 11:38:20.148 1977 1977 D BarTransitions.HwNavigationBarView: MODE_TRANSPARENT -> MODE_OPAQUE animate=false
05-12 11:38:20.148 1977 1977 D BarTransitions.HwNavigationBarView: applyModeBackground oldMode=MODE_TRANSPARENT newMode=MODE_OPAQUE animate=false
05-12 11:38:20.167 1248 11015 I ClipboardService: callingPackage:org.qtproject.example.untitled2, uid =10152, isFocusedWindow =true
05-12 11:38:20.193 1248 10599 D RemoteAnimationController: app-onAnimationFinished(): mOuter=com.android.server.wm.RemoteAnimationController@539f4a3
05-12 11:38:20.195 1248 10599 D RemoteAnimationController: onAnimationFinished(): Notify animation finished:
05-12 11:38:20.195 1248 1274 I WindowManager: New wallpaper target: null prevTarget: Window{dc2de08 u0 com.huawei.android.launcher/com.huawei.android.launcher.unihome.UniHomeLauncher}
05-12 11:38:20.201 692 804 I GRALLOC : getCallingPid=735, shrFd=11,fmt=0x1,intFmt=0x1,btStrd=5888,size=16842752,pid=692
05-12 11:38:20.201 692 804 I GRALLOC : yuv=2,w=1440,h=2860,Stride u=0 v=0,offset u=0 v=0
05-12 11:38:20.201 692 804 I GRALLOC : iova_size=16842752,conUsg=0x906,proUsg=0x966, strd=1472,[afbc]HdrStrd=0 PyldStrd=0 Scrmbl=0,ionhnd = 0
05-12 11:38:20.202 3714 3756 E ion : ioctl c0044901 failed with code -1: Not a typewriter
05-12 11:38:20.208 10724 10724 I HiBoard_20.0.5.312_Workspace: onWindowVisibilityChanged:8 isOverlayClosed:true
05-12 11:38:20.210 735 844 E BufferQueueProducer: [com.huawei.intelligent.Workspace#0]:1338: disconnect: not connected (req=1)
05-12 11:38:20.210 10724 12006 W libEGL : EGLNativeWindowType 0x753536c350 disconnect failed
05-12 11:38:20.211 735 844 E BufferQueueProducer: [com.huawei.android.launcher/com.huawei.android.launcher.unihome.UniHomeLauncher#0]:1338: disconnect: not connected (req=1)
05-12 11:38:20.211 2307 2496 W libEGL : EGLNativeWindowType 0x74d6ccd910 disconnect failed
05-12 11:38:20.211 693 809 W hwcomposer: setGpuFreqBoost:160: boostGpuFreq release !
05-12 11:38:20.219 2204 3349 D DollieActivityManagerAdapter: [UidStateChanged] uid:10066 uidState:6
05-12 11:38:20.219 2204 3349 E DollieAdapterService: notifyActivityState pkg:com.huawei.android.launcher/com.huawei.android.launcher.unihome.UniHomeLauncher state:6 fg:false mUid:10066
05-12 11:38:20.220 1248 10599 D NotificationListeners: Removing active service ComponentInfo{com.huawei.android.launcher/com.huawei.android.launcher.notification.NotificationListener}
05-12 11:38:20.220 2307 2307 I HwLauncher: Launcher Icon:41 Widget:2 Folder:4 Icon in folder:31
05-12 11:38:20.226 1248 4384 V WindowManager: notifyAppStopped: AppWindowToken{53a958d token=Token{7616eb7 ActivityRecord{5784de u0 com.huawei.android.launcher/.unihome.UniHomeLauncher t1}}}
05-12 11:38:20.226 1248 4384 E WindowManager: win=Window{3b9bfa0 u0 com.huawei.intelligent.Workspace} destroySurfaces: appStopped=true win.mWindowRemovalAllowed=false win.mRemoveOnExit=false
05-12 11:38:20.226 1248 4384 E WindowManager: win=Window{dc2de08 u0 com.huawei.android.launcher/com.huawei.android.launcher.unihome.UniHomeLauncher} destroySurfaces: appStopped=true win.mWindowRemovalAllowed=false win.mRemoveOnExit=false
05-12 11:38:20.229 2204 13271 I BoosterSwitchP: notifyUidState do nothing
05-12 11:38:20.229 2204 13271 I DeepNoDisturbP: notifyUidState
05-12 11:38:20.229 2204 13271 I BrowserChrP: notifyUidState
05-12 11:38:20.229 1248 1679 D HwConnectivityServiceEx: set cache by key is 1000 interfaceName iswlan0 value is false
05-12 11:38:20.229 1248 1679 W AwareLog: SchedLevelBoost: onFgActivitiesChanged config not set!
05-12 11:38:20.237 895 959 D AwareLog: iawared: WorkingsetProcessCommand subCmd = 351, userId=10152, pid=3714, org.qtproject.example.untitled2
05-12 11:38:20.237 895 959 D AwareLog: iawared: WorkingsetPause org.qtproject.example.untitled2
05-12 11:38:20.244 692 804 I GRALLOC : getCallingPid=735, shrFd=11,fmt=0x1,intFmt=0x1,btStrd=5888,size=16842752,pid=692
05-12 11:38:20.244 692 804 I GRALLOC : yuv=2,w=1440,h=2860,Stride u=0 v=0,offset u=0 v=0
05-12 11:38:20.244 692 804 I GRALLOC : iova_size=16842752,conUsg=0x906,proUsg=0x966, strd=1472,[afbc]HdrStrd=0 PyldStrd=0 Scrmbl=0,ionhnd = 0
05-12 11:38:20.257 910 1059 W ScreemCommon: APP_START_WARM: JL_APP_WARMSTART_END and JL_APP_WARMSTART_BEGIN too long| span:50525 > A(6000), A
05-12 11:38:20.271 910 1059 D ScreemCommon: [Entry]
05-12 11:38:20.271 910 1059 E ScreemCommon: [not the beta version or delimitation frozen, no need to capture log]
05-12 11:38:20.271 910 1059 D ScreemCommon: [filterReason:0]
05-12 11:38:20.271 910 1059 D ScreemCommon: [type:1 Level:3 filter:0]
05-12 11:38:20.271 910 1059 D ScreemCommon: [entry]
05-12 11:38:20.272 910 1059 E ScreemCommon: ### JankSchedHwRead error!
05-12 11:38:20.272 910 1059 E ScreemCommon: ### ScreemSchedDlmRead read failed!
05-12 11:38:20.272 910 1059 E ScreemCommon: ### ScreemSchedDlmRead error!
05-12 11:38:20.273 910 1059 E ScreemCommon: update dlm info failed
05-12 11:38:20.275 910 1059 I iMonitor: create: 902070100
05-12 11:38:20.281 910 1059 E ScreemCommon: Failed to get thermalPath[2].
05-12 11:38:20.286 910 1059 I iMonitor: send: 902070100
05-12 11:38:20.739 2226 2397 I HwNaturalBase: [CommonHandler]: 13243Kb ram is used.
05-12 11:38:20.749 2307 2493 D ZrHung.AppEyeUiProbe: not watching, wait.
05-12 11:38:20.980 2204 2514 I HwPacketFilterBypass: isBypassAllowed not allowed reason: DATA_OFF
05-12 11:38:20.980 2204 2514 I HwPacketFilterBypass: kernelAddTrackUid uid:10152 allowed:false
05-12 11:38:21.178 816 816 I aptouch_daemon: filter_touch_detect, down, in: 1, out: 1
05-12 11:38:21.179 1248 1693 D libfingersense_wrapper: Calling fingersense_classify_touch()
05-12 11:38:21.181 1248 1693 D libfingersense_wrapper: fingersense_classify_touch() finished
05-12 11:38:21.182 1977 2108 V AudioManager: querySoundEffectsEnabled...
05-12 11:38:21.183 1248 1653 D HwCustPhoneWindowManager: answer call by keyCode = 4, down = true, isSupVolumnkeyAnswerCall = false
05-12 11:38:21.183 1248 1653 D HwPhoneWindowManager: enter wakeupNoteEditor
05-12 11:38:21.183 1248 1653 D WindowManager: interceptKeyBeforeQueueing: key 4 , result : 1
05-12 11:38:21.184 1248 1692 D HwGameAssistantController: Keycontrol mode is 1 for user 0
05-12 11:38:21.184 1248 1692 D HwGameAssistantController: isGameForeground? false
05-12 11:38:21.184 1248 1692 D HwPhoneWindowManager: deviceId:-1 mFingerPrintId:0 isGameKeyControlOn:false,EnableKey=false,mLastKeyDownDropped=false
05-12 11:38:21.184 1248 1692 V InputDispatcher: Asynchronous input event injection succeeded.
05-12 11:38:21.230 910 1059 D ScreemCommon: [Entry]
05-12 11:38:21.230 910 1059 D ScreemCommon: [scene status ok,status:1 lastId:67124592]
05-12 11:38:21.230 910 1059 D ScreemCommon: [Entry]
05-12 11:38:21.230 910 1059 D ScreemCommon: [scene status ok,status:2 lastId:67124592]
05-12 11:38:21.238 816 816 I aptouch_daemon: filter_touch_detect, all_touch_up
05-12 11:38:21.240 1248 10599 D HwCustPhoneWindowManager: answer call by keyCode = 4, down = false, isSupVolumnkeyAnswerCall = false
05-12 11:38:21.241 1248 10599 D HwPhoneWindowManager: enter wakeupNoteEditor
05-12 11:38:21.241 1248 10599 D WindowManager: interceptKeyBeforeQueueing: key 4 , result : 1
05-12 11:38:21.241 1248 1692 D HwGameAssistantController: Keycontrol mode is 1 for user 0
05-12 11:38:21.241 1248 1692 D HwGameAssistantController: isGameForeground? false
05-12 11:38:21.241 1248 1692 D HwPhoneWindowManager: deviceId:-1 mFingerPrintId:0 isGameKeyControlOn:false,EnableKey=false,mLastKeyDownDropped=false
05-12 11:38:21.241 1248 1692 V InputDispatcher: Asynchronous input event injection succeeded.
05-12 11:38:21.243 1248 10599 I ClipboardService: callingPackage:org.qtproject.example.untitled2, uid =10152, isFocusedWindow =true
05-12 11:38:21.247 3714 3756 W libuntitled2_armeabi-v7a.so: exit app 0
05-12 11:38:21.247 1248 10599 V ActivityTaskManager: positionChild stackId=0 to top.
05-12 11:38:21.247 1248 10599 W HwActivityTaskManagerServiceEx: setResumedActivityUncheckLocked start call, from: ActivityRecord{9efbd12 u0 org.qtproject.example.untitled2/org.qtproject.qt5.android.bindings.QtActivity t476 f}, to: ActivityRecord{5784de u0 com.huawei.android.launcher/.unihome.UniHomeLauncher t1}
05-12 11:38:21.248 1248 10599 W HwActivityTaskManagerServiceEx: appSwitch from: org.qtproject.example.untitled2 to: com.huawei.android.launcher
05-12 11:38:21.248 1248 10599 D ZrHung.AppEyeFocusWindow: FocusWindowErrorScene CheckFreezeScreen
05-12 11:38:21.248 1248 10599 D ZrHung.AppEyeTransparentWindow: TransparentWindow cancelCheckFreezeScreen
05-12 11:38:21.248 1248 1293 D HwGameAssistantController: UPDATE: mCurFgPkg=com.huawei.android.launcher, mCurFgPid=2307, mCurIsGame=false
05-12 11:38:21.248 2204 13271 D AssistantService-1011301: registerHwActivityNotifier call fromPackage:org.qtproject.example.untitled2, toPackage:com.huawei.android.launcher
05-12 11:38:21.248 2204 6637 D AssistantService-1011301: handleMessage app switch fromPackage:org.qtproject.example.untitled2, toPackage:com.huawei.android.launcher
05-12 11:38:21.249 2204 6637 D AssistantService-1011301: package:org.qtproject.example.untitled2 inAppAssistant:false
05-12 11:38:21.249 2204 6637 D AssistantService-1011301: package:com.huawei.android.launcher inAppAssistant:false
05-12 11:38:21.251 1248 1264 I HwWindowManagerServiceEx: set app win exit info, bundle = Bundle[{isLandscape=false, launcherPkgName=com.huawei.android.launcher, iconWidth=216, pivotX=164.0, pivotY=2329.0, iconHeight=216, flag=0}], iconBitmap = android.graphics.Bitmap@3863c91
05-12 11:38:21.252 2262 3361 E AwareLog: SPKSchedFeature: Uid has been sent, ignore.
05-12 11:38:21.252 2262 3361 E AwareLog: SPKEQSchedFeature: Uid has been sent, ignore.
05-12 11:38:21.252 1248 11015 V WindowManager: notifyAppResumed: wasStopped=true AppWindowToken{53a958d token=Token{7616eb7 ActivityRecord{5784de u0 com.huawei.android.launcher/.unihome.UniHomeLauncher t1}}}
05-12 11:38:21.252 2262 2418 D ScenarioService: front pkg : com.huawei.android.launcher launcher: true
05-12 11:38:21.252 2262 2418 I AppManager: handleAppFrontEvent: com.huawei.android.launcher
05-12 11:38:21.252 2262 2418 I AppsUsage: scnOff:false FgAPP:com.huawei.android.launcher BgAPP:org.qtproject.example.untitled2
05-12 11:38:21.253 2262 2648 I PG_ash : front pkg : com.huawei.android.launcher launcher: true
05-12 11:38:21.253 2262 2648 I PG_ash : keep window pkg front laucher, multiWin: null , pipWim:null
05-12 11:38:21.254 2262 2787 I PGServer: report state:10000 event type:2 pid:0 uid:0 pkg:org.qtproject.example.untitled2 to pid: 2262
05-12 11:38:21.254 2262 2787 I SceneReceiver: state type: 10000 eventType:2 pid:0 uid:0 pkg:org.qtproject.example.untitled2
05-12 11:38:21.255 2262 2787 I PGServer: report state:10000 event type:2 pid:0 uid:0 pkg:org.qtproject.example.untitled2 to pid: 2204
05-12 11:38:21.255 2262 2787 I PGServer: report state:10000 event type:2 pid:0 uid:0 pkg:org.qtproject.example.untitled2 to pid: 1248
05-12 11:38:21.255 2262 2787 I PGServer: report state:10010 event type:1 pid:0 uid:0 pkg:com.huawei.android.launcher to pid: 2262
05-12 11:38:21.255 2262 2787 I SceneReceiver: state type: 10010 eventType:1 pid:0 uid:0 pkg:com.huawei.android.launcher
05-12 11:38:21.255 2262 3363 D ThermalTrace_ThermalRaise: current pkg:org.qtproject.example.untitled2
05-12 11:38:21.255 2262 3360 D HwThermalStateManager: current foreapp pkg : com.huawei.android.launcher
05-12 11:38:21.255 1248 1292 I HwAudioServiceEx: ComponentInfo : className = org.qtproject.qt5.android.bindings.QtActivity, flag=onPause, isHomeActivity=, isTop=false
05-12 11:38:21.255 1248 1292 W SecurityProfileService: Activity life state callback extras get package null!
05-12 11:38:21.256 2204 3349 D DollieActivityManagerAdapter: [Paused] pid:3714 uid:10152 ComponentInfo{org.qtproject.example.untitled2/org.qtproject.qt5.android.bindings.QtActivity} uidState:2
05-12 11:38:21.256 3805 3835 I AppLifeChangeSensor: CAWARENESS: activityPaused componentName = ComponentInfo{org.qtproject.example.untitled2/org.qtproject.qt5.android.bindings.QtActivity}
05-12 11:38:21.256 3805 3835 E AppLifeChangeSensor: CAWARENESS: activityPaused mAppLifeChangeCallback is null
05-12 11:38:21.256 2262 2787 I PGServer: report state:10010 event type:1 pid:0 uid:0 pkg:com.huawei.android.launcher to pid: 2204
05-12 11:38:21.256 2262 2787 I PGServer: report state:10010 event type:1 pid:0 uid:0 pkg:com.huawei.android.launcher to pid: 1248
05-12 11:38:21.256 2204 13271 D HicomMonitor: notifyForegroundAppChanged: pkg:com.huawei.android.launcher
05-12 11:38:21.256 2204 13271 D Hicom_EmcomManagerService: onForegroundAppChanged, pkgName:com.huawei.android.launcher
05-12 11:38:21.256 1248 1273 W : Failed to UpdateQosForCgroupInner, tid=0, policy=10
05-12 11:38:21.256 2204 2827 W Hicom_XEngineProcessor: handleForegroundAppChanged. Feature is not enable.
