05-12 11:38:21.257 2262 2320 I PGServer: checkPkgType. calling pkg: android
05-12 11:38:21.258 10724 10724 I HiBoard_20.0.5.312_Workspace: onWindowVisibilityChanged:0 isOverlayClosed:true
05-12 11:38:21.259 866 866 I : [Promm]ReadAheadEnd: ReadAheadEnd, uid = 10152
05-12 11:38:21.259 866 866 I : [Promm]ReadAheadCheckResult: res 4: using bitmap ok.
05-12 11:38:21.260 2204 13271 I BoosterSwitchP: notifyUidState do nothing
05-12 11:38:21.260 2204 13271 I DeepNoDisturbP: notifyUidState
05-12 11:38:21.260 2204 13271 I BrowserChrP: notifyUidState
05-12 11:38:21.262 10724 12006 D mali_winsys: EGLint new_window_surface(egl_winsys_display *, void *, EGLSurface, EGLConfig, egl_winsys_surface **, EGLBoolean) returns 0x3000
05-12 11:38:21.264 895 967 I Pged-IPgedBinderService: ****action is 2, pid num is 3***
05-12 11:38:21.264 895 967 I Pged-Freezer: thawPids
05-12 11:38:21.264 2262 2642 D PgedBinderAdapter: unF_Z ok, pid: [32764, 1148]
05-12 11:38:21.269 1248 11015 W ActivityManager: Sending non-protected broadcast com.huawei.action.SIM_PLMN_SELINFO from system 2278:com.android.phone/1001 pkg com.android.phone
05-12 11:38:21.270 692 804 I GRALLOC : getCallingPid=735, shrFd=11,fmt=0x1,intFmt=0x200000001,btStrd=5888,size=18661376,pid=692
05-12 11:38:21.270 692 804 I GRALLOC : yuv=2,w=1440,h=3120,Stride u=0 v=0,offset u=0 v=0
05-12 11:38:21.270 692 804 I GRALLOC : iova_size=18661376,conUsg=0xb00,proUsg=0xb00, strd=1472,[afbc]HdrStrd=1472 PyldStrd=94208 Scrmbl=2,ionhnd = 0
05-12 11:38:21.271 2307 2493 D ZrHung.AppEyeUiProbe: restart watching
05-12 11:38:21.271 2130 2699 E HSC_SEC_BG: AiProtectionUtils:AI is not supported, current platform is:kirin980
05-12 11:38:21.272 2204 3349 D DollieActivityManagerAdapter: [Resumed] bg:true pid:2307 uid:10066 ComponentInfo{com.huawei.android.launcher/com.huawei.android.launcher.unihome.UniHomeLauncher}
05-12 11:38:21.272 1248 1292 I HwAudioServiceEx: ComponentInfo : className = com.huawei.android.launcher.unihome.UniHomeLauncher, flag=onResume, isHomeActivity=, isTop=true
05-12 11:38:21.272 2204 3349 E DollieAdapterService: notifyActivityState pkg:com.huawei.android.launcher/com.huawei.android.launcher.unihome.UniHomeLauncher state:2 fg:true mUid:10066
05-12 11:38:21.272 1248 1292 W SecurityProfileService: Activity life state callback extras get package null!
05-12 11:38:21.272 2204 2514 I UidCloseNrStateMachine: enter uidStateChanged, ForeGrountApp = com.huawei.android.launcher, mIsCallOn = false, mIsUsbPlugged = true
05-12 11:38:21.272 2170 2200 I OPCollectLog: AppChangeImpl:call onAppChange.
05-12 11:38:21.273 3805 3835 I AppLifeChangeSensor: CAWARENESS: activityResumed componentName = ComponentInfo{com.huawei.android.launcher/com.huawei.android.launcher.unihome.UniHomeLauncher}
05-12 11:38:21.273 3805 3835 E AppLifeChangeSensor: CAWARENESS: activityResumed mAppLifeChangeCallback is null
05-12 11:38:21.273 2170 2453 I OPCollectLog: HwForegroundAppAction:handleMessage
05-12 11:38:21.273 1248 11015 I HwNetworkPolicy: onTransact, code = 203
05-12 11:38:21.273 2170 2453 D OPCollectLog: HwForegroundAppAction:FG executeWithArgs
05-12 11:38:21.273 2170 2453 I OPCollectLog: OPCollectUtils:ODMF Api Version:2.14.1
05-12 11:38:21.273 2130 2779 I HwNetworkPolicyManager: getHwUidPolicy uid = 10066 policy = 0
05-12 11:38:21.273 2170 2453 I OPCollectLog: Action:HwForegroundAppAction executed successfully
05-12 11:38:21.273 2170 2453 D OPCollectLog: OdmfCollectScheduler:handleMessage msg: 4
05-12 11:38:21.273 2170 2453 I OPCollectLog: OdmfHelper:opcollectCache 1
05-12 11:38:21.273 2170 2453 I OPCollectLog: OdmfHelper:opcollectCache curTime: 67177240, interval: 1292
05-12 11:38:21.273 1248 1679 W AwareLog: SchedLevelBoost: onFgActivitiesChanged config not set!
05-12 11:38:21.274 3600 3738 I HiSearch20.0.4.303: [LauncherOverlayService]: LAUNCHER_INTERACTION from launcher and invoke invokeId = -111
05-12 11:38:21.274 3600 3738 I HiSearch20.0.4.303: [LauncherOverlayService]: isOverlayClosed = true
05-12 11:38:21.274 3600 3738 I HiSearch20.0.4.303: [LauncherOverlayService]: LAUNCHER_INTERACTION from launcher and invoke, overlay closed, return.
05-12 11:38:21.274 2170 2453 I OPCollectLog: OdmfHelper:isCharging: true
05-12 11:38:21.275 1248 1653 I HwAudioService: now type = -1,reportForegroundAppType = 28,pkg = null,systemload = -1mVoipOptimizeInGameModefalse
05-12 11:38:21.278 1248 10599 V HwPhoneWindowManager: updateSystemUiColorLw window=Window{dc2de08 u0 com.huawei.android.launcher/com.huawei.android.launcher.unihome.UniHomeLauncher},EmuiStyle=-1,StatusBarColor=0x0,NavigationBarColor=0x0, mForceNotchStatusBar=false
05-12 11:38:21.278 1248 10599 D ZrHung.AppEyeFocusWindow: FocusWindowErrorScene cancelCheckFreezeScreen
05-12 11:38:21.278 1248 10599 D ZrHung.AppEyeTransparentWindow: TransparentWindow mHungConfigStatus = 0,mHungConfigEnable = 1
05-12 11:38:21.278 2170 2453 I OPCollectLog: OdmfHelper:insert database success
05-12 11:38:21.278 2170 2453 I OPCollectLog: OdmfHelper:opcollectCache size: 1
05-12 11:38:21.278 2170 2453 I OPCollectLog: OdmfHelper:opcollectCache lastTime: 67177245
05-12 11:38:21.279 2307 2496 D mali_winsys: EGLint new_window_surface(egl_winsys_display *, void *, EGLSurface, EGLConfig, egl_winsys_surface **, EGLBoolean) returns 0x3000
05-12 11:38:21.280 2307 2307 W HwLauncher: FolderIcondrawSelectedLabel bitmap null
05-12 11:38:21.280 2307 2307 I chatty : uid=10066(com.huawei.android.launcher) identical 1 line
05-12 11:38:21.280 2307 2307 W HwLauncher: FolderIcondrawSelectedLabel bitmap null
05-12 11:38:21.280 15232 15262 I HiDecision: OdmfCollectScheduler: handleMessage msg: 6
05-12 11:38:21.280 15232 15262 I HiDecision: HwRecSysService: cur pkg: com.huawei.android.launcher
05-12 11:38:21.283 692 804 I GRALLOC : getCallingPid=735, shrFd=11,fmt=0x1,intFmt=0x200000001,btStrd=5888,size=18661376,pid=692
05-12 11:38:21.283 692 804 I GRALLOC : yuv=2,w=1440,h=3120,Stride u=0 v=0,offset u=0 v=0
05-12 11:38:21.283 692 804 I GRALLOC : iova_size=18661376,conUsg=0xb00,proUsg=0xb00, strd=1472,[afbc]HdrStrd=1472 PyldStrd=94208 Scrmbl=2,ionhnd = 0
05-12 11:38:21.287 2278 2278 E HwModemCapability: isCapabilitySupport java.lang.StringIndexOutOfBoundsException: length=7; index=7
05-12 11:38:21.289 2204 2471 I DeepNoDisturbP: handleStateChanged reason=8
05-12 11:38:21.292 2204 2471 I HidataAppQoeP: handleStateChanged reason=8
05-12 11:38:21.292 1977 2224 E HwModemCapability: isCapabilitySupport java.lang.StringIndexOutOfBoundsException: length=7; index=7
05-12 11:38:21.292 1977 2224 I chatty : uid=10033(com.huawei.desktop.systemui) SysUiBg identical 1 line
05-12 11:38:21.292 1977 2224 E HwModemCapability: isCapabilitySupport java.lang.StringIndexOutOfBoundsException: length=7; index=7
05-12 11:38:21.293 692 692 I GRALLOC : getCallingPid=735, shrFd=11,fmt=0x1,intFmt=0x200000001,btStrd=5888,size=18661376,pid=692
05-12 11:38:21.293 692 692 I GRALLOC : yuv=2,w=1440,h=3120,Stride u=0 v=0,offset u=0 v=0
05-12 11:38:21.293 692 692 I GRALLOC : iova_size=18661376,conUsg=0xb00,proUsg=0xb00, strd=1472,[afbc]HdrStrd=1472 PyldStrd=94208 Scrmbl=2,ionhnd = 0
05-12 11:38:21.293 910 1059 D ScreemCommon: [Entry]
05-12 11:38:21.293 910 1059 D ScreemCommon: [new scene start 67177260]
05-12 11:38:21.294 1248 10599 E HwModemCapability: isCapabilitySupport java.lang.StringIndexOutOfBoundsException: length=7; index=7
05-12 11:38:21.294 1248 1248 I MQoS : onSignal: mSubId=1,currDataSubID=1
05-12 11:38:21.294 1248 1248 E HwModemCapability: isCapabilitySupport java.lang.StringIndexOutOfBoundsException: length=7; index=7
05-12 11:38:21.294 1248 1248 I MQoS : received cell-signal:5
05-12 11:38:21.295 5341 5341 E HwModemCapability: isCapabilitySupport java.lang.StringIndexOutOfBoundsException: length=7; index=7
05-12 11:38:21.295 2262 3360 E HwModemCapability: isCapabilitySupport java.lang.StringIndexOutOfBoundsException: length=7; index=7
05-12 11:38:21.296 2170 2170 E HwModemCapability: isCapabilitySupport java.lang.StringIndexOutOfBoundsException: length=7; index=7
05-12 11:38:21.296 2204 2471 I PreDnsQuery: handleStateChanged reason=8
05-12 11:38:21.296 2170 2170 I chatty : uid=1000(system) com.huawei.hiview identical 4 lines
05-12 11:38:21.296 2170 2170 E HwModemCapability: isCapabilitySupport java.lang.StringIndexOutOfBoundsException: length=7; index=7
05-12 11:38:21.296 2278 2278 E HwModemCapability: isCapabilitySupport java.lang.StringIndexOutOfBoundsException: length=7; index=7
05-12 11:38:21.297 2170 2170 E HwModemCapability: isCapabilitySupport java.lang.StringIndexOutOfBoundsException: length=7; index=7
05-12 11:38:21.297 2278 2278 D Mapcon : TelephonyTracker: [onSignalStrengthsChanged]onSignalStrengthsChanged:phoneId=1, level=5
05-12 11:38:21.297 2278 2278 E HwModemCapability: isCapabilitySupport java.lang.StringIndexOutOfBoundsException: length=7; index=7
05-12 11:38:21.297 2170 2170 E HwModemCapability: isCapabilitySupport java.lang.StringIndexOutOfBoundsException: length=7; index=7
05-12 11:38:21.297 2278 3212 D Mapcon : VoiceManager-5-PrepareState: [valueOf]MsgIdEnum=MAPCON_MESSAGE_TM_CMD_SIGNAL_STRENGTH_CHANED_IND
05-12 11:38:21.297 2278 3212 D Mapcon : VoiceManager-5-PrepareState: [valueOf]MsgIdEnum=MAPCON_MESSAGE_TM_CMD_SIGNAL_STRENGTH_CHANED_IND
05-12 11:38:21.297 2278 3212 D Mapcon : VoiceManager-5-DefaultState: [valueOf]MsgIdEnum=MAPCON_MESSAGE_TM_CMD_SIGNAL_STRENGTH_CHANED_IND
05-12 11:38:21.297 2278 3212 D Mapcon : VoiceManager-5-DefaultState: [valueOf]MsgIdEnum=MAPCON_MESSAGE_TM_CMD_SIGNAL_STRENGTH_CHANED_IND
05-12 11:38:21.297 2278 3212 D Mapcon : MapconConfigImpl-1: [getCarrierConfigInt]getCarrierConfigInt, [key]=vowifi_rssi_update_policy, [value]=0
05-12 11:38:21.297 2204 2471 I PreDnsQuery: No need to handled!
05-12 11:38:21.297 2204 2471 I BrowserChrP: handleStateChanged
05-12 11:38:21.298 2170 2170 I chatty : uid=1000(system) com.huawei.hiview identical 12 lines
05-12 11:38:21.298 2170 2170 E HwModemCapability: isCapabilitySupport java.lang.StringIndexOutOfBoundsException: length=7; index=7
05-12 11:38:21.298 2307 2307 I HwViewRootImpl: removeInvalidNode all the node in jank list is out of time
05-12 11:38:21.298 2170 2170 E HwModemCapability: isCapabilitySupport java.lang.StringIndexOutOfBoundsException: length=7; index=7
05-12 11:38:21.299 1248 1274 I WindowManager: New wallpaper target: Window{dc2de08 u0 com.huawei.android.launcher/com.huawei.android.launcher.unihome.UniHomeLauncher} prevTarget: null
05-12 11:38:21.301 1248 1274 I HwWindowManagerServiceEx: closing apps count = 1
05-12 11:38:21.300 2170 2170 I chatty : uid=1000(system) com.huawei.hiview identical 7 lines
05-12 11:38:21.300 2170 2170 E HwModemCapability: isCapabilitySupport java.lang.StringIndexOutOfBoundsException: length=7; index=7
05-12 11:38:21.301 692 1156 I GRALLOC : getCallingPid=735, shrFd=11,fmt=0x1,intFmt=0x200000001,btStrd=5888,size=18661376,pid=692
05-12 11:38:21.301 692 1156 I GRALLOC : yuv=2,w=1440,h=3120,Stride u=0 v=0,offset u=0 v=0
05-12 11:38:21.301 692 1156 I GRALLOC : iova_size=18661376,conUsg=0xb00,proUsg=0xb00, strd=1472,[afbc]HdrStrd=1472 PyldStrd=94208 Scrmbl=2,ionhnd = 0
05-12 11:38:21.301 1248 1274 D HwWindowManagerServiceEx: is app exit to launcher info: transit = 13, app = AppWindowToken{e280d99 token=Token{85176e0 ActivityRecord{9efbd12 u0 org.qtproject.example.untitled2/org.qtproject.qt5.android.bindings.QtActivity t476}}}, window = Window{7983735 u0 org.qtproject.example.untitled2/org.qtproject.qt5.android.bindings.QtActivity}, mClosingApps = {AppWindowToken{e280d99 token=Token{85176e0 ActivityRecord{9efbd12 u0 org.qtproject.example.untitled2/org.qtproject.qt5.android.bindings.QtActivity t476}}}}, topOpeningApp = AppWindowToken{53a958d token=Token{7616eb7 ActivityRecord{5784de u0 com.huawei.android.launcher/.unihome.UniHomeLauncher t1}}}, mExitIconBitmap = android.graphics.Bitmap@3863c91, mExitIconHeight = 216, mExitIconWidth = 216
05-12 11:38:21.304 1248 1274 D HwWindowManagerServiceEx: is app exit to launcher info: transit = 13, app = AppWindowToken{53a958d token=Token{7616eb7 ActivityRecord{5784de u0 com.huawei.android.launcher/.unihome.UniHomeLauncher t1}}}, window = Window{dc2de08 u0 com.huawei.android.launcher/com.huawei.android.launcher.unihome.UniHomeLauncher}, mClosingApps = {AppWindowToken{e280d99 token=Token{85176e0 ActivityRecord{9efbd12 u0 org.qtproject.example.untitled2/org.qtproject.qt5.android.bindings.QtActivity t476}}}}, topOpeningApp = AppWindowToken{53a958d token=Token{7616eb7 ActivityRecord{5784de u0 com.huawei.android.launcher/.unihome.UniHomeLauncher t1}}}, mExitIconBitmap = android.graphics.Bitmap@3863c91, mExitIconHeight = 216, mExitIconWidth = 216
05-12 11:38:21.304 1248 1274 E WindowManager: icon is null!!
05-12 11:38:21.304 1248 1274 I HwWindowManagerServiceEx: {AppWindowToken{e280d99 token=Token{85176e0 ActivityRecord{9efbd12 u0 org.qtproject.example.untitled2/org.qtproject.qt5.android.bindings.QtActivity t476}}}} is closing and {AppWindowToken{53a958d token=Token{7616eb7 ActivityRecord{5784de u0 com.huawei.android.launcher/.unihome.UniHomeLauncher t1}}}}is opening
05-12 11:38:21.306 1248 1274 D HwAppTransitionImpl: windowAnimations = 0 dose not come from system, not to override it.
05-12 11:38:21.306 1248 1274 I HwWindowManagerServiceEx: exit info has been reset.
05-12 11:38:21.306 2170 2170 E HwModemCapability: isCapabilitySupport java.lang.StringIndexOutOfBoundsException: length=7; index=7
05-12 11:38:21.309 2170 2170 I chatty : uid=1000(system) com.huawei.hiview identical 16 lines
05-12 11:38:21.309 2170 2170 E HwModemCapability: isCapabilitySupport java.lang.StringIndexOutOfBoundsException: length=7; index=7
05-12 11:38:21.309 692 804 I GRALLOC : getCallingPid=735, shrFd=11,fmt=0x1,intFmt=0x200000001,btStrd=5888,size=18661376,pid=692
05-12 11:38:21.309 692 804 I GRALLOC : yuv=2,w=1440,h=3120,Stride u=0 v=0,offset u=0 v=0
05-12 11:38:21.309 692 804 I GRALLOC : iova_size=18661376,conUsg=0xb00,proUsg=0xb00, strd=1472,[afbc]HdrStrd=1472 PyldStrd=94208 Scrmbl=2,ionhnd = 0
05-12 11:38:21.313 692 1156 I GRALLOC : getCallingPid=735, shrFd=11,fmt=0x1,intFmt=0x1,btStrd=4096,size=8945664,pid=692
05-12 11:38:21.313 692 1156 I GRALLOC : yuv=2,w=1008,h=2184,Stride u=0 v=0,offset u=0 v=0
05-12 11:38:21.313 692 1156 I GRALLOC : iova_size=8945664,conUsg=0x306,proUsg=0x366, strd=1024,[afbc]HdrStrd=0 PyldStrd=0 Scrmbl=0,ionhnd = 0
05-12 11:38:21.315 693 809 W hwcomposer: setGpuFreqBoost:155: boostGpuFreq succ !
05-12 11:38:21.322 692 804 I GRALLOC : getCallingPid=735, shrFd=11,fmt=0x1,intFmt=0x200000001,btStrd=5888,size=18661376,pid=692
05-12 11:38:21.322 692 804 I GRALLOC : yuv=2,w=1440,h=3120,Stride u=0 v=0,offset u=0 v=0
05-12 11:38:21.322 692 804 I GRALLOC : iova_size=18661376,conUsg=0xb00,proUsg=0xb00, strd=1472,[afbc]HdrStrd=1472 PyldStrd=94208 Scrmbl=2,ionhnd = 0
05-12 11:38:21.329 1248 1270 D HwPhoneWindowManager: Transact:setSystemUIColor to status bar service
05-12 11:38:21.329 1977 10802 I HwCommandQueue: updateBarBgColor
05-12 11:38:21.329 1977 10802 D HwCommandQueue: CommandQueue, setBarBackgroundColor
05-12 11:38:21.329 1248 1270 I StatusBarDisable: setFlags what=0 which=1 pkg=Window{dc2de08 u0 com.huawei.android.launcher/com.huawei.android.launcher.unihome.UniHomeLauncher}
05-12 11:38:21.330 1977 1977 D BarTransitions.HwPhoneStatusBarView: MODE_OPAQUE -> MODE_TRANSPARENT animate=false
05-12 11:38:21.330 1977 1977 D BarTransitions.HwPhoneStatusBarView: applyModeBackground oldMode=MODE_OPAQUE newMode=MODE_TRANSPARENT animate=false
05-12 11:38:21.331 1977 1977 D BarTransitions.HwNavigationBarView: MODE_OPAQUE -> MODE_TRANSPARENT animate=false
05-12 11:38:21.331 1977 1977 D BarTransitions.HwNavigationBarView: applyModeBackground oldMode=MODE_OPAQUE newMode=MODE_TRANSPARENT animate=false
05-12 11:38:21.362 910 1059 D ScreemCommon: [Entry]
05-12 11:38:21.529 650 1142 I netd : trafficSwapActiveStatsMap() <14.27ms>
05-12 11:38:21.545 650 1142 I netd : trafficSwapActiveStatsMap() <15.00ms>
05-12 11:38:21.655 859 23940 D iTouchService: itouch currentPackageName = org.qtproject.example.untitled2
05-12 11:38:21.655 859 23940 D iTouchService: itouch appType=-1 appState=0 gameMode=2
05-12 11:38:21.655 859 23940 D iTouchService: g_itouch_reader_monitor empty
05-12 11:38:21.655 859 23940 D iTouchService: g_itouch_reader_monitor Monitor::isReaderMonitorEnable()=0
05-12 11:38:21.655 859 23940 D iTouchService: itouch getCurrentParmID tempPkg=org.qtproject.example.xxx
05-12 11:38:21.655 859 23940 D iTouchService: itouch:app org.qtproject.example.untitled2 is not game app
05-12 11:38:21.655 859 23940 D iTouchService: itouch:app org.qtproject.example.untitled2 is not in StylusPenList
05-12 11:38:21.655 859 23940 D iTouchService: itouch:styluspen_switch is disable
05-12 11:38:21.655 859 23940 D iTouchService: itouch:currentAppTypeName =|UNKNOWN|
05-12 11:38:21.330 1248 1270 I StatusBarDisable: setFlags what=0 which=1 pkg=Window{dc2de08 u0 com.huawei.android.launcher/com.huawei.android.launcher.unihome.UniHomeLauncher}
05-12 11:38:21.656 2204 4298 I BoosterSwitchP: notifyUidState do nothing
05-12 11:38:21.656 2204 4298 I DeepNoDisturbP: notifyUidState
05-12 11:38:21.656 2204 4298 I BrowserChrP: notifyUidState
05-12 11:38:21.657 2204 3349 D DollieActivityManagerAdapter: [UidStateChanged] uid:10152 uidState:19
05-12 11:38:21.657 2204 3349 E DollieAdapterService: notifyActivityState pkg:org.qtproject.example.untitled2/org.qtproject.qt5.android.bindings.QtActivity state:19 fg:false mUid:10152
05-12 11:38:21.658 2204 3349 I HidataAppQoeP: foregroundUidRemove uid: 10152 name: org.qtproject.example.untitled2
05-12 11:38:21.658 2204 2514 I HwPacketFilterBypass: handleActivityUidStateChanged uid:10152 -1 foreground:0
05-12 11:38:21.658 2204 2514 I HwPacketFilterBypass: isAllowSendSmartCureToChr false, no exceptions occur, dropCnt:0
05-12 11:38:21.658 1248 1679 D ConnectivityService: get Network state from cache, cacheBlock is 0
05-12 11:38:21.659 1248 1679 W AwareLog: SchedLevelBoost: onFgActivitiesChanged config not set!
05-12 11:38:21.665 693 809 W hwcomposer: setGpuFreqBoost:160: boostGpuFreq release !
05-12 11:38:21.666 735 3094 E BufferQueueProducer: [SurfaceView - org.qtproject.example.untitled2/org.qtproject.qt5.android.bindings.QtActivity#0]:1338: disconnect: not connected (req=2)
05-12 11:38:21.670 735 3094 E BufferQueueProducer: [org.qtproject.example.untitled2/org.qtproject.qt5.android.bindings.QtActivity#0]:1338: disconnect: not connected (req=1)
05-12 11:38:21.671 3714 3752 W libEGL : EGLNativeWindowType 0xd9b64008 disconnect failed
05-12 11:38:21.702 3714 3756 E libc++abi: terminating --------- beginning of crash
05-12 11:38:21.703 3714 3756 F libc : Fatal signal 6 (SIGABRT), code -1 (SI_QUEUE) in tid 3756 (qtMainLoopThrea), pid 3714 (ample.untitled2)
05-12 11:38:21.749 3714 3747 I ample.untitled: QarthPatchMonintor::CheckNotifyEvent after read, length = -1
05-12 11:38:21.749 3714 3747 I ample.untitled:
05-12 11:38:21.750 3714 3747 I ample.untitled: QarthPatchMonintor::CheckNotifyEvent
05-12 11:38:21.750 3714 3747 I ample.untitled:
05-12 11:38:21.750 3714 3747 I ample.untitled: QarthPatchMonintor::CheckNotifyEvent before read
05-12 11:38:21.750 3714 3747 I ample.untitled:
05-12 11:38:21.750 3714 3747 I ample.untitled: QarthPatchMonintor::CheckNotifyEvent after read, length = -1
05-12 11:38:21.750 3714 3747 I ample.untitled:
05-12 11:38:21.750 3714 3747 I ample.untitled: QarthPatchMonintor::CheckNotifyEvent
05-12 11:38:21.750 3714 3747 I ample.untitled:
05-12 11:38:21.750 3714 3747 I ample.untitled: QarthPatchMonintor::CheckNotifyEvent before read
05-12 11:38:21.750 3714 3747 I ample.untitled:
05-12 11:38:21.750 3714 3747 I ample.untitled: QarthPatchMonintor::CheckNotifyEvent after read, length = -1
05-12 11:38:21.750 3714 3747 I ample.untitled:
05-12 11:38:21.750 3714 3747 I ample.untitled: QarthPatchMonintor::CheckNotifyEvent
05-12 11:38:21.750 3714 3747 I ample.untitled:
05-12 11:38:21.750 3714 3747 I ample.untitled: QarthPatchMonintor::CheckNotifyEvent before read
05-12 11:38:21.750 3714 3747 I ample.untitled:
05-12 11:38:21.750 3714 3747 I ample.untitled: QarthPatchMonintor::CheckNotifyEvent after read, length = -1
05-12 11:38:21.750 3714 3747 I ample.untitled:
05-12 11:38:21.750 3714 3747 I ample.untitled: QarthPatchMonintor::CheckNotifyEvent
05-12 11:38:21.750 3714 3747 I ample.untitled:
05-12 11:38:21.750 3714 3747 I ample.untitled: QarthPatchMonintor::CheckNotifyEvent before read
05-12 11:38:21.750 3714 3747 I ample.untitled:
05-12 11:38:21.750 3714 3747 I ample.untitled: QarthPatchMonintor::CheckNotifyEvent after read, length = -1
05-12 11:38:21.750 3714 3747 I ample.untitled:
05-12 11:38:21.750 3714 3747 I ample.untitled: QarthPatchMonintor::CheckNotifyEvent
05-12 11:38:21.750 3714 3747 I ample.untitled:
05-12 11:38:21.750 3714 3747 I ample.untitled: QarthPatchMonintor::CheckNotifyEvent before read
05-12 11:38:21.750 3714 3747 I ample.untitled:
05-12 11:38:21.750 3714 3747 I ample.untitled: QarthPatchMonintor::CheckNotifyEvent after read, length = -1
05-12 11:38:21.750 3714 3747 I ample.untitled:
05-12 11:38:21.750 3714 3747 I ample.untitled: QarthPatchMonintor::CheckNotifyEvent
05-12 11:38:21.750 3714 3747 I ample.untitled:
05-12 11:38:21.750 3714 3747 I ample.untitled: QarthPatchMonintor::CheckNotifyEvent before read
05-12 11:38:21.750 3714 3747 I ample.untitled:
05-12 11:38:21.750 3714 3747 I ample.untitled: QarthPatchMonintor::CheckNotifyEvent after read, length = -1
05-12 11:38:21.750 3714 3747 I ample.untitled:
05-12 11:38:21.750 3714 3747 I ample.untitled: QarthPatchMonintor::CheckNotifyEvent
05-12 11:38:21.750 3714 3747 I ample.untitled:
05-12 11:38:21.750 3714 3747 I ample.untitled: QarthPatchMonintor::CheckNotifyEvent before read
05-12 11:38:21.750 3714 3747 I ample.untitled:
05-12 11:38:21.750 3714 3747 I ample.untitled: QarthPatchMonintor::CheckNotifyEvent after read, length = -1
05-12 11:38:21.750 3714 3747 I ample.untitled:
05-12 11:38:21.750 3714 3747 I ample.untitled: QarthPatchMonintor::CheckNotifyEvent
05-12 11:38:21.750 3714 3747 I ample.untitled:
05-12 11:38:21.750 3714 3747 I ample.untitled: QarthPatchMonintor::CheckNotifyEvent before read
05-12 11:38:21.750 3714 3747 I ample.untitled:
05-12 11:38:21.750 3714 3747 I ample.untitled: QarthPatchMonintor::CheckNotifyEvent after read, length = -1
05-12 11:38:21.750 3714 3747 I ample.untitled:
05-12 11:38:21.750 3714 3747 I ample.untitled: QarthPatchMonintor::CheckNotifyEvent
05-12 11:38:21.750 3714 3747 I ample.untitled:
05-12 11:38:21.750 3714 3747 I ample.untitled: QarthPatchMonintor::CheckNotifyEvent before read
05-12 11:38:21.750 3714 3747 I ample.untitled:
05-12 11:38:21.750 3714 3747 I ample.untitled: QarthPatchMonintor::CheckNotifyEvent after read, length = -1
05-12 11:38:21.750 3714 3747 I ample.untitled:
05-12 11:38:21.750 3714 3747 I ample.untitled: QarthPatchMonintor::CheckNotifyEvent
05-12 11:38:21.750 3714 3747 I ample.untitled:
05-12 11:38:21.750 3714 3747 I ample.untitled: QarthPatchMonintor::CheckNotifyEvent before read
05-12 11:38:21.750 3714 3747 I ample.untitled:
05-12 11:38:21.750 3714 3747 I ample.untitled: QarthPatchMonintor::CheckNotifyEvent after read, length = -1
05-12 11:38:21.750 3714 3747 I ample.untitled:
05-12 11:38:21.750 3714 3747 I ample.untitled: QarthPatchMonintor::CheckNotifyEvent
05-12 11:38:21.750 3714 3747 I ample.untitled:
05-12 11:38:21.750 3714 3747 I ample.untitled: QarthPatchMonintor::CheckNotifyEvent before read
05-12 11:38:21.750 3714 3747 I ample.untitled:
05-12 11:38:21.750 3714 3747 I ample.untitled: QarthPatchMonintor::CheckNotifyEvent after read, length = -1
05-12 11:38:21.750 3714 3747 I ample.untitled:
05-12 11:38:21.750 3714 3747 I ample.untitled: QarthPatchMonintor::CheckNotifyEvent
05-12 11:38:21.750 3714 3747 I ample.untitled:
05-12 11:38:21.750 3714 3747 I ample.untitled: QarthPatchMonintor::CheckNotifyEvent before read
05-12 11:38:21.750 3714 3747 I ample.untitled:
05-12 11:38:21.750 3714 3747 I ample.untitled: QarthPatchMonintor::CheckNotifyEvent after read, length = -1
05-12 11:38:21.750 3714 3747 I ample.untitled:
05-12 11:38:21.750 3714 3747 I ample.untitled: QarthPatchMonintor::CheckNotifyEvent
05-12 11:38:21.750 3714 3747 I ample.untitled:
05-12 11:38:21.750 3714 3747 I ample.untitled: QarthPatchMonintor::CheckNotifyEvent before read
05-12 11:38:21.750 3714 3747 I ample.untitled:
05-12 11:38:21.750 3714 3747 I ample.untitled: QarthPatchMonintor::CheckNotifyEvent after read, length = -1
05-12 11:38:21.750 3714 3747 I ample.untitled:
05-12 11:38:21.750 3714 3783 F libc : FORTIFY: pthread_mutex_lock called on a destroyed mutex (0xea4354b8)
05-12 11:38:21.750 3714 3747 I ample.untitled: QarthPatchMonintor::CheckNotifyEvent
05-12 11:38:21.750 3714 3747 I ample.untitled:
05-12 11:38:21.750 3714 3747 I ample.untitled: QarthPatchMonintor::CheckNotifyEvent before read
05-12 11:38:21.750 3714 3747 I ample.untitled:
05-12 11:38:21.750 3714 3747 I ample.untitled: QarthPatchMonintor::CheckNotifyEvent after read, length = -1
05-12 11:38:21.750 3714 3747 I ample.untitled:
05-12 11:38:21.750 3714 3747 I ample.untitled: QarthPatchMonintor::CheckNotifyEvent
05-12 11:38:21.750 3714 3747 I ample.untitled:
05-12 11:38:21.750 3789 3789 I crash_dump32: obtaining output fd from tombstoned, type: kDebuggerdTombstone
05-12 11:38:21.750 3714 3747 I ample.untitled: QarthPatchMonintor::CheckNotifyEvent before read
05-12 11:38:21.750 3714 3747 I ample.untitled:
05-12 11:38:21.750 3714 3747 I ample.untitled: QarthPatchMonintor::CheckNotifyEvent after read, length = -1
05-12 11:38:21.750 3714 3747 I ample.untitled:
05-12 11:38:21.750 3714 3747 I ample.untitled: QarthPatchMonintor::CheckNotifyEvent
05-12 11:38:21.750 3714 3747 I ample.untitled:
05-12 11:38:21.750 3714 3747 I ample.untitled: QarthPatchMonintor::CheckNotifyEvent before read
05-12 11:38:21.750 3714 3747 I ample.untitled:
05-12 11:38:21.750 3714 3747 I ample.untitled: QarthPatchMonintor::CheckNotifyEvent after read, length = -1
05-12 11:38:21.750 3714 3747 I ample.untitled:
05-12 11:38:21.750 3714 3747 I ample.untitled: QarthPatchMonintor::CheckNotifyEvent
05-12 11:38:21.750 3714 3747 I ample.untitled:
05-12 11:38:21.750 3714 3747 I ample.untitled: QarthPatchMonintor::CheckNotifyEvent before read
05-12 11:38:21.750 3714 3782 F libc : FORTIFY: pthread_mutex_lock called on a destroyed mutex (0xea4354b8)
05-12 11:38:21.750 3714 3747 I ample.untitled:
05-12 11:38:21.750 3714 3747 I ample.untitled: QarthPatchMonintor::CheckNotifyEvent after read, length = -1
05-12 11:38:21.750 3714 3747 I ample.untitled:
05-12 11:38:21.750 3714 3747 I ample.untitled: QarthPatchMonintor::CheckNotifyEvent
05-12 11:38:21.750 3714 3747 I ample.untitled:
05-12 11:38:21.750 3714 3747 I ample.untitled: QarthPatchMonintor::CheckNotifyEvent before read
05-12 11:38:21.750 3714 3747 I ample.untitled:
05-12 11:38:21.750 3714 3747 I ample.untitled: QarthPatchMonintor::CheckNotifyEvent after read, length = -1
05-12 11:38:21.750 3714 3747 I ample.untitled:
05-12 11:38:21.751 3714 3747 I ample.untitled: QarthPatchMonintor::CheckNotifyEvent
05-12 11:38:21.751 3714 3747 I ample.untitled:
05-12 11:38:21.751 3714 3747 I ample.untitled: QarthPatchMonintor::CheckNotifyEvent before read
05-12 11:38:21.751 3714 3747 I ample.untitled:
05-12 11:38:21.751 3714 3747 I ample.untitled: QarthPatchMonintor::CheckNotifyEvent after read, length = -1
05-12 11:38:21.751 3714 3747 I ample.untitled:
05-12 11:38:21.751 3714 3747 I ample.untitled: QarthPatchMonintor::CheckNotifyEvent
05-12 11:38:21.751 3714 3747 I ample.untitled:
05-12 11:38:21.751 3714 3747 I ample.untitled: QarthPatchMonintor::CheckNotifyEvent before read
05-12 11:38:21.751 3714 3747 I ample.untitled:
05-12 11:38:21.751 3714 3747 I ample.untitled: QarthPatchMonintor::CheckNotifyEvent after read, length = -1
05-12 11:38:21.751 3714 3747 I ample.untitled:
05-12 11:38:21.751 3714 3747 I ample.untitled: QarthPatchMonintor::CheckNotifyEvent
05-12 11:38:21.751 3714 3747 I ample.untitled:
05-12 11:38:21.751 3714 3747 I ample.untitled: QarthPatchMonintor::CheckNotifyEvent before read
05-12 11:38:21.751 3714 3747 I ample.untitled:
05-12 11:38:21.751 3714 3747 I ample.untitled: QarthPatchMonintor::CheckNotifyEvent after read, length = -1
05-12 11:38:21.751 3714 3747 I ample.untitled:
05-12 11:38:21.751 3714 3747 I ample.untitled: QarthPatchMonintor::CheckNotifyEvent
05-12 11:38:21.751 3714 3747 I ample.untitled:
05-12 11:38:21.751 3714 3747 I ample.untitled: QarthPatchMonintor::CheckNotifyEvent before read
05-12 11:38:21.751 3714 3747 I ample.untitled:
05-12 11:38:21.751 3714 3747 I ample.untitled: QarthPatchMonintor::CheckNotifyEvent after read, length = -1
05-12 11:38:21.751 3714 3747 I ample.untitled:
05-12 11:38:21.751 3714 3747 I ample.untitled: QarthPatchMonintor::CheckNotifyEvent
05-12 11:38:21.751 3714 3747 I ample.untitled:
05-12 11:38:21.751 3714 3747 I ample.untitled: QarthPatchMonintor::CheckNotifyEvent before read
05-12 11:38:21.751 3714 3747 I ample.untitled:
05-12 11:38:21.751 3714 3747 I ample.untitled: QarthPatchMonintor::CheckNotifyEvent after read, length = -1
05-12 11:38:21.751 3714 3747 I ample.untitled:
05-12 11:38:21.751 3714 3747 I ample.untitled: QarthPatchMonintor::CheckNotifyEvent
05-12 11:38:21.751 3714 3747 I ample.untitled:
05-12 11:38:21.751 911 911 I /system/bin/tombstoned: received crash request for pid 3756
05-12 11:38:21.751 3714 3747 I ample.untitled: QarthPatchMonintor::CheckNotifyEvent before read
05-12 11:38:21.751 3714 3747 I ample.untitled:
05-12 11:38:21.751 3714 3747 I ample.untitled: QarthPatchMonintor::CheckNotifyEvent after read, length = -1
05-12 11:38:21.751 3714 3747 I ample.untitled:
05-12 11:38:21.751 3714 3747 I ample.untitled: QarthPatchMonintor::CheckNotifyEvent
05-12 11:38:21.751 3714 3747 I ample.untitled:
05-12 11:38:21.751 3714 3747 I ample.untitled: QarthPatchMonintor::CheckNotifyEvent before read
05-12 11:38:21.751 3714 3747 I ample.untitled:
05-12 11:38:21.751 3714 3747 I ample.untitled: QarthPatchMonintor::CheckNotifyEvent after read, length = -1
05-12 11:38:21.751 3714 3747 I ample.untitled:
05-12 11:38:21.751 3714 3747 I ample.untitled: QarthPatchMonintor::CheckNotifyEvent
05-12 11:38:21.751 3714 3747 I ample.untitled:
05-12 11:38:21.751 3714 3747 I ample.untitled: QarthPatchMonintor::CheckNotifyEvent before read
05-12 11:38:21.751 3714 3747 I ample.untitled:
05-12 11:38:21.751 3714 3747 I ample.untitled: QarthPatchMonintor::CheckNotifyEvent after read, length = -1
05-12 11:38:21.751 3714 3747 I ample.untitled:
05-12 11:38:21.751 3714 3747 I ample.untitled: QarthPatchMonintor::CheckNotifyEvent
05-12 11:38:21.751 3714 3747 I ample.untitled:
05-12 11:38:21.751 3714 3747 I ample.untitled: QarthPatchMonintor::CheckNotifyEvent before read
05-12 11:38:21.751 3714 3747 I ample.untitled:
05-12 11:38:21.751 3714 3747 I ample.untitled: QarthPatchMonintor::CheckNotifyEvent after read, length = -1
05-12 11:38:21.751 3714 3747 I ample.untitled:
05-12 11:38:21.751 3714 3747 I ample.untitled: QarthPatchMonintor::CheckNotifyEvent
05-12 11:38:21.751 3714 3747 I ample.untitled:
05-12 11:38:21.751 3714 3747 I ample.untitled: QarthPatchMonintor::CheckNotifyEvent before read
05-12 11:38:21.751 3714 3747 I ample.untitled:
05-12 11:38:21.751 3714 3747 I ample.untitled: QarthPatchMonintor::CheckNotifyEvent after read, length = -1
05-12 11:38:21.751 3714 3747 I ample.untitled:
05-12 11:38:21.751 3714 3747 I ample.untitled: QarthPatchMonintor::CheckNotifyEvent
05-12 11:38:21.751 3714 3747 I ample.untitled:
05-12 11:38:21.751 3714 3747 I ample.untitled: QarthPatchMonintor::CheckNotifyEvent before read
05-12 11:38:21.751 3714 3747 I ample.untitled:
05-12 11:38:21.751 3714 3747 I ample.untitled: QarthPatchMonintor::CheckNotifyEvent after read, length = -1
05-12 11:38:21.751 3714 3747 I ample.untitled:
05-12 11:38:21.751 3714 3747 I ample.untitled: QarthPatchMonintor::CheckNotifyEvent
05-12 11:38:21.751 3714 3747 I ample.untitled:
05-12 11:38:21.751 3714 3747 I ample.untitled: QarthPatchMonintor::CheckNotifyEvent before read
05-12 11:38:21.751 3714 3747 I ample.untitled:
05-12 11:38:21.751 3714 3747 I ample.untitled: QarthPatchMonintor::CheckNotifyEvent after read, length = -1
05-12 11:38:21.751 3714 3747 I ample.untitled:
05-12 11:38:21.751 3714 3747 I ample.untitled: QarthPatchMonintor::CheckNotifyEvent
05-12 11:38:21.751 3714 3747 I ample.untitled:
05-12 11:38:21.751 3714 3747 I ample.untitled: QarthPatchMonintor::CheckNotifyEvent before read
05-12 11:38:21.751 3714 3747 I ample.untitled:
05-12 11:38:21.751 3714 3747 I ample.untitled: QarthPatchMonintor::CheckNotifyEvent after read, length = -1
05-12 11:38:21.751 3714 3747 I ample.untitled:
05-12 11:38:21.751 3714 3747 I ample.untitled: QarthPatchMonintor::CheckNotifyEvent
05-12 11:38:21.751 3714 3747 I ample.untitled:
05-12 11:38:21.751 3714 3747 I ample.untitled: QarthPatchMonintor::CheckNotifyEvent before read
05-12 11:38:21.751 3714 3747 I ample.untitled:
05-12 11:38:21.751 3714 3747 I ample.untitled: QarthPatchMonintor::CheckNotifyEvent after read, length = -1
05-12 11:38:21.751 3714 3747 I ample.untitled:
05-12 11:38:21.751 3714 3747 I ample.untitled: QarthPatchMonintor::CheckNotifyEvent
05-12 11:38:21.751 3714 3747 I ample.untitled:
05-12 11:38:21.751 3714 3747 I ample.untitled: QarthPatchMonintor::CheckNotifyEvent before read
05-12 11:38:21.751 3714 3747 I ample.untitled:
05-12 11:38:21.751 3714 3747 I ample.untitled: QarthPatchMonintor::CheckNotifyEvent after read, length = -1
05-12 11:38:21.751 3714 3747 I ample.untitled:
05-12 11:38:21.751 3714 3747 I ample.untitled: QarthPatchMonintor::CheckNotifyEvent
05-12 11:38:21.751 3714 3747 I ample.untitled:
05-12 11:38:21.751 3714 3747 I ample.untitled: QarthPatchMonintor::CheckNotifyEvent before read
05-12 11:38:21.751 3714 3747 I ample.untitled:
05-12 11:38:21.751 3714 3747 I ample.untitled: QarthPatchMonintor::CheckNotifyEvent after read, length = -1
05-12 11:38:21.751 3714 3747 I ample.untitled:
05-12 11:38:21.751 3714 3747 I ample.untitled: QarthPatchMonintor::CheckNotifyEvent
05-12 11:38:21.751 3714 3747 I ample.untitled:
05-12 11:38:21.751 3714 3747 I ample.untitled: QarthPatchMonintor::CheckNotifyEvent before read
05-12 11:38:21.751 3714 3747 I ample.untitled:
05-12 11:38:21.751 3714 3747 I ample.untitled: QarthPatchMonintor::CheckNotifyEvent after read, length = -1
05-12 11:38:21.751 3714 3747 I ample.untitled:
05-12 11:38:21.751 3714 3747 I ample.untitled: QarthPatchMonintor::CheckNotifyEvent
05-12 11:38:21.751 3714 3747 I ample.untitled:
05-12 11:38:21.751 3714 3747 I ample.untitled: QarthPatchMonintor::CheckNotifyEvent before read
05-12 11:38:21.751 3789 3789 I crash_dump32: performing dump of process 3714 (target tid = 3756)
05-12 11:38:21.751 3714 3747 I ample.untitled:
05-12 11:38:21.751 3714 3747 I ample.untitled: QarthPatchMonintor::CheckNotifyEvent after read, length = -1
05-12 11:38:21.751 3714 3747 I ample.untitled:
05-12 11:38:21.751 3714 3747 I ample.untitled: QarthPatchMonintor::CheckNotifyEvent
05-12 11:38:21.751 3714 3747 I ample.untitled:
05-12 11:38:21.752 3714 3747 I ample.untitled: QarthPatchMonintor::CheckNotifyEvent before read
05-12 11:38:21.752 3714 3747 I ample.untitled:
05-12 11:38:21.752 3714 3747 I ample.untitled: QarthPatchMonintor::CheckNotifyEvent after read, length = -1
05-12 11:38:21.752 3714 3747 I ample.untitled:
05-12 11:38:21.752 3714 3747 I ample.untitled: QarthPatchMonintor::CheckNotifyEvent
05-12 11:38:21.752 3714 3747 I ample.untitled:
05-12 11:38:21.752 3714 3747 I ample.untitled: QarthPatchMonintor::CheckNotifyEvent before read
05-12 11:38:21.752 3714 3747 I ample.untitled:
05-12 11:38:21.752 3714 3747 I ample.untitled: QarthPatchMonintor::CheckNotifyEvent after read, length = -1
05-12 11:38:21.752 3714 3747 I ample.untitled:
05-12 11:38:21.752 3714 3747 I ample.untitled: QarthPatchMonintor::CheckNotifyEvent
05-12 11:38:21.752 3714 3747 I ample.untitled:
05-12 11:38:21.752 3714 3747 I ample.untitled: QarthPatchMonintor::CheckNotifyEvent before read
05-12 11:38:21.752 3714 3747 I ample.untitled:
05-12 11:38:21.752 3714 3747 I ample.untitled: QarthPatchMonintor::CheckNotifyEvent after read, length = -1
05-12 11:38:21.752 3714 3747 I ample.untitled:
05-12 11:38:21.752 3714 3747 I ample.untitled: QarthPatchMonintor::CheckNotifyEvent
05-12 11:38:21.752 3714 3747 I ample.untitled:
05-12 11:38:21.752 3714 3747 I ample.untitled: QarthPatchMonintor::CheckNotifyEvent before read
05-12 11:38:21.752 3714 3747 I ample.untitled:
05-12 11:38:21.752 3714 3747 I ample.untitled: QarthPatchMonintor::CheckNotifyEvent after read, length = -1
05-12 11:38:21.752 3714 3747 I ample.untitled:
05-12 11:38:21.752 3714 3747 I ample.untitled: QarthPatchMonintor::CheckNotifyEvent
05-12 11:38:21.752 3714 3747 I ample.untitled:
05-12 11:38:21.752 3714 3747 I ample.untitled: QarthPatchMonintor::CheckNotifyEvent before read
05-12 11:38:21.752 3714 3747 I ample.untitled:
05-12 11:38:21.752 3714 3747 I ample.untitled: QarthPatchMonintor::CheckNotifyEvent after read, length = -1
05-12 11:38:21.752 3714 3747 I ample.untitled:
05-12 11:38:21.752 3714 3747 I ample.untitled: QarthPatchMonintor::CheckNotifyEvent
05-12 11:38:21.752 3714 3747 I ample.untitled:
05-12 11:38:21.752 3714 3747 I ample.untitled: QarthPatchMonintor::CheckNotifyEvent before read
05-12 11:38:21.752 3714 3747 I ample.untitled:
05-12 11:38:21.752 3714 3747 I ample.untitled: QarthPatchMonintor::CheckNotifyEvent after read, length = -1
05-12 11:38:21.752 3714 3747 I ample.untitled:
05-12 11:38:21.752 3714 3747 I ample.untitled: QarthPatchMonintor::CheckNotifyEvent
05-12 11:38:21.752 3714 3747 I ample.untitled:
05-12 11:38:21.752 3714 3747 I ample.untitled: QarthPatchMonintor::CheckNotifyEvent before read
05-12 11:38:21.752 3714 3747 I ample.untitled:
05-12 11:38:21.752 3714 3747 I ample.untitled: QarthPatchMonintor::CheckNotifyEvent after read, length = -1
05-12 11:38:21.752 3714 3747 I ample.untitled:
05-12 11:38:21.752 3714 3747 I ample.untitled: QarthPatchMonintor::CheckNotifyEvent
05-12 11:38:21.752 3714 3747 I ample.untitled:
05-12 11:38:21.752 3714 3747 I ample.untitled: QarthPatchMonintor::CheckNotifyEvent before read
05-12 11:38:21.752 3714 3747 I ample.untitled:
05-12 11:38:21.752 3714 3747 I ample.untitled: QarthPatchMonintor::CheckNotifyEvent after read, length = -1
05-12 11:38:21.752 3714 3747 I ample.untitled:
05-12 11:38:21.752 3714 3747 I ample.untitled: QarthPatchMonintor::CheckNotifyEvent
05-12 11:38:21.752 3714 3747 I ample.untitled:
05-12 11:38:21.752 3714 3747 I ample.untitled: QarthPatchMonintor::CheckNotifyEvent before read
05-12 11:38:21.752 3714 3747 I ample.untitled:
05-12 11:38:21.752 3714 3747 I ample.untitled: QarthPatchMonintor::CheckNotifyEvent after read, length = -1
05-12 11:38:21.752 3714 3747 I ample.untitled:
05-12 11:38:21.752 3714 3747 I ample.untitled: QarthPatchMonintor::CheckNotifyEvent
05-12 11:38:21.752 3714 3747 I ample.untitled:
05-12 11:38:21.752 3714 3747 I ample.untitled: QarthPatchMonintor::CheckNotifyEvent before read
05-12 11:38:21.752 3714 3747 I ample.untitled:
05-12 11:38:21.752 3714 3747 I ample.untitled: QarthPatchMonintor::CheckNotifyEvent after read, length = -1
05-12 11:38:21.752 3714 3747 I ample.untitled:
05-12 11:38:21.752 3714 3747 I ample.untitled: QarthPatchMonintor::CheckNotifyEvent
05-12 11:38:21.752 3714 3747 I ample.untitled:
05-12 11:38:21.752 3714 3747 I ample.untitled: QarthPatchMonintor::CheckNotifyEvent before read
05-12 11:38:21.752 3714 3747 I ample.untitled:
05-12 11:38:21.752 3714 3747 I ample.untitled: QarthPatchMonintor::CheckNotifyEvent after read, length = -1
05-12 11:38:21.752 3714 3747 I ample.untitled:
05-12 11:38:21.752 3714 3747 I ample.untitled: QarthPatchMonintor::CheckNotifyEvent
05-12 11:38:21.752 3714 3747 I ample.untitled:
05-12 11:38:21.752 3714 3747 I ample.untitled: QarthPatchMonintor::CheckNotifyEvent before read
05-12 11:38:21.752 3714 3747 I ample.untitled:
05-12 11:38:21.752 3714 3747 I ample.untitled: QarthPatchMonintor::CheckNotifyEvent after read, length = -1
05-12 11:38:21.752 3714 3747 I ample.untitled:
05-12 11:38:21.752 3714 3747 I ample.untitled: QarthPatchMonintor::CheckNotifyEvent
05-12 11:38:21.752 3714 3747 I ample.untitled:
05-12 11:38:21.752 3714 3747 I ample.untitled: QarthPatchMonintor::CheckNotifyEvent before read
05-12 11:38:21.752 3714 3747 I ample.untitled:
05-12 11:38:21.752 3714 3747 I ample.untitled: QarthPatchMonintor::CheckNotifyEvent after read, length = -1
05-12 11:38:21.752 3714 3747 I ample.untitled:
05-12 11:38:21.752 3714 3747 I ample.untitled: QarthPatchMonintor::CheckNotifyEvent
05-12 11:38:21.752 3714 3747 I ample.untitled:
05-12 11:38:21.752 3714 3747 I ample.untitled: QarthPatchMonintor::CheckNotifyEvent before read
05-12 11:38:21.752 3714 3747 I ample.untitled:
05-12 11:38:21.752 3714 3747 I ample.untitled: QarthPatchMonintor::CheckNotifyEvent after read, length = -1
05-12 11:38:21.752 3714 3747 I ample.untitled:
05-12 11:38:21.752 3714 3747 I ample.untitled: QarthPatchMonintor::CheckNotifyEvent
05-12 11:38:21.752 3714 3747 I ample.untitled:
05-12 11:38:21.752 3714 3747 I ample.untitled: QarthPatchMonintor::CheckNotifyEvent before read
05-12 11:38:21.752 3714 3747 I ample.untitled:
05-12 11:38:21.752 3714 3747 I ample.untitled: QarthPatchMonintor::CheckNotifyEvent after read, length = -1
05-12 11:38:21.752 3714 3747 I ample.untitled:
05-12 11:38:21.752 3714 3747 I ample.untitled: QarthPatchMonintor::CheckNotifyEvent
05-12 11:38:21.752 3714 3747 I ample.untitled:
05-12 11:38:21.752 3714 3747 I ample.untitled: QarthPatchMonintor::CheckNotifyEvent before read
05-12 11:38:21.752 3714 3747 I ample.untitled:
05-12 11:38:21.752 3714 3747 I ample.untitled: QarthPatchMonintor::CheckNotifyEvent after read, length = -1
05-12 11:38:21.752 3714 3747 I ample.untitled:
05-12 11:38:21.752 3714 3747 I ample.untitled: QarthPatchMonintor::CheckNotifyEvent
05-12 11:38:21.752 3714 3747 I ample.untitled:
05-12 11:38:21.752 3714 3747 I ample.untitled: QarthPatchMonintor::CheckNotifyEvent before read
05-12 11:38:21.752 3714 3747 I ample.untitled:
05-12 11:38:21.752 3714 3747 I ample.untitled: QarthPatchMonintor::CheckNotifyEvent after read, length = -1
05-12 11:38:21.752 3714 3747 I ample.untitled:
05-12 11:38:21.752 3714 3747 I ample.untitled: QarthPatchMonintor::CheckNotifyEvent
05-12 11:38:21.752 3714 3747 I ample.untitled:
05-12 11:38:21.752 3714 3747 I ample.untitled: QarthPatchMonintor::CheckNotifyEvent before read
05-12 11:38:21.752 3714 3747 I ample.untitled:
05-12 11:38:21.752 3714 3747 I ample.untitled: QarthPatchMonintor::CheckNotifyEvent after read, length = -1
05-12 11:38:21.752 3714 3747 I ample.untitled:
05-12 11:38:21.752 3714 3747 I ample.untitled: QarthPatchMonintor::CheckNotifyEvent
05-12 11:38:21.752 3714 3747 I ample.untitled:
05-12 11:38:21.752 3714 3747 I ample.untitled: QarthPatchMonintor::CheckNotifyEvent before read
05-12 11:38:21.752 3714 3747 I ample.untitled:
05-12 11:38:21.752 3714 3747 I ample.untitled: QarthPatchMonintor::CheckNotifyEvent after read, length = -1
05-12 11:38:21.752 3714 3747 I ample.untitled:
05-12 11:38:21.753 3714 3747 I ample.untitled: QarthPatchMonintor::CheckNotifyEvent
05-12 11:38:21.753 3714 3747 I ample.untitled:
05-12 11:38:21.753 3714 3747 I ample.untitled: QarthPatchMonintor::CheckNotifyEvent before read
05-12 11:38:21.753 3714 3747 I ample.untitled:
05-12 11:38:21.753 3714 3747 I ample.untitled: QarthPatchMonintor::CheckNotifyEvent after read, length = -1
05-12 11:38:21.753 3714 3747 I ample.untitled:
05-12 11:38:21.753 3714 3747 I ample.untitled: QarthPatchMonintor::CheckNotifyEvent
05-12 11:38:21.753 3714 3747 I ample.untitled:
05-12 11:38:21.753 3714 3747 I ample.untitled: QarthPatchMonintor::CheckNotifyEvent before read
05-12 11:38:21.753 3714 3747 I ample.untitled:
05-12 11:38:21.753 3714 3747 I ample.untitled: QarthPatchMonintor::CheckNotifyEvent after read, length = -1
05-12 11:38:21.753 3714 3747 I ample.untitled:
05-12 11:38:21.753 3714 3747 I ample.untitled: QarthPatchMonintor::CheckNotifyEvent
05-12 11:38:21.753 3714 3747 I ample.untitled:
05-12 11:38:21.753 3714 3747 I ample.untitled: QarthPatchMonintor::CheckNotifyEvent before read
05-12 11:38:21.753 3714 3747 I ample.untitled:
05-12 11:38:21.753 3714 3747 I ample.untitled: QarthPatchMonintor::CheckNotifyEvent after read, length = -1
05-12 11:38:21.753 3714 3747 I ample.untitled:
05-12 11:38:21.753 3714 3747 I ample.untitled: QarthPatchMonintor::CheckNotifyEvent
05-12 11:38:21.753 3714 3747 I ample.untitled:
05-12 11:38:21.753 3714 3747 I ample.untitled: QarthPatchMonintor::CheckNotifyEvent before read
05-12 11:38:21.753 3714 3747 I ample.untitled:
05-12 11:38:21.753 3714 3747 I ample.untitled: QarthPatchMonintor::CheckNotifyEvent after read, length = -1
05-12 11:38:21.753 3714 3747 I ample.untitled:
05-12 11:38:21.753 3714 3747 I ample.untitled: QarthPatchMonintor::CheckNotifyEvent
05-12 11:38:21.753 3714 3747 I ample.untitled:
05-12 11:38:21.753 3714 3747 I ample.untitled: QarthPatchMonintor::CheckNotifyEvent before read
05-12 11:38:21.753 3714 3747 I ample.untitled:
05-12 11:38:21.753 3714 3747 I ample.untitled: QarthPatchMonintor::CheckNotifyEvent after read, length = -1
05-12 11:38:21.753 3714 3747 I ample.untitled:
05-12 11:38:21.753 3714 3747 I ample.untitled: QarthPatchMonintor::CheckNotifyEvent
05-12 11:38:21.753 3714 3747 I ample.untitled:
05-12 11:38:21.753 3714 3747 I ample.untitled: QarthPatchMonintor::CheckNotifyEvent before read
05-12 11:38:21.753 3714 3747 I ample.untitled:
05-12 11:38:21.753 3714 3747 I ample.untitled: QarthPatchMonintor::CheckNotifyEvent after read, length = -1
05-12 11:38:21.753 3714 3747 I ample.untitled:
05-12 11:38:21.753 3714 3747 I ample.untitled: QarthPatchMonintor::CheckNotifyEvent
05-12 11:38:21.753 3714 3747 I ample.untitled:
05-12 11:38:21.753 3714 3747 I ample.untitled: QarthPatchMonintor::CheckNotifyEvent before read
05-12 11:38:21.753 3714 3747 I ample.untitled:
05-12 11:38:21.753 3714 3747 I ample.untitled: QarthPatchMonintor::CheckNotifyEvent after read, length = -1
05-12 11:38:21.753 3714 3747 I ample.untitled:
05-12 11:38:21.753 3714 3747 I ample.untitled: QarthPatchMonintor::CheckNotifyEvent
05-12 11:38:21.753 3714 3747 I ample.untitled:
05-12 11:38:21.753 3714 3747 I ample.untitled: QarthPatchMonintor::CheckNotifyEvent before read
05-12 11:38:21.753 3714 3747 I ample.untitled:
05-12 11:38:21.753 3714 3747 I ample.untitled: QarthPatchMonintor::CheckNotifyEvent after read, length = -1
05-12 11:38:21.753 3714 3747 I ample.untitled:
05-12 11:38:21.753 3714 3747 I ample.untitled: QarthPatchMonintor::CheckNotifyEvent
05-12 11:38:21.753 3714 3747 I ample.untitled:
05-12 11:38:21.753 3714 3747 I ample.untitled: QarthPatchMonintor::CheckNotifyEvent before read
05-12 11:38:21.753 3714 3747 I ample.untitled:
05-12 11:38:21.753 3714 3747 I ample.untitled: QarthPatchMonintor::CheckNotifyEvent after read, length = -1
05-12 11:38:21.753 3714 3747 I ample.untitled:
05-12 11:38:21.753 3714 3747 I ample.untitled: QarthPatchMonintor::CheckNotifyEvent
05-12 11:38:21.753 3714 3747 I ample.untitled:
05-12 11:38:21.753 3714 3747 I ample.untitled: QarthPatchMonintor::CheckNotifyEvent before read
05-12 11:38:21.753 3714 3747 I ample.untitled:
05-12 11:38:21.753 3714 3747 I ample.untitled: QarthPatchMonintor::CheckNotifyEvent after read, length = -1
05-12 11:38:21.753 3714 3747 I ample.untitled:
05-12 11:38:21.753 3714 3747 I ample.untitled: QarthPatchMonintor::CheckNotifyEvent
05-12 11:38:21.753 3714 3747 I ample.untitled:
05-12 11:38:21.753 3714 3747 I ample.untitled: QarthPatchMonintor::CheckNotifyEvent before read
05-12 11:38:21.753 3714 3747 I ample.untitled:
05-12 11:38:21.753 3714 3747 I ample.untitled: QarthPatchMonintor::CheckNotifyEvent after read, length = -1
05-12 11:38:21.753 3714 3747 I ample.untitled:
05-12 11:38:21.753 3714 3747 I ample.untitled: QarthPatchMonintor::CheckNotifyEvent
05-12 11:38:21.753 3714 3747 I ample.untitled:
05-12 11:38:21.753 3714 3747 I ample.untitled: QarthPatchMonintor::CheckNotifyEvent before read
05-12 11:38:21.753 3714 3747 I ample.untitled:
05-12 11:38:21.753 3714 3747 I ample.untitled: QarthPatchMonintor::CheckNotifyEvent after read, length = -1
05-12 11:38:21.753 3714 3747 I ample.untitled:
05-12 11:38:21.753 3714 3747 I ample.untitled: QarthPatchMonintor::CheckNotifyEvent
05-12 11:38:21.753 3714 3747 I ample.untitled:
05-12 11:38:21.753 3714 3747 I ample.untitled: QarthPatchMonintor::CheckNotifyEvent before read
05-12 11:38:21.753 3714 3747 I ample.untitled:
05-12 11:38:21.753 3714 3747 I ample.untitled: QarthPatchMonintor::CheckNotifyEvent after read, length = -1
05-12 11:38:21.753 3714 3747 I ample.untitled:
05-12 11:38:21.753 3714 3747 I ample.untitled: QarthPatchMonintor::CheckNotifyEvent
05-12 11:38:21.753 3714 3747 I ample.untitled:
05-12 11:38:21.753 3714 3747 I ample.untitled: QarthPatchMonintor::CheckNotifyEvent before read
05-12 11:38:21.753 3714 3747 I ample.untitled:
05-12 11:38:21.753 3714 3747 I ample.untitled: QarthPatchMonintor::CheckNotifyEvent after read, length = -1
05-12 11:38:21.753 3714 3747 I ample.untitled:
05-12 11:38:21.753 3714 3747 I ample.untitled: QarthPatchMonintor::CheckNotifyEvent
05-12 11:38:21.753 3714 3747 I ample.untitled:
05-12 11:38:21.753 3714 3747 I ample.untitled: QarthPatchMonintor::CheckNotifyEvent before read
05-12 11:38:21.753 3714 3747 I ample.untitled:
05-12 11:38:21.753 3714 3747 I ample.untitled: QarthPatchMonintor::CheckNotifyEvent after read, length = -1
05-12 11:38:21.753 3714 3747 I ample.untitled:
05-12 11:38:21.753 3714 3747 I ample.untitled: QarthPatchMonintor::CheckNotifyEvent
05-12 11:38:21.753 3714 3747 I ample.untitled:
05-12 11:38:21.753 3714 3747 I ample.untitled: QarthPatchMonintor::CheckNotifyEvent before read
05-12 11:38:21.753 3714 3747 I ample.untitled:
05-12 11:38:21.753 3714 3747 I ample.untitled: QarthPatchMonintor::CheckNotifyEvent after read, length = -1
05-12 11:38:21.753 3714 3747 I ample.untitled:
05-12 11:38:21.753 3714 3747 I ample.untitled: QarthPatchMonintor::CheckNotifyEvent
05-12 11:38:21.753 3714 3747 I ample.untitled:
